11-11 05:20:01.648 1514 1614 I am_wtf : [0,1514,system_server,-1,DisplayDeviceConfig,requesting nits when no mapping exists.]
11-11 05:20:01.663 1514 1974 E DisplayDeviceConfig: requesting nits when no mapping exists.
11-11 05:20:01.664 1514 1614 I am_wtf : [0,1514,system_server,-1,DisplayDeviceConfig,requesting nits when no mapping exists.]
11-11 05:20:01.665 1514 1974 E DisplayDeviceConfig: requesting nits when no mapping exists.
11-11 05:20:01.667 1514 1614 I am_wtf : [0,1514,system_server,-1,DisplayDeviceConfig,requesting nits when no mapping exists.]
11-11 05:20:01.678 1514 1974 E DisplayDeviceConfig: requesting nits when no mapping exists.
11-11 05:20:01.679 1514 1974 E DisplayDeviceConfig: requesting nits when no mapping exists.
11-11 05:20:01.679 1514 1614 I am_wtf : [0,1514,system_server,-1,DisplayDeviceConfig,requesting nits when no mapping exists.]
11-11 05:20:01.680 1514 1614 I am_wtf : [0,1514,system_server,-1,DisplayDeviceConfig,requesting nits when no mapping exists.]
11-11 05:20:01.695 1514 1974 E DisplayDeviceConfig: requesting nits when no mapping exists.
11-11 05:20:01.695 1514 1974 E DisplayDeviceConfig: requesting nits when no mapping exists.
11-11 05:20:01.695 1514 1614 I am_wtf : [0,1514,system_server,-1,DisplayDeviceConfig,requesting nits when no mapping exists.]
11-11 05:20:01.696 1514 1614 I am_wtf : [0,1514,system_server,-1,DisplayDeviceConfig,requesting nits when no mapping exists.]
11-11 05:20:01.712 1514 1974 E DisplayDeviceConfig: requesting nits when no mapping exists.
11-11 05:20:01.712 1514 1974 E DisplayDeviceConfig: requesting nits when no mapping exists.
11-11 05:20:01.713 1514 1614 I am_wtf : [0,1514,system_server,-1,DisplayDeviceConfig,requesting nits when no mapping exists.]
11-11 05:20:01.714 1514 1614 I am_wtf : [0,1514,system_server,-1,DisplayDeviceConfig,requesting nits when no mapping exists.]
11-11 05:20:01.728 1514 1974 E DisplayDeviceConfig: requesting nits when no mapping exists.
11-11 05:20:01.729 1514 1974 E DisplayDeviceConfig: requesting nits when no mapping exists.
11-11 05:20:01.729 1514 1614 I am_wtf : [0,1514,system_server,-1,DisplayDeviceConfig,requesting nits when no mapping exists.]
11-11 05:20:01.731 1514 1614 I am_wtf : [0,1514,system_server,-1,DisplayDeviceConfig,requesting nits when no mapping exists.]
11-11 05:20:01.746 1514 1974 E DisplayDeviceConfig: requesting nits when no mapping exists.
11-11 05:20:01.747 1514 1974 E DisplayDeviceConfig: requesting nits when no mapping exists.
11-11 05:20:01.747 1514 1614 I am_wtf : [0,1514,system_server,-1,DisplayDeviceConfig,requesting nits when no mapping exists.]
11-11 05:20:01.748 1514 1614 I am_wtf : [0,1514,system_server,-1,DisplayDeviceConfig,requesting nits when no mapping exists.]
11-11 05:20:01.762 1514 1974 E DisplayDeviceConfig: requesting nits when no mapping exists.
11-11 05:20:01.763 1514 1614 I am_wtf : [0,1514,system_server,-1,DisplayDeviceConfig,requesting nits when no mapping exists.]
11-11 05:20:01.764 1514 1974 E DisplayDeviceConfig: requesting nits when no mapping exists.
11-11 05:20:01.764 1514 1614 I am_wtf : [0,1514,system_server,-1,DisplayDeviceConfig,requesting nits when no mapping exists.]
11-11 05:20:01.778 1514 1974 E DisplayDeviceConfig: requesting nits when no mapping exists.
11-11 05:20:01.779 1514 1974 E DisplayDeviceConfig: requesting nits when no mapping exists.
11-11 05:20:01.779 1514 1614 I am_wtf : [0,1514,system_server,-1,DisplayDeviceConfig,requesting nits when no mapping exists.]
11-11 05:20:01.780 1514 1614 I am_wtf : [0,1514,system_server,-1,DisplayDeviceConfig,requesting nits when no mapping exists.]
11-11 05:20:01.795 1514 1974 E DisplayDeviceConfig: requesting nits when no mapping exists.
11-11 05:20:01.796 1514 1974 E DisplayDeviceConfig: requesting nits when no mapping exists.
11-11 05:20:01.796 1514 1614 I am_wtf : [0,1514,system_server,-1,DisplayDeviceConfig,requesting nits when no mapping exists.]
11-11 05:20:01.797 1514 1614 I am_wtf : [0,1514,system_server,-1,DisplayDeviceConfig,requesting nits when no mapping exists.]
11-11 05:20:01.812 1514 1974 E DisplayDeviceConfig: requesting nits when no mapping exists.
11-11 05:20:01.813 1514 1974 E DisplayDeviceConfig: requesting nits when no mapping exists.
11-11 05:20:01.813 1514 1614 I am_wtf : [0,1514,system_server,-1,DisplayDeviceConfig,requesting nits when no mapping exists.]
11-11 05:20:01.814 1514 1614 I am_wtf : [0,1514,system_server,-1,DisplayDeviceConfig,requesting nits when no mapping exists.]
11-11 05:20:01.830 1514 1974 E DisplayDeviceConfig: requesting nits when no mapping exists.
11-11 05:20:01.830 1514 1974 E DisplayDeviceConfig: requesting nits when no mapping exists.
11-11 05:20:01.830 1514 1614 I am_wtf : [0,1514,system_server,-1,DisplayDeviceConfig,requesting nits when no mapping exists.]
11-11 05:20:01.831 1514 1614 I am_wtf : [0,1514,system_server,-1,DisplayDeviceConfig,requesting nits when no mapping exists.]
11-11 05:20:01.848 1514 1974 E DisplayDeviceConfig: requesting nits when no mapping exists.
11-11 05:20:01.848 1514 1974 E DisplayDeviceConfig: requesting nits when no mapping exists.
11-11 05:20:01.848 1514 1614 I am_wtf : [0,1514,system_server,-1,DisplayDeviceConfig,requesting nits when no mapping exists.]
11-11 05:20:01.850 1514 1614 I am_wtf : [0,1514,system_server,-1,DisplayDeviceConfig,requesting nits when no mapping exists.]
11-11 05:20:01.865 1514 1974 E DisplayDeviceConfig: requesting nits when no mapping exists.
11-11 05:20:01.865 1514 1974 E DisplayDeviceConfig: requesting nits when no mapping exists.
11-11 05:20:01.866 1514 1614 I am_wtf : [0,1514,system_server,-1,DisplayDeviceConfig,requesting nits when no mapping exists.]
11-11 05:20:01.867 1514 1614 I am_wtf : [0,1514,system_server,-1,DisplayDeviceConfig,requesting nits when no mapping exists.]
11-11 05:20:01.881 1514 1974 E DisplayDeviceConfig: requesting nits when no mapping exists.
11-11 05:20:01.881 1514 1974 E DisplayDeviceConfig: requesting nits when no mapping exists.
11-11 05:20:01.882 1514 1614 I am_wtf : [0,1514,system_server,-1,DisplayDeviceConfig,requesting nits when no mapping exists.]
11-11 05:20:01.882 1514 1614 I am_wtf : [0,1514,system_server,-1,DisplayDeviceConfig,requesting nits when no mapping exists.]
11-11 05:20:01.899 1514 1974 E DisplayDeviceConfig: requesting nits when no mapping exists.
11-11 05:20:01.900 1514 1974 E DisplayDeviceConfig: requesting nits when no mapping exists.
11-11 05:20:01.900 1514 1614 I am_wtf : [0,1514,system_server,-1,DisplayDeviceConfig,requesting nits when no mapping exists.]
11-11 05:20:01.901 1514 1614 I am_wtf : [0,1514,system_server,-1,DisplayDeviceConfig,requesting nits when no mapping exists.]
11-11 05:20:01.920 1514 1974 E DisplayDeviceConfig: requesting nits when no mapping exists.
11-11 05:20:01.920 1514 1614 I am_wtf : [0,1514,system_server,-1,DisplayDeviceConfig,requesting nits when no mapping exists.]
11-11 05:20:01.920 1514 1974 E DisplayDeviceConfig: requesting nits when no mapping exists.
11-11 05:20:01.922 1514 1614 I am_wtf : [0,1514,system_server,-1,DisplayDeviceConfig,requesting nits when no mapping exists.]
11-11 05:20:01.936 1514 1974 E DisplayDeviceConfig: requesting nits when no mapping exists.
11-11 05:20:01.937 1514 1974 E DisplayDeviceConfig: requesting nits when no mapping exists.
11-11 05:20:01.937 1514 1614 I am_wtf : [0,1514,system_server,-1,DisplayDeviceConfig,requesting nits when no mapping exists.]
11-11 05:20:01.938 1514 1614 I am_wtf : [0,1514,system_server,-1,DisplayDeviceConfig,requesting nits when no mapping exists.]
11-11 05:20:01.946 1514 1974 E DisplayDeviceConfig: requesting nits when no mapping exists.
11-11 05:20:01.947 1514 1974 E DisplayDeviceConfig: requesting nits when no mapping exists.
11-11 05:20:01.948 1514 1614 I am_wtf : [0,1514,system_server,-1,DisplayDeviceConfig,requesting nits when no mapping exists.]
11-11 05:20:01.949 1514 1614 I am_wtf : [0,1514,system_server,-1,DisplayDeviceConfig,requesting nits when no mapping exists.]
11-11 05:20:01.962 1514 1974 E DisplayDeviceConfig: requesting nits when no mapping exists.
11-11 05:20:01.963 1514 1974 E DisplayDeviceConfig: requesting nits when no mapping exists.
11-11 05:20:01.963 1514 1614 I am_wtf : [0,1514,system_server,-1,DisplayDeviceConfig,requesting nits when no mapping exists.]
11-11 05:20:01.964 1514 1614 I am_wtf : [0,1514,system_server,-1,DisplayDeviceConfig,requesting nits when no mapping exists.]
11-11 05:20:01.979 1514 1974 E DisplayDeviceConfig: requesting nits when no mapping exists.
11-11 05:20:01.981 1514 1614 I am_wtf : [0,1514,system_server,-1,DisplayDeviceConfig,requesting nits when no mapping exists.]
11-11 05:20:01.982 1514 1974 E DisplayDeviceConfig: requesting nits when no mapping exists.
11-11 05:20:01.983 1514 1614 I am_wtf : [0,1514,system_server,-1,DisplayDeviceConfig,requesting nits when no mapping exists.]
11-11 05:20:02.010 1514 1974 E DisplayDeviceConfig: requesting nits when no mapping exists.
11-11 05:20:02.011 1514 1974 E DisplayDeviceConfig: requesting nits when no mapping exists.
11-11 05:20:02.010 1514 1614 I am_wtf : [0,1514,system_server,-1,DisplayDeviceConfig,requesting nits when no mapping exists.]
11-11 05:20:02.012 1514 1614 I am_wtf : [0,1514,system_server,-1,DisplayDeviceConfig,requesting nits when no mapping exists.]
11-11 05:20:03.399 0 0 I auditd : type=1400 audit(0.0:2495): avc: denied { kill } for comm="swapper/2" capability=5 scontext=u:r:kernel:s0 tcontext=u:r:kernel:s0 tclass=capability permissive=0
11-11 05:20:04.399 0 0 I auditd : type=1400 audit(0.0:2496): avc: denied { kill } for comm="swapper/2" capability=5 scontext=u:r:kernel:s0 tcontext=u:r:kernel:s0 tclass=capability permissive=0
11-11 05:20:05.399 0 0 I auditd : type=1400 audit(0.0:2497): avc: denied { kill } for comm="swapper/2" capability=5 scontext=u:r:kernel:s0 tcontext=u:r:kernel:s0 tclass=capability permissive=0
11-11 05:20:06.399 0 0 I auditd : type=1400 audit(0.0:2498): avc: denied { kill } for comm="swapper/2" capability=5 scontext=u:r:kernel:s0 tcontext=u:r:kernel:s0 tclass=capability permissive=0
11-11 05:20:07.399 0 0 I auditd : type=1400 audit(0.0:2499): avc: denied { kill } for comm="swapper/2" capability=5 scontext=u:r:kernel:s0 tcontext=u:r:kernel:s0 tclass=capability permissive=0
11-11 05:20:08.399 0 0 I auditd : type=1400 audit(0.0:2500): avc: denied { kill } for comm="swapper/2" capability=5 scontext=u:r:kernel:s0 tcontext=u:r:kernel:s0 tclass=capability permissive=0
11-11 05:20:09.399 0 0 I auditd : type=1400 audit(0.0:2501): avc: denied { kill } for comm="swapper/2" capability=5 scontext=u:r:kernel:s0 tcontext=u:r:kernel:s0 tclass=capability permissive=0
11-11 05:20:10.399 0 0 I auditd : type=1400 audit(0.0:2502): avc: denied { kill } for comm="swapper/2" capability=5 scontext=u:r:kernel:s0 tcontext=u:r:kernel:s0 tclass=capability permissive=0
11-11 05:20:11.291 1514 1901 I GameModeConfig: isGameModeOn = false
11-11 05:20:11.399 0 0 I auditd : type=1400 audit(0.0:2503): avc: denied { kill } for comm="swapper/2" capability=5 scontext=u:r:kernel:s0 tcontext=u:r:kernel:s0 tclass=capability permissive=0
11-11 05:20:12.399 0 0 I auditd : type=1400 audit(0.0:2504): avc: denied { kill } for comm="swapper/2" capability=5 scontext=u:r:kernel:s0 tcontext=u:r:kernel:s0 tclass=capability permissive=0
11-11 05:20:13.399 0 0 I auditd : type=1400 audit(0.0:2505): avc: denied { kill } for comm="swapper/2" capability=5 scontext=u:r:kernel:s0 tcontext=u:r:kernel:s0 tclass=capability permissive=0
11-11 05:20:14.399 0 0 I auditd : type=1400 audit(0.0:2506): avc: denied { kill } for comm="swapper/2" capability=5 scontext=u:r:kernel:s0 tcontext=u:r:kernel:s0 tclass=capability permissive=0
11-11 05:20:15.399 0 0 I auditd : type=1400 audit(0.0:2507): avc: denied { kill } for comm="swapper/2" capability=5 scontext=u:r:kernel:s0 tcontext=u:r:kernel:s0 tclass=capability permissive=0
11-11 05:20:16.399 0 0 I auditd : type=1400 audit(0.0:2508): avc: denied { kill } for comm="swapper/2" capability=5 scontext=u:r:kernel:s0 tcontext=u:r:kernel:s0 tclass=capability permissive=0
11-11 05:20:17.399 0 0 I auditd : type=1400 audit(0.0:2509): avc: denied { kill } for comm="swapper/2" capability=5 scontext=u:r:kernel:s0 tcontext=u:r:kernel:s0 tclass=capability permissive=0
11-11 05:20:18.399 0 0 I auditd : type=1400 audit(0.0:2510): avc: denied { kill } for comm="swapper/2" capability=5 scontext=u:r:kernel:s0 tcontext=u:r:kernel:s0 tclass=capability permissive=0
11-11 05:20:19.399 0 0 I auditd : type=1400 audit(0.0:2511): avc: denied { kill } for comm="swapper/2" capability=5 scontext=u:r:kernel:s0 tcontext=u:r:kernel:s0 tclass=capability permissive=0
11-11 05:20:21.399 0 0 I auditd : type=1400 audit(0.0:2512): avc: denied { kill } for comm="swapper/2" capability=5 scontext=u:r:kernel:s0 tcontext=u:r:kernel:s0 tclass=capability permissive=0
11-11 05:20:22.399 0 0 I auditd : type=1400 audit(0.0:2513): avc: denied { kill } for comm="swapper/2" capability=5 scontext=u:r:kernel:s0 tcontext=u:r:kernel:s0 tclass=capability permissive=0
11-11 05:20:23.399 0 0 I auditd : type=1400 audit(0.0:2514): avc: denied { kill } for comm="swapper/2" capability=5 scontext=u:r:kernel:s0 tcontext=u:r:kernel:s0 tclass=capability permissive=0
11-11 05:20:24.399 0 0 I auditd : type=1400 audit(0.0:2515): avc: denied { kill } for comm="swapper/2" capability=5 scontext=u:r:kernel:s0 tcontext=u:r:kernel:s0 tclass=capability permissive=0
11-11 05:20:25.399 0 0 I auditd : type=1400 audit(0.0:2516): avc: denied { kill } for comm="swapper/2" capability=5 scontext=u:r:kernel:s0 tcontext=u:r:kernel:s0 tclass=capability permissive=0
11-11 05:20:26.399 0 0 I auditd : type=1400 audit(0.0:2517): avc: denied { kill } for comm="swapper/2" capability=5 scontext=u:r:kernel:s0 tcontext=u:r:kernel:s0 tclass=capability permissive=0
11-11 05:20:27.399 0 0 I auditd : type=1400 audit(0.0:2518): avc: denied { kill } for comm="swapper/2" capability=5 scontext=u:r:kernel:s0 tcontext=u:r:kernel:s0 tclass=capability permissive=0
11-11 05:20:28.399 0 0 I auditd : type=1400 audit(0.0:2519): avc: denied { kill } for comm="swapper/2" capability=5 scontext=u:r:kernel:s0 tcontext=u:r:kernel:s0 tclass=capability permissive=0
11-11 05:20:29.399 0 0 I auditd : type=1400 audit(0.0:2520): avc: denied { kill } for comm="swapper/2" capability=5 scontext=u:r:kernel:s0 tcontext=u:r:kernel:s0 tclass=capability permissive=0
11-11 05:20:30.399 0 0 I auditd : type=1400 audit(0.0:2521): avc: denied { kill } for comm="swapper/2" capability=5 scontext=u:r:kernel:s0 tcontext=u:r:kernel:s0 tclass=capability permissive=0
11-11 05:20:31.399 0 0 I auditd : type=1400 audit(0.0:2522): avc: denied { kill } for comm="swapper/2" capability=5 scontext=u:r:kernel:s0 tcontext=u:r:kernel:s0 tclass=capability permissive=0
11-11 05:20:32.399 0 0 I auditd : type=1400 audit(0.0:2523): avc: denied { kill } for comm="swapper/2" capability=5 scontext=u:r:kernel:s0 tcontext=u:r:kernel:s0 tclass=capability permissive=0
11-11 05:20:33.399 0 0 I auditd : type=1400 audit(0.0:2524): avc: denied { kill } for comm="swapper/2" capability=5 scontext=u:r:kernel:s0 tcontext=u:r:kernel:s0 tclass=capability permissive=0
11-11 05:20:34.399 0 0 I auditd : type=1400 audit(0.0:2525): avc: denied { kill } for comm="swapper/2" capability=5 scontext=u:r:kernel:s0 tcontext=u:r:kernel:s0 tclass=capability permissive=0
11-11 05:20:35.399 0 0 I auditd : type=1400 audit(0.0:2526): avc: denied { kill } for comm="swapper/2" capability=5 scontext=u:r:kernel:s0 tcontext=u:r:kernel:s0 tclass=capability permissive=0
11-11 05:20:36.399 0 0 I auditd : type=1400 audit(0.0:2527): avc: denied { kill } for comm="swapper/2" capability=5 scontext=u:r:kernel:s0 tcontext=u:r:kernel:s0 tclass=capability permissive=0
11-11 05:20:37.399 0 0 I auditd : type=1400 audit(0.0:2528): avc: denied { kill } for comm="swapper/2" capability=5 scontext=u:r:kernel:s0 tcontext=u:r:kernel:s0 tclass=capability permissive=0
11-11 05:20:38.399 0 0 I auditd : type=1400 audit(0.0:2529): avc: denied { kill } for comm="swapper/2" capability=5 scontext=u:r:kernel:s0 tcontext=u:r:kernel:s0 tclass=capability permissive=0
11-11 05:20:39.399 0 0 I auditd : type=1400 audit(0.0:2530): avc: denied { kill } for comm="swapper/2" capability=5 scontext=u:r:kernel:s0 tcontext=u:r:kernel:s0 tclass=capability permissive=0
11-11 05:20:40.399 0 0 I auditd : type=1400 audit(0.0:2531): avc: denied { kill } for comm="swapper/2" capability=5 scontext=u:r:kernel:s0 tcontext=u:r:kernel:s0 tclass=capability permissive=0
11-11 05:20:41.399 0 0 I auditd : type=1400 audit(0.0:2532): avc: denied { kill } for comm="swapper/2" capability=5 scontext=u:r:kernel:s0 tcontext=u:r:kernel:s0 tclass=capability permissive=0
11-11 05:20:42.672 1514 1770 I input_interaction: Interaction with: bf5427b com.thundercomm.screensaver/android.service.dreams.DreamActivity (server), edge-swipe (server), swipe-up (server), PointerEventDispatcher0 (server),
11-11 05:20:42.675 1514 2960 I wm_finish_activity: [0,241504095,68,com.thundercomm.screensaver/android.service.dreams.DreamActivity,finish-activity]
11-11 05:20:42.675 1514 2960 I wm_task_moved: [39,1,5]
11-11 05:20:42.677 1514 2960 I wm_task_moved: [40,1,2147483647]
11-11 05:20:42.677 1514 2960 I wm_task_to_front: [0,40]
11-11 05:20:42.677 1514 2960 I wm_focused_root_task: [0,0,39,68,finish-top adjustFocusToNextFocusableTask]
11-11 05:20:42.677 1514 2960 I wm_set_resumed_activity: [0,com.android.launcher3/.uioverrides.QuickstepLauncher,finish-top adjustFocusToNextFocusableTask]
11-11 05:20:42.679 1514 2960 I wm_pause_activity: [0,241504095,com.thundercomm.screensaver/android.service.dreams.DreamActivity,userLeaving=false,finish]
11-11 05:20:42.695 1514 1595 I sysui_multi_action: [757,803,799,window_time_0,802,42]
11-11 05:20:42.696 1514 9439 I DreamManagerService: Gently waking up from dream.
11-11 05:20:42.698 4894 4894 I wm_on_top_resumed_lost_called: [241504095,android.service.dreams.DreamActivity,topStateChangedWhenResumed]
11-11 05:20:42.698 1514 1592 I DreamManagerService: Performing gentle wake from dream.
11-11 05:20:42.698 4894 4894 I wm_on_paused_called: [241504095,android.service.dreams.DreamActivity,performPause]
11-11 05:20:42.699 1514 1754 I wm_add_to_stopping: [0,241504095,com.thundercomm.screensaver/android.service.dreams.DreamActivity,completeFinishing]
11-11 05:20:42.700 1514 1754 I ActivityTaskManager: FOREGROUND_APPLICATION_CHANGED to com.android.launcher3.uioverrides.QuickstepLauncher
11-11 05:20:42.701 1514 1754 I wm_set_resumed_activity: [0,com.android.launcher3/.uioverrides.QuickstepLauncher,resumeTopActivityInnerLocked]
11-11 05:20:42.704 1514 1754 I wm_resume_activity: [0,157690489,40,com.android.launcher3/.uioverrides.QuickstepLauncher]
11-11 05:20:42.710 2503 2503 I wm_on_restart_called: [157690489,com.android.launcher3.uioverrides.QuickstepLauncher,performRestartActivity]
11-11 05:20:42.711 2503 2503 I wm_on_start_called: [157690489,com.android.launcher3.uioverrides.QuickstepLauncher,handleStartActivity]
11-11 05:20:42.712 2503 2503 I wm_on_resume_called: [157690489,com.android.launcher3.uioverrides.QuickstepLauncher,RESUME_ACTIVITY]
11-11 05:20:42.712 2503 2503 I wm_on_top_resumed_gained_called: [157690489,com.android.launcher3.uioverrides.QuickstepLauncher,topWhenResuming]
11-11 05:20:42.714 1514 1595 I sysui_multi_action: [757,803,799,window_time_0,802,0]
11-11 05:20:42.722 4894 4894 I view_enqueue_input_event: [Motion - Cancel,com.thundercomm.screensaver/android.service.dreams.DreamActivity]
11-11 05:20:42.722 1514 1770 I input_focus: [Focus leaving bf5427b com.thundercomm.screensaver/android.service.dreams.DreamActivity (server),reason=NO_WINDOW]
11-11 05:20:42.732 1514 1596 I input_focus: [Focus request eea03e8 com.android.launcher3/com.android.launcher3.uioverrides.QuickstepLauncher,reason=UpdateInputWindows]
11-11 05:20:42.733 1514 1612 I am_pss : [9459,10066,com.android.deskclock,31160320,22224896,0,160284672,0,18,9]
11-11 05:20:42.741 3685 3703 W ContextImpl: Calling a method in the system process without a qualified user: android.app.ContextImpl.startService:1816 android.content.ContextWrapper.startService:774 com.thundercomm.gamemode.ingame.services.GameModeActionUtils.startGameModeService:93 com.thundercomm.gamemode.ingame.services.GameModeActionUtils.startGameModeEntry:21 com.thundercomm.gamemode.ingame.services.ActivityMonitoringService$1.onActivityLaunch:126
11-11 05:20:42.741 1514 1612 I am_pss : [9485,10094,com.android.permissioncontroller,16619520,12214272,0,114671616,0,19,5]
11-11 05:20:42.746 1514 1514 I GameModeConfig: Current uri is uri = content://com.thundercomm.gamemode.api/gamemode_settings/gamemode_isgaming
11-11 05:20:42.751 1514 1612 I am_pss : [9441,1000,com.android.settings,20265984,11743232,0,110600192,0,19,6]
11-11 05:20:42.751 1514 1514 I GameModeConfig: isGameModeOn = false
11-11 05:20:42.752 1514 1514 I GameModeConfig: isGameModeOn = false
11-11 05:20:42.752 1514 1514 I GameModeConfig: isDisableVoice = true
11-11 05:20:42.763 1514 1770 I input_focus: [Focus entering eea03e8 com.android.launcher3/com.android.launcher3.uioverrides.QuickstepLauncher (server),reason=Window became focusable. Previous reason: NOT_VISIBLE]
11-11 05:20:42.767 1514 1649 I PowerManagerService: Powering on display group fromDreaming (groupId=0, uid=1000, reason=WAKE_REASON_UNKNOWN, details=android.server.power:DREAM_FINISHED)...
11-11 05:20:42.767 1514 1649 I PowerManagerService: Waking up from Dreaming (uid=1000, reason=WAKE_REASON_UNKNOWN, details=android.server.power:DREAM_FINISHED)...
11-11 05:20:42.812 3685 3703 W ContextImpl: Calling a method in the system process without a qualified user: android.app.ContextImpl.startService:1816 android.content.ContextWrapper.startService:774 com.thundercomm.gamemode.ingame.services.GameModeActionUtils.startGameModeService:93 com.thundercomm.gamemode.ingame.services.GameModeActionUtils.startGameModeEntry:21 com.thundercomm.gamemode.ingame.services.ActivityMonitoringService$1.onActivityLaunch:126
11-11 05:20:42.819 1514 1514 I GameModeConfig: Current uri is uri = content://com.thundercomm.gamemode.api/gamemode_settings/gamemode_isgaming
11-11 05:20:42.821 1514 1514 I GameModeConfig: isGameModeOn = false
11-11 05:20:42.822 1514 1514 I GameModeConfig: isGameModeOn = false
11-11 05:20:42.822 1514 1514 I GameModeConfig: isDisableVoice = true
11-11 05:20:43.003 1514 1595 I wm_destroy_activity: [0,241504095,68,com.thundercomm.screensaver/android.service.dreams.DreamActivity,finish-imm:idle]
11-11 05:20:43.022 3685 3703 W ContextImpl: Calling a method in the system process without a qualified user: android.app.ContextImpl.startService:1816 android.content.ContextWrapper.startService:774 com.thundercomm.gamemode.ingame.services.GameModeActionUtils.startGameModeService:93 com.thundercomm.gamemode.ingame.services.GameModeActionUtils.startGameModeEntry:21 com.thundercomm.gamemode.ingame.services.ActivityMonitoringService$1.onActivityLaunch:126
11-11 05:20:43.027 1514 1514 I GameModeConfig: Current uri is uri = content://com.thundercomm.gamemode.api/gamemode_settings/gamemode_isgaming
11-11 05:20:43.034 1514 1514 I GameModeConfig: isGameModeOn = false
11-11 05:20:43.034 1514 1514 I GameModeConfig: isGameModeOn = false
11-11 05:20:43.034 1514 1514 I GameModeConfig: isDisableVoice = true
11-11 05:20:43.039 4894 4894 I wm_on_stop_called: [241504095,android.service.dreams.DreamActivity,LIFECYCLER_STOP_ACTIVITY]
11-11 05:20:43.040 4894 4894 I wm_on_destroy_called: [241504095,android.service.dreams.DreamActivity,performDestroy]
11-11 05:20:43.042 1514 9439 I DreamManagerService: Leaving dreamland.
11-11 05:20:43.043 1514 1592 I DreamManagerService: Performing gentle wake from dream.
11-11 05:20:43.043 1514 1592 I DreamController: Stopping dream: name=ComponentInfo{com.thundercomm.screensaver/com.thundercomm.saverclock.service.ClockScreensaver}, isTest=false, canDoze=false, userId=0, reason='finished self'(from 'finished self')
11-11 05:20:43.043 1514 1592 I sysui_multi_action: [757,222,758,2]
11-11 05:20:43.044 1514 1592 I sysui_multi_action: [757,804,799,dreaming_minutes,801,0,802,1]
11-11 05:20:43.052 1514 9439 I wm_task_removed: [68,removeChild:removeChild last r=ActivityRecord{e650f5f u0 com.thundercomm.screensaver/android.service.dreams.DreamActivity t-1 f}} in t=Task{c3fb7c8 #68 type=dream A=10051:android:com.thundercomm.screensaver/dream U=0 visible=false mode=fullscreen translucent=true sz=0}]
11-11 05:20:43.052 1514 9439 I wm_task_removed: [68,removeChild]
11-11 05:20:43.055 1514 1596 W ActivityTaskManager: Can't find TaskDisplayArea to determine support for multi window. Task id=68 attached=false
11-11 05:20:43.399 0 0 I auditd : type=1400 audit(0.0:2533): avc: denied { kill } for comm="swapper/2" capability=5 scontext=u:r:kernel:s0 tcontext=u:r:kernel:s0 tclass=capability permissive=0
11-11 05:20:44.029 1514 1770 I input_interaction: Interaction with: eea03e8 com.android.launcher3/com.android.launcher3.uioverrides.QuickstepLauncher (server), 8068647 com.android.systemui.ImageWallpaper (server), edge-swipe (server), swipe-up (server), PointerEventDispatcher0 (server),
11-11 05:20:44.321 1514 1715 I commit_sys_config_file: [settings-1-0,5]
11-11 05:20:44.399 0 0 I auditd : type=1400 audit(0.0:2534): avc: denied { kill } for comm="swapper/2" capability=5 scontext=u:r:kernel:s0 tcontext=u:r:kernel:s0 tclass=capability permissive=0
11-11 05:20:45.117 1514 9439 I ActivityTaskManager: START u0 {act=android.intent.action.MAIN cat=[android.intent.category.LAUNCHER] flg=0x10200000 cmp=com.android.deskclock/.DeskClock bnds=[760,280][1020,540]} from uid 10079
11-11 05:20:45.123 1514 9439 I wm_task_created: [69,-1]
11-11 05:20:45.123 1514 9439 W ActivityTaskManager: Can't find TaskDisplayArea to determine support for multi window. Task id=69 attached=false
11-11 05:20:45.128 1514 9439 D CompatibilityChangeReporter: Compat change id reported: 174042980; UID 10066; state: DISABLED
11-11 05:20:45.130 1514 9439 I wm_task_moved: [69,1,6]
11-11 05:20:45.130 1514 9439 I wm_task_to_front: [0,69]
11-11 05:20:45.130 1514 9439 I wm_create_task: [0,69]
11-11 05:20:45.130 1514 9439 I wm_create_activity: [0,239781813,69,com.android.deskclock/.DeskClock,android.intent.action.MAIN,NULL,NULL,270532608]
11-11 05:20:45.130 1514 9439 I wm_task_moved: [69,1,6]
11-11 05:20:45.132 1514 9439 D CompatibilityChangeReporter: Compat change id reported: 168419799; UID 10066; state: DISABLED
11-11 05:20:45.135 1514 9439 I wm_pause_activity: [0,157690489,com.android.launcher3/.uioverrides.QuickstepLauncher,userLeaving=true,pauseBackTasks]
11-11 05:20:45.143 2503 2503 I wm_on_top_resumed_lost_called: [157690489,com.android.launcher3.uioverrides.QuickstepLauncher,topStateChangedWhenResumed]
11-11 05:20:45.164 2503 2503 I wm_on_paused_called: [157690489,com.android.launcher3.uioverrides.QuickstepLauncher,performPause]
11-11 05:20:45.166 1514 8092 I ActivityTaskManager: FOREGROUND_APPLICATION_CHANGED to com.android.deskclock.DeskClock
11-11 05:20:45.167 1514 8092 I ActivityTaskManager: The Process com.android.deskclock Already Exists in BG. So sending its PID: 9459
11-11 05:20:45.168 1514 8092 W ActivityTaskManager: Tried to set launchTime (0) < mLastActivityLaunchTime (1954614)
11-11 05:20:45.169 1514 8092 I wm_add_to_stopping: [0,157690489,com.android.launcher3/.uioverrides.QuickstepLauncher,makeInvisible]
11-11 05:20:45.170 1514 8092 I wm_restart_activity: [0,239781813,69,com.android.deskclock/.DeskClock]
11-11 05:20:45.172 1514 8092 I wm_set_resumed_activity: [0,com.android.deskclock/.DeskClock,minimalResumeActivityLocked]
11-11 05:20:45.181 1514 1595 I am_uid_active: 10066
11-11 05:20:45.187 1514 1595 I sysui_multi_action: [757,803,799,window_time_0,802,2]
11-11 05:20:45.195 3685 3703 W ContextImpl: Calling a method in the system process without a qualified user: android.app.ContextImpl.startService:1816 android.content.ContextWrapper.startService:774 com.thundercomm.gamemode.ingame.services.GameModeActionUtils.startGameModeService:93 com.thundercomm.gamemode.ingame.services.GameModeActionUtils.startGameModeEntry:21 com.thundercomm.gamemode.ingame.services.ActivityMonitoringService$1.onActivityLaunch:126
11-11 05:20:45.199 1514 1514 I GameModeConfig: Current uri is uri = content://com.thundercomm.gamemode.api/gamemode_settings/gamemode_isgaming
11-11 05:20:45.203 1514 1770 I input_focus: [Focus leaving eea03e8 com.android.launcher3/com.android.launcher3.uioverrides.QuickstepLauncher (server),reason=NO_WINDOW]
11-11 05:20:45.205 1514 1514 I GameModeConfig: isGameModeOn = false
11-11 05:20:45.205 1514 1514 I GameModeConfig: isGameModeOn = false
11-11 05:20:45.205 1514 1514 I GameModeConfig: isDisableVoice = true
11-11 05:20:45.205 1514 2960 I ActivityTaskManager: START u0 {act=android.content.pm.action.REQUEST_PERMISSIONS pkg=com.android.permissioncontroller cmp=com.android.permissioncontroller/.permission.ui.GrantPermissionsActivity (has extras)} from uid 10066
11-11 05:20:45.216 1514 2960 D CompatibilityChangeReporter: Compat change id reported: 174042980; UID 10094; state: DISABLED
11-11 05:20:45.217 1514 2960 D CompatibilityChangeReporter: Compat change id reported: 184838306; UID 10094; state: DISABLED
11-11 05:20:45.217 1514 2960 D CompatibilityChangeReporter: Compat change id reported: 185004937; UID 10094; state: DISABLED
11-11 05:20:45.217 1514 2960 D CompatibilityChangeReporter: Compat change id reported: 181136395; UID 10094; state: DISABLED
11-11 05:20:45.218 1514 2960 D CompatibilityChangeReporter: Compat change id reported: 174042936; UID 10094; state: DISABLED
11-11 05:20:45.219 1514 2960 I wm_task_moved: [69,1,6]
11-11 05:20:45.219 1514 2960 I wm_set_resumed_activity: [0,com.android.deskclock/.DeskClock,positionChildAt]
11-11 05:20:45.219 1514 2960 I wm_create_activity: [0,242790638,69,com.android.permissioncontroller/.permission.ui.GrantPermissionsActivity,android.content.pm.action.REQUEST_PERMISSIONS,NULL,NULL,8388608]
11-11 05:20:45.220 1514 2960 D CompatibilityChangeReporter: Compat change id reported: 168419799; UID 10094; state: DISABLED
11-11 05:20:45.221 1514 2960 I wm_pause_activity: [0,239781813,com.android.deskclock/.DeskClock,userLeaving=true,resumeTopActivityInnerLocked]
11-11 05:20:45.252 9459 9459 I wm_on_create_called: [239781813,com.android.deskclock.DeskClock,performCreate]
11-11 05:20:45.253 9459 9459 I wm_on_start_called: [239781813,com.android.deskclock.DeskClock,handleStartActivity]
11-11 05:20:45.254 9459 9459 I wm_on_resume_called: [239781813,com.android.deskclock.DeskClock,RESUME_ACTIVITY]
11-11 05:20:45.257 9459 9459 I wm_on_top_resumed_gained_called: [239781813,com.android.deskclock.DeskClock,topStateChangedWhenResumed]
11-11 05:20:45.257 9459 9459 I wm_on_top_resumed_lost_called: [239781813,com.android.deskclock.DeskClock,topStateChangedWhenResumed]
11-11 05:20:45.258 9459 9459 I wm_on_paused_called: [239781813,com.android.deskclock.DeskClock,performPause]
11-11 05:20:45.258 1514 9439 I ActivityTaskManager: FOREGROUND_APPLICATION_CHANGED to com.android.permissioncontroller.permission.ui.GrantPermissionsActivity
11-11 05:20:45.258 1514 9439 I ActivityTaskManager: The Process com.android.permissioncontroller Already Exists in BG. So sending its PID: 9485
11-11 05:20:45.260 1514 9439 W ActivityTaskManager: Tried to set launchTime (0) < mLastActivityLaunchTime (1954714)
11-11 05:20:45.262 1514 9439 I wm_restart_activity: [0,242790638,69,com.android.permissioncontroller/.permission.ui.GrantPermissionsActivity]
11-11 05:20:45.263 1514 9439 I wm_set_resumed_activity: [0,com.android.permissioncontroller/.permission.ui.GrantPermissionsActivity,minimalResumeActivityLocked]
11-11 05:20:45.264 1514 1595 I am_uid_active: 10094
11-11 05:20:45.267 1514 1595 I sysui_multi_action: [757,803,799,window_time_0,802,0]
11-11 05:20:45.284 3685 3703 W ContextImpl: Calling a method in the system process without a qualified user: android.app.ContextImpl.startService:1816 android.content.ContextWrapper.startService:774 com.thundercomm.gamemode.ingame.services.GameModeActionUtils.startGameModeService:93 com.thundercomm.gamemode.ingame.services.GameModeActionUtils.startGameModeEntry:21 com.thundercomm.gamemode.ingame.services.ActivityMonitoringService$1.onActivityLaunch:126
11-11 05:20:45.287 9485 9485 I wm_on_create_called: [242790638,com.android.permissioncontroller.permission.ui.GrantPermissionsActivity,performCreate]
11-11 05:20:45.288 9485 9485 I wm_on_start_called: [242790638,com.android.permissioncontroller.permission.ui.GrantPermissionsActivity,handleStartActivity]
11-11 05:20:45.288 9485 9485 I wm_on_resume_called: [242790638,com.android.permissioncontroller.permission.ui.GrantPermissionsActivity,RESUME_ACTIVITY]
11-11 05:20:45.288 1514 1514 I GameModeConfig: Current uri is uri = content://com.thundercomm.gamemode.api/gamemode_settings/gamemode_isgaming
11-11 05:20:45.291 1514 1514 I GameModeConfig: isGameModeOn = false
11-11 05:20:45.292 1514 1514 I GameModeConfig: isGameModeOn = false
11-11 05:20:45.292 1514 1514 I GameModeConfig: isDisableVoice = true
11-11 05:20:45.292 9485 9485 I wm_on_top_resumed_gained_called: [242790638,com.android.permissioncontroller.permission.ui.GrantPermissionsActivity,topStateChangedWhenResumed]
11-11 05:20:45.298 1514 2960 I wm_finish_activity: [0,242790638,69,com.android.permissioncontroller/.permission.ui.GrantPermissionsActivity,app-request]
11-11 05:20:45.306 1514 2960 I wm_pause_activity: [0,242790638,com.android.permissioncontroller/.permission.ui.GrantPermissionsActivity,userLeaving=false,finish]
11-11 05:20:45.316 9485 9485 I wm_on_top_resumed_lost_called: [242790638,com.android.permissioncontroller.permission.ui.GrantPermissionsActivity,topStateChangedWhenResumed]
11-11 05:20:45.317 9485 9485 I wm_on_paused_called: [242790638,com.android.permissioncontroller.permission.ui.GrantPermissionsActivity,performPause]
11-11 05:20:45.317 1514 1754 I wm_add_to_stopping: [0,242790638,com.android.permissioncontroller/.permission.ui.GrantPermissionsActivity,completeFinishing]
11-11 05:20:45.318 1514 1754 I ActivityTaskManager: FOREGROUND_APPLICATION_CHANGED to com.android.deskclock.DeskClock
11-11 05:20:45.318 1514 1754 I wm_set_resumed_activity: [0,com.android.deskclock/.DeskClock,resumeTopActivityInnerLocked]
11-11 05:20:45.319 1514 1754 I wm_resume_activity: [0,239781813,69,com.android.deskclock/.DeskClock]
11-11 05:20:45.327 1514 1595 I sysui_multi_action: [757,803,799,window_time_0,802,0]
11-11 05:20:45.343 1514 1596 I input_focus: [Focus request 67d41c com.android.deskclock/com.android.deskclock.DeskClock,reason=UpdateInputWindows]
11-11 05:20:45.364 9459 9459 I wm_on_activity_result_called: [239781813,com.android.deskclock.DeskClock,ACTIVITY_RESULT]
11-11 05:20:45.364 9459 9459 I wm_on_resume_called: [239781813,com.android.deskclock.DeskClock,RESUME_ACTIVITY]
11-11 05:20:45.367 9459 9459 I wm_on_top_resumed_gained_called: [239781813,com.android.deskclock.DeskClock,topWhenResuming]
11-11 05:20:45.370 1514 1592 I sysui_multi_action: [319,82,321,79,322,247,325,2060,757,761,758,8,759,1,806,com.android.permissioncontroller,871,com.android.permissioncontroller.permission.ui.GrantPermissionsActivity,904,com.android.deskclock,905,0,1320,8,1321,5]
11-11 05:20:45.371 1514 1770 I input_focus: [Focus entering 67d41c com.android.deskclock/com.android.deskclock.DeskClock (server),reason=setFocusedWindow]
11-11 05:20:45.371 1514 1592 I wm_activity_launch_time: [0,242790638,com.android.permissioncontroller/.permission.ui.GrantPermissionsActivity,247]
11-11 05:20:45.434 3685 3703 W ContextImpl: Calling a method in the system process without a qualified user: android.app.ContextImpl.startService:1816 android.content.ContextWrapper.startService:774 com.thundercomm.gamemode.ingame.services.GameModeActionUtils.startGameModeService:93 com.thundercomm.gamemode.ingame.services.GameModeActionUtils.startGameModeEntry:21 com.thundercomm.gamemode.ingame.services.ActivityMonitoringService$1.onActivityLaunch:126
11-11 05:20:45.440 1514 1514 I GameModeConfig: Current uri is uri = content://com.thundercomm.gamemode.api/gamemode_settings/gamemode_isgaming
11-11 05:20:45.444 1514 1514 I GameModeConfig: isGameModeOn = false
11-11 05:20:45.444 1514 1514 I GameModeConfig: isGameModeOn = false
11-11 05:20:45.444 1514 1514 I GameModeConfig: isDisableVoice = true
11-11 05:20:45.763 1514 1595 I wm_destroy_activity: [0,242790638,69,com.android.permissioncontroller/.permission.ui.GrantPermissionsActivity,finish-imm:idle]
11-11 05:20:45.764 1514 1595 I wm_stop_activity: [0,157690489,com.android.launcher3/.uioverrides.QuickstepLauncher]
11-11 05:20:45.765 9485 9485 I wm_on_stop_called: [242790638,com.android.permissioncontroller.permission.ui.GrantPermissionsActivity,LIFECYCLER_STOP_ACTIVITY]
11-11 05:20:45.771 9485 9485 I wm_on_destroy_called: [242790638,com.android.permissioncontroller.permission.ui.GrantPermissionsActivity,performDestroy]
11-11 05:20:45.784 3685 3703 W ContextImpl: Calling a method in the system process without a qualified user: android.app.ContextImpl.startService:1816 android.content.ContextWrapper.startService:774 com.thundercomm.gamemode.ingame.services.GameModeActionUtils.startGameModeService:93 com.thundercomm.gamemode.ingame.services.GameModeActionUtils.startGameModeEntry:21 com.thundercomm.gamemode.ingame.services.ActivityMonitoringService$1.onActivityLaunch:126
11-11 05:20:45.789 1514 1514 I GameModeConfig: Current uri is uri = content://com.thundercomm.gamemode.api/gamemode_settings/gamemode_isgaming
11-11 05:20:45.793 1514 1514 I GameModeConfig: isGameModeOn = false
11-11 05:20:45.795 1514 1514 I GameModeConfig: isGameModeOn = false
11-11 05:20:45.795 1514 1514 I GameModeConfig: isDisableVoice = true
11-11 05:20:45.795 2503 2503 I wm_on_stop_called: [157690489,com.android.launcher3.uioverrides.QuickstepLauncher,STOP_ACTIVITY_ITEM]
11-11 05:20:45.823 3685 3703 W ContextImpl: Calling a method in the system process without a qualified user: android.app.ContextImpl.startService:1816 android.content.ContextWrapper.startService:774 com.thundercomm.gamemode.ingame.services.GameModeActionUtils.startGameModeService:93 com.thundercomm.gamemode.ingame.services.GameModeActionUtils.startGameModeEntry:21 com.thundercomm.gamemode.ingame.services.ActivityMonitoringService$1.onActivityLaunch:126
11-11 05:20:45.826 1514 1514 I GameModeConfig: Current uri is uri = content://com.thundercomm.gamemode.api/gamemode_settings/gamemode_isgaming
11-11 05:20:45.830 1514 1514 I GameModeConfig: isGameModeOn = false
11-11 05:20:45.831 1514 1514 I GameModeConfig: isGameModeOn = false
11-11 05:20:45.831 1514 1514 I GameModeConfig: isDisableVoice = true
11-11 05:20:46.399 0 0 I auditd : type=1400 audit(0.0:2535): avc: denied { kill } for comm="swapper/2" capability=5 scontext=u:r:kernel:s0 tcontext=u:r:kernel:s0 tclass=capability permissive=0
11-11 05:20:47.399 0 0 I auditd : type=1400 audit(0.0:2536): avc: denied { kill } for comm="swapper/2" capability=5 scontext=u:r:kernel:s0 tcontext=u:r:kernel:s0 tclass=capability permissive=0
11-11 05:20:48.143 1514 2742 E TaskPersister: File error accessing recents directory (directory doesn't exist?).
11-11 05:20:48.209 1514 1770 I input_interaction: Interaction with: 67d41c com.android.deskclock/com.android.deskclock.DeskClock (server), edge-swipe (server), swipe-up (server), PointerEventDispatcher0 (server),
11-11 05:20:48.228 1514 9439 I wm_task_moved: [39,0,0]
11-11 05:20:48.229 1514 9439 I wm_task_moved: [39,0,5]
11-11 05:20:48.237 2503 2503 I wm_on_restart_called: [157690489,com.android.launcher3.uioverrides.QuickstepLauncher,performRestartActivity]
11-11 05:20:48.272 3685 3703 W ContextImpl: Calling a method in the system process without a qualified user: android.app.ContextImpl.startService:1816 android.content.ContextWrapper.startService:774 com.thundercomm.gamemode.ingame.services.GameModeActionUtils.startGameModeService:93 com.thundercomm.gamemode.ingame.services.GameModeActionUtils.startGameModeEntry:21 com.thundercomm.gamemode.ingame.services.ActivityMonitoringService$1.onActivityLaunch:126
11-11 05:20:48.278 1514 1514 I GameModeConfig: Current uri is uri = content://com.thundercomm.gamemode.api/gamemode_settings/gamemode_isgaming
11-11 05:20:48.280 1514 1514 I GameModeConfig: isGameModeOn = false
11-11 05:20:48.281 1514 1514 I GameModeConfig: isGameModeOn = false
11-11 05:20:48.281 1514 1514 I GameModeConfig: isDisableVoice = true
11-11 05:20:48.285 2503 2503 I wm_on_start_called: [157690489,com.android.launcher3.uioverrides.QuickstepLauncher,handleStartActivity]
11-11 05:20:48.304 1514 1592 I sysui_multi_action: [319,17,322,66,325,2063,757,761,758,9,759,5,806,com.android.launcher3,871,com.android.launcher3.uioverrides.QuickstepLauncher,904,com.android.launcher3,905,0,1320,8,1321,5]
11-11 05:20:48.399 0 0 I auditd : type=1400 audit(0.0:2537): avc: denied { kill } for comm="swapper/2" capability=5 scontext=u:r:kernel:s0 tcontext=u:r:kernel:s0 tclass=capability permissive=0
11-11 05:20:48.446 1514 1715 I commit_sys_config_file: [settings-1-0,6]
11-11 05:20:48.598 1514 1612 I sysui_latency: [8,79]
11-11 05:20:48.622 9459 9459 I view_enqueue_input_event: [Motion - Cancel,com.android.deskclock/com.android.deskclock.DeskClock]
11-11 05:20:48.624 2503 2503 I sysui_latency: [1,84]
11-11 05:20:48.629 1514 1770 I input_interaction: Interaction with: edge-swipe (server), swipe-up (server), PointerEventDispatcher0 (server),
11-11 05:20:48.631 1514 1596 I input_focus: [Focus request recents_animation_input_consumer,reason=UpdateInputWindows]
11-11 05:20:48.664 1514 1770 I input_focus: [Focus leaving 67d41c com.android.deskclock/com.android.deskclock.DeskClock (server),reason=NOT_FOCUSABLE]
11-11 05:20:48.664 1514 1770 I input_focus: [Focus entering recents_animation_input_consumer (server),reason=setFocusedWindow]
11-11 05:20:48.808 1514 1514 I service_manager_stats: [100,85,47457]
11-11 05:20:49.654 1514 1836 I netstats_mobile_sample: [0,0,0,0,0,0,0,0,0,0,0,0,1668115249654]
11-11 05:20:49.654 1514 1836 I netstats_wifi_sample: [54099290,123578,22540037,53275,54099290,123578,22540037,53275,63836509,175413,11414502,27979,1668115249654]
11-11 05:20:50.215 1514 1715 I commit_sys_config_file: [settings-1-0,6]
11-11 05:20:50.399 0 0 I auditd : type=1400 audit(0.0:2538): avc: denied { kill } for comm="swapper/2" capability=5 scontext=u:r:kernel:s0 tcontext=u:r:kernel:s0 tclass=capability permissive=0
11-11 05:20:50.914 1514 1770 I input_interaction: Interaction with: eea03e8 com.android.launcher3/com.android.launcher3.uioverrides.QuickstepLauncher (server), edge-swipe (server), swipe-up (server), PointerEventDispatcher0 (server),
11-11 05:20:51.338 1514 1754 I wm_task_moved: [39,1,6]
11-11 05:20:51.343 1514 1754 I wm_focused_root_task: [0,0,39,69,RecentsAnimation.onAnimationFinished()]
11-11 05:20:51.343 9459 9459 I wm_on_top_resumed_lost_called: [239781813,com.android.deskclock.DeskClock,topStateChangedWhenResumed]
11-11 05:20:51.348 1514 1754 I wm_pause_activity: [0,239781813,com.android.deskclock/.DeskClock,userLeaving=false,pauseBackTasks]
11-11 05:20:51.351 1514 1754 I ActivityTaskManager: FOREGROUND_APPLICATION_CHANGED to com.android.launcher3.uioverrides.QuickstepLauncher
11-11 05:20:51.353 1514 1754 I wm_set_resumed_activity: [0,com.android.launcher3/.uioverrides.QuickstepLauncher,resumeTopActivityInnerLocked]
11-11 05:20:51.356 1514 1754 I wm_resume_activity: [0,157690489,40,com.android.launcher3/.uioverrides.QuickstepLauncher]
11-11 05:20:51.357 1514 1754 I wm_add_to_stopping: [0,239781813,com.android.deskclock/.DeskClock,makeInvisible]
11-11 05:20:51.358 2503 2503 I wm_on_resume_called: [157690489,com.android.launcher3.uioverrides.QuickstepLauncher,RESUME_ACTIVITY]
11-11 05:20:51.370 1514 1596 I input_focus: [Focus request eea03e8 com.android.launcher3/com.android.launcher3.uioverrides.QuickstepLauncher,reason=UpdateInputWindows]
11-11 05:20:51.373 9459 9459 I wm_on_paused_called: [239781813,com.android.deskclock.DeskClock,performPause]
11-11 05:20:51.375 1514 2960 I wm_stop_activity: [0,239781813,com.android.deskclock/.DeskClock]
11-11 05:20:51.375 1514 1595 I sysui_multi_action: [757,803,799,window_time_0,802,6]
11-11 05:20:51.378 1514 1595 I sysui_multi_action: [757,803,799,window_time_0,802,0]
11-11 05:20:51.385 2503 2503 I wm_on_top_resumed_gained_called: [157690489,com.android.launcher3.uioverrides.QuickstepLauncher,topStateChangedWhenResumed]
11-11 05:20:51.386 1514 1770 I input_focus: [Focus leaving recents_animation_input_consumer (server),reason=NOT_VISIBLE]
11-11 05:20:51.386 1514 1770 I input_focus: [Focus entering eea03e8 com.android.launcher3/com.android.launcher3.uioverrides.QuickstepLauncher (server),reason=setFocusedWindow]
11-11 05:20:51.397 9459 9459 I wm_on_stop_called: [239781813,com.android.deskclock.DeskClock,STOP_ACTIVITY_ITEM]
11-11 05:20:51.425 3685 3703 W ContextImpl: Calling a method in the system process without a qualified user: android.app.ContextImpl.startService:1816 android.content.ContextWrapper.startService:774 com.thundercomm.gamemode.ingame.services.GameModeActionUtils.startGameModeService:93 com.thundercomm.gamemode.ingame.services.GameModeActionUtils.startGameModeEntry:21 com.thundercomm.gamemode.ingame.services.ActivityMonitoringService$1.onActivityLaunch:126
11-11 05:20:51.433 1514 1514 I GameModeConfig: Current uri is uri = content://com.thundercomm.gamemode.api/gamemode_settings/gamemode_isgaming
11-11 05:20:51.435 1514 1514 I GameModeConfig: isGameModeOn = false
11-11 05:20:51.435 1514 1514 I GameModeConfig: isGameModeOn = false
11-11 05:20:51.435 1514 1514 I GameModeConfig: isDisableVoice = true
11-11 05:20:51.445 1514 1770 I input_interaction: Interaction with: eea03e8 com.android.launcher3/com.android.launcher3.uioverrides.QuickstepLauncher (server), 8068647 com.android.systemui.ImageWallpaper (server), edge-swipe (server), swipe-up (server), PointerEventDispatcher0 (server),
11-11 05:20:51.472 1514 2960 I wm_finish_activity: [0,239781813,69,com.android.deskclock/.DeskClock,recent-task-trimmed]
11-11 05:20:51.474 1514 2960 I wm_destroy_activity: [0,239781813,69,com.android.deskclock/.DeskClock,finish-imm:finishIfPossible]
11-11 05:20:51.475 1514 1595 I ActivityManager: Killing 9459:com.android.deskclock/u0a66 (adj 900): remove task
11-11 05:20:51.475 1514 1595 I am_kill : [0,9459,com.android.deskclock,900,remove task]
11-11 05:20:51.478 1514 1595 I sysui_multi_action: [757,803,799,window_time_0,802,0]
11-11 05:20:51.479 1514 2742 E TaskPersister: File error accessing recents directory (directory doesn't exist?).
11-11 05:20:51.482 1514 2742 E TaskPersister: File error accessing recents directory (directory doesn't exist?).
11-11 05:20:51.482 3685 3703 W ContextImpl: Calling a method in the system process without a qualified user: android.app.ContextImpl.startService:1816 android.content.ContextWrapper.startService:774 com.thundercomm.gamemode.ingame.services.GameModeActionUtils.startGameModeService:93 com.thundercomm.gamemode.ingame.services.GameModeActionUtils.startGameModeEntry:21 com.thundercomm.gamemode.ingame.services.ActivityMonitoringService$1.onActivityLaunch:126
11-11 05:20:51.486 1514 1514 I GameModeConfig: Current uri is uri = content://com.thundercomm.gamemode.api/gamemode_settings/gamemode_isgaming
11-11 05:20:51.490 1514 1514 I GameModeConfig: isGameModeOn = false
11-11 05:20:51.490 1514 1514 I GameModeConfig: isGameModeOn = false
11-11 05:20:51.490 1514 1514 I GameModeConfig: isDisableVoice = true
11-11 05:20:51.543 1514 7301 I WindowManager: WIN DEATH: Window{67d41c u0 com.android.deskclock/com.android.deskclock.DeskClock}
11-11 05:20:51.546 1514 1754 I am_proc_died: [0,9459,com.android.deskclock,900,18]
11-11 05:20:51.549 1514 1754 I am_uid_stopped: 10066
11-11 05:20:51.551 1514 1754 I wm_task_removed: [69,removeChild:removeChild last r=ActivityRecord{e4ac7b5 u0 com.android.deskclock/.DeskClock t-1 f}} in t=Task{d7c1516 #69 type=standard A=10066:com.android.deskclock U=0 visible=false mode=fullscreen translucent=true sz=0}]
11-11 05:20:51.551 1514 1754 I wm_task_removed: [69,removeChild]
11-11 05:20:51.553 1514 1596 W ActivityTaskManager: Can't find TaskDisplayArea to determine support for multi window. Task id=69 attached=false
11-11 05:20:51.553 1514 1596 W ActivityTaskManager: Can't find TaskDisplayArea to determine support for multi window. Task id=69 attached=false
11-11 05:20:51.554 1514 1595 W ActivityManager: setHasOverlayUi called on unknown pid: 9459
11-11 05:20:51.554 1514 1612 W UsageStatsService: Unexpected activity event reported! (com.android.deskclock/com.android.deskclock.DeskClock event : 23 instanceId : 235322430)
11-11 05:20:51.584 3685 3703 W ContextImpl: Calling a method in the system process without a qualified user: android.app.ContextImpl.startService:1816 android.content.ContextWrapper.startService:774 com.thundercomm.gamemode.ingame.services.GameModeActionUtils.startGameModeService:93 com.thundercomm.gamemode.ingame.services.GameModeActionUtils.startGameModeEntry:21 com.thundercomm.gamemode.ingame.services.ActivityMonitoringService$1.onActivityLaunch:126
11-11 05:20:51.594 1514 1514 I GameModeConfig: Current uri is uri = content://com.thundercomm.gamemode.api/gamemode_settings/gamemode_isgaming
11-11 05:20:51.596 1514 1514 I GameModeConfig: isGameModeOn = false
11-11 05:20:51.596 1514 1514 I GameModeConfig: isGameModeOn = false
11-11 05:20:51.596 1514 1514 I GameModeConfig: isDisableVoice = true
11-11 05:20:53.214 1514 1715 I commit_sys_config_file: [settings-1-0,9]
11-11 05:20:53.399 288 288 I auditd : type=1400 audit(0.0:2539): avc: denied { kill } for comm="kgsl_worker_thr" capability=5 scontext=u:r:kernel:s0 tcontext=u:r:kernel:s0 tclass=capability permissive=0
11-11 05:20:54.354 1514 1715 I commit_sys_config_file: [settings-1-0,4]
11-11 05:20:54.399 0 0 I auditd : type=1400 audit(0.0:2540): avc: denied { kill } for comm="swapper/2" capability=5 scontext=u:r:kernel:s0 tcontext=u:r:kernel:s0 tclass=capability permissive=0
