11-11 05:02:01.806 1514 1901 I GameModeConfig: isGameModeOn = false
11-11 05:02:01.807 1998 1998 I sysui_multi_action: [757,111,758,2]
11-11 05:02:01.807 1514 1514 I notification_enqueue: [10082,1998,com.android.systemui,2048,NULL,0,Notification(channel=updateNotification shortcut=null contentView=null vibrate=null sound=null defaults=0x0 flags=0x0 color=0x00000000 vis=PRIVATE),1]
11-11 05:02:01.807 1998 1998 I sysui_multi_action: [757,111,758,2]
11-11 05:02:01.820 1514 1596 I input_focus: [Focus request 8c6f483 NotificationShade,reason=UpdateInputWindows]
11-11 05:02:01.821 1998 1998 I sysui_multi_action: [757,111,758,1]
11-11 05:02:01.821 1998 1998 I sysui_multi_action: [757,126,758,1,759,126,927,0,928,1,1593,0]
11-11 05:02:01.821 1998 1998 I sysui_multi_action: [757,113,758,1,759,113,927,1,928,1,1593,0]
11-11 05:02:01.822 1998 1998 I sysui_multi_action: [757,0,758,1,759,0,927,2,928,0,1593,0]
11-11 05:02:01.822 1998 1998 I sysui_multi_action: [757,0,758,1,759,0,927,3,928,0,1593,0]
11-11 05:02:01.822 1998 1998 I sysui_multi_action: [757,491,758,1,759,491,927,4,928,0,1311,-1,1593,0]
11-11 05:02:01.822 1998 1998 I sysui_multi_action: [757,0,758,1,759,0,927,5,928,0,1593,0]
11-11 05:02:01.822 1998 1998 I sysui_multi_action: [757,111,758,1]
11-11 05:02:01.822 1998 1998 I sysui_multi_action: [757,126,758,1,759,126,927,0,928,1,1593,0]
11-11 05:02:01.823 1998 1998 I sysui_multi_action: [757,113,758,1,759,113,927,1,928,1,1593,0]
11-11 05:02:01.823 1998 1998 I sysui_multi_action: [757,0,758,1,759,0,927,2,928,0,1593,0]
11-11 05:02:01.823 1998 1998 I sysui_multi_action: [757,0,758,1,759,0,927,3,928,0,1593,0]
11-11 05:02:01.833 1514 1901 I GameModeConfig: isGameModeOn = false
11-11 05:02:01.833 1514 1901 I GameModeConfig: isGameModeOn = false
11-11 05:02:01.834 1514 1901 I GameModeConfig: isGameModeOn = false
11-11 05:02:01.834 1514 1901 I GameModeConfig: isGameModeOn = false
11-11 05:02:01.835 1998 1998 I sysui_multi_action: [757,111,758,2]
11-11 05:02:01.835 1998 1998 I sysui_multi_action: [757,111,758,2]
11-11 05:02:01.835 1514 1514 I notification_enqueue: [10082,1998,com.android.systemui,2048,NULL,0,Notification(channel=updateNotification shortcut=null contentView=null vibrate=null sound=null defaults=0x0 flags=0x0 color=0x00000000 vis=PRIVATE),1]
11-11 05:02:01.838 1998 1998 I sysui_multi_action: [757,111,758,1]
11-11 05:02:01.838 1998 1998 I sysui_multi_action: [757,126,758,1,759,126,927,0,928,1,1593,0]
11-11 05:02:01.838 1998 1998 I sysui_multi_action: [757,113,758,1,759,113,927,1,928,1,1593,0]
11-11 05:02:01.838 1998 1998 I sysui_multi_action: [757,0,758,1,759,0,927,2,928,0,1593,0]
11-11 05:02:01.838 1998 1998 I sysui_multi_action: [757,0,758,1,759,0,927,3,928,0,1593,0]
11-11 05:02:01.839 1998 1998 I sysui_multi_action: [757,491,758,1,759,491,927,4,928,0,1311,-1,1593,0]
11-11 05:02:01.839 1998 1998 I sysui_multi_action: [757,0,758,1,759,0,927,5,928,0,1593,0]
11-11 05:02:01.839 1998 1998 I sysui_multi_action: [757,111,758,1]
11-11 05:02:01.839 1998 1998 I sysui_multi_action: [757,126,758,1,759,126,927,0,928,1,1593,0]
11-11 05:02:01.839 1998 1998 I sysui_multi_action: [757,113,758,1,759,113,927,1,928,1,1593,0]
11-11 05:02:01.839 1998 1998 I sysui_multi_action: [757,0,758,1,759,0,927,2,928,0,1593,0]
11-11 05:02:01.839 1998 1998 I sysui_multi_action: [757,0,758,1,759,0,927,3,928,0,1593,0]
11-11 05:02:01.843 1514 1770 I input_focus: [Focus leaving eea03e8 com.android.launcher3/com.android.launcher3.uioverrides.QuickstepLauncher (server),reason=setFocusedWindow]
11-11 05:02:01.844 1514 1770 I input_focus: [Focus entering 8c6f483 NotificationShade (server),reason=setFocusedWindow]
11-11 05:02:01.851 1514 1901 I GameModeConfig: isGameModeOn = false
11-11 05:02:01.852 1514 1901 I GameModeConfig: isGameModeOn = false
11-11 05:02:01.852 1514 1901 I GameModeConfig: isGameModeOn = false
11-11 05:02:01.852 1514 1901 I GameModeConfig: isGameModeOn = false
11-11 05:02:01.853 1998 1998 I sysui_multi_action: [757,111,758,2]
11-11 05:02:01.853 1998 1998 I sysui_multi_action: [757,111,758,2]
11-11 05:02:01.853 1514 1514 I notification_enqueue: [10082,1998,com.android.systemui,2048,NULL,0,Notification(channel=updateNotification shortcut=null contentView=null vibrate=null sound=null defaults=0x0 flags=0x0 color=0x00000000 vis=PRIVATE),1]
11-11 05:02:01.859 1998 1998 I sysui_multi_action: [757,111,758,1]
11-11 05:02:01.859 1998 1998 I sysui_multi_action: [757,126,758,1,759,126,927,0,928,1,1593,0]
11-11 05:02:01.859 1998 1998 I sysui_multi_action: [757,113,758,1,759,113,927,1,928,1,1593,0]
11-11 05:02:01.859 1998 1998 I sysui_multi_action: [757,0,758,1,759,0,927,2,928,0,1593,0]
11-11 05:02:01.859 1998 1998 I sysui_multi_action: [757,0,758,1,759,0,927,3,928,0,1593,0]
11-11 05:02:01.860 1998 1998 I sysui_multi_action: [757,491,758,1,759,491,927,4,928,0,1311,-1,1593,0]
11-11 05:02:01.860 1998 1998 I sysui_multi_action: [757,0,758,1,759,0,927,5,928,0,1593,0]
11-11 05:02:01.860 1998 1998 I sysui_multi_action: [757,111,758,1]
11-11 05:02:01.860 1998 1998 I sysui_multi_action: [757,126,758,1,759,126,927,0,928,1,1593,0]
11-11 05:02:01.860 1998 1998 I sysui_multi_action: [757,113,758,1,759,113,927,1,928,1,1593,0]
11-11 05:02:01.860 1998 1998 I sysui_multi_action: [757,0,758,1,759,0,927,2,928,0,1593,0]
11-11 05:02:01.860 1998 1998 I sysui_multi_action: [757,0,758,1,759,0,927,3,928,0,1593,0]
11-11 05:02:02.009 1514 1514 I GameModeConfig: isGameModeOn = false
11-11 05:02:02.010 1514 1514 I sysui_multi_action: [757,1501,758,1,793,916130,794,0,795,208,796,2048,806,com.android.systemui,857,updateNotification,858,3,947,0,1500,0,1688,1]
11-11 05:02:02.011 1514 1514 I sysui_multi_action: [757,804,799,note_interruptive,801,0,802,1]
11-11 05:02:02.011 1514 1514 I sysui_multi_action: [757,199,758,1,759,2,793,916131,794,0,795,209,796,2048,806,com.android.systemui,857,updateNotification,858,3,947,0,1500,1,1688,1]
11-11 05:02:02.011 1514 1514 I notification_alert: [0|com.android.systemui|2048|null|10082,0,1,0]
11-11 05:02:02.014 1514 1514 W NotificationHistory: Attempted to add notif for locked/gone/disabled user 0
11-11 05:02:02.037 1514 1514 I GameModeConfig: isGameModeOn = false
11-11 05:02:02.038 1514 1514 E NotificationService: Muting recently noisy 0|com.android.systemui|2048|null|10082
11-11 05:02:02.055 1514 1514 I GameModeConfig: isGameModeOn = false
11-11 05:02:02.055 1514 1514 E NotificationService: Muting recently noisy 0|com.android.systemui|2048|null|10082
11-11 05:02:02.343 1514 8233 I sysui_multi_action: [757,128,758,1,793,926567,794,0,795,926567,796,26,798,0,806,android,857,DEVELOPER_IMPORTANT,858,4,947,0,1395,2,1500,926010,1688,1]
11-11 05:02:02.343 1514 8233 I sysui_multi_action: [757,804,799,note_freshness,801,926567,802,1]
11-11 05:02:02.343 1514 8233 I notification_visibility: [-1|android|26|null|1000,1,926567,926567,0,0]
11-11 05:02:02.344 1514 8233 I sysui_multi_action: [757,128,758,1,793,927086,794,0,795,927086,796,32,798,1,806,android,857,USB,858,1,947,0,1395,2,1500,926806,1688,1]
11-11 05:02:02.344 1514 8233 I sysui_multi_action: [757,804,799,note_freshness,801,927086,802,1]
11-11 05:02:02.344 1514 8233 I notification_visibility: [-1|android|32|null|1000,1,927086,927086,0,1]
11-11 05:02:02.399 0 0 I auditd : type=1400 audit(0.0:1203): avc: denied { kill } for comm="swapper/0" capability=5 scontext=u:r:kernel:s0 tcontext=u:r:kernel:s0 tclass=capability permissive=0
11-11 05:02:03.290 1514 2742 E TaskPersister: File error accessing recents directory (directory doesn't exist?).
11-11 05:02:03.399 352 352 I auditd : type=1400 audit(0.0:1204): avc: denied { kill } for comm="irq/382-atmel_m" capability=5 scontext=u:r:kernel:s0 tcontext=u:r:kernel:s0 tclass=capability permissive=0
11-11 05:02:04.137 1514 1901 I GameModeConfig: isGameModeOn = false
11-11 05:02:04.150 1514 1901 I GameModeConfig: isGameModeOn = false
11-11 05:02:04.163 1514 1901 I GameModeConfig: isGameModeOn = false
11-11 05:02:04.178 1514 1901 I GameModeConfig: isGameModeOn = false
11-11 05:02:04.200 1514 1901 I GameModeConfig: isGameModeOn = false
11-11 05:02:04.218 1514 1901 I GameModeConfig: isGameModeOn = false
11-11 05:02:04.236 1514 1901 I GameModeConfig: isGameModeOn = false
11-11 05:02:04.255 1514 1901 I GameModeConfig: isGameModeOn = false
11-11 05:02:04.285 1514 1901 I GameModeConfig: isGameModeOn = false
11-11 05:02:04.322 1514 1901 I GameModeConfig: isGameModeOn = false
11-11 05:02:04.335 1514 1901 I GameModeConfig: isGameModeOn = false
11-11 05:02:04.348 1514 1901 I GameModeConfig: isGameModeOn = false
11-11 05:02:04.351 1514 1901 I GameModeConfig: isGameModeOn = false
11-11 05:02:04.354 1514 1901 I GameModeConfig: isGameModeOn = false
11-11 05:02:04.367 1514 1901 I GameModeConfig: isGameModeOn = false
11-11 05:02:04.368 1514 1901 I GameModeConfig: isGameModeOn = false
11-11 05:02:04.382 1514 1901 I GameModeConfig: isGameModeOn = false
11-11 05:02:04.386 1514 1901 I GameModeConfig: isGameModeOn = false
11-11 05:02:04.401 1514 1901 I GameModeConfig: isGameModeOn = false
11-11 05:02:04.404 1514 1901 I GameModeConfig: isGameModeOn = false
11-11 05:02:04.399 0 0 I auditd : type=1400 audit(0.0:1205): avc: denied { kill } for comm="swapper/0" capability=5 scontext=u:r:kernel:s0 tcontext=u:r:kernel:s0 tclass=capability permissive=0
11-11 05:02:04.425 1514 1901 I GameModeConfig: isGameModeOn = false
11-11 05:02:04.445 1514 1901 I GameModeConfig: isGameModeOn = false
11-11 05:02:04.459 1514 1901 I GameModeConfig: isGameModeOn = false
11-11 05:02:04.490 1514 1901 I GameModeConfig: isGameModeOn = false
11-11 05:02:04.534 1514 1901 I GameModeConfig: isGameModeOn = false
11-11 05:02:04.547 1514 1901 I GameModeConfig: isGameModeOn = false
11-11 05:02:04.552 1514 1901 I GameModeConfig: isGameModeOn = false
11-11 05:02:04.572 1514 1901 I GameModeConfig: isGameModeOn = false
11-11 05:02:04.589 1514 1901 I GameModeConfig: isGameModeOn = false
11-11 05:02:04.609 1514 1901 I GameModeConfig: isGameModeOn = false
11-11 05:02:04.642 1514 2039 I ntp_failure: [time.android.com/216.239.35.0,java.net.SocketTimeoutException: Poll timed out]
11-11 05:02:05.399 0 0 I auditd : type=1400 audit(0.0:1206): avc: denied { kill } for comm="swapper/0" capability=5 scontext=u:r:kernel:s0 tcontext=u:r:kernel:s0 tclass=capability permissive=0
11-11 05:02:06.399 352 352 I auditd : type=1400 audit(0.0:1207): avc: denied { kill } for comm="irq/382-atmel_m" capability=5 scontext=u:r:kernel:s0 tcontext=u:r:kernel:s0 tclass=capability permissive=0
11-11 05:02:06.821 1514 1770 I input_interaction: Interaction with: 8c6f483 NotificationShade (server), edge-swipe (server), swipe-up (server), PointerEventDispatcher0 (server),
11-11 05:02:06.956 1998 1998 I sysui_multi_action: [757,925,758,4,759,126,927,0,928,1,1592,0,1593,1]
11-11 05:02:07.019 1514 3207 D TelephonyRegistry: listen oscl: mHasNotifySubscriptionInfoChangedOccurred==false no callback
11-11 05:02:07.020 1998 1998 W CarrierConfigManager: Error getting config for subId -1 ICarrierConfigLoader is null
11-11 05:02:07.075 1514 1596 I input_focus: [Focus request 8afc639 InternetDialog,reason=UpdateInputWindows]
11-11 05:02:07.104 1514 1770 I input_focus: [Focus leaving 8c6f483 NotificationShade (server),reason=setFocusedWindow]
11-11 05:02:07.105 1514 1770 I input_focus: [Focus entering 8afc639 InternetDialog (server),reason=setFocusedWindow]
11-11 05:02:07.399 0 0 I auditd : type=1400 audit(0.0:1208): avc: denied { kill } for comm="swapper/0" capability=5 scontext=u:r:kernel:s0 tcontext=u:r:kernel:s0 tclass=capability permissive=0
11-11 05:02:08.399 0 0 I auditd : type=1400 audit(0.0:1209): avc: denied { kill } for comm="swapper/0" capability=5 scontext=u:r:kernel:s0 tcontext=u:r:kernel:s0 tclass=capability permissive=0
11-11 05:02:09.246 1410 8212 I liblog : 119
11-11 05:02:09.247 1410 8212 I liblog : 21
11-11 05:02:09.654 1514 2039 I ntp_failure: [time.android.com/216.239.35.12,java.net.SocketTimeoutException: Poll timed out]
11-11 05:02:11.399 352 352 I auditd : type=1400 audit(0.0:1210): avc: denied { kill } for comm="irq/382-atmel_m" capability=5 scontext=u:r:kernel:s0 tcontext=u:r:kernel:s0 tclass=capability permissive=0
11-11 05:02:11.842 1514 1901 I GameModeConfig: isGameModeOn = false
11-11 05:02:11.843 1514 1901 I GameModeConfig: isGameModeOn = false
11-11 05:02:11.851 1514 1901 I GameModeConfig: isGameModeOn = false
11-11 05:02:12.011 1514 1901 I GameModeConfig: isGameModeOn = false
11-11 05:02:12.038 1514 1901 I GameModeConfig: isGameModeOn = false
11-11 05:02:12.056 1514 1901 I GameModeConfig: isGameModeOn = false
11-11 05:02:12.233 1514 1836 I netstats_mobile_sample: [0,0,0,0,0,0,0,0,0,0,0,0,1668114132231]
11-11 05:02:12.233 1514 1836 I netstats_wifi_sample: [22687307,52243,9824400,24053,22687307,52243,9824400,24053,26816187,74030,5000431,12859,1668114132231]
11-11 05:02:12.399 0 0 I auditd : type=1400 audit(0.0:1211): avc: denied { kill } for comm="swapper/0" capability=5 scontext=u:r:kernel:s0 tcontext=u:r:kernel:s0 tclass=capability permissive=0
11-11 05:02:13.399 352 352 I auditd : type=1400 audit(0.0:1212): avc: denied { kill } for comm="irq/382-atmel_m" capability=5 scontext=u:r:kernel:s0 tcontext=u:r:kernel:s0 tclass=capability permissive=0
11-11 05:02:14.399 0 0 I auditd : type=1400 audit(0.0:1213): avc: denied { kill } for comm="swapper/0" capability=5 scontext=u:r:kernel:s0 tcontext=u:r:kernel:s0 tclass=capability permissive=0
11-11 05:02:14.661 1514 2039 I ntp_failure: [time.android.com/216.239.35.8,java.net.SocketTimeoutException: Poll timed out]
11-11 05:02:15.399 0 0 I auditd : type=1400 audit(0.0:1214): avc: denied { kill } for comm="swapper/0" capability=5 scontext=u:r:kernel:s0 tcontext=u:r:kernel:s0 tclass=capability permissive=0
11-11 05:02:15.911 1514 1770 I input_interaction: Interaction with: 8afc639 InternetDialog (server), edge-swipe (server), swipe-up (server), PointerEventDispatcher0 (server),
11-11 05:02:16.073 1514 1844 W ContextImpl: Calling a method in the system process without a qualified user: android.app.ContextImpl.sendBroadcastMultiplePermissions:1206 android.content.Context.sendBroadcastWithMultiplePermissions:2262 com.android.server.wifi.WifiServiceImpl.broadcastWifiCredentialChanged:4925 com.android.server.wifi.WifiServiceImpl.lambda$connect$106:4975 com.android.server.wifi.WifiServiceImpl.$r8$lambda$k_VbQ0XctrStvVsieclZczsvs-g:0
11-11 05:02:16.273 830 830 D android.hardware.wifi@1.0-service: Successfully SetMacAddress.
11-11 05:02:16.294 1194 1194 W wificond: Scan is not started. Ignore abort request
11-11 05:02:16.399 0 0 I auditd : type=1400 audit(0.0:1215): avc: denied { kill } for comm="swapper/0" capability=5 scontext=u:r:kernel:s0 tcontext=u:r:kernel:s0 tclass=capability permissive=0
11-11 05:02:16.442 1514 1890 I netstats_mobile_sample: [0,0,0,0,0,0,0,0,0,0,0,0,1668114136442]
11-11 05:02:16.443 1514 1890 I netstats_wifi_sample: [22783561,52477,9884378,24216,22783561,52477,9884378,24216,26931980,74401,5031514,12951,1668114136442]
11-11 05:02:16.451 1514 1890 W ContextImpl: Calling a method in the system process without a qualified user: android.app.ContextImpl.sendStickyBroadcast:1559 com.android.server.ConnectivityService.sendStickyBroadcast:2811 com.android.server.ConnectivityService.sendLegacyNetworkBroadcast:8732 com.android.server.ConnectivityService$LegacyTypeTracker.remove:1007 com.android.server.ConnectivityService$LegacyTypeTracker.remove:1024
11-11 05:02:16.888 1514 1890 I netstats_mobile_sample: [0,0,0,0,0,0,0,0,0,0,0,0,1668114136888]
11-11 05:02:16.888 1514 1890 I netstats_wifi_sample: [22783561,52477,9884378,24216,22783561,52477,9884378,24216,26931980,74401,5031514,12951,1668114136888]
11-11 05:02:17.399 352 352 I auditd : type=1400 audit(0.0:1216): avc: denied { kill } for comm="irq/382-atmel_m" capability=5 scontext=u:r:kernel:s0 tcontext=u:r:kernel:s0 tclass=capability permissive=0
11-11 05:02:18.339 1514 1890 I netstats_mobile_sample: [0,0,0,0,0,0,0,0,0,0,0,0,1668114138338]
11-11 05:02:18.344 1514 1890 I netstats_wifi_sample: [22783561,52477,9884378,24216,22783561,52477,9884378,24216,26931980,74401,5031514,12951,1668114138338]
11-11 05:02:18.361 1514 1890 I netstats_mobile_sample: [0,0,0,0,0,0,0,0,0,0,0,0,1668114138360]
11-11 05:02:18.361 1514 1890 I netstats_wifi_sample: [22783561,52477,9884378,24216,22783561,52477,9884378,24216,26931980,74401,5031514,12951,1668114138360]
11-11 05:02:18.397 1514 1890 I netstats_mobile_sample: [0,0,0,0,0,0,0,0,0,0,0,0,1668114138397]
11-11 05:02:18.398 1514 1890 I netstats_wifi_sample: [22783561,52477,9884378,24216,22783561,52477,9884378,24216,26931980,74401,5031514,12951,1668114138397]
11-11 05:02:18.399 335 335 I auditd : type=1400 audit(0.0:1217): avc: denied { kill } for comm="kworker/u16:14" capability=5 scontext=u:r:kernel:s0 tcontext=u:r:kernel:s0 tclass=capability permissive=0
11-11 05:02:18.411 662 724 E NetlinkEvent: NetlinkEvent::FindParam(): Parameter 'INTERFACE' not found
11-11 05:02:18.412 662 724 E NetlinkEvent: NetlinkEvent::FindParam(): Parameter 'STATE' not found
11-11 05:02:18.412 662 724 E NetlinkEvent: NetlinkEvent::FindParam(): Parameter 'TIME_NS' not found
11-11 05:02:18.412 662 724 E NetlinkEvent: NetlinkEvent::FindParam(): Parameter 'UID' not found
11-11 05:02:18.425 1514 1890 I netstats_mobile_sample: [0,0,0,0,0,0,0,0,0,0,0,0,1668114138425]
11-11 05:02:18.426 1514 1890 I netstats_wifi_sample: [22783561,52477,9884378,24216,22783561,52477,9884378,24216,26931980,74401,5031514,12951,1668114138425]
11-11 05:02:18.436 1514 1890 W ContextImpl: Calling a method in the system process without a qualified user: android.app.ContextImpl.sendStickyBroadcast:1559 com.android.server.ConnectivityService.sendStickyBroadcast:2811 com.android.server.ConnectivityService.sendGeneralBroadcast:2786 com.android.server.ConnectivityService.sendConnectedBroadcast:2759 com.android.server.ConnectivityService.sendLegacyNetworkBroadcast:8704
11-11 05:02:18.448 1514 1890 W ContextImpl: Calling a method in the system process without a qualified user: android.app.ContextImpl.sendStickyBroadcast:1559 com.android.server.ConnectivityService.sendStickyBroadcast:2811 com.android.server.ConnectivityService.sendGeneralBroadcast:2786 com.android.server.ConnectivityService.sendInetConditionBroadcast:2763 com.android.server.ConnectivityService.updateInetCondition:8451
11-11 05:02:18.819 1514 1614 W BroadcastQueue: Permission Denial: broadcasting Intent { act=android.net.conn.CONNECTIVITY_CHANGE flg=0x4200010 (has extras) } from null (pid=-1, uid=-1) requires com.baidu.input.permission.sofire.RECEIVE due to registered receiver BroadcastFilter{32d3f9 10023/u0 ReceiverList{60bdac0 4154 com.baidu.input/10023/u0 remote:5b33443}}
11-11 05:02:19.666 1514 2039 I ntp_failure: [time.android.com/216.239.35.4,java.net.SocketTimeoutException: Poll timed out]
11-11 05:02:20.265 1514 1596 I input_focus: [Focus request 8c6f483 NotificationShade,reason=UpdateInputWindows]
11-11 05:02:20.285 1514 1770 I input_focus: [Focus entering 8c6f483 NotificationShade (server),reason=setFocusedWindow]
11-11 05:02:20.399 0 0 I auditd : type=1400 audit(0.0:1218): avc: denied { kill } for comm="swapper/2" capability=5 scontext=u:r:kernel:s0 tcontext=u:r:kernel:s0 tclass=capability permissive=0
11-11 05:02:20.746 1514 1770 I input_interaction: Interaction with: 8c6f483 NotificationShade (server), edge-swipe (server), swipe-up (server), PointerEventDispatcher0 (server),
11-11 05:02:21.149 1514 1901 I GameModeConfig: isGameModeOn = false
11-11 05:02:21.150 1514 1901 I GameModeConfig: isGameModeOn = false
11-11 05:02:21.150 1514 1901 I GameModeConfig: isGameModeOn = false
11-11 05:02:21.150 1514 1901 I GameModeConfig: isGameModeOn = false
11-11 05:02:21.151 1514 1514 I notification_enqueue: [10082,1998,com.android.systemui,2048,NULL,0,Notification(channel=updateNotification shortcut=null contentView=null vibrate=null sound=null defaults=0x0 flags=0x0 color=0x00000000 vis=PRIVATE),1]
11-11 05:02:21.152 1998 1998 I sysui_multi_action: [757,111,758,2]
11-11 05:02:21.153 1998 1998 I sysui_multi_action: [757,111,758,2]
11-11 05:02:21.160 1998 1998 I sysui_multi_action: [757,111,758,1]
11-11 05:02:21.160 1998 1998 I sysui_multi_action: [757,126,758,1,759,126,927,0,928,1,1593,1]
11-11 05:02:21.160 1998 1998 I sysui_multi_action: [757,113,758,1,759,113,927,1,928,1,1593,1]
11-11 05:02:21.161 1998 1998 I sysui_multi_action: [757,0,758,1,759,0,927,2,928,0,1593,1]
11-11 05:02:21.161 1998 1998 I sysui_multi_action: [757,0,758,1,759,0,927,3,928,0,1593,1]
11-11 05:02:21.161 1998 1998 I sysui_multi_action: [757,491,758,1,759,491,927,4,928,0,1311,-1,1593,0]
11-11 05:02:21.161 1998 1998 I sysui_multi_action: [757,0,758,1,759,0,927,5,928,0,1593,0]
11-11 05:02:21.161 1998 1998 I sysui_multi_action: [757,111,758,1]
11-11 05:02:21.161 1998 1998 I sysui_multi_action: [757,126,758,1,759,126,927,0,928,1,1593,1]
11-11 05:02:21.161 1998 1998 I sysui_multi_action: [757,113,758,1,759,113,927,1,928,1,1593,1]
11-11 05:02:21.162 1998 1998 I sysui_multi_action: [757,0,758,1,759,0,927,2,928,0,1593,1]
11-11 05:02:21.162 1998 1998 I sysui_multi_action: [757,0,758,1,759,0,927,3,928,0,1593,1]
11-11 05:02:21.183 1514 1901 I GameModeConfig: isGameModeOn = false
11-11 05:02:21.183 1514 1901 I GameModeConfig: isGameModeOn = false
11-11 05:02:21.183 1514 1901 I GameModeConfig: isGameModeOn = false
11-11 05:02:21.183 1514 1901 I GameModeConfig: isGameModeOn = false
11-11 05:02:21.184 1998 1998 I sysui_multi_action: [757,111,758,2]
11-11 05:02:21.184 1514 1514 I notification_enqueue: [10082,1998,com.android.systemui,2048,NULL,0,Notification(channel=updateNotification shortcut=null contentView=null vibrate=null sound=null defaults=0x0 flags=0x0 color=0x00000000 vis=PRIVATE),1]
11-11 05:02:21.184 1998 1998 I sysui_multi_action: [757,111,758,2]
11-11 05:02:21.187 1998 1998 I sysui_multi_action: [757,111,758,1]
11-11 05:02:21.187 1998 1998 I sysui_multi_action: [757,126,758,1,759,126,927,0,928,1,1593,0]
11-11 05:02:21.187 1998 1998 I sysui_multi_action: [757,113,758,1,759,113,927,1,928,1,1593,0]
11-11 05:02:21.188 1998 1998 I sysui_multi_action: [757,0,758,1,759,0,927,2,928,0,1593,0]
11-11 05:02:21.188 1998 1998 I sysui_multi_action: [757,0,758,1,759,0,927,3,928,0,1593,0]
11-11 05:02:21.188 1998 1998 I sysui_multi_action: [757,491,758,1,759,491,927,4,928,0,1311,-1,1593,0]
11-11 05:02:21.188 1998 1998 I sysui_multi_action: [757,0,758,1,759,0,927,5,928,0,1593,0]
11-11 05:02:21.188 1998 1998 I sysui_multi_action: [757,111,758,1]
11-11 05:02:21.189 1998 1998 I sysui_multi_action: [757,126,758,1,759,126,927,0,928,1,1593,1]
11-11 05:02:21.189 1998 1998 I sysui_multi_action: [757,113,758,1,759,113,927,1,928,1,1593,1]
11-11 05:02:21.189 1998 1998 I sysui_multi_action: [757,0,758,1,759,0,927,2,928,0,1593,1]
11-11 05:02:21.189 1998 1998 I sysui_multi_action: [757,0,758,1,759,0,927,3,928,0,1593,1]
11-11 05:02:21.198 1514 1901 I GameModeConfig: isGameModeOn = false
11-11 05:02:21.198 1514 1901 I GameModeConfig: isGameModeOn = false
11-11 05:02:21.198 1514 1901 I GameModeConfig: isGameModeOn = false
11-11 05:02:21.199 1514 1901 I GameModeConfig: isGameModeOn = false
11-11 05:02:21.199 1998 1998 I sysui_multi_action: [757,111,758,2]
11-11 05:02:21.199 1514 1514 I notification_enqueue: [10082,1998,com.android.systemui,2048,NULL,0,Notification(channel=updateNotification shortcut=null contentView=null vibrate=null sound=null defaults=0x0 flags=0x0 color=0x00000000 vis=PRIVATE),1]
11-11 05:02:21.199 1998 1998 I sysui_multi_action: [757,111,758,2]
11-11 05:02:21.202 1998 1998 I sysui_multi_action: [757,111,758,1]
11-11 05:02:21.203 1998 1998 I sysui_multi_action: [757,126,758,1,759,126,927,0,928,1,1593,0]
11-11 05:02:21.203 1998 1998 I sysui_multi_action: [757,113,758,1,759,113,927,1,928,1,1593,0]
11-11 05:02:21.203 1998 1998 I sysui_multi_action: [757,0,758,1,759,0,927,2,928,0,1593,0]
11-11 05:02:21.203 1998 1998 I sysui_multi_action: [757,0,758,1,759,0,927,3,928,0,1593,0]
11-11 05:02:21.203 1998 1998 I sysui_multi_action: [757,491,758,1,759,491,927,4,928,0,1311,-1,1593,0]
11-11 05:02:21.203 1998 1998 I sysui_multi_action: [757,0,758,1,759,0,927,5,928,0,1593,0]
11-11 05:02:21.203 1998 1998 I sysui_multi_action: [757,111,758,1]
11-11 05:02:21.204 1998 1998 I sysui_multi_action: [757,126,758,1,759,126,927,0,928,1,1593,1]
11-11 05:02:21.204 1998 1998 I sysui_multi_action: [757,113,758,1,759,113,927,1,928,1,1593,1]
11-11 05:02:21.204 1998 1998 I sysui_multi_action: [757,0,758,1,759,0,927,2,928,0,1593,1]
11-11 05:02:21.204 1998 1998 I sysui_multi_action: [757,0,758,1,759,0,927,3,928,0,1593,1]
11-11 05:02:21.215 1514 1901 I GameModeConfig: isGameModeOn = false
11-11 05:02:21.215 1514 1901 I GameModeConfig: isGameModeOn = false
11-11 05:02:21.215 1514 1901 I GameModeConfig: isGameModeOn = false
11-11 05:02:21.215 1514 1901 I GameModeConfig: isGameModeOn = false
11-11 05:02:21.216 1998 1998 I sysui_multi_action: [757,111,758,2]
11-11 05:02:21.216 1998 1998 I sysui_multi_action: [757,111,758,2]
11-11 05:02:21.216 1514 1514 I notification_enqueue: [10082,1998,com.android.systemui,2048,NULL,0,Notification(channel=updateNotification shortcut=null contentView=null vibrate=null sound=null defaults=0x0 flags=0x0 color=0x00000000 vis=PRIVATE),1]
11-11 05:02:21.218 1998 1998 I sysui_multi_action: [757,111,758,1]
11-11 05:02:21.218 1998 1998 I sysui_multi_action: [757,126,758,1,759,126,927,0,928,1,1593,1]
11-11 05:02:21.218 1998 1998 I sysui_multi_action: [757,113,758,1,759,113,927,1,928,1,1593,1]
11-11 05:02:21.218 1998 1998 I sysui_multi_action: [757,0,758,1,759,0,927,2,928,0,1593,1]
11-11 05:02:21.218 1998 1998 I sysui_multi_action: [757,0,758,1,759,0,927,3,928,0,1593,1]
11-11 05:02:21.218 1998 1998 I sysui_multi_action: [757,491,758,1,759,491,927,4,928,0,1311,-1,1593,0]
11-11 05:02:21.219 1998 1998 I sysui_multi_action: [757,0,758,1,759,0,927,5,928,0,1593,0]
11-11 05:02:21.219 1998 1998 I sysui_multi_action: [757,111,758,1]
11-11 05:02:21.219 1998 1998 I sysui_multi_action: [757,126,758,1,759,126,927,0,928,1,1593,1]
11-11 05:02:21.219 1998 1998 I sysui_multi_action: [757,113,758,1,759,113,927,1,928,1,1593,1]
11-11 05:02:21.219 1998 1998 I sysui_multi_action: [757,0,758,1,759,0,927,2,928,0,1593,1]
11-11 05:02:21.219 1998 1998 I sysui_multi_action: [757,0,758,1,759,0,927,3,928,0,1593,1]
11-11 05:02:21.231 1514 1901 I GameModeConfig: isGameModeOn = false
11-11 05:02:21.231 1514 1901 I GameModeConfig: isGameModeOn = false
11-11 05:02:21.232 1514 1901 I GameModeConfig: isGameModeOn = false
11-11 05:02:21.232 1514 1901 I GameModeConfig: isGameModeOn = false
11-11 05:02:21.233 1998 1998 I sysui_multi_action: [757,111,758,2]
11-11 05:02:21.233 1998 1998 I sysui_multi_action: [757,111,758,2]
11-11 05:02:21.233 1514 1514 I notification_enqueue: [10082,1998,com.android.systemui,2048,NULL,0,Notification(channel=updateNotification shortcut=null contentView=null vibrate=null sound=null defaults=0x0 flags=0x0 color=0x00000000 vis=PRIVATE),1]
11-11 05:02:21.235 1998 1998 I sysui_multi_action: [757,111,758,1]
11-11 05:02:21.235 1998 1998 I sysui_multi_action: [757,126,758,1,759,126,927,0,928,1,1593,1]
11-11 05:02:21.235 1998 1998 I sysui_multi_action: [757,113,758,1,759,113,927,1,928,1,1593,1]
11-11 05:02:21.235 1998 1998 I sysui_multi_action: [757,0,758,1,759,0,927,2,928,0,1593,1]
11-11 05:02:21.235 1998 1998 I sysui_multi_action: [757,0,758,1,759,0,927,3,928,0,1593,1]
11-11 05:02:21.235 1998 1998 I sysui_multi_action: [757,491,758,1,759,491,927,4,928,0,1311,-1,1593,0]
11-11 05:02:21.236 1998 1998 I sysui_multi_action: [757,0,758,1,759,0,927,5,928,0,1593,0]
11-11 05:02:21.236 1998 1998 I sysui_multi_action: [757,111,758,1]
11-11 05:02:21.236 1998 1998 I sysui_multi_action: [757,126,758,1,759,126,927,0,928,1,1593,1]
11-11 05:02:21.236 1998 1998 I sysui_multi_action: [757,113,758,1,759,113,927,1,928,1,1593,1]
11-11 05:02:21.236 1998 1998 I sysui_multi_action: [757,0,758,1,759,0,927,2,928,0,1593,1]
11-11 05:02:21.236 1998 1998 I sysui_multi_action: [757,0,758,1,759,0,927,3,928,0,1593,1]
11-11 05:02:21.249 1514 1901 I GameModeConfig: isGameModeOn = false
11-11 05:02:21.249 1998 1998 I sysui_multi_action: [757,111,758,2]
11-11 05:02:21.249 1514 1901 I GameModeConfig: isGameModeOn = false
11-11 05:02:21.249 1998 1998 I sysui_multi_action: [757,111,758,2]
11-11 05:02:21.249 1514 1901 I GameModeConfig: isGameModeOn = false
11-11 05:02:21.251 1514 1901 I GameModeConfig: isGameModeOn = false
11-11 05:02:21.251 1514 1514 I notification_enqueue: [10082,1998,com.android.systemui,2048,NULL,0,Notification(channel=updateNotification shortcut=null contentView=null vibrate=null sound=null defaults=0x0 flags=0x0 color=0x00000000 vis=PRIVATE),1]
11-11 05:02:21.251 1998 1998 I sysui_multi_action: [757,111,758,1]
11-11 05:02:21.251 1998 1998 I sysui_multi_action: [757,126,758,1,759,126,927,0,928,1,1593,0]
11-11 05:02:21.251 1998 1998 I sysui_multi_action: [757,113,758,1,759,113,927,1,928,1,1593,0]
11-11 05:02:21.251 1998 1998 I sysui_multi_action: [757,0,758,1,759,0,927,2,928,0,1593,0]
11-11 05:02:21.251 1998 1998 I sysui_multi_action: [757,0,758,1,759,0,927,3,928,0,1593,0]
11-11 05:02:21.252 1998 1998 I sysui_multi_action: [757,491,758,1,759,491,927,4,928,0,1311,-1,1593,0]
11-11 05:02:21.252 1998 1998 I sysui_multi_action: [757,0,758,1,759,0,927,5,928,0,1593,0]
11-11 05:02:21.252 1998 1998 I sysui_multi_action: [757,111,758,1]
11-11 05:02:21.252 1998 1998 I sysui_multi_action: [757,126,758,1,759,126,927,0,928,1,1593,1]
11-11 05:02:21.252 1998 1998 I sysui_multi_action: [757,113,758,1,759,113,927,1,928,1,1593,1]
11-11 05:02:21.252 1998 1998 I sysui_multi_action: [757,0,758,1,759,0,927,2,928,0,1593,1]
11-11 05:02:21.252 1998 1998 I sysui_multi_action: [757,0,758,1,759,0,927,3,928,0,1593,1]
11-11 05:02:21.265 1514 1901 I GameModeConfig: isGameModeOn = false
11-11 05:02:21.265 1514 1901 I GameModeConfig: isGameModeOn = false
11-11 05:02:21.265 1514 1901 I GameModeConfig: isGameModeOn = false
11-11 05:02:21.266 1514 1901 I GameModeConfig: isGameModeOn = false
11-11 05:02:21.266 1998 1998 I sysui_multi_action: [757,111,758,2]
11-11 05:02:21.267 1514 1514 I notification_enqueue: [10082,1998,com.android.systemui,2048,NULL,0,Notification(channel=updateNotification shortcut=null contentView=null vibrate=null sound=null defaults=0x0 flags=0x0 color=0x00000000 vis=PRIVATE),1]
11-11 05:02:21.267 1998 1998 I sysui_multi_action: [757,111,758,2]
11-11 05:02:21.269 1998 1998 I sysui_multi_action: [757,111,758,1]
11-11 05:02:21.270 1998 1998 I sysui_multi_action: [757,126,758,1,759,126,927,0,928,1,1593,1]
11-11 05:02:21.270 1998 1998 I sysui_multi_action: [757,113,758,1,759,113,927,1,928,1,1593,1]
11-11 05:02:21.270 1998 1998 I sysui_multi_action: [757,0,758,1,759,0,927,2,928,0,1593,1]
11-11 05:02:21.270 1998 1998 I sysui_multi_action: [757,0,758,1,759,0,927,3,928,0,1593,1]
11-11 05:02:21.270 1998 1998 I sysui_multi_action: [757,491,758,1,759,491,927,4,928,0,1311,-1,1593,0]
11-11 05:02:21.270 1998 1998 I sysui_multi_action: [757,0,758,1,759,0,927,5,928,0,1593,0]
11-11 05:02:21.270 1998 1998 I sysui_multi_action: [757,111,758,1]
11-11 05:02:21.270 1998 1998 I sysui_multi_action: [757,126,758,1,759,126,927,0,928,1,1593,1]
11-11 05:02:21.271 1998 1998 I sysui_multi_action: [757,113,758,1,759,113,927,1,928,1,1593,1]
11-11 05:02:21.271 1998 1998 I sysui_multi_action: [757,0,758,1,759,0,927,2,928,0,1593,1]
11-11 05:02:21.271 1998 1998 I sysui_multi_action: [757,0,758,1,759,0,927,3,928,0,1593,1]
11-11 05:02:21.281 1514 1901 I GameModeConfig: isGameModeOn = false
11-11 05:02:21.282 1514 1901 I GameModeConfig: isGameModeOn = false
11-11 05:02:21.282 1514 1901 I GameModeConfig: isGameModeOn = false
11-11 05:02:21.282 1514 1901 I GameModeConfig: isGameModeOn = false
11-11 05:02:21.283 1998 1998 I sysui_multi_action: [757,111,758,2]
11-11 05:02:21.283 1514 1514 I notification_enqueue: [10082,1998,com.android.systemui,2048,NULL,0,Notification(channel=updateNotification shortcut=null contentView=null vibrate=null sound=null defaults=0x0 flags=0x0 color=0x00000000 vis=PRIVATE),1]
11-11 05:02:21.283 1998 1998 I sysui_multi_action: [757,111,758,2]
11-11 05:02:21.286 1998 1998 I sysui_multi_action: [757,111,758,1]
11-11 05:02:21.286 1998 1998 I sysui_multi_action: [757,126,758,1,759,126,927,0,928,1,1593,1]
11-11 05:02:21.286 1998 1998 I sysui_multi_action: [757,113,758,1,759,113,927,1,928,1,1593,1]
11-11 05:02:21.286 1998 1998 I sysui_multi_action: [757,0,758,1,759,0,927,2,928,0,1593,1]
11-11 05:02:21.286 1998 1998 I sysui_multi_action: [757,0,758,1,759,0,927,3,928,0,1593,1]
11-11 05:02:21.287 1998 1998 I sysui_multi_action: [757,491,758,1,759,491,927,4,928,0,1311,-1,1593,0]
11-11 05:02:21.287 1998 1998 I sysui_multi_action: [757,0,758,1,759,0,927,5,928,0,1593,0]
11-11 05:02:21.287 1998 1998 I sysui_multi_action: [757,111,758,1]
11-11 05:02:21.287 1998 1998 I sysui_multi_action: [757,126,758,1,759,126,927,0,928,1,1593,1]
11-11 05:02:21.287 1998 1998 I sysui_multi_action: [757,113,758,1,759,113,927,1,928,1,1593,1]
11-11 05:02:21.287 1998 1998 I sysui_multi_action: [757,0,758,1,759,0,927,2,928,0,1593,1]
11-11 05:02:21.287 1998 1998 I sysui_multi_action: [757,0,758,1,759,0,927,3,928,0,1593,1]
11-11 05:02:21.298 1514 1901 I GameModeConfig: isGameModeOn = false
11-11 05:02:21.298 1514 1901 I GameModeConfig: isGameModeOn = false
11-11 05:02:21.298 1514 1901 I GameModeConfig: isGameModeOn = false
11-11 05:02:21.298 1514 1901 I GameModeConfig: isGameModeOn = false
11-11 05:02:21.299 1998 1998 I sysui_multi_action: [757,111,758,2]
11-11 05:02:21.299 1514 1514 I notification_enqueue: [10082,1998,com.android.systemui,2048,NULL,0,Notification(channel=updateNotification shortcut=null contentView=null vibrate=null sound=null defaults=0x0 flags=0x0 color=0x00000000 vis=PRIVATE),1]
11-11 05:02:21.299 1998 1998 I sysui_multi_action: [757,111,758,2]
11-11 05:02:21.302 1998 1998 I sysui_multi_action: [757,111,758,1]
11-11 05:02:21.303 1998 1998 I sysui_multi_action: [757,126,758,1,759,126,927,0,928,1,1593,1]
11-11 05:02:21.303 1998 1998 I sysui_multi_action: [757,113,758,1,759,113,927,1,928,1,1593,1]
11-11 05:02:21.303 1998 1998 I sysui_multi_action: [757,0,758,1,759,0,927,2,928,0,1593,1]
11-11 05:02:21.303 1998 1998 I sysui_multi_action: [757,0,758,1,759,0,927,3,928,0,1593,1]
11-11 05:02:21.303 1998 1998 I sysui_multi_action: [757,491,758,1,759,491,927,4,928,0,1311,-1,1593,0]
11-11 05:02:21.303 1998 1998 I sysui_multi_action: [757,0,758,1,759,0,927,5,928,0,1593,0]
11-11 05:02:21.303 1998 1998 I sysui_multi_action: [757,111,758,1]
11-11 05:02:21.303 1998 1998 I sysui_multi_action: [757,126,758,1,759,126,927,0,928,1,1593,1]
11-11 05:02:21.303 1998 1998 I sysui_multi_action: [757,113,758,1,759,113,927,1,928,1,1593,1]
11-11 05:02:21.304 1998 1998 I sysui_multi_action: [757,0,758,1,759,0,927,2,928,0,1593,1]
11-11 05:02:21.304 1998 1998 I sysui_multi_action: [757,0,758,1,759,0,927,3,928,0,1593,1]
11-11 05:02:21.315 1514 1901 I GameModeConfig: isGameModeOn = false
11-11 05:02:21.315 1514 1901 I GameModeConfig: isGameModeOn = false
11-11 05:02:21.315 1514 1901 I GameModeConfig: isGameModeOn = false
11-11 05:02:21.315 1514 1901 I GameModeConfig: isGameModeOn = false
11-11 05:02:21.315 1998 1998 I sysui_multi_action: [757,111,758,2]
11-11 05:02:21.316 1514 1514 I notification_enqueue: [10082,1998,com.android.systemui,2048,NULL,0,Notification(channel=updateNotification shortcut=null contentView=null vibrate=null sound=null defaults=0x0 flags=0x0 color=0x00000000 vis=PRIVATE),1]
11-11 05:02:21.316 1998 1998 I sysui_multi_action: [757,111,758,2]
11-11 05:02:21.319 1998 1998 I sysui_multi_action: [757,111,758,1]
11-11 05:02:21.319 1998 1998 I sysui_multi_action: [757,126,758,1,759,126,927,0,928,1,1593,1]
11-11 05:02:21.319 1998 1998 I sysui_multi_action: [757,113,758,1,759,113,927,1,928,1,1593,1]
11-11 05:02:21.319 1998 1998 I sysui_multi_action: [757,0,758,1,759,0,927,2,928,0,1593,1]
11-11 05:02:21.319 1998 1998 I sysui_multi_action: [757,0,758,1,759,0,927,3,928,0,1593,1]
11-11 05:02:21.319 1998 1998 I sysui_multi_action: [757,491,758,1,759,491,927,4,928,0,1311,-1,1593,0]
11-11 05:02:21.319 1998 1998 I sysui_multi_action: [757,0,758,1,759,0,927,5,928,0,1593,0]
11-11 05:02:21.320 1998 1998 I sysui_multi_action: [757,111,758,1]
11-11 05:02:21.320 1998 1998 I sysui_multi_action: [757,126,758,1,759,126,927,0,928,1,1593,1]
11-11 05:02:21.320 1998 1998 I sysui_multi_action: [757,113,758,1,759,113,927,1,928,1,1593,1]
11-11 05:02:21.320 1998 1998 I sysui_multi_action: [757,0,758,1,759,0,927,2,928,0,1593,1]
11-11 05:02:21.320 1998 1998 I sysui_multi_action: [757,0,758,1,759,0,927,3,928,0,1593,1]
11-11 05:02:21.331 1514 1901 I GameModeConfig: isGameModeOn = false
11-11 05:02:21.331 1514 1901 I GameModeConfig: isGameModeOn = false
11-11 05:02:21.332 1514 1901 I GameModeConfig: isGameModeOn = false
11-11 05:02:21.332 1514 1901 I GameModeConfig: isGameModeOn = false
11-11 05:02:21.332 1998 1998 I sysui_multi_action: [757,111,758,2]
11-11 05:02:21.332 1998 1998 I sysui_multi_action: [757,111,758,2]
11-11 05:02:21.333 1514 1514 I notification_enqueue: [10082,1998,com.android.systemui,2048,NULL,0,Notification(channel=updateNotification shortcut=null contentView=null vibrate=null sound=null defaults=0x0 flags=0x0 color=0x00000000 vis=PRIVATE),1]
11-11 05:02:21.335 1998 1998 I sysui_multi_action: [757,111,758,1]
11-11 05:02:21.335 1998 1998 I sysui_multi_action: [757,126,758,1,759,126,927,0,928,1,1593,1]
11-11 05:02:21.335 1998 1998 I sysui_multi_action: [757,113,758,1,759,113,927,1,928,1,1593,1]
11-11 05:02:21.335 1998 1998 I sysui_multi_action: [757,0,758,1,759,0,927,2,928,0,1593,1]
11-11 05:02:21.335 1998 1998 I sysui_multi_action: [757,0,758,1,759,0,927,3,928,0,1593,1]
11-11 05:02:21.335 1998 1998 I sysui_multi_action: [757,491,758,1,759,491,927,4,928,0,1311,-1,1593,0]
11-11 05:02:21.336 1998 1998 I sysui_multi_action: [757,0,758,1,759,0,927,5,928,0,1593,0]
11-11 05:02:21.336 1998 1998 I sysui_multi_action: [757,111,758,1]
11-11 05:02:21.336 1998 1998 I sysui_multi_action: [757,126,758,1,759,126,927,0,928,1,1593,1]
11-11 05:02:21.336 1998 1998 I sysui_multi_action: [757,113,758,1,759,113,927,1,928,1,1593,1]
11-11 05:02:21.336 1998 1998 I sysui_multi_action: [757,0,758,1,759,0,927,2,928,0,1593,1]
11-11 05:02:21.336 1998 1998 I sysui_multi_action: [757,0,758,1,759,0,927,3,928,0,1593,1]
11-11 05:02:21.348 1514 1901 I GameModeConfig: isGameModeOn = false
11-11 05:02:21.348 1514 1901 I GameModeConfig: isGameModeOn = false
11-11 05:02:21.348 1514 1901 I GameModeConfig: isGameModeOn = false
11-11 05:02:21.349 1514 1901 I GameModeConfig: isGameModeOn = false
11-11 05:02:21.349 1998 1998 I sysui_multi_action: [757,111,758,2]
11-11 05:02:21.349 1514 1514 I notification_enqueue: [10082,1998,com.android.systemui,2048,NULL,0,Notification(channel=updateNotification shortcut=null contentView=null vibrate=null sound=null defaults=0x0 flags=0x0 color=0x00000000 vis=PRIVATE),1]
11-11 05:02:21.349 1998 1998 I sysui_multi_action: [757,111,758,2]
11-11 05:02:21.353 1998 1998 I sysui_multi_action: [757,111,758,1]
11-11 05:02:21.353 1998 1998 I sysui_multi_action: [757,126,758,1,759,126,927,0,928,1,1593,1]
11-11 05:02:21.353 1998 1998 I sysui_multi_action: [757,113,758,1,759,113,927,1,928,1,1593,1]
11-11 05:02:21.353 1998 1998 I sysui_multi_action: [757,0,758,1,759,0,927,2,928,0,1593,1]
11-11 05:02:21.353 1998 1998 I sysui_multi_action: [757,0,758,1,759,0,927,3,928,0,1593,1]
11-11 05:02:21.353 1998 1998 I sysui_multi_action: [757,491,758,1,759,491,927,4,928,0,1311,-1,1593,0]
11-11 05:02:21.354 1998 1998 I sysui_multi_action: [757,0,758,1,759,0,927,5,928,0,1593,0]
11-11 05:02:21.354 1998 1998 I sysui_multi_action: [757,111,758,1]
11-11 05:02:21.354 1998 1998 I sysui_multi_action: [757,126,758,1,759,126,927,0,928,1,1593,1]
11-11 05:02:21.354 1998 1998 I sysui_multi_action: [757,113,758,1,759,113,927,1,928,1,1593,1]
11-11 05:02:21.354 1998 1998 I sysui_multi_action: [757,0,758,1,759,0,927,2,928,0,1593,1]
11-11 05:02:21.354 1998 1998 I sysui_multi_action: [757,0,758,1,759,0,927,3,928,0,1593,1]
11-11 05:02:21.355 1514 1514 I GameModeConfig: isGameModeOn = false
11-11 05:02:21.356 1514 1514 I sysui_multi_action: [757,1501,758,1,793,935476,794,0,795,207,796,2048,806,com.android.systemui,857,updateNotification,858,3,947,0,1500,0,1688,1]
11-11 05:02:21.356 1514 1514 I sysui_multi_action: [757,804,799,note_interruptive,801,0,802,1]
11-11 05:02:21.356 1514 1514 I sysui_multi_action: [757,199,758,1,759,2,793,935476,794,0,795,207,796,2048,806,com.android.systemui,857,updateNotification,858,3,947,0,1500,0,1688,1]
11-11 05:02:21.356 1514 1514 I notification_alert: [0|com.android.systemui|2048|null|10082,0,1,0]
11-11 05:02:21.358 1514 1514 W NotificationHistory: Attempted to add notif for locked/gone/disabled user 0
11-11 05:02:21.365 1514 1901 I GameModeConfig: isGameModeOn = false
11-11 05:02:21.365 1514 1901 I GameModeConfig: isGameModeOn = false
11-11 05:02:21.365 1514 1901 I GameModeConfig: isGameModeOn = false
11-11 05:02:21.365 1514 1901 I GameModeConfig: isGameModeOn = false
11-11 05:02:21.366 1998 1998 I sysui_multi_action: [757,111,758,2]
11-11 05:02:21.366 1998 1998 I sysui_multi_action: [757,111,758,2]
11-11 05:02:21.366 1514 1514 I notification_enqueue: [10082,1998,com.android.systemui,2048,NULL,0,Notification(channel=updateNotification shortcut=null contentView=null vibrate=null sound=null defaults=0x0 flags=0x0 color=0x00000000 vis=PRIVATE),1]
11-11 05:02:21.368 1998 1998 I sysui_multi_action: [757,111,758,1]
11-11 05:02:21.369 1998 1998 I sysui_multi_action: [757,126,758,1,759,126,927,0,928,1,1593,0]
11-11 05:02:21.369 1998 1998 I sysui_multi_action: [757,113,758,1,759,113,927,1,928,1,1593,0]
11-11 05:02:21.369 1998 1998 I sysui_multi_action: [757,0,758,1,759,0,927,2,928,0,1593,0]
11-11 05:02:21.369 1998 1998 I sysui_multi_action: [757,0,758,1,759,0,927,3,928,0,1593,0]
11-11 05:02:21.369 1998 1998 I sysui_multi_action: [757,491,758,1,759,491,927,4,928,0,1311,-1,1593,0]
11-11 05:02:21.369 1998 1998 I sysui_multi_action: [757,0,758,1,759,0,927,5,928,0,1593,0]
11-11 05:02:21.369 1998 1998 I sysui_multi_action: [757,111,758,1]
11-11 05:02:21.369 1998 1998 I sysui_multi_action: [757,126,758,1,759,126,927,0,928,1,1593,1]
11-11 05:02:21.369 1998 1998 I sysui_multi_action: [757,113,758,1,759,113,927,1,928,1,1593,1]
11-11 05:02:21.369 1998 1998 I sysui_multi_action: [757,0,758,1,759,0,927,2,928,0,1593,1]
11-11 05:02:21.369 1998 1998 I sysui_multi_action: [757,0,758,1,759,0,927,3,928,0,1593,1]
11-11 05:02:21.382 1514 1901 I GameModeConfig: isGameModeOn = false
11-11 05:02:21.382 1514 1901 I GameModeConfig: isGameModeOn = false
11-11 05:02:21.382 1514 1901 I GameModeConfig: isGameModeOn = false
11-11 05:02:21.382 1514 1901 I GameModeConfig: isGameModeOn = false
11-11 05:02:21.383 1998 1998 I sysui_multi_action: [757,111,758,2]
11-11 05:02:21.383 1514 1514 I notification_enqueue: [10082,1998,com.android.systemui,2048,NULL,0,Notification(channel=updateNotification shortcut=null contentView=null vibrate=null sound=null defaults=0x0 flags=0x0 color=0x00000000 vis=PRIVATE),1]
11-11 05:02:21.383 1998 1998 I sysui_multi_action: [757,111,758,2]
11-11 05:02:21.384 1514 1514 I GameModeConfig: isGameModeOn = false
11-11 05:02:21.384 1514 1514 E NotificationService: Muting recently noisy 0|com.android.systemui|2048|null|10082
11-11 05:02:21.392 1514 1596 I input_focus: [Focus request eea03e8 com.android.launcher3/com.android.launcher3.uioverrides.QuickstepLauncher,reason=UpdateInputWindows]
11-11 05:02:21.393 1998 1998 I sysui_multi_action: [757,111,758,1]
11-11 05:02:21.393 1998 1998 I sysui_multi_action: [757,126,758,1,759,126,927,0,928,1,1593,1]
11-11 05:02:21.393 1998 1998 I sysui_multi_action: [757,113,758,1,759,113,927,1,928,1,1593,1]
11-11 05:02:21.393 1998 1998 I sysui_multi_action: [757,0,758,1,759,0,927,2,928,0,1593,1]
11-11 05:02:21.393 1998 1998 I sysui_multi_action: [757,0,758,1,759,0,927,3,928,0,1593,1]
11-11 05:02:21.394 1998 1998 I sysui_multi_action: [757,491,758,1,759,491,927,4,928,0,1311,-1,1593,0]
11-11 05:02:21.394 1998 1998 I sysui_multi_action: [757,0,758,1,759,0,927,5,928,0,1593,0]
11-11 05:02:21.394 1998 1998 I sysui_multi_action: [757,111,758,1]
11-11 05:02:21.394 1998 1998 I sysui_multi_action: [757,126,758,1,759,126,927,0,928,1,1593,1]
11-11 05:02:21.394 1998 1998 I sysui_multi_action: [757,113,758,1,759,113,927,1,928,1,1593,1]
11-11 05:02:21.395 1998 1998 I sysui_multi_action: [757,0,758,1,759,0,927,2,928,0,1593,1]
11-11 05:02:21.395 1998 1998 I sysui_multi_action: [757,0,758,1,759,0,927,3,928,0,1593,1]
11-11 05:02:21.401 1514 1514 I GameModeConfig: isGameModeOn = false
11-11 05:02:21.401 1514 1514 E NotificationService: Muting recently noisy 0|com.android.systemui|2048|null|10082
11-11 05:02:21.403 1514 1901 I GameModeConfig: isGameModeOn = false
11-11 05:02:21.403 1514 1901 I GameModeConfig: isGameModeOn = false
11-11 05:02:21.403 1514 1901 I GameModeConfig: isGameModeOn = false
11-11 05:02:21.403 1514 1901 I GameModeConfig: isGameModeOn = false
11-11 05:02:21.403 1998 1998 I sysui_multi_action: [757,111,758,2]
11-11 05:02:21.404 1514 1514 I notification_enqueue: [10082,1998,com.android.systemui,2048,NULL,0,Notification(channel=updateNotification shortcut=null contentView=null vibrate=null sound=null defaults=0x0 flags=0x0 color=0x00000000 vis=PRIVATE),1]
11-11 05:02:21.404 1998 1998 I sysui_multi_action: [757,111,758,2]
11-11 05:02:21.399 330 330 I auditd : type=1400 audit(0.0:1219): avc: denied { kill } for comm="kworker/u16:9" capability=5 scontext=u:r:kernel:s0 tcontext=u:r:kernel:s0 tclass=capability permissive=0
11-11 05:02:21.410 1514 8092 I sysui_multi_action: [757,128,758,2,793,945634,794,19067,795,945634,796,26,798,0,806,android,857,DEVELOPER_IMPORTANT,858,4,947,0,1395,2,1500,945077,1688,1]
11-11 05:02:21.410 1514 8092 I notification_visibility: [-1|android|26|null|1000,0,945634,945634,0,0]
11-11 05:02:21.410 1514 8092 I sysui_multi_action: [757,128,758,2,793,946152,794,19066,795,946152,796,32,798,1,806,android,857,USB,858,1,947,0,1395,2,1500,945872,1688,1]
11-11 05:02:21.410 1514 8092 I notification_visibility: [-1|android|32|null|1000,0,946152,946152,0,1]
11-11 05:02:21.411 1514 8092 I sysui_multi_action: [757,127,758,2]
11-11 05:02:21.411 1514 8092 I notification_panel_hidden:
11-11 05:02:21.414 1998 1998 I sysui_multi_action: [757,111,758,1]
11-11 05:02:21.414 1998 1998 I sysui_multi_action: [757,126,758,1,759,126,927,0,928,1,1593,1]
11-11 05:02:21.414 1998 1998 I sysui_multi_action: [757,113,758,1,759,113,927,1,928,1,1593,1]
11-11 05:02:21.415 1998 1998 I sysui_multi_action: [757,0,758,1,759,0,927,2,928,0,1593,1]
11-11 05:02:21.415 1998 1998 I sysui_multi_action: [757,0,758,1,759,0,927,3,928,0,1593,1]
11-11 05:02:21.415 1998 1998 I sysui_multi_action: [757,491,758,1,759,491,927,4,928,0,1311,-1,1593,0]
11-11 05:02:21.415 1998 1998 I sysui_multi_action: [757,0,758,1,759,0,927,5,928,0,1593,0]
11-11 05:02:21.415 1998 1998 I sysui_multi_action: [757,111,758,1]
11-11 05:02:21.415 1998 1998 I sysui_multi_action: [757,126,758,1,759,126,927,0,928,1,1593,1]
11-11 05:02:21.415 1998 1998 I sysui_multi_action: [757,113,758,1,759,113,927,1,928,1,1593,1]
11-11 05:02:21.415 1998 1998 I sysui_multi_action: [757,0,758,1,759,0,927,2,928,0,1593,1]
11-11 05:02:21.415 1998 1998 I sysui_multi_action: [757,0,758,1,759,0,927,3,928,0,1593,1]
11-11 05:02:21.421 1514 1770 I input_focus: [Focus leaving 8c6f483 NotificationShade (server),reason=NO_WINDOW]
11-11 05:02:21.421 1514 1770 I input_focus: [Focus entering eea03e8 com.android.launcher3/com.android.launcher3.uioverrides.QuickstepLauncher (server),reason=setFocusedWindow]
11-11 05:02:21.425 1514 1514 I GameModeConfig: isGameModeOn = false
11-11 05:02:21.427 1514 1514 E NotificationService: Muting recently noisy 0|com.android.systemui|2048|null|10082
11-11 05:02:21.434 1514 1514 I GameModeConfig: isGameModeOn = false
11-11 05:02:21.435 1514 1514 E NotificationService: Muting recently noisy 0|com.android.systemui|2048|null|10082
11-11 05:02:21.453 1514 1514 I GameModeConfig: isGameModeOn = false
11-11 05:02:21.453 1514 1514 E NotificationService: Muting recently noisy 0|com.android.systemui|2048|null|10082
11-11 05:02:21.468 1514 1514 I GameModeConfig: isGameModeOn = false
11-11 05:02:21.468 1514 1514 E NotificationService: Muting recently noisy 0|com.android.systemui|2048|null|10082
11-11 05:02:21.485 1514 1514 I GameModeConfig: isGameModeOn = false
11-11 05:02:21.486 1514 1514 E NotificationService: Muting recently noisy 0|com.android.systemui|2048|null|10082
11-11 05:02:21.500 1514 1514 I GameModeConfig: isGameModeOn = false
11-11 05:02:21.501 1514 1514 E NotificationService: Muting recently noisy 0|com.android.systemui|2048|null|10082
11-11 05:02:21.516 1514 1514 I GameModeConfig: isGameModeOn = false
11-11 05:02:21.517 1514 1514 E NotificationService: Muting recently noisy 0|com.android.systemui|2048|null|10082
11-11 05:02:21.534 1514 1514 I GameModeConfig: isGameModeOn = false
11-11 05:02:21.534 1514 1514 E NotificationService: Muting recently noisy 0|com.android.systemui|2048|null|10082
11-11 05:02:21.551 1514 1514 I GameModeConfig: isGameModeOn = false
11-11 05:02:21.551 1514 1514 E NotificationService: Muting recently noisy 0|com.android.systemui|2048|null|10082
11-11 05:02:21.569 1514 1514 I GameModeConfig: isGameModeOn = false
11-11 05:02:21.569 1514 1514 E NotificationService: Muting recently noisy 0|com.android.systemui|2048|null|10082
11-11 05:02:21.585 1514 1514 I GameModeConfig: isGameModeOn = false
11-11 05:02:21.585 1514 1514 E NotificationService: Muting recently noisy 0|com.android.systemui|2048|null|10082
11-11 05:02:21.609 1514 1514 I GameModeConfig: isGameModeOn = false
11-11 05:02:21.609 1514 1514 E NotificationService: Muting recently noisy 0|com.android.systemui|2048|null|10082
11-11 05:02:21.707 1514 1770 I input_interaction: Interaction with: eea03e8 com.android.launcher3/com.android.launcher3.uioverrides.QuickstepLauncher (server), 8068647 com.android.systemui.ImageWallpaper (server), edge-swipe (server), swipe-up (server), PointerEventDispatcher0 (server),
