11-11 05:23:07.861 1514 2072 I wm_set_resumed_activity: [0,com.android.launcher3/.uioverrides.QuickstepLauncher,resumeTopActivityInnerLocked]
11-11 05:23:07.869 1514 2072 I wm_resume_activity: [0,157690489,40,com.android.launcher3/.uioverrides.QuickstepLauncher]
11-11 05:23:07.870 2503 2503 I wm_on_resume_called: [157690489,com.android.launcher3.uioverrides.QuickstepLauncher,RESUME_ACTIVITY]
11-11 05:23:07.877 1514 1596 I input_focus: [Focus request eea03e8 com.android.launcher3/com.android.launcher3.uioverrides.QuickstepLauncher,reason=UpdateInputWindows]
11-11 05:23:07.881 2503 2503 I wm_on_top_resumed_gained_called: [157690489,com.android.launcher3.uioverrides.QuickstepLauncher,topStateChangedWhenResumed]
11-11 05:23:07.883 1514 1595 I wm_stop_activity: [0,178444817,com.android.gallery3d/.app.MovieActivity]
11-11 05:23:07.885 1514 1595 I sysui_multi_action: [757,803,799,window_time_0,802,4]
11-11 05:23:07.885 1514 1595 I sysui_multi_action: [757,803,799,window_time_0,802,0]
11-11 05:23:07.896 1514 1770 I input_focus: [Focus leaving recents_animation_input_consumer (server),reason=NOT_VISIBLE]
11-11 05:23:07.896 1514 1770 I input_focus: [Focus entering eea03e8 com.android.launcher3/com.android.launcher3.uioverrides.QuickstepLauncher (server),reason=setFocusedWindow]
11-11 05:23:08.000 3685 3703 W ContextImpl: Calling a method in the system process without a qualified user: android.app.ContextImpl.startService:1816 android.content.ContextWrapper.startService:774 com.thundercomm.gamemode.ingame.services.GameModeActionUtils.startGameModeService:93 com.thundercomm.gamemode.ingame.services.GameModeActionUtils.startGameModeEntry:21 com.thundercomm.gamemode.ingame.services.ActivityMonitoringService$1.onActivityLaunch:126
11-11 05:23:08.001 9882 9882 I wm_on_paused_called: [178444817,com.android.gallery3d.app.MovieActivity,performPause]
11-11 05:23:08.007 1514 1514 I GameModeConfig: Current uri is uri = content://com.thundercomm.gamemode.api/gamemode_settings/gamemode_isgaming
11-11 05:23:08.011 1514 1514 I GameModeConfig: isGameModeOn = false
11-11 05:23:08.011 1514 1514 I GameModeConfig: isGameModeOn = false
11-11 05:23:08.011 1514 1514 I GameModeConfig: isDisableVoice = true
11-11 05:23:08.031 9882 9882 I wm_on_stop_called: [178444817,com.android.gallery3d.app.MovieActivity,STOP_ACTIVITY_ITEM]
11-11 05:23:08.051 3685 3703 W ContextImpl: Calling a method in the system process without a qualified user: android.app.ContextImpl.startService:1816 android.content.ContextWrapper.startService:774 com.thundercomm.gamemode.ingame.services.GameModeActionUtils.startGameModeService:93 com.thundercomm.gamemode.ingame.services.GameModeActionUtils.startGameModeEntry:21 com.thundercomm.gamemode.ingame.services.ActivityMonitoringService$1.onActivityLaunch:126
11-11 05:23:08.059 1514 1514 I GameModeConfig: Current uri is uri = content://com.thundercomm.gamemode.api/gamemode_settings/gamemode_isgaming
11-11 05:23:08.061 1514 1514 I GameModeConfig: isGameModeOn = false
11-11 05:23:08.061 1514 1514 I GameModeConfig: isGameModeOn = false
11-11 05:23:08.061 1514 1514 I GameModeConfig: isDisableVoice = true
11-11 05:23:08.399 0 0 I auditd : type=1400 audit(0.0:2667): avc: denied { kill } for comm="swapper/2" capability=5 scontext=u:r:kernel:s0 tcontext=u:r:kernel:s0 tclass=capability permissive=0
11-11 05:23:08.802 1156 9878 I iorapd : Perfetto TraceBuffer saved to file: /data/misc/iorapd/com.android.gallery3d/40030/com.android.gallery3d.app.MovieActivity/raw_traces/1668115388799631089.perfetto_trace.pb
11-11 05:23:09.399 0 0 I auditd : type=1400 audit(0.0:2668): avc: denied { kill } for comm="swapper/2" capability=5 scontext=u:r:kernel:s0 tcontext=u:r:kernel:s0 tclass=capability permissive=0
11-11 05:23:09.718 1514 1770 I input_interaction: Interaction with: eea03e8 com.android.launcher3/com.android.launcher3.uioverrides.QuickstepLauncher (server), 8068647 com.android.systemui.ImageWallpaper (server), edge-swipe (server), swipe-up (server), PointerEventDispatcher0 (server),
11-11 05:23:09.798 1514 2497 I ActivityTaskManager: START u0 {act=android.intent.action.MAIN cat=[android.intent.category.LAUNCHER] flg=0x10200000 cmp=com.android.music/.VideoBrowserActivity bnds=[2233,540][2408,723]} from uid 10079
11-11 05:23:09.801 1514 2497 I wm_task_moved: [70,1,7]
11-11 05:23:09.801 1514 2497 I wm_task_to_front: [0,70]
11-11 05:23:09.802 1514 2497 I wm_focused_root_task: [0,0,70,39,bringingFoundTaskToFront]
11-11 05:23:09.803 1514 2497 I wm_set_resumed_activity: [0,com.android.music/.VideoBrowserActivity,bringingFoundTaskToFront]
11-11 05:23:09.806 1514 2497 I wm_pause_activity: [0,157690489,com.android.launcher3/.uioverrides.QuickstepLauncher,userLeaving=true,pauseBackTasks]
11-11 05:23:09.819 2503 2503 I wm_on_top_resumed_lost_called: [157690489,com.android.launcher3.uioverrides.QuickstepLauncher,topStateChangedWhenResumed]
11-11 05:23:09.825 2503 2503 I wm_on_paused_called: [157690489,com.android.launcher3.uioverrides.QuickstepLauncher,performPause]
11-11 05:23:09.827 1514 7301 I ActivityTaskManager: FOREGROUND_APPLICATION_CHANGED to com.android.music.VideoBrowserActivity
11-11 05:23:09.829 1514 7301 I wm_set_resumed_activity: [0,com.android.music/.VideoBrowserActivity,resumeTopActivityInnerLocked]
11-11 05:23:09.829 1514 7301 I wm_add_to_stopping: [0,157690489,com.android.launcher3/.uioverrides.QuickstepLauncher,makeInvisible]
11-11 05:23:09.831 1514 7301 D CompatibilityChangeReporter: Compat change id reported: 174042980; UID 10086; state: DISABLED
11-11 05:23:09.831 1514 7301 D CompatibilityChangeReporter: Compat change id reported: 181136395; UID 10086; state: DISABLED
11-11 05:23:09.831 1514 7301 D CompatibilityChangeReporter: Compat change id reported: 174042936; UID 10086; state: DISABLED
11-11 05:23:09.832 1514 7301 D CompatibilityChangeReporter: Compat change id reported: 184838306; UID 10086; state: DISABLED
11-11 05:23:09.832 1514 7301 D CompatibilityChangeReporter: Compat change id reported: 185004937; UID 10086; state: DISABLED
11-11 05:23:09.833 1514 7301 I wm_resume_activity: [0,146893346,70,com.android.music/.VideoBrowserActivity]
11-11 05:23:09.852 9604 9604 I wm_on_restart_called: [146893346,com.android.music.VideoBrowserActivity,performRestartActivity]
11-11 05:23:09.852 9604 9604 I wm_on_start_called: [146893346,com.android.music.VideoBrowserActivity,handleStartActivity]
11-11 05:23:09.852 9604 9604 I wm_on_resume_called: [146893346,com.android.music.VideoBrowserActivity,RESUME_ACTIVITY]
11-11 05:23:09.852 9604 9604 I wm_on_top_resumed_gained_called: [146893346,com.android.music.VideoBrowserActivity,topWhenResuming]
11-11 05:23:09.855 1514 1595 I sysui_multi_action: [757,803,799,window_time_0,802,2]
11-11 05:23:09.863 3685 3703 W ContextImpl: Calling a method in the system process without a qualified user: android.app.ContextImpl.startService:1816 android.content.ContextWrapper.startService:774 com.thundercomm.gamemode.ingame.services.GameModeActionUtils.startGameModeService:93 com.thundercomm.gamemode.ingame.services.GameModeActionUtils.startGameModeEntry:21 com.thundercomm.gamemode.ingame.services.ActivityMonitoringService$1.onActivityLaunch:126
11-11 05:23:09.867 1514 1770 I input_focus: [Focus leaving eea03e8 com.android.launcher3/com.android.launcher3.uioverrides.QuickstepLauncher (server),reason=NO_WINDOW]
11-11 05:23:09.869 1514 1514 I GameModeConfig: Current uri is uri = content://com.thundercomm.gamemode.api/gamemode_settings/gamemode_isgaming
11-11 05:23:09.871 1514 1514 I GameModeConfig: isGameModeOn = false
11-11 05:23:09.871 1514 1514 I GameModeConfig: isGameModeOn = false
11-11 05:23:09.871 1514 1514 I GameModeConfig: isDisableVoice = true
11-11 05:23:09.875 1514 1596 I input_focus: [Focus request 89d2bf7 com.android.music/com.android.music.VideoBrowserActivity,reason=UpdateInputWindows]
11-11 05:23:09.894 1514 1592 I sysui_multi_action: [319,47,321,41,322,93,325,2205,757,761,758,9,759,4,806,com.android.music,871,com.android.music.VideoBrowserActivity,904,com.android.launcher3,905,0,1320,4,1321,1]
11-11 05:23:09.901 1514 1770 I input_focus: [Focus entering 89d2bf7 com.android.music/com.android.music.VideoBrowserActivity (server),reason=setFocusedWindow]
11-11 05:23:09.942 3685 3703 W ContextImpl: Calling a method in the system process without a qualified user: android.app.ContextImpl.startService:1816 android.content.ContextWrapper.startService:774 com.thundercomm.gamemode.ingame.services.GameModeActionUtils.startGameModeService:93 com.thundercomm.gamemode.ingame.services.GameModeActionUtils.startGameModeEntry:21 com.thundercomm.gamemode.ingame.services.ActivityMonitoringService$1.onActivityLaunch:126
11-11 05:23:09.948 1514 1514 I GameModeConfig: Current uri is uri = content://com.thundercomm.gamemode.api/gamemode_settings/gamemode_isgaming
11-11 05:23:09.951 1514 1514 I GameModeConfig: isGameModeOn = false
11-11 05:23:09.952 1514 1514 I GameModeConfig: isGameModeOn = false
11-11 05:23:09.952 1514 1514 I GameModeConfig: isDisableVoice = true
11-11 05:23:10.399 0 0 I auditd : type=1400 audit(0.0:2669): avc: denied { kill } for comm="swapper/2" capability=5 scontext=u:r:kernel:s0 tcontext=u:r:kernel:s0 tclass=capability permissive=0
11-11 05:23:10.451 1514 1595 I wm_stop_activity: [0,157690489,com.android.launcher3/.uioverrides.QuickstepLauncher]
11-11 05:23:10.483 2503 2503 I wm_on_stop_called: [157690489,com.android.launcher3.uioverrides.QuickstepLauncher,STOP_ACTIVITY_ITEM]
11-11 05:23:10.494 3685 3703 W ContextImpl: Calling a method in the system process without a qualified user: android.app.ContextImpl.startService:1816 android.content.ContextWrapper.startService:774 com.thundercomm.gamemode.ingame.services.GameModeActionUtils.startGameModeService:93 com.thundercomm.gamemode.ingame.services.GameModeActionUtils.startGameModeEntry:21 com.thundercomm.gamemode.ingame.services.ActivityMonitoringService$1.onActivityLaunch:126
11-11 05:23:10.498 1514 1514 I GameModeConfig: Current uri is uri = content://com.thundercomm.gamemode.api/gamemode_settings/gamemode_isgaming
11-11 05:23:10.501 1514 1514 I GameModeConfig: isGameModeOn = false
11-11 05:23:10.502 1514 1514 I GameModeConfig: isGameModeOn = false
11-11 05:23:10.502 1514 1514 I GameModeConfig: isDisableVoice = true
11-11 05:23:10.984 1514 1770 I input_interaction: Interaction with: 89d2bf7 com.android.music/com.android.music.VideoBrowserActivity (server), edge-swipe (server), swipe-up (server), PointerEventDispatcher0 (server),
11-11 05:23:11.164 1514 1754 I ActivityTaskManager: START u0 {act=android.intent.action.VIEW dat=content://media/external/video/media/20 typ=video/mp4 cmp=com.android.gallery3d/.app.MovieActivity (has extras)} from uid 10086
11-11 05:23:11.168 1514 1754 D CompatibilityChangeReporter: Compat change id reported: 174042980; UID 10068; state: DISABLED
11-11 05:23:11.169 1514 1754 D CompatibilityChangeReporter: Compat change id reported: 184838306; UID 10068; state: DISABLED
11-11 05:23:11.170 1514 1754 D CompatibilityChangeReporter: Compat change id reported: 185004937; UID 10068; state: DISABLED
11-11 05:23:11.172 1514 1754 I wm_task_moved: [70,1,7]
11-11 05:23:11.172 1514 1754 I wm_set_resumed_activity: [0,com.android.music/.VideoBrowserActivity,positionChildAt]
11-11 05:23:11.172 1514 1754 I wm_create_activity: [0,6654275,70,com.android.gallery3d/.app.MovieActivity,android.intent.action.VIEW,video/mp4,content://media/external/video/media/20,0]
11-11 05:23:11.174 1514 1754 I wm_pause_activity: [0,146893346,com.android.music/.VideoBrowserActivity,userLeaving=true,resumeTopActivityInnerLocked]
11-11 05:23:11.180 9604 9604 I wm_on_top_resumed_lost_called: [146893346,com.android.music.VideoBrowserActivity,topStateChangedWhenResumed]
11-11 05:23:11.182 9604 9604 I wm_on_paused_called: [146893346,com.android.music.VideoBrowserActivity,performPause]
11-11 05:23:11.183 1514 1754 I ActivityTaskManager: FOREGROUND_APPLICATION_CHANGED to com.android.gallery3d.app.MovieActivity
11-11 05:23:11.183 1514 1754 I ActivityTaskManager: The Process com.android.gallery3d Already Exists in BG. So sending its PID: 9882
11-11 05:23:11.184 1514 1754 W ActivityTaskManager: Tried to set launchTime (0) < mLastActivityLaunchTime (2199225)
11-11 05:23:11.185 1514 1754 I wm_add_to_stopping: [0,146893346,com.android.music/.VideoBrowserActivity,makeInvisible]
11-11 05:23:11.186 1514 1754 I wm_restart_activity: [0,6654275,70,com.android.gallery3d/.app.MovieActivity]
11-11 05:23:11.188 1514 1754 I wm_set_resumed_activity: [0,com.android.gallery3d/.app.MovieActivity,minimalResumeActivityLocked]
11-11 05:23:11.193 1514 1595 I sysui_multi_action: [757,803,799,window_time_0,802,1]
11-11 05:23:11.200 3685 3703 W ContextImpl: Calling a method in the system process without a qualified user: android.app.ContextImpl.startService:1816 android.content.ContextWrapper.startService:774 com.thundercomm.gamemode.ingame.services.GameModeActionUtils.startGameModeService:93 com.thundercomm.gamemode.ingame.services.GameModeActionUtils.startGameModeEntry:21 com.thundercomm.gamemode.ingame.services.ActivityMonitoringService$1.onActivityLaunch:126
11-11 05:23:11.209 1514 1514 I GameModeConfig: Current uri is uri = content://com.thundercomm.gamemode.api/gamemode_settings/gamemode_isgaming
11-11 05:23:11.211 1514 1514 I GameModeConfig: isGameModeOn = false
11-11 05:23:11.211 9882 9882 I wm_on_create_called: [6654275,com.android.gallery3d.app.MovieActivity,performCreate]
11-11 05:23:11.211 1514 1514 I GameModeConfig: isGameModeOn = false
11-11 05:23:11.211 1514 1514 I GameModeConfig: isDisableVoice = true
11-11 05:23:11.211 1514 7301 D CompatibilityChangeReporter: Compat change id reported: 149924527; UID 10068; state: ENABLED
11-11 05:23:11.212 1514 7301 D CompatibilityChangeReporter: Compat change id reported: 132649864; UID 10068; state: DISABLED
11-11 05:23:11.213 1514 7301 D CompatibilityChangeReporter: Compat change id reported: 182734110; UID 10068; state: DISABLED
11-11 05:23:11.214 9882 9882 I wm_on_start_called: [6654275,com.android.gallery3d.app.MovieActivity,handleStartActivity]
11-11 05:23:11.214 9882 9882 I wm_on_resume_called: [6654275,com.android.gallery3d.app.MovieActivity,RESUME_ACTIVITY]
11-11 05:23:11.216 1514 1754 W WindowManager: Failed looking up window session=Session{9721129 9882:u0a10068} callers=com.android.server.wm.WindowManagerService.windowForClientLocked:5628 com.android.server.wm.Session.insetsModified:629 android.view.IWindowSession$Stub.onTransact:1151
11-11 05:23:11.218 9882 9882 I wm_on_top_resumed_gained_called: [6654275,com.android.gallery3d.app.MovieActivity,topStateChangedWhenResumed]
11-11 05:23:11.220 1514 1770 I input_focus: [Focus leaving 89d2bf7 com.android.music/com.android.music.VideoBrowserActivity (server),reason=NO_WINDOW]
11-11 05:23:11.225 1514 1596 I input_focus: [Focus request ffb92d8 com.android.gallery3d/com.android.gallery3d.app.MovieActivity,reason=UpdateInputWindows]
11-11 05:23:11.226 1514 1901 I GameModeConfig: isGameModeOn = false
11-11 05:23:11.226 1514 1901 I GameModeConfig: isGameModeOn = false
11-11 05:23:11.226 1514 1901 I GameModeConfig: isGameModeOn = false
11-11 05:23:11.226 1514 1901 I GameModeConfig: isGameModeOn = false
11-11 05:23:11.231 1998 1998 I sysui_multi_action: [757,111,758,2]
11-11 05:23:11.231 1514 1514 I notification_enqueue: [10082,1998,com.android.systemui,2048,NULL,0,Notification(channel=updateNotification shortcut=null contentView=null vibrate=null sound=null defaults=0x0 flags=0x0 color=0x00000000 vis=PRIVATE),1]
11-11 05:23:11.232 1998 1998 I sysui_multi_action: [757,111,758,2]
11-11 05:23:11.252 1998 1998 I sysui_multi_action: [757,111,758,1]
11-11 05:23:11.252 1998 1998 I sysui_multi_action: [757,126,758,1,759,126,927,0,928,1,1593,0]
11-11 05:23:11.252 1998 1998 I sysui_multi_action: [757,113,758,1,759,113,927,1,928,1,1593,0]
11-11 05:23:11.252 1998 1998 I sysui_multi_action: [757,0,758,1,759,0,927,2,928,0,1593,0]
11-11 05:23:11.252 1998 1998 I sysui_multi_action: [757,0,758,1,759,0,927,3,928,0,1593,0]
11-11 05:23:11.252 1998 1998 I sysui_multi_action: [757,491,758,1,759,491,927,4,928,0,1311,-1,1593,0]
11-11 05:23:11.252 1998 1998 I sysui_multi_action: [757,0,758,1,759,0,927,5,928,0,1593,0]
11-11 05:23:11.252 1998 1998 I sysui_multi_action: [757,111,758,1]
11-11 05:23:11.252 1998 1998 I sysui_multi_action: [757,126,758,1,759,126,927,0,928,1,1593,0]
11-11 05:23:11.252 1998 1998 I sysui_multi_action: [757,113,758,1,759,113,927,1,928,1,1593,0]
11-11 05:23:11.252 1998 1998 I sysui_multi_action: [757,0,758,1,759,0,927,2,928,0,1593,0]
11-11 05:23:11.252 1998 1998 I sysui_multi_action: [757,0,758,1,759,0,927,3,928,0,1593,0]
11-11 05:23:11.271 1514 1770 I input_focus: [Focus entering ffb92d8 com.android.gallery3d/com.android.gallery3d.app.MovieActivity (server),reason=Window became focusable. Previous reason: NOT_VISIBLE]
11-11 05:23:11.271 1514 1592 I sysui_multi_action: [319,91,322,90,325,2206,757,761,758,8,759,2,806,com.android.gallery3d,871,com.android.gallery3d.app.MovieActivity,904,com.android.music,905,0,1320,4,1321,1]
11-11 05:23:11.271 1514 1592 I wm_activity_launch_time: [0,6654275,com.android.gallery3d/.app.MovieActivity,90]
11-11 05:23:11.296 3685 3703 W ContextImpl: Calling a method in the system process without a qualified user: android.app.ContextImpl.startService:1816 android.content.ContextWrapper.startService:774 com.thundercomm.gamemode.ingame.services.GameModeActionUtils.startGameModeService:93 com.thundercomm.gamemode.ingame.services.GameModeActionUtils.startGameModeEntry:21 com.thundercomm.gamemode.ingame.services.ActivityMonitoringService$1.onActivityLaunch:126
11-11 05:23:11.301 1514 1514 I GameModeConfig: Current uri is uri = content://com.thundercomm.gamemode.api/gamemode_settings/gamemode_isgaming
11-11 05:23:11.303 1514 1514 I GameModeConfig: isGameModeOn = false
11-11 05:23:11.304 1514 1514 I GameModeConfig: isGameModeOn = false
11-11 05:23:11.304 1514 1514 I GameModeConfig: isDisableVoice = true
11-11 05:23:11.375 1514 9595 I snet_event_log: [172655291,-1,]
11-11 05:23:11.434 1514 1514 I GameModeConfig: isGameModeOn = false
11-11 05:23:11.435 1514 1514 I sysui_multi_action: [757,1501,758,1,793,2185555,794,0,795,205,796,2048,806,com.android.systemui,857,updateNotification,858,3,947,0,1500,0,1688,1]
11-11 05:23:11.435 1514 1514 I sysui_multi_action: [757,804,799,note_interruptive,801,0,802,1]
11-11 05:23:11.436 1514 1514 I sysui_multi_action: [757,199,758,1,759,2,793,2185556,794,0,795,206,796,2048,806,com.android.systemui,857,updateNotification,858,3,947,0,1500,1,1688,1]
11-11 05:23:11.436 1514 1514 I notification_alert: [0|com.android.systemui|2048|null|10082,0,1,0]
11-11 05:23:11.438 1514 1514 W NotificationHistory: Attempted to add notif for locked/gone/disabled user 0
11-11 05:23:11.659 1514 1595 I wm_stop_activity: [0,146893346,com.android.music/.VideoBrowserActivity]
11-11 05:23:11.682 9604 9604 I wm_on_stop_called: [146893346,com.android.music.VideoBrowserActivity,STOP_ACTIVITY_ITEM]
11-11 05:23:11.700 3685 3703 W ContextImpl: Calling a method in the system process without a qualified user: android.app.ContextImpl.startService:1816 android.content.ContextWrapper.startService:774 com.thundercomm.gamemode.ingame.services.GameModeActionUtils.startGameModeService:93 com.thundercomm.gamemode.ingame.services.GameModeActionUtils.startGameModeEntry:21 com.thundercomm.gamemode.ingame.services.ActivityMonitoringService$1.onActivityLaunch:126
11-11 05:23:11.705 1514 1514 I GameModeConfig: Current uri is uri = content://com.thundercomm.gamemode.api/gamemode_settings/gamemode_isgaming
11-11 05:23:11.708 1514 1514 I GameModeConfig: isGameModeOn = false
11-11 05:23:11.709 1514 1514 I GameModeConfig: isGameModeOn = false
11-11 05:23:11.709 1514 1514 I GameModeConfig: isDisableVoice = true
11-11 05:23:12.028 1514 1596 I input_focus: [Focus request c4a1c7c ImmersiveModeConfirmation,reason=UpdateInputWindows]
11-11 05:23:12.041 1514 1770 I input_focus: [Focus leaving ffb92d8 com.android.gallery3d/com.android.gallery3d.app.MovieActivity (server),reason=Waiting for window because NOT_VISIBLE]
11-11 05:23:12.060 1514 1770 I input_focus: [Focus entering c4a1c7c ImmersiveModeConfirmation (server),reason=Window became focusable. Previous reason: NOT_VISIBLE]
11-11 05:23:12.399 0 0 I auditd : type=1400 audit(0.0:2670): avc: denied { kill } for comm="swapper/2" capability=5 scontext=u:r:kernel:s0 tcontext=u:r:kernel:s0 tclass=capability permissive=0
11-11 05:23:12.823 1514 1770 I input_interaction: Interaction with: ffb92d8 com.android.gallery3d/com.android.gallery3d.app.MovieActivity (server), edge-swipe (server), swipe-up (server), PointerEventDispatcher0 (server),
11-11 05:23:12.917 1514 1596 I input_focus: [Focus request ffb92d8 com.android.gallery3d/com.android.gallery3d.app.MovieActivity,reason=UpdateInputWindows]
11-11 05:23:12.943 1514 1770 I input_focus: [Focus entering ffb92d8 com.android.gallery3d/com.android.gallery3d.app.MovieActivity (server),reason=setFocusedWindow]
11-11 05:23:13.364 1514 2742 E TaskPersister: File error accessing recents directory (directory doesn't exist?).
11-11 05:23:13.665 1514 2497 I wm_task_moved: [39,0,0]
11-11 05:23:13.666 1514 2497 I wm_task_moved: [39,0,6]
11-11 05:23:13.674 2503 2503 I wm_on_restart_called: [157690489,com.android.launcher3.uioverrides.QuickstepLauncher,performRestartActivity]
11-11 05:23:13.694 3685 3703 W ContextImpl: Calling a method in the system process without a qualified user: android.app.ContextImpl.startService:1816 android.content.ContextWrapper.startService:774 com.thundercomm.gamemode.ingame.services.GameModeActionUtils.startGameModeService:93 com.thundercomm.gamemode.ingame.services.GameModeActionUtils.startGameModeEntry:21 com.thundercomm.gamemode.ingame.services.ActivityMonitoringService$1.onActivityLaunch:126
11-11 05:23:13.699 1514 9595 I snet_event_log: [172655291,-1,]
11-11 05:23:13.701 1514 1514 I GameModeConfig: Current uri is uri = content://com.thundercomm.gamemode.api/gamemode_settings/gamemode_isgaming
11-11 05:23:13.705 1514 1514 I GameModeConfig: isGameModeOn = false
11-11 05:23:13.705 1514 1514 I GameModeConfig: isGameModeOn = false
11-11 05:23:13.705 1514 1514 I GameModeConfig: isDisableVoice = true
11-11 05:23:13.706 2503 2503 I wm_on_start_called: [157690489,com.android.launcher3.uioverrides.QuickstepLauncher,handleStartActivity]
11-11 05:23:13.724 1514 1592 I sysui_multi_action: [319,12,322,54,325,2209,757,761,758,9,759,5,806,com.android.launcher3,871,com.android.launcher3.uioverrides.QuickstepLauncher,904,com.android.launcher3,905,0,1320,8,1321,5]
11-11 05:23:13.748 9882 9882 I view_enqueue_input_event: [Motion - Cancel,com.android.gallery3d/com.android.gallery3d.app.MovieActivity]
11-11 05:23:13.750 2503 2503 I sysui_latency: [1,87]
11-11 05:23:13.753 1514 1770 I input_interaction: Interaction with: edge-swipe (server), swipe-up (server), PointerEventDispatcher0 (server),
11-11 05:23:13.760 1514 1596 I input_focus: [Focus request recents_animation_input_consumer,reason=UpdateInputWindows]
11-11 05:23:13.793 1514 1770 I input_focus: [Focus leaving ffb92d8 com.android.gallery3d/com.android.gallery3d.app.MovieActivity (server),reason=NOT_FOCUSABLE]
11-11 05:23:13.793 1514 1770 I input_focus: [Focus entering recents_animation_input_consumer (server),reason=setFocusedWindow]
11-11 05:23:13.915 1514 1715 I commit_sys_config_file: [settings-1-0,10]
11-11 05:23:14.020 1514 1612 I sysui_latency: [8,75]
11-11 05:23:14.130 1514 1901 I GameModeConfig: isGameModeOn = false
11-11 05:23:14.399 0 0 I auditd : type=1400 audit(0.0:2671): avc: denied { kill } for comm="swapper/2" capability=5 scontext=u:r:kernel:s0 tcontext=u:r:kernel:s0 tclass=capability permissive=0
11-11 05:23:15.294 1514 1715 I commit_sys_config_file: [settings-1-0,9]
11-11 05:23:15.399 0 0 I auditd : type=1400 audit(0.0:2672): avc: denied { kill } for comm="swapper/2" capability=5 scontext=u:r:kernel:s0 tcontext=u:r:kernel:s0 tclass=capability permissive=0
11-11 05:23:16.399 0 0 I auditd : type=1400 audit(0.0:2673): avc: denied { kill } for comm="swapper/2" capability=5 scontext=u:r:kernel:s0 tcontext=u:r:kernel:s0 tclass=capability permissive=0
11-11 05:23:17.141 1514 1770 I input_interaction: Interaction with: eea03e8 com.android.launcher3/com.android.launcher3.uioverrides.QuickstepLauncher (server), edge-swipe (server), swipe-up (server), PointerEventDispatcher0 (server),
11-11 05:23:17.273 1514 2072 I ActivityTaskManager: START u0 {flg=0x10008000 cmp=com.android.gallery3d/.app.MovieActivity} from uid 10079
11-11 05:23:17.278 1514 2072 I wm_task_created: [74,-1]
11-11 05:23:17.278 1514 2072 W ActivityTaskManager: Can't find TaskDisplayArea to determine support for multi window. Task id=74 attached=false
11-11 05:23:17.281 1514 2072 D FreeFormWindowHelper: Add freeform task=Task{c1f1536 #74 type=standard ?? U=0 visible=false mode=freeform translucent=true sz=0}
11-11 05:23:17.291 1514 2072 I wm_task_moved: [74,1,8]
11-11 05:23:17.292 1514 2072 I wm_task_to_front: [0,74]
11-11 05:23:17.292 1514 2072 I wm_create_task: [0,74]
11-11 05:23:17.292 1514 2072 I wm_create_activity: [0,134206675,74,com.android.gallery3d/.app.MovieActivity,NULL,NULL,NULL,268468224]
11-11 05:23:17.292 1514 2072 I wm_task_moved: [74,1,8]
11-11 05:23:17.293 9882 9882 I wm_on_top_resumed_lost_called: [6654275,com.android.gallery3d.app.MovieActivity,topStateChangedWhenResumed]
11-11 05:23:17.294 1514 2072 I ActivityTaskManager: The Process com.android.gallery3d Already Exists in BG. So sending its PID: 9882
11-11 05:23:17.294 1514 2072 W ActivityTaskManager: Tried to set launchTime (0) < mLastActivityLaunchTime (2206600)
11-11 05:23:17.296 1514 2072 I wm_restart_activity: [0,134206675,74,com.android.gallery3d/.app.MovieActivity]
11-11 05:23:17.297 1514 2072 I wm_set_resumed_activity: [0,com.android.gallery3d/.app.MovieActivity,minimalResumeActivityLocked]
11-11 05:23:17.350 9882 9882 E AndroidRuntime: FATAL EXCEPTION: main
11-11 05:23:17.350 9882 9882 E AndroidRuntime: Process: com.android.gallery3d, PID: 9882
11-11 05:23:17.350 9882 9882 E AndroidRuntime: java.lang.RuntimeException: Unable to start activity ComponentInfo{com.android.gallery3d/com.android.gallery3d.app.MovieActivity}: java.lang.NullPointerException: Attempt to invoke virtual method 'java.lang.String android.net.Uri.getScheme()' on a null object reference
11-11 05:23:17.350 9882 9882 E AndroidRuntime: at android.app.ActivityThread.performLaunchActivity(ActivityThread.java:3636)
11-11 05:23:17.350 9882 9882 E AndroidRuntime: at android.app.ActivityThread.handleLaunchActivity(ActivityThread.java:3793)
11-11 05:23:17.350 9882 9882 E AndroidRuntime: at android.app.servertransaction.LaunchActivityItem.execute(LaunchActivityItem.java:103)
11-11 05:23:17.350 9882 9882 E AndroidRuntime: at android.app.servertransaction.TransactionExecutor.executeCallbacks(TransactionExecutor.java:135)
11-11 05:23:17.350 9882 9882 E AndroidRuntime: at android.app.servertransaction.TransactionExecutor.execute(TransactionExecutor.java:95)
11-11 05:23:17.350 9882 9882 E AndroidRuntime: at android.app.ActivityThread$H.handleMessage(ActivityThread.java:2211)
11-11 05:23:17.350 9882 9882 E AndroidRuntime: at android.os.Handler.dispatchMessage(Handler.java:106)
11-11 05:23:17.350 9882 9882 E AndroidRuntime: at android.os.Looper.loopOnce(Looper.java:201)
11-11 05:23:17.350 9882 9882 E AndroidRuntime: at android.os.Looper.loop(Looper.java:288)
11-11 05:23:17.350 9882 9882 E AndroidRuntime: at android.app.ActivityThread.main(ActivityThread.java:7880)
11-11 05:23:17.350 9882 9882 E AndroidRuntime: at java.lang.reflect.Method.invoke(Native Method)
11-11 05:23:17.350 9882 9882 E AndroidRuntime: at com.android.internal.os.RuntimeInit$MethodAndArgsCaller.run(RuntimeInit.java:548)
11-11 05:23:17.350 9882 9882 E AndroidRuntime: at com.android.internal.os.ZygoteInit.main(ZygoteInit.java:1009)
11-11 05:23:17.350 9882 9882 E AndroidRuntime: Caused by: java.lang.NullPointerException: Attempt to invoke virtual method 'java.lang.String android.net.Uri.getScheme()' on a null object reference
11-11 05:23:17.350 9882 9882 E AndroidRuntime: at com.android.gallery3d.app.MoviePlayer.startVideo(MoviePlayer.java:324)
11-11 05:23:17.350 9882 9882 E AndroidRuntime: at com.android.gallery3d.app.MoviePlayer.(MoviePlayer.java:200)
11-11 05:23:17.350 9882 9882 E AndroidRuntime: at com.android.gallery3d.app.MovieActivity$1.(MovieActivity.java:95)
11-11 05:23:17.350 9882 9882 E AndroidRuntime: at com.android.gallery3d.app.MovieActivity.onCreate(MovieActivity.java:94)
11-11 05:23:17.350 9882 9882 E AndroidRuntime: at android.app.Activity.performCreate(Activity.java:8070)
11-11 05:23:17.350 9882 9882 E AndroidRuntime: at android.app.Activity.performCreate(Activity.java:8050)
11-11 05:23:17.350 9882 9882 E AndroidRuntime: at android.app.Instrumentation.callActivityOnCreate(Instrumentation.java:1330)
11-11 05:23:17.350 9882 9882 E AndroidRuntime: at android.app.ActivityThread.performLaunchActivity(ActivityThread.java:3609)
11-11 05:23:17.350 9882 9882 E AndroidRuntime: ... 12 more
11-11 05:23:17.351 1514 7301 I am_crash: [9882,0,com.android.gallery3d,819510341,java.lang.NullPointerException,Attempt to invoke virtual method 'java.lang.String android.net.Uri.getScheme()' on a null object reference,MoviePlayer.java,324]
11-11 05:23:17.355 1514 10029 I DropBoxManagerService: add tag=system_app_crash isTagEnabled=true flags=0x2
11-11 05:23:17.355 1514 7301 W ActivityTaskManager: Force finishing activity com.android.gallery3d/.app.MovieActivity
11-11 05:23:17.356 1514 7301 I wm_finish_activity: [0,134206675,74,com.android.gallery3d/.app.MovieActivity,force-crash]
11-11 05:23:17.356 1514 7301 I wm_task_moved: [70,1,8]
11-11 05:23:17.356 1514 7301 I wm_task_to_front: [0,70]
11-11 05:23:17.357 1514 7301 I wm_set_resumed_activity: [0,com.android.gallery3d/.app.MovieActivity,positionChildAt]
11-11 05:23:17.357 1514 7301 I wm_focused_root_task: [0,0,70,74,finish-top adjustFocusToNextFocusableTask]
11-11 05:23:17.357 1514 7301 I wm_set_resumed_activity: [0,com.android.gallery3d/.app.MovieActivity,finish-top]
11-11 05:23:17.358 1514 7301 I wm_pause_activity: [0,134206675,com.android.gallery3d/.app.MovieActivity,userLeaving=false,finish]
11-11 05:23:17.362 1514 7301 W ActivityTaskManager: Force finishing activity com.android.gallery3d/.app.MovieActivity
11-11 05:23:17.362 1514 7301 I wm_finish_activity: [0,178444817,73,com.android.gallery3d/.app.MovieActivity,force-crash]
11-11 05:23:17.362 1514 7301 I wm_destroy_activity: [0,178444817,73,com.android.gallery3d/.app.MovieActivity,finish-imm:finishIfPossible]
11-11 05:23:17.368 1514 7301 I sysui_multi_action: [757,316,758,4,759,-1]
11-11 05:23:17.371 1514 1595 I sysui_multi_action: [757,1144,758,8,806,com.android.gallery3d,871,com.android.gallery3d.app.MovieActivity]
11-11 05:23:17.399 0 0 I auditd : type=1400 audit(0.0:2674): avc: denied { kill } for comm="swapper/2" capability=5 scontext=u:r:kernel:s0 tcontext=u:r:kernel:s0 tclass=capability permissive=0
11-11 05:23:17.415 1514 2497 I ActivityManager: Process com.android.gallery3d (pid 9882) has died: fg TOP
11-11 05:23:17.415 1514 2497 I am_proc_died: [0,9882,com.android.gallery3d,0,2]
11-11 05:23:17.417 1514 8092 I WindowManager: WIN DEATH: Window{ffb92d8 u0 com.android.gallery3d/com.android.gallery3d.app.MovieActivity}
11-11 05:23:17.422 1514 2080 I WindowManager: WIN DEATH: Window{a4965dc u0 com.android.gallery3d/com.android.gallery3d.app.MovieActivity}
11-11 05:23:17.429 1514 2497 I am_uid_stopped: 10068
11-11 05:23:17.444 1514 1612 W UsageStatsService: Unexpected activity event reported! (com.android.gallery3d/com.android.gallery3d.app.MovieActivity event : 23 instanceId : 72636059)
11-11 05:23:17.446 1514 2497 I wm_task_removed: [74,removeChild:removeChild last r=ActivityRecord{7ffd4d3 u0 com.android.gallery3d/.app.MovieActivity t-1 f}} in t=Task{c1f1536 #74 type=standard A=10068:com.android.gallery3d U=0 visible=false mode=freeform translucent=true sz=0}]
11-11 05:23:17.446 1514 2497 I wm_task_removed: [74,removeChild]
11-11 05:23:17.447 1514 2497 D FreeFormWindowHelper: Remove freefrom task=Task{c1f1536 #74 type=standard A=10068:com.android.gallery3d U=0 visible=false mode=freeform translucent=true sz=0}
11-11 05:23:17.448 1514 2497 W ActivityTaskManager: Force removing ActivityRecord{658943 u0 com.android.gallery3d/.app.MovieActivity t70}: app died, no saved state
11-11 05:23:17.448 1514 2497 I wm_finish_activity: [0,6654275,70,com.android.gallery3d/.app.MovieActivity,proc died without state saved]
11-11 05:23:17.467 1514 2497 I ActivityTaskManager: FOREGROUND_APPLICATION_CHANGED to com.android.music.VideoBrowserActivity
11-11 05:23:17.467 1514 2497 I wm_set_resumed_activity: [0,com.android.music/.VideoBrowserActivity,resumeTopActivityInnerLocked]
11-11 05:23:17.468 1514 2497 I wm_resume_activity: [0,146893346,70,com.android.music/.VideoBrowserActivity]
11-11 05:23:17.471 9604 9604 I wm_on_restart_called: [146893346,com.android.music.VideoBrowserActivity,performRestartActivity]
11-11 05:23:17.471 9604 9604 I wm_on_start_called: [146893346,com.android.music.VideoBrowserActivity,handleStartActivity]
11-11 05:23:17.472 1514 1595 W ActivityManager: setHasOverlayUi called on unknown pid: 9882
11-11 05:23:17.472 9604 9604 I wm_on_resume_called: [146893346,com.android.music.VideoBrowserActivity,RESUME_ACTIVITY]
11-11 05:23:17.489 3685 3703 W ContextImpl: Calling a method in the system process without a qualified user: android.app.ContextImpl.startService:1816 android.content.ContextWrapper.startService:774 com.thundercomm.gamemode.ingame.services.GameModeActionUtils.startGameModeService:93 com.thundercomm.gamemode.ingame.services.GameModeActionUtils.startGameModeEntry:21 com.thundercomm.gamemode.ingame.services.ActivityMonitoringService$1.onActivityLaunch:126
11-11 05:23:17.499 1514 1514 I GameModeConfig: Current uri is uri = content://com.thundercomm.gamemode.api/gamemode_settings/gamemode_isgaming
11-11 05:23:17.504 1514 1514 I GameModeConfig: isGameModeOn = false
11-11 05:23:17.506 1514 1514 I GameModeConfig: isGameModeOn = false
11-11 05:23:17.506 1514 1514 I GameModeConfig: isDisableVoice = true
11-11 05:23:17.722 1514 8092 I wm_task_moved: [39,1,7]
11-11 05:23:17.723 1514 8092 I wm_task_moved: [40,1,2147483647]
11-11 05:23:17.723 1514 8092 I wm_task_to_front: [0,40]
11-11 05:23:17.724 1514 8092 I wm_focused_root_task: [0,0,39,70,RecentsAnimation.onAnimationFinished()]
11-11 05:23:17.725 1514 8092 I wm_set_resumed_activity: [0,com.android.launcher3/.uioverrides.QuickstepLauncher,RecentsAnimation.onAnimationFinished()]
11-11 05:23:17.727 1514 8092 I wm_pause_activity: [0,146893346,com.android.music/.VideoBrowserActivity,userLeaving=true,pauseBackTasks]
11-11 05:23:17.728 9604 9604 I wm_on_paused_called: [146893346,com.android.music.VideoBrowserActivity,performPause]
11-11 05:23:17.730 1514 8092 I wm_add_to_stopping: [0,146893346,com.android.music/.VideoBrowserActivity,makeInvisible]
11-11 05:23:17.731 1514 8092 I ActivityTaskManager: FOREGROUND_APPLICATION_CHANGED to com.android.launcher3.uioverrides.QuickstepLauncher
11-11 05:23:17.732 1514 8092 I wm_set_resumed_activity: [0,com.android.launcher3/.uioverrides.QuickstepLauncher,resumeTopActivityInnerLocked]
11-11 05:23:17.736 1514 8092 I wm_resume_activity: [0,157690489,40,com.android.launcher3/.uioverrides.QuickstepLauncher]
11-11 05:23:17.736 2503 2503 I wm_on_resume_called: [157690489,com.android.launcher3.uioverrides.QuickstepLauncher,RESUME_ACTIVITY]
11-11 05:23:17.753 1514 1596 I input_focus: [Focus request eea03e8 com.android.launcher3/com.android.launcher3.uioverrides.QuickstepLauncher,reason=UpdateInputWindows]
11-11 05:23:17.756 1514 2040 I wm_stop_activity: [0,146893346,com.android.music/.VideoBrowserActivity]
11-11 05:23:17.760 9604 9604 I wm_on_stop_called: [146893346,com.android.music.VideoBrowserActivity,STOP_ACTIVITY_ITEM]
11-11 05:23:17.766 1514 1595 I sysui_multi_action: [757,803,799,window_time_0,802,7]
11-11 05:23:17.770 1514 1595 I sysui_multi_action: [757,803,799,window_time_0,802,0]
11-11 05:23:17.773 1514 1770 I input_focus: [Focus leaving recents_animation_input_consumer (server),reason=NOT_VISIBLE]
11-11 05:23:17.773 1514 1770 I input_focus: [Focus entering eea03e8 com.android.launcher3/com.android.launcher3.uioverrides.QuickstepLauncher (server),reason=setFocusedWindow]
11-11 05:23:17.782 3685 3703 W ContextImpl: Calling a method in the system process without a qualified user: android.app.ContextImpl.startService:1816 android.content.ContextWrapper.startService:774 com.thundercomm.gamemode.ingame.services.GameModeActionUtils.startGameModeService:93 com.thundercomm.gamemode.ingame.services.GameModeActionUtils.startGameModeEntry:21 com.thundercomm.gamemode.ingame.services.ActivityMonitoringService$1.onActivityLaunch:126
11-11 05:23:17.803 1514 1514 I GameModeConfig: Current uri is uri = content://com.thundercomm.gamemode.api/gamemode_settings/gamemode_isgaming
11-11 05:23:17.805 1514 1514 I GameModeConfig: isGameModeOn = false
11-11 05:23:17.805 1514 1514 I GameModeConfig: isGameModeOn = false
11-11 05:23:17.805 1514 1514 I GameModeConfig: isDisableVoice = true
11-11 05:23:17.857 1514 1595 W ActivityTaskManager: Activity top resumed state loss timeout for ActivityRecord{7ffd4d3 u0 com.android.gallery3d/.app.MovieActivity t-1 f}}
11-11 05:23:17.858 2503 2503 I wm_on_top_resumed_gained_called: [157690489,com.android.launcher3.uioverrides.QuickstepLauncher,topStateChangedWhenResumed]
11-11 05:23:17.860 3685 3703 W ContextImpl: Calling a method in the system process without a qualified user: android.app.ContextImpl.startService:1816 android.content.ContextWrapper.startService:774 com.thundercomm.gamemode.ingame.services.GameModeActionUtils.startGameModeService:93 com.thundercomm.gamemode.ingame.services.GameModeActionUtils.startGameModeEntry:21 com.thundercomm.gamemode.ingame.services.ActivityMonitoringService$1.onActivityLaunch:126
11-11 05:23:17.864 1514 1514 I GameModeConfig: Current uri is uri = content://com.thundercomm.gamemode.api/gamemode_settings/gamemode_isgaming
11-11 05:23:17.866 1514 1514 I GameModeConfig: isGameModeOn = false
11-11 05:23:17.866 1514 1514 I GameModeConfig: isGameModeOn = false
11-11 05:23:17.866 1514 1514 I GameModeConfig: isDisableVoice = true
11-11 05:23:18.883 1514 1770 I input_interaction: Interaction with: eea03e8 com.android.launcher3/com.android.launcher3.uioverrides.QuickstepLauncher (server), 8068647 com.android.systemui.ImageWallpaper (server), edge-swipe (server), swipe-up (server), PointerEventDispatcher0 (server),
11-11 05:23:19.006 2503 2503 I view_enqueue_input_event: [Motion - Cancel,com.android.launcher3/com.android.launcher3.uioverrides.QuickstepLauncher]
11-11 05:23:19.016 1514 1770 I input_interaction: Interaction with: edge-swipe (server), swipe-up (server), PointerEventDispatcher0 (server),
11-11 05:23:19.175 1514 1715 I commit_sys_config_file: [settings-1-0,5]
11-11 05:23:19.409 1514 1715 I commit_sys_config_file: [settings-1-0,7]
11-11 05:23:21.181 1514 1770 I input_interaction: Interaction with: eea03e8 com.android.launcher3/com.android.launcher3.uioverrides.QuickstepLauncher (server), 8068647 com.android.systemui.ImageWallpaper (server), edge-swipe (server), swipe-up (server), PointerEventDispatcher0 (server),
11-11 05:23:21.244 1514 1901 I GameModeConfig: isGameModeOn = false
11-11 05:23:21.279 1514 2497 I ActivityTaskManager: START u0 {flg=0x10008000 cmp=com.android.documentsui/.files.FilesActivity} from uid 10079
11-11 05:23:21.286 1514 2497 I wm_task_created: [75,-1]
11-11 05:23:21.286 1514 2497 W ActivityTaskManager: Can't find TaskDisplayArea to determine support for multi window. Task id=75 attached=false
11-11 05:23:21.288 1514 2497 D FreeFormWindowHelper: Add freeform task=Task{caea146 #75 type=standard ?? U=0 visible=false mode=freeform translucent=true sz=0}
11-11 05:23:21.292 1514 2497 D CompatibilityChangeReporter: Compat change id reported: 174042980; UID 10032; state: DISABLED
11-11 05:23:21.294 1514 2497 D CompatibilityChangeReporter: Compat change id reported: 184838306; UID 10032; state: DISABLED
11-11 05:23:21.295 1514 2497 D CompatibilityChangeReporter: Compat change id reported: 185004937; UID 10032; state: DISABLED
11-11 05:23:21.297 1514 2497 D CompatibilityChangeReporter: Compat change id reported: 181136395; UID 10032; state: DISABLED
11-11 05:23:21.298 1514 2497 D CompatibilityChangeReporter: Compat change id reported: 174042936; UID 10032; state: DISABLED
11-11 05:23:21.301 1514 2497 I wm_task_moved: [75,1,8]
11-11 05:23:21.301 1514 2497 I wm_task_to_front: [0,75]
11-11 05:23:21.302 1514 2497 I wm_create_task: [0,75]
11-11 05:23:21.302 1514 2497 I wm_create_activity: [0,228732679,75,com.android.documentsui/.files.FilesActivity,NULL,NULL,NULL,268992512]
11-11 05:23:21.302 1514 2497 I wm_task_moved: [75,1,8]
11-11 05:23:21.305 1514 2497 D CompatibilityChangeReporter: Compat change id reported: 168419799; UID 10032; state: DISABLED
11-11 05:23:21.307 1514 2497 I ActivityTaskManager: FOREGROUND_APPLICATION_CHANGED to com.android.documentsui.files.FilesActivity
11-11 05:23:21.307 1514 2497 I ActivityTaskManager: The Process com.android.documentsui Already Exists in BG. So sending its PID: 9716
11-11 05:23:21.307 1514 2497 W ActivityTaskManager: Tried to set launchTime (0) < mLastActivityLaunchTime (2188448)
11-11 05:23:21.310 1514 2497 I wm_restart_activity: [0,228732679,75,com.android.documentsui/.files.FilesActivity]
11-11 05:23:21.312 1514 2497 I wm_set_resumed_activity: [0,com.android.documentsui/.files.FilesActivity,minimalResumeActivityLocked]
11-11 05:23:21.323 2503 2503 I wm_on_top_resumed_lost_called: [157690489,com.android.launcher3.uioverrides.QuickstepLauncher,topStateChangedWhenResumed]
11-11 05:23:21.335 3685 3703 W ContextImpl: Calling a method in the system process without a qualified user: android.app.ContextImpl.startService:1816 android.content.ContextWrapper.startService:774 com.thundercomm.gamemode.ingame.services.GameModeActionUtils.startGameModeService:93 com.thundercomm.gamemode.ingame.services.GameModeActionUtils.startGameModeEntry:21 com.thundercomm.gamemode.ingame.services.ActivityMonitoringService$1.onActivityLaunch:126
11-11 05:23:21.345 1514 1514 I GameModeConfig: Current uri is uri = content://com.thundercomm.gamemode.api/gamemode_settings/gamemode_isgaming
11-11 05:23:21.350 1514 1514 I GameModeConfig: isGameModeOn = false
11-11 05:23:21.350 1514 1514 I GameModeConfig: isGameModeOn = false
11-11 05:23:21.350 1514 1514 I GameModeConfig: isDisableVoice = true
11-11 05:23:21.379 9716 9716 I wm_on_create_called: [228732679,com.android.documentsui.files.FilesActivity,performCreate]
11-11 05:23:21.381 9716 9716 I wm_on_start_called: [228732679,com.android.documentsui.files.FilesActivity,handleStartActivity]
11-11 05:23:21.382 9716 9716 I wm_on_resume_called: [228732679,com.android.documentsui.files.FilesActivity,RESUME_ACTIVITY]
11-11 05:23:21.386 9716 9716 I wm_on_top_resumed_gained_called: [228732679,com.android.documentsui.files.FilesActivity,topStateChangedWhenResumed]
11-11 05:23:21.403 1514 1596 I input_focus: [Focus request fa8b4a3 com.android.documentsui/com.android.documentsui.files.FilesActivity,reason=UpdateInputWindows]
11-11 05:23:21.428 1514 1770 I input_focus: [Focus leaving eea03e8 com.android.launcher3/com.android.launcher3.uioverrides.QuickstepLauncher (server),reason=Waiting for window because NOT_VISIBLE]
11-11 05:23:21.436 1514 1901 I GameModeConfig: isGameModeOn = false
11-11 05:23:21.441 1514 1592 I sysui_multi_action: [319,154,322,153,325,2216,757,761,758,8,759,2,806,com.android.documentsui,871,com.android.documentsui.files.FilesActivity,904,com.android.launcher3,905,0,1320,4,1321,1]
11-11 05:23:21.443 1514 1592 I wm_activity_launch_time: [0,228732679,com.android.documentsui/.files.FilesActivity,153]
11-11 05:23:21.445 1514 1770 I input_focus: [Focus entering fa8b4a3 com.android.documentsui/com.android.documentsui.files.FilesActivity (server),reason=Window became focusable. Previous reason: NOT_VISIBLE]
11-11 05:23:21.575 1514 1612 I am_pss : [9790,10035,com.android.traceur,9388032,6172672,0,97169408,0,19,6]
11-11 05:23:22.359 1514 2742 E TaskPersister: File error accessing recents directory (directory doesn't exist?).
11-11 05:23:22.399 0 0 I auditd : type=1400 audit(0.0:2675): avc: denied { kill } for comm="swapper/1" capability=5 scontext=u:r:kernel:s0 tcontext=u:r:kernel:s0 tclass=capability permissive=0
11-11 05:23:23.051 1514 1770 I input_interaction: Interaction with: fa8b4a3 com.android.documentsui/com.android.documentsui.files.FilesActivity (server), edge-swipe (server), swipe-up (server), PointerEventDispatcher0 (server),
11-11 05:23:23.134 1514 2497 I wm_finish_activity: [0,228732679,75,com.android.documentsui/.files.FilesActivity,finish-activity]
11-11 05:23:23.135 1514 2497 I wm_task_moved: [39,1,8]
11-11 05:23:23.139 1514 2497 I wm_set_resumed_activity: [0,com.android.launcher3/.uioverrides.QuickstepLauncher,positionChildAt]
11-11 05:23:23.139 1514 2497 I wm_task_moved: [40,1,2147483647]
11-11 05:23:23.139 1514 2497 I wm_task_to_front: [0,40]
11-11 05:23:23.139 1514 2497 I wm_focused_root_task: [0,0,39,-1,finish-top adjustFocusToNextFocusableTask]
11-11 05:23:23.139 1514 2497 I wm_set_resumed_activity: [0,com.android.launcher3/.uioverrides.QuickstepLauncher,finish-top]
11-11 05:23:23.148 1514 2497 I wm_pause_activity: [0,228732679,com.android.documentsui/.files.FilesActivity,userLeaving=false,finish]
11-11 05:23:23.162 9716 9716 I wm_on_top_resumed_lost_called: [228732679,com.android.documentsui.files.FilesActivity,topStateChangedWhenResumed]
11-11 05:23:23.163 2503 2503 I wm_on_top_resumed_gained_called: [157690489,com.android.launcher3.uioverrides.QuickstepLauncher,topStateChangedWhenResumed]
11-11 05:23:23.165 9716 9716 I wm_on_paused_called: [228732679,com.android.documentsui.files.FilesActivity,performPause]
11-11 05:23:23.165 1514 1595 I sysui_multi_action: [757,803,799,window_time_0,802,5]
11-11 05:23:23.166 1514 2080 I ActivityTaskManager: FOREGROUND_APPLICATION_CHANGED to com.android.launcher3.uioverrides.QuickstepLauncher
11-11 05:23:23.167 1514 2080 I wm_destroy_activity: [0,228732679,75,com.android.documentsui/.files.FilesActivity,finish-imm:completePausedLocked]
11-11 05:23:23.178 1514 1595 I sysui_multi_action: [757,803,799,window_time_0,802,0]
11-11 05:23:23.182 1514 1596 I input_focus: [Focus request eea03e8 com.android.launcher3/com.android.launcher3.uioverrides.QuickstepLauncher,reason=UpdateInputWindows]
11-11 05:23:23.182 1514 2742 E TaskPersister: File error accessing recents directory (directory doesn't exist?).
11-11 05:23:23.184 9716 9716 I wm_on_stop_called: [228732679,com.android.documentsui.files.FilesActivity,LIFECYCLER_STOP_ACTIVITY]
11-11 05:23:23.191 9716 9716 I wm_on_destroy_called: [228732679,com.android.documentsui.files.FilesActivity,performDestroy]
11-11 05:23:23.199 1514 1770 I input_focus: [Focus entering eea03e8 com.android.launcher3/com.android.launcher3.uioverrides.QuickstepLauncher (server),reason=setFocusedWindow]
11-11 05:23:23.282 3685 3703 W ContextImpl: Calling a method in the system process without a qualified user: android.app.ContextImpl.startService:1816 android.content.ContextWrapper.startService:774 com.thundercomm.gamemode.ingame.services.GameModeActionUtils.startGameModeService:93 com.thundercomm.gamemode.ingame.services.GameModeActionUtils.startGameModeEntry:21 com.thundercomm.gamemode.ingame.services.ActivityMonitoringService$1.onActivityLaunch:126
11-11 05:23:23.291 1514 1514 I GameModeConfig: Current uri is uri = content://com.thundercomm.gamemode.api/gamemode_settings/gamemode_isgaming
11-11 05:23:23.296 1514 1514 I GameModeConfig: isGameModeOn = false
11-11 05:23:23.297 1514 1514 I GameModeConfig: isGameModeOn = false
11-11 05:23:23.297 1514 1514 I GameModeConfig: isDisableVoice = true
11-11 05:23:23.465 1514 1596 I wm_task_removed: [75,removeChild:removeChild last r=ActivityRecord{da22f07 u0 com.android.documentsui/.files.FilesActivity t-1 f}} in t=Task{caea146 #75 type=standard A=10032:com.android.documentsui U=0 visible=false mode=freeform translucent=true sz=0}]
11-11 05:23:23.465 1514 1596 I wm_task_removed: [75,removeChild]
11-11 05:23:23.465 1514 1596 D FreeFormWindowHelper: Remove freefrom task=Task{caea146 #75 type=standard A=10032:com.android.documentsui U=0 visible=false mode=freeform translucent=true sz=0}
11-11 05:23:24.399 0 0 I auditd : type=1400 audit(0.0:2676): avc: denied { kill } for comm="swapper/1" capability=5 scontext=u:r:kernel:s0 tcontext=u:r:kernel:s0 tclass=capability permissive=0
11-11 05:23:24.577 1514 1770 I input_interaction: Interaction with: eea03e8 com.android.launcher3/com.android.launcher3.uioverrides.QuickstepLauncher (server), 8068647 com.android.systemui.ImageWallpaper (server), edge-swipe (server), swipe-up (server), PointerEventDispatcher0 (server),
11-11 05:23:24.699 2503 2503 I view_enqueue_input_event: [Motion - Cancel,com.android.launcher3/com.android.launcher3.uioverrides.QuickstepLauncher]
11-11 05:23:24.704 1514 1770 I input_interaction: Interaction with: edge-swipe (server), swipe-up (server), PointerEventDispatcher0 (server),
11-11 05:23:24.877 1514 1715 I commit_sys_config_file: [settings-1-0,7]
11-11 05:23:25.127 1514 1715 I commit_sys_config_file: [settings-1-0,6]
11-11 05:23:25.399 0 0 I auditd : type=1400 audit(0.0:2677): avc: denied { kill } for comm="swapper/1" capability=5 scontext=u:r:kernel:s0 tcontext=u:r:kernel:s0 tclass=capability permissive=0
11-11 05:23:26.088 1514 1770 I input_interaction: Interaction with: eea03e8 com.android.launcher3/com.android.launcher3.uioverrides.QuickstepLauncher (server), 8068647 com.android.systemui.ImageWallpaper (server), edge-swipe (server), swipe-up (server), PointerEventDispatcher0 (server),
11-11 05:23:26.238 1514 2497 I ActivityTaskManager: START u0 {flg=0x10008000 cmp=com.android.documentsui/.files.FilesActivity} from uid 10079
