11-11 05:22:49.833 1514 1754 I wm_task_removed: [71,removeChild:removeChild last r=ActivityRecord{a72c73f u0 com.thundercomm.screensaver/android.service.dreams.DreamActivity t-1 f}} in t=Task{d606028 #71 type=dream A=10051:android:com.thundercomm.screensaver/dream U=0 visible=false mode=fullscreen translucent=true sz=0}]
11-11 05:22:49.833 1514 1754 I wm_task_removed: [71,removeChild]
11-11 05:22:49.837 1514 1596 W ActivityTaskManager: Can't find TaskDisplayArea to determine support for multi window. Task id=71 attached=false
11-11 05:22:50.399 0 0 I auditd : type=1400 audit(0.0:2658): avc: denied { kill } for comm="swapper/2" capability=5 scontext=u:r:kernel:s0 tcontext=u:r:kernel:s0 tclass=capability permissive=0
11-11 05:22:50.548 1514 1770 I input_interaction: Interaction with: 89d2bf7 com.android.music/com.android.music.VideoBrowserActivity (server), edge-swipe (server), swipe-up (server), PointerEventDispatcher0 (server),
11-11 05:22:50.570 1514 2072 I wm_task_moved: [39,0,0]
11-11 05:22:50.571 1514 2072 I wm_task_moved: [39,0,5]
11-11 05:22:50.581 2503 2503 I wm_on_restart_called: [157690489,com.android.launcher3.uioverrides.QuickstepLauncher,performRestartActivity]
11-11 05:22:50.600 3685 3703 W ContextImpl: Calling a method in the system process without a qualified user: android.app.ContextImpl.startService:1816 android.content.ContextWrapper.startService:774 com.thundercomm.gamemode.ingame.services.GameModeActionUtils.startGameModeService:93 com.thundercomm.gamemode.ingame.services.GameModeActionUtils.startGameModeEntry:21 com.thundercomm.gamemode.ingame.services.ActivityMonitoringService$1.onActivityLaunch:126
11-11 05:22:50.606 1514 1514 I GameModeConfig: Current uri is uri = content://com.thundercomm.gamemode.api/gamemode_settings/gamemode_isgaming
11-11 05:22:50.610 1514 1514 I GameModeConfig: isGameModeOn = false
11-11 05:22:50.611 1514 1514 I GameModeConfig: isGameModeOn = false
11-11 05:22:50.611 1514 1514 I GameModeConfig: isDisableVoice = true
11-11 05:22:50.613 2503 2503 I wm_on_start_called: [157690489,com.android.launcher3.uioverrides.QuickstepLauncher,handleStartActivity]
11-11 05:22:50.614 9604 9604 I view_enqueue_input_event: [Motion - Cancel,com.android.music/com.android.music.VideoBrowserActivity]
11-11 05:22:50.618 1514 1770 I input_interaction: Interaction with: edge-swipe (server), swipe-up (server), PointerEventDispatcher0 (server),
11-11 05:22:50.624 2503 2503 I sysui_latency: [1,77]
11-11 05:22:50.633 1514 1596 I input_focus: [Focus request recents_animation_input_consumer,reason=UpdateInputWindows]
11-11 05:22:50.640 1514 1592 I sysui_multi_action: [319,10,322,60,325,2185,757,761,758,9,759,5,806,com.android.launcher3,871,com.android.launcher3.uioverrides.QuickstepLauncher,904,com.android.launcher3,905,0,1320,8,1321,5]
11-11 05:22:50.654 1514 1770 I input_focus: [Focus leaving 89d2bf7 com.android.music/com.android.music.VideoBrowserActivity (server),reason=NOT_FOCUSABLE]
11-11 05:22:50.654 1514 1770 I input_focus: [Focus entering recents_animation_input_consumer (server),reason=setFocusedWindow]
11-11 05:22:50.817 1514 1715 I commit_sys_config_file: [settings-1-0,5]
11-11 05:22:50.932 1514 1612 I sysui_latency: [8,75]
11-11 05:22:51.342 1514 6729 I wm_task_moved: [39,1,6]
11-11 05:22:51.344 1514 6729 I wm_task_moved: [40,1,2147483647]
11-11 05:22:51.344 1514 6729 I wm_task_to_front: [0,40]
11-11 05:22:51.344 9604 9604 I wm_on_top_resumed_lost_called: [146893346,com.android.music.VideoBrowserActivity,topStateChangedWhenResumed]
11-11 05:22:51.344 1514 6729 I wm_focused_root_task: [0,0,39,70,RecentsAnimation.onAnimationFinished()]
11-11 05:22:51.345 1514 6729 I wm_set_resumed_activity: [0,com.android.launcher3/.uioverrides.QuickstepLauncher,RecentsAnimation.onAnimationFinished()]
11-11 05:22:51.346 1514 6729 I wm_pause_activity: [0,146893346,com.android.music/.VideoBrowserActivity,userLeaving=true,pauseBackTasks]
11-11 05:22:51.347 1514 6729 I wm_add_to_stopping: [0,146893346,com.android.music/.VideoBrowserActivity,makeInvisible]
11-11 05:22:51.348 1514 6729 I ActivityTaskManager: FOREGROUND_APPLICATION_CHANGED to com.android.launcher3.uioverrides.QuickstepLauncher
11-11 05:22:51.348 1514 6729 I wm_set_resumed_activity: [0,com.android.launcher3/.uioverrides.QuickstepLauncher,resumeTopActivityInnerLocked]
11-11 05:22:51.350 1514 6729 I wm_resume_activity: [0,157690489,40,com.android.launcher3/.uioverrides.QuickstepLauncher]
11-11 05:22:51.350 2503 2503 I wm_on_resume_called: [157690489,com.android.launcher3.uioverrides.QuickstepLauncher,RESUME_ACTIVITY]
11-11 05:22:51.356 1514 1596 I input_focus: [Focus request eea03e8 com.android.launcher3/com.android.launcher3.uioverrides.QuickstepLauncher,reason=UpdateInputWindows]
11-11 05:22:51.357 9604 9604 I wm_on_paused_called: [146893346,com.android.music.VideoBrowserActivity,performPause]
11-11 05:22:51.361 1514 2072 I wm_stop_activity: [0,146893346,com.android.music/.VideoBrowserActivity]
11-11 05:22:51.362 2503 2503 I wm_on_top_resumed_gained_called: [157690489,com.android.launcher3.uioverrides.QuickstepLauncher,topStateChangedWhenResumed]
11-11 05:22:51.362 1514 1595 I sysui_multi_action: [757,803,799,window_time_0,802,2]
11-11 05:22:51.363 1514 1595 I sysui_multi_action: [757,803,799,window_time_0,802,0]
11-11 05:22:51.373 1514 1770 I input_focus: [Focus leaving recents_animation_input_consumer (server),reason=NOT_VISIBLE]
11-11 05:22:51.373 1514 1770 I input_focus: [Focus entering eea03e8 com.android.launcher3/com.android.launcher3.uioverrides.QuickstepLauncher (server),reason=setFocusedWindow]
11-11 05:22:51.391 9604 9604 I wm_on_stop_called: [146893346,com.android.music.VideoBrowserActivity,STOP_ACTIVITY_ITEM]
11-11 05:22:51.413 3685 3703 W ContextImpl: Calling a method in the system process without a qualified user: android.app.ContextImpl.startService:1816 android.content.ContextWrapper.startService:774 com.thundercomm.gamemode.ingame.services.GameModeActionUtils.startGameModeService:93 com.thundercomm.gamemode.ingame.services.GameModeActionUtils.startGameModeEntry:21 com.thundercomm.gamemode.ingame.services.ActivityMonitoringService$1.onActivityLaunch:126
11-11 05:22:51.417 1514 1514 I GameModeConfig: Current uri is uri = content://com.thundercomm.gamemode.api/gamemode_settings/gamemode_isgaming
11-11 05:22:51.419 1514 1514 I GameModeConfig: isGameModeOn = false
11-11 05:22:51.420 1514 1514 I GameModeConfig: isGameModeOn = false
11-11 05:22:51.420 1514 1514 I GameModeConfig: isDisableVoice = true
11-11 05:22:51.466 3685 3703 W ContextImpl: Calling a method in the system process without a qualified user: android.app.ContextImpl.startService:1816 android.content.ContextWrapper.startService:774 com.thundercomm.gamemode.ingame.services.GameModeActionUtils.startGameModeService:93 com.thundercomm.gamemode.ingame.services.GameModeActionUtils.startGameModeEntry:21 com.thundercomm.gamemode.ingame.services.ActivityMonitoringService$1.onActivityLaunch:126
11-11 05:22:51.472 1514 1514 I GameModeConfig: Current uri is uri = content://com.thundercomm.gamemode.api/gamemode_settings/gamemode_isgaming
11-11 05:22:51.474 1514 1514 I GameModeConfig: isGameModeOn = false
11-11 05:22:51.475 1514 1514 I GameModeConfig: isGameModeOn = false
11-11 05:22:51.475 1514 1514 I GameModeConfig: isDisableVoice = true
11-11 05:22:51.831 1514 1770 I input_interaction: Interaction with: eea03e8 com.android.launcher3/com.android.launcher3.uioverrides.QuickstepLauncher (server), 8068647 com.android.systemui.ImageWallpaper (server), edge-swipe (server), swipe-up (server), PointerEventDispatcher0 (server),
11-11 05:22:52.148 1514 1715 I commit_sys_config_file: [settings-1-0,14]
11-11 05:22:52.829 1514 2072 I ActivityTaskManager: START u0 {act=android.intent.action.MAIN cat=[android.intent.category.LAUNCHER] flg=0x10200000 cmp=com.android.documentsui/.LauncherActivity bnds=[1020,280][1280,540]} from uid 10079
11-11 05:22:52.840 1514 2072 I wm_task_created: [72,-1]
11-11 05:22:52.840 1514 2072 W ActivityTaskManager: Can't find TaskDisplayArea to determine support for multi window. Task id=72 attached=false
11-11 05:22:52.848 1514 2072 D CompatibilityChangeReporter: Compat change id reported: 174042980; UID 10032; state: DISABLED
11-11 05:22:52.849 1514 2072 D CompatibilityChangeReporter: Compat change id reported: 184838306; UID 10032; state: DISABLED
11-11 05:22:52.850 1514 2072 D CompatibilityChangeReporter: Compat change id reported: 185004937; UID 10032; state: DISABLED
11-11 05:22:52.851 1514 2072 D CompatibilityChangeReporter: Compat change id reported: 181136395; UID 10032; state: DISABLED
11-11 05:22:52.851 1514 2072 D CompatibilityChangeReporter: Compat change id reported: 174042936; UID 10032; state: DISABLED
11-11 05:22:52.852 1514 2072 I wm_task_moved: [72,1,7]
11-11 05:22:52.853 1514 2072 I wm_task_to_front: [0,72]
11-11 05:22:52.853 1514 2072 I wm_create_task: [0,72]
11-11 05:22:52.853 1514 2072 I wm_create_activity: [0,153811791,72,com.android.documentsui/.LauncherActivity,android.intent.action.MAIN,NULL,NULL,270532608]
11-11 05:22:52.853 1514 2072 I wm_task_moved: [72,1,7]
11-11 05:22:52.854 1514 2072 D CompatibilityChangeReporter: Compat change id reported: 168419799; UID 10032; state: DISABLED
11-11 05:22:52.856 1514 2072 I wm_pause_activity: [0,157690489,com.android.launcher3/.uioverrides.QuickstepLauncher,userLeaving=true,pauseBackTasks]
11-11 05:22:52.863 2503 2503 I wm_on_top_resumed_lost_called: [157690489,com.android.launcher3.uioverrides.QuickstepLauncher,topStateChangedWhenResumed]
11-11 05:22:52.867 2503 2503 I wm_on_paused_called: [157690489,com.android.launcher3.uioverrides.QuickstepLauncher,performPause]
11-11 05:22:52.870 1514 6729 I ActivityTaskManager: FOREGROUND_APPLICATION_CHANGED to com.android.documentsui.files.LauncherActivity
11-11 05:22:52.875 1514 1595 I am_uid_running: 10032
11-11 05:22:52.876 1514 1595 D CompatibilityChangeReporter: Compat change id reported: 135634846; UID 10032; state: DISABLED
11-11 05:22:52.876 1514 1595 D CompatibilityChangeReporter: Compat change id reported: 177438394; UID 10032; state: DISABLED
11-11 05:22:52.876 1514 1595 D CompatibilityChangeReporter: Compat change id reported: 135772972; UID 10032; state: DISABLED
11-11 05:22:52.876 1514 1595 D CompatibilityChangeReporter: Compat change id reported: 135754954; UID 10032; state: ENABLED
11-11 05:22:52.877 1514 1615 D CompatibilityChangeReporter: Compat change id reported: 143937733; UID 10032; state: ENABLED
11-11 05:22:52.879 1514 1595 I sysui_multi_action: [757,803,799,window_time_0,802,2]
11-11 05:22:52.902 1514 1615 I am_proc_start: [0,9716,10032,com.android.documentsui,pre-top-activity,{com.android.documentsui/com.android.documentsui.LauncherActivity}]
11-11 05:22:52.902 1514 1615 I ActivityManager: Start proc 9716:com.android.documentsui/u0a32 for pre-top-activity {com.android.documentsui/com.android.documentsui.LauncherActivity}
11-11 05:22:52.904 1514 9717 W ContextImpl: Calling a method in the system process without a qualified user: android.app.ContextImpl.sendBroadcast:1173 com.qualcomm.qti.Performance$SendGameLaunchBroadcast.run:217 java.lang.Thread.run:920
11-11 05:22:52.926 1514 6729 I am_proc_bound: [0,9716,com.android.documentsui]
11-11 05:22:52.933 1514 6729 I wm_restart_activity: [0,153811791,72,com.android.documentsui/.LauncherActivity]
11-11 05:22:52.935 1514 6729 I wm_set_resumed_activity: [0,com.android.documentsui/.LauncherActivity,minimalResumeActivityLocked]
11-11 05:22:52.936 1514 1595 I am_uid_active: 10032
11-11 05:22:52.951 3685 3703 W ContextImpl: Calling a method in the system process without a qualified user: android.app.ContextImpl.startService:1816 android.content.ContextWrapper.startService:774 com.thundercomm.gamemode.ingame.services.GameModeActionUtils.startGameModeService:93 com.thundercomm.gamemode.ingame.services.GameModeActionUtils.startGameModeEntry:21 com.thundercomm.gamemode.ingame.services.ActivityMonitoringService$1.onActivityLaunch:126
11-11 05:22:52.959 1514 1514 I GameModeConfig: Current uri is uri = content://com.thundercomm.gamemode.api/gamemode_settings/gamemode_isgaming
11-11 05:22:52.960 1514 1514 I GameModeConfig: isGameModeOn = false
11-11 05:22:52.961 1514 1514 I GameModeConfig: isGameModeOn = false
11-11 05:22:52.961 1514 1514 I GameModeConfig: isDisableVoice = true
11-11 05:22:52.977 3685 3703 W ContextImpl: Calling a method in the system process without a qualified user: android.app.ContextImpl.startService:1816 android.content.ContextWrapper.startService:774 com.thundercomm.gamemode.ingame.services.GameModeActionUtils.startGameModeService:93 com.thundercomm.gamemode.ingame.services.GameModeActionUtils.startGameModeEntry:21 com.thundercomm.gamemode.ingame.services.ActivityMonitoringService$1.onActivityLaunch:126
11-11 05:22:52.984 1514 1514 I GameModeConfig: Current uri is uri = content://com.thundercomm.gamemode.api/gamemode_settings/gamemode_isgaming
11-11 05:22:52.985 1514 1514 I GameModeConfig: isGameModeOn = false
11-11 05:22:52.986 1514 1514 I GameModeConfig: isGameModeOn = false
11-11 05:22:52.986 1514 1514 I GameModeConfig: isDisableVoice = true
11-11 05:22:53.000 1514 2497 I am_uid_running: 10018
11-11 05:22:53.001 1514 2497 D CompatibilityChangeReporter: Compat change id reported: 135634846; UID 10018; state: DISABLED
11-11 05:22:53.001 1514 2497 D CompatibilityChangeReporter: Compat change id reported: 177438394; UID 10018; state: DISABLED
11-11 05:22:53.001 1514 2497 D CompatibilityChangeReporter: Compat change id reported: 135772972; UID 10018; state: DISABLED
11-11 05:22:53.001 1514 2497 D CompatibilityChangeReporter: Compat change id reported: 135754954; UID 10018; state: ENABLED
11-11 05:22:53.001 1514 1615 D CompatibilityChangeReporter: Compat change id reported: 143937733; UID 10018; state: ENABLED
11-11 05:22:53.010 1514 1615 I am_proc_start: [0,9741,10018,android.process.media,content provider,{com.android.mtp/com.android.mtp.MtpDocumentsProvider}]
11-11 05:22:53.010 1514 1615 I ActivityManager: Start proc 9741:android.process.media/u0a18 for content provider {com.android.mtp/com.android.mtp.MtpDocumentsProvider}
11-11 05:22:53.019 1514 2072 I ActivityTaskManager: START u0 {dat=//com.android.documentsui.launchControl flg=0x10200000 cmp=com.android.documentsui/.files.FilesActivity (has extras)} from uid 10032
11-11 05:22:53.021 1514 2072 I wm_task_created: [73,-1]
11-11 05:22:53.021 1514 2072 W ActivityTaskManager: Can't find TaskDisplayArea to determine support for multi window. Task id=73 attached=false
11-11 05:22:53.022 1514 2072 I wm_task_moved: [73,1,8]
11-11 05:22:53.022 1514 2072 I wm_task_to_front: [0,73]
11-11 05:22:53.022 1514 2072 I wm_create_task: [0,73]
11-11 05:22:53.022 1514 2072 I wm_create_activity: [0,195579183,73,com.android.documentsui/.files.FilesActivity,NULL,NULL,//com.android.documentsui.launchControl,271056896]
11-11 05:22:53.022 1514 2072 I wm_task_moved: [73,1,8]
11-11 05:22:53.023 1514 2072 I wm_pause_activity: [0,153811791,com.android.documentsui/.LauncherActivity,userLeaving=true,pauseBackTasks]
11-11 05:22:53.025 1514 1754 I wm_finish_activity: [0,153811791,72,com.android.documentsui/.LauncherActivity,app-request]
11-11 05:22:53.025 9716 9716 I wm_on_create_called: [153811791,com.android.documentsui.LauncherActivity,performCreate]
11-11 05:22:53.030 1514 2497 I am_proc_bound: [0,9741,android.process.media]
11-11 05:22:53.033 1514 7301 I wm_add_to_stopping: [0,153811791,com.android.documentsui/.LauncherActivity,completeFinishing]
11-11 05:22:53.033 1514 7301 I ActivityTaskManager: FOREGROUND_APPLICATION_CHANGED to com.android.documentsui.files.FilesActivity
11-11 05:22:53.034 1514 7301 I ActivityTaskManager: The Process com.android.documentsui Already Exists in BG. So sending its PID: 9716
11-11 05:22:53.034 1514 7301 W ActivityTaskManager: Tried to set launchTime (0) < mLastActivityLaunchTime (2188347)
11-11 05:22:53.034 1514 7301 I wm_add_to_stopping: [0,157690489,com.android.launcher3/.uioverrides.QuickstepLauncher,makeInvisible]
11-11 05:22:53.034 1514 7301 I wm_restart_activity: [0,195579183,73,com.android.documentsui/.files.FilesActivity]
11-11 05:22:53.035 1514 7301 I wm_set_resumed_activity: [0,com.android.documentsui/.files.FilesActivity,minimalResumeActivityLocked]
11-11 05:22:53.037 1514 1595 I wm_destroy_activity: [0,153811791,72,com.android.documentsui/.LauncherActivity,finish-imm:idle]
11-11 05:22:53.040 1514 2497 I am_uid_active: 10018
11-11 05:22:53.041 1514 1595 I sysui_multi_action: [757,803,799,window_time_0,802,0]
11-11 05:22:53.060 1514 1770 I input_focus: [Focus leaving eea03e8 com.android.launcher3/com.android.launcher3.uioverrides.QuickstepLauncher (server),reason=NO_WINDOW]
11-11 05:22:53.077 1514 1901 I GameModeConfig: isGameModeOn = false
11-11 05:22:53.077 1514 1901 I GameModeConfig: isGameModeOn = false
11-11 05:22:53.078 1514 1901 I GameModeConfig: isGameModeOn = false
11-11 05:22:53.084 1514 1901 I GameModeConfig: isGameModeOn = false
11-11 05:22:53.098 9716 9716 I wm_on_create_called: [195579183,com.android.documentsui.files.FilesActivity,performCreate]
11-11 05:22:53.102 9716 9716 I wm_on_start_called: [195579183,com.android.documentsui.files.FilesActivity,handleStartActivity]
11-11 05:22:53.102 1514 2497 I am_uid_running: 10033
11-11 05:22:53.102 1514 2497 D CompatibilityChangeReporter: Compat change id reported: 135634846; UID 10033; state: DISABLED
11-11 05:22:53.102 1514 2497 D CompatibilityChangeReporter: Compat change id reported: 177438394; UID 10033; state: DISABLED
11-11 05:22:53.102 1514 2497 D CompatibilityChangeReporter: Compat change id reported: 135772972; UID 10033; state: DISABLED
11-11 05:22:53.102 1514 2497 D CompatibilityChangeReporter: Compat change id reported: 135754954; UID 10033; state: ENABLED
11-11 05:22:53.103 1514 1615 D CompatibilityChangeReporter: Compat change id reported: 143937733; UID 10033; state: ENABLED
11-11 05:22:53.109 1514 1615 I am_proc_start: [0,9773,10033,com.android.externalstorage,content provider,{com.android.externalstorage/com.android.externalstorage.ExternalStorageProvider}]
11-11 05:22:53.109 1514 1615 I ActivityManager: Start proc 9773:com.android.externalstorage/u0a33 for content provider {com.android.externalstorage/com.android.externalstorage.ExternalStorageProvider}
11-11 05:22:53.125 1514 2497 I am_proc_bound: [0,9773,com.android.externalstorage]
11-11 05:22:53.127 1514 2497 D CompatibilityChangeReporter: Compat change id reported: 168419799; UID 10033; state: DISABLED
11-11 05:22:53.129 1514 2497 I am_uid_active: 10033
11-11 05:22:53.151 3685 3703 W ContextImpl: Calling a method in the system process without a qualified user: android.app.ContextImpl.startService:1816 android.content.ContextWrapper.startService:774 com.thundercomm.gamemode.ingame.services.GameModeActionUtils.startGameModeService:93 com.thundercomm.gamemode.ingame.services.GameModeActionUtils.startGameModeEntry:21 com.thundercomm.gamemode.ingame.services.ActivityMonitoringService$1.onActivityLaunch:126
11-11 05:22:53.155 1514 1514 I GameModeConfig: Current uri is uri = content://com.thundercomm.gamemode.api/gamemode_settings/gamemode_isgaming
11-11 05:22:53.157 1514 1514 I GameModeConfig: isGameModeOn = false
11-11 05:22:53.157 1514 1514 I GameModeConfig: isGameModeOn = false
11-11 05:22:53.157 1514 1514 I GameModeConfig: isDisableVoice = true
11-11 05:22:53.172 1514 2072 I am_uid_active: 2000
11-11 05:22:53.183 1514 6729 I am_uid_running: 10035
11-11 05:22:53.183 1514 6729 D CompatibilityChangeReporter: Compat change id reported: 135634846; UID 10035; state: DISABLED
11-11 05:22:53.183 1514 6729 D CompatibilityChangeReporter: Compat change id reported: 177438394; UID 10035; state: DISABLED
11-11 05:22:53.184 1514 6729 D CompatibilityChangeReporter: Compat change id reported: 135772972; UID 10035; state: DISABLED
11-11 05:22:53.184 1514 6729 D CompatibilityChangeReporter: Compat change id reported: 135754954; UID 10035; state: ENABLED
11-11 05:22:53.184 1514 1615 D CompatibilityChangeReporter: Compat change id reported: 143937733; UID 10035; state: ENABLED
11-11 05:22:53.195 1514 1615 I am_proc_start: [0,9790,10035,com.android.traceur,content provider,{com.android.traceur/com.android.traceur.StorageProvider}]
11-11 05:22:53.195 1514 1615 I ActivityManager: Start proc 9790:com.android.traceur/u0a35 for content provider {com.android.traceur/com.android.traceur.StorageProvider}
11-11 05:22:53.221 1514 7301 I am_proc_bound: [0,9790,com.android.traceur]
11-11 05:22:53.224 1514 7301 D CompatibilityChangeReporter: Compat change id reported: 168419799; UID 10035; state: DISABLED
11-11 05:22:53.226 1514 7301 I am_uid_active: 10035
11-11 05:22:53.269 9716 9716 I wm_on_resume_called: [195579183,com.android.documentsui.files.FilesActivity,RESUME_ACTIVITY]
11-11 05:22:53.276 9716 9716 I wm_on_top_resumed_gained_called: [195579183,com.android.documentsui.files.FilesActivity,topStateChangedWhenResumed]
11-11 05:22:53.276 9716 9716 I wm_on_destroy_called: [153811791,com.android.documentsui.LauncherActivity,performDestroy]
11-11 05:22:53.278 1514 2072 I wm_task_removed: [72,removeChild:removeChild last r=ActivityRecord{92afb4f u0 com.android.documentsui/.LauncherActivity t-1 f}} in t=Task{bf68d4b #72 type=standard A=10032:com.android.documentsui U=0 visible=false mode=fullscreen translucent=true sz=0}]
11-11 05:22:53.278 1514 2072 I wm_task_removed: [72,removeChild]
11-11 05:22:53.289 1514 1596 I input_focus: [Focus request a12e615 com.android.documentsui/com.android.documentsui.files.FilesActivity,reason=UpdateInputWindows]
11-11 05:22:53.368 1514 1592 I sysui_multi_action: [319,235,321,233,322,534,325,2188,757,761,758,7,759,1,806,com.android.documentsui,871,com.android.documentsui.files.FilesActivity,904,com.android.documentsui,905,0,945,98,1320,4,1321,1]
11-11 05:22:53.370 1514 1592 I wm_activity_launch_time: [0,195579183,com.android.documentsui/.files.FilesActivity,534]
11-11 05:22:53.379 1514 1770 I input_focus: [Focus entering a12e615 com.android.documentsui/com.android.documentsui.files.FilesActivity (server),reason=Window became focusable. Previous reason: NOT_VISIBLE]
11-11 05:22:53.399 745 745 I auditd : type=1400 audit(0.0:2659): avc: denied { kill } for comm="crtc_commit:125" capability=5 scontext=u:r:kernel:s0 tcontext=u:r:kernel:s0 tclass=capability permissive=0
11-11 05:22:53.467 1514 7301 D CompatibilityChangeReporter: Compat change id reported: 149924527; UID 10018; state: ENABLED
11-11 05:22:53.468 1514 7301 D CompatibilityChangeReporter: Compat change id reported: 132649864; UID 10018; state: DISABLED
11-11 05:22:53.469 1514 7301 D CompatibilityChangeReporter: Compat change id reported: 182734110; UID 10018; state: ENABLED
11-11 05:22:53.619 1514 1595 I wm_stop_activity: [0,157690489,com.android.launcher3/.uioverrides.QuickstepLauncher]
11-11 05:22:53.643 2503 2503 I wm_on_stop_called: [157690489,com.android.launcher3.uioverrides.QuickstepLauncher,STOP_ACTIVITY_ITEM]
11-11 05:22:53.655 3685 3703 W ContextImpl: Calling a method in the system process without a qualified user: android.app.ContextImpl.startService:1816 android.content.ContextWrapper.startService:774 com.thundercomm.gamemode.ingame.services.GameModeActionUtils.startGameModeService:93 com.thundercomm.gamemode.ingame.services.GameModeActionUtils.startGameModeEntry:21 com.thundercomm.gamemode.ingame.services.ActivityMonitoringService$1.onActivityLaunch:126
11-11 05:22:53.660 1514 1514 I GameModeConfig: Current uri is uri = content://com.thundercomm.gamemode.api/gamemode_settings/gamemode_isgaming
11-11 05:22:53.661 1514 1514 I GameModeConfig: isGameModeOn = false
11-11 05:22:53.661 1514 1514 I GameModeConfig: isGameModeOn = false
11-11 05:22:53.661 1514 1514 I GameModeConfig: isDisableVoice = true
11-11 05:22:54.399 0 0 I auditd : type=1400 audit(0.0:2660): avc: denied { kill } for comm="swapper/2" capability=5 scontext=u:r:kernel:s0 tcontext=u:r:kernel:s0 tclass=capability permissive=0
11-11 05:22:54.669 1514 1770 I input_interaction: Interaction with: a12e615 com.android.documentsui/com.android.documentsui.files.FilesActivity (server), edge-swipe (server), swipe-up (server), PointerEventDispatcher0 (server),
11-11 05:22:54.903 1514 2072 D CompatibilityChangeReporter: Compat change id reported: 149924527; UID 10033; state: ENABLED
11-11 05:22:54.903 1514 2072 D CompatibilityChangeReporter: Compat change id reported: 132649864; UID 10033; state: DISABLED
11-11 05:22:56.399 0 0 I auditd : type=1400 audit(0.0:2661): avc: denied { kill } for comm="swapper/2" capability=5 scontext=u:r:kernel:s0 tcontext=u:r:kernel:s0 tclass=capability permissive=0
11-11 05:22:56.881 1514 2742 E TaskPersister: File error accessing recents directory (directory doesn't exist?).
11-11 05:22:57.903 1156 9712 I iorapd : Perfetto TraceBuffer saved to file: /data/misc/iorapd/com.android.documentsui/31/com.android.documentsui.LauncherActivity/raw_traces/1668115377901567396.perfetto_trace.pb
11-11 05:22:58.399 0 0 I auditd : type=1400 audit(0.0:2662): avc: denied { kill } for comm="swapper/2" capability=5 scontext=u:r:kernel:s0 tcontext=u:r:kernel:s0 tclass=capability permissive=0
11-11 05:22:59.399 0 0 I auditd : type=1400 audit(0.0:2663): avc: denied { kill } for comm="swapper/2" capability=5 scontext=u:r:kernel:s0 tcontext=u:r:kernel:s0 tclass=capability permissive=0
11-11 05:23:00.127 1514 2040 I ActivityTaskManager: START u0 {act=android.intent.action.VIEW dat=content://com.android.externalstorage.documents/document/primary:t/gequ.mp3 typ=audio/mpeg flg=0x20000003 cmp=com.android.music/.AudioPreview} from uid 10032
11-11 05:23:00.134 1514 2040 I wm_task_moved: [73,1,7]
11-11 05:23:00.134 1514 2040 I wm_set_resumed_activity: [0,com.android.documentsui/.files.FilesActivity,positionChildAt]
11-11 05:23:00.136 1514 2040 I wm_create_activity: [0,194780607,73,com.android.music/.AudioPreview,android.intent.action.VIEW,audio/mpeg,content://com.android.externalstorage.documents/document/primary:t/gequ.mp3,545259523]
11-11 05:23:00.139 1514 2040 D CompatibilityChangeReporter: Compat change id reported: 168419799; UID 10086; state: DISABLED
11-11 05:23:00.141 1514 2040 I wm_pause_activity: [0,195579183,com.android.documentsui/.files.FilesActivity,userLeaving=true,resumeTopActivityInnerLocked]
11-11 05:23:00.147 9716 9716 I wm_on_top_resumed_lost_called: [195579183,com.android.documentsui.files.FilesActivity,topStateChangedWhenResumed]
11-11 05:23:00.151 9716 9716 I wm_on_paused_called: [195579183,com.android.documentsui.files.FilesActivity,performPause]
11-11 05:23:00.152 1514 7301 I ActivityTaskManager: FOREGROUND_APPLICATION_CHANGED to com.android.music.AudioPreview
11-11 05:23:00.152 1514 7301 I ActivityTaskManager: The Process com.android.music Already Exists in BG. So sending its PID: 9604
11-11 05:23:00.155 1514 7301 W ActivityTaskManager: Tried to set launchTime (0) < mLastActivityLaunchTime (2071603)
11-11 05:23:00.157 1514 7301 I wm_restart_activity: [0,194780607,73,com.android.music/.AudioPreview]
11-11 05:23:00.158 1514 7301 I wm_set_resumed_activity: [0,com.android.music/.AudioPreview,minimalResumeActivityLocked]
11-11 05:23:00.170 3685 3703 W ContextImpl: Calling a method in the system process without a qualified user: android.app.ContextImpl.startService:1816 android.content.ContextWrapper.startService:774 com.thundercomm.gamemode.ingame.services.GameModeActionUtils.startGameModeService:93 com.thundercomm.gamemode.ingame.services.GameModeActionUtils.startGameModeEntry:21 com.thundercomm.gamemode.ingame.services.ActivityMonitoringService$1.onActivityLaunch:126
11-11 05:23:00.174 1514 1595 I sysui_multi_action: [757,803,799,window_time_0,802,7]
11-11 05:23:00.176 1514 1514 I GameModeConfig: Current uri is uri = content://com.thundercomm.gamemode.api/gamemode_settings/gamemode_isgaming
11-11 05:23:00.182 1514 1514 I GameModeConfig: isGameModeOn = false
11-11 05:23:00.183 1514 1514 I GameModeConfig: isGameModeOn = false
11-11 05:23:00.183 1514 1514 I GameModeConfig: isDisableVoice = true
11-11 05:23:00.231 1514 2040 D CompatibilityChangeReporter: Compat change id reported: 182734110; UID 10033; state: ENABLED
11-11 05:23:00.250 9604 9604 I wm_on_create_called: [194780607,com.android.music.AudioPreview,performCreate]
11-11 05:23:00.253 9604 9604 I wm_on_start_called: [194780607,com.android.music.AudioPreview,handleStartActivity]
11-11 05:23:00.253 9604 9604 I wm_on_resume_called: [194780607,com.android.music.AudioPreview,RESUME_ACTIVITY]
11-11 05:23:00.257 9604 9604 I wm_on_top_resumed_gained_called: [194780607,com.android.music.AudioPreview,topStateChangedWhenResumed]
11-11 05:23:00.270 1514 1596 I input_focus: [Focus request d2f4653 com.android.music/com.android.music.AudioPreview,reason=UpdateInputWindows]
11-11 05:23:00.276 3685 3703 W ContextImpl: Calling a method in the system process without a qualified user: android.app.ContextImpl.startService:1816 android.content.ContextWrapper.startService:774 com.thundercomm.gamemode.ingame.services.GameModeActionUtils.startGameModeService:93 com.thundercomm.gamemode.ingame.services.GameModeActionUtils.startGameModeEntry:21 com.thundercomm.gamemode.ingame.services.ActivityMonitoringService$1.onActivityLaunch:126
11-11 05:23:00.282 1514 1514 I GameModeConfig: Current uri is uri = content://com.thundercomm.gamemode.api/gamemode_settings/gamemode_isgaming
11-11 05:23:00.283 1514 1770 I input_focus: [Focus leaving a12e615 com.android.documentsui/com.android.documentsui.files.FilesActivity (server),reason=Waiting for window because NOT_VISIBLE]
11-11 05:23:00.288 1514 1514 I GameModeConfig: isGameModeOn = false
11-11 05:23:00.288 1514 1514 I GameModeConfig: isGameModeOn = false
11-11 05:23:00.288 1514 1514 I GameModeConfig: isDisableVoice = true
11-11 05:23:00.302 1514 1592 I sysui_multi_action: [319,173,322,172,325,2195,757,761,758,8,759,2,806,com.android.music,871,com.android.music.AudioPreview,904,com.android.documentsui,905,0,1320,4,1321,1]
11-11 05:23:00.303 1514 1592 I wm_activity_launch_time: [0,194780607,com.android.music/.AudioPreview,172]
11-11 05:23:00.311 1514 1770 I input_focus: [Focus entering d2f4653 com.android.music/com.android.music.AudioPreview (server),reason=Window became focusable. Previous reason: NOT_VISIBLE]
11-11 05:23:01.553 1514 1770 I input_interaction: Interaction with: d2f4653 com.android.music/com.android.music.AudioPreview (server), edge-swipe (server), swipe-up (server), PointerEventDispatcher0 (server),
11-11 05:23:01.647 1514 2040 I snet_event_log: [172655291,-1,]
11-11 05:23:02.399 0 0 I auditd : type=1400 audit(0.0:2664): avc: denied { kill } for comm="swapper/2" capability=5 scontext=u:r:kernel:s0 tcontext=u:r:kernel:s0 tclass=capability permissive=0
11-11 05:23:03.071 1514 1514 I service_manager_stats: [100,85,66461]
11-11 05:23:03.154 1514 9595 I wm_finish_activity: [0,194780607,73,com.android.music/.AudioPreview,app-request]
11-11 05:23:03.167 1514 9595 I wm_pause_activity: [0,194780607,com.android.music/.AudioPreview,userLeaving=false,finish]
11-11 05:23:03.172 9604 9604 I wm_on_top_resumed_lost_called: [194780607,com.android.music.AudioPreview,topStateChangedWhenResumed]
11-11 05:23:03.176 9604 9604 I wm_on_paused_called: [194780607,com.android.music.AudioPreview,performPause]
11-11 05:23:03.179 1514 2040 I ActivityTaskManager: FOREGROUND_APPLICATION_CHANGED to com.android.documentsui.files.FilesActivity
11-11 05:23:03.184 1514 2040 I wm_set_resumed_activity: [0,com.android.documentsui/.files.FilesActivity,resumeTopActivityInnerLocked]
11-11 05:23:03.188 1514 2040 I wm_resume_activity: [0,195579183,73,com.android.documentsui/.files.FilesActivity]
11-11 05:23:03.189 9716 9716 I wm_on_resume_called: [195579183,com.android.documentsui.files.FilesActivity,RESUME_ACTIVITY]
11-11 05:23:03.202 9716 9716 I wm_on_top_resumed_gained_called: [195579183,com.android.documentsui.files.FilesActivity,topWhenResuming]
11-11 05:23:03.202 1514 1770 I input_focus: [Focus leaving d2f4653 com.android.music/com.android.music.AudioPreview (server),reason=NO_WINDOW]
11-11 05:23:03.208 1514 1596 I input_focus: [Focus request a12e615 com.android.documentsui/com.android.documentsui.files.FilesActivity,reason=UpdateInputWindows]
11-11 05:23:03.208 1514 1595 I sysui_multi_action: [757,803,799,window_time_0,802,3]
11-11 05:23:03.224 1514 1770 I input_focus: [Focus entering a12e615 com.android.documentsui/com.android.documentsui.files.FilesActivity (server),reason=setFocusedWindow]
11-11 05:23:03.241 1514 1612 I am_pss : [9716,10032,com.android.documentsui,84432896,76324864,0,214085632,0,2,8]
11-11 05:23:03.298 3685 3703 W ContextImpl: Calling a method in the system process without a qualified user: android.app.ContextImpl.startService:1816 android.content.ContextWrapper.startService:774 com.thundercomm.gamemode.ingame.services.GameModeActionUtils.startGameModeService:93 com.thundercomm.gamemode.ingame.services.GameModeActionUtils.startGameModeEntry:21 com.thundercomm.gamemode.ingame.services.ActivityMonitoringService$1.onActivityLaunch:126
11-11 05:23:03.304 1514 9595 I wm_destroy_activity: [0,194780607,73,com.android.music/.AudioPreview,finish-idle]
11-11 05:23:03.306 1514 1514 I GameModeConfig: Current uri is uri = content://com.thundercomm.gamemode.api/gamemode_settings/gamemode_isgaming
11-11 05:23:03.307 1514 1514 I GameModeConfig: isGameModeOn = false
11-11 05:23:03.307 1514 1514 I GameModeConfig: isGameModeOn = false
11-11 05:23:03.307 1514 1514 I GameModeConfig: isDisableVoice = true
11-11 05:23:03.310 9604 9604 I wm_on_stop_called: [194780607,com.android.music.AudioPreview,LIFECYCLER_STOP_ACTIVITY]
11-11 05:23:03.314 3685 3703 W ContextImpl: Calling a method in the system process without a qualified user: android.app.ContextImpl.startService:1816 android.content.ContextWrapper.startService:774 com.thundercomm.gamemode.ingame.services.GameModeActionUtils.startGameModeService:93 com.thundercomm.gamemode.ingame.services.GameModeActionUtils.startGameModeEntry:21 com.thundercomm.gamemode.ingame.services.ActivityMonitoringService$1.onActivityLaunch:126
11-11 05:23:03.317 1514 1514 I GameModeConfig: Current uri is uri = content://com.thundercomm.gamemode.api/gamemode_settings/gamemode_isgaming
11-11 05:23:03.321 9604 9604 I wm_on_destroy_called: [194780607,com.android.music.AudioPreview,performDestroy]
11-11 05:23:03.326 1514 1514 I GameModeConfig: isGameModeOn = false
11-11 05:23:03.326 1514 1514 I GameModeConfig: isGameModeOn = false
11-11 05:23:03.326 1514 1514 I GameModeConfig: isDisableVoice = true
11-11 05:23:03.614 1514 1770 I input_interaction: Interaction with: a12e615 com.android.documentsui/com.android.documentsui.files.FilesActivity (server), edge-swipe (server), swipe-up (server), PointerEventDispatcher0 (server),
11-11 05:23:03.751 1514 9595 I ActivityTaskManager: START u0 {act=android.intent.action.VIEW dat=content://com.android.externalstorage.documents/document/primary:t/Food.mp4 typ=video/mp4 flg=0x20000003 cmp=com.android.gallery3d/.app.MovieActivity} from uid 10032
11-11 05:23:03.755 1514 9595 D CompatibilityChangeReporter: Compat change id reported: 174042980; UID 10068; state: DISABLED
11-11 05:23:03.756 1514 9595 D CompatibilityChangeReporter: Compat change id reported: 184838306; UID 10068; state: DISABLED
11-11 05:23:03.757 1514 9595 D CompatibilityChangeReporter: Compat change id reported: 185004937; UID 10068; state: DISABLED
11-11 05:23:03.758 1514 9595 D CompatibilityChangeReporter: Compat change id reported: 181136395; UID 10068; state: DISABLED
11-11 05:23:03.759 1514 9595 D CompatibilityChangeReporter: Compat change id reported: 174042936; UID 10068; state: DISABLED
11-11 05:23:03.760 1514 9595 I wm_task_moved: [73,1,7]
11-11 05:23:03.760 1514 9595 I wm_set_resumed_activity: [0,com.android.documentsui/.files.FilesActivity,positionChildAt]
11-11 05:23:03.762 1514 9595 I wm_create_activity: [0,178444817,73,com.android.gallery3d/.app.MovieActivity,android.intent.action.VIEW,video/mp4,content://com.android.externalstorage.documents/document/primary:t/Food.mp4,536870915]
11-11 05:23:03.764 1514 9595 D CompatibilityChangeReporter: Compat change id reported: 168419799; UID 10068; state: DISABLED
11-11 05:23:03.766 1514 9595 I wm_pause_activity: [0,195579183,com.android.documentsui/.files.FilesActivity,userLeaving=true,resumeTopActivityInnerLocked]
11-11 05:23:03.772 1514 1595 I am_uid_running: 10068
11-11 05:23:03.772 9716 9716 I wm_on_top_resumed_lost_called: [195579183,com.android.documentsui.files.FilesActivity,topStateChangedWhenResumed]
11-11 05:23:03.773 1514 1595 D CompatibilityChangeReporter: Compat change id reported: 135634846; UID 10068; state: DISABLED
11-11 05:23:03.773 1514 1595 D CompatibilityChangeReporter: Compat change id reported: 177438394; UID 10068; state: DISABLED
11-11 05:23:03.773 1514 1595 D CompatibilityChangeReporter: Compat change id reported: 135772972; UID 10068; state: DISABLED
11-11 05:23:03.773 1514 1595 D CompatibilityChangeReporter: Compat change id reported: 135754954; UID 10068; state: DISABLED
11-11 05:23:03.773 1514 1615 D CompatibilityChangeReporter: Compat change id reported: 143937733; UID 10068; state: DISABLED
11-11 05:23:03.775 9716 9716 I wm_on_paused_called: [195579183,com.android.documentsui.files.FilesActivity,performPause]
11-11 05:23:03.775 1514 9595 I ActivityTaskManager: FOREGROUND_APPLICATION_CHANGED to com.android.gallery3d.app.MovieActivity
11-11 05:23:03.776 1514 9595 I wm_add_to_stopping: [0,195579183,com.android.documentsui/.files.FilesActivity,makeInvisible]
11-11 05:23:03.786 1514 1595 I sysui_multi_action: [757,803,799,window_time_0,802,1]
11-11 05:23:03.787 1514 1615 I am_proc_start: [0,9882,10068,com.android.gallery3d,pre-top-activity,{com.android.gallery3d/com.android.gallery3d.app.MovieActivity}]
11-11 05:23:03.787 1514 1615 I ActivityManager: Start proc 9882:com.android.gallery3d/u0a68 for pre-top-activity {com.android.gallery3d/com.android.gallery3d.app.MovieActivity}
11-11 05:23:03.788 1514 9883 W ContextImpl: Calling a method in the system process without a qualified user: android.app.ContextImpl.sendBroadcast:1173 com.qualcomm.qti.Performance$SendGameLaunchBroadcast.run:217 java.lang.Thread.run:920
11-11 05:23:03.801 1514 2040 I am_proc_bound: [0,9882,com.android.gallery3d]
11-11 05:23:03.806 1514 1770 I input_focus: [Focus leaving a12e615 com.android.documentsui/com.android.documentsui.files.FilesActivity (server),reason=NO_WINDOW]
11-11 05:23:03.811 1514 2040 I wm_restart_activity: [0,178444817,73,com.android.gallery3d/.app.MovieActivity]
11-11 05:23:03.812 1514 2040 I wm_set_resumed_activity: [0,com.android.gallery3d/.app.MovieActivity,minimalResumeActivityLocked]
11-11 05:23:03.814 1514 1595 I am_uid_active: 10068
11-11 05:23:03.834 3685 3703 W ContextImpl: Calling a method in the system process without a qualified user: android.app.ContextImpl.startService:1816 android.content.ContextWrapper.startService:774 com.thundercomm.gamemode.ingame.services.GameModeActionUtils.startGameModeService:93 com.thundercomm.gamemode.ingame.services.GameModeActionUtils.startGameModeEntry:21 com.thundercomm.gamemode.ingame.services.ActivityMonitoringService$1.onActivityLaunch:126
11-11 05:23:03.838 1514 1514 I GameModeConfig: Current uri is uri = content://com.thundercomm.gamemode.api/gamemode_settings/gamemode_isgaming
11-11 05:23:03.840 1514 1514 I GameModeConfig: isGameModeOn = false
11-11 05:23:03.840 1514 1514 I GameModeConfig: isGameModeOn = false
11-11 05:23:03.840 1514 1514 I GameModeConfig: isDisableVoice = true
11-11 05:23:03.880 3685 3703 W ContextImpl: Calling a method in the system process without a qualified user: android.app.ContextImpl.startService:1816 android.content.ContextWrapper.startService:774 com.thundercomm.gamemode.ingame.services.GameModeActionUtils.startGameModeService:93 com.thundercomm.gamemode.ingame.services.GameModeActionUtils.startGameModeEntry:21 com.thundercomm.gamemode.ingame.services.ActivityMonitoringService$1.onActivityLaunch:126
11-11 05:23:03.883 1514 1514 I GameModeConfig: Current uri is uri = content://com.thundercomm.gamemode.api/gamemode_settings/gamemode_isgaming
11-11 05:23:03.885 1514 1514 I GameModeConfig: isGameModeOn = false
11-11 05:23:03.886 1514 1514 I GameModeConfig: isGameModeOn = false
11-11 05:23:03.886 1514 1514 I GameModeConfig: isDisableVoice = true
11-11 05:23:03.887 9882 9882 I wm_on_create_called: [178444817,com.android.gallery3d.app.MovieActivity,performCreate]
11-11 05:23:03.890 9882 9882 I wm_on_start_called: [178444817,com.android.gallery3d.app.MovieActivity,handleStartActivity]
11-11 05:23:03.891 9882 9882 I wm_on_resume_called: [178444817,com.android.gallery3d.app.MovieActivity,RESUME_ACTIVITY]
11-11 05:23:03.896 9882 9882 I wm_on_top_resumed_gained_called: [178444817,com.android.gallery3d.app.MovieActivity,topStateChangedWhenResumed]
11-11 05:23:03.907 1514 1596 I input_focus: [Focus request a4965dc com.android.gallery3d/com.android.gallery3d.app.MovieActivity,reason=UpdateInputWindows]
11-11 05:23:03.908 1514 1901 I GameModeConfig: isGameModeOn = false
11-11 05:23:03.908 1514 1901 I GameModeConfig: isGameModeOn = false
11-11 05:23:03.908 1514 1901 I GameModeConfig: isGameModeOn = false
11-11 05:23:03.908 1514 1901 I GameModeConfig: isGameModeOn = false
11-11 05:23:03.909 1998 1998 I sysui_multi_action: [757,111,758,2]
11-11 05:23:03.910 1998 1998 I sysui_multi_action: [757,111,758,2]
11-11 05:23:03.911 1514 1514 I notification_enqueue: [10082,1998,com.android.systemui,2048,NULL,0,Notification(channel=updateNotification shortcut=null contentView=null vibrate=null sound=null defaults=0x0 flags=0x0 color=0x00000000 vis=PRIVATE),1]
11-11 05:23:03.930 1998 1998 I sysui_multi_action: [757,111,758,1]
11-11 05:23:03.930 1998 1998 I sysui_multi_action: [757,126,758,1,759,126,927,0,928,1,1593,0]
11-11 05:23:03.930 1998 1998 I sysui_multi_action: [757,113,758,1,759,113,927,1,928,1,1593,0]
11-11 05:23:03.930 1998 1998 I sysui_multi_action: [757,0,758,1,759,0,927,2,928,0,1593,0]
11-11 05:23:03.930 1998 1998 I sysui_multi_action: [757,0,758,1,759,0,927,3,928,0,1593,0]
11-11 05:23:03.930 1998 1998 I sysui_multi_action: [757,491,758,1,759,491,927,4,928,0,1311,-1,1593,0]
11-11 05:23:03.930 1998 1998 I sysui_multi_action: [757,0,758,1,759,0,927,5,928,0,1593,0]
11-11 05:23:03.930 1998 1998 I sysui_multi_action: [757,111,758,1]
11-11 05:23:03.930 1998 1998 I sysui_multi_action: [757,126,758,1,759,126,927,0,928,1,1593,0]
11-11 05:23:03.930 1998 1998 I sysui_multi_action: [757,113,758,1,759,113,927,1,928,1,1593,0]
11-11 05:23:03.930 1998 1998 I sysui_multi_action: [757,0,758,1,759,0,927,2,928,0,1593,0]
11-11 05:23:03.930 1998 1998 I sysui_multi_action: [757,0,758,1,759,0,927,3,928,0,1593,0]
11-11 05:23:04.016 1514 1592 I sysui_multi_action: [319,76,321,74,322,262,325,2199,757,761,758,7,759,1,806,com.android.gallery3d,871,com.android.gallery3d.app.MovieActivity,904,com.android.documentsui,905,0,945,56,1320,4,1321,1]
11-11 05:23:04.021 1514 1770 I input_focus: [Focus entering a4965dc com.android.gallery3d/com.android.gallery3d.app.MovieActivity (server),reason=Window became focusable. Previous reason: NOT_VISIBLE]
11-11 05:23:04.028 1514 1592 I wm_activity_launch_time: [0,178444817,com.android.gallery3d/.app.MovieActivity,262]
11-11 05:23:04.116 1514 1514 I GameModeConfig: isGameModeOn = false
11-11 05:23:04.119 1514 1514 I sysui_multi_action: [757,1501,758,1,793,2178239,794,0,795,211,796,2048,806,com.android.systemui,857,updateNotification,858,3,947,0,1500,0,1688,1]
11-11 05:23:04.120 1514 1514 I sysui_multi_action: [757,804,799,note_interruptive,801,0,802,1]
11-11 05:23:04.120 1514 1514 I sysui_multi_action: [757,199,758,1,759,2,793,2178240,794,0,795,212,796,2048,806,com.android.systemui,857,updateNotification,858,3,947,0,1500,1,1688,1]
11-11 05:23:04.120 1514 1514 I notification_alert: [0|com.android.systemui|2048|null|10082,0,1,0]
11-11 05:23:04.121 1514 1514 W NotificationHistory: Attempted to add notif for locked/gone/disabled user 0
11-11 05:23:04.132 1514 9595 I snet_event_log: [172655291,-1,]
11-11 05:23:04.220 1514 1595 I wm_stop_activity: [0,195579183,com.android.documentsui/.files.FilesActivity]
11-11 05:23:04.252 9716 9716 I wm_on_stop_called: [195579183,com.android.documentsui.files.FilesActivity,STOP_ACTIVITY_ITEM]
11-11 05:23:04.291 3685 3703 W ContextImpl: Calling a method in the system process without a qualified user: android.app.ContextImpl.startService:1816 android.content.ContextWrapper.startService:774 com.thundercomm.gamemode.ingame.services.GameModeActionUtils.startGameModeService:93 com.thundercomm.gamemode.ingame.services.GameModeActionUtils.startGameModeEntry:21 com.thundercomm.gamemode.ingame.services.ActivityMonitoringService$1.onActivityLaunch:126
11-11 05:23:04.295 1514 1514 I GameModeConfig: Current uri is uri = content://com.thundercomm.gamemode.api/gamemode_settings/gamemode_isgaming
11-11 05:23:04.297 1514 1514 I GameModeConfig: isGameModeOn = false
11-11 05:23:04.297 1514 1514 I GameModeConfig: isGameModeOn = false
11-11 05:23:04.297 1514 1514 I GameModeConfig: isDisableVoice = true
11-11 05:23:04.690 1514 1593 D CompatibilityChangeReporter: Compat change id reported: 168419799; UID 1000; state: DISABLED
11-11 05:23:04.715 1514 1596 I input_focus: [Focus request 1341b96 ImmersiveModeConfirmation,reason=UpdateInputWindows]
11-11 05:23:04.724 1514 1770 I input_focus: [Focus leaving a4965dc com.android.gallery3d/com.android.gallery3d.app.MovieActivity (server),reason=Waiting for window because NOT_VISIBLE]
11-11 05:23:04.757 1514 1770 I input_focus: [Focus entering 1341b96 ImmersiveModeConfirmation (server),reason=Window became focusable. Previous reason: NOT_VISIBLE]
11-11 05:23:05.294 1514 1770 I input_interaction: Interaction with: a4965dc com.android.gallery3d/com.android.gallery3d.app.MovieActivity (server), edge-swipe (server), swipe-up (server), PointerEventDispatcher0 (server),
11-11 05:23:05.357 1514 1596 I input_focus: [Focus request a4965dc com.android.gallery3d/com.android.gallery3d.app.MovieActivity,reason=UpdateInputWindows]
11-11 05:23:05.375 1514 1770 I input_focus: [Focus entering a4965dc com.android.gallery3d/com.android.gallery3d.app.MovieActivity (server),reason=setFocusedWindow]
11-11 05:23:06.012 1514 1754 I snet_event_log: [172655291,-1,]
11-11 05:23:06.399 9549 9549 I auditd : type=1400 audit(0.0:2665): avc: denied { kill } for comm="kworker/u17:4" capability=5 scontext=u:r:kernel:s0 tcontext=u:r:kernel:s0 tclass=capability permissive=0
11-11 05:23:06.768 1514 2742 E TaskPersister: File error accessing recents directory (directory doesn't exist?).
11-11 05:23:07.053 1514 2072 I wm_task_moved: [39,0,0]
11-11 05:23:07.053 1514 2072 I wm_task_moved: [39,0,6]
11-11 05:23:07.072 3685 3703 W ContextImpl: Calling a method in the system process without a qualified user: android.app.ContextImpl.startService:1816 android.content.ContextWrapper.startService:774 com.thundercomm.gamemode.ingame.services.GameModeActionUtils.startGameModeService:93 com.thundercomm.gamemode.ingame.services.GameModeActionUtils.startGameModeEntry:21 com.thundercomm.gamemode.ingame.services.ActivityMonitoringService$1.onActivityLaunch:126
11-11 05:23:07.079 2503 2503 I wm_on_restart_called: [157690489,com.android.launcher3.uioverrides.QuickstepLauncher,performRestartActivity]
11-11 05:23:07.079 1514 1514 I GameModeConfig: Current uri is uri = content://com.thundercomm.gamemode.api/gamemode_settings/gamemode_isgaming
11-11 05:23:07.087 1514 1514 I GameModeConfig: isGameModeOn = false
11-11 05:23:07.088 1514 1514 I GameModeConfig: isGameModeOn = false
11-11 05:23:07.088 1514 1514 I GameModeConfig: isDisableVoice = true
11-11 05:23:07.115 2503 2503 I wm_on_start_called: [157690489,com.android.launcher3.uioverrides.QuickstepLauncher,handleStartActivity]
11-11 05:23:07.116 9882 9882 I view_enqueue_input_event: [Motion - Cancel,com.android.gallery3d/com.android.gallery3d.app.MovieActivity]
11-11 05:23:07.119 1514 1596 I input_focus: [Focus request recents_animation_input_consumer,reason=UpdateInputWindows]
11-11 05:23:07.120 1514 1770 I input_interaction: Interaction with: edge-swipe (server), swipe-up (server), PointerEventDispatcher0 (server),
11-11 05:23:07.126 2503 2503 I sysui_latency: [1,98]
11-11 05:23:07.127 1514 1770 I input_focus: [Focus leaving a4965dc com.android.gallery3d/com.android.gallery3d.app.MovieActivity (server),reason=NOT_FOCUSABLE]
11-11 05:23:07.127 1514 1770 I input_focus: [Focus entering recents_animation_input_consumer (server),reason=setFocusedWindow]
11-11 05:23:07.140 1514 1592 I sysui_multi_action: [319,11,322,79,325,2202,757,761,758,9,759,5,806,com.android.launcher3,871,com.android.launcher3.uioverrides.QuickstepLauncher,904,com.android.launcher3,905,0,1320,8,1321,5]
11-11 05:23:07.291 1514 1715 I commit_sys_config_file: [settings-1-0,9]
11-11 05:23:07.399 0 0 I auditd : type=1400 audit(0.0:2666): avc: denied { kill } for comm="swapper/2" capability=5 scontext=u:r:kernel:s0 tcontext=u:r:kernel:s0 tclass=capability permissive=0
11-11 05:23:07.434 1514 1612 I sysui_latency: [8,100]
11-11 05:23:07.859 1514 2072 I wm_task_moved: [39,1,7]
11-11 05:23:07.859 1514 2072 I wm_task_moved: [40,1,2147483647]
11-11 05:23:07.859 1514 2072 I wm_task_to_front: [0,40]
11-11 05:23:07.860 1514 2072 I wm_focused_root_task: [0,0,39,73,RecentsAnimation.onAnimationFinished()]
11-11 05:23:07.860 9882 9882 I wm_on_top_resumed_lost_called: [178444817,com.android.gallery3d.app.MovieActivity,topStateChangedWhenResumed]
11-11 05:23:07.860 1514 2072 I wm_set_resumed_activity: [0,com.android.launcher3/.uioverrides.QuickstepLauncher,RecentsAnimation.onAnimationFinished()]
11-11 05:23:07.861 1514 2072 I wm_pause_activity: [0,178444817,com.android.gallery3d/.app.MovieActivity,userLeaving=true,pauseBackTasks]
11-11 05:23:07.861 1514 2072 I wm_add_to_stopping: [0,178444817,com.android.gallery3d/.app.MovieActivity,makeInvisible]
11-11 05:23:07.861 1514 2072 I ActivityTaskManager: FOREGROUND_APPLICATION_CHANGED to com.android.launcher3.uioverrides.QuickstepLauncher
