11-11 05:23:41.399 0 0 I auditd : type=1400 audit(0.0:2688): avc: denied { kill } for comm="swapper/1" capability=5 scontext=u:r:kernel:s0 tcontext=u:r:kernel:s0 tclass=capability permissive=0
11-11 05:23:41.446 1514 1770 I input_interaction: Interaction with: eea03e8 com.android.launcher3/com.android.launcher3.uioverrides.QuickstepLauncher (server), 8068647 com.android.systemui.ImageWallpaper (server), edge-swipe (server), swipe-up (server), PointerEventDispatcher0 (server),
11-11 05:23:41.511 1156 10124 I iorapd : Perfetto TraceBuffer saved to file: /data/misc/iorapd/com.android.gallery3d/40030/com.android.gallery3d.app.MovieActivity/raw_traces/1668115421510671337.perfetto_trace.pb
11-11 05:23:41.631 2503 2503 I view_enqueue_input_event: [Motion - Cancel,com.android.launcher3/com.android.launcher3.uioverrides.QuickstepLauncher]
11-11 05:23:41.638 1514 1770 I input_interaction: Interaction with: edge-swipe (server), swipe-up (server), PointerEventDispatcher0 (server),
11-11 05:23:41.783 1514 1715 I commit_sys_config_file: [settings-1-0,3]
11-11 05:23:42.118 1514 1715 I commit_sys_config_file: [settings-1-0,7]
11-11 05:23:43.399 0 0 I auditd : type=1400 audit(0.0:2689): avc: denied { kill } for comm="swapper/1" capability=5 scontext=u:r:kernel:s0 tcontext=u:r:kernel:s0 tclass=capability permissive=0
11-11 05:23:43.791 1514 1770 I input_interaction: Interaction with: eea03e8 com.android.launcher3/com.android.launcher3.uioverrides.QuickstepLauncher (server), 8068647 com.android.systemui.ImageWallpaper (server), edge-swipe (server), swipe-up (server), PointerEventDispatcher0 (server),
11-11 05:23:43.896 1514 1921 I ActivityTaskManager: START u0 {flg=0x10008000 cmp=com.android.gallery3d/.app.MovieActivity} from uid 10079
11-11 05:23:43.903 1514 1921 I wm_task_created: [78,-1]
11-11 05:23:43.903 1514 1921 W ActivityTaskManager: Can't find TaskDisplayArea to determine support for multi window. Task id=78 attached=false
11-11 05:23:43.905 1514 1921 D FreeFormWindowHelper: Add freeform task=Task{f1e135a #78 type=standard ?? U=0 visible=false mode=freeform translucent=true sz=0}
11-11 05:23:43.909 1514 1921 I wm_task_moved: [78,1,7]
11-11 05:23:43.909 1514 1921 I wm_task_to_front: [0,78]
11-11 05:23:43.910 1514 1921 I wm_create_task: [0,78]
11-11 05:23:43.910 1514 1921 I wm_create_activity: [0,189782411,78,com.android.gallery3d/.app.MovieActivity,NULL,NULL,NULL,268468224]
11-11 05:23:43.910 1514 1921 I wm_task_moved: [78,1,7]
11-11 05:23:43.911 1514 1921 I ActivityTaskManager: FOREGROUND_APPLICATION_CHANGED to com.android.gallery3d.app.MovieActivity
11-11 05:23:43.912 1514 1921 I ActivityTaskManager: The Process com.android.gallery3d Already Exists in BG. So sending its PID: 10129
11-11 05:23:43.912 1514 1921 W ActivityTaskManager: Tried to set launchTime (0) < mLastActivityLaunchTime (2231946)
11-11 05:23:43.914 1514 1921 I wm_restart_activity: [0,189782411,78,com.android.gallery3d/.app.MovieActivity]
11-11 05:23:43.915 1514 1921 I wm_set_resumed_activity: [0,com.android.gallery3d/.app.MovieActivity,minimalResumeActivityLocked]
11-11 05:23:43.924 2503 2503 I wm_on_top_resumed_lost_called: [157690489,com.android.launcher3.uioverrides.QuickstepLauncher,topStateChangedWhenResumed]
11-11 05:23:43.944 3685 3703 W ContextImpl: Calling a method in the system process without a qualified user: android.app.ContextImpl.startService:1816 android.content.ContextWrapper.startService:774 com.thundercomm.gamemode.ingame.services.GameModeActionUtils.startGameModeService:93 com.thundercomm.gamemode.ingame.services.GameModeActionUtils.startGameModeEntry:21 com.thundercomm.gamemode.ingame.services.ActivityMonitoringService$1.onActivityLaunch:126
11-11 05:23:43.948 1514 1514 I GameModeConfig: Current uri is uri = content://com.thundercomm.gamemode.api/gamemode_settings/gamemode_isgaming
11-11 05:23:43.952 1514 1514 I GameModeConfig: isGameModeOn = false
11-11 05:23:43.955 1514 1514 I GameModeConfig: isGameModeOn = false
11-11 05:23:43.955 1514 1514 I GameModeConfig: isDisableVoice = true
11-11 05:23:43.972 10129 10129 E AndroidRuntime: FATAL EXCEPTION: main
11-11 05:23:43.972 10129 10129 E AndroidRuntime: Process: com.android.gallery3d, PID: 10129
11-11 05:23:43.972 10129 10129 E AndroidRuntime: java.lang.RuntimeException: Unable to start activity ComponentInfo{com.android.gallery3d/com.android.gallery3d.app.MovieActivity}: java.lang.NullPointerException: Attempt to invoke virtual method 'java.lang.String android.net.Uri.getScheme()' on a null object reference
11-11 05:23:43.972 10129 10129 E AndroidRuntime: at android.app.ActivityThread.performLaunchActivity(ActivityThread.java:3636)
11-11 05:23:43.972 10129 10129 E AndroidRuntime: at android.app.ActivityThread.handleLaunchActivity(ActivityThread.java:3793)
11-11 05:23:43.972 10129 10129 E AndroidRuntime: at android.app.servertransaction.LaunchActivityItem.execute(LaunchActivityItem.java:103)
11-11 05:23:43.972 10129 10129 E AndroidRuntime: at android.app.servertransaction.TransactionExecutor.executeCallbacks(TransactionExecutor.java:135)
11-11 05:23:43.972 10129 10129 E AndroidRuntime: at android.app.servertransaction.TransactionExecutor.execute(TransactionExecutor.java:95)
11-11 05:23:43.972 10129 10129 E AndroidRuntime: at android.app.ActivityThread$H.handleMessage(ActivityThread.java:2211)
11-11 05:23:43.972 10129 10129 E AndroidRuntime: at android.os.Handler.dispatchMessage(Handler.java:106)
11-11 05:23:43.972 10129 10129 E AndroidRuntime: at android.os.Looper.loopOnce(Looper.java:201)
11-11 05:23:43.972 10129 10129 E AndroidRuntime: at android.os.Looper.loop(Looper.java:288)
11-11 05:23:43.972 10129 10129 E AndroidRuntime: at android.app.ActivityThread.main(ActivityThread.java:7880)
11-11 05:23:43.972 10129 10129 E AndroidRuntime: at java.lang.reflect.Method.invoke(Native Method)
11-11 05:23:43.972 10129 10129 E AndroidRuntime: at com.android.internal.os.RuntimeInit$MethodAndArgsCaller.run(RuntimeInit.java:548)
11-11 05:23:43.972 10129 10129 E AndroidRuntime: at com.android.internal.os.ZygoteInit.main(ZygoteInit.java:1009)
11-11 05:23:43.972 10129 10129 E AndroidRuntime: Caused by: java.lang.NullPointerException: Attempt to invoke virtual method 'java.lang.String android.net.Uri.getScheme()' on a null object reference
11-11 05:23:43.972 10129 10129 E AndroidRuntime: at com.android.gallery3d.app.MoviePlayer.startVideo(MoviePlayer.java:324)
11-11 05:23:43.972 10129 10129 E AndroidRuntime: at com.android.gallery3d.app.MoviePlayer.(MoviePlayer.java:200)
11-11 05:23:43.972 10129 10129 E AndroidRuntime: at com.android.gallery3d.app.MovieActivity$1.(MovieActivity.java:95)
11-11 05:23:43.972 10129 10129 E AndroidRuntime: at com.android.gallery3d.app.MovieActivity.onCreate(MovieActivity.java:94)
11-11 05:23:43.972 10129 10129 E AndroidRuntime: at android.app.Activity.performCreate(Activity.java:8070)
11-11 05:23:43.972 10129 10129 E AndroidRuntime: at android.app.Activity.performCreate(Activity.java:8050)
11-11 05:23:43.972 10129 10129 E AndroidRuntime: at android.app.Instrumentation.callActivityOnCreate(Instrumentation.java:1330)
11-11 05:23:43.972 10129 10129 E AndroidRuntime: at android.app.ActivityThread.performLaunchActivity(ActivityThread.java:3609)
11-11 05:23:43.972 10129 10129 E AndroidRuntime: ... 12 more
11-11 05:23:43.972 1514 1921 I am_crash: [10129,0,com.android.gallery3d,819510341,java.lang.NullPointerException,Attempt to invoke virtual method 'java.lang.String android.net.Uri.getScheme()' on a null object reference,MoviePlayer.java,324]
11-11 05:23:43.974 1514 10223 I DropBoxManagerService: add tag=system_app_crash isTagEnabled=true flags=0x2
11-11 05:23:43.975 1514 1921 W ActivityTaskManager: Force finishing activity com.android.gallery3d/.app.MovieActivity
11-11 05:23:43.975 1514 1921 I wm_finish_activity: [0,189782411,78,com.android.gallery3d/.app.MovieActivity,force-crash]
11-11 05:23:43.975 1514 1921 I wm_task_moved: [39,1,7]
11-11 05:23:43.976 1514 1921 I wm_set_resumed_activity: [0,com.android.launcher3/.uioverrides.QuickstepLauncher,positionChildAt]
11-11 05:23:43.976 1514 1921 I wm_task_moved: [40,1,2147483647]
11-11 05:23:43.976 1514 1921 I wm_task_to_front: [0,40]
11-11 05:23:43.976 1514 1921 I wm_focused_root_task: [0,0,39,-1,finish-top adjustFocusToNextFocusableTask]
11-11 05:23:43.976 1514 1921 I wm_set_resumed_activity: [0,com.android.launcher3/.uioverrides.QuickstepLauncher,finish-top]
11-11 05:23:43.978 1514 1921 I wm_pause_activity: [0,189782411,com.android.gallery3d/.app.MovieActivity,userLeaving=false,finish]
11-11 05:23:43.982 1514 1921 W ActivityTaskManager: Force finishing activity com.android.gallery3d/.app.MovieActivity
11-11 05:23:43.982 1514 1921 I wm_finish_activity: [0,57965801,77,com.android.gallery3d/.app.MovieActivity,force-crash]
11-11 05:23:43.983 1514 1921 I ActivityTaskManager: FOREGROUND_APPLICATION_CHANGED to com.android.launcher3.uioverrides.QuickstepLauncher
11-11 05:23:43.983 1514 1921 I wm_destroy_activity: [0,57965801,77,com.android.gallery3d/.app.MovieActivity,finish-imm:finishIfPossible]
11-11 05:23:43.989 1514 1596 I input_focus: [Focus request eea03e8 com.android.launcher3/com.android.launcher3.uioverrides.QuickstepLauncher,reason=UpdateInputWindows]
11-11 05:23:43.994 1514 1595 I sysui_multi_action: [757,1144,758,8,806,com.android.gallery3d,871,com.android.gallery3d.app.MovieActivity]
11-11 05:23:44.034 1514 1596 I input_focus: [Focus request 229129d Application Error: com.android.gallery3d,reason=UpdateInputWindows]
11-11 05:23:44.052 1514 1770 I input_focus: [Focus leaving eea03e8 com.android.launcher3/com.android.launcher3.uioverrides.QuickstepLauncher (server),reason=Waiting for window because NOT_VISIBLE]
11-11 05:23:44.101 1514 1770 I input_focus: [Focus entering 229129d Application Error: com.android.gallery3d (server),reason=Window became focusable. Previous reason: NOT_VISIBLE]
11-11 05:23:44.477 1514 1595 W ActivityTaskManager: Activity top resumed state loss timeout for ActivityRecord{b4fd98b u0 com.android.gallery3d/.app.MovieActivity t78 f}}
11-11 05:23:44.478 2503 2503 I wm_on_top_resumed_gained_called: [157690489,com.android.launcher3.uioverrides.QuickstepLauncher,topStateChangedWhenResumed]
11-11 05:23:44.480 1514 1595 W ActivityTaskManager: Activity pause timeout for ActivityRecord{b4fd98b u0 com.android.gallery3d/.app.MovieActivity t78 f}}
11-11 05:23:44.481 1514 1595 I wm_destroy_activity: [0,189782411,78,com.android.gallery3d/.app.MovieActivity,finish-imm:completePausedLocked]
11-11 05:23:44.484 1514 1595 I sysui_multi_action: [757,803,799,window_time_0,802,4]
11-11 05:23:44.500 3685 3703 W ContextImpl: Calling a method in the system process without a qualified user: android.app.ContextImpl.startService:1816 android.content.ContextWrapper.startService:774 com.thundercomm.gamemode.ingame.services.GameModeActionUtils.startGameModeService:93 com.thundercomm.gamemode.ingame.services.GameModeActionUtils.startGameModeEntry:21 com.thundercomm.gamemode.ingame.services.ActivityMonitoringService$1.onActivityLaunch:126
11-11 05:23:44.505 1514 1514 I GameModeConfig: Current uri is uri = content://com.thundercomm.gamemode.api/gamemode_settings/gamemode_isgaming
11-11 05:23:44.507 1514 1514 I GameModeConfig: isGameModeOn = false
11-11 05:23:44.508 1514 1514 I GameModeConfig: isGameModeOn = false
11-11 05:23:44.508 1514 1514 I GameModeConfig: isDisableVoice = true
11-11 05:23:44.591 3685 3703 W ContextImpl: Calling a method in the system process without a qualified user: android.app.ContextImpl.startService:1816 android.content.ContextWrapper.startService:774 com.thundercomm.gamemode.ingame.services.GameModeActionUtils.startGameModeService:93 com.thundercomm.gamemode.ingame.services.GameModeActionUtils.startGameModeEntry:21 com.thundercomm.gamemode.ingame.services.ActivityMonitoringService$1.onActivityLaunch:126
11-11 05:23:44.596 1514 1514 I GameModeConfig: Current uri is uri = content://com.thundercomm.gamemode.api/gamemode_settings/gamemode_isgaming
11-11 05:23:44.598 1514 1514 I GameModeConfig: isGameModeOn = false
11-11 05:23:44.599 1514 1514 I GameModeConfig: isGameModeOn = false
11-11 05:23:44.599 1514 1514 I GameModeConfig: isDisableVoice = true
11-11 05:23:45.399 0 0 I auditd : type=1400 audit(0.0:2690): avc: denied { kill } for comm="swapper/1" capability=5 scontext=u:r:kernel:s0 tcontext=u:r:kernel:s0 tclass=capability permissive=0
11-11 05:23:45.512 1514 1770 I input_interaction: Interaction with: 229129d Application Error: com.android.gallery3d (server), edge-swipe (server), swipe-up (server), PointerEventDispatcher0 (server),
11-11 05:23:45.624 1514 1921 I sysui_multi_action: [757,316,758,4,759,8]
11-11 05:23:45.626 1514 1921 I ActivityTaskManager: START u0 {act=android.settings.APPLICATION_DETAILS_SETTINGS dat=package:com.android.gallery3d flg=0x10000000 cmp=com.android.settings/.applications.InstalledAppDetails} from uid 1000
11-11 05:23:45.640 1514 1921 I wm_task_created: [79,-1]
11-11 05:23:45.641 1514 1921 W ActivityTaskManager: Can't find TaskDisplayArea to determine support for multi window. Task id=79 attached=false
11-11 05:23:45.644 1514 1921 D CompatibilityChangeReporter: Compat change id reported: 174042980; UID 1000; state: DISABLED
11-11 05:23:45.646 1514 1921 I wm_task_moved: [79,1,8]
11-11 05:23:45.646 1514 1921 I wm_task_to_front: [0,79]
11-11 05:23:45.646 1514 1921 I wm_create_task: [0,79]
11-11 05:23:45.647 1514 1921 I wm_create_activity: [0,140380992,79,com.android.settings/.applications.InstalledAppDetails,android.settings.APPLICATION_DETAILS_SETTINGS,NULL,package:com.android.gallery3d,268435456]
11-11 05:23:45.647 1514 1921 I wm_task_moved: [79,1,8]
11-11 05:23:45.647 2503 2503 I wm_on_top_resumed_lost_called: [157690489,com.android.launcher3.uioverrides.QuickstepLauncher,topStateChangedWhenResumed]
11-11 05:23:45.649 1514 1921 I wm_pause_activity: [0,157690489,com.android.launcher3/.uioverrides.QuickstepLauncher,userLeaving=true,pauseBackTasks]
11-11 05:23:45.667 2503 2503 I wm_on_paused_called: [157690489,com.android.launcher3.uioverrides.QuickstepLauncher,performPause]
11-11 05:23:45.671 1514 1754 I ActivityTaskManager: FOREGROUND_APPLICATION_CHANGED to com.android.settings.applications.InstalledAppDetailsTop
11-11 05:23:45.673 1514 1754 I ActivityTaskManager: The Process com.android.settings Already Exists in BG. So sending its PID: 9441
11-11 05:23:45.674 1514 1754 I wm_add_to_stopping: [0,157690489,com.android.launcher3/.uioverrides.QuickstepLauncher,makeInvisible]
11-11 05:23:45.675 1514 1754 D CompatibilityChangeReporter: Compat change id reported: 181136395; UID 1000; state: DISABLED
11-11 05:23:45.676 1514 1754 D CompatibilityChangeReporter: Compat change id reported: 174042936; UID 1000; state: DISABLED
11-11 05:23:45.676 1514 1754 I wm_restart_activity: [0,140380992,79,com.android.settings/.applications.InstalledAppDetails]
11-11 05:23:45.678 1514 1754 I wm_set_resumed_activity: [0,com.android.settings/.applications.InstalledAppDetails,minimalResumeActivityLocked]
11-11 05:23:45.691 1514 1595 I sysui_multi_action: [757,803,799,window_time_0,802,2]
11-11 05:23:45.696 3685 3703 W ContextImpl: Calling a method in the system process without a qualified user: android.app.ContextImpl.startService:1816 android.content.ContextWrapper.startService:774 com.thundercomm.gamemode.ingame.services.GameModeActionUtils.startGameModeService:93 com.thundercomm.gamemode.ingame.services.GameModeActionUtils.startGameModeEntry:21 com.thundercomm.gamemode.ingame.services.ActivityMonitoringService$1.onActivityLaunch:126
11-11 05:23:45.708 1514 1514 I GameModeConfig: Current uri is uri = content://com.thundercomm.gamemode.api/gamemode_settings/gamemode_isgaming
11-11 05:23:45.711 1514 1514 I GameModeConfig: isGameModeOn = false
11-11 05:23:45.712 1514 1514 I GameModeConfig: isGameModeOn = false
11-11 05:23:45.712 1514 1514 I GameModeConfig: isDisableVoice = true
11-11 05:23:45.722 1514 2072 I am_uid_running: 10084
11-11 05:23:45.722 1514 1612 I am_pss : [9790,10035,com.android.traceur,10603520,8605696,0,97169408,0,19,6]
11-11 05:23:45.722 1514 2072 D CompatibilityChangeReporter: Compat change id reported: 135634846; UID 10084; state: DISABLED
11-11 05:23:45.722 1514 2072 D CompatibilityChangeReporter: Compat change id reported: 177438394; UID 10084; state: DISABLED
11-11 05:23:45.722 1514 2072 D CompatibilityChangeReporter: Compat change id reported: 135772972; UID 10084; state: DISABLED
11-11 05:23:45.722 1514 2072 D CompatibilityChangeReporter: Compat change id reported: 135754954; UID 10084; state: ENABLED
11-11 05:23:45.722 1514 1615 D CompatibilityChangeReporter: Compat change id reported: 143937733; UID 10084; state: ENABLED
11-11 05:23:45.728 1514 2072 I ActivityTaskManager: START u0 {act=android.settings.APPLICATION_DETAILS_SETTINGS dat=package:com.android.gallery3d flg=0x10000000 cmp=com.android.settings/.homepage.SettingsHomepageActivity (has extras)} from uid 1000
11-11 05:23:45.729 1514 2072 I wm_task_created: [80,-1]
11-11 05:23:45.729 1514 2072 W ActivityTaskManager: Can't find TaskDisplayArea to determine support for multi window. Task id=80 attached=false
11-11 05:23:45.730 1514 2072 I wm_task_moved: [80,1,9]
11-11 05:23:45.731 1514 2072 I wm_task_to_front: [0,80]
11-11 05:23:45.731 1514 2072 I wm_create_task: [0,80]
11-11 05:23:45.731 1514 2072 I wm_create_activity: [0,128411934,80,com.android.settings/.homepage.SettingsHomepageActivity,android.settings.APPLICATION_DETAILS_SETTINGS,NULL,package:com.android.gallery3d,268435456]
11-11 05:23:45.731 1514 2072 I wm_task_moved: [80,1,9]
11-11 05:23:45.732 1514 1615 I am_proc_start: [0,10235,10084,com.qualcomm.qti.qccauthmgr,content provider,{com.qualcomm.qti.qccauthmgr/com.qualcomm.qti.qccauthmgr.providers.SMQContentProvider}]
11-11 05:23:45.732 1514 1615 I ActivityManager: Start proc 10235:com.qualcomm.qti.qccauthmgr/u0a84 for content provider {com.qualcomm.qti.qccauthmgr/com.qualcomm.qti.qccauthmgr.providers.SMQContentProvider}
11-11 05:23:45.734 1514 2072 I wm_pause_activity: [0,140380992,com.android.settings/.applications.InstalledAppDetails,userLeaving=true,pauseBackTasks]
11-11 05:23:45.739 1514 2072 I wm_finish_activity: [0,140380992,79,com.android.settings/.applications.InstalledAppDetails,app-request]
11-11 05:23:45.739 9441 9441 I wm_on_create_called: [140380992,com.android.settings.applications.InstalledAppDetails,performCreate]
11-11 05:23:45.741 1514 1921 I wm_add_to_stopping: [0,140380992,com.android.settings/.applications.InstalledAppDetails,completeFinishing]
11-11 05:23:45.741 1514 1921 I ActivityTaskManager: FOREGROUND_APPLICATION_CHANGED to com.android.settings.homepage.SettingsHomepageActivity
11-11 05:23:45.742 1514 1921 I ActivityTaskManager: The Process com.android.settings Already Exists in BG. So sending its PID: 9441
11-11 05:23:45.742 1514 1921 W ActivityTaskManager: Tried to set launchTime (0) < mLastActivityLaunchTime (2241090)
11-11 05:23:45.742 1514 1921 I wm_restart_activity: [0,128411934,80,com.android.settings/.homepage.SettingsHomepageActivity]
11-11 05:23:45.743 1514 1921 I wm_set_resumed_activity: [0,com.android.settings/.homepage.SettingsHomepageActivity,minimalResumeActivityLocked]
11-11 05:23:45.747 1514 2072 I ActivityManager: Process com.android.gallery3d (pid 10129) has died: cch CRE
11-11 05:23:45.747 1514 2072 I am_proc_died: [0,10129,com.android.gallery3d,900,18]
11-11 05:23:45.749 1514 6421 I WindowManager: WIN DEATH: Window{2b1ba0b u0 com.android.gallery3d/com.android.gallery3d.app.MovieActivity}
11-11 05:23:45.756 1514 2072 I am_uid_stopped: 10068
11-11 05:23:45.758 1514 2072 I wm_task_removed: [78,removeChild:removeChild last r=ActivityRecord{b4fd98b u0 com.android.gallery3d/.app.MovieActivity t-1 f}} in t=Task{f1e135a #78 type=standard A=10068:com.android.gallery3d U=0 visible=false mode=freeform translucent=true sz=0}]
11-11 05:23:45.758 1514 2072 I wm_task_removed: [78,removeChild]
11-11 05:23:45.759 1514 2072 D FreeFormWindowHelper: Remove freefrom task=Task{f1e135a #78 type=standard A=10068:com.android.gallery3d U=0 visible=false mode=freeform translucent=true sz=0}
11-11 05:23:45.761 1514 1921 I am_proc_bound: [0,10235,com.qualcomm.qti.qccauthmgr]
11-11 05:23:45.769 1514 1921 I am_uid_active: 10084
11-11 05:23:45.771 1514 1595 I sysui_multi_action: [757,803,799,window_time_0,802,0]
11-11 05:23:45.772 1514 1595 W ActivityManager: setHasOverlayUi called on unknown pid: 10129
11-11 05:23:45.779 9441 9441 I wm_on_create_called: [128411934,com.android.settings.homepage.SettingsHomepageActivity,performCreate]
11-11 05:23:45.782 1514 1612 W UsageStatsService: Unexpected activity event reported! (com.android.gallery3d/com.android.gallery3d.app.MovieActivity event : 23 instanceId : 175624560)
11-11 05:23:45.787 1514 6421 E UserRestrictionsUtils: Unknown restriction queried by uid 1000 (com.thundercomm.remotecontrolservice et al): null
11-11 05:23:45.787 1514 6421 E UserRestrictionsUtils: Unknown restriction queried by uid 1000 (com.thundercomm.remotecontrolservice et al): null
11-11 05:23:45.788 1514 6421 E UserRestrictionsUtils: Unknown restriction queried by uid 1000 (com.thundercomm.remotecontrolservice et al): null
11-11 05:23:45.788 1514 6421 E UserRestrictionsUtils: Unknown restriction queried by uid 1000 (com.thundercomm.remotecontrolservice et al): null
11-11 05:23:45.788 1514 6421 E UserRestrictionsUtils: Unknown restriction queried by uid 1000 (com.thundercomm.remotecontrolservice et al): null
11-11 05:23:45.788 1514 6421 E UserRestrictionsUtils: Unknown restriction queried by uid 1000 (com.thundercomm.remotecontrolservice et al): null
11-11 05:23:45.789 1514 4820 E UserRestrictionsUtils: Unknown restriction queried by uid 1000 (com.thundercomm.remotecontrolservice et al): null
11-11 05:23:45.789 1514 4820 E UserRestrictionsUtils: Unknown restriction queried by uid 1000 (com.thundercomm.remotecontrolservice et al): null
11-11 05:23:45.789 1514 4820 E UserRestrictionsUtils: Unknown restriction queried by uid 1000 (com.thundercomm.remotecontrolservice et al): null
11-11 05:23:45.789 1514 4820 E UserRestrictionsUtils: Unknown restriction queried by uid 1000 (com.thundercomm.remotecontrolservice et al): null
11-11 05:23:45.789 1514 4820 E UserRestrictionsUtils: Unknown restriction queried by uid 1000 (com.thundercomm.remotecontrolservice et al): null
11-11 05:23:45.789 1514 6421 E UserRestrictionsUtils: Unknown restriction queried by uid 1000 (com.thundercomm.remotecontrolservice et al): null
11-11 05:23:45.790 1514 6421 E UserRestrictionsUtils: Unknown restriction queried by uid 1000 (com.thundercomm.remotecontrolservice et al): null
11-11 05:23:45.790 1514 7707 E UserRestrictionsUtils: Unknown restriction queried by uid 1000 (com.thundercomm.remotecontrolservice et al): null
11-11 05:23:45.790 1514 4820 E UserRestrictionsUtils: Unknown restriction queried by uid 1000 (com.thundercomm.remotecontrolservice et al): null
11-11 05:23:45.790 1514 4820 E UserRestrictionsUtils: Unknown restriction queried by uid 1000 (com.thundercomm.remotecontrolservice et al): null
11-11 05:23:45.790 1514 4820 E UserRestrictionsUtils: Unknown restriction queried by uid 1000 (com.thundercomm.remotecontrolservice et al): null
11-11 05:23:45.790 1514 4820 E UserRestrictionsUtils: Unknown restriction queried by uid 1000 (com.thundercomm.remotecontrolservice et al): null
11-11 05:23:45.806 9441 9441 I wm_on_start_called: [128411934,com.android.settings.homepage.SettingsHomepageActivity,handleStartActivity]
11-11 05:23:45.807 9441 9441 I snet_event_log: [120484087,-1,]
11-11 05:23:45.807 9441 9441 I wm_on_resume_called: [128411934,com.android.settings.homepage.SettingsHomepageActivity,RESUME_ACTIVITY]
11-11 05:23:45.808 9441 9441 I sysui_multi_action: [757,35,758,1,833,0,1089,27]
11-11 05:23:45.819 9441 9441 I sysui_multi_action: [757,1729,758,4,854,isParalleledControllers:false,1089,38]
11-11 05:23:45.830 9441 9441 I wm_on_top_resumed_gained_called: [128411934,com.android.settings.homepage.SettingsHomepageActivity,topStateChangedWhenResumed]
11-11 05:23:45.831 1514 1627 W BatteryExternalStatsWorker: error reading modem stats:ERROR_PHONE_NOT_AVAILABLE
11-11 05:23:45.859 3685 3703 W ContextImpl: Calling a method in the system process without a qualified user: android.app.ContextImpl.startService:1816 android.content.ContextWrapper.startService:774 com.thundercomm.gamemode.ingame.services.GameModeActionUtils.startGameModeService:93 com.thundercomm.gamemode.ingame.services.GameModeActionUtils.startGameModeEntry:21 com.thundercomm.gamemode.ingame.services.ActivityMonitoringService$1.onActivityLaunch:126
11-11 05:23:45.864 1514 1514 I GameModeConfig: Current uri is uri = content://com.thundercomm.gamemode.api/gamemode_settings/gamemode_isgaming
11-11 05:23:45.866 1514 1596 I input_focus: [Focus request a001a06 com.android.settings/com.android.settings.homepage.SettingsHomepageActivity,reason=UpdateInputWindows]
11-11 05:23:45.867 1514 1514 I GameModeConfig: isGameModeOn = false
11-11 05:23:45.867 1514 1514 I GameModeConfig: isGameModeOn = false
11-11 05:23:45.867 1514 1514 I GameModeConfig: isDisableVoice = true
11-11 05:23:45.867 1514 1627 E KernelCpuSpeedReader: Failed to read cpu-freq: /sys/devices/system/cpu/cpu4/cpufreq/stats/time_in_state: open failed: ENOENT (No such file or directory)
11-11 05:23:45.867 1514 1627 E KernelCpuSpeedReader: Failed to read cpu-freq: /sys/devices/system/cpu/cpu0/cpufreq/stats/time_in_state: open failed: ENOENT (No such file or directory)
11-11 05:23:45.863 564 564 I auditd : type=1400 audit(0.0:2691): avc: denied { read } for comm="Binder:564_2" name="wakeup58" dev="sysfs" ino=71827 scontext=u:r:system_suspend:s0 tcontext=u:object_r:sysfs:s0 tclass=dir permissive=0
11-11 05:23:45.863 564 564 I auditd : type=1400 audit(0.0:2692): avc: denied { read } for comm="Binder:564_2" name="wakeup48" dev="sysfs" ino=67421 scontext=u:r:system_suspend:s0 tcontext=u:object_r:sysfs:s0 tclass=dir permissive=0
11-11 05:23:45.863 564 564 I auditd : type=1400 audit(0.0:2693): avc: denied { read } for comm="Binder:564_2" name="wakeup4" dev="sysfs" ino=47028 scontext=u:r:system_suspend:s0 tcontext=u:object_r:sysfs:s0 tclass=dir permissive=0
11-11 05:23:45.863 564 564 I auditd : type=1400 audit(0.0:2694): avc: denied { read } for comm="Binder:564_2" name="wakeup76" dev="sysfs" ino=76669 scontext=u:r:system_suspend:s0 tcontext=u:object_r:sysfs:s0 tclass=dir permissive=0
11-11 05:23:45.863 564 564 I auditd : type=1400 audit(0.0:2695): avc: denied { read } for comm="Binder:564_2" name="wakeup28" dev="sysfs" ino=53233 scontext=u:r:system_suspend:s0 tcontext=u:object_r:sysfs:s0 tclass=dir permissive=0
11-11 05:23:45.893 1514 1627 W BatteryExternalStatsWorker: error reading modem stats:ERROR_PHONE_NOT_AVAILABLE
11-11 05:23:45.896 1514 1627 E KernelCpuSpeedReader: Failed to read cpu-freq: /sys/devices/system/cpu/cpu4/cpufreq/stats/time_in_state: open failed: ENOENT (No such file or directory)
11-11 05:23:45.896 1514 1627 E KernelCpuSpeedReader: Failed to read cpu-freq: /sys/devices/system/cpu/cpu0/cpufreq/stats/time_in_state: open failed: ENOENT (No such file or directory)
11-11 05:23:45.901 1514 1596 I sysui_multi_action: [324,1,757,1090,758,12,806,com.android.settings,871,com.android.settings.homepage.SettingsHomepageActivity,1091,275]
11-11 05:23:45.913 1514 1592 I sysui_multi_action: [319,81,321,78,322,275,325,2241,757,761,758,8,759,1,806,com.android.settings,871,com.android.settings.homepage.SettingsHomepageActivity,904,com.android.settings,905,0,1320,8,1321,5]
11-11 05:23:45.914 1514 1592 I wm_activity_launch_time: [0,128411934,com.android.settings/.homepage.SettingsHomepageActivity,275]
11-11 05:23:45.920 1514 1770 I input_focus: [Focus entering a001a06 com.android.settings/com.android.settings.homepage.SettingsHomepageActivity (server),reason=Window became focusable. Previous reason: NOT_VISIBLE]
11-11 05:23:45.987 1514 1595 I wm_stop_activity: [0,157690489,com.android.launcher3/.uioverrides.QuickstepLauncher]
11-11 05:23:46.014 2503 2503 I wm_on_stop_called: [157690489,com.android.launcher3.uioverrides.QuickstepLauncher,STOP_ACTIVITY_ITEM]
11-11 05:23:46.034 3685 3703 W ContextImpl: Calling a method in the system process without a qualified user: android.app.ContextImpl.startService:1816 android.content.ContextWrapper.startService:774 com.thundercomm.gamemode.ingame.services.GameModeActionUtils.startGameModeService:93 com.thundercomm.gamemode.ingame.services.GameModeActionUtils.startGameModeEntry:21 com.thundercomm.gamemode.ingame.services.ActivityMonitoringService$1.onActivityLaunch:126
11-11 05:23:46.040 1514 1514 I GameModeConfig: Current uri is uri = content://com.thundercomm.gamemode.api/gamemode_settings/gamemode_isgaming
11-11 05:23:46.044 1514 1514 I GameModeConfig: isGameModeOn = false
11-11 05:23:46.044 1514 1514 I GameModeConfig: isGameModeOn = false
11-11 05:23:46.044 1514 1514 I GameModeConfig: isDisableVoice = true
11-11 05:23:46.079 1514 9439 D TelephonyRegistry: listen oscl: mHasNotifySubscriptionInfoChangedOccurred==false no callback
11-11 05:23:46.081 9441 9441 I sysui_multi_action: [757,20,758,1,833,0,1089,71]
11-11 05:23:46.089 1514 4820 I netstats_mobile_sample: [0,0,0,0,0,0,0,0,0,0,0,0,1668115426089]
11-11 05:23:46.089 1514 4820 I netstats_wifi_sample: [59654899,136117,24506481,57684,59654899,136117,24506481,57684,70320116,192547,12400264,30218,1668115426089]
11-11 05:23:46.101 9441 9441 I sysui_multi_action: [757,1729,758,4,854,isParalleledControllers:false,1089,91]
11-11 05:23:46.141 1514 2072 I am_uid_active: 10094
11-11 05:23:46.270 1514 1595 I wm_destroy_activity: [0,140380992,79,com.android.settings/.applications.InstalledAppDetails,finish-imm:idle]
11-11 05:23:46.271 9441 9441 I wm_on_destroy_called: [140380992,com.android.settings.applications.InstalledAppDetails,performDestroy]
11-11 05:23:46.273 1514 4820 I wm_task_removed: [79,removeChild:removeChild last r=ActivityRecord{85e0b40 u0 com.android.settings/.applications.InstalledAppDetails t-1 f}} in t=Task{db34b0f #79 type=standard A=1000:com.android.settings U=0 visible=false mode=fullscreen translucent=true sz=0}]
11-11 05:23:46.273 1514 4820 I wm_task_removed: [79,removeChild]
11-11 05:23:46.276 1514 1596 W ActivityTaskManager: Can't find TaskDisplayArea to determine support for multi window. Task id=79 attached=false
11-11 05:23:46.276 1514 1596 W ActivityTaskManager: Can't find TaskDisplayArea to determine support for multi window. Task id=79 attached=false
11-11 05:23:46.850 1514 1901 I GameModeConfig: isGameModeOn = false
11-11 05:23:47.399 0 0 I auditd : type=1400 audit(0.0:2789): avc: denied { kill } for comm="swapper/1" capability=5 scontext=u:r:kernel:s0 tcontext=u:r:kernel:s0 tclass=capability permissive=0
11-11 05:23:48.399 0 0 I auditd : type=1400 audit(0.0:2790): avc: denied { kill } for comm="swapper/1" capability=5 scontext=u:r:kernel:s0 tcontext=u:r:kernel:s0 tclass=capability permissive=0
11-11 05:23:48.948 1514 2742 E TaskPersister: File error accessing recents directory (directory doesn't exist?).
11-11 05:23:49.399 0 0 I auditd : type=1400 audit(0.0:2791): avc: denied { kill } for comm="swapper/1" capability=5 scontext=u:r:kernel:s0 tcontext=u:r:kernel:s0 tclass=capability permissive=0
11-11 05:23:49.829 1514 1614 I am_uid_idle: 10051
11-11 05:23:50.403 0 0 I auditd : type=1400 audit(0.0:2792): avc: denied { kill } for comm="swapper/1" capability=5 scontext=u:r:kernel:s0 tcontext=u:r:kernel:s0 tclass=capability permissive=0
11-11 05:23:51.399 0 0 I auditd : type=1400 audit(0.0:2793): avc: denied { kill } for comm="swapper/1" capability=5 scontext=u:r:kernel:s0 tcontext=u:r:kernel:s0 tclass=capability permissive=0
11-11 05:23:52.399 0 0 I auditd : type=1400 audit(0.0:2794): avc: denied { kill } for comm="swapper/1" capability=5 scontext=u:r:kernel:s0 tcontext=u:r:kernel:s0 tclass=capability permissive=0
11-11 05:23:53.403 0 0 I auditd : type=1400 audit(0.0:2795): avc: denied { kill } for comm="swapper/1" capability=5 scontext=u:r:kernel:s0 tcontext=u:r:kernel:s0 tclass=capability permissive=0
11-11 05:23:54.403 0 0 I auditd : type=1400 audit(0.0:2796): avc: denied { kill } for comm="swapper/1" capability=5 scontext=u:r:kernel:s0 tcontext=u:r:kernel:s0 tclass=capability permissive=0
11-11 05:23:55.399 0 0 I auditd : type=1400 audit(0.0:2797): avc: denied { kill } for comm="swapper/1" capability=5 scontext=u:r:kernel:s0 tcontext=u:r:kernel:s0 tclass=capability permissive=0
11-11 05:23:56.265 1514 1612 I am_pss : [9441,1000,com.android.settings,93779968,79810560,0,227663872,0,2,18]
11-11 05:23:56.399 0 0 I auditd : type=1400 audit(0.0:2798): avc: denied { kill } for comm="swapper/1" capability=5 scontext=u:r:kernel:s0 tcontext=u:r:kernel:s0 tclass=capability permissive=0
11-11 05:23:57.399 0 0 I auditd : type=1400 audit(0.0:2799): avc: denied { kill } for comm="swapper/1" capability=5 scontext=u:r:kernel:s0 tcontext=u:r:kernel:s0 tclass=capability permissive=0
11-11 05:23:58.403 0 0 I auditd : type=1400 audit(0.0:2800): avc: denied { kill } for comm="swapper/1" capability=5 scontext=u:r:kernel:s0 tcontext=u:r:kernel:s0 tclass=capability permissive=0
11-11 05:23:59.186 1514 1614 I am_uid_idle: 2000
11-11 05:23:59.270 1514 1614 I am_uid_idle: 10035
11-11 05:23:59.399 0 0 I auditd : type=1400 audit(0.0:2801): avc: denied { kill } for comm="swapper/1" capability=5 scontext=u:r:kernel:s0 tcontext=u:r:kernel:s0 tclass=capability permissive=0
11-11 05:24:00.399 0 0 I auditd : type=1400 audit(0.0:2802): avc: denied { kill } for comm="swapper/1" capability=5 scontext=u:r:kernel:s0 tcontext=u:r:kernel:s0 tclass=capability permissive=0
11-11 05:24:01.399 0 0 I auditd : type=1400 audit(0.0:2803): avc: denied { kill } for comm="swapper/1" capability=5 scontext=u:r:kernel:s0 tcontext=u:r:kernel:s0 tclass=capability permissive=0
11-11 05:24:02.399 0 0 I auditd : type=1400 audit(0.0:2804): avc: denied { kill } for comm="swapper/1" capability=5 scontext=u:r:kernel:s0 tcontext=u:r:kernel:s0 tclass=capability permissive=0
11-11 05:24:03.399 0 0 I auditd : type=1400 audit(0.0:2805): avc: denied { kill } for comm="swapper/1" capability=5 scontext=u:r:kernel:s0 tcontext=u:r:kernel:s0 tclass=capability permissive=0
11-11 05:24:04.399 0 0 I auditd : type=1400 audit(0.0:2806): avc: denied { kill } for comm="swapper/1" capability=5 scontext=u:r:kernel:s0 tcontext=u:r:kernel:s0 tclass=capability permissive=0
11-11 05:24:05.399 0 0 I auditd : type=1400 audit(0.0:2807): avc: denied { kill } for comm="swapper/1" capability=5 scontext=u:r:kernel:s0 tcontext=u:r:kernel:s0 tclass=capability permissive=0
11-11 05:24:06.399 0 0 I auditd : type=1400 audit(0.0:2808): avc: denied { kill } for comm="swapper/1" capability=5 scontext=u:r:kernel:s0 tcontext=u:r:kernel:s0 tclass=capability permissive=0
11-11 05:24:07.399 0 0 I auditd : type=1400 audit(0.0:2809): avc: denied { kill } for comm="swapper/1" capability=5 scontext=u:r:kernel:s0 tcontext=u:r:kernel:s0 tclass=capability permissive=0
11-11 05:24:08.399 0 0 I auditd : type=1400 audit(0.0:2810): avc: denied { kill } for comm="swapper/1" capability=5 scontext=u:r:kernel:s0 tcontext=u:r:kernel:s0 tclass=capability permissive=0
11-11 05:24:09.403 0 0 I auditd : type=1400 audit(0.0:2811): avc: denied { kill } for comm="swapper/1" capability=5 scontext=u:r:kernel:s0 tcontext=u:r:kernel:s0 tclass=capability permissive=0
11-11 05:24:10.399 0 0 I auditd : type=1400 audit(0.0:2812): avc: denied { kill } for comm="swapper/1" capability=5 scontext=u:r:kernel:s0 tcontext=u:r:kernel:s0 tclass=capability permissive=0
11-11 05:24:11.399 0 0 I auditd : type=1400 audit(0.0:2813): avc: denied { kill } for comm="swapper/1" capability=5 scontext=u:r:kernel:s0 tcontext=u:r:kernel:s0 tclass=capability permissive=0
11-11 05:24:12.399 0 0 I auditd : type=1400 audit(0.0:2814): avc: denied { kill } for comm="swapper/1" capability=5 scontext=u:r:kernel:s0 tcontext=u:r:kernel:s0 tclass=capability permissive=0
11-11 05:24:13.399 0 0 I auditd : type=1400 audit(0.0:2815): avc: denied { kill } for comm="swapper/1" capability=5 scontext=u:r:kernel:s0 tcontext=u:r:kernel:s0 tclass=capability permissive=0
11-11 05:24:14.403 0 0 I auditd : type=1400 audit(0.0:2816): avc: denied { kill } for comm="swapper/1" capability=5 scontext=u:r:kernel:s0 tcontext=u:r:kernel:s0 tclass=capability permissive=0
11-11 05:24:15.399 0 0 I auditd : type=1400 audit(0.0:2817): avc: denied { kill } for comm="swapper/1" capability=5 scontext=u:r:kernel:s0 tcontext=u:r:kernel:s0 tclass=capability permissive=0
11-11 05:24:16.399 0 0 I auditd : type=1400 audit(0.0:2818): avc: denied { kill } for comm="swapper/1" capability=5 scontext=u:r:kernel:s0 tcontext=u:r:kernel:s0 tclass=capability permissive=0
11-11 05:24:17.399 0 0 I auditd : type=1400 audit(0.0:2819): avc: denied { kill } for comm="swapper/1" capability=5 scontext=u:r:kernel:s0 tcontext=u:r:kernel:s0 tclass=capability permissive=0
11-11 05:24:18.399 0 0 I auditd : type=1400 audit(0.0:2820): avc: denied { kill } for comm="swapper/1" capability=5 scontext=u:r:kernel:s0 tcontext=u:r:kernel:s0 tclass=capability permissive=0
11-11 05:24:19.399 0 0 I auditd : type=1400 audit(0.0:2821): avc: denied { kill } for comm="swapper/1" capability=5 scontext=u:r:kernel:s0 tcontext=u:r:kernel:s0 tclass=capability permissive=0
11-11 05:24:20.403 0 0 I auditd : type=1400 audit(0.0:2822): avc: denied { kill } for comm="swapper/1" capability=5 scontext=u:r:kernel:s0 tcontext=u:r:kernel:s0 tclass=capability permissive=0
11-11 05:24:21.399 0 0 I auditd : type=1400 audit(0.0:2823): avc: denied { kill } for comm="swapper/1" capability=5 scontext=u:r:kernel:s0 tcontext=u:r:kernel:s0 tclass=capability permissive=0
11-11 05:24:22.403 0 0 I auditd : type=1400 audit(0.0:2824): avc: denied { kill } for comm="swapper/1" capability=5 scontext=u:r:kernel:s0 tcontext=u:r:kernel:s0 tclass=capability permissive=0
11-11 05:24:23.399 0 0 I auditd : type=1400 audit(0.0:2825): avc: denied { kill } for comm="swapper/1" capability=5 scontext=u:r:kernel:s0 tcontext=u:r:kernel:s0 tclass=capability permissive=0
11-11 05:24:24.399 0 0 I auditd : type=1400 audit(0.0:2826): avc: denied { kill } for comm="swapper/1" capability=5 scontext=u:r:kernel:s0 tcontext=u:r:kernel:s0 tclass=capability permissive=0
11-11 05:24:25.399 0 0 I auditd : type=1400 audit(0.0:2827): avc: denied { kill } for comm="swapper/1" capability=5 scontext=u:r:kernel:s0 tcontext=u:r:kernel:s0 tclass=capability permissive=0
11-11 05:24:26.403 0 0 I auditd : type=1400 audit(0.0:2828): avc: denied { kill } for comm="swapper/1" capability=5 scontext=u:r:kernel:s0 tcontext=u:r:kernel:s0 tclass=capability permissive=0
11-11 05:24:27.399 0 0 I auditd : type=1400 audit(0.0:2829): avc: denied { kill } for comm="swapper/1" capability=5 scontext=u:r:kernel:s0 tcontext=u:r:kernel:s0 tclass=capability permissive=0
11-11 05:24:27.430 1514 1614 I am_uid_idle: 10033
11-11 05:24:27.536 1514 1614 I am_uid_idle: 10018
11-11 05:24:28.399 0 0 I auditd : type=1400 audit(0.0:2830): avc: denied { kill } for comm="swapper/1" capability=5 scontext=u:r:kernel:s0 tcontext=u:r:kernel:s0 tclass=capability permissive=0
11-11 05:24:29.399 0 0 I auditd : type=1400 audit(0.0:2831): avc: denied { kill } for comm="swapper/1" capability=5 scontext=u:r:kernel:s0 tcontext=u:r:kernel:s0 tclass=capability permissive=0
11-11 05:24:30.399 0 0 I auditd : type=1400 audit(0.0:2832): avc: denied { kill } for comm="swapper/1" capability=5 scontext=u:r:kernel:s0 tcontext=u:r:kernel:s0 tclass=capability permissive=0
11-11 05:24:31.399 0 0 I auditd : type=1400 audit(0.0:2833): avc: denied { kill } for comm="swapper/1" capability=5 scontext=u:r:kernel:s0 tcontext=u:r:kernel:s0 tclass=capability permissive=0
11-11 05:24:32.399 0 0 I auditd : type=1400 audit(0.0:2834): avc: denied { kill } for comm="swapper/1" capability=5 scontext=u:r:kernel:s0 tcontext=u:r:kernel:s0 tclass=capability permissive=0
11-11 05:24:33.403 0 0 I auditd : type=1400 audit(0.0:2835): avc: denied { kill } for comm="swapper/1" capability=5 scontext=u:r:kernel:s0 tcontext=u:r:kernel:s0 tclass=capability permissive=0
11-11 05:24:33.809 1514 1836 I netstats_mobile_sample: [0,0,0,0,0,0,0,0,0,0,0,0,1668115473809]
11-11 05:24:33.810 1514 1836 I netstats_wifi_sample: [61181195,139559,25029027,58868,61181195,139559,25029027,58868,72047072,197157,12662380,30826,1668115473809]
11-11 05:24:34.399 0 0 I auditd : type=1400 audit(0.0:2836): avc: denied { kill } for comm="swapper/1" capability=5 scontext=u:r:kernel:s0 tcontext=u:r:kernel:s0 tclass=capability permissive=0
11-11 05:24:35.399 0 0 I auditd : type=1400 audit(0.0:2837): avc: denied { kill } for comm="swapper/1" capability=5 scontext=u:r:kernel:s0 tcontext=u:r:kernel:s0 tclass=capability permissive=0
11-11 05:24:36.399 0 0 I auditd : type=1400 audit(0.0:2838): avc: denied { kill } for comm="swapper/1" capability=5 scontext=u:r:kernel:s0 tcontext=u:r:kernel:s0 tclass=capability permissive=0
11-11 05:24:36.936 1514 1614 I am_uid_idle: 10086
11-11 05:24:37.399 0 0 I auditd : type=1400 audit(0.0:2839): avc: denied { kill } for comm="swapper/1" capability=5 scontext=u:r:kernel:s0 tcontext=u:r:kernel:s0 tclass=capability permissive=0
11-11 05:24:38.399 0 0 I auditd : type=1400 audit(0.0:2840): avc: denied { kill } for comm="swapper/1" capability=5 scontext=u:r:kernel:s0 tcontext=u:r:kernel:s0 tclass=capability permissive=0
11-11 05:24:38.627 1514 1649 V DisplayPowerController[0]: Brightness [0.05] reason changing to: 'manual [ dim ]', previous reason: 'manual'.
11-11 05:24:38.627 1514 1649 I sysui_multi_action: [757,1696,758,6,759,2]
11-11 05:24:38.628 1514 1649 W PowerManagerService: Screen on took 109336 ms
11-11 05:24:38.635 1514 1974 E DisplayDeviceConfig: requesting nits when no mapping exists.
11-11 05:24:38.635 1514 1974 E DisplayDeviceConfig: requesting nits when no mapping exists.
11-11 05:24:38.635 1514 1614 I am_wtf : [0,1514,system_server,-1,DisplayDeviceConfig,requesting nits when no mapping exists.]
11-11 05:24:38.637 1514 1614 I DropBoxManagerService: add tag=system_server_wtf isTagEnabled=true flags=0x2
11-11 05:24:38.639 1514 1614 I am_wtf : [0,1514,system_server,-1,DisplayDeviceConfig,requesting nits when no mapping exists.]
11-11 05:24:38.641 1514 1614 I DropBoxManagerService: add tag=system_server_wtf isTagEnabled=true flags=0x2
11-11 05:24:38.651 1514 1974 E DisplayDeviceConfig: requesting nits when no mapping exists.
11-11 05:24:38.651 1514 1974 E DisplayDeviceConfig: requesting nits when no mapping exists.
11-11 05:24:38.651 1514 1614 I am_wtf : [0,1514,system_server,-1,DisplayDeviceConfig,requesting nits when no mapping exists.]
11-11 05:24:38.652 1514 1614 I DropBoxManagerService: add tag=system_server_wtf isTagEnabled=true flags=0x2
11-11 05:24:38.654 1514 1614 I am_wtf : [0,1514,system_server,-1,DisplayDeviceConfig,requesting nits when no mapping exists.]
11-11 05:24:38.655 1514 1614 I DropBoxManagerService: add tag=system_server_wtf isTagEnabled=true flags=0x2
11-11 05:24:38.660 1514 1974 E DisplayDeviceConfig: requesting nits when no mapping exists.
11-11 05:24:38.661 1514 1974 E DisplayDeviceConfig: requesting nits when no mapping exists.
11-11 05:24:38.662 1514 1614 I am_wtf : [0,1514,system_server,-1,DisplayDeviceConfig,requesting nits when no mapping exists.]
11-11 05:24:38.663 1514 1614 I DropBoxManagerService: add tag=system_server_wtf isTagEnabled=true flags=0x2
11-11 05:24:38.664 1514 1614 I am_wtf : [0,1514,system_server,-1,DisplayDeviceConfig,requesting nits when no mapping exists.]
11-11 05:24:38.677 1514 1974 E DisplayDeviceConfig: requesting nits when no mapping exists.
11-11 05:24:38.677 1514 1974 E DisplayDeviceConfig: requesting nits when no mapping exists.
11-11 05:24:38.677 1514 1614 I am_wtf : [0,1514,system_server,-1,DisplayDeviceConfig,requesting nits when no mapping exists.]
11-11 05:24:38.679 1514 1614 I am_wtf : [0,1514,system_server,-1,DisplayDeviceConfig,requesting nits when no mapping exists.]
11-11 05:24:38.693 1514 1974 E DisplayDeviceConfig: requesting nits when no mapping exists.
11-11 05:24:38.694 1514 1614 I am_wtf : [0,1514,system_server,-1,DisplayDeviceConfig,requesting nits when no mapping exists.]
11-11 05:24:38.694 1514 1974 E DisplayDeviceConfig: requesting nits when no mapping exists.
11-11 05:24:38.695 1514 1614 I am_wtf : [0,1514,system_server,-1,DisplayDeviceConfig,requesting nits when no mapping exists.]
11-11 05:24:38.710 1514 1974 E DisplayDeviceConfig: requesting nits when no mapping exists.
11-11 05:24:38.711 1514 1974 E DisplayDeviceConfig: requesting nits when no mapping exists.
11-11 05:24:38.711 1514 1614 I am_wtf : [0,1514,system_server,-1,DisplayDeviceConfig,requesting nits when no mapping exists.]
11-11 05:24:38.713 1514 1614 I am_wtf : [0,1514,system_server,-1,DisplayDeviceConfig,requesting nits when no mapping exists.]
11-11 05:24:38.726 1514 1974 E DisplayDeviceConfig: requesting nits when no mapping exists.
11-11 05:24:38.727 1514 1974 E DisplayDeviceConfig: requesting nits when no mapping exists.
11-11 05:24:38.728 1514 1614 I am_wtf : [0,1514,system_server,-1,DisplayDeviceConfig,requesting nits when no mapping exists.]
11-11 05:24:38.729 1514 1614 I am_wtf : [0,1514,system_server,-1,DisplayDeviceConfig,requesting nits when no mapping exists.]
11-11 05:24:38.743 1514 1974 E DisplayDeviceConfig: requesting nits when no mapping exists.
11-11 05:24:38.744 1514 1974 E DisplayDeviceConfig: requesting nits when no mapping exists.
11-11 05:24:38.744 1514 1614 I am_wtf : [0,1514,system_server,-1,DisplayDeviceConfig,requesting nits when no mapping exists.]
11-11 05:24:38.745 1514 1614 I am_wtf : [0,1514,system_server,-1,DisplayDeviceConfig,requesting nits when no mapping exists.]
11-11 05:24:38.760 1514 1974 E DisplayDeviceConfig: requesting nits when no mapping exists.
11-11 05:24:38.761 1514 1614 I am_wtf : [0,1514,system_server,-1,DisplayDeviceConfig,requesting nits when no mapping exists.]
11-11 05:24:38.761 1514 1974 E DisplayDeviceConfig: requesting nits when no mapping exists.
11-11 05:24:38.763 1514 1614 I am_wtf : [0,1514,system_server,-1,DisplayDeviceConfig,requesting nits when no mapping exists.]
11-11 05:24:38.777 1514 1974 E DisplayDeviceConfig: requesting nits when no mapping exists.
11-11 05:24:38.777 1514 1974 E DisplayDeviceConfig: requesting nits when no mapping exists.
11-11 05:24:38.777 1514 1614 I am_wtf : [0,1514,system_server,-1,DisplayDeviceConfig,requesting nits when no mapping exists.]
11-11 05:24:38.778 1514 1614 I am_wtf : [0,1514,system_server,-1,DisplayDeviceConfig,requesting nits when no mapping exists.]
11-11 05:24:38.794 1514 1974 E DisplayDeviceConfig: requesting nits when no mapping exists.
11-11 05:24:38.794 1514 1974 E DisplayDeviceConfig: requesting nits when no mapping exists.
11-11 05:24:38.794 1514 1614 I am_wtf : [0,1514,system_server,-1,DisplayDeviceConfig,requesting nits when no mapping exists.]
11-11 05:24:38.795 1514 1614 I am_wtf : [0,1514,system_server,-1,DisplayDeviceConfig,requesting nits when no mapping exists.]
11-11 05:24:38.810 1514 1974 E DisplayDeviceConfig: requesting nits when no mapping exists.
11-11 05:24:38.811 1514 1974 E DisplayDeviceConfig: requesting nits when no mapping exists.
11-11 05:24:38.811 1514 1614 I am_wtf : [0,1514,system_server,-1,DisplayDeviceConfig,requesting nits when no mapping exists.]
11-11 05:24:38.812 1514 1614 I am_wtf : [0,1514,system_server,-1,DisplayDeviceConfig,requesting nits when no mapping exists.]
11-11 05:24:38.827 1514 1974 E DisplayDeviceConfig: requesting nits when no mapping exists.
11-11 05:24:38.827 1514 1974 E DisplayDeviceConfig: requesting nits when no mapping exists.
11-11 05:24:38.827 1514 1614 I am_wtf : [0,1514,system_server,-1,DisplayDeviceConfig,requesting nits when no mapping exists.]
11-11 05:24:38.828 1514 1614 I am_wtf : [0,1514,system_server,-1,DisplayDeviceConfig,requesting nits when no mapping exists.]
11-11 05:24:38.844 1514 1974 E DisplayDeviceConfig: requesting nits when no mapping exists.
11-11 05:24:38.844 1514 1974 E DisplayDeviceConfig: requesting nits when no mapping exists.
11-11 05:24:38.845 1514 1614 I am_wtf : [0,1514,system_server,-1,DisplayDeviceConfig,requesting nits when no mapping exists.]
11-11 05:24:38.846 1514 1614 I am_wtf : [0,1514,system_server,-1,DisplayDeviceConfig,requesting nits when no mapping exists.]
11-11 05:24:38.861 1514 1974 E DisplayDeviceConfig: requesting nits when no mapping exists.
11-11 05:24:38.861 1514 1974 E DisplayDeviceConfig: requesting nits when no mapping exists.
11-11 05:24:38.861 1514 1614 I am_wtf : [0,1514,system_server,-1,DisplayDeviceConfig,requesting nits when no mapping exists.]
11-11 05:24:38.862 1514 1614 I am_wtf : [0,1514,system_server,-1,DisplayDeviceConfig,requesting nits when no mapping exists.]
11-11 05:24:38.877 1514 1974 E DisplayDeviceConfig: requesting nits when no mapping exists.
11-11 05:24:38.878 1514 1974 E DisplayDeviceConfig: requesting nits when no mapping exists.
11-11 05:24:38.878 1514 1614 I am_wtf : [0,1514,system_server,-1,DisplayDeviceConfig,requesting nits when no mapping exists.]
11-11 05:24:38.879 1514 1614 I am_wtf : [0,1514,system_server,-1,DisplayDeviceConfig,requesting nits when no mapping exists.]
11-11 05:24:38.894 1514 1974 E DisplayDeviceConfig: requesting nits when no mapping exists.
11-11 05:24:38.895 1514 1614 I am_wtf : [0,1514,system_server,-1,DisplayDeviceConfig,requesting nits when no mapping exists.]
11-11 05:24:38.896 1514 1974 E DisplayDeviceConfig: requesting nits when no mapping exists.
11-11 05:24:38.897 1514 1614 I am_wtf : [0,1514,system_server,-1,DisplayDeviceConfig,requesting nits when no mapping exists.]
11-11 05:24:38.910 1514 1974 E DisplayDeviceConfig: requesting nits when no mapping exists.
11-11 05:24:38.911 1514 1614 I am_wtf : [0,1514,system_server,-1,DisplayDeviceConfig,requesting nits when no mapping exists.]
11-11 05:24:38.911 1514 1974 E DisplayDeviceConfig: requesting nits when no mapping exists.
