11-11 05:26:53.033 1514 1974 E DisplayDeviceConfig: requesting nits when no mapping exists.
11-11 05:26:53.034 1514 1614 I am_wtf : [0,1514,system_server,-1,DisplayDeviceConfig,requesting nits when no mapping exists.]
11-11 05:26:53.049 1514 1974 E DisplayDeviceConfig: requesting nits when no mapping exists.
11-11 05:26:53.050 1514 1614 I am_wtf : [0,1514,system_server,-1,DisplayDeviceConfig,requesting nits when no mapping exists.]
11-11 05:26:53.050 1514 1974 E DisplayDeviceConfig: requesting nits when no mapping exists.
11-11 05:26:53.051 1514 1614 I am_wtf : [0,1514,system_server,-1,DisplayDeviceConfig,requesting nits when no mapping exists.]
11-11 05:26:53.066 1514 1974 E DisplayDeviceConfig: requesting nits when no mapping exists.
11-11 05:26:53.067 1514 1974 E DisplayDeviceConfig: requesting nits when no mapping exists.
11-11 05:26:53.067 1514 1614 I am_wtf : [0,1514,system_server,-1,DisplayDeviceConfig,requesting nits when no mapping exists.]
11-11 05:26:53.068 1514 1614 I am_wtf : [0,1514,system_server,-1,DisplayDeviceConfig,requesting nits when no mapping exists.]
11-11 05:26:53.083 1514 1974 E DisplayDeviceConfig: requesting nits when no mapping exists.
11-11 05:26:53.083 1514 1974 E DisplayDeviceConfig: requesting nits when no mapping exists.
11-11 05:26:53.083 1514 1614 I am_wtf : [0,1514,system_server,-1,DisplayDeviceConfig,requesting nits when no mapping exists.]
11-11 05:26:53.084 1514 1614 I am_wtf : [0,1514,system_server,-1,DisplayDeviceConfig,requesting nits when no mapping exists.]
11-11 05:26:53.100 1514 1974 E DisplayDeviceConfig: requesting nits when no mapping exists.
11-11 05:26:53.100 1514 1974 E DisplayDeviceConfig: requesting nits when no mapping exists.
11-11 05:26:53.100 1514 1614 I am_wtf : [0,1514,system_server,-1,DisplayDeviceConfig,requesting nits when no mapping exists.]
11-11 05:26:53.101 1514 1614 I am_wtf : [0,1514,system_server,-1,DisplayDeviceConfig,requesting nits when no mapping exists.]
11-11 05:26:53.116 1514 1974 E DisplayDeviceConfig: requesting nits when no mapping exists.
11-11 05:26:53.116 1514 1974 E DisplayDeviceConfig: requesting nits when no mapping exists.
11-11 05:26:53.116 1514 1614 I am_wtf : [0,1514,system_server,-1,DisplayDeviceConfig,requesting nits when no mapping exists.]
11-11 05:26:53.117 1514 1614 I am_wtf : [0,1514,system_server,-1,DisplayDeviceConfig,requesting nits when no mapping exists.]
11-11 05:26:53.133 1514 1974 E DisplayDeviceConfig: requesting nits when no mapping exists.
11-11 05:26:53.134 1514 1974 E DisplayDeviceConfig: requesting nits when no mapping exists.
11-11 05:26:53.134 1514 1614 I am_wtf : [0,1514,system_server,-1,DisplayDeviceConfig,requesting nits when no mapping exists.]
11-11 05:26:53.135 1514 1614 I am_wtf : [0,1514,system_server,-1,DisplayDeviceConfig,requesting nits when no mapping exists.]
11-11 05:26:53.149 1514 1974 E DisplayDeviceConfig: requesting nits when no mapping exists.
11-11 05:26:53.150 1514 1974 E DisplayDeviceConfig: requesting nits when no mapping exists.
11-11 05:26:53.151 1514 1614 I am_wtf : [0,1514,system_server,-1,DisplayDeviceConfig,requesting nits when no mapping exists.]
11-11 05:26:53.151 1514 1614 I am_wtf : [0,1514,system_server,-1,DisplayDeviceConfig,requesting nits when no mapping exists.]
11-11 05:26:53.166 1514 1974 E DisplayDeviceConfig: requesting nits when no mapping exists.
11-11 05:26:53.167 1514 1614 I am_wtf : [0,1514,system_server,-1,DisplayDeviceConfig,requesting nits when no mapping exists.]
11-11 05:26:53.167 1514 1974 E DisplayDeviceConfig: requesting nits when no mapping exists.
11-11 05:26:53.168 1514 1614 I am_wtf : [0,1514,system_server,-1,DisplayDeviceConfig,requesting nits when no mapping exists.]
11-11 05:26:53.183 1514 1974 E DisplayDeviceConfig: requesting nits when no mapping exists.
11-11 05:26:53.184 1514 1614 I am_wtf : [0,1514,system_server,-1,DisplayDeviceConfig,requesting nits when no mapping exists.]
11-11 05:26:53.184 1514 1974 E DisplayDeviceConfig: requesting nits when no mapping exists.
11-11 05:26:53.185 1514 1614 I am_wtf : [0,1514,system_server,-1,DisplayDeviceConfig,requesting nits when no mapping exists.]
11-11 05:26:53.200 1514 1974 E DisplayDeviceConfig: requesting nits when no mapping exists.
11-11 05:26:53.200 1514 1974 E DisplayDeviceConfig: requesting nits when no mapping exists.
11-11 05:26:53.200 1514 1614 I am_wtf : [0,1514,system_server,-1,DisplayDeviceConfig,requesting nits when no mapping exists.]
11-11 05:26:53.201 1514 1614 I am_wtf : [0,1514,system_server,-1,DisplayDeviceConfig,requesting nits when no mapping exists.]
11-11 05:26:53.216 1514 1974 E DisplayDeviceConfig: requesting nits when no mapping exists.
11-11 05:26:53.217 1514 1974 E DisplayDeviceConfig: requesting nits when no mapping exists.
11-11 05:26:53.217 1514 1614 I am_wtf : [0,1514,system_server,-1,DisplayDeviceConfig,requesting nits when no mapping exists.]
11-11 05:26:53.217 1514 1614 I am_wtf : [0,1514,system_server,-1,DisplayDeviceConfig,requesting nits when no mapping exists.]
11-11 05:26:53.233 1514 1974 E DisplayDeviceConfig: requesting nits when no mapping exists.
11-11 05:26:53.233 1514 1974 E DisplayDeviceConfig: requesting nits when no mapping exists.
11-11 05:26:53.233 1514 1614 I am_wtf : [0,1514,system_server,-1,DisplayDeviceConfig,requesting nits when no mapping exists.]
11-11 05:26:53.234 1514 1614 I am_wtf : [0,1514,system_server,-1,DisplayDeviceConfig,requesting nits when no mapping exists.]
11-11 05:26:53.251 1514 1974 E DisplayDeviceConfig: requesting nits when no mapping exists.
11-11 05:26:53.251 1514 1614 I am_wtf : [0,1514,system_server,-1,DisplayDeviceConfig,requesting nits when no mapping exists.]
11-11 05:26:53.251 1514 1974 E DisplayDeviceConfig: requesting nits when no mapping exists.
11-11 05:26:53.252 1514 1614 I am_wtf : [0,1514,system_server,-1,DisplayDeviceConfig,requesting nits when no mapping exists.]
11-11 05:26:53.267 1514 1974 E DisplayDeviceConfig: requesting nits when no mapping exists.
11-11 05:26:53.267 1514 1614 I am_wtf : [0,1514,system_server,-1,DisplayDeviceConfig,requesting nits when no mapping exists.]
11-11 05:26:53.267 1514 1974 E DisplayDeviceConfig: requesting nits when no mapping exists.
11-11 05:26:53.268 1514 1614 I am_wtf : [0,1514,system_server,-1,DisplayDeviceConfig,requesting nits when no mapping exists.]
11-11 05:26:53.284 1514 1974 E DisplayDeviceConfig: requesting nits when no mapping exists.
11-11 05:26:53.284 1514 1614 I am_wtf : [0,1514,system_server,-1,DisplayDeviceConfig,requesting nits when no mapping exists.]
11-11 05:26:53.284 1514 1974 E DisplayDeviceConfig: requesting nits when no mapping exists.
11-11 05:26:53.285 1514 1614 I am_wtf : [0,1514,system_server,-1,DisplayDeviceConfig,requesting nits when no mapping exists.]
11-11 05:26:53.300 1514 1974 E DisplayDeviceConfig: requesting nits when no mapping exists.
11-11 05:26:53.301 1514 1974 E DisplayDeviceConfig: requesting nits when no mapping exists.
11-11 05:26:53.301 1514 1614 I am_wtf : [0,1514,system_server,-1,DisplayDeviceConfig,requesting nits when no mapping exists.]
11-11 05:26:53.302 1514 1614 I am_wtf : [0,1514,system_server,-1,DisplayDeviceConfig,requesting nits when no mapping exists.]
11-11 05:26:53.317 1514 1974 E DisplayDeviceConfig: requesting nits when no mapping exists.
11-11 05:26:53.317 1514 1614 I am_wtf : [0,1514,system_server,-1,DisplayDeviceConfig,requesting nits when no mapping exists.]
11-11 05:26:53.317 1514 1974 E DisplayDeviceConfig: requesting nits when no mapping exists.
11-11 05:26:53.318 1514 1614 I am_wtf : [0,1514,system_server,-1,DisplayDeviceConfig,requesting nits when no mapping exists.]
11-11 05:26:53.333 1514 1974 E DisplayDeviceConfig: requesting nits when no mapping exists.
11-11 05:26:53.334 1514 1974 E DisplayDeviceConfig: requesting nits when no mapping exists.
11-11 05:26:53.334 1514 1614 I am_wtf : [0,1514,system_server,-1,DisplayDeviceConfig,requesting nits when no mapping exists.]
11-11 05:26:53.335 1514 1614 I am_wtf : [0,1514,system_server,-1,DisplayDeviceConfig,requesting nits when no mapping exists.]
11-11 05:26:53.350 1514 1974 E DisplayDeviceConfig: requesting nits when no mapping exists.
11-11 05:26:53.351 1514 1614 I am_wtf : [0,1514,system_server,-1,DisplayDeviceConfig,requesting nits when no mapping exists.]
11-11 05:26:53.351 1514 1974 E DisplayDeviceConfig: requesting nits when no mapping exists.
11-11 05:26:53.352 1514 1614 I am_wtf : [0,1514,system_server,-1,DisplayDeviceConfig,requesting nits when no mapping exists.]
11-11 05:26:53.367 1514 1974 E DisplayDeviceConfig: requesting nits when no mapping exists.
11-11 05:26:53.367 1514 1974 E DisplayDeviceConfig: requesting nits when no mapping exists.
11-11 05:26:53.367 1514 1614 I am_wtf : [0,1514,system_server,-1,DisplayDeviceConfig,requesting nits when no mapping exists.]
11-11 05:26:53.368 1514 1614 I am_wtf : [0,1514,system_server,-1,DisplayDeviceConfig,requesting nits when no mapping exists.]
11-11 05:26:53.384 1514 1974 E DisplayDeviceConfig: requesting nits when no mapping exists.
11-11 05:26:53.384 1514 1974 E DisplayDeviceConfig: requesting nits when no mapping exists.
11-11 05:26:53.384 1514 1614 I am_wtf : [0,1514,system_server,-1,DisplayDeviceConfig,requesting nits when no mapping exists.]
11-11 05:26:53.385 1514 1614 I am_wtf : [0,1514,system_server,-1,DisplayDeviceConfig,requesting nits when no mapping exists.]
11-11 05:26:53.400 1514 1974 E DisplayDeviceConfig: requesting nits when no mapping exists.
11-11 05:26:53.400 1514 1974 E DisplayDeviceConfig: requesting nits when no mapping exists.
11-11 05:26:53.400 1514 1614 I am_wtf : [0,1514,system_server,-1,DisplayDeviceConfig,requesting nits when no mapping exists.]
11-11 05:26:53.401 1514 1614 I am_wtf : [0,1514,system_server,-1,DisplayDeviceConfig,requesting nits when no mapping exists.]
11-11 05:26:53.399 0 0 I auditd : type=1400 audit(0.0:2951): avc: denied { kill } for comm="swapper/1" capability=5 scontext=u:r:kernel:s0 tcontext=u:r:kernel:s0 tclass=capability permissive=0
11-11 05:26:53.417 1514 1974 E DisplayDeviceConfig: requesting nits when no mapping exists.
11-11 05:26:53.417 1514 1974 E DisplayDeviceConfig: requesting nits when no mapping exists.
11-11 05:26:53.417 1514 1614 I am_wtf : [0,1514,system_server,-1,DisplayDeviceConfig,requesting nits when no mapping exists.]
11-11 05:26:53.419 1514 1614 I am_wtf : [0,1514,system_server,-1,DisplayDeviceConfig,requesting nits when no mapping exists.]
11-11 05:26:53.434 1514 1974 E DisplayDeviceConfig: requesting nits when no mapping exists.
11-11 05:26:53.434 1514 1974 E DisplayDeviceConfig: requesting nits when no mapping exists.
11-11 05:26:53.434 1514 1614 I am_wtf : [0,1514,system_server,-1,DisplayDeviceConfig,requesting nits when no mapping exists.]
11-11 05:26:53.435 1514 1614 I am_wtf : [0,1514,system_server,-1,DisplayDeviceConfig,requesting nits when no mapping exists.]
11-11 05:26:53.436 1514 1614 I service_manager_stats: [100,68,62596]
11-11 05:26:53.450 1514 1974 E DisplayDeviceConfig: requesting nits when no mapping exists.
11-11 05:26:53.451 1514 1974 E DisplayDeviceConfig: requesting nits when no mapping exists.
11-11 05:26:53.451 1514 1614 I am_wtf : [0,1514,system_server,-1,DisplayDeviceConfig,requesting nits when no mapping exists.]
11-11 05:26:53.452 1514 1614 I am_wtf : [0,1514,system_server,-1,DisplayDeviceConfig,requesting nits when no mapping exists.]
11-11 05:26:53.467 1514 1974 E DisplayDeviceConfig: requesting nits when no mapping exists.
11-11 05:26:53.468 1514 1974 E DisplayDeviceConfig: requesting nits when no mapping exists.
11-11 05:26:53.468 1514 1614 I am_wtf : [0,1514,system_server,-1,DisplayDeviceConfig,requesting nits when no mapping exists.]
11-11 05:26:53.469 1514 1614 I am_wtf : [0,1514,system_server,-1,DisplayDeviceConfig,requesting nits when no mapping exists.]
11-11 05:26:53.484 1514 1974 E DisplayDeviceConfig: requesting nits when no mapping exists.
11-11 05:26:53.485 1514 1974 E DisplayDeviceConfig: requesting nits when no mapping exists.
11-11 05:26:53.486 1514 1614 I am_wtf : [0,1514,system_server,-1,DisplayDeviceConfig,requesting nits when no mapping exists.]
11-11 05:26:53.487 1514 1614 I am_wtf : [0,1514,system_server,-1,DisplayDeviceConfig,requesting nits when no mapping exists.]
11-11 05:26:53.500 1514 1974 E DisplayDeviceConfig: requesting nits when no mapping exists.
11-11 05:26:53.501 1514 1974 E DisplayDeviceConfig: requesting nits when no mapping exists.
11-11 05:26:53.501 1514 1614 I am_wtf : [0,1514,system_server,-1,DisplayDeviceConfig,requesting nits when no mapping exists.]
11-11 05:26:53.501 1514 1614 I am_wtf : [0,1514,system_server,-1,DisplayDeviceConfig,requesting nits when no mapping exists.]
11-11 05:26:53.517 1514 1974 E DisplayDeviceConfig: requesting nits when no mapping exists.
11-11 05:26:53.518 1514 1974 E DisplayDeviceConfig: requesting nits when no mapping exists.
11-11 05:26:53.518 1514 1614 I am_wtf : [0,1514,system_server,-1,DisplayDeviceConfig,requesting nits when no mapping exists.]
11-11 05:26:53.519 1514 1614 I am_wtf : [0,1514,system_server,-1,DisplayDeviceConfig,requesting nits when no mapping exists.]
11-11 05:26:53.534 1514 1974 E DisplayDeviceConfig: requesting nits when no mapping exists.
11-11 05:26:53.534 1514 1974 E DisplayDeviceConfig: requesting nits when no mapping exists.
11-11 05:26:53.534 1514 1614 I am_wtf : [0,1514,system_server,-1,DisplayDeviceConfig,requesting nits when no mapping exists.]
11-11 05:26:53.535 1514 1614 I am_wtf : [0,1514,system_server,-1,DisplayDeviceConfig,requesting nits when no mapping exists.]
11-11 05:26:53.550 1514 1974 E DisplayDeviceConfig: requesting nits when no mapping exists.
11-11 05:26:53.551 1514 1974 E DisplayDeviceConfig: requesting nits when no mapping exists.
11-11 05:26:53.551 1514 1614 I am_wtf : [0,1514,system_server,-1,DisplayDeviceConfig,requesting nits when no mapping exists.]
11-11 05:26:53.552 1514 1614 I am_wtf : [0,1514,system_server,-1,DisplayDeviceConfig,requesting nits when no mapping exists.]
11-11 05:26:53.567 1514 1974 E DisplayDeviceConfig: requesting nits when no mapping exists.
11-11 05:26:53.568 1514 1974 E DisplayDeviceConfig: requesting nits when no mapping exists.
11-11 05:26:53.568 1514 1614 I am_wtf : [0,1514,system_server,-1,DisplayDeviceConfig,requesting nits when no mapping exists.]
11-11 05:26:53.569 1514 1614 I am_wtf : [0,1514,system_server,-1,DisplayDeviceConfig,requesting nits when no mapping exists.]
11-11 05:26:53.585 1514 1974 E DisplayDeviceConfig: requesting nits when no mapping exists.
11-11 05:26:53.587 1514 1974 E DisplayDeviceConfig: requesting nits when no mapping exists.
11-11 05:26:53.590 1514 1614 I am_wtf : [0,1514,system_server,-1,DisplayDeviceConfig,requesting nits when no mapping exists.]
11-11 05:26:53.594 1514 1614 I am_wtf : [0,1514,system_server,-1,DisplayDeviceConfig,requesting nits when no mapping exists.]
11-11 05:26:53.602 1514 1974 E DisplayDeviceConfig: requesting nits when no mapping exists.
11-11 05:26:53.603 1514 1614 I am_wtf : [0,1514,system_server,-1,DisplayDeviceConfig,requesting nits when no mapping exists.]
11-11 05:26:53.603 1514 1974 E DisplayDeviceConfig: requesting nits when no mapping exists.
11-11 05:26:53.604 1514 1614 I am_wtf : [0,1514,system_server,-1,DisplayDeviceConfig,requesting nits when no mapping exists.]
11-11 05:26:53.618 1514 1974 E DisplayDeviceConfig: requesting nits when no mapping exists.
11-11 05:26:53.619 1514 1974 E DisplayDeviceConfig: requesting nits when no mapping exists.
11-11 05:26:53.620 1514 1614 I am_wtf : [0,1514,system_server,-1,DisplayDeviceConfig,requesting nits when no mapping exists.]
11-11 05:26:53.621 1514 1614 I am_wtf : [0,1514,system_server,-1,DisplayDeviceConfig,requesting nits when no mapping exists.]
11-11 05:26:53.634 1514 1974 E DisplayDeviceConfig: requesting nits when no mapping exists.
11-11 05:26:53.635 1514 1974 E DisplayDeviceConfig: requesting nits when no mapping exists.
11-11 05:26:53.635 1514 1614 I am_wtf : [0,1514,system_server,-1,DisplayDeviceConfig,requesting nits when no mapping exists.]
11-11 05:26:53.636 1514 1614 I am_wtf : [0,1514,system_server,-1,DisplayDeviceConfig,requesting nits when no mapping exists.]
11-11 05:26:53.651 1514 1974 E DisplayDeviceConfig: requesting nits when no mapping exists.
11-11 05:26:53.652 1514 1974 E DisplayDeviceConfig: requesting nits when no mapping exists.
11-11 05:26:53.652 1514 1614 I am_wtf : [0,1514,system_server,-1,DisplayDeviceConfig,requesting nits when no mapping exists.]
11-11 05:26:53.653 1514 1614 I am_wtf : [0,1514,system_server,-1,DisplayDeviceConfig,requesting nits when no mapping exists.]
11-11 05:26:53.668 1514 1974 E DisplayDeviceConfig: requesting nits when no mapping exists.
11-11 05:26:53.669 1514 1614 I am_wtf : [0,1514,system_server,-1,DisplayDeviceConfig,requesting nits when no mapping exists.]
11-11 05:26:53.669 1514 1974 E DisplayDeviceConfig: requesting nits when no mapping exists.
11-11 05:26:53.670 1514 1614 I am_wtf : [0,1514,system_server,-1,DisplayDeviceConfig,requesting nits when no mapping exists.]
11-11 05:26:53.685 1514 1974 E DisplayDeviceConfig: requesting nits when no mapping exists.
11-11 05:26:53.685 1514 1614 I am_wtf : [0,1514,system_server,-1,DisplayDeviceConfig,requesting nits when no mapping exists.]
11-11 05:26:53.687 1514 1974 E DisplayDeviceConfig: requesting nits when no mapping exists.
11-11 05:26:53.688 1514 1614 I am_wtf : [0,1514,system_server,-1,DisplayDeviceConfig,requesting nits when no mapping exists.]
11-11 05:26:53.702 1514 1974 E DisplayDeviceConfig: requesting nits when no mapping exists.
11-11 05:26:53.703 1514 1974 E DisplayDeviceConfig: requesting nits when no mapping exists.
11-11 05:26:53.703 1514 1614 I am_wtf : [0,1514,system_server,-1,DisplayDeviceConfig,requesting nits when no mapping exists.]
11-11 05:26:53.703 1514 1614 I am_wtf : [0,1514,system_server,-1,DisplayDeviceConfig,requesting nits when no mapping exists.]
11-11 05:26:53.718 1514 1974 E DisplayDeviceConfig: requesting nits when no mapping exists.
11-11 05:26:53.718 1514 1974 E DisplayDeviceConfig: requesting nits when no mapping exists.
11-11 05:26:53.718 1514 1614 I am_wtf : [0,1514,system_server,-1,DisplayDeviceConfig,requesting nits when no mapping exists.]
11-11 05:26:53.719 1514 1614 I am_wtf : [0,1514,system_server,-1,DisplayDeviceConfig,requesting nits when no mapping exists.]
11-11 05:26:53.734 1514 1974 E DisplayDeviceConfig: requesting nits when no mapping exists.
11-11 05:26:53.735 1514 1614 I am_wtf : [0,1514,system_server,-1,DisplayDeviceConfig,requesting nits when no mapping exists.]
11-11 05:26:53.736 1514 1974 E DisplayDeviceConfig: requesting nits when no mapping exists.
11-11 05:26:53.737 1514 1614 I am_wtf : [0,1514,system_server,-1,DisplayDeviceConfig,requesting nits when no mapping exists.]
11-11 05:26:53.752 1514 1974 E DisplayDeviceConfig: requesting nits when no mapping exists.
11-11 05:26:53.752 1514 1614 I am_wtf : [0,1514,system_server,-1,DisplayDeviceConfig,requesting nits when no mapping exists.]
11-11 05:26:53.752 1514 1974 E DisplayDeviceConfig: requesting nits when no mapping exists.
11-11 05:26:53.753 1514 1614 I am_wtf : [0,1514,system_server,-1,DisplayDeviceConfig,requesting nits when no mapping exists.]
11-11 05:26:55.306 1514 1614 I am_uid_idle: 10068
11-11 05:26:55.399 0 0 I auditd : type=1400 audit(0.0:2952): avc: denied { kill } for comm="swapper/1" capability=5 scontext=u:r:kernel:s0 tcontext=u:r:kernel:s0 tclass=capability permissive=0
11-11 05:26:56.399 0 0 I auditd : type=1400 audit(0.0:2953): avc: denied { kill } for comm="swapper/1" capability=5 scontext=u:r:kernel:s0 tcontext=u:r:kernel:s0 tclass=capability permissive=0
11-11 05:26:57.103 1514 1614 I am_uid_idle: 10065
11-11 05:26:57.399 0 0 I auditd : type=1400 audit(0.0:2954): avc: denied { kill } for comm="swapper/1" capability=5 scontext=u:r:kernel:s0 tcontext=u:r:kernel:s0 tclass=capability permissive=0
11-11 05:26:58.399 0 0 I auditd : type=1400 audit(0.0:2955): avc: denied { kill } for comm="swapper/1" capability=5 scontext=u:r:kernel:s0 tcontext=u:r:kernel:s0 tclass=capability permissive=0
11-11 05:26:59.399 0 0 I auditd : type=1400 audit(0.0:2956): avc: denied { kill } for comm="swapper/1" capability=5 scontext=u:r:kernel:s0 tcontext=u:r:kernel:s0 tclass=capability permissive=0
11-11 05:26:59.787 1514 1649 I PowerManagerService: Napping display group (groupId=0, uid=1000)...
11-11 05:26:59.787 1514 1649 I PowerManagerService: Nap time (uid 1000)...
11-11 05:26:59.789 1514 1649 I DreamManagerService: Entering dreamland.
11-11 05:26:59.795 1514 1649 I PowerManagerService: Dreaming...
11-11 05:26:59.801 1514 1592 I DreamController: Starting dream: name=ComponentInfo{com.thundercomm.screensaver/com.thundercomm.saverclock.service.ClockScreensaver}, isTest=false, canDoze=false, userId=0
11-11 05:26:59.801 1514 1592 I sysui_multi_action: [757,222,758,1]
11-11 05:26:59.804 1514 1592 I am_uid_active: 10051
11-11 05:26:59.815 1514 1612 I am_pss : [10670,10068,com.android.gallery3d,23063552,17068032,0,138854400,0,18,12]
11-11 05:26:59.818 1514 10321 I ActivityTaskManager: START u0 {flg=0x10000000 pkg=com.thundercomm.screensaver cmp=com.thundercomm.screensaver/android.service.dreams.DreamActivity (has extras)} from uid 10051
11-11 05:26:59.823 1514 10321 I wm_task_created: [87,-1]
11-11 05:26:59.823 1514 10321 W ActivityTaskManager: Can't find TaskDisplayArea to determine support for multi window. Task id=87 attached=false
11-11 05:26:59.828 1514 10321 I wm_task_moved: [87,1,6]
11-11 05:26:59.828 1514 10321 I wm_task_to_front: [0,87]
11-11 05:26:59.828 1514 10321 I wm_create_task: [0,87]
11-11 05:26:59.829 1514 10321 I wm_create_activity: [0,252599200,87,com.thundercomm.screensaver/android.service.dreams.DreamActivity,NULL,NULL,NULL,276824064]
11-11 05:26:59.829 1514 10321 I wm_task_moved: [87,1,6]
11-11 05:26:59.829 2503 2503 I wm_on_top_resumed_lost_called: [157690489,com.android.launcher3.uioverrides.QuickstepLauncher,topStateChangedWhenResumed]
11-11 05:26:59.831 1514 10321 I wm_pause_activity: [0,157690489,com.android.launcher3/.uioverrides.QuickstepLauncher,userLeaving=true,pauseBackTasks]
11-11 05:26:59.836 2503 2503 I wm_on_paused_called: [157690489,com.android.launcher3.uioverrides.QuickstepLauncher,performPause]
11-11 05:26:59.838 1514 10321 I ActivityTaskManager: FOREGROUND_APPLICATION_CHANGED to android.service.dreams.DreamActivity
11-11 05:26:59.839 1514 10321 I ActivityTaskManager: The Process com.thundercomm.screensaver Already Exists in BG. So sending its PID: 4894
11-11 05:26:59.839 1514 10321 W ActivityTaskManager: Tried to set launchTime (0) < mLastActivityLaunchTime (2301114)
11-11 05:26:59.840 1514 10321 I wm_add_to_stopping: [0,157690489,com.android.launcher3/.uioverrides.QuickstepLauncher,makeInvisible]
11-11 05:26:59.841 1514 10321 I wm_restart_activity: [0,252599200,87,com.thundercomm.screensaver/android.service.dreams.DreamActivity]
11-11 05:26:59.843 1514 10321 I wm_set_resumed_activity: [0,com.thundercomm.screensaver/android.service.dreams.DreamActivity,minimalResumeActivityLocked]
11-11 05:26:59.858 4894 4894 I wm_on_create_called: [252599200,android.service.dreams.DreamActivity,performCreate]
11-11 05:26:59.859 4894 4894 I wm_on_start_called: [252599200,android.service.dreams.DreamActivity,handleStartActivity]
11-11 05:26:59.860 4894 4894 I wm_on_resume_called: [252599200,android.service.dreams.DreamActivity,RESUME_ACTIVITY]
11-11 05:26:59.862 1514 2991 W WindowManager: Failed looking up window session=Session{de6ab3f 4894:u0a10051} callers=com.android.server.wm.WindowManagerService.windowForClientLocked:5628 com.android.server.wm.Session.insetsModified:629 android.view.IWindowSession$Stub.onTransact:1151
11-11 05:26:59.865 4894 4894 I wm_on_top_resumed_gained_called: [252599200,android.service.dreams.DreamActivity,topStateChangedWhenResumed]
11-11 05:26:59.866 1514 1595 I sysui_multi_action: [757,803,799,window_time_0,802,65]
11-11 05:26:59.870 1514 1770 I input_focus: [Focus leaving eea03e8 com.android.launcher3/com.android.launcher3.uioverrides.QuickstepLauncher (server),reason=NO_WINDOW]
11-11 05:26:59.871 3685 3703 W ContextImpl: Calling a method in the system process without a qualified user: android.app.ContextImpl.startService:1816 android.content.ContextWrapper.startService:774 com.thundercomm.gamemode.ingame.services.GameModeActionUtils.startGameModeService:93 com.thundercomm.gamemode.ingame.services.GameModeActionUtils.startGameModeEntry:21 com.thundercomm.gamemode.ingame.services.ActivityMonitoringService$1.onActivityLaunch:126
11-11 05:26:59.886 1514 1514 I GameModeConfig: Current uri is uri = content://com.thundercomm.gamemode.api/gamemode_settings/gamemode_isgaming
11-11 05:26:59.888 1514 1514 I am_uid_active: 10065
11-11 05:26:59.890 1514 1514 I GameModeConfig: isGameModeOn = false
11-11 05:26:59.891 1514 1514 I GameModeConfig: isGameModeOn = false
11-11 05:26:59.891 1514 1514 I GameModeConfig: isDisableVoice = true
11-11 05:26:59.893 1514 1901 I GameModeConfig: isGameModeOn = false
11-11 05:26:59.893 1514 1901 I GameModeConfig: isGameModeOn = false
11-11 05:26:59.894 1514 1901 I GameModeConfig: isGameModeOn = false
11-11 05:26:59.894 1514 1901 I GameModeConfig: isGameModeOn = false
11-11 05:26:59.895 1514 1596 I input_focus: [Focus request 4946fff com.thundercomm.screensaver/android.service.dreams.DreamActivity,reason=UpdateInputWindows]
11-11 05:26:59.896 1998 1998 I sysui_multi_action: [757,111,758,2]
11-11 05:26:59.896 1514 1514 I notification_enqueue: [10082,1998,com.android.systemui,2048,NULL,0,Notification(channel=updateNotification shortcut=null contentView=null vibrate=null sound=null defaults=0x0 flags=0x0 color=0x00000000 vis=PRIVATE),1]
11-11 05:26:59.896 1998 1998 I sysui_multi_action: [757,111,758,2]
11-11 05:26:59.912 1514 1649 V DisplayPowerController[0]: Brightness [1.0] reason changing to: 'manual', previous reason: 'manual [ dim ]'.
11-11 05:26:59.912 1514 1649 I sysui_multi_action: [757,1696,758,6,759,3]
11-11 05:26:59.913 1998 1998 I sysui_multi_action: [757,111,758,1]
11-11 05:26:59.913 1998 1998 I sysui_multi_action: [757,126,758,1,759,126,927,0,928,1,1593,0]
11-11 05:26:59.913 1514 1592 I sysui_multi_action: [319,90,322,90,325,2435,757,761,758,8,759,2,806,com.thundercomm.screensaver,871,android.service.dreams.DreamActivity,904,com.thundercomm.screensaver,905,0,1320,4,1321,2]
11-11 05:26:59.914 1998 1998 I sysui_multi_action: [757,113,758,1,759,113,927,1,928,1,1593,0]
11-11 05:26:59.914 1998 1998 I sysui_multi_action: [757,0,758,1,759,0,927,2,928,0,1593,0]
11-11 05:26:59.914 1998 1998 I sysui_multi_action: [757,0,758,1,759,0,927,3,928,0,1593,0]
11-11 05:26:59.914 1998 1998 I sysui_multi_action: [757,491,758,1,759,491,927,4,928,0,1311,-1,1593,0]
11-11 05:26:59.915 1998 1998 I sysui_multi_action: [757,0,758,1,759,0,927,5,928,0,1593,0]
11-11 05:26:59.915 1998 1998 I sysui_multi_action: [757,111,758,1]
11-11 05:26:59.915 1998 1998 I sysui_multi_action: [757,126,758,1,759,126,927,0,928,1,1593,0]
11-11 05:26:59.915 1998 1998 I sysui_multi_action: [757,113,758,1,759,113,927,1,928,1,1593,0]
11-11 05:26:59.915 1998 1998 I sysui_multi_action: [757,0,758,1,759,0,927,2,928,0,1593,0]
11-11 05:26:59.915 1514 1592 I wm_activity_launch_time: [0,252599200,com.thundercomm.screensaver/android.service.dreams.DreamActivity,90]
11-11 05:26:59.915 1998 1998 I sysui_multi_action: [757,0,758,1,759,0,927,3,928,0,1593,0]
11-11 05:26:59.918 1514 1974 E DisplayDeviceConfig: requesting nits when no mapping exists.
11-11 05:26:59.919 1514 1974 E DisplayDeviceConfig: requesting nits when no mapping exists.
11-11 05:26:59.919 1514 1614 I am_wtf : [0,1514,system_server,-1,DisplayDeviceConfig,requesting nits when no mapping exists.]
11-11 05:26:59.924 1514 1614 I am_wtf : [0,1514,system_server,-1,DisplayDeviceConfig,requesting nits when no mapping exists.]
11-11 05:26:59.935 1514 1974 E DisplayDeviceConfig: requesting nits when no mapping exists.
11-11 05:26:59.935 1514 1974 E DisplayDeviceConfig: requesting nits when no mapping exists.
11-11 05:26:59.936 1514 1614 I am_wtf : [0,1514,system_server,-1,DisplayDeviceConfig,requesting nits when no mapping exists.]
11-11 05:26:59.937 1514 1770 I input_focus: [Focus entering 4946fff com.thundercomm.screensaver/android.service.dreams.DreamActivity (server),reason=Window became focusable. Previous reason: NOT_VISIBLE]
11-11 05:26:59.938 1514 1614 I am_wtf : [0,1514,system_server,-1,DisplayDeviceConfig,requesting nits when no mapping exists.]
11-11 05:26:59.949 3685 3703 W ContextImpl: Calling a method in the system process without a qualified user: android.app.ContextImpl.startService:1816 android.content.ContextWrapper.startService:774 com.thundercomm.gamemode.ingame.services.GameModeActionUtils.startGameModeService:93 com.thundercomm.gamemode.ingame.services.GameModeActionUtils.startGameModeEntry:21 com.thundercomm.gamemode.ingame.services.ActivityMonitoringService$1.onActivityLaunch:126
11-11 05:26:59.954 1514 1514 I GameModeConfig: Current uri is uri = content://com.thundercomm.gamemode.api/gamemode_settings/gamemode_isgaming
11-11 05:26:59.954 1514 1974 E DisplayDeviceConfig: requesting nits when no mapping exists.
11-11 05:26:59.955 1514 1974 E DisplayDeviceConfig: requesting nits when no mapping exists.
11-11 05:26:59.955 1514 1614 I am_wtf : [0,1514,system_server,-1,DisplayDeviceConfig,requesting nits when no mapping exists.]
11-11 05:26:59.956 1514 1514 I GameModeConfig: isGameModeOn = false
11-11 05:26:59.956 1514 1614 I am_wtf : [0,1514,system_server,-1,DisplayDeviceConfig,requesting nits when no mapping exists.]
11-11 05:26:59.956 1514 1514 I GameModeConfig: isGameModeOn = false
11-11 05:26:59.956 1514 1514 I GameModeConfig: isDisableVoice = true
11-11 05:26:59.970 1514 1974 E DisplayDeviceConfig: requesting nits when no mapping exists.
11-11 05:26:59.970 1514 1974 E DisplayDeviceConfig: requesting nits when no mapping exists.
11-11 05:26:59.970 1514 1614 I am_wtf : [0,1514,system_server,-1,DisplayDeviceConfig,requesting nits when no mapping exists.]
11-11 05:26:59.971 1514 1614 I am_wtf : [0,1514,system_server,-1,DisplayDeviceConfig,requesting nits when no mapping exists.]
11-11 05:26:59.985 1514 1974 E DisplayDeviceConfig: requesting nits when no mapping exists.
11-11 05:26:59.987 1514 1974 E DisplayDeviceConfig: requesting nits when no mapping exists.
11-11 05:26:59.987 1514 1614 I am_wtf : [0,1514,system_server,-1,DisplayDeviceConfig,requesting nits when no mapping exists.]
11-11 05:26:59.988 1514 1614 I am_wtf : [0,1514,system_server,-1,DisplayDeviceConfig,requesting nits when no mapping exists.]
11-11 05:27:00.002 1514 1974 E DisplayDeviceConfig: requesting nits when no mapping exists.
11-11 05:27:00.003 1514 1974 E DisplayDeviceConfig: requesting nits when no mapping exists.
11-11 05:27:00.008 1514 1614 I am_wtf : [0,1514,system_server,-1,DisplayDeviceConfig,requesting nits when no mapping exists.]
11-11 05:27:00.009 1514 1614 I am_wtf : [0,1514,system_server,-1,DisplayDeviceConfig,requesting nits when no mapping exists.]
11-11 05:27:00.019 1514 1974 E DisplayDeviceConfig: requesting nits when no mapping exists.
11-11 05:27:00.019 1514 1614 I am_wtf : [0,1514,system_server,-1,DisplayDeviceConfig,requesting nits when no mapping exists.]
11-11 05:27:00.019 1514 1974 E DisplayDeviceConfig: requesting nits when no mapping exists.
11-11 05:27:00.020 1514 1614 I am_wtf : [0,1514,system_server,-1,DisplayDeviceConfig,requesting nits when no mapping exists.]
11-11 05:27:00.041 1514 1974 E DisplayDeviceConfig: requesting nits when no mapping exists.
11-11 05:27:00.041 1514 1614 I am_wtf : [0,1514,system_server,-1,DisplayDeviceConfig,requesting nits when no mapping exists.]
11-11 05:27:00.041 1514 1974 E DisplayDeviceConfig: requesting nits when no mapping exists.
11-11 05:27:00.042 1514 1614 I am_wtf : [0,1514,system_server,-1,DisplayDeviceConfig,requesting nits when no mapping exists.]
11-11 05:27:00.052 1514 1974 E DisplayDeviceConfig: requesting nits when no mapping exists.
11-11 05:27:00.052 1514 1614 I am_wtf : [0,1514,system_server,-1,DisplayDeviceConfig,requesting nits when no mapping exists.]
11-11 05:27:00.052 1514 1974 E DisplayDeviceConfig: requesting nits when no mapping exists.
11-11 05:27:00.053 1514 1614 I am_wtf : [0,1514,system_server,-1,DisplayDeviceConfig,requesting nits when no mapping exists.]
11-11 05:27:00.068 1514 1974 E DisplayDeviceConfig: requesting nits when no mapping exists.
11-11 05:27:00.070 1514 1614 I am_wtf : [0,1514,system_server,-1,DisplayDeviceConfig,requesting nits when no mapping exists.]
11-11 05:27:00.070 1514 1974 E DisplayDeviceConfig: requesting nits when no mapping exists.
11-11 05:27:00.070 1514 1614 I am_wtf : [0,1514,system_server,-1,DisplayDeviceConfig,requesting nits when no mapping exists.]
11-11 05:27:00.085 1514 1974 E DisplayDeviceConfig: requesting nits when no mapping exists.
11-11 05:27:00.087 1514 1974 E DisplayDeviceConfig: requesting nits when no mapping exists.
11-11 05:27:00.087 1514 1614 I am_wtf : [0,1514,system_server,-1,DisplayDeviceConfig,requesting nits when no mapping exists.]
11-11 05:27:00.093 1514 1614 I am_wtf : [0,1514,system_server,-1,DisplayDeviceConfig,requesting nits when no mapping exists.]
11-11 05:27:00.100 1514 1514 I GameModeConfig: isGameModeOn = false
11-11 05:27:00.101 1514 1514 I sysui_multi_action: [757,1501,758,1,793,2414221,794,0,795,207,796,2048,806,com.android.systemui,857,updateNotification,858,3,947,0,1500,0,1688,1]
11-11 05:27:00.102 1514 1514 I sysui_multi_action: [757,804,799,note_interruptive,801,0,802,1]
11-11 05:27:00.103 1514 1514 I sysui_multi_action: [757,199,758,1,759,2,793,2414222,794,0,795,208,796,2048,806,com.android.systemui,857,updateNotification,858,3,947,0,1500,1,1688,1]
11-11 05:27:00.103 1514 1514 I notification_alert: [0|com.android.systemui|2048|null|10082,0,1,0]
11-11 05:27:00.105 1514 1974 E DisplayDeviceConfig: requesting nits when no mapping exists.
11-11 05:27:00.105 1514 1514 W NotificationHistory: Attempted to add notif for locked/gone/disabled user 0
11-11 05:27:00.106 1514 1974 E DisplayDeviceConfig: requesting nits when no mapping exists.
11-11 05:27:00.106 1514 1614 I am_wtf : [0,1514,system_server,-1,DisplayDeviceConfig,requesting nits when no mapping exists.]
11-11 05:27:00.107 1514 1614 I am_wtf : [0,1514,system_server,-1,DisplayDeviceConfig,requesting nits when no mapping exists.]
11-11 05:27:00.119 1514 1974 E DisplayDeviceConfig: requesting nits when no mapping exists.
11-11 05:27:00.120 1514 1974 E DisplayDeviceConfig: requesting nits when no mapping exists.
11-11 05:27:00.120 1514 1614 I am_wtf : [0,1514,system_server,-1,DisplayDeviceConfig,requesting nits when no mapping exists.]
11-11 05:27:00.120 1514 1614 I am_wtf : [0,1514,system_server,-1,DisplayDeviceConfig,requesting nits when no mapping exists.]
11-11 05:27:00.136 1514 1974 E DisplayDeviceConfig: requesting nits when no mapping exists.
11-11 05:27:00.137 1514 1614 I am_wtf : [0,1514,system_server,-1,DisplayDeviceConfig,requesting nits when no mapping exists.]
11-11 05:27:00.137 1514 1974 E DisplayDeviceConfig: requesting nits when no mapping exists.
11-11 05:27:00.138 1514 1614 I am_wtf : [0,1514,system_server,-1,DisplayDeviceConfig,requesting nits when no mapping exists.]
11-11 05:27:00.153 1514 1974 E DisplayDeviceConfig: requesting nits when no mapping exists.
11-11 05:27:00.154 1514 1974 E DisplayDeviceConfig: requesting nits when no mapping exists.
11-11 05:27:00.158 1514 1614 I am_wtf : [0,1514,system_server,-1,DisplayDeviceConfig,requesting nits when no mapping exists.]
11-11 05:27:00.161 1514 1614 I am_wtf : [0,1514,system_server,-1,DisplayDeviceConfig,requesting nits when no mapping exists.]
11-11 05:27:00.170 1514 1974 E DisplayDeviceConfig: requesting nits when no mapping exists.
11-11 05:27:00.171 1514 1974 E DisplayDeviceConfig: requesting nits when no mapping exists.
11-11 05:27:00.171 1514 1614 I am_wtf : [0,1514,system_server,-1,DisplayDeviceConfig,requesting nits when no mapping exists.]
11-11 05:27:00.171 1514 1614 I am_wtf : [0,1514,system_server,-1,DisplayDeviceConfig,requesting nits when no mapping exists.]
11-11 05:27:00.186 1514 1974 E DisplayDeviceConfig: requesting nits when no mapping exists.
11-11 05:27:00.187 1514 1974 E DisplayDeviceConfig: requesting nits when no mapping exists.
11-11 05:27:00.187 1514 1614 I am_wtf : [0,1514,system_server,-1,DisplayDeviceConfig,requesting nits when no mapping exists.]
11-11 05:27:00.188 1514 1614 I am_wtf : [0,1514,system_server,-1,DisplayDeviceConfig,requesting nits when no mapping exists.]
11-11 05:27:00.203 1514 1974 E DisplayDeviceConfig: requesting nits when no mapping exists.
11-11 05:27:00.204 1514 1974 E DisplayDeviceConfig: requesting nits when no mapping exists.
11-11 05:27:00.204 1514 1614 I am_wtf : [0,1514,system_server,-1,DisplayDeviceConfig,requesting nits when no mapping exists.]
11-11 05:27:00.206 1514 1614 I am_wtf : [0,1514,system_server,-1,DisplayDeviceConfig,requesting nits when no mapping exists.]
11-11 05:27:00.208 1514 1595 I wm_stop_activity: [0,157690489,com.android.launcher3/.uioverrides.QuickstepLauncher]
11-11 05:27:00.228 1514 1974 E DisplayDeviceConfig: requesting nits when no mapping exists.
11-11 05:27:00.229 1514 1614 I am_wtf : [0,1514,system_server,-1,DisplayDeviceConfig,requesting nits when no mapping exists.]
11-11 05:27:00.230 1514 1974 E DisplayDeviceConfig: requesting nits when no mapping exists.
11-11 05:27:00.231 1514 1614 I am_wtf : [0,1514,system_server,-1,DisplayDeviceConfig,requesting nits when no mapping exists.]
11-11 05:27:00.237 1514 1974 E DisplayDeviceConfig: requesting nits when no mapping exists.
11-11 05:27:00.237 1514 1974 E DisplayDeviceConfig: requesting nits when no mapping exists.
11-11 05:27:00.237 1514 1614 I am_wtf : [0,1514,system_server,-1,DisplayDeviceConfig,requesting nits when no mapping exists.]
11-11 05:27:00.238 1514 1614 I am_wtf : [0,1514,system_server,-1,DisplayDeviceConfig,requesting nits when no mapping exists.]
11-11 05:27:00.247 2503 2503 I wm_on_stop_called: [157690489,com.android.launcher3.uioverrides.QuickstepLauncher,STOP_ACTIVITY_ITEM]
11-11 05:27:00.252 1514 1974 E DisplayDeviceConfig: requesting nits when no mapping exists.
11-11 05:27:00.253 1514 1614 I am_wtf : [0,1514,system_server,-1,DisplayDeviceConfig,requesting nits when no mapping exists.]
11-11 05:27:00.253 1514 1974 E DisplayDeviceConfig: requesting nits when no mapping exists.
11-11 05:27:00.254 1514 1614 I am_wtf : [0,1514,system_server,-1,DisplayDeviceConfig,requesting nits when no mapping exists.]
11-11 05:27:00.264 3685 3703 W ContextImpl: Calling a method in the system process without a qualified user: android.app.ContextImpl.startService:1816 android.content.ContextWrapper.startService:774 com.thundercomm.gamemode.ingame.services.GameModeActionUtils.startGameModeService:93 com.thundercomm.gamemode.ingame.services.GameModeActionUtils.startGameModeEntry:21 com.thundercomm.gamemode.ingame.services.ActivityMonitoringService$1.onActivityLaunch:126
11-11 05:27:00.267 1514 1974 E DisplayDeviceConfig: requesting nits when no mapping exists.
11-11 05:27:00.267 1514 1974 E DisplayDeviceConfig: requesting nits when no mapping exists.
11-11 05:27:00.268 1514 1614 I am_wtf : [0,1514,system_server,-1,DisplayDeviceConfig,requesting nits when no mapping exists.]
11-11 05:27:00.268 1514 1614 I am_wtf : [0,1514,system_server,-1,DisplayDeviceConfig,requesting nits when no mapping exists.]
11-11 05:27:00.273 1514 1514 I GameModeConfig: Current uri is uri = content://com.thundercomm.gamemode.api/gamemode_settings/gamemode_isgaming
11-11 05:27:00.275 1514 1514 I GameModeConfig: isGameModeOn = false
11-11 05:27:00.275 1514 1514 I GameModeConfig: isGameModeOn = false
11-11 05:27:00.275 1514 1514 I GameModeConfig: isDisableVoice = true
11-11 05:27:00.283 1514 1974 E DisplayDeviceConfig: requesting nits when no mapping exists.
11-11 05:27:00.284 1514 1614 I am_wtf : [0,1514,system_server,-1,DisplayDeviceConfig,requesting nits when no mapping exists.]
11-11 05:27:00.284 1514 1974 E DisplayDeviceConfig: requesting nits when no mapping exists.
11-11 05:27:00.285 1514 1614 I am_wtf : [0,1514,system_server,-1,DisplayDeviceConfig,requesting nits when no mapping exists.]
11-11 05:27:00.300 1514 1974 E DisplayDeviceConfig: requesting nits when no mapping exists.
11-11 05:27:00.300 1514 1974 E DisplayDeviceConfig: requesting nits when no mapping exists.
11-11 05:27:00.300 1514 1614 I am_wtf : [0,1514,system_server,-1,DisplayDeviceConfig,requesting nits when no mapping exists.]
11-11 05:27:00.301 1514 1614 I am_wtf : [0,1514,system_server,-1,DisplayDeviceConfig,requesting nits when no mapping exists.]
11-11 05:27:00.317 1514 1974 E DisplayDeviceConfig: requesting nits when no mapping exists.
11-11 05:27:00.319 1514 1974 E DisplayDeviceConfig: requesting nits when no mapping exists.
11-11 05:27:00.319 1514 1614 I am_wtf : [0,1514,system_server,-1,DisplayDeviceConfig,requesting nits when no mapping exists.]
11-11 05:27:00.320 1514 1614 I am_wtf : [0,1514,system_server,-1,DisplayDeviceConfig,requesting nits when no mapping exists.]
11-11 05:27:00.334 1514 1974 E DisplayDeviceConfig: requesting nits when no mapping exists.
11-11 05:27:00.334 1514 1614 I am_wtf : [0,1514,system_server,-1,DisplayDeviceConfig,requesting nits when no mapping exists.]
11-11 05:27:00.334 1514 1974 E DisplayDeviceConfig: requesting nits when no mapping exists.
11-11 05:27:00.335 1514 1614 I am_wtf : [0,1514,system_server,-1,DisplayDeviceConfig,requesting nits when no mapping exists.]
11-11 05:27:00.352 1514 1974 E DisplayDeviceConfig: requesting nits when no mapping exists.
11-11 05:27:00.352 1514 1974 E DisplayDeviceConfig: requesting nits when no mapping exists.
11-11 05:27:00.353 1514 1614 I am_wtf : [0,1514,system_server,-1,DisplayDeviceConfig,requesting nits when no mapping exists.]
11-11 05:27:00.353 1514 1614 I am_wtf : [0,1514,system_server,-1,DisplayDeviceConfig,requesting nits when no mapping exists.]
11-11 05:27:00.367 1514 1974 E DisplayDeviceConfig: requesting nits when no mapping exists.
11-11 05:27:00.368 1514 1974 E DisplayDeviceConfig: requesting nits when no mapping exists.
11-11 05:27:00.368 1514 1614 I am_wtf : [0,1514,system_server,-1,DisplayDeviceConfig,requesting nits when no mapping exists.]
11-11 05:27:00.369 1514 1614 I am_wtf : [0,1514,system_server,-1,DisplayDeviceConfig,requesting nits when no mapping exists.]
11-11 05:27:00.370 1514 1614 I service_manager_stats: [100,61,6933]
11-11 05:27:00.385 1514 1974 E DisplayDeviceConfig: requesting nits when no mapping exists.
11-11 05:27:00.386 1514 1614 I am_wtf : [0,1514,system_server,-1,DisplayDeviceConfig,requesting nits when no mapping exists.]
11-11 05:27:00.386 1514 1974 E DisplayDeviceConfig: requesting nits when no mapping exists.
11-11 05:27:00.387 1514 1614 I am_wtf : [0,1514,system_server,-1,DisplayDeviceConfig,requesting nits when no mapping exists.]
11-11 05:27:00.402 1514 1974 E DisplayDeviceConfig: requesting nits when no mapping exists.
11-11 05:27:00.403 1514 1974 E DisplayDeviceConfig: requesting nits when no mapping exists.
11-11 05:27:00.403 1514 1614 I am_wtf : [0,1514,system_server,-1,DisplayDeviceConfig,requesting nits when no mapping exists.]
11-11 05:27:00.404 1514 1614 I am_wtf : [0,1514,system_server,-1,DisplayDeviceConfig,requesting nits when no mapping exists.]
11-11 05:27:00.417 1514 1974 E DisplayDeviceConfig: requesting nits when no mapping exists.
11-11 05:27:00.417 1514 1974 E DisplayDeviceConfig: requesting nits when no mapping exists.
11-11 05:27:00.418 1514 1614 I am_wtf : [0,1514,system_server,-1,DisplayDeviceConfig,requesting nits when no mapping exists.]
11-11 05:27:00.419 1514 1614 I am_wtf : [0,1514,system_server,-1,DisplayDeviceConfig,requesting nits when no mapping exists.]
11-11 05:27:00.435 1514 1974 E DisplayDeviceConfig: requesting nits when no mapping exists.
11-11 05:27:00.436 1514 1974 E DisplayDeviceConfig: requesting nits when no mapping exists.
11-11 05:27:00.436 1514 1614 I am_wtf : [0,1514,system_server,-1,DisplayDeviceConfig,requesting nits when no mapping exists.]
11-11 05:27:00.437 1514 1614 I am_wtf : [0,1514,system_server,-1,DisplayDeviceConfig,requesting nits when no mapping exists.]
11-11 05:27:00.454 1514 1974 E DisplayDeviceConfig: requesting nits when no mapping exists.
11-11 05:27:00.454 1514 1974 E DisplayDeviceConfig: requesting nits when no mapping exists.
11-11 05:27:00.454 1514 1614 I am_wtf : [0,1514,system_server,-1,DisplayDeviceConfig,requesting nits when no mapping exists.]
11-11 05:27:00.456 1514 1614 I am_wtf : [0,1514,system_server,-1,DisplayDeviceConfig,requesting nits when no mapping exists.]
11-11 05:27:00.469 1514 1974 E DisplayDeviceConfig: requesting nits when no mapping exists.
11-11 05:27:00.470 1514 1614 I am_wtf : [0,1514,system_server,-1,DisplayDeviceConfig,requesting nits when no mapping exists.]
11-11 05:27:00.471 1514 1974 E DisplayDeviceConfig: requesting nits when no mapping exists.
11-11 05:27:00.471 1514 1614 I am_wtf : [0,1514,system_server,-1,DisplayDeviceConfig,requesting nits when no mapping exists.]
11-11 05:27:00.484 1514 1974 E DisplayDeviceConfig: requesting nits when no mapping exists.
11-11 05:27:00.485 1514 1614 I am_wtf : [0,1514,system_server,-1,DisplayDeviceConfig,requesting nits when no mapping exists.]
11-11 05:27:00.486 1514 1974 E DisplayDeviceConfig: requesting nits when no mapping exists.
11-11 05:27:00.486 1514 1614 I am_wtf : [0,1514,system_server,-1,DisplayDeviceConfig,requesting nits when no mapping exists.]
11-11 05:27:00.502 1514 1974 E DisplayDeviceConfig: requesting nits when no mapping exists.
11-11 05:27:00.503 1514 1974 E DisplayDeviceConfig: requesting nits when no mapping exists.
11-11 05:27:00.503 1514 1614 I am_wtf : [0,1514,system_server,-1,DisplayDeviceConfig,requesting nits when no mapping exists.]
11-11 05:27:00.504 1514 1614 I am_wtf : [0,1514,system_server,-1,DisplayDeviceConfig,requesting nits when no mapping exists.]
11-11 05:27:00.517 1514 1974 E DisplayDeviceConfig: requesting nits when no mapping exists.
11-11 05:27:00.518 1514 1974 E DisplayDeviceConfig: requesting nits when no mapping exists.
11-11 05:27:00.518 1514 1614 I am_wtf : [0,1514,system_server,-1,DisplayDeviceConfig,requesting nits when no mapping exists.]
11-11 05:27:00.519 1514 1614 I am_wtf : [0,1514,system_server,-1,DisplayDeviceConfig,requesting nits when no mapping exists.]
11-11 05:27:00.534 1514 1974 E DisplayDeviceConfig: requesting nits when no mapping exists.
11-11 05:27:00.534 1514 1974 E DisplayDeviceConfig: requesting nits when no mapping exists.
11-11 05:27:00.534 1514 1614 I am_wtf : [0,1514,system_server,-1,DisplayDeviceConfig,requesting nits when no mapping exists.]
11-11 05:27:00.536 1514 1614 I am_wtf : [0,1514,system_server,-1,DisplayDeviceConfig,requesting nits when no mapping exists.]
11-11 05:27:00.551 1514 1974 E DisplayDeviceConfig: requesting nits when no mapping exists.
11-11 05:27:00.551 1514 1974 E DisplayDeviceConfig: requesting nits when no mapping exists.
11-11 05:27:00.551 1514 1614 I am_wtf : [0,1514,system_server,-1,DisplayDeviceConfig,requesting nits when no mapping exists.]
11-11 05:27:00.553 1514 1614 I am_wtf : [0,1514,system_server,-1,DisplayDeviceConfig,requesting nits when no mapping exists.]
11-11 05:27:00.568 1514 1974 E DisplayDeviceConfig: requesting nits when no mapping exists.
11-11 05:27:00.568 1514 1974 E DisplayDeviceConfig: requesting nits when no mapping exists.
11-11 05:27:00.570 1514 1614 I am_wtf : [0,1514,system_server,-1,DisplayDeviceConfig,requesting nits when no mapping exists.]
11-11 05:27:00.572 1514 1614 I am_wtf : [0,1514,system_server,-1,DisplayDeviceConfig,requesting nits when no mapping exists.]
11-11 05:27:00.585 1514 1974 E DisplayDeviceConfig: requesting nits when no mapping exists.
11-11 05:27:00.585 1514 1974 E DisplayDeviceConfig: requesting nits when no mapping exists.
11-11 05:27:00.585 1514 1614 I am_wtf : [0,1514,system_server,-1,DisplayDeviceConfig,requesting nits when no mapping exists.]
11-11 05:27:00.587 1514 1614 I am_wtf : [0,1514,system_server,-1,DisplayDeviceConfig,requesting nits when no mapping exists.]
11-11 05:27:00.601 1514 1974 E DisplayDeviceConfig: requesting nits when no mapping exists.
11-11 05:27:00.601 1514 1974 E DisplayDeviceConfig: requesting nits when no mapping exists.
11-11 05:27:00.601 1514 1614 I am_wtf : [0,1514,system_server,-1,DisplayDeviceConfig,requesting nits when no mapping exists.]
11-11 05:27:00.603 1514 1614 I am_wtf : [0,1514,system_server,-1,DisplayDeviceConfig,requesting nits when no mapping exists.]
11-11 05:27:00.618 1514 1974 E DisplayDeviceConfig: requesting nits when no mapping exists.
11-11 05:27:00.618 1514 1614 I am_wtf : [0,1514,system_server,-1,DisplayDeviceConfig,requesting nits when no mapping exists.]
11-11 05:27:00.619 1514 1974 E DisplayDeviceConfig: requesting nits when no mapping exists.
11-11 05:27:00.620 1514 1614 I am_wtf : [0,1514,system_server,-1,DisplayDeviceConfig,requesting nits when no mapping exists.]
11-11 05:27:00.635 1514 1974 E DisplayDeviceConfig: requesting nits when no mapping exists.
11-11 05:27:00.635 1514 1974 E DisplayDeviceConfig: requesting nits when no mapping exists.
11-11 05:27:00.636 1514 1614 I am_wtf : [0,1514,system_server,-1,DisplayDeviceConfig,requesting nits when no mapping exists.]
11-11 05:27:00.637 1514 1614 I am_wtf : [0,1514,system_server,-1,DisplayDeviceConfig,requesting nits when no mapping exists.]
11-11 05:27:00.653 1514 1974 E DisplayDeviceConfig: requesting nits when no mapping exists.
11-11 05:27:00.653 1514 1974 E DisplayDeviceConfig: requesting nits when no mapping exists.
11-11 05:27:00.653 1514 1614 I am_wtf : [0,1514,system_server,-1,DisplayDeviceConfig,requesting nits when no mapping exists.]
11-11 05:27:00.654 1514 1614 I am_wtf : [0,1514,system_server,-1,DisplayDeviceConfig,requesting nits when no mapping exists.]
11-11 05:27:00.669 1514 1974 E DisplayDeviceConfig: requesting nits when no mapping exists.
