11-11 05:27:00.669 1514 1614 I am_wtf : [0,1514,system_server,-1,DisplayDeviceConfig,requesting nits when no mapping exists.]
11-11 05:27:00.669 1514 1974 E DisplayDeviceConfig: requesting nits when no mapping exists.
11-11 05:27:00.670 1514 1614 I am_wtf : [0,1514,system_server,-1,DisplayDeviceConfig,requesting nits when no mapping exists.]
11-11 05:27:00.684 1514 1974 E DisplayDeviceConfig: requesting nits when no mapping exists.
11-11 05:27:00.685 1514 1974 E DisplayDeviceConfig: requesting nits when no mapping exists.
11-11 05:27:00.685 1514 1614 I am_wtf : [0,1514,system_server,-1,DisplayDeviceConfig,requesting nits when no mapping exists.]
11-11 05:27:00.686 1514 1614 I am_wtf : [0,1514,system_server,-1,DisplayDeviceConfig,requesting nits when no mapping exists.]
11-11 05:27:00.705 1514 1974 E DisplayDeviceConfig: requesting nits when no mapping exists.
11-11 05:27:00.705 1514 1614 I am_wtf : [0,1514,system_server,-1,DisplayDeviceConfig,requesting nits when no mapping exists.]
11-11 05:27:00.705 1514 1974 E DisplayDeviceConfig: requesting nits when no mapping exists.
11-11 05:27:00.708 1514 1614 I am_wtf : [0,1514,system_server,-1,DisplayDeviceConfig,requesting nits when no mapping exists.]
11-11 05:27:00.718 1514 1974 E DisplayDeviceConfig: requesting nits when no mapping exists.
11-11 05:27:00.719 1514 1974 E DisplayDeviceConfig: requesting nits when no mapping exists.
11-11 05:27:00.719 1514 1614 I am_wtf : [0,1514,system_server,-1,DisplayDeviceConfig,requesting nits when no mapping exists.]
11-11 05:27:00.720 1514 1614 I am_wtf : [0,1514,system_server,-1,DisplayDeviceConfig,requesting nits when no mapping exists.]
11-11 05:27:00.736 1514 1974 E DisplayDeviceConfig: requesting nits when no mapping exists.
11-11 05:27:00.737 1514 1974 E DisplayDeviceConfig: requesting nits when no mapping exists.
11-11 05:27:00.737 1514 1614 I am_wtf : [0,1514,system_server,-1,DisplayDeviceConfig,requesting nits when no mapping exists.]
11-11 05:27:00.738 1514 1614 I am_wtf : [0,1514,system_server,-1,DisplayDeviceConfig,requesting nits when no mapping exists.]
11-11 05:27:00.753 1514 1974 E DisplayDeviceConfig: requesting nits when no mapping exists.
11-11 05:27:00.754 1514 1614 I am_wtf : [0,1514,system_server,-1,DisplayDeviceConfig,requesting nits when no mapping exists.]
11-11 05:27:00.755 1514 1974 E DisplayDeviceConfig: requesting nits when no mapping exists.
11-11 05:27:00.756 1514 1614 I am_wtf : [0,1514,system_server,-1,DisplayDeviceConfig,requesting nits when no mapping exists.]
11-11 05:27:00.768 1514 1974 E DisplayDeviceConfig: requesting nits when no mapping exists.
11-11 05:27:00.768 1514 1974 E DisplayDeviceConfig: requesting nits when no mapping exists.
11-11 05:27:00.768 1514 1614 I am_wtf : [0,1514,system_server,-1,DisplayDeviceConfig,requesting nits when no mapping exists.]
11-11 05:27:00.769 1514 1614 I am_wtf : [0,1514,system_server,-1,DisplayDeviceConfig,requesting nits when no mapping exists.]
11-11 05:27:00.785 1514 1974 E DisplayDeviceConfig: requesting nits when no mapping exists.
11-11 05:27:00.785 1514 1974 E DisplayDeviceConfig: requesting nits when no mapping exists.
11-11 05:27:00.786 1514 1614 I am_wtf : [0,1514,system_server,-1,DisplayDeviceConfig,requesting nits when no mapping exists.]
11-11 05:27:00.787 1514 1614 I am_wtf : [0,1514,system_server,-1,DisplayDeviceConfig,requesting nits when no mapping exists.]
11-11 05:27:00.802 1514 1974 E DisplayDeviceConfig: requesting nits when no mapping exists.
11-11 05:27:00.803 1514 1974 E DisplayDeviceConfig: requesting nits when no mapping exists.
11-11 05:27:00.803 1514 1614 I am_wtf : [0,1514,system_server,-1,DisplayDeviceConfig,requesting nits when no mapping exists.]
11-11 05:27:00.804 1514 1614 I am_wtf : [0,1514,system_server,-1,DisplayDeviceConfig,requesting nits when no mapping exists.]
11-11 05:27:00.819 1514 1974 E DisplayDeviceConfig: requesting nits when no mapping exists.
11-11 05:27:00.819 1514 1974 E DisplayDeviceConfig: requesting nits when no mapping exists.
11-11 05:27:00.820 1514 1614 I am_wtf : [0,1514,system_server,-1,DisplayDeviceConfig,requesting nits when no mapping exists.]
11-11 05:27:00.822 1514 1614 I am_wtf : [0,1514,system_server,-1,DisplayDeviceConfig,requesting nits when no mapping exists.]
11-11 05:27:00.835 1514 1974 E DisplayDeviceConfig: requesting nits when no mapping exists.
11-11 05:27:00.836 1514 1614 I am_wtf : [0,1514,system_server,-1,DisplayDeviceConfig,requesting nits when no mapping exists.]
11-11 05:27:00.836 1514 1974 E DisplayDeviceConfig: requesting nits when no mapping exists.
11-11 05:27:00.838 1514 1614 I am_wtf : [0,1514,system_server,-1,DisplayDeviceConfig,requesting nits when no mapping exists.]
11-11 05:27:00.852 1514 1974 E DisplayDeviceConfig: requesting nits when no mapping exists.
11-11 05:27:00.854 1514 1614 I am_wtf : [0,1514,system_server,-1,DisplayDeviceConfig,requesting nits when no mapping exists.]
11-11 05:27:00.855 1514 1974 E DisplayDeviceConfig: requesting nits when no mapping exists.
11-11 05:27:00.855 1514 1614 I am_wtf : [0,1514,system_server,-1,DisplayDeviceConfig,requesting nits when no mapping exists.]
11-11 05:27:00.872 1514 1974 E DisplayDeviceConfig: requesting nits when no mapping exists.
11-11 05:27:00.874 1514 1614 I am_wtf : [0,1514,system_server,-1,DisplayDeviceConfig,requesting nits when no mapping exists.]
11-11 05:27:00.875 1514 1974 E DisplayDeviceConfig: requesting nits when no mapping exists.
11-11 05:27:00.876 1514 1614 I am_wtf : [0,1514,system_server,-1,DisplayDeviceConfig,requesting nits when no mapping exists.]
11-11 05:27:01.399 0 0 I auditd : type=1400 audit(0.0:2957): avc: denied { kill } for comm="swapper/1" capability=5 scontext=u:r:kernel:s0 tcontext=u:r:kernel:s0 tclass=capability permissive=0
11-11 05:27:03.399 0 0 I auditd : type=1400 audit(0.0:2958): avc: denied { kill } for comm="swapper/1" capability=5 scontext=u:r:kernel:s0 tcontext=u:r:kernel:s0 tclass=capability permissive=0
11-11 05:27:04.399 0 0 I auditd : type=1400 audit(0.0:2959): avc: denied { kill } for comm="swapper/1" capability=5 scontext=u:r:kernel:s0 tcontext=u:r:kernel:s0 tclass=capability permissive=0
11-11 05:27:05.399 0 0 I auditd : type=1400 audit(0.0:2960): avc: denied { kill } for comm="swapper/1" capability=5 scontext=u:r:kernel:s0 tcontext=u:r:kernel:s0 tclass=capability permissive=0
11-11 05:27:06.399 0 0 I auditd : type=1400 audit(0.0:2961): avc: denied { kill } for comm="swapper/1" capability=5 scontext=u:r:kernel:s0 tcontext=u:r:kernel:s0 tclass=capability permissive=0
11-11 05:27:07.399 0 0 I auditd : type=1400 audit(0.0:2962): avc: denied { kill } for comm="swapper/1" capability=5 scontext=u:r:kernel:s0 tcontext=u:r:kernel:s0 tclass=capability permissive=0
11-11 05:27:08.399 0 0 I auditd : type=1400 audit(0.0:2963): avc: denied { kill } for comm="swapper/1" capability=5 scontext=u:r:kernel:s0 tcontext=u:r:kernel:s0 tclass=capability permissive=0
11-11 05:27:09.399 0 0 I auditd : type=1400 audit(0.0:2964): avc: denied { kill } for comm="swapper/1" capability=5 scontext=u:r:kernel:s0 tcontext=u:r:kernel:s0 tclass=capability permissive=0
11-11 05:27:10.150 1514 1901 I GameModeConfig: isGameModeOn = false
11-11 05:27:10.399 0 0 I auditd : type=1400 audit(0.0:2965): avc: denied { kill } for comm="swapper/1" capability=5 scontext=u:r:kernel:s0 tcontext=u:r:kernel:s0 tclass=capability permissive=0
11-11 05:27:11.399 0 0 I auditd : type=1400 audit(0.0:2966): avc: denied { kill } for comm="swapper/1" capability=5 scontext=u:r:kernel:s0 tcontext=u:r:kernel:s0 tclass=capability permissive=0
11-11 05:27:12.399 0 0 I auditd : type=1400 audit(0.0:2967): avc: denied { kill } for comm="swapper/1" capability=5 scontext=u:r:kernel:s0 tcontext=u:r:kernel:s0 tclass=capability permissive=0
11-11 05:27:13.399 0 0 I auditd : type=1400 audit(0.0:2968): avc: denied { kill } for comm="swapper/1" capability=5 scontext=u:r:kernel:s0 tcontext=u:r:kernel:s0 tclass=capability permissive=0
11-11 05:27:14.399 0 0 I auditd : type=1400 audit(0.0:2969): avc: denied { kill } for comm="swapper/1" capability=5 scontext=u:r:kernel:s0 tcontext=u:r:kernel:s0 tclass=capability permissive=0
11-11 05:27:15.399 0 0 I auditd : type=1400 audit(0.0:2970): avc: denied { kill } for comm="swapper/1" capability=5 scontext=u:r:kernel:s0 tcontext=u:r:kernel:s0 tclass=capability permissive=0
11-11 05:27:16.399 0 0 I auditd : type=1400 audit(0.0:2971): avc: denied { kill } for comm="swapper/1" capability=5 scontext=u:r:kernel:s0 tcontext=u:r:kernel:s0 tclass=capability permissive=0
11-11 05:27:16.575 1514 1770 I input_interaction: Interaction with: 4946fff com.thundercomm.screensaver/android.service.dreams.DreamActivity (server), edge-swipe (server), swipe-up (server), PointerEventDispatcher0 (server),
11-11 05:27:16.580 1514 10321 I wm_finish_activity: [0,252599200,87,com.thundercomm.screensaver/android.service.dreams.DreamActivity,finish-activity]
11-11 05:27:16.581 1514 10321 I wm_task_moved: [39,1,5]
11-11 05:27:16.583 1514 10321 I wm_task_moved: [40,1,2147483647]
11-11 05:27:16.583 1514 10321 I wm_task_to_front: [0,40]
11-11 05:27:16.583 1514 10321 I wm_focused_root_task: [0,0,39,87,finish-top adjustFocusToNextFocusableTask]
11-11 05:27:16.584 1514 10321 I wm_set_resumed_activity: [0,com.android.launcher3/.uioverrides.QuickstepLauncher,finish-top adjustFocusToNextFocusableTask]
11-11 05:27:16.587 1514 10321 I wm_pause_activity: [0,252599200,com.thundercomm.screensaver/android.service.dreams.DreamActivity,userLeaving=false,finish]
11-11 05:27:16.598 1514 10321 I DreamManagerService: Gently waking up from dream.
11-11 05:27:16.600 1514 1592 I DreamManagerService: Performing gentle wake from dream.
11-11 05:27:16.600 4894 4894 I wm_on_top_resumed_lost_called: [252599200,android.service.dreams.DreamActivity,topStateChangedWhenResumed]
11-11 05:27:16.601 4894 4894 I wm_on_paused_called: [252599200,android.service.dreams.DreamActivity,performPause]
11-11 05:27:16.601 1514 1595 I sysui_multi_action: [757,803,799,window_time_0,802,17]
11-11 05:27:16.602 1514 9595 I wm_add_to_stopping: [0,252599200,com.thundercomm.screensaver/android.service.dreams.DreamActivity,completeFinishing]
11-11 05:27:16.604 1514 9595 I ActivityTaskManager: FOREGROUND_APPLICATION_CHANGED to com.android.launcher3.uioverrides.QuickstepLauncher
11-11 05:27:16.606 1514 9595 I wm_set_resumed_activity: [0,com.android.launcher3/.uioverrides.QuickstepLauncher,resumeTopActivityInnerLocked]
11-11 05:27:16.609 1514 9595 I wm_resume_activity: [0,157690489,40,com.android.launcher3/.uioverrides.QuickstepLauncher]
11-11 05:27:16.622 1514 1595 I sysui_multi_action: [757,803,799,window_time_0,802,0]
11-11 05:27:16.625 2503 2503 I wm_on_restart_called: [157690489,com.android.launcher3.uioverrides.QuickstepLauncher,performRestartActivity]
11-11 05:27:16.625 2503 2503 I wm_on_start_called: [157690489,com.android.launcher3.uioverrides.QuickstepLauncher,handleStartActivity]
11-11 05:27:16.626 2503 2503 I wm_on_resume_called: [157690489,com.android.launcher3.uioverrides.QuickstepLauncher,RESUME_ACTIVITY]
11-11 05:27:16.626 2503 2503 I wm_on_top_resumed_gained_called: [157690489,com.android.launcher3.uioverrides.QuickstepLauncher,topWhenResuming]
11-11 05:27:16.630 4894 4894 I view_enqueue_input_event: [Motion - Cancel,com.thundercomm.screensaver/android.service.dreams.DreamActivity]
11-11 05:27:16.631 1514 1770 I input_focus: [Focus leaving 4946fff com.thundercomm.screensaver/android.service.dreams.DreamActivity (server),reason=NO_WINDOW]
11-11 05:27:16.643 1514 1596 I input_focus: [Focus request eea03e8 com.android.launcher3/com.android.launcher3.uioverrides.QuickstepLauncher,reason=UpdateInputWindows]
11-11 05:27:16.651 3685 3703 W ContextImpl: Calling a method in the system process without a qualified user: android.app.ContextImpl.startService:1816 android.content.ContextWrapper.startService:774 com.thundercomm.gamemode.ingame.services.GameModeActionUtils.startGameModeService:93 com.thundercomm.gamemode.ingame.services.GameModeActionUtils.startGameModeEntry:21 com.thundercomm.gamemode.ingame.services.ActivityMonitoringService$1.onActivityLaunch:126
11-11 05:27:16.662 1514 1514 I GameModeConfig: Current uri is uri = content://com.thundercomm.gamemode.api/gamemode_settings/gamemode_isgaming
11-11 05:27:16.667 1514 1514 I GameModeConfig: isGameModeOn = false
11-11 05:27:16.668 1514 1514 I GameModeConfig: isGameModeOn = false
11-11 05:27:16.668 1514 1514 I GameModeConfig: isDisableVoice = true
11-11 05:27:16.677 1514 1770 I input_focus: [Focus entering eea03e8 com.android.launcher3/com.android.launcher3.uioverrides.QuickstepLauncher (server),reason=Window became focusable. Previous reason: NOT_VISIBLE]
11-11 05:27:16.677 1514 1649 I PowerManagerService: Powering on display group fromDreaming (groupId=0, uid=1000, reason=WAKE_REASON_UNKNOWN, details=android.server.power:DREAM_FINISHED)...
11-11 05:27:16.677 1514 1649 I PowerManagerService: Waking up from Dreaming (uid=1000, reason=WAKE_REASON_UNKNOWN, details=android.server.power:DREAM_FINISHED)...
11-11 05:27:16.717 3685 3703 W ContextImpl: Calling a method in the system process without a qualified user: android.app.ContextImpl.startService:1816 android.content.ContextWrapper.startService:774 com.thundercomm.gamemode.ingame.services.GameModeActionUtils.startGameModeService:93 com.thundercomm.gamemode.ingame.services.GameModeActionUtils.startGameModeEntry:21 com.thundercomm.gamemode.ingame.services.ActivityMonitoringService$1.onActivityLaunch:126
11-11 05:27:16.722 1514 1514 I GameModeConfig: Current uri is uri = content://com.thundercomm.gamemode.api/gamemode_settings/gamemode_isgaming
11-11 05:27:16.724 1514 1514 I GameModeConfig: isGameModeOn = false
11-11 05:27:16.724 1514 1514 I GameModeConfig: isGameModeOn = false
11-11 05:27:16.724 1514 1514 I GameModeConfig: isDisableVoice = true
11-11 05:27:16.912 1514 1595 I wm_destroy_activity: [0,252599200,87,com.thundercomm.screensaver/android.service.dreams.DreamActivity,finish-imm:idle]
11-11 05:27:16.926 3685 3703 W ContextImpl: Calling a method in the system process without a qualified user: android.app.ContextImpl.startService:1816 android.content.ContextWrapper.startService:774 com.thundercomm.gamemode.ingame.services.GameModeActionUtils.startGameModeService:93 com.thundercomm.gamemode.ingame.services.GameModeActionUtils.startGameModeEntry:21 com.thundercomm.gamemode.ingame.services.ActivityMonitoringService$1.onActivityLaunch:126
11-11 05:27:16.933 1514 1514 I GameModeConfig: Current uri is uri = content://com.thundercomm.gamemode.api/gamemode_settings/gamemode_isgaming
11-11 05:27:16.936 1514 1514 I GameModeConfig: isGameModeOn = false
11-11 05:27:16.941 1514 1514 I GameModeConfig: isGameModeOn = false
11-11 05:27:16.941 1514 1514 I GameModeConfig: isDisableVoice = true
11-11 05:27:16.944 4894 4894 I wm_on_stop_called: [252599200,android.service.dreams.DreamActivity,LIFECYCLER_STOP_ACTIVITY]
11-11 05:27:16.945 4894 4894 I wm_on_destroy_called: [252599200,android.service.dreams.DreamActivity,performDestroy]
11-11 05:27:16.947 1514 1540 I DreamManagerService: Leaving dreamland.
11-11 05:27:16.949 1514 1592 I DreamManagerService: Performing gentle wake from dream.
11-11 05:27:16.949 1514 1592 I DreamController: Stopping dream: name=ComponentInfo{com.thundercomm.screensaver/com.thundercomm.saverclock.service.ClockScreensaver}, isTest=false, canDoze=false, userId=0, reason='finished self'(from 'finished self')
11-11 05:27:16.949 1514 1592 I sysui_multi_action: [757,222,758,2]
11-11 05:27:16.949 1514 1592 I sysui_multi_action: [757,804,799,dreaming_minutes,801,0,802,1]
11-11 05:27:16.960 1514 1540 I wm_task_removed: [87,removeChild:removeChild last r=ActivityRecord{f0e5ba0 u0 com.thundercomm.screensaver/android.service.dreams.DreamActivity t-1 f}} in t=Task{2d08485 #87 type=dream A=10051:android:com.thundercomm.screensaver/dream U=0 visible=false mode=fullscreen translucent=true sz=0}]
11-11 05:27:16.960 1514 1540 I wm_task_removed: [87,removeChild]
11-11 05:27:16.962 1514 1596 W ActivityTaskManager: Can't find TaskDisplayArea to determine support for multi window. Task id=87 attached=false
11-11 05:27:18.399 0 0 I auditd : type=1400 audit(0.0:2972): avc: denied { kill } for comm="swapper/1" capability=5 scontext=u:r:kernel:s0 tcontext=u:r:kernel:s0 tclass=capability permissive=0
11-11 05:27:18.921 1514 1770 I input_interaction: Interaction with: eea03e8 com.android.launcher3/com.android.launcher3.uioverrides.QuickstepLauncher (server), 8068647 com.android.systemui.ImageWallpaper (server), edge-swipe (server), swipe-up (server), PointerEventDispatcher0 (server),
11-11 05:27:19.283 1514 2119 I ActivityTaskManager: START u0 {act=android.intent.action.MAIN cat=[android.intent.category.LAUNCHER] flg=0x10200000 cmp=com.android.gallery3d/.app.GalleryActivity bnds=[2233,174][2408,357]} from uid 10079
11-11 05:27:19.290 1514 2119 I wm_task_created: [88,-1]
11-11 05:27:19.290 1514 2119 W ActivityTaskManager: Can't find TaskDisplayArea to determine support for multi window. Task id=88 attached=false
11-11 05:27:19.295 1514 2119 I wm_task_moved: [88,1,6]
11-11 05:27:19.295 1514 2119 I wm_task_to_front: [0,88]
11-11 05:27:19.296 1514 2119 I wm_create_task: [0,88]
11-11 05:27:19.296 1514 2119 I wm_create_activity: [0,146171345,88,com.android.gallery3d/.app.GalleryActivity,android.intent.action.MAIN,NULL,NULL,270532608]
11-11 05:27:19.297 1514 2119 I wm_task_moved: [88,1,6]
11-11 05:27:19.300 1514 2119 I wm_pause_activity: [0,157690489,com.android.launcher3/.uioverrides.QuickstepLauncher,userLeaving=true,pauseBackTasks]
11-11 05:27:19.310 2503 2503 I wm_on_top_resumed_lost_called: [157690489,com.android.launcher3.uioverrides.QuickstepLauncher,topStateChangedWhenResumed]
11-11 05:27:19.313 2503 2503 I wm_on_paused_called: [157690489,com.android.launcher3.uioverrides.QuickstepLauncher,performPause]
11-11 05:27:19.315 1514 1540 I ActivityTaskManager: FOREGROUND_APPLICATION_CHANGED to com.android.gallery3d.app.GalleryActivity
11-11 05:27:19.316 1514 1540 I ActivityTaskManager: The Process com.android.gallery3d Already Exists in BG. So sending its PID: 10670
11-11 05:27:19.316 1514 1540 W ActivityTaskManager: Tried to set launchTime (0) < mLastActivityLaunchTime (2369487)
11-11 05:27:19.317 1514 1540 I wm_add_to_stopping: [0,157690489,com.android.launcher3/.uioverrides.QuickstepLauncher,makeInvisible]
11-11 05:27:19.317 1514 1540 I wm_restart_activity: [0,146171345,88,com.android.gallery3d/.app.GalleryActivity]
11-11 05:27:19.319 1514 1540 I wm_set_resumed_activity: [0,com.android.gallery3d/.app.GalleryActivity,minimalResumeActivityLocked]
11-11 05:27:19.323 1514 1595 I am_uid_active: 10068
11-11 05:27:19.332 1514 1595 I sysui_multi_action: [757,803,799,window_time_0,802,2]
11-11 05:27:19.335 1514 1770 I input_focus: [Focus leaving eea03e8 com.android.launcher3/com.android.launcher3.uioverrides.QuickstepLauncher (server),reason=NO_WINDOW]
11-11 05:27:19.350 10670 10670 I wm_on_create_called: [146171345,com.android.gallery3d.app.GalleryActivity,performCreate]
11-11 05:27:19.351 10670 10670 I wm_on_start_called: [146171345,com.android.gallery3d.app.GalleryActivity,handleStartActivity]
11-11 05:27:19.354 10670 10670 I wm_on_resume_called: [146171345,com.android.gallery3d.app.GalleryActivity,RESUME_ACTIVITY]
11-11 05:27:19.359 10670 10670 I wm_on_top_resumed_gained_called: [146171345,com.android.gallery3d.app.GalleryActivity,topStateChangedWhenResumed]
11-11 05:27:19.360 3685 3703 W ContextImpl: Calling a method in the system process without a qualified user: android.app.ContextImpl.startService:1816 android.content.ContextWrapper.startService:774 com.thundercomm.gamemode.ingame.services.GameModeActionUtils.startGameModeService:93 com.thundercomm.gamemode.ingame.services.GameModeActionUtils.startGameModeEntry:21 com.thundercomm.gamemode.ingame.services.ActivityMonitoringService$1.onActivityLaunch:126
11-11 05:27:19.366 1514 1514 I GameModeConfig: Current uri is uri = content://com.thundercomm.gamemode.api/gamemode_settings/gamemode_isgaming
11-11 05:27:19.371 1514 1514 I GameModeConfig: isGameModeOn = false
11-11 05:27:19.371 1514 1514 I GameModeConfig: isGameModeOn = false
11-11 05:27:19.371 1514 1514 I GameModeConfig: isDisableVoice = true
11-11 05:27:19.376 1514 1596 I input_focus: [Focus request ccb6541 com.android.gallery3d/com.android.gallery3d.app.GalleryActivity,reason=UpdateInputWindows]
11-11 05:27:19.377 1514 1901 I GameModeConfig: isGameModeOn = false
11-11 05:27:19.377 1514 1901 I GameModeConfig: isGameModeOn = false
11-11 05:27:19.377 1514 1901 I GameModeConfig: isGameModeOn = false
11-11 05:27:19.377 1514 1901 I GameModeConfig: isGameModeOn = false
11-11 05:27:19.378 1998 1998 I sysui_multi_action: [757,111,758,2]
11-11 05:27:19.379 1998 1998 I sysui_multi_action: [757,111,758,2]
11-11 05:27:19.379 1514 1514 I notification_enqueue: [10082,1998,com.android.systemui,2048,NULL,0,Notification(channel=updateNotification shortcut=null contentView=null vibrate=null sound=null defaults=0x0 flags=0x0 color=0x00000000 vis=PRIVATE),1]
11-11 05:27:19.391 1998 1998 I sysui_multi_action: [757,111,758,1]
11-11 05:27:19.392 1998 1998 I sysui_multi_action: [757,126,758,1,759,126,927,0,928,1,1593,0]
11-11 05:27:19.392 1998 1998 I sysui_multi_action: [757,113,758,1,759,113,927,1,928,1,1593,0]
11-11 05:27:19.392 1998 1998 I sysui_multi_action: [757,0,758,1,759,0,927,2,928,0,1593,0]
11-11 05:27:19.392 1998 1998 I sysui_multi_action: [757,0,758,1,759,0,927,3,928,0,1593,0]
11-11 05:27:19.393 1998 1998 I sysui_multi_action: [757,491,758,1,759,491,927,4,928,0,1311,-1,1593,0]
11-11 05:27:19.393 1998 1998 I sysui_multi_action: [757,0,758,1,759,0,927,5,928,0,1593,0]
11-11 05:27:19.393 1998 1998 I sysui_multi_action: [757,111,758,1]
11-11 05:27:19.394 1998 1998 I sysui_multi_action: [757,126,758,1,759,126,927,0,928,1,1593,0]
11-11 05:27:19.394 1998 1998 I sysui_multi_action: [757,113,758,1,759,113,927,1,928,1,1593,0]
11-11 05:27:19.394 1998 1998 I sysui_multi_action: [757,0,758,1,759,0,927,2,928,0,1593,0]
11-11 05:27:19.394 1998 1998 I sysui_multi_action: [757,0,758,1,759,0,927,3,928,0,1593,0]
11-11 05:27:19.403 1514 1592 I sysui_multi_action: [319,62,321,60,322,116,325,2454,757,761,758,8,759,1,806,com.android.gallery3d,871,com.android.gallery3d.app.GalleryActivity,904,com.android.launcher3,905,0,1320,4,1321,1]
11-11 05:27:19.406 1514 1592 I wm_activity_launch_time: [0,146171345,com.android.gallery3d/.app.GalleryActivity,116]
11-11 05:27:19.416 1514 1770 I input_focus: [Focus entering ccb6541 com.android.gallery3d/com.android.gallery3d.app.GalleryActivity (server),reason=Window became focusable. Previous reason: NOT_VISIBLE]
11-11 05:27:19.424 3685 3703 W ContextImpl: Calling a method in the system process without a qualified user: android.app.ContextImpl.startService:1816 android.content.ContextWrapper.startService:774 com.thundercomm.gamemode.ingame.services.GameModeActionUtils.startGameModeService:93 com.thundercomm.gamemode.ingame.services.GameModeActionUtils.startGameModeEntry:21 com.thundercomm.gamemode.ingame.services.ActivityMonitoringService$1.onActivityLaunch:126
11-11 05:27:19.428 1514 1514 I GameModeConfig: Current uri is uri = content://com.thundercomm.gamemode.api/gamemode_settings/gamemode_isgaming
11-11 05:27:19.433 1514 1514 I GameModeConfig: isGameModeOn = false
11-11 05:27:19.434 1514 1514 I GameModeConfig: isGameModeOn = false
11-11 05:27:19.434 1514 1514 I GameModeConfig: isDisableVoice = true
11-11 05:27:19.585 1514 1514 I GameModeConfig: isGameModeOn = false
11-11 05:27:19.586 1514 1514 I sysui_multi_action: [757,1501,758,1,793,2433706,794,0,795,209,796,2048,806,com.android.systemui,857,updateNotification,858,3,947,0,1500,0,1688,1]
11-11 05:27:19.586 1514 1514 I sysui_multi_action: [757,804,799,note_interruptive,801,0,802,1]
11-11 05:27:19.587 1514 1514 I sysui_multi_action: [757,199,758,1,759,2,793,2433706,794,0,795,209,796,2048,806,com.android.systemui,857,updateNotification,858,3,947,0,1500,0,1688,1]
11-11 05:27:19.587 1514 1514 I notification_alert: [0|com.android.systemui|2048|null|10082,0,1,0]
11-11 05:27:19.588 1514 1514 W NotificationHistory: Attempted to add notif for locked/gone/disabled user 0
11-11 05:27:19.894 1514 1595 I wm_stop_activity: [0,157690489,com.android.launcher3/.uioverrides.QuickstepLauncher]
11-11 05:27:19.944 2503 2503 I wm_on_stop_called: [157690489,com.android.launcher3.uioverrides.QuickstepLauncher,STOP_ACTIVITY_ITEM]
11-11 05:27:19.964 3685 3703 W ContextImpl: Calling a method in the system process without a qualified user: android.app.ContextImpl.startService:1816 android.content.ContextWrapper.startService:774 com.thundercomm.gamemode.ingame.services.GameModeActionUtils.startGameModeService:93 com.thundercomm.gamemode.ingame.services.GameModeActionUtils.startGameModeEntry:21 com.thundercomm.gamemode.ingame.services.ActivityMonitoringService$1.onActivityLaunch:126
11-11 05:27:19.971 1514 1514 I GameModeConfig: Current uri is uri = content://com.thundercomm.gamemode.api/gamemode_settings/gamemode_isgaming
11-11 05:27:19.973 1514 1514 I GameModeConfig: isGameModeOn = false
11-11 05:27:19.973 1514 1514 I GameModeConfig: isGameModeOn = false
11-11 05:27:19.973 1514 1514 I GameModeConfig: isDisableVoice = true
11-11 05:27:20.327 1514 1770 I input_interaction: Interaction with: ccb6541 com.android.gallery3d/com.android.gallery3d.app.GalleryActivity (server), edge-swipe (server), swipe-up (server), PointerEventDispatcher0 (server),
11-11 05:27:20.399 0 0 I auditd : type=1400 audit(0.0:2973): avc: denied { kill } for comm="swapper/2" capability=5 scontext=u:r:kernel:s0 tcontext=u:r:kernel:s0 tclass=capability permissive=0
11-11 05:27:21.282 1514 10321 I ActivityTaskManager: START u0 {act=android.intent.action.VIEW dat=content://media/external/video/media/20 typ=video/* cmp=com.android.gallery3d/.app.MovieActivity (has extras)} from uid 10068
11-11 05:27:21.289 1514 10321 I wm_task_moved: [88,1,6]
11-11 05:27:21.290 1514 10321 I wm_set_resumed_activity: [0,com.android.gallery3d/.app.GalleryActivity,positionChildAt]
11-11 05:27:21.290 1514 10321 I wm_create_activity: [0,153508809,88,com.android.gallery3d/.app.MovieActivity,android.intent.action.VIEW,video/*,content://media/external/video/media/20,0]
11-11 05:27:21.292 1514 10321 I wm_pause_activity: [0,146171345,com.android.gallery3d/.app.GalleryActivity,userLeaving=true,resumeTopActivityInnerLocked]
11-11 05:27:21.304 10670 10670 I wm_on_top_resumed_lost_called: [146171345,com.android.gallery3d.app.GalleryActivity,topStateChangedWhenResumed]
11-11 05:27:21.329 10670 10670 I wm_on_paused_called: [146171345,com.android.gallery3d.app.GalleryActivity,performPause]
11-11 05:27:21.331 1514 2119 I ActivityTaskManager: FOREGROUND_APPLICATION_CHANGED to com.android.gallery3d.app.MovieActivity
11-11 05:27:21.331 1514 2119 I ActivityTaskManager: The Process com.android.gallery3d Already Exists in BG. So sending its PID: 10670
11-11 05:27:21.332 1514 2119 W ActivityTaskManager: Tried to set launchTime (0) < mLastActivityLaunchTime (2454731)
11-11 05:27:21.332 1514 2119 I wm_add_to_stopping: [0,146171345,com.android.gallery3d/.app.GalleryActivity,makeInvisible]
11-11 05:27:21.334 1514 2119 I wm_restart_activity: [0,153508809,88,com.android.gallery3d/.app.MovieActivity]
11-11 05:27:21.336 1514 2119 I wm_set_resumed_activity: [0,com.android.gallery3d/.app.MovieActivity,minimalResumeActivityLocked]
11-11 05:27:21.340 1514 1595 I sysui_multi_action: [757,803,799,window_time_0,802,2]
11-11 05:27:21.353 1514 1770 I input_focus: [Focus leaving ccb6541 com.android.gallery3d/com.android.gallery3d.app.GalleryActivity (server),reason=NO_WINDOW]
11-11 05:27:21.371 10670 10670 I wm_on_create_called: [153508809,com.android.gallery3d.app.MovieActivity,performCreate]
11-11 05:27:21.377 10670 10670 I wm_on_start_called: [153508809,com.android.gallery3d.app.MovieActivity,handleStartActivity]
11-11 05:27:21.377 10670 10670 I wm_on_resume_called: [153508809,com.android.gallery3d.app.MovieActivity,RESUME_ACTIVITY]
11-11 05:27:21.381 1514 10321 W WindowManager: Failed looking up window session=Session{6a44e16 10670:u0a10068} callers=com.android.server.wm.WindowManagerService.windowForClientLocked:5628 com.android.server.wm.Session.insetsModified:629 android.view.IWindowSession$Stub.onTransact:1151
11-11 05:27:21.383 10670 10670 I wm_on_top_resumed_gained_called: [153508809,com.android.gallery3d.app.MovieActivity,topStateChangedWhenResumed]
11-11 05:27:21.395 1514 1596 I input_focus: [Focus request d5bb20b com.android.gallery3d/com.android.gallery3d.app.MovieActivity,reason=UpdateInputWindows]
11-11 05:27:21.446 1514 1592 I wm_activity_launch_time: [0,153508809,com.android.gallery3d/.app.MovieActivity,165]
11-11 05:27:21.453 3685 3703 W ContextImpl: Calling a method in the system process without a qualified user: android.app.ContextImpl.startService:1816 android.content.ContextWrapper.startService:774 com.thundercomm.gamemode.ingame.services.GameModeActionUtils.startGameModeService:93 com.thundercomm.gamemode.ingame.services.GameModeActionUtils.startGameModeEntry:21 com.thundercomm.gamemode.ingame.services.ActivityMonitoringService$1.onActivityLaunch:126
11-11 05:27:21.455 1514 1770 I input_focus: [Focus entering d5bb20b com.android.gallery3d/com.android.gallery3d.app.MovieActivity (server),reason=Window became focusable. Previous reason: NOT_VISIBLE]
11-11 05:27:21.464 1514 1514 I GameModeConfig: Current uri is uri = content://com.thundercomm.gamemode.api/gamemode_settings/gamemode_isgaming
11-11 05:27:21.466 1514 1514 I GameModeConfig: isGameModeOn = false
11-11 05:27:21.466 1514 1514 I GameModeConfig: isGameModeOn = false
11-11 05:27:21.466 1514 1514 I GameModeConfig: isDisableVoice = true
11-11 05:27:21.586 1514 2991 I snet_event_log: [172655291,-1,]
11-11 05:27:21.840 1514 1595 I wm_stop_activity: [0,146171345,com.android.gallery3d/.app.GalleryActivity]
11-11 05:27:21.849 10670 10670 I wm_on_stop_called: [146171345,com.android.gallery3d.app.GalleryActivity,STOP_ACTIVITY_ITEM]
11-11 05:27:22.178 1514 1596 I input_focus: [Focus request 4311eb ImmersiveModeConfirmation,reason=UpdateInputWindows]
11-11 05:27:22.192 1514 1770 I input_focus: [Focus leaving d5bb20b com.android.gallery3d/com.android.gallery3d.app.MovieActivity (server),reason=setFocusedWindow]
11-11 05:27:22.192 1514 1770 I input_focus: [Focus entering 4311eb ImmersiveModeConfirmation (server),reason=setFocusedWindow]
11-11 05:27:22.695 1514 1770 I input_interaction: Interaction with: d5bb20b com.android.gallery3d/com.android.gallery3d.app.MovieActivity (server), edge-swipe (server), swipe-up (server), PointerEventDispatcher0 (server),
11-11 05:27:22.739 1514 1596 I input_focus: [Focus request d5bb20b com.android.gallery3d/com.android.gallery3d.app.MovieActivity,reason=UpdateInputWindows]
11-11 05:27:22.760 1514 1770 I input_focus: [Focus entering d5bb20b com.android.gallery3d/com.android.gallery3d.app.MovieActivity (server),reason=setFocusedWindow]
11-11 05:27:22.819 1514 2742 E TaskPersister: File error accessing recents directory (directory doesn't exist?).
11-11 05:27:23.851 1514 6421 I snet_event_log: [172655291,-1,]
11-11 05:27:24.118 1514 1836 I netstats_mobile_sample: [0,0,0,0,0,0,0,0,0,0,0,0,1668115644118]
11-11 05:27:24.119 1514 1836 I netstats_wifi_sample: [66472885,151521,26929278,63131,66472885,151521,26929278,63131,78044667,213431,13615162,32993,1668115644118]
11-11 05:27:24.399 0 0 I auditd : type=1400 audit(0.0:2974): avc: denied { kill } for comm="swapper/2" capability=5 scontext=u:r:kernel:s0 tcontext=u:r:kernel:s0 tclass=capability permissive=0
11-11 05:27:24.705 1514 6421 I wm_task_moved: [39,0,0]
11-11 05:27:24.706 1514 6421 I wm_task_moved: [39,0,5]
11-11 05:27:24.733 2503 2503 I wm_on_restart_called: [157690489,com.android.launcher3.uioverrides.QuickstepLauncher,performRestartActivity]
11-11 05:27:24.740 3685 3703 W ContextImpl: Calling a method in the system process without a qualified user: android.app.ContextImpl.startService:1816 android.content.ContextWrapper.startService:774 com.thundercomm.gamemode.ingame.services.GameModeActionUtils.startGameModeService:93 com.thundercomm.gamemode.ingame.services.GameModeActionUtils.startGameModeEntry:21 com.thundercomm.gamemode.ingame.services.ActivityMonitoringService$1.onActivityLaunch:126
11-11 05:27:24.746 1514 1514 I GameModeConfig: Current uri is uri = content://com.thundercomm.gamemode.api/gamemode_settings/gamemode_isgaming
11-11 05:27:24.753 1514 1514 I GameModeConfig: isGameModeOn = false
11-11 05:27:24.753 2503 2503 I wm_on_start_called: [157690489,com.android.launcher3.uioverrides.QuickstepLauncher,handleStartActivity]
11-11 05:27:24.757 1514 1514 I GameModeConfig: isGameModeOn = false
11-11 05:27:24.757 1514 1514 I GameModeConfig: isDisableVoice = true
11-11 05:27:24.773 10670 10670 I view_enqueue_input_event: [Motion - Cancel,com.android.gallery3d/com.android.gallery3d.app.MovieActivity]
11-11 05:27:24.774 2503 2503 I sysui_latency: [1,88]
11-11 05:27:24.777 1514 1592 I sysui_multi_action: [319,10,322,62,325,2460,757,761,758,9,759,5,806,com.android.launcher3,871,com.android.launcher3.uioverrides.QuickstepLauncher,904,com.android.launcher3,905,0,1320,8,1321,5]
11-11 05:27:24.780 1514 1596 I input_focus: [Focus request recents_animation_input_consumer,reason=UpdateInputWindows]
11-11 05:27:24.790 1514 1770 I input_interaction: Interaction with: edge-swipe (server), swipe-up (server), PointerEventDispatcher0 (server),
11-11 05:27:24.813 1514 1770 I input_focus: [Focus leaving d5bb20b com.android.gallery3d/com.android.gallery3d.app.MovieActivity (server),reason=NOT_FOCUSABLE]
11-11 05:27:24.813 1514 1770 I input_focus: [Focus entering recents_animation_input_consumer (server),reason=setFocusedWindow]
11-11 05:27:24.958 1514 1715 I commit_sys_config_file: [settings-1-0,5]
11-11 05:27:25.069 1514 1612 I sysui_latency: [8,87]
11-11 05:27:25.399 0 0 I auditd : type=1400 audit(0.0:2975): avc: denied { kill } for comm="swapper/2" capability=5 scontext=u:r:kernel:s0 tcontext=u:r:kernel:s0 tclass=capability permissive=0
11-11 05:27:25.779 1514 1715 I commit_sys_config_file: [settings-1-0,3]
11-11 05:27:26.223 1514 10321 I wm_task_moved: [39,1,6]
11-11 05:27:26.226 1514 10321 I wm_task_moved: [40,1,2147483647]
11-11 05:27:26.226 1514 10321 I wm_task_to_front: [0,40]
11-11 05:27:26.226 10670 10670 I wm_on_top_resumed_lost_called: [153508809,com.android.gallery3d.app.MovieActivity,topStateChangedWhenResumed]
11-11 05:27:26.226 1514 10321 I wm_focused_root_task: [0,0,39,88,RecentsAnimation.onAnimationFinished()]
11-11 05:27:26.226 1514 10321 I wm_set_resumed_activity: [0,com.android.launcher3/.uioverrides.QuickstepLauncher,RecentsAnimation.onAnimationFinished()]
11-11 05:27:26.231 1514 10321 I wm_pause_activity: [0,153508809,com.android.gallery3d/.app.MovieActivity,userLeaving=true,pauseBackTasks]
11-11 05:27:26.233 1514 10321 I wm_add_to_stopping: [0,153508809,com.android.gallery3d/.app.MovieActivity,makeInvisible]
11-11 05:27:26.233 1514 10321 I ActivityTaskManager: FOREGROUND_APPLICATION_CHANGED to com.android.launcher3.uioverrides.QuickstepLauncher
11-11 05:27:26.234 1514 10321 I wm_set_resumed_activity: [0,com.android.launcher3/.uioverrides.QuickstepLauncher,resumeTopActivityInnerLocked]
11-11 05:27:26.235 1514 10321 I wm_resume_activity: [0,157690489,40,com.android.launcher3/.uioverrides.QuickstepLauncher]
11-11 05:27:26.236 2503 2503 I wm_on_resume_called: [157690489,com.android.launcher3.uioverrides.QuickstepLauncher,RESUME_ACTIVITY]
11-11 05:27:26.253 1514 1596 I input_focus: [Focus request eea03e8 com.android.launcher3/com.android.launcher3.uioverrides.QuickstepLauncher,reason=UpdateInputWindows]
11-11 05:27:26.257 2503 2503 I wm_on_top_resumed_gained_called: [157690489,com.android.launcher3.uioverrides.QuickstepLauncher,topStateChangedWhenResumed]
11-11 05:27:26.263 1514 2119 I wm_stop_activity: [0,153508809,com.android.gallery3d/.app.MovieActivity]
11-11 05:27:26.267 1514 1595 I sysui_multi_action: [757,803,799,window_time_0,802,5]
11-11 05:27:26.267 1514 1770 I input_focus: [Focus leaving recents_animation_input_consumer (server),reason=NOT_VISIBLE]
11-11 05:27:26.267 1514 1770 I input_focus: [Focus entering eea03e8 com.android.launcher3/com.android.launcher3.uioverrides.QuickstepLauncher (server),reason=setFocusedWindow]
11-11 05:27:26.269 1514 1595 I sysui_multi_action: [757,803,799,window_time_0,802,0]
11-11 05:27:26.364 3685 3703 W ContextImpl: Calling a method in the system process without a qualified user: android.app.ContextImpl.startService:1816 android.content.ContextWrapper.startService:774 com.thundercomm.gamemode.ingame.services.GameModeActionUtils.startGameModeService:93 com.thundercomm.gamemode.ingame.services.GameModeActionUtils.startGameModeEntry:21 com.thundercomm.gamemode.ingame.services.ActivityMonitoringService$1.onActivityLaunch:126
11-11 05:27:26.376 1514 1514 I GameModeConfig: Current uri is uri = content://com.thundercomm.gamemode.api/gamemode_settings/gamemode_isgaming
11-11 05:27:26.387 10670 10670 I wm_on_paused_called: [153508809,com.android.gallery3d.app.MovieActivity,performPause]
11-11 05:27:26.391 1514 1514 I GameModeConfig: isGameModeOn = false
11-11 05:27:26.392 1514 1514 I GameModeConfig: isGameModeOn = false
11-11 05:27:26.392 1514 1514 I GameModeConfig: isDisableVoice = true
11-11 05:27:26.404 10670 10670 I wm_on_stop_called: [153508809,com.android.gallery3d.app.MovieActivity,STOP_ACTIVITY_ITEM]
11-11 05:27:26.425 3685 3703 W ContextImpl: Calling a method in the system process without a qualified user: android.app.ContextImpl.startService:1816 android.content.ContextWrapper.startService:774 com.thundercomm.gamemode.ingame.services.GameModeActionUtils.startGameModeService:93 com.thundercomm.gamemode.ingame.services.GameModeActionUtils.startGameModeEntry:21 com.thundercomm.gamemode.ingame.services.ActivityMonitoringService$1.onActivityLaunch:126
11-11 05:27:26.429 1514 1514 I GameModeConfig: Current uri is uri = content://com.thundercomm.gamemode.api/gamemode_settings/gamemode_isgaming
11-11 05:27:26.431 1514 1514 I GameModeConfig: isGameModeOn = false
11-11 05:27:26.431 1514 1514 I GameModeConfig: isGameModeOn = false
11-11 05:27:26.431 1514 1514 I GameModeConfig: isDisableVoice = true
11-11 05:27:26.943 1514 1770 I input_interaction: Interaction with: eea03e8 com.android.launcher3/com.android.launcher3.uioverrides.QuickstepLauncher (server), 8068647 com.android.systemui.ImageWallpaper (server), edge-swipe (server), swipe-up (server), PointerEventDispatcher0 (server),
11-11 05:27:27.107 1514 1770 I input_interaction: Interaction with: edge-swipe (server), swipe-up (server), PointerEventDispatcher0 (server),
11-11 05:27:27.108 2503 2503 I view_enqueue_input_event: [Motion - Cancel,com.android.launcher3/com.android.launcher3.uioverrides.QuickstepLauncher]
11-11 05:27:27.261 1514 1715 I commit_sys_config_file: [settings-1-0,7]
11-11 05:27:27.605 1514 1715 I commit_sys_config_file: [settings-1-0,11]
11-11 05:27:28.399 0 0 I auditd : type=1400 audit(0.0:2976): avc: denied { kill } for comm="swapper/2" capability=5 scontext=u:r:kernel:s0 tcontext=u:r:kernel:s0 tclass=capability permissive=0
11-11 05:27:29.399 0 0 I auditd : type=1400 audit(0.0:2977): avc: denied { kill } for comm="swapper/2" capability=5 scontext=u:r:kernel:s0 tcontext=u:r:kernel:s0 tclass=capability permissive=0
11-11 05:27:29.636 1514 1901 I GameModeConfig: isGameModeOn = false
11-11 05:27:30.399 0 0 I auditd : type=1400 audit(0.0:2978): avc: denied { kill } for comm="swapper/2" capability=5 scontext=u:r:kernel:s0 tcontext=u:r:kernel:s0 tclass=capability permissive=0
11-11 05:27:31.399 0 0 I auditd : type=1400 audit(0.0:2979): avc: denied { kill } for comm="swapper/2" capability=5 scontext=u:r:kernel:s0 tcontext=u:r:kernel:s0 tclass=capability permissive=0
11-11 05:27:31.855 1514 1770 I input_interaction: Interaction with: eea03e8 com.android.launcher3/com.android.launcher3.uioverrides.QuickstepLauncher (server), 8068647 com.android.systemui.ImageWallpaper (server), edge-swipe (server), swipe-up (server), PointerEventDispatcher0 (server),
11-11 05:27:31.994 1514 2119 I ActivityTaskManager: START u0 {flg=0x10008000 cmp=com.android.gallery3d/.app.MovieActivity} from uid 10079
11-11 05:27:32.001 1514 2119 I wm_task_moved: [88,1,6]
11-11 05:27:32.001 1514 2119 I wm_task_to_front: [0,88]
11-11 05:27:32.003 1514 2119 I wm_focused_root_task: [0,0,88,39,bringingFoundTaskToFront]
11-11 05:27:32.004 1514 2119 I wm_set_resumed_activity: [0,com.android.gallery3d/.app.MovieActivity,bringingFoundTaskToFront]
11-11 05:27:32.007 1514 2119 D FreeFormWindowHelper: Add freeform task=Task{daf180e #88 type=standard A=10068:com.android.gallery3d U=0 visible=true mode=freeform translucent=true sz=2}
11-11 05:27:32.008 1514 2119 I ActivityTaskManager: FOREGROUND_APPLICATION_CHANGED to com.android.gallery3d.app.MovieActivity
11-11 05:27:32.009 1514 2119 I wm_set_resumed_activity: [0,com.android.gallery3d/.app.MovieActivity,resumeTopActivityInnerLocked]
11-11 05:27:32.011 1514 2119 I wm_resume_activity: [0,153508809,88,com.android.gallery3d/.app.MovieActivity]
11-11 05:27:32.013 1514 2119 I wm_finish_activity: [0,153508809,88,com.android.gallery3d/.app.MovieActivity,clear-task-all]
11-11 05:27:32.014 1514 2119 I wm_pause_activity: [0,153508809,com.android.gallery3d/.app.MovieActivity,userLeaving=false,finish]
11-11 05:27:32.015 1514 2119 I wm_finish_activity: [0,146171345,88,com.android.gallery3d/.app.GalleryActivity,clear-task-all]
11-11 05:27:32.016 1514 2119 I wm_destroy_activity: [0,146171345,88,com.android.gallery3d/.app.GalleryActivity,finish-imm:finishIfPossible]
11-11 05:27:32.019 1514 2119 I wm_task_moved: [88,1,6]
11-11 05:27:32.019 1514 2119 I wm_create_activity: [0,111208012,88,com.android.gallery3d/.app.MovieActivity,NULL,NULL,NULL,272662528]
11-11 05:27:32.028 2503 2503 I wm_on_top_resumed_lost_called: [157690489,com.android.launcher3.uioverrides.QuickstepLauncher,topStateChangedWhenResumed]
11-11 05:27:32.033 10670 10670 I wm_on_restart_called: [153508809,com.android.gallery3d.app.MovieActivity,performRestartActivity]
11-11 05:27:32.035 10670 10670 I wm_on_start_called: [153508809,com.android.gallery3d.app.MovieActivity,handleStartActivity]
11-11 05:27:32.036 10670 10670 I wm_on_resume_called: [153508809,com.android.gallery3d.app.MovieActivity,RESUME_ACTIVITY]
11-11 05:27:32.037 10670 10670 I wm_on_restart_called: [146171345,com.android.gallery3d.app.GalleryActivity,performRestartActivity]
11-11 05:27:32.038 10670 10670 I wm_on_start_called: [146171345,com.android.gallery3d.app.GalleryActivity,handleStartActivity]
11-11 05:27:32.038 10670 10670 I wm_on_paused_called: [153508809,com.android.gallery3d.app.MovieActivity,performPause]
11-11 05:27:32.039 1514 6421 I wm_add_to_stopping: [0,153508809,com.android.gallery3d/.app.MovieActivity,completeFinishing]
11-11 05:27:32.039 1514 6421 I ActivityTaskManager: The Process com.android.gallery3d Already Exists in BG. So sending its PID: 10670
11-11 05:27:32.040 1514 6421 W ActivityTaskManager: Tried to set launchTime (0) < mLastActivityLaunchTime (2456748)
11-11 05:27:32.041 1514 6421 I wm_restart_activity: [0,111208012,88,com.android.gallery3d/.app.MovieActivity]
11-11 05:27:32.043 1514 6421 I wm_set_resumed_activity: [0,com.android.gallery3d/.app.MovieActivity,minimalResumeActivityLocked]
11-11 05:27:32.054 1514 1595 I sysui_multi_action: [757,803,799,window_time_0,802,6]
11-11 05:27:32.057 10670 10670 I wm_on_resume_called: [146171345,com.android.gallery3d.app.GalleryActivity,LIFECYCLER_RESUME_ACTIVITY]
11-11 05:27:32.058 10670 10670 I wm_on_paused_called: [146171345,com.android.gallery3d.app.GalleryActivity,performPause]
11-11 05:27:32.058 10670 10670 I wm_on_stop_called: [146171345,com.android.gallery3d.app.GalleryActivity,LIFECYCLER_STOP_ACTIVITY]
11-11 05:27:32.060 10670 10670 I wm_on_destroy_called: [146171345,com.android.gallery3d.app.GalleryActivity,performDestroy]
11-11 05:27:32.061 3685 3703 W ContextImpl: Calling a method in the system process without a qualified user: android.app.ContextImpl.startService:1816 android.content.ContextWrapper.startService:774 com.thundercomm.gamemode.ingame.services.GameModeActionUtils.startGameModeService:93 com.thundercomm.gamemode.ingame.services.GameModeActionUtils.startGameModeEntry:21 com.thundercomm.gamemode.ingame.services.ActivityMonitoringService$1.onActivityLaunch:126
11-11 05:27:32.067 1514 1612 W UsageStatsService: Unexpected activity event reported! (com.android.gallery3d/com.android.gallery3d.app.GalleryActivity event : 23 instanceId : 150310762)
11-11 05:27:32.072 1514 1514 I GameModeConfig: Current uri is uri = content://com.thundercomm.gamemode.api/gamemode_settings/gamemode_isgaming
11-11 05:27:32.075 1514 1514 I GameModeConfig: isGameModeOn = false
11-11 05:27:32.076 1514 1514 I GameModeConfig: isGameModeOn = false
11-11 05:27:32.076 1514 1514 I GameModeConfig: isDisableVoice = true
11-11 05:27:32.128 10670 10670 E AndroidRuntime: FATAL EXCEPTION: main
11-11 05:27:32.128 10670 10670 E AndroidRuntime: Process: com.android.gallery3d, PID: 10670
11-11 05:27:32.128 10670 10670 E AndroidRuntime: java.lang.RuntimeException: Unable to start activity ComponentInfo{com.android.gallery3d/com.android.gallery3d.app.MovieActivity}: java.lang.NullPointerException: Attempt to invoke virtual method 'java.lang.String android.net.Uri.getScheme()' on a null object reference
11-11 05:27:32.128 10670 10670 E AndroidRuntime: at android.app.ActivityThread.performLaunchActivity(ActivityThread.java:3636)
11-11 05:27:32.128 10670 10670 E AndroidRuntime: at android.app.ActivityThread.handleLaunchActivity(ActivityThread.java:3793)
11-11 05:27:32.128 10670 10670 E AndroidRuntime: at android.app.servertransaction.LaunchActivityItem.execute(LaunchActivityItem.java:103)
11-11 05:27:32.128 10670 10670 E AndroidRuntime: at android.app.servertransaction.TransactionExecutor.executeCallbacks(TransactionExecutor.java:135)
11-11 05:27:32.128 10670 10670 E AndroidRuntime: at android.app.servertransaction.TransactionExecutor.execute(TransactionExecutor.java:95)
11-11 05:27:32.128 10670 10670 E AndroidRuntime: at android.app.ActivityThread$H.handleMessage(ActivityThread.java:2211)
11-11 05:27:32.128 10670 10670 E AndroidRuntime: at android.os.Handler.dispatchMessage(Handler.java:106)
11-11 05:27:32.128 10670 10670 E AndroidRuntime: at android.os.Looper.loopOnce(Looper.java:201)
11-11 05:27:32.128 10670 10670 E AndroidRuntime: at android.os.Looper.loop(Looper.java:288)
11-11 05:27:32.128 10670 10670 E AndroidRuntime: at android.app.ActivityThread.main(ActivityThread.java:7880)
11-11 05:27:32.128 10670 10670 E AndroidRuntime: at java.lang.reflect.Method.invoke(Native Method)
11-11 05:27:32.128 10670 10670 E AndroidRuntime: at com.android.internal.os.RuntimeInit$MethodAndArgsCaller.run(RuntimeInit.java:548)
11-11 05:27:32.128 10670 10670 E AndroidRuntime: at com.android.internal.os.ZygoteInit.main(ZygoteInit.java:1009)
11-11 05:27:32.128 10670 10670 E AndroidRuntime: Caused by: java.lang.NullPointerException: Attempt to invoke virtual method 'java.lang.String android.net.Uri.getScheme()' on a null object reference
11-11 05:27:32.128 10670 10670 E AndroidRuntime: at com.android.gallery3d.app.MoviePlayer.startVideo(MoviePlayer.java:324)
11-11 05:27:32.128 10670 10670 E AndroidRuntime: at com.android.gallery3d.app.MoviePlayer.(MoviePlayer.java:200)
11-11 05:27:32.128 10670 10670 E AndroidRuntime: at com.android.gallery3d.app.MovieActivity$1.(MovieActivity.java:95)
11-11 05:27:32.128 10670 10670 E AndroidRuntime: at com.android.gallery3d.app.MovieActivity.onCreate(MovieActivity.java:94)
11-11 05:27:32.128 10670 10670 E AndroidRuntime: at android.app.Activity.performCreate(Activity.java:8070)
11-11 05:27:32.128 10670 10670 E AndroidRuntime: at android.app.Activity.performCreate(Activity.java:8050)
11-11 05:27:32.128 10670 10670 E AndroidRuntime: at android.app.Instrumentation.callActivityOnCreate(Instrumentation.java:1330)
11-11 05:27:32.128 10670 10670 E AndroidRuntime: at android.app.ActivityThread.performLaunchActivity(ActivityThread.java:3609)
11-11 05:27:32.128 10670 10670 E AndroidRuntime: ... 12 more
11-11 05:27:32.128 1514 1540 I am_crash: [10670,0,com.android.gallery3d,819510341,java.lang.NullPointerException,Attempt to invoke virtual method 'java.lang.String android.net.Uri.getScheme()' on a null object reference,MoviePlayer.java,324]
11-11 05:27:32.131 1514 1540 W ActivityTaskManager: Force finishing activity com.android.gallery3d/.app.MovieActivity
11-11 05:27:32.131 1514 1540 I wm_finish_activity: [0,111208012,88,com.android.gallery3d/.app.MovieActivity,force-crash]
11-11 05:27:32.132 1514 1540 I wm_task_moved: [39,1,6]
11-11 05:27:32.133 1514 1540 I wm_set_resumed_activity: [0,com.android.launcher3/.uioverrides.QuickstepLauncher,positionChildAt]
11-11 05:27:32.133 1514 1540 I wm_task_moved: [40,1,2147483647]
11-11 05:27:32.133 1514 1540 I wm_task_to_front: [0,40]
11-11 05:27:32.133 1514 1540 I wm_focused_root_task: [0,0,39,-1,finish-top adjustFocusToNextFocusableTask]
11-11 05:27:32.133 1514 1540 I wm_set_resumed_activity: [0,com.android.launcher3/.uioverrides.QuickstepLauncher,finish-top]
11-11 05:27:32.133 1514 10879 I DropBoxManagerService: add tag=system_app_crash isTagEnabled=true flags=0x2
11-11 05:27:32.134 1514 1540 I wm_pause_activity: [0,111208012,com.android.gallery3d/.app.MovieActivity,userLeaving=false,finish]
11-11 05:27:32.140 1514 1596 I input_focus: [Focus request eea03e8 com.android.launcher3/com.android.launcher3.uioverrides.QuickstepLauncher,reason=UpdateInputWindows]
11-11 05:27:32.140 1514 1540 I sysui_multi_action: [757,316,758,4,759,-1]
11-11 05:27:32.142 1514 1595 I sysui_multi_action: [757,1144,758,8,806,com.android.gallery3d,871,com.android.gallery3d.app.MovieActivity]
