11-11 04:54:01.482 1514 1921 I ActivityTaskManager: The Process com.android.settings Already Exists in BG. So sending its PID: 2390
11-11 04:54:01.482 1514 1921 W ActivityTaskManager: Tried to set launchTime (0) < mLastActivityLaunchTime (58426)
11-11 04:54:01.527 1514 1921 I ActivityTaskManager: START u0 {act=android.intent.action.MAIN cmp=com.android.settings/.homepage.SettingsHomepageActivity (has extras)} from uid 1000
11-11 04:54:01.539 1514 1921 W ActivityTaskManager: Duplicate finish request for r=ActivityRecord{7e12f2b u0 com.android.settings/.SubSettings t41 f}}
11-11 04:54:01.547 1514 3207 I ActivityTaskManager: FOREGROUND_APPLICATION_CHANGED to com.android.settings.homepage.SettingsHomepageActivity
11-11 04:54:01.657 3685 3703 W ContextImpl: Calling a method in the system process without a qualified user: android.app.ContextImpl.startService:1816 android.content.ContextWrapper.startService:774 com.thundercomm.gamemode.ingame.services.GameModeActionUtils.startGameModeService:93 com.thundercomm.gamemode.ingame.services.GameModeActionUtils.startGameModeEntry:21 com.thundercomm.gamemode.ingame.services.ActivityMonitoringService$1.onActivityLaunch:126
11-11 04:54:01.664 1514 1514 I GameModeConfig: Current uri is uri = content://com.thundercomm.gamemode.api/gamemode_settings/gamemode_isgaming
11-11 04:54:01.667 1514 1514 I GameModeConfig: isGameModeOn = false
11-11 04:54:01.668 1514 1514 I GameModeConfig: isGameModeOn = false
11-11 04:54:01.668 1514 1514 I GameModeConfig: isDisableVoice = true
11-11 04:54:04.978 1514 2742 E TaskPersister: File error accessing recents directory (directory doesn't exist?).
11-11 04:54:21.693 1514 1921 I ActivityTaskManager: START u0 {act=android.intent.action.MAIN cmp=com.android.settings/.SubSettings (has extras)} from uid 1000
11-11 04:54:21.719 1514 1921 I ActivityTaskManager: FOREGROUND_APPLICATION_CHANGED to com.android.settings.SubSettings
11-11 04:54:21.719 1514 1921 I ActivityTaskManager: The Process com.android.settings Already Exists in BG. So sending its PID: 2390
11-11 04:54:21.721 1514 1921 W ActivityTaskManager: Tried to set launchTime (0) < mLastActivityLaunchTime (456897)
11-11 04:54:21.757 1514 2116 I ActivityTaskManager: START u0 {act=android.intent.action.MAIN cmp=com.android.settings/.homepage.SettingsHomepageActivity (has extras)} from uid 1000
11-11 04:54:21.768 1514 2116 W ActivityTaskManager: Duplicate finish request for r=ActivityRecord{70d9f0b u0 com.android.settings/.SubSettings t41 f}}
11-11 04:54:21.779 1514 2080 I ActivityTaskManager: FOREGROUND_APPLICATION_CHANGED to com.android.settings.homepage.SettingsHomepageActivity
11-11 04:54:21.892 3685 3703 W ContextImpl: Calling a method in the system process without a qualified user: android.app.ContextImpl.startService:1816 android.content.ContextWrapper.startService:774 com.thundercomm.gamemode.ingame.services.GameModeActionUtils.startGameModeService:93 com.thundercomm.gamemode.ingame.services.GameModeActionUtils.startGameModeEntry:21 com.thundercomm.gamemode.ingame.services.ActivityMonitoringService$1.onActivityLaunch:126
11-11 04:54:21.902 1514 1514 I GameModeConfig: Current uri is uri = content://com.thundercomm.gamemode.api/gamemode_settings/gamemode_isgaming
11-11 04:54:21.907 1514 1514 I GameModeConfig: isGameModeOn = false
11-11 04:54:21.908 1514 1514 I GameModeConfig: isGameModeOn = false
11-11 04:54:21.908 1514 1514 I GameModeConfig: isDisableVoice = true
11-11 04:54:25.228 1514 2742 E TaskPersister: File error accessing recents directory (directory doesn't exist?).
11-11 04:55:00.381 1514 3207 I ActivityTaskManager: START u0 {act=android.intent.action.MAIN cmp=com.android.settings/.SubSettings (has extras)} from uid 1000
11-11 04:55:00.414 1514 3207 I ActivityTaskManager: FOREGROUND_APPLICATION_CHANGED to com.android.settings.SubSettings
11-11 04:55:00.415 1514 3207 I ActivityTaskManager: The Process com.android.settings Already Exists in BG. So sending its PID: 2390
11-11 04:55:00.415 1514 3207 W ActivityTaskManager: Tried to set launchTime (0) < mLastActivityLaunchTime (477136)
11-11 04:55:00.462 1514 3207 I ActivityTaskManager: START u0 {act=android.intent.action.MAIN cmp=com.android.settings/.homepage.SettingsHomepageActivity (has extras)} from uid 1000
11-11 04:55:00.472 1514 3207 W ActivityTaskManager: Duplicate finish request for r=ActivityRecord{1a80e92 u0 com.android.settings/.SubSettings t41 f}}
11-11 04:55:00.478 1514 2040 I ActivityTaskManager: FOREGROUND_APPLICATION_CHANGED to com.android.settings.homepage.SettingsHomepageActivity
11-11 04:55:00.587 3685 3703 W ContextImpl: Calling a method in the system process without a qualified user: android.app.ContextImpl.startService:1816 android.content.ContextWrapper.startService:774 com.thundercomm.gamemode.ingame.services.GameModeActionUtils.startGameModeService:93 com.thundercomm.gamemode.ingame.services.GameModeActionUtils.startGameModeEntry:21 com.thundercomm.gamemode.ingame.services.ActivityMonitoringService$1.onActivityLaunch:126
11-11 04:55:00.595 1514 1514 I GameModeConfig: Current uri is uri = content://com.thundercomm.gamemode.api/gamemode_settings/gamemode_isgaming
11-11 04:55:00.599 1514 1514 I GameModeConfig: isGameModeOn = false
11-11 04:55:00.600 1514 1514 I GameModeConfig: isGameModeOn = false
11-11 04:55:00.600 1514 1514 I GameModeConfig: isDisableVoice = true
11-11 04:55:03.904 1514 2742 E TaskPersister: File error accessing recents directory (directory doesn't exist?).
11-11 04:56:10.704 1514 1649 V DisplayPowerController[0]: Brightness [0.05] reason changing to: 'manual [ dim ]', previous reason: 'manual'.
11-11 04:56:10.704 1514 1649 W PowerManagerService: Screen on took 165586 ms
11-11 04:56:10.707 1514 1974 E DisplayDeviceConfig: requesting nits when no mapping exists.
11-11 04:56:10.708 1514 1974 E DisplayDeviceConfig: requesting nits when no mapping exists.
11-11 04:56:10.709 1514 1614 I DropBoxManagerService: add tag=system_server_wtf isTagEnabled=true flags=0x2
11-11 04:56:10.712 1514 1614 I DropBoxManagerService: add tag=system_server_wtf isTagEnabled=true flags=0x2
11-11 04:56:10.723 1514 1974 E DisplayDeviceConfig: requesting nits when no mapping exists.
11-11 04:56:10.723 1514 1974 E DisplayDeviceConfig: requesting nits when no mapping exists.
11-11 04:56:10.724 1514 1614 I DropBoxManagerService: add tag=system_server_wtf isTagEnabled=true flags=0x2
11-11 04:56:10.726 1514 1614 I DropBoxManagerService: add tag=system_server_wtf isTagEnabled=true flags=0x2
11-11 04:56:10.739 1514 1974 E DisplayDeviceConfig: requesting nits when no mapping exists.
11-11 04:56:10.740 1514 1974 E DisplayDeviceConfig: requesting nits when no mapping exists.
11-11 04:56:10.741 1514 1614 I DropBoxManagerService: add tag=system_server_wtf isTagEnabled=true flags=0x2
11-11 04:56:10.758 1514 1974 E DisplayDeviceConfig: requesting nits when no mapping exists.
11-11 04:56:10.759 1514 1974 E DisplayDeviceConfig: requesting nits when no mapping exists.
11-11 04:56:10.774 1514 1974 E DisplayDeviceConfig: requesting nits when no mapping exists.
11-11 04:56:10.775 1514 1974 E DisplayDeviceConfig: requesting nits when no mapping exists.
11-11 04:56:10.791 1514 1974 E DisplayDeviceConfig: requesting nits when no mapping exists.
11-11 04:56:10.792 1514 1974 E DisplayDeviceConfig: requesting nits when no mapping exists.
11-11 04:56:10.808 1514 1974 E DisplayDeviceConfig: requesting nits when no mapping exists.
11-11 04:56:10.808 1514 1974 E DisplayDeviceConfig: requesting nits when no mapping exists.
11-11 04:56:10.825 1514 1974 E DisplayDeviceConfig: requesting nits when no mapping exists.
11-11 04:56:10.825 1514 1974 E DisplayDeviceConfig: requesting nits when no mapping exists.
11-11 04:56:10.842 1514 1974 E DisplayDeviceConfig: requesting nits when no mapping exists.
11-11 04:56:10.842 1514 1974 E DisplayDeviceConfig: requesting nits when no mapping exists.
11-11 04:56:10.862 1514 1974 E DisplayDeviceConfig: requesting nits when no mapping exists.
11-11 04:56:10.864 1514 1974 E DisplayDeviceConfig: requesting nits when no mapping exists.
11-11 04:56:10.875 1514 1974 E DisplayDeviceConfig: requesting nits when no mapping exists.
11-11 04:56:10.876 1514 1974 E DisplayDeviceConfig: requesting nits when no mapping exists.
11-11 04:56:10.892 1514 1974 E DisplayDeviceConfig: requesting nits when no mapping exists.
11-11 04:56:10.892 1514 1974 E DisplayDeviceConfig: requesting nits when no mapping exists.
11-11 04:56:10.908 1514 1974 E DisplayDeviceConfig: requesting nits when no mapping exists.
11-11 04:56:10.909 1514 1974 E DisplayDeviceConfig: requesting nits when no mapping exists.
11-11 04:56:10.925 1514 1974 E DisplayDeviceConfig: requesting nits when no mapping exists.
11-11 04:56:10.926 1514 1974 E DisplayDeviceConfig: requesting nits when no mapping exists.
11-11 04:56:10.943 1514 1974 E DisplayDeviceConfig: requesting nits when no mapping exists.
11-11 04:56:10.943 1514 1974 E DisplayDeviceConfig: requesting nits when no mapping exists.
11-11 04:56:10.958 1514 1974 E DisplayDeviceConfig: requesting nits when no mapping exists.
11-11 04:56:10.959 1514 1974 E DisplayDeviceConfig: requesting nits when no mapping exists.
11-11 04:56:10.975 1514 1974 E DisplayDeviceConfig: requesting nits when no mapping exists.
11-11 04:56:10.977 1514 1974 E DisplayDeviceConfig: requesting nits when no mapping exists.
11-11 04:56:10.992 1514 1974 E DisplayDeviceConfig: requesting nits when no mapping exists.
11-11 04:56:10.992 1514 1974 E DisplayDeviceConfig: requesting nits when no mapping exists.
11-11 04:56:11.009 1514 1974 E DisplayDeviceConfig: requesting nits when no mapping exists.
11-11 04:56:11.009 1514 1974 E DisplayDeviceConfig: requesting nits when no mapping exists.
11-11 04:56:11.032 1514 1974 E DisplayDeviceConfig: requesting nits when no mapping exists.
11-11 04:56:11.032 1514 1974 E DisplayDeviceConfig: requesting nits when no mapping exists.
11-11 04:56:11.048 1514 1974 E DisplayDeviceConfig: requesting nits when no mapping exists.
11-11 04:56:11.048 1514 1974 E DisplayDeviceConfig: requesting nits when no mapping exists.
11-11 04:56:11.059 1514 1974 E DisplayDeviceConfig: requesting nits when no mapping exists.
11-11 04:56:11.059 1514 1974 E DisplayDeviceConfig: requesting nits when no mapping exists.
11-11 04:56:11.075 1514 1974 E DisplayDeviceConfig: requesting nits when no mapping exists.
11-11 04:56:11.076 1514 1974 E DisplayDeviceConfig: requesting nits when no mapping exists.
11-11 04:56:11.092 1514 1974 E DisplayDeviceConfig: requesting nits when no mapping exists.
11-11 04:56:11.092 1514 1974 E DisplayDeviceConfig: requesting nits when no mapping exists.
11-11 04:56:11.109 1514 1974 E DisplayDeviceConfig: requesting nits when no mapping exists.
11-11 04:56:11.110 1514 1974 E DisplayDeviceConfig: requesting nits when no mapping exists.
11-11 04:56:11.126 1514 1974 E DisplayDeviceConfig: requesting nits when no mapping exists.
11-11 04:56:11.126 1514 1974 E DisplayDeviceConfig: requesting nits when no mapping exists.
11-11 04:56:11.142 1514 1974 E DisplayDeviceConfig: requesting nits when no mapping exists.
11-11 04:56:11.143 1514 1974 E DisplayDeviceConfig: requesting nits when no mapping exists.
11-11 04:56:11.159 1514 1974 E DisplayDeviceConfig: requesting nits when no mapping exists.
11-11 04:56:11.159 1514 1974 E DisplayDeviceConfig: requesting nits when no mapping exists.
11-11 04:56:11.175 1514 1974 E DisplayDeviceConfig: requesting nits when no mapping exists.
11-11 04:56:11.176 1514 1974 E DisplayDeviceConfig: requesting nits when no mapping exists.
11-11 04:56:11.192 1514 1974 E DisplayDeviceConfig: requesting nits when no mapping exists.
11-11 04:56:11.193 1514 1974 E DisplayDeviceConfig: requesting nits when no mapping exists.
11-11 04:56:11.209 1514 1974 E DisplayDeviceConfig: requesting nits when no mapping exists.
11-11 04:56:11.210 1514 1974 E DisplayDeviceConfig: requesting nits when no mapping exists.
11-11 04:56:11.226 1514 1974 E DisplayDeviceConfig: requesting nits when no mapping exists.
11-11 04:56:11.227 1514 1974 E DisplayDeviceConfig: requesting nits when no mapping exists.
11-11 04:56:11.243 1514 1974 E DisplayDeviceConfig: requesting nits when no mapping exists.
11-11 04:56:11.243 1514 1974 E DisplayDeviceConfig: requesting nits when no mapping exists.
11-11 04:56:11.259 1514 1974 E DisplayDeviceConfig: requesting nits when no mapping exists.
11-11 04:56:11.259 1514 1974 E DisplayDeviceConfig: requesting nits when no mapping exists.
11-11 04:56:11.276 1514 1974 E DisplayDeviceConfig: requesting nits when no mapping exists.
11-11 04:56:11.277 1514 1974 E DisplayDeviceConfig: requesting nits when no mapping exists.
11-11 04:56:11.293 1514 1974 E DisplayDeviceConfig: requesting nits when no mapping exists.
11-11 04:56:11.294 1514 1974 E DisplayDeviceConfig: requesting nits when no mapping exists.
11-11 04:56:11.309 1514 1974 E DisplayDeviceConfig: requesting nits when no mapping exists.
11-11 04:56:11.309 1514 1974 E DisplayDeviceConfig: requesting nits when no mapping exists.
11-11 04:56:11.326 1514 1974 E DisplayDeviceConfig: requesting nits when no mapping exists.
11-11 04:56:11.326 1514 1974 E DisplayDeviceConfig: requesting nits when no mapping exists.
11-11 04:56:11.343 1514 1974 E DisplayDeviceConfig: requesting nits when no mapping exists.
11-11 04:56:11.343 1514 1974 E DisplayDeviceConfig: requesting nits when no mapping exists.
11-11 04:56:11.362 1514 1974 E DisplayDeviceConfig: requesting nits when no mapping exists.
11-11 04:56:11.362 1514 1974 E DisplayDeviceConfig: requesting nits when no mapping exists.
11-11 04:56:11.376 1514 1974 E DisplayDeviceConfig: requesting nits when no mapping exists.
11-11 04:56:11.377 1514 1974 E DisplayDeviceConfig: requesting nits when no mapping exists.
11-11 04:56:11.393 1514 1974 E DisplayDeviceConfig: requesting nits when no mapping exists.
11-11 04:56:11.394 1514 1974 E DisplayDeviceConfig: requesting nits when no mapping exists.
11-11 04:56:11.409 1514 1974 E DisplayDeviceConfig: requesting nits when no mapping exists.
11-11 04:56:11.410 1514 1974 E DisplayDeviceConfig: requesting nits when no mapping exists.
11-11 04:56:11.426 1514 1974 E DisplayDeviceConfig: requesting nits when no mapping exists.
11-11 04:56:11.427 1514 1974 E DisplayDeviceConfig: requesting nits when no mapping exists.
11-11 04:56:11.443 1514 1974 E DisplayDeviceConfig: requesting nits when no mapping exists.
11-11 04:56:11.443 1514 1974 E DisplayDeviceConfig: requesting nits when no mapping exists.
11-11 04:56:11.460 1514 1974 E DisplayDeviceConfig: requesting nits when no mapping exists.
11-11 04:56:11.460 1514 1974 E DisplayDeviceConfig: requesting nits when no mapping exists.
11-11 04:56:11.476 1514 1974 E DisplayDeviceConfig: requesting nits when no mapping exists.
11-11 04:56:11.477 1514 1974 E DisplayDeviceConfig: requesting nits when no mapping exists.
11-11 04:56:11.493 1514 1974 E DisplayDeviceConfig: requesting nits when no mapping exists.
11-11 04:56:11.494 1514 1974 E DisplayDeviceConfig: requesting nits when no mapping exists.
11-11 04:56:11.509 1514 1974 E DisplayDeviceConfig: requesting nits when no mapping exists.
11-11 04:56:11.510 1514 1974 E DisplayDeviceConfig: requesting nits when no mapping exists.
11-11 04:56:11.527 1514 1974 E DisplayDeviceConfig: requesting nits when no mapping exists.
11-11 04:56:11.527 1514 1974 E DisplayDeviceConfig: requesting nits when no mapping exists.
11-11 04:56:11.543 1514 1974 E DisplayDeviceConfig: requesting nits when no mapping exists.
11-11 04:56:11.543 1514 1974 E DisplayDeviceConfig: requesting nits when no mapping exists.
11-11 04:56:11.560 1514 1974 E DisplayDeviceConfig: requesting nits when no mapping exists.
11-11 04:56:11.560 1514 1974 E DisplayDeviceConfig: requesting nits when no mapping exists.
11-11 04:56:11.577 1514 1974 E DisplayDeviceConfig: requesting nits when no mapping exists.
11-11 04:56:11.577 1514 1974 E DisplayDeviceConfig: requesting nits when no mapping exists.
11-11 04:56:11.593 1514 1974 E DisplayDeviceConfig: requesting nits when no mapping exists.
11-11 04:56:11.594 1514 1974 E DisplayDeviceConfig: requesting nits when no mapping exists.
11-11 04:56:11.610 1514 1974 E DisplayDeviceConfig: requesting nits when no mapping exists.
11-11 04:56:11.612 1514 1974 E DisplayDeviceConfig: requesting nits when no mapping exists.
11-11 04:56:11.627 1514 1974 E DisplayDeviceConfig: requesting nits when no mapping exists.
11-11 04:56:11.628 1514 1974 E DisplayDeviceConfig: requesting nits when no mapping exists.
11-11 04:56:11.644 1514 1974 E DisplayDeviceConfig: requesting nits when no mapping exists.
11-11 04:56:11.644 1514 1974 E DisplayDeviceConfig: requesting nits when no mapping exists.
11-11 04:56:11.660 1514 1974 E DisplayDeviceConfig: requesting nits when no mapping exists.
11-11 04:56:11.661 1514 1974 E DisplayDeviceConfig: requesting nits when no mapping exists.
11-11 04:56:17.696 1514 1649 I PowerManagerService: Napping display group (groupId=0, uid=1000)...
11-11 04:56:17.696 1514 1649 I PowerManagerService: Nap time (uid 1000)...
11-11 04:56:17.698 1514 1649 I DreamManagerService: Entering dreamland.
11-11 04:56:17.701 1514 1649 I PowerManagerService: Dreaming...
11-11 04:56:17.703 1514 1592 I DreamController: Starting dream: name=ComponentInfo{com.thundercomm.screensaver/com.thundercomm.saverclock.service.ClockScreensaver}, isTest=false, canDoze=false, userId=0
11-11 04:56:17.711 1514 3207 I ActivityTaskManager: START u0 {flg=0x10000000 pkg=com.thundercomm.screensaver cmp=com.thundercomm.screensaver/android.service.dreams.DreamActivity (has extras)} from uid 10051
11-11 04:56:17.713 1514 3207 W ActivityTaskManager: Can't find TaskDisplayArea to determine support for multi window. Task id=44 attached=false
11-11 04:56:17.727 1514 1921 I ActivityTaskManager: FOREGROUND_APPLICATION_CHANGED to android.service.dreams.DreamActivity
11-11 04:56:17.728 1514 1921 I ActivityTaskManager: The Process com.thundercomm.screensaver Already Exists in BG. So sending its PID: 4894
11-11 04:56:17.729 1514 1921 W ActivityTaskManager: Tried to set launchTime (0) < mLastActivityLaunchTime (228449)
11-11 04:56:17.742 1514 1921 W WindowManager: Failed looking up window session=Session{de6ab3f 4894:u0a10051} callers=com.android.server.wm.WindowManagerService.windowForClientLocked:5628 com.android.server.wm.Session.insetsModified:629 android.view.IWindowSession$Stub.onTransact:1151
11-11 04:56:17.746 3685 3703 W ContextImpl: Calling a method in the system process without a qualified user: android.app.ContextImpl.startService:1816 android.content.ContextWrapper.startService:774 com.thundercomm.gamemode.ingame.services.GameModeActionUtils.startGameModeService:93 com.thundercomm.gamemode.ingame.services.GameModeActionUtils.startGameModeEntry:21 com.thundercomm.gamemode.ingame.services.ActivityMonitoringService$1.onActivityLaunch:126
11-11 04:56:17.752 1514 1514 I GameModeConfig: Current uri is uri = content://com.thundercomm.gamemode.api/gamemode_settings/gamemode_isgaming
11-11 04:56:17.759 1514 1514 I GameModeConfig: isGameModeOn = false
11-11 04:56:17.759 1514 1514 I GameModeConfig: isGameModeOn = false
11-11 04:56:17.759 1514 1514 I GameModeConfig: isDisableVoice = true
11-11 04:56:17.782 1514 1901 I GameModeConfig: isGameModeOn = false
11-11 04:56:17.782 1514 1901 I GameModeConfig: isGameModeOn = false
11-11 04:56:17.782 1514 1901 I GameModeConfig: isGameModeOn = false
11-11 04:56:17.783 1514 1901 I GameModeConfig: isGameModeOn = false
11-11 04:56:17.813 1514 1649 V DisplayPowerController[0]: Brightness [1.0] reason changing to: 'manual', previous reason: 'manual [ dim ]'.
11-11 04:56:17.829 1514 1974 E DisplayDeviceConfig: requesting nits when no mapping exists.
11-11 04:56:17.832 1514 1974 E DisplayDeviceConfig: requesting nits when no mapping exists.
11-11 04:56:17.845 3685 3703 W ContextImpl: Calling a method in the system process without a qualified user: android.app.ContextImpl.startService:1816 android.content.ContextWrapper.startService:774 com.thundercomm.gamemode.ingame.services.GameModeActionUtils.startGameModeService:93 com.thundercomm.gamemode.ingame.services.GameModeActionUtils.startGameModeEntry:21 com.thundercomm.gamemode.ingame.services.ActivityMonitoringService$1.onActivityLaunch:126
11-11 04:56:17.846 1514 1974 E DisplayDeviceConfig: requesting nits when no mapping exists.
11-11 04:56:17.847 1514 1974 E DisplayDeviceConfig: requesting nits when no mapping exists.
11-11 04:56:17.851 1514 1514 I GameModeConfig: Current uri is uri = content://com.thundercomm.gamemode.api/gamemode_settings/gamemode_isgaming
11-11 04:56:17.853 1514 1514 I GameModeConfig: isGameModeOn = false
11-11 04:56:17.853 1514 1514 I GameModeConfig: isGameModeOn = false
11-11 04:56:17.853 1514 1514 I GameModeConfig: isDisableVoice = true
11-11 04:56:17.862 1514 1974 E DisplayDeviceConfig: requesting nits when no mapping exists.
11-11 04:56:17.862 1514 1974 E DisplayDeviceConfig: requesting nits when no mapping exists.
11-11 04:56:17.878 1514 1974 E DisplayDeviceConfig: requesting nits when no mapping exists.
11-11 04:56:17.879 1514 1974 E DisplayDeviceConfig: requesting nits when no mapping exists.
11-11 04:56:17.894 1514 1974 E DisplayDeviceConfig: requesting nits when no mapping exists.
11-11 04:56:17.896 1514 1974 E DisplayDeviceConfig: requesting nits when no mapping exists.
11-11 04:56:17.917 1514 1974 E DisplayDeviceConfig: requesting nits when no mapping exists.
11-11 04:56:17.918 1514 1974 E DisplayDeviceConfig: requesting nits when no mapping exists.
11-11 04:56:17.927 1514 1974 E DisplayDeviceConfig: requesting nits when no mapping exists.
11-11 04:56:17.928 1514 1974 E DisplayDeviceConfig: requesting nits when no mapping exists.
11-11 04:56:17.944 1514 1974 E DisplayDeviceConfig: requesting nits when no mapping exists.
11-11 04:56:17.944 1514 1974 E DisplayDeviceConfig: requesting nits when no mapping exists.
11-11 04:56:17.962 1514 1974 E DisplayDeviceConfig: requesting nits when no mapping exists.
11-11 04:56:17.963 1514 1974 E DisplayDeviceConfig: requesting nits when no mapping exists.
11-11 04:56:17.977 1514 1974 E DisplayDeviceConfig: requesting nits when no mapping exists.
11-11 04:56:17.978 1514 1974 E DisplayDeviceConfig: requesting nits when no mapping exists.
11-11 04:56:17.993 1514 1514 I GameModeConfig: isGameModeOn = false
11-11 04:56:17.995 1514 1514 W NotificationHistory: Attempted to add notif for locked/gone/disabled user 0
11-11 04:56:17.997 1514 1974 E DisplayDeviceConfig: requesting nits when no mapping exists.
11-11 04:56:17.997 1514 1974 E DisplayDeviceConfig: requesting nits when no mapping exists.
11-11 04:56:18.011 1514 1974 E DisplayDeviceConfig: requesting nits when no mapping exists.
11-11 04:56:18.011 1514 1974 E DisplayDeviceConfig: requesting nits when no mapping exists.
11-11 04:56:18.028 1514 1974 E DisplayDeviceConfig: requesting nits when no mapping exists.
11-11 04:56:18.038 1514 1974 E DisplayDeviceConfig: requesting nits when no mapping exists.
11-11 04:56:18.044 1514 1974 E DisplayDeviceConfig: requesting nits when no mapping exists.
11-11 04:56:18.046 1514 1974 E DisplayDeviceConfig: requesting nits when no mapping exists.
11-11 04:56:18.061 1514 1974 E DisplayDeviceConfig: requesting nits when no mapping exists.
11-11 04:56:18.062 1514 1974 E DisplayDeviceConfig: requesting nits when no mapping exists.
11-11 04:56:18.078 1514 1974 E DisplayDeviceConfig: requesting nits when no mapping exists.
11-11 04:56:18.079 1514 1974 E DisplayDeviceConfig: requesting nits when no mapping exists.
11-11 04:56:18.096 1514 1974 E DisplayDeviceConfig: requesting nits when no mapping exists.
11-11 04:56:18.096 1514 1974 E DisplayDeviceConfig: requesting nits when no mapping exists.
11-11 04:56:18.114 1514 1974 E DisplayDeviceConfig: requesting nits when no mapping exists.
11-11 04:56:18.115 1514 1974 E DisplayDeviceConfig: requesting nits when no mapping exists.
11-11 04:56:18.129 1514 1974 E DisplayDeviceConfig: requesting nits when no mapping exists.
11-11 04:56:18.130 1514 1974 E DisplayDeviceConfig: requesting nits when no mapping exists.
11-11 04:56:18.146 1514 1974 E DisplayDeviceConfig: requesting nits when no mapping exists.
11-11 04:56:18.147 1514 1974 E DisplayDeviceConfig: requesting nits when no mapping exists.
11-11 04:56:18.163 1514 1974 E DisplayDeviceConfig: requesting nits when no mapping exists.
11-11 04:56:18.164 1514 1974 E DisplayDeviceConfig: requesting nits when no mapping exists.
11-11 04:56:18.181 1514 1974 E DisplayDeviceConfig: requesting nits when no mapping exists.
11-11 04:56:18.181 1514 1974 E DisplayDeviceConfig: requesting nits when no mapping exists.
11-11 04:56:18.196 1514 1974 E DisplayDeviceConfig: requesting nits when no mapping exists.
11-11 04:56:18.197 1514 1974 E DisplayDeviceConfig: requesting nits when no mapping exists.
11-11 04:56:18.213 1514 1974 E DisplayDeviceConfig: requesting nits when no mapping exists.
11-11 04:56:18.214 1514 1974 E DisplayDeviceConfig: requesting nits when no mapping exists.
11-11 04:56:18.229 1514 1974 E DisplayDeviceConfig: requesting nits when no mapping exists.
11-11 04:56:18.231 1514 1974 E DisplayDeviceConfig: requesting nits when no mapping exists.
11-11 04:56:18.245 1514 1974 E DisplayDeviceConfig: requesting nits when no mapping exists.
11-11 04:56:18.245 1514 1974 E DisplayDeviceConfig: requesting nits when no mapping exists.
11-11 04:56:18.263 1514 1974 E DisplayDeviceConfig: requesting nits when no mapping exists.
11-11 04:56:18.263 1514 1974 E DisplayDeviceConfig: requesting nits when no mapping exists.
11-11 04:56:18.281 1514 1974 E DisplayDeviceConfig: requesting nits when no mapping exists.
11-11 04:56:18.281 1514 1974 E DisplayDeviceConfig: requesting nits when no mapping exists.
11-11 04:56:18.298 1514 1974 E DisplayDeviceConfig: requesting nits when no mapping exists.
11-11 04:56:18.300 1514 1974 E DisplayDeviceConfig: requesting nits when no mapping exists.
11-11 04:56:18.313 1514 1974 E DisplayDeviceConfig: requesting nits when no mapping exists.
11-11 04:56:18.313 1514 1974 E DisplayDeviceConfig: requesting nits when no mapping exists.
11-11 04:56:18.331 1514 1974 E DisplayDeviceConfig: requesting nits when no mapping exists.
11-11 04:56:18.332 1514 1974 E DisplayDeviceConfig: requesting nits when no mapping exists.
11-11 04:56:18.345 1514 1974 E DisplayDeviceConfig: requesting nits when no mapping exists.
11-11 04:56:18.345 1514 1974 E DisplayDeviceConfig: requesting nits when no mapping exists.
11-11 04:56:18.362 1514 1974 E DisplayDeviceConfig: requesting nits when no mapping exists.
11-11 04:56:18.362 1514 1974 E DisplayDeviceConfig: requesting nits when no mapping exists.
11-11 04:56:18.373 3685 3703 W ContextImpl: Calling a method in the system process without a qualified user: android.app.ContextImpl.startService:1816 android.content.ContextWrapper.startService:774 com.thundercomm.gamemode.ingame.services.GameModeActionUtils.startGameModeService:93 com.thundercomm.gamemode.ingame.services.GameModeActionUtils.startGameModeEntry:21 com.thundercomm.gamemode.ingame.services.ActivityMonitoringService$1.onActivityLaunch:126
11-11 04:56:18.378 1514 1974 E DisplayDeviceConfig: requesting nits when no mapping exists.
11-11 04:56:18.378 1514 1974 E DisplayDeviceConfig: requesting nits when no mapping exists.
11-11 04:56:18.380 1514 1514 I GameModeConfig: Current uri is uri = content://com.thundercomm.gamemode.api/gamemode_settings/gamemode_isgaming
11-11 04:56:18.386 1514 1514 I GameModeConfig: isGameModeOn = false
11-11 04:56:18.387 1514 1514 I GameModeConfig: isGameModeOn = false
11-11 04:56:18.387 1514 1514 I GameModeConfig: isDisableVoice = true
11-11 04:56:18.393 1514 1974 E DisplayDeviceConfig: requesting nits when no mapping exists.
11-11 04:56:18.393 1514 1974 E DisplayDeviceConfig: requesting nits when no mapping exists.
11-11 04:56:18.410 1514 1974 E DisplayDeviceConfig: requesting nits when no mapping exists.
11-11 04:56:18.411 1514 1974 E DisplayDeviceConfig: requesting nits when no mapping exists.
11-11 04:56:18.427 1514 1974 E DisplayDeviceConfig: requesting nits when no mapping exists.
11-11 04:56:18.428 1514 1974 E DisplayDeviceConfig: requesting nits when no mapping exists.
11-11 04:56:18.443 1514 1974 E DisplayDeviceConfig: requesting nits when no mapping exists.
11-11 04:56:18.444 1514 1974 E DisplayDeviceConfig: requesting nits when no mapping exists.
11-11 04:56:18.460 1514 1974 E DisplayDeviceConfig: requesting nits when no mapping exists.
11-11 04:56:18.460 1514 1974 E DisplayDeviceConfig: requesting nits when no mapping exists.
11-11 04:56:18.477 1514 1974 E DisplayDeviceConfig: requesting nits when no mapping exists.
11-11 04:56:18.477 1514 1974 E DisplayDeviceConfig: requesting nits when no mapping exists.
11-11 04:56:18.493 1514 1974 E DisplayDeviceConfig: requesting nits when no mapping exists.
11-11 04:56:18.494 1514 1974 E DisplayDeviceConfig: requesting nits when no mapping exists.
11-11 04:56:18.510 1514 1974 E DisplayDeviceConfig: requesting nits when no mapping exists.
11-11 04:56:18.511 1514 1974 E DisplayDeviceConfig: requesting nits when no mapping exists.
11-11 04:56:18.527 1514 1974 E DisplayDeviceConfig: requesting nits when no mapping exists.
11-11 04:56:18.527 1514 1974 E DisplayDeviceConfig: requesting nits when no mapping exists.
11-11 04:56:18.546 1514 1974 E DisplayDeviceConfig: requesting nits when no mapping exists.
11-11 04:56:18.548 1514 1974 E DisplayDeviceConfig: requesting nits when no mapping exists.
11-11 04:56:18.563 1514 1974 E DisplayDeviceConfig: requesting nits when no mapping exists.
11-11 04:56:18.569 1514 1974 E DisplayDeviceConfig: requesting nits when no mapping exists.
11-11 04:56:18.586 1514 1974 E DisplayDeviceConfig: requesting nits when no mapping exists.
11-11 04:56:18.587 1514 1974 E DisplayDeviceConfig: requesting nits when no mapping exists.
11-11 04:56:18.593 1514 1974 E DisplayDeviceConfig: requesting nits when no mapping exists.
11-11 04:56:18.594 1514 1974 E DisplayDeviceConfig: requesting nits when no mapping exists.
11-11 04:56:18.617 1514 1974 E DisplayDeviceConfig: requesting nits when no mapping exists.
11-11 04:56:18.617 1514 1974 E DisplayDeviceConfig: requesting nits when no mapping exists.
11-11 04:56:18.635 1514 1974 E DisplayDeviceConfig: requesting nits when no mapping exists.
11-11 04:56:18.636 1514 1974 E DisplayDeviceConfig: requesting nits when no mapping exists.
11-11 04:56:18.650 1514 1974 E DisplayDeviceConfig: requesting nits when no mapping exists.
11-11 04:56:18.651 1514 1974 E DisplayDeviceConfig: requesting nits when no mapping exists.
11-11 04:56:18.669 1514 1974 E DisplayDeviceConfig: requesting nits when no mapping exists.
11-11 04:56:18.670 1514 1974 E DisplayDeviceConfig: requesting nits when no mapping exists.
11-11 04:56:18.678 1514 1974 E DisplayDeviceConfig: requesting nits when no mapping exists.
11-11 04:56:18.678 1514 1974 E DisplayDeviceConfig: requesting nits when no mapping exists.
11-11 04:56:18.694 1514 1974 E DisplayDeviceConfig: requesting nits when no mapping exists.
11-11 04:56:18.695 1514 1974 E DisplayDeviceConfig: requesting nits when no mapping exists.
11-11 04:56:18.711 1514 1974 E DisplayDeviceConfig: requesting nits when no mapping exists.
11-11 04:56:18.712 1514 1974 E DisplayDeviceConfig: requesting nits when no mapping exists.
11-11 04:56:18.728 1514 1974 E DisplayDeviceConfig: requesting nits when no mapping exists.
11-11 04:56:18.729 1514 1974 E DisplayDeviceConfig: requesting nits when no mapping exists.
11-11 04:56:18.746 1514 1974 E DisplayDeviceConfig: requesting nits when no mapping exists.
11-11 04:56:18.747 1514 1974 E DisplayDeviceConfig: requesting nits when no mapping exists.
11-11 04:56:18.761 1514 1974 E DisplayDeviceConfig: requesting nits when no mapping exists.
11-11 04:56:18.762 1514 1974 E DisplayDeviceConfig: requesting nits when no mapping exists.
11-11 04:56:18.777 1514 1974 E DisplayDeviceConfig: requesting nits when no mapping exists.
11-11 04:56:18.778 1514 1974 E DisplayDeviceConfig: requesting nits when no mapping exists.
11-11 04:56:19.255 1514 2991 I DreamManagerService: Gently waking up from dream.
11-11 04:56:19.257 1514 1592 I DreamManagerService: Performing gentle wake from dream.
11-11 04:56:19.261 1514 3207 I ActivityTaskManager: FOREGROUND_APPLICATION_CHANGED to com.android.settings.homepage.SettingsHomepageActivity
11-11 04:56:19.278 3685 3703 W ContextImpl: Calling a method in the system process without a qualified user: android.app.ContextImpl.startService:1816 android.content.ContextWrapper.startService:774 com.thundercomm.gamemode.ingame.services.GameModeActionUtils.startGameModeService:93 com.thundercomm.gamemode.ingame.services.GameModeActionUtils.startGameModeEntry:21 com.thundercomm.gamemode.ingame.services.ActivityMonitoringService$1.onActivityLaunch:126
11-11 04:56:19.281 1514 1514 I GameModeConfig: Current uri is uri = content://com.thundercomm.gamemode.api/gamemode_settings/gamemode_isgaming
11-11 04:56:19.284 1514 1514 I GameModeConfig: isGameModeOn = false
11-11 04:56:19.284 1514 1514 I GameModeConfig: isGameModeOn = false
11-11 04:56:19.285 1514 1514 I GameModeConfig: isDisableVoice = true
11-11 04:56:19.337 1514 1649 I PowerManagerService: Powering on display group fromDreaming (groupId=0, uid=1000, reason=WAKE_REASON_UNKNOWN, details=android.server.power:DREAM_FINISHED)...
11-11 04:56:19.337 1514 1649 I PowerManagerService: Waking up from Dreaming (uid=1000, reason=WAKE_REASON_UNKNOWN, details=android.server.power:DREAM_FINISHED)...
11-11 04:56:19.373 3685 3703 W ContextImpl: Calling a method in the system process without a qualified user: android.app.ContextImpl.startService:1816 android.content.ContextWrapper.startService:774 com.thundercomm.gamemode.ingame.services.GameModeActionUtils.startGameModeService:93 com.thundercomm.gamemode.ingame.services.GameModeActionUtils.startGameModeEntry:21 com.thundercomm.gamemode.ingame.services.ActivityMonitoringService$1.onActivityLaunch:126
11-11 04:56:19.376 1514 1514 I GameModeConfig: Current uri is uri = content://com.thundercomm.gamemode.api/gamemode_settings/gamemode_isgaming
11-11 04:56:19.378 1514 1514 I GameModeConfig: isGameModeOn = false
11-11 04:56:19.378 1514 1514 I GameModeConfig: isGameModeOn = false
11-11 04:56:19.378 1514 1514 I GameModeConfig: isDisableVoice = true
11-11 04:56:19.868 3685 3703 W ContextImpl: Calling a method in the system process without a qualified user: android.app.ContextImpl.startService:1816 android.content.ContextWrapper.startService:774 com.thundercomm.gamemode.ingame.services.GameModeActionUtils.startGameModeService:93 com.thundercomm.gamemode.ingame.services.GameModeActionUtils.startGameModeEntry:21 com.thundercomm.gamemode.ingame.services.ActivityMonitoringService$1.onActivityLaunch:126
11-11 04:56:19.879 1514 1514 I GameModeConfig: Current uri is uri = content://com.thundercomm.gamemode.api/gamemode_settings/gamemode_isgaming
11-11 04:56:19.887 1514 1514 I GameModeConfig: isGameModeOn = false
11-11 04:56:19.888 1514 1514 I GameModeConfig: isGameModeOn = false
11-11 04:56:19.888 1514 1514 I GameModeConfig: isDisableVoice = true
11-11 04:56:19.893 1514 1539 I DreamManagerService: Leaving dreamland.
11-11 04:56:19.894 1514 1592 I DreamManagerService: Performing gentle wake from dream.
11-11 04:56:19.894 1514 1592 I DreamController: Stopping dream: name=ComponentInfo{com.thundercomm.screensaver/com.thundercomm.saverclock.service.ClockScreensaver}, isTest=false, canDoze=false, userId=0, reason='finished self'(from 'finished self')
11-11 04:56:19.908 1514 1596 W ActivityTaskManager: Can't find TaskDisplayArea to determine support for multi window. Task id=44 attached=false
11-11 04:56:21.477 1514 1539 I ActivityTaskManager: START u0 {act=android.intent.action.MAIN cmp=com.android.settings/.SubSettings (has extras)} from uid 1000
11-11 04:56:21.499 1514 1539 I ActivityTaskManager: FOREGROUND_APPLICATION_CHANGED to com.android.settings.SubSettings
11-11 04:56:21.499 1514 1539 I ActivityTaskManager: The Process com.android.settings Already Exists in BG. So sending its PID: 2390
11-11 04:56:21.499 1514 1539 W ActivityTaskManager: Tried to set launchTime (0) < mLastActivityLaunchTime (515831)
11-11 04:56:21.542 1514 1539 I ActivityTaskManager: START u0 {act=android.intent.action.MAIN cmp=com.android.settings/.homepage.SettingsHomepageActivity (has extras)} from uid 1000
11-11 04:56:21.553 1514 2040 W ActivityTaskManager: Duplicate finish request for r=ActivityRecord{fe4bb0c u0 com.android.settings/.SubSettings t41 f}}
11-11 04:56:21.556 1514 2040 I ActivityTaskManager: FOREGROUND_APPLICATION_CHANGED to com.android.settings.homepage.SettingsHomepageActivity
11-11 04:56:21.670 3685 3703 W ContextImpl: Calling a method in the system process without a qualified user: android.app.ContextImpl.startService:1816 android.content.ContextWrapper.startService:774 com.thundercomm.gamemode.ingame.services.GameModeActionUtils.startGameModeService:93 com.thundercomm.gamemode.ingame.services.GameModeActionUtils.startGameModeEntry:21 com.thundercomm.gamemode.ingame.services.ActivityMonitoringService$1.onActivityLaunch:126
11-11 04:56:21.678 1514 1514 I GameModeConfig: Current uri is uri = content://com.thundercomm.gamemode.api/gamemode_settings/gamemode_isgaming
11-11 04:56:21.682 1514 1514 I GameModeConfig: isGameModeOn = false
11-11 04:56:21.682 1514 1514 I GameModeConfig: isGameModeOn = false
11-11 04:56:21.682 1514 1514 I GameModeConfig: isDisableVoice = true
11-11 04:56:23.520 3685 3703 W ContextImpl: Calling a method in the system process without a qualified user: android.app.ContextImpl.startService:1816 android.content.ContextWrapper.startService:774 com.thundercomm.gamemode.ingame.services.GameModeActionUtils.startGameModeService:93 com.thundercomm.gamemode.ingame.services.GameModeActionUtils.startGameModeEntry:21 com.thundercomm.gamemode.ingame.services.ActivityMonitoringService$1.onActivityLaunch:126
11-11 04:56:23.528 1514 1514 I GameModeConfig: Current uri is uri = content://com.thundercomm.gamemode.api/gamemode_settings/gamemode_isgaming
11-11 04:56:23.531 1514 1514 I GameModeConfig: isGameModeOn = false
11-11 04:56:23.531 1514 1514 I GameModeConfig: isGameModeOn = false
11-11 04:56:23.531 1514 1514 I GameModeConfig: isDisableVoice = true
11-11 04:56:24.311 1514 1921 I ActivityTaskManager: FOREGROUND_APPLICATION_CHANGED to com.android.launcher3.uioverrides.QuickstepLauncher
11-11 04:56:24.383 3685 3703 W ContextImpl: Calling a method in the system process without a qualified user: android.app.ContextImpl.startService:1816 android.content.ContextWrapper.startService:774 com.thundercomm.gamemode.ingame.services.GameModeActionUtils.startGameModeService:93 com.thundercomm.gamemode.ingame.services.GameModeActionUtils.startGameModeEntry:21 com.thundercomm.gamemode.ingame.services.ActivityMonitoringService$1.onActivityLaunch:126
11-11 04:56:24.388 1514 1514 I GameModeConfig: Current uri is uri = content://com.thundercomm.gamemode.api/gamemode_settings/gamemode_isgaming
11-11 04:56:24.392 1514 1514 I GameModeConfig: isGameModeOn = false
11-11 04:56:24.392 1514 1514 I GameModeConfig: isGameModeOn = false
11-11 04:56:24.392 1514 1514 I GameModeConfig: isDisableVoice = true
11-11 04:56:24.442 3685 3703 W ContextImpl: Calling a method in the system process without a qualified user: android.app.ContextImpl.startService:1816 android.content.ContextWrapper.startService:774 com.thundercomm.gamemode.ingame.services.GameModeActionUtils.startGameModeService:93 com.thundercomm.gamemode.ingame.services.GameModeActionUtils.startGameModeEntry:21 com.thundercomm.gamemode.ingame.services.ActivityMonitoringService$1.onActivityLaunch:126
11-11 04:56:24.446 1514 1514 I GameModeConfig: Current uri is uri = content://com.thundercomm.gamemode.api/gamemode_settings/gamemode_isgaming
11-11 04:56:24.449 1514 1514 I GameModeConfig: isGameModeOn = false
11-11 04:56:24.450 1514 1514 I GameModeConfig: isGameModeOn = false
11-11 04:56:24.450 1514 1514 I GameModeConfig: isDisableVoice = true
11-11 04:56:24.667 1514 1901 I GameModeConfig: isGameModeOn = false
11-11 04:56:24.667 1514 1901 I GameModeConfig: isGameModeOn = false
11-11 04:56:24.667 1514 1901 I GameModeConfig: isGameModeOn = false
11-11 04:56:24.668 1514 1901 I GameModeConfig: isGameModeOn = false
11-11 04:56:24.713 1514 1901 I GameModeConfig: isGameModeOn = false
11-11 04:56:24.714 1514 1901 I GameModeConfig: isGameModeOn = false
11-11 04:56:24.714 1514 1901 I GameModeConfig: isGameModeOn = false
11-11 04:56:24.714 1514 1901 I GameModeConfig: isGameModeOn = false
11-11 04:56:24.738 1514 1901 I GameModeConfig: isGameModeOn = false
11-11 04:56:24.738 1514 1901 I GameModeConfig: isGameModeOn = false
11-11 04:56:24.738 1514 1901 I GameModeConfig: isGameModeOn = false
11-11 04:56:24.738 1514 1901 I GameModeConfig: isGameModeOn = false
11-11 04:56:24.757 1514 1901 I GameModeConfig: isGameModeOn = false
11-11 04:56:24.757 1514 1901 I GameModeConfig: isGameModeOn = false
11-11 04:56:24.757 1514 1901 I GameModeConfig: isGameModeOn = false
11-11 04:56:24.758 1514 1901 I GameModeConfig: isGameModeOn = false
11-11 04:56:24.775 1514 1901 I GameModeConfig: isGameModeOn = false
11-11 04:56:24.776 1514 1901 I GameModeConfig: isGameModeOn = false
11-11 04:56:24.776 1514 1901 I GameModeConfig: isGameModeOn = false
11-11 04:56:24.776 1514 1901 I GameModeConfig: isGameModeOn = false
11-11 04:56:24.873 1514 1514 I GameModeConfig: isGameModeOn = false
11-11 04:56:24.880 1514 1514 W NotificationHistory: Attempted to add notif for locked/gone/disabled user 0
11-11 04:56:24.918 1514 1514 I GameModeConfig: isGameModeOn = false
11-11 04:56:24.918 1514 1514 E NotificationService: Muting recently noisy 0|com.android.systemui|2048|null|10082
11-11 04:56:24.942 1514 1514 I GameModeConfig: isGameModeOn = false
11-11 04:56:24.944 1514 1514 E NotificationService: Muting recently noisy 0|com.android.systemui|2048|null|10082
11-11 04:56:24.963 1514 1514 I GameModeConfig: isGameModeOn = false
11-11 04:56:24.964 1514 1514 E NotificationService: Muting recently noisy 0|com.android.systemui|2048|null|10082
11-11 04:56:24.979 1514 1514 I GameModeConfig: isGameModeOn = false
11-11 04:56:24.979 1514 1514 E NotificationService: Muting recently noisy 0|com.android.systemui|2048|null|10082
11-11 04:56:24.995 1514 2742 E TaskPersister: File error accessing recents directory (directory doesn't exist?).
11-11 04:56:25.914 1514 3207 D TelephonyRegistry: listen oscl: mHasNotifySubscriptionInfoChangedOccurred==false no callback
11-11 04:56:25.916 1998 1998 W CarrierConfigManager: Error getting config for subId -1 ICarrierConfigLoader is null
11-11 04:56:28.010 1514 1901 I GameModeConfig: isGameModeOn = false
11-11 04:56:29.772 1514 1921 I ActivityTaskManager: START u0 {act=android.settings.NETWORK_PROVIDER_SETTINGS flg=0x14000000 cmp=com.android.settings/.Settings$NetworkProviderSettingsActivity} from uid 10082
11-11 04:56:29.778 1514 1921 W ActivityTaskManager: Can't find TaskDisplayArea to determine support for multi window. Task id=45 attached=false
11-11 04:56:29.795 1514 2991 I ActivityTaskManager: FOREGROUND_APPLICATION_CHANGED to com.android.settings.Settings$NetworkProviderSettingsActivity
11-11 04:56:29.796 1514 2991 I ActivityTaskManager: The Process com.android.settings Already Exists in BG. So sending its PID: 2390
11-11 04:56:29.796 1514 2991 W ActivityTaskManager: Tried to set launchTime (0) < mLastActivityLaunchTime (596915)
11-11 04:56:29.827 3685 3703 W ContextImpl: Calling a method in the system process without a qualified user: android.app.ContextImpl.startService:1816 android.content.ContextWrapper.startService:774 com.thundercomm.gamemode.ingame.services.GameModeActionUtils.startGameModeService:93 com.thundercomm.gamemode.ingame.services.GameModeActionUtils.startGameModeEntry:21 com.thundercomm.gamemode.ingame.services.ActivityMonitoringService$1.onActivityLaunch:126
11-11 04:56:29.830 1514 1514 I GameModeConfig: Current uri is uri = content://com.thundercomm.gamemode.api/gamemode_settings/gamemode_isgaming
11-11 04:56:29.832 1514 2991 I ActivityTaskManager: START u0 {act=android.settings.NETWORK_PROVIDER_SETTINGS flg=0x14000000 cmp=com.android.settings/.homepage.SettingsHomepageActivity (has extras)} from uid 1000
11-11 04:56:29.835 1514 1514 I GameModeConfig: isGameModeOn = false
11-11 04:56:29.836 1514 1514 I GameModeConfig: isGameModeOn = false
11-11 04:56:29.836 1514 1514 I GameModeConfig: isDisableVoice = true
11-11 04:56:29.837 1514 1539 I ActivityTaskManager: FOREGROUND_APPLICATION_CHANGED to com.android.settings.homepage.SettingsHomepageActivity
11-11 04:56:29.924 1514 1921 W WindowManager: Failed looking up window session=Session{b7c5b5e 1998:u0a10082} callers=com.android.server.wm.WindowManagerService.windowForClientLocked:5628 com.android.server.wm.WindowManagerService.finishDrawingWindow:2652 com.android.server.wm.Session.finishDrawing:261
11-11 04:56:29.942 1514 2040 W WindowManager: Failed looking up window session=Session{b7c5b5e 1998:u0a10082} callers=com.android.server.wm.WindowManagerService.windowForClientLocked:5628 com.android.server.wm.WindowManagerService.relayoutWindow:2229 com.android.server.wm.Session.relayout:235
11-11 04:56:29.944 1514 2040 W WindowManager: Failed looking up window session=Session{b7c5b5e 1998:u0a10082} callers=com.android.server.wm.WindowManagerService.windowForClientLocked:5628 com.android.server.wm.WindowManagerService.removeWindow:2033 com.android.server.wm.Session.remove:218
11-11 04:56:29.951 3685 3703 W ContextImpl: Calling a method in the system process without a qualified user: android.app.ContextImpl.startService:1816 android.content.ContextWrapper.startService:774 com.thundercomm.gamemode.ingame.services.GameModeActionUtils.startGameModeService:93 com.thundercomm.gamemode.ingame.services.GameModeActionUtils.startGameModeEntry:21 com.thundercomm.gamemode.ingame.services.ActivityMonitoringService$1.onActivityLaunch:126
11-11 04:56:29.954 1514 1514 I GameModeConfig: Current uri is uri = content://com.thundercomm.gamemode.api/gamemode_settings/gamemode_isgaming
11-11 04:56:29.958 1514 1514 I GameModeConfig: isGameModeOn = false
11-11 04:56:29.958 1514 1514 I GameModeConfig: isGameModeOn = false
11-11 04:56:29.958 1514 1514 I GameModeConfig: isDisableVoice = true
11-11 04:56:30.091 1514 1901 I GameModeConfig: isGameModeOn = false
11-11 04:56:30.091 1514 1901 I GameModeConfig: isGameModeOn = false
11-11 04:56:30.092 1514 1901 I GameModeConfig: isGameModeOn = false
11-11 04:56:30.092 1514 1901 I GameModeConfig: isGameModeOn = false
11-11 04:56:30.121 1514 1901 I GameModeConfig: isGameModeOn = false
11-11 04:56:30.122 1514 1901 I GameModeConfig: isGameModeOn = false
11-11 04:56:30.122 1514 1901 I GameModeConfig: isGameModeOn = false
11-11 04:56:30.123 1514 1901 I GameModeConfig: isGameModeOn = false
11-11 04:56:30.137 1514 1901 I GameModeConfig: isGameModeOn = false
11-11 04:56:30.137 1514 1901 I GameModeConfig: isGameModeOn = false
11-11 04:56:30.137 1514 1901 I GameModeConfig: isGameModeOn = false
11-11 04:56:30.138 1514 1901 I GameModeConfig: isGameModeOn = false
11-11 04:56:30.152 1514 1901 I GameModeConfig: isGameModeOn = false
11-11 04:56:30.152 1514 1901 I GameModeConfig: isGameModeOn = false
11-11 04:56:30.152 1514 1901 I GameModeConfig: isGameModeOn = false
11-11 04:56:30.152 1514 1901 I GameModeConfig: isGameModeOn = false
11-11 04:56:30.156 1514 1921 E UserRestrictionsUtils: Unknown restriction queried by uid 1000 (com.thundercomm.remotecontrolservice et al): null
11-11 04:56:30.163 1514 1901 I GameModeConfig: isGameModeOn = false
11-11 04:56:30.163 1514 1901 I GameModeConfig: isGameModeOn = false
11-11 04:56:30.163 1514 1901 I GameModeConfig: isGameModeOn = false
11-11 04:56:30.163 1514 1901 I GameModeConfig: isGameModeOn = false
11-11 04:56:30.176 1514 1901 I GameModeConfig: isGameModeOn = false
11-11 04:56:30.176 1514 1901 I GameModeConfig: isGameModeOn = false
11-11 04:56:30.176 1514 1901 I GameModeConfig: isGameModeOn = false
11-11 04:56:30.176 1514 1901 I GameModeConfig: isGameModeOn = false
11-11 04:56:30.196 1514 1901 I GameModeConfig: isGameModeOn = false
11-11 04:56:30.199 1514 1901 I GameModeConfig: isGameModeOn = false
11-11 04:56:30.199 1514 1901 I GameModeConfig: isGameModeOn = false
11-11 04:56:30.203 1514 1901 I GameModeConfig: isGameModeOn = false
11-11 04:56:30.208 1514 1901 I GameModeConfig: isGameModeOn = false
11-11 04:56:30.208 1514 1901 I GameModeConfig: isGameModeOn = false
11-11 04:56:30.208 1514 1901 I GameModeConfig: isGameModeOn = false
11-11 04:56:30.209 1514 1901 I GameModeConfig: isGameModeOn = false
11-11 04:56:30.219 2390 2390 W CarrierConfigManager: Error getting config for subId -1 ICarrierConfigLoader is null
11-11 04:56:30.223 1514 1901 I GameModeConfig: isGameModeOn = false
11-11 04:56:30.224 1514 1901 I GameModeConfig: isGameModeOn = false
11-11 04:56:30.224 1514 1901 I GameModeConfig: isGameModeOn = false
11-11 04:56:30.224 1514 1901 I GameModeConfig: isGameModeOn = false
11-11 04:56:30.233 3685 3703 W ContextImpl: Calling a method in the system process without a qualified user: android.app.ContextImpl.startService:1816 android.content.ContextWrapper.startService:774 com.thundercomm.gamemode.ingame.services.GameModeActionUtils.startGameModeService:93 com.thundercomm.gamemode.ingame.services.GameModeActionUtils.startGameModeEntry:21 com.thundercomm.gamemode.ingame.services.ActivityMonitoringService$1.onActivityLaunch:126
11-11 04:56:30.236 1514 1514 I GameModeConfig: Current uri is uri = content://com.thundercomm.gamemode.api/gamemode_settings/gamemode_isgaming
11-11 04:56:30.238 1514 1901 I GameModeConfig: isGameModeOn = false
11-11 04:56:30.239 1514 5474 D TelephonyRegistry: listen oscl: mHasNotifySubscriptionInfoChangedOccurred==false no callback
11-11 04:56:30.240 1514 1514 I GameModeConfig: isGameModeOn = false
11-11 04:56:30.240 1514 1901 I GameModeConfig: isGameModeOn = false
