11-11 04:46:36.037 1514 1614 I SystemServerTimingAsync: ssm.onUnlockingUser-0_com.android.server.adb.AdbService$Lifecycle
11-11 04:46:36.037 1514 1614 I SystemServerTimingAsync: ssm.onUnlockingUser-0_com.android.server.usb.UsbService$Lifecycle
11-11 04:46:36.037 1514 1614 I SystemServerTimingAsync: ssm.onUnlockingUser-0_com.android.server.twilight.TwilightService
11-11 04:46:36.037 517 517 I vold : Mounting emulated fuse volume
11-11 04:46:36.037 1514 1614 I SystemServerTimingAsync: ssm.onUnlockingUser-0_com.android.server.display.color.ColorDisplayService
11-11 04:46:36.037 1514 1614 I SystemServerTimingAsync: ssm.onUnlockingUser-0_com.android.server.job.JobSchedulerService
11-11 04:46:36.037 1514 1614 I SystemServerTimingAsync: ssm.onUnlockingUser-0_com.android.server.soundtrigger.SoundTriggerService
11-11 04:46:36.037 1514 1614 I SystemServerTimingAsync: ssm.onUnlockingUser-0_com.android.server.trust.TrustManagerService
11-11 04:46:36.037 1514 1614 I SystemServerTimingAsync: ssm.onUnlockingUser-0_com.android.server.backup.BackupManagerService$Lifecycle
11-11 04:46:36.037 1514 1614 I SystemServerTimingAsync: ssm.onUnlockingUser-0_com.android.server.appwidget.AppWidgetService
11-11 04:46:36.037 1514 1614 I SystemServerTimingAsync: ssm.onUnlockingUser-0_com.android.server.voiceinteraction.VoiceInteractionManagerService
11-11 04:46:36.038 1514 1933 I BackupManagerService: Starting service for user: 0
11-11 04:46:36.038 1514 1933 V BackupManagerService: [UserID:0] Starting with transport com.android.localtransport/.LocalTransport
11-11 04:46:36.038 1514 1614 W VoiceInteractionManager: no available voice recognition services found for user 0
11-11 04:46:36.038 1514 1614 I SystemServerTimingAsync: ssm.onUnlockingUser-0_com.android.server.apphibernation.AppHibernationService
11-11 04:46:36.038 1514 1933 D BackupManagerService: [UserID:0] Started thread backup-0
11-11 04:46:36.038 1514 1614 I SystemServerTimingAsync: ssm.onUnlockingUser-0_com.android.server.GestureLauncherService
11-11 04:46:36.038 1514 1614 I SystemServerTimingAsync: ssm.onUnlockingUser-0_com.android.server.SensorNotificationService
11-11 04:46:36.038 1514 1614 I SystemServerTimingAsync: ssm.onUnlockingUser-0_com.android.server.emergency.EmergencyAffordanceService
11-11 04:46:36.038 1514 1614 I SystemServerTimingAsync: ssm.onUnlockingUser-0_com.android.server.blob.BlobStoreManagerService
11-11 04:46:36.038 1514 1614 I SystemServerTimingAsync: ssm.onUnlockingUser-0_com.android.server.dreams.DreamManagerService
11-11 04:46:36.038 1514 2637 I HibernationStateDiskStore: No hibernation file on disk for file /data/system_ce/0/hibernation/states
11-11 04:46:36.038 1514 1614 I SystemServerTimingAsync: ssm.onUnlockingUser-0_com.android.server.companion.CompanionDeviceManagerService
11-11 04:46:36.039 1514 1614 I CompanionDeviceManagerService: Read associations from disk: {0=[]}
11-11 04:46:36.039 1514 1614 I SystemServerTimingAsync: ssm.onUnlockingUser-0_com.android.server.restrictions.RestrictionsManagerService
11-11 04:46:36.039 1514 1614 I SystemServerTimingAsync: ssm.onUnlockingUser-0_com.android.server.media.MediaSessionService
11-11 04:46:36.039 1514 1614 I SystemServerTimingAsync: ssm.onUnlockingUser-0_com.android.server.media.MediaResourceMonitorService
11-11 04:46:36.039 1514 1614 I SystemServerTimingAsync: ssm.onUnlockingUser-0_com.android.server.biometrics.sensors.fingerprint.FingerprintService
11-11 04:46:36.039 1514 1614 I SystemServerTimingAsync: ssm.onUnlockingUser-0_com.android.server.biometrics.BiometricService
11-11 04:46:36.039 1514 1614 I SystemServerTimingAsync: ssm.onUnlockingUser-0_com.android.server.biometrics.AuthService
11-11 04:46:36.039 1514 1614 I SystemServerTimingAsync: ssm.onUnlockingUser-0_com.android.server.pm.ShortcutService$Lifecycle
11-11 04:46:36.039 1514 1614 I SystemServerTimingAsync: ssm.onUnlockingUser-0_com.android.server.pm.LauncherAppsService
11-11 04:46:36.039 1514 1614 I SystemServerTimingAsync: ssm.onUnlockingUser-0_com.android.server.pm.CrossProfileAppsService
11-11 04:46:36.039 1514 1614 I SystemServerTimingAsync: ssm.onUnlockingUser-0_com.android.server.people.PeopleService
11-11 04:46:36.039 1514 1614 I SystemServerTimingAsync: ssm.onUnlockingUser-0_com.android.server.media.metrics.MediaMetricsManagerService
11-11 04:46:36.039 1514 1614 I SystemServerTimingAsync: ssm.onUnlockingUser-0_com.android.server.media.projection.MediaProjectionManagerService
11-11 04:46:36.039 1514 1614 I SystemServerTimingAsync: ssm.onUnlockingUser-0_com.android.server.slice.SliceManagerService$Lifecycle
11-11 04:46:36.039 1514 1614 I SystemServerTimingAsync: ssm.onUnlockingUser-0_com.android.server.stats.StatsCompanion$Lifecycle
11-11 04:46:36.039 1514 1614 I SystemServerTimingAsync: ssm.onUnlockingUser-0_com.android.server.scheduling.RebootReadinessManagerService$Lifecycle
11-11 04:46:36.039 1514 1614 I SystemServerTimingAsync: ssm.onUnlockingUser-0_com.android.server.stats.pull.StatsPullAtomService
11-11 04:46:36.039 1514 1614 I SystemServerTimingAsync: ssm.onUnlockingUser-0_com.android.server.incident.IncidentCompanionService
11-11 04:46:36.039 1514 1614 I SystemServerTimingAsync: ssm.onUnlockingUser-0_com.android.server.MmsServiceBroker
11-11 04:46:36.039 1514 1614 I SystemServerTimingAsync: ssm.onUnlockingUser-0_com.android.server.autofill.AutofillManagerService
11-11 04:46:36.040 1514 1614 I SystemServerTimingAsync: ssm.onUnlockingUser-0_com.android.server.clipboard.ClipboardService
11-11 04:46:36.040 1514 1614 I SystemServerTimingAsync: ssm.onUnlockingUser-0_com.android.server.appbinding.AppBindingService$Lifecycle
11-11 04:46:36.040 1514 1614 W AppBindingService: [Default SMS app] u0 Target package not found
11-11 04:46:36.040 1514 1614 I SystemServerTimingAsync: ssm.onUnlockingUser-0_com.android.server.tracing.TracingServiceProxy
11-11 04:46:36.040 1514 1614 I SystemServerTimingAsync: ssm.onUnlockingUser-0_com.android.server.policy.PermissionPolicyService
11-11 04:46:36.040 1514 1614 I SystemServerTimingAsync: ssm.onUnlockingUser-0_com.android.server.pm.StagingManager$Lifecycle
11-11 04:46:36.040 1514 1614 I SystemServerTimingAsync: ssm.onUnlockingUser-0_com.android.server.app.GameManagerService$Lifecycle
11-11 04:46:36.040 1514 1614 I SystemServerTimingAsync: ssm.onUnlockingUser-0_com.android.server.appsearch.AppSearchManagerService
11-11 04:46:36.041 1514 1614 I SystemServerTimingAsync: ssm.onUnlockingUser-0_com.android.server.media.MediaCommunicationService
11-11 04:46:36.041 1514 1614 W ActivityManager: UserLifecycleEvent 5 received without an active userJourneySession.
11-11 04:46:36.041 1514 1614 W ActivityManager: UserLifecycleEvent 6 received without an active userJourneySession.
11-11 04:46:36.041 1514 1614 I ActivityManager: User 0 state changed from RUNNING_UNLOCKING to RUNNING_UNLOCKED
11-11 04:46:36.042 1514 1592 I ActivityTaskManager: Loading recents for user 0 into memory.
11-11 04:46:36.042 1514 1614 D SystemServerTiming: SystemUserUnlock took to complete: 215ms
11-11 04:46:36.046 1514 1592 V PackageConfigPersister: loadPackages: empty list files from /data/system_ce/0/package_configs
11-11 04:46:36.048 1514 1614 D CompatibilityChangeReporter: Compat change id reported: 135634846; UID 10085; state: DISABLED
11-11 04:46:36.048 1514 1615 D CompatibilityChangeReporter: Compat change id reported: 143937733; UID 10085; state: ENABLED
11-11 04:46:36.048 1514 1612 I UsageStatsService: User[0] Rollover scheduled @ 2022-11-12 04:46:36(1668199596018)
11-11 04:46:36.049 1514 1614 D CompatibilityChangeReporter: Compat change id reported: 135634846; UID 10057; state: DISABLED
11-11 04:46:36.049 1514 1614 D CompatibilityChangeReporter: Compat change id reported: 177438394; UID 10057; state: DISABLED
11-11 04:46:36.049 1514 1614 D CompatibilityChangeReporter: Compat change id reported: 135772972; UID 10057; state: DISABLED
11-11 04:46:36.049 1514 1614 D CompatibilityChangeReporter: Compat change id reported: 135754954; UID 10057; state: ENABLED
11-11 04:46:36.049 1514 1612 I UsageStatsService: Time changed in by 1668030777 seconds
11-11 04:46:36.049 1514 1614 D CompatibilityChangeReporter: Compat change id reported: 135634846; UID 10055; state: DISABLED
11-11 04:46:36.049 1514 1614 D CompatibilityChangeReporter: Compat change id reported: 177438394; UID 10055; state: DISABLED
11-11 04:46:36.049 1514 1614 D CompatibilityChangeReporter: Compat change id reported: 135772972; UID 10055; state: DISABLED
11-11 04:46:36.049 1514 1614 D CompatibilityChangeReporter: Compat change id reported: 135754954; UID 10055; state: ENABLED
11-11 04:46:36.050 1514 1614 D CompatibilityChangeReporter: Compat change id reported: 135634846; UID 10080; state: DISABLED
11-11 04:46:36.050 1514 1614 D CompatibilityChangeReporter: Compat change id reported: 177438394; UID 10080; state: DISABLED
11-11 04:46:36.050 1514 1614 D CompatibilityChangeReporter: Compat change id reported: 135772972; UID 10080; state: DISABLED
11-11 04:46:36.050 1514 1614 D CompatibilityChangeReporter: Compat change id reported: 135754954; UID 10080; state: DISABLED
11-11 04:46:36.050 1514 1614 D CompatibilityChangeReporter: Compat change id reported: 135634846; UID 10083; state: DISABLED
11-11 04:46:36.050 1514 1614 D CompatibilityChangeReporter: Compat change id reported: 177438394; UID 10083; state: DISABLED
11-11 04:46:36.050 1514 1614 D CompatibilityChangeReporter: Compat change id reported: 135772972; UID 10083; state: DISABLED
11-11 04:46:36.050 1514 1614 D CompatibilityChangeReporter: Compat change id reported: 135754954; UID 10083; state: ENABLED
11-11 04:46:36.051 1514 1614 D CompatibilityChangeReporter: Compat change id reported: 135634846; UID 10087; state: DISABLED
11-11 04:46:36.051 1514 1614 D CompatibilityChangeReporter: Compat change id reported: 177438394; UID 10087; state: DISABLED
11-11 04:46:36.051 1514 1614 D CompatibilityChangeReporter: Compat change id reported: 135772972; UID 10087; state: DISABLED
11-11 04:46:36.051 1514 1614 D CompatibilityChangeReporter: Compat change id reported: 135754954; UID 10087; state: ENABLED
11-11 04:46:36.051 1514 1614 D CompatibilityChangeReporter: Compat change id reported: 135634846; UID 10081; state: DISABLED
11-11 04:46:36.051 1514 1614 D CompatibilityChangeReporter: Compat change id reported: 177438394; UID 10081; state: DISABLED
11-11 04:46:36.051 1514 1614 D CompatibilityChangeReporter: Compat change id reported: 135772972; UID 10081; state: DISABLED
11-11 04:46:36.051 1514 1614 D CompatibilityChangeReporter: Compat change id reported: 135754954; UID 10081; state: ENABLED
11-11 04:46:36.052 1514 1614 I ActivityManager: Posting BOOT_COMPLETED user #0
11-11 04:46:36.054 1514 1614 I SystemServerTimingAsync: ssm.UnlockedUser-0
11-11 04:46:36.054 1514 1614 I SystemServiceManager: Calling onUnlockedUser 0
11-11 04:46:36.054 1514 1614 I SystemServerTimingAsync: ssm.onUnlockedUser-0_com.android.server.security.FileIntegrityService
11-11 04:46:36.054 1514 1614 I SystemServerTimingAsync: ssm.onUnlockedUser-0_com.android.server.pm.Installer
11-11 04:46:36.054 1514 1614 I SystemServerTimingAsync: ssm.onUnlockedUser-0_com.android.server.os.DeviceIdentifiersPolicyService
11-11 04:46:36.054 1514 1614 I SystemServerTimingAsync: ssm.onUnlockedUser-0_com.android.server.uri.UriGrantsManagerService$Lifecycle
11-11 04:46:36.054 1514 1614 I SystemServerTimingAsync: ssm.onUnlockedUser-0_com.android.server.powerstats.PowerStatsService
11-11 04:46:36.054 1514 1614 I SystemServerTimingAsync: ssm.onUnlockedUser-0_com.android.server.wm.ActivityTaskManagerService$Lifecycle
11-11 04:46:36.055 1514 1615 I ActivityManager: Start proc 2740:com.hht.lebocast/u0a85 for added application com.hht.lebocast
11-11 04:46:36.055 1514 2119 W StorageManagerService: Reporting emulated;0 unmounted due to system locked
11-11 04:46:36.056 1514 1612 I UsageStatsService: User[0] Flushing usage stats to disk
11-11 04:46:36.060 517 517 I vold : Bind mounting /mnt/runtime/full/emulated to /mnt/pass_through/0/emulated
11-11 04:46:36.063 1514 1614 I LaunchParamsPersister: Didn't find launch param folder for user 0
11-11 04:46:36.063 1514 1614 I SystemServerTimingAsync: ssm.onUnlockedUser-0_com.android.server.am.ActivityManagerService$Lifecycle
11-11 04:46:36.063 1514 1614 I SystemServerTimingAsync: ssm.onUnlockedUser-0_com.android.server.pm.DataLoaderManagerService
11-11 04:46:36.063 1514 1614 I SystemServerTimingAsync: ssm.onUnlockedUser-0_com.android.server.power.PowerManagerService
11-11 04:46:36.063 1514 1614 I SystemServerTimingAsync: ssm.onUnlockedUser-0_com.android.server.power.ThermalManagerService
11-11 04:46:36.063 1514 1614 I SystemServerTimingAsync: ssm.onUnlockedUser-0_com.android.server.power.hint.HintManagerService
11-11 04:46:36.064 1514 1614 I SystemServerTimingAsync: ssm.onUnlockedUser-0_com.android.server.recoverysystem.RecoverySystemService$Lifecycle
11-11 04:46:36.064 1514 1614 I SystemServerTimingAsync: ssm.onUnlockedUser-0_com.android.server.lights.LightsService
11-11 04:46:36.064 1514 1614 I SystemServerTimingAsync: ssm.onUnlockedUser-0_com.android.server.display.DisplayManagerService
11-11 04:46:36.064 1514 1614 I SystemServerTimingAsync: ssm.onUnlockedUser-0_com.android.server.pm.verify.domain.DomainVerificationService
11-11 04:46:36.064 1514 1614 I SystemServerTimingAsync: ssm.onUnlockedUser-0_com.android.server.pm.PackageInstallerService$Lifecycle
11-11 04:46:36.064 1514 1614 I SystemServerTimingAsync: ssm.onUnlockedUser-0_com.android.server.pm.UserManagerService$LifeCycle
11-11 04:46:36.064 1514 1614 I SystemServerTimingAsync: ssm.onUnlockedUser-0_com.android.server.om.OverlayManagerService
11-11 04:46:36.064 1514 1614 I SystemServerTimingAsync: ssm.onUnlockedUser-0_com.android.server.SensorPrivacyService
11-11 04:46:36.064 1514 1614 I SystemServerTimingAsync: ssm.onUnlockedUser-0_com.android.server.sensors.SensorService
11-11 04:46:36.064 1514 1614 I SystemServerTimingAsync: ssm.onUnlockedUser-0_com.android.server.SystemConfigService
11-11 04:46:36.064 1514 1614 I SystemServerTimingAsync: ssm.onUnlockedUser-0_com.android.server.BatteryService
11-11 04:46:36.064 1514 1614 I SystemServerTimingAsync: ssm.onUnlockedUser-0_com.android.server.usage.UsageStatsService
11-11 04:46:36.064 1514 1614 I SystemServerTimingAsync: ssm.onUnlockedUser-0_com.android.server.webkit.WebViewUpdateService
11-11 04:46:36.065 1514 1614 I SystemServerTimingAsync: ssm.onUnlockedUser-0_com.android.server.CachedDeviceStateService
11-11 04:46:36.065 1514 1614 I SystemServerTimingAsync: ssm.onUnlockedUser-0_com.android.server.BinderCallsStatsService$LifeCycle
11-11 04:46:36.065 1514 1614 I SystemServerTimingAsync: ssm.onUnlockedUser-0_com.android.server.LooperStatsService$Lifecycle
11-11 04:46:36.065 1514 1614 I SystemServerTimingAsync: ssm.onUnlockedUser-0_com.android.server.rollback.RollbackManagerService
11-11 04:46:36.065 1514 1614 I SystemServerTimingAsync: ssm.onUnlockedUser-0_com.android.server.os.NativeTombstoneManagerService
11-11 04:46:36.065 1514 1614 I SystemServerTimingAsync: ssm.onUnlockedUser-0_com.android.server.os.BugreportManagerService
11-11 04:46:36.065 1514 1614 I SystemServerTimingAsync: ssm.onUnlockedUser-0_com.android.server.gpu.GpuService
11-11 04:46:36.065 1514 1614 I SystemServerTimingAsync: ssm.onUnlockedUser-0_com.android.server.security.KeyChainSystemService
11-11 04:46:36.065 1514 1614 I SystemServerTimingAsync: ssm.onUnlockedUser-0_com.android.server.telecom.TelecomLoaderService
11-11 04:46:36.065 1514 1614 I SystemServerTimingAsync: ssm.onUnlockedUser-0_com.android.server.accounts.AccountManagerService$Lifecycle
11-11 04:46:36.065 1514 1614 I SystemServerTimingAsync: ssm.onUnlockedUser-0_com.android.server.content.ContentService$Lifecycle
11-11 04:46:36.065 1514 1614 I SystemServerTimingAsync: ssm.onUnlockedUser-0_com.android.server.DropBoxManagerService
11-11 04:46:36.065 1514 1614 I SystemServerTimingAsync: ssm.onUnlockedUser-0_com.android.role.RoleService
11-11 04:46:36.065 1514 1614 I SystemServerTimingAsync: ssm.onUnlockedUser-0_com.android.server.vibrator.VibratorManagerService$Lifecycle
11-11 04:46:36.065 1514 1614 I SystemServerTimingAsync: ssm.onUnlockedUser-0_com.android.server.alarm.AlarmManagerService
11-11 04:46:36.065 1514 1614 I SystemServerTimingAsync: ssm.onUnlockedUser-0_com.android.server.devicestate.DeviceStateManagerService
11-11 04:46:36.065 1514 1614 I SystemServerTimingAsync: ssm.onUnlockedUser-0_com.android.server.camera.CameraServiceProxy
11-11 04:46:36.065 1514 1614 I SystemServerTimingAsync: ssm.onUnlockedUser-0_com.android.server.BluetoothService
11-11 04:46:36.065 1514 1614 I SystemServerTimingAsync: ssm.onUnlockedUser-0_com.android.server.connectivity.IpConnectivityMetrics
11-11 04:46:36.065 1514 1614 I SystemServerTimingAsync: ssm.onUnlockedUser-0_com.android.server.net.watchlist.NetworkWatchlistService$Lifecycle
11-11 04:46:36.065 1514 1614 I SystemServerTimingAsync: ssm.onUnlockedUser-0_com.android.server.PinnerService
11-11 04:46:36.065 1514 1614 I SystemServerTimingAsync: ssm.onUnlockedUser-0_com.google.android.startop.iorap.IorapForwardingService
11-11 04:46:36.065 1514 1614 I SystemServerTimingAsync: ssm.onUnlockedUser-0_com.android.server.ActivityTriggerService
11-11 04:46:36.065 1514 1614 I SystemServerTimingAsync: ssm.onUnlockedUser-0_com.android.server.integrity.AppIntegrityManagerService
11-11 04:46:36.065 1514 1614 I SystemServerTimingAsync: ssm.onUnlockedUser-0_com.android.server.inputmethod.InputMethodManagerService$Lifecycle
11-11 04:46:36.065 1514 1614 I SystemServerTimingAsync: ssm.onUnlockedUser-0_com.android.server.accessibility.AccessibilityManagerService$Lifecycle
11-11 04:46:36.065 1514 1614 I SystemServerTimingAsync: ssm.onUnlockedUser-0_com.android.server.StorageManagerService$Lifecycle
11-11 04:46:36.065 1514 1614 I SystemServerTimingAsync: ssm.onUnlockedUser-0_com.android.server.usage.StorageStatsService$Lifecycle
11-11 04:46:36.065 1514 1614 I SystemServerTimingAsync: ssm.onUnlockedUser-0_com.android.server.UiModeManagerService
11-11 04:46:36.065 1514 1614 I SystemServerTimingAsync: ssm.onUnlockedUser-0_com.android.server.locksettings.LockSettingsService$Lifecycle
11-11 04:46:36.065 1514 1614 I SystemServerTimingAsync: ssm.onUnlockedUser-0_com.android.server.PersistentDataBlockService
11-11 04:46:36.065 1514 1614 I SystemServerTimingAsync: ssm.onUnlockedUser-0_com.android.server.testharness.TestHarnessModeService
11-11 04:46:36.065 1514 1614 I SystemServerTimingAsync: ssm.onUnlockedUser-0_com.android.server.oemlock.OemLockService
11-11 04:46:36.065 1514 1614 I SystemServerTimingAsync: ssm.onUnlockedUser-0_com.android.server.DeviceIdleController
11-11 04:46:36.065 1514 1614 I SystemServerTimingAsync: ssm.onUnlockedUser-0_com.android.server.devicepolicy.DevicePolicyManagerService$Lifecycle
11-11 04:46:36.065 1514 1614 I SystemServerTimingAsync: ssm.onUnlockedUser-0_com.android.server.texttospeech.TextToSpeechManagerService
11-11 04:46:36.065 1514 1614 I SystemServerTimingAsync: ssm.onUnlockedUser-0_com.android.server.speech.SpeechRecognitionManagerService
11-11 04:46:36.065 1514 1933 E BackupPasswordManager: Unable to read backup pw version
11-11 04:46:36.065 1514 1614 I SystemServerTimingAsync: ssm.onUnlockedUser-0_com.android.server.searchui.SearchUiManagerService
11-11 04:46:36.065 1514 1614 I SystemServerTimingAsync: ssm.onUnlockedUser-0_com.android.server.smartspace.SmartspaceManagerService
11-11 04:46:36.065 1514 1614 I SystemServerTimingAsync: ssm.onUnlockedUser-0_com.android.server.graphics.fonts.FontManagerService$Lifecycle
11-11 04:46:36.065 1514 1614 I SystemServerTimingAsync: ssm.onUnlockedUser-0_com.android.server.textservices.TextServicesManagerService$Lifecycle
11-11 04:46:36.065 1514 1614 I SystemServerTimingAsync: ssm.onUnlockedUser-0_com.android.server.textclassifier.TextClassificationManagerService$Lifecycle
11-11 04:46:36.065 1514 1614 I SystemServerTimingAsync: ssm.onUnlockedUser-0_com.android.server.NetworkScoreService$Lifecycle
11-11 04:46:36.065 1514 1614 I SystemServerTimingAsync: ssm.onUnlockedUser-0_com.android.server.wifi.WifiService
11-11 04:46:36.065 1514 1614 I SystemServerTimingAsync: ssm.onUnlockedUser-0_com.android.server.wifi.scanner.WifiScanningService
11-11 04:46:36.065 1514 1614 I SystemServerTimingAsync: ssm.onUnlockedUser-0_com.android.server.wifi.rtt.RttService
11-11 04:46:36.065 1514 1614 I SystemServerTimingAsync: ssm.onUnlockedUser-0_com.android.server.wifi.aware.WifiAwareService
11-11 04:46:36.065 1514 1614 I SystemServerTimingAsync: ssm.onUnlockedUser-0_com.android.server.wifi.p2p.WifiP2pService
11-11 04:46:36.065 1514 1614 I SystemServerTimingAsync: ssm.onUnlockedUser-0_com.android.server.ethernet.EthernetService
11-11 04:46:36.065 1514 1614 I SystemServerTimingAsync: ssm.onUnlockedUser-0_com.android.server.ConnectivityServiceInitializer
11-11 04:46:36.065 1514 1614 I SystemServerTimingAsync: ssm.onUnlockedUser-0_com.android.server.notification.NotificationManagerService
11-11 04:46:36.065 1514 1614 I SystemServerTimingAsync: ssm.onUnlockedUser-0_com.android.server.storage.DeviceStorageMonitorService
11-11 04:46:36.065 1514 1614 I SystemServerTimingAsync: ssm.onUnlockedUser-0_com.android.server.location.LocationManagerService$Lifecycle
11-11 04:46:36.065 1514 1933 E BackupPasswordManager: Unable to read saved backup pw hash
11-11 04:46:36.065 1514 1614 I SystemServerTimingAsync: ssm.onUnlockedUser-0_com.android.server.timedetector.TimeDetectorService$Lifecycle
11-11 04:46:36.066 1514 1614 I SystemServerTimingAsync: ssm.onUnlockedUser-0_com.android.server.timezonedetector.TimeZoneDetectorService$Lifecycle
11-11 04:46:36.066 1514 1614 I SystemServerTimingAsync: ssm.onUnlockedUser-0_com.android.server.timezonedetector.location.LocationTimeZoneManagerService$Lifecycle
11-11 04:46:36.066 1514 1614 I SystemServerTimingAsync: ssm.onUnlockedUser-0_com.android.server.search.SearchManagerService$Lifecycle
11-11 04:46:36.066 1514 1614 I SystemServerTimingAsync: ssm.onUnlockedUser-0_com.android.server.wallpaper.WallpaperManagerService$Lifecycle
11-11 04:46:36.066 1514 1614 I SystemServerTimingAsync: ssm.onUnlockedUser-0_com.android.server.audio.AudioService$Lifecycle
11-11 04:46:36.066 1514 1614 I SystemServerTimingAsync: ssm.onUnlockedUser-0_com.android.server.soundtrigger_middleware.SoundTriggerMiddlewareService$Lifecycle
11-11 04:46:36.066 1514 1614 I SystemServerTimingAsync: ssm.onUnlockedUser-0_com.android.server.DockObserver
11-11 04:46:36.066 1514 1614 I SystemServerTimingAsync: ssm.onUnlockedUser-0_com.android.server.midi.MidiService$Lifecycle
11-11 04:46:36.066 1514 1614 I SystemServerTimingAsync: ssm.onUnlockedUser-0_com.android.server.adb.AdbService$Lifecycle
11-11 04:46:36.066 1514 1614 I SystemServerTimingAsync: ssm.onUnlockedUser-0_com.android.server.usb.UsbService$Lifecycle
11-11 04:46:36.066 1514 1614 I SystemServerTimingAsync: ssm.onUnlockedUser-0_com.android.server.twilight.TwilightService
11-11 04:46:36.066 1514 1614 I SystemServerTimingAsync: ssm.onUnlockedUser-0_com.android.server.display.color.ColorDisplayService
11-11 04:46:36.066 1514 1614 I SystemServerTimingAsync: ssm.onUnlockedUser-0_com.android.server.job.JobSchedulerService
11-11 04:46:36.066 1514 1614 I SystemServerTimingAsync: ssm.onUnlockedUser-0_com.android.server.soundtrigger.SoundTriggerService
11-11 04:46:36.066 1514 1614 I SystemServerTimingAsync: ssm.onUnlockedUser-0_com.android.server.trust.TrustManagerService
11-11 04:46:36.066 1514 1614 I SystemServerTimingAsync: ssm.onUnlockedUser-0_com.android.server.backup.BackupManagerService$Lifecycle
11-11 04:46:36.066 1514 1614 I SystemServerTimingAsync: ssm.onUnlockedUser-0_com.android.server.appwidget.AppWidgetService
11-11 04:46:36.066 1514 1614 I SystemServerTimingAsync: ssm.onUnlockedUser-0_com.android.server.voiceinteraction.VoiceInteractionManagerService
11-11 04:46:36.066 1514 1614 I SystemServerTimingAsync: ssm.onUnlockedUser-0_com.android.server.apphibernation.AppHibernationService
11-11 04:46:36.066 1514 1614 I SystemServerTimingAsync: ssm.onUnlockedUser-0_com.android.server.GestureLauncherService
11-11 04:46:36.066 1514 1614 I SystemServerTimingAsync: ssm.onUnlockedUser-0_com.android.server.SensorNotificationService
11-11 04:46:36.066 1514 1614 I SystemServerTimingAsync: ssm.onUnlockedUser-0_com.android.server.emergency.EmergencyAffordanceService
11-11 04:46:36.066 1514 1614 I SystemServerTimingAsync: ssm.onUnlockedUser-0_com.android.server.blob.BlobStoreManagerService
11-11 04:46:36.066 1514 1614 I SystemServerTimingAsync: ssm.onUnlockedUser-0_com.android.server.dreams.DreamManagerService
11-11 04:46:36.066 1514 1614 I SystemServerTimingAsync: ssm.onUnlockedUser-0_com.android.server.companion.CompanionDeviceManagerService
11-11 04:46:36.066 1514 1614 I SystemServerTimingAsync: ssm.onUnlockedUser-0_com.android.server.restrictions.RestrictionsManagerService
11-11 04:46:36.066 1514 1614 I SystemServerTimingAsync: ssm.onUnlockedUser-0_com.android.server.media.MediaSessionService
11-11 04:46:36.066 1514 1614 I SystemServerTimingAsync: ssm.onUnlockedUser-0_com.android.server.media.MediaResourceMonitorService
11-11 04:46:36.066 1514 1614 I SystemServerTimingAsync: ssm.onUnlockedUser-0_com.android.server.biometrics.sensors.fingerprint.FingerprintService
11-11 04:46:36.066 1514 1614 I SystemServerTimingAsync: ssm.onUnlockedUser-0_com.android.server.biometrics.BiometricService
11-11 04:46:36.066 1514 1614 I SystemServerTimingAsync: ssm.onUnlockedUser-0_com.android.server.biometrics.AuthService
11-11 04:46:36.066 1514 1614 I SystemServerTimingAsync: ssm.onUnlockedUser-0_com.android.server.pm.ShortcutService$Lifecycle
11-11 04:46:36.066 1514 1614 I SystemServerTimingAsync: ssm.onUnlockedUser-0_com.android.server.pm.LauncherAppsService
11-11 04:46:36.066 1514 1614 I SystemServerTimingAsync: ssm.onUnlockedUser-0_com.android.server.pm.CrossProfileAppsService
11-11 04:46:36.066 1514 1614 I SystemServerTimingAsync: ssm.onUnlockedUser-0_com.android.server.people.PeopleService
11-11 04:46:36.066 1514 1614 I SystemServerTimingAsync: ssm.onUnlockedUser-0_com.android.server.media.metrics.MediaMetricsManagerService
11-11 04:46:36.066 1514 1614 I SystemServerTimingAsync: ssm.onUnlockedUser-0_com.android.server.media.projection.MediaProjectionManagerService
11-11 04:46:36.066 1514 1614 I SystemServerTimingAsync: ssm.onUnlockedUser-0_com.android.server.slice.SliceManagerService$Lifecycle
11-11 04:46:36.066 1514 1614 I SystemServerTimingAsync: ssm.onUnlockedUser-0_com.android.server.stats.StatsCompanion$Lifecycle
11-11 04:46:36.066 1514 1614 I SystemServerTimingAsync: ssm.onUnlockedUser-0_com.android.server.scheduling.RebootReadinessManagerService$Lifecycle
11-11 04:46:36.066 1514 1614 I SystemServerTimingAsync: ssm.onUnlockedUser-0_com.android.server.stats.pull.StatsPullAtomService
11-11 04:46:36.066 1514 1614 I SystemServerTimingAsync: ssm.onUnlockedUser-0_com.android.server.incident.IncidentCompanionService
11-11 04:46:36.066 1514 1614 I SystemServerTimingAsync: ssm.onUnlockedUser-0_com.android.server.MmsServiceBroker
11-11 04:46:36.066 1514 1614 I SystemServerTimingAsync: ssm.onUnlockedUser-0_com.android.server.autofill.AutofillManagerService
11-11 04:46:36.066 1514 1614 I SystemServerTimingAsync: ssm.onUnlockedUser-0_com.android.server.clipboard.ClipboardService
11-11 04:46:36.066 1514 1614 I SystemServerTimingAsync: ssm.onUnlockedUser-0_com.android.server.appbinding.AppBindingService$Lifecycle
11-11 04:46:36.066 1514 1614 I SystemServerTimingAsync: ssm.onUnlockedUser-0_com.android.server.tracing.TracingServiceProxy
11-11 04:46:36.066 1514 1614 I SystemServerTimingAsync: ssm.onUnlockedUser-0_com.android.server.policy.PermissionPolicyService
11-11 04:46:36.066 1514 1614 I SystemServerTimingAsync: ssm.onUnlockedUser-0_com.android.server.pm.StagingManager$Lifecycle
11-11 04:46:36.066 1514 1614 I SystemServerTimingAsync: ssm.onUnlockedUser-0_com.android.server.app.GameManagerService$Lifecycle
11-11 04:46:36.066 1514 1614 I SystemServerTimingAsync: ssm.onUnlockedUser-0_com.android.server.appsearch.AppSearchManagerService
11-11 04:46:36.066 1514 1614 I SystemServerTimingAsync: ssm.onUnlockedUser-0_com.android.server.media.MediaCommunicationService
11-11 04:46:36.066 1514 1614 W ActivityManager: UserLifecycleEvent 6 received without an active userJourneySession.
11-11 04:46:36.069 1514 1799 I StorageSessionController: On volume mount VolumeInfo{emulated;0}:
11-11 04:46:36.069 1514 1799 I StorageSessionController: type=EMULATED diskId=null partGuid= mountFlags=PRIMARY|VISIBLE
11-11 04:46:36.069 1514 1799 I StorageSessionController: mountUserId=0 state=CHECKING
11-11 04:46:36.069 1514 1799 I StorageSessionController: fsType=null fsUuid=null fsLabel=null
11-11 04:46:36.069 1514 1799 I StorageSessionController: path=/storage/emulated internalPath=/data/media
11-11 04:46:36.072 1514 1799 I StorageSessionController: Creating connection for user: 0
11-11 04:46:36.073 1514 1615 D CompatibilityChangeReporter: Compat change id reported: 143937733; UID 10057; state: ENABLED
11-11 04:46:36.073 1514 1799 I StorageSessionController: Creating and starting session with id: emulated;0
11-11 04:46:36.073 1514 1799 I StorageUserConnection: Binding to the ExternalStorageService for user 0
11-11 04:46:36.079 1514 2742 E TaskPersister: File error accessing recents directory (directory doesn't exist?).
11-11 04:46:36.087 1514 2497 D CompatibilityChangeReporter: Compat change id reported: 168419799; UID 10088; state: DISABLED
11-11 04:46:36.089 1514 1615 I ActivityManager: Start proc 2757:ts.car.uart/u0a57 for added application ts.car.uart
11-11 04:46:36.089 1514 1615 D CompatibilityChangeReporter: Compat change id reported: 143937733; UID 10055; state: ENABLED
11-11 04:46:36.090 1514 1592 I AppWidgetServiceImpl: Processing of handleUserUnlocked u0 took 38 ms
11-11 04:46:36.093 1514 1799 D CompatibilityChangeReporter: Compat change id reported: 135634846; UID 10095; state: DISABLED
11-11 04:46:36.093 1514 1799 D CompatibilityChangeReporter: Compat change id reported: 177438394; UID 10095; state: DISABLED
11-11 04:46:36.093 1514 1799 D CompatibilityChangeReporter: Compat change id reported: 135772972; UID 10095; state: DISABLED
11-11 04:46:36.093 1514 1799 D CompatibilityChangeReporter: Compat change id reported: 135754954; UID 10095; state: ENABLED
11-11 04:46:36.093 1514 1799 I StorageUserConnection: Bound to the ExternalStorageService for user 0
11-11 04:46:36.099 1514 1615 I ActivityManager: Start proc 2766:.pasr/u0a55 for added application .pasr
11-11 04:46:36.099 1514 1615 W ActivityManager: Slow operation: 51ms so far, now at startProcess: done updating pids map
11-11 04:46:36.100 1514 1615 W ActivityManager: Slow operation: 51ms so far, now at startProcess: asking zygote to start proc
11-11 04:46:36.100 1514 1615 D CompatibilityChangeReporter: Compat change id reported: 143937733; UID 10080; state: DISABLED
11-11 04:46:36.101 1514 2505 D CompatibilityChangeReporter: Compat change id reported: 168419799; UID 10085; state: DISABLED
11-11 04:46:36.109 1514 2505 D CompatibilityChangeReporter: Compat change id reported: 168419799; UID 10057; state: DISABLED
11-11 04:46:36.114 1514 1615 W ActivityManager: Slow operation: 65ms so far, now at startProcess: returned from zygote!
11-11 04:46:36.122 1514 1612 D CompatibilityChangeReporter: Compat change id reported: 135634846; UID 1000; state: DISABLED
11-11 04:46:36.122 1514 1612 D CompatibilityChangeReporter: Compat change id reported: 177438394; UID 1000; state: DISABLED
11-11 04:46:36.123 1514 1612 D CompatibilityChangeReporter: Compat change id reported: 135772972; UID 1000; state: DISABLED
11-11 04:46:36.124 1514 1612 D CompatibilityChangeReporter: Compat change id reported: 135754954; UID 1000; state: ENABLED
11-11 04:46:36.124 1514 1615 W ActivityManager: Slow operation: 75ms so far, now at startProcess: done updating battery stats
11-11 04:46:36.124 1514 1615 W ActivityManager: Slow operation: 75ms so far, now at startProcess: building log message
11-11 04:46:36.124 1514 1615 I ActivityManager: Start proc 2785:com.qualcomm.qti.services.systemhelper:systemhelper_service/u0a80 for added application com.qualcomm.qti.services.systemhelper:systemhelper_service
11-11 04:46:36.124 1514 1615 W ActivityManager: Slow operation: 75ms so far, now at startProcess: starting to update pids map
11-11 04:46:36.124 1514 1615 W ActivityManager: Slow operation: 75ms so far, now at startProcess: done updating pids map
11-11 04:46:36.124 1514 1615 W ActivityManager: Slow operation: 75ms so far, now at startProcess: asking zygote to start proc
11-11 04:46:36.125 1514 1615 D CompatibilityChangeReporter: Compat change id reported: 143937733; UID 10083; state: ENABLED
11-11 04:46:36.130 1514 2505 D CompatibilityChangeReporter: Compat change id reported: 168419799; UID 10055; state: DISABLED
11-11 04:46:36.130 1514 1615 W ActivityManager: Slow operation: 80ms so far, now at startProcess: returned from zygote!
11-11 04:46:36.131 1514 1615 W ActivityManager: Slow operation: 82ms so far, now at startProcess: done updating battery stats
11-11 04:46:36.131 1514 1615 W ActivityManager: Slow operation: 82ms so far, now at startProcess: building log message
11-11 04:46:36.132 1514 1615 I ActivityManager: Start proc 2810:com.qualcomm.qti.qccnetstat/u0a83 for added application com.qualcomm.qti.qccnetstat
11-11 04:46:36.132 1514 1615 W ActivityManager: Slow operation: 82ms so far, now at startProcess: starting to update pids map
11-11 04:46:36.134 1514 1615 W ActivityManager: Slow operation: 84ms so far, now at startProcess: done updating pids map
11-11 04:46:36.134 1514 1615 W ActivityManager: Slow operation: 84ms so far, now at startProcess: asking zygote to start proc
11-11 04:46:36.134 1514 1615 D CompatibilityChangeReporter: Compat change id reported: 143937733; UID 10087; state: ENABLED
11-11 04:46:36.139 1514 2497 D CompatibilityChangeReporter: Compat change id reported: 168419799; UID 10080; state: DISABLED
11-11 04:46:36.141 1514 1615 W ActivityManager: Slow operation: 91ms so far, now at startProcess: returned from zygote!
11-11 04:46:36.143 1514 1615 W ActivityManager: Slow operation: 93ms so far, now at startProcess: done updating battery stats
11-11 04:46:36.143 1514 1615 W ActivityManager: Slow operation: 93ms so far, now at startProcess: building log message
11-11 04:46:36.143 1514 1615 I ActivityManager: Start proc 2815:com.qualcomm.qti.workloadclassifier/u0a87 for added application com.qualcomm.qti.workloadclassifier
11-11 04:46:36.143 1514 1615 W ActivityManager: Slow operation: 93ms so far, now at startProcess: starting to update pids map
11-11 04:46:36.144 1514 1615 W ActivityManager: Slow operation: 94ms so far, now at startProcess: done updating pids map
11-11 04:46:36.144 1514 1615 W ActivityManager: Slow operation: 93ms so far, now at startProcess: asking zygote to start proc
11-11 04:46:36.144 1514 1615 D CompatibilityChangeReporter: Compat change id reported: 143937733; UID 10081; state: ENABLED
11-11 04:46:36.166 1514 1933 V BackupManagerService: [UserID:0] No ancestral data
11-11 04:46:36.170 1514 1615 W ActivityManager: Slow operation: 119ms so far, now at startProcess: returned from zygote!
11-11 04:46:36.170 1514 2735 V BackupManagerConstants: getKeyValueBackupIntervalMilliseconds(...) returns 14400000
11-11 04:46:36.170 1514 2735 V BackupManagerConstants: getKeyValueBackupFuzzMilliseconds(...) returns 600000
11-11 04:46:36.170 1514 2735 V BackupManagerConstants: getKeyValueBackupRequiredNetworkType(...) returns 1
11-11 04:46:36.170 1514 2735 V BackupManagerConstants: getKeyValueBackupRequireCharging(...) returns true
11-11 04:46:36.170 1514 2735 V KeyValueBackupJob: Scheduling k/v pass in 245 minutes
11-11 04:46:36.171 1514 2497 D CompatibilityChangeReporter: Compat change id reported: 168419799; UID 10083; state: DISABLED
11-11 04:46:36.182 1514 1540 D CompatibilityChangeReporter: Compat change id reported: 168419799; UID 10087; state: DISABLED
11-11 04:46:36.187 1514 1615 W ActivityManager: Slow operation: 136ms so far, now at startProcess: done updating battery stats
11-11 04:46:36.187 1514 1615 W ActivityManager: Slow operation: 136ms so far, now at startProcess: building log message
11-11 04:46:36.187 1514 1615 I ActivityManager: Start proc 2848:com.qualcomm.location/u0a81 for added application com.qualcomm.location
11-11 04:46:36.187 1514 1615 W ActivityManager: Slow operation: 136ms so far, now at startProcess: starting to update pids map
11-11 04:46:36.188 1514 1615 W ActivityManager: Slow operation: 137ms so far, now at startProcess: done updating pids map
11-11 04:46:36.188 1514 1615 W ActivityManager: Slow operation: 95ms so far, now at startProcess: asking zygote to start proc
11-11 04:46:36.188 1514 1615 D CompatibilityChangeReporter: Compat change id reported: 143937733; UID 10095; state: ENABLED
11-11 04:46:36.197 1514 1615 W ActivityManager: Slow operation: 104ms so far, now at startProcess: returned from zygote!
11-11 04:46:36.200 1514 1933 I BackupManagerService: isBackupEnabled() => false due to absent settings file
11-11 04:46:36.200 1514 1933 D BackupManagerService: user:0 readBackupEnableState enabled:false
11-11 04:46:36.200 1514 1933 I BackupManagerService: [UserID:0] Backup enabled => false
11-11 04:46:36.200 1514 2116 D CompatibilityChangeReporter: Compat change id reported: 168419799; UID 10081; state: DISABLED
11-11 04:46:36.207 1514 1615 W ActivityManager: Slow operation: 114ms so far, now at startProcess: done updating battery stats
11-11 04:46:36.207 1514 1615 I Watchdog: Interesting Java process com.android.providers.media.module started. Pid 2874
11-11 04:46:36.207 1514 1615 W ActivityManager: Slow operation: 114ms so far, now at startProcess: building log message
11-11 04:46:36.207 1514 1615 I ActivityManager: Start proc 2874:com.android.providers.media.module/u0a95 for service {com.android.providers.media.module/com.android.providers.media.fuse.ExternalStorageServiceImpl}
11-11 04:46:36.207 1514 1615 W ActivityManager: Slow operation: 114ms so far, now at startProcess: starting to update pids map
11-11 04:46:36.207 1514 1615 W ActivityManager: Slow operation: 114ms so far, now at startProcess: done updating pids map
11-11 04:46:36.207 1514 1615 W ActivityManager: Slow operation: 86ms so far, now at startProcess: asking zygote to start proc
11-11 04:46:36.214 1514 1615 W ActivityManager: Slow operation: 93ms so far, now at startProcess: returned from zygote!
11-11 04:46:36.214 1514 1615 W ActivityManager: Slow operation: 93ms so far, now at startProcess: done updating battery stats
11-11 04:46:36.214 1514 1615 W ActivityManager: Slow operation: 93ms so far, now at startProcess: building log message
11-11 04:46:36.214 1514 1615 I ActivityManager: Start proc 2890:com.android.keychain/1000 for service {com.android.keychain/com.android.keychain.KeyChainService}
11-11 04:46:36.214 1514 1615 W ActivityManager: Slow operation: 93ms so far, now at startProcess: starting to update pids map
11-11 04:46:36.214 1514 1615 W ActivityManager: Slow operation: 93ms so far, now at startProcess: done updating pids map
11-11 04:46:36.238 1514 1514 W Looper : Slow dispatch took 366ms main h=android.os.Handler c=com.android.server.biometrics.sensors.BiometricScheduler$InternalCallback$$ExternalSyntheticLambda0@dfda9f9 m=0
11-11 04:46:36.238 1514 2116 D CompatibilityChangeReporter: Compat change id reported: 168419799; UID 10095; state: DISABLED
11-11 04:46:36.238 1514 1514 W Looper : Slow delivery took 367ms main h=com.android.internal.widget.LockPatternUtils$StrongAuthTracker$H c=null m=1
11-11 04:46:36.249 1514 2072 D CompatibilityChangeReporter: Compat change id reported: 168419799; UID 1000; state: DISABLED
11-11 04:46:36.267 1514 1514 I NotificationHistory: Attempted to unlock gone/disabled user 0
11-11 04:46:36.269 1514 1514 V NotificationAssistants: disabling notification assistant for user 0: ComponentInfo{android.ext.services/android.ext.services.notification.Assistant}
11-11 04:46:36.269 1514 1514 D NotificationListeners: Removing active service ComponentInfo{android.ext.services/android.ext.services.notification.Assistant}
11-11 04:46:36.270 1514 1514 V NotificationAssistants: enabling notification assistant for 0: ComponentInfo{android.ext.services/android.ext.services.notification.Assistant}
11-11 04:46:36.270 1514 1514 V NotificationAssistants: binding: Intent { act=android.service.notification.NotificationAssistantService cmp=android.ext.services/.notification.Assistant (has extras) }
11-11 04:46:36.271 1514 1514 D CompatibilityChangeReporter: Compat change id reported: 168419799; UID 10096; state: DISABLED
11-11 04:46:36.281 1514 2116 D CompatibilityChangeReporter: Compat change id reported: 73144566; UID 1000; state: ENABLED
11-11 04:46:36.282 1514 2116 D CompatibilityChangeReporter: Compat change id reported: 73144566; UID 1000; state: DISABLED
11-11 04:46:36.284 1514 2116 D CompatibilityChangeReporter: Compat change id reported: 168419799; UID 10084; state: DISABLED
11-11 04:46:36.287 1514 2116 D CompatibilityChangeReporter: Compat change id reported: 168419799; UID 1000; state: DISABLED
11-11 04:46:36.325 1514 1614 D CompatibilityChangeReporter: Compat change id reported: 135634846; UID 10018; state: DISABLED
11-11 04:46:36.325 1514 1614 D CompatibilityChangeReporter: Compat change id reported: 177438394; UID 10018; state: DISABLED
11-11 04:46:36.325 1514 1614 D CompatibilityChangeReporter: Compat change id reported: 135772972; UID 10018; state: DISABLED
11-11 04:46:36.325 1514 1614 D CompatibilityChangeReporter: Compat change id reported: 135754954; UID 10018; state: ENABLED
11-11 04:46:36.325 1514 1615 D CompatibilityChangeReporter: Compat change id reported: 143937733; UID 10018; state: ENABLED
11-11 04:46:36.331 1514 1514 I GameModeConfig: isGameModeOn = false
11-11 04:46:36.332 1514 1514 W NotificationHistory: Attempted to add notif for locked/gone/disabled user 0
11-11 04:46:36.333 1514 1615 I ActivityManager: Start proc 2946:android.process.media/u0a18 for broadcast {com.android.mtp/com.android.mtp.MtpReceiver}
11-11 04:46:36.334 1514 1514 D BiometricScheduler/Fingerprint21: [Finishing] {[1] FingerprintUpdateActiveUserClient, proto=1, owner=android, cookie=0, requestId=-1, userId=0}, success: true
11-11 04:46:36.334 1514 1514 D BiometricScheduler/Fingerprint21: [Polled] {[2] FingerprintInternalCleanupClient, proto=7, owner=android, cookie=0, requestId=-1, userId=0}, State: 0
11-11 04:46:36.334 1514 1514 D BiometricScheduler/Fingerprint21: [Starting] {[2] FingerprintInternalCleanupClient, proto=7, owner=android, cookie=0, requestId=-1, userId=0}, State: 0
11-11 04:46:36.334 1514 1514 D BiometricScheduler/Fingerprint21: [Started] {[2] FingerprintInternalCleanupClient, proto=7, owner=android, cookie=0, requestId=-1, userId=0}
11-11 04:46:36.334 1514 1514 D Biometrics/InternalCleanupClient: Starting enumerate: {[3] FingerprintInternalEnumerateClient, proto=6, owner=android, cookie=0, requestId=-1, userId=0}
11-11 04:46:36.335 1514 1514 V NotificationAssistants: 0 notification assistant service connected: ComponentInfo{android.ext.services/android.ext.services.notification.Assistant}
11-11 04:46:36.335 1514 1514 W Looper : Drained
11-11 04:46:36.336 1514 1983 I SyncManager: Loaded persisted syncs: 0 periodic syncs, 0 oneshot syncs, 15 total system server jobs, JobStats: FirstLoad: 5/4/0 LastSave: -1/-1/-1
11-11 04:46:36.341 1514 1901 I GameModeConfig: isGameModeOn = false
11-11 04:46:36.341 1514 2116 D CompatibilityChangeReporter: Compat change id reported: 135634846; UID 10073; state: DISABLED
11-11 04:46:36.341 1514 1901 I GameModeConfig: isGameModeOn = false
11-11 04:46:36.341 1514 1901 I GameModeConfig: isGameModeOn = false
11-11 04:46:36.342 2372 2372 W ContextImpl: Calling a method in the system process without a qualified user: android.app.ContextImpl.startService:1816 android.content.ContextWrapper.startService:774 android.content.ContextWrapper.startService:774 com.qualcomm.qti.qdma.app.BootReceiver.onBootReceived:115 com.qualcomm.qti.innodme.InnoBootReceiver.onReceive:22
11-11 04:46:36.342 1514 1901 I GameModeConfig: isGameModeOn = false
11-11 04:46:36.343 1514 1901 I GameModeConfig: isGameModeOn = false
11-11 04:46:36.344 1514 1901 I GameModeConfig: isGameModeOn = false
11-11 04:46:36.345 1514 2116 D CompatibilityChangeReporter: Compat change id reported: 177438394; UID 10073; state: DISABLED
11-11 04:46:36.345 1514 2116 D CompatibilityChangeReporter: Compat change id reported: 135772972; UID 10073; state: DISABLED
11-11 04:46:36.345 1514 2116 D CompatibilityChangeReporter: Compat change id reported: 135754954; UID 10073; state: ENABLED
11-11 04:46:36.345 1514 1615 D CompatibilityChangeReporter: Compat change id reported: 143937733; UID 10073; state: ENABLED
11-11 04:46:36.357 1514 1615 I ActivityManager: Start proc 2972:com.qualcomm.location.XT/u0a73 for service {com.qualcomm.location.XT/com.qualcomm.location.XT.XTSrv}
11-11 04:46:36.359 1514 2072 D CompatibilityChangeReporter: Compat change id reported: 168419799; UID 10018; state: DISABLED
11-11 04:46:36.384 1514 2119 D CompatibilityChangeReporter: Compat change id reported: 135634846; UID 10090; state: DISABLED
11-11 04:46:36.384 1514 2119 D CompatibilityChangeReporter: Compat change id reported: 177438394; UID 10090; state: DISABLED
11-11 04:46:36.384 1514 2119 D CompatibilityChangeReporter: Compat change id reported: 135772972; UID 10090; state: DISABLED
11-11 04:46:36.384 1514 2119 D CompatibilityChangeReporter: Compat change id reported: 135754954; UID 10090; state: ENABLED
11-11 04:46:36.385 1514 1615 D CompatibilityChangeReporter: Compat change id reported: 143937733; UID 10090; state: ENABLED
11-11 04:46:36.386 1514 2991 D CompatibilityChangeReporter: Compat change id reported: 168419799; UID 10073; state: DISABLED
11-11 04:46:36.391 1514 1615 I ActivityManager: Start proc 3000:com.qualcomm.qtil.aptxui/u0a90 for broadcast {com.qualcomm.qtil.aptxui/com.qualcomm.qtil.aptxui.aptxuiBootReceiver}
11-11 04:46:36.397 1514 1901 I GameModeConfig: isGameModeOn = false
11-11 04:46:36.397 1514 1901 I GameModeConfig: isGameModeOn = false
11-11 04:46:36.397 1514 1901 I GameModeConfig: isGameModeOn = false
11-11 04:46:36.401 1514 2505 D CompatibilityChangeReporter: Compat change id reported: 182478738; UID 1001; state: DISABLED
11-11 04:46:36.416 1514 2505 D CompatibilityChangeReporter: Compat change id reported: 157233955; UID 10081; state: DISABLED
11-11 04:46:36.420 1514 2991 D CompatibilityChangeReporter: Compat change id reported: 168419799; UID 10090; state: DISABLED
11-11 04:46:36.425 1514 2750 I StorageUserConnection: Service: [ComponentInfo{com.android.providers.media.module/com.android.providers.media.fuse.ExternalStorageServiceImpl}] connected. User [0]
11-11 04:46:36.487 1514 2080 D CompatibilityChangeReporter: Compat change id reported: 168419799; UID 10054; state: DISABLED
11-11 04:46:36.493 2208 2208 W ContextImpl: Calling a method in the system process without a qualified user: android.app.ContextImpl.startService:1816 android.content.ContextWrapper.startService:774 android.content.ContextWrapper.startService:774 vendor.qti.qesdk.sysservice.QesdkSysReceiver.onReceive:42 android.app.ActivityThread.handleReceiver:4309
11-11 04:46:36.497 1514 2505 D CompatibilityChangeReporter: Compat change id reported: 168419799; UID 10066; state: DISABLED
11-11 04:46:36.520 1514 2505 D CompatibilityChangeReporter: Compat change id reported: 135634846; UID 10035; state: DISABLED
11-11 04:46:36.520 1514 2505 D CompatibilityChangeReporter: Compat change id reported: 177438394; UID 10035; state: DISABLED
11-11 04:46:36.520 1514 2505 D CompatibilityChangeReporter: Compat change id reported: 135772972; UID 10035; state: DISABLED
11-11 04:46:36.520 1514 2505 D CompatibilityChangeReporter: Compat change id reported: 135754954; UID 10035; state: ENABLED
11-11 04:46:36.520 1514 1615 D CompatibilityChangeReporter: Compat change id reported: 143937733; UID 10035; state: ENABLED
11-11 04:46:36.526 1514 1615 I ActivityManager: Start proc 3079:com.android.traceur/u0a35 for broadcast {com.android.traceur/com.android.traceur.Receiver}
11-11 04:46:36.544 1514 2505 D CompatibilityChangeReporter: Compat change id reported: 168419799; UID 10035; state: DISABLED
11-11 04:46:36.553 1514 2991 D TelephonyRegistry: listen oscl: mHasNotifySubscriptionInfoChangedOccurred==false no callback
11-11 04:46:36.584 1514 1596 W ActivityTaskManager: Can't find TaskDisplayArea to determine support for multi window. Task id=1 attached=false
11-11 04:46:36.584 1514 1596 W ActivityTaskManager: Can't find TaskDisplayArea to determine support for multi window. Task id=1 attached=false
11-11 04:46:36.611 1514 1514 D BluetoothManagerService: Bluetooth Adapter address changed to 22:22:B1:2B:F3:9D
11-11 04:46:36.611 1514 1514 D BluetoothManagerService: Stored Bluetoothaddress: 22:22:B1:2B:F3:9D
11-11 04:46:36.611 1514 1514 D BluetoothManagerService: Bluetooth Adapter name changed to QCOM-BTD by android
11-11 04:46:36.611 1514 1514 D BluetoothManagerService: Stored Bluetooth name: QCOM-BTD
11-11 04:46:36.614 1514 1514 D Fingerprint21: handleError, client: FingerprintInternalCleanupClient, error: 2, vendorCode: 0
11-11 04:46:36.614 1514 1514 E Fingerprint21: onError for non-error consumer: FingerprintInternalCleanupClient
11-11 04:46:36.627 1514 1514 D BluetoothManagerService: Bluetooth Adapter address changed to 22:22:B1:2B:F3:9D
11-11 04:46:36.627 1514 1514 D BluetoothManagerService: Stored Bluetoothaddress: 22:22:B1:2B:F3:9D
11-11 04:46:36.632 1514 1594 D BluetoothManagerService: MESSAGE_BLUETOOTH_STATE_CHANGE: BLE_TURNING_ON > BLE_ON
11-11 04:46:36.632 1514 1594 D BluetoothManagerService: Bluetooth is in LE only mode
11-11 04:46:36.632 1514 1594 D BluetoothManagerService: Binding Bluetooth GATT service
11-11 04:46:36.635 1514 1594 D BluetoothManagerService: Sending BLE State Change: BLE_TURNING_ON > BLE_ON
