11-11 04:46:36.636 1514 1514 D BluetoothManagerService: BluetoothServiceConnection: com.android.bluetooth.gatt.GattService
11-11 04:46:36.636 1514 1594 D BluetoothManagerService: MESSAGE_BLUETOOTH_SERVICE_CONNECTED: 2
11-11 04:46:36.636 1514 1594 D BluetoothManagerService: continueFromBleOnState()
11-11 04:46:36.636 1514 1514 D CompanionDeviceManagerService: Received BT state transition broadcast: BLE_TURNING_ON -> BLE_ON
11-11 04:46:36.636 1514 1514 I CompanionDeviceManagerService: startBleScan()
11-11 04:46:36.638 1514 1594 D BluetoothManagerService: Persisting Bluetooth Setting: 1
11-11 04:46:36.639 1514 1594 D BluetoothManagerService: MESSAGE_BLUETOOTH_STATE_CHANGE: BLE_ON > TURNING_ON
11-11 04:46:36.639 1514 1594 D BluetoothManagerService: Sending BLE State Change: BLE_ON > TURNING_ON
11-11 04:46:36.640 1514 1594 D BluetoothManagerService: Sending State Change: OFF > TURNING_ON
11-11 04:46:36.640 1514 2735 V BackupManagerConstants: getKeyValueBackupIntervalMilliseconds(...) returns 14400000
11-11 04:46:36.640 1514 2735 V BackupManagerConstants: getKeyValueBackupFuzzMilliseconds(...) returns 600000
11-11 04:46:36.640 1514 2735 V BackupManagerConstants: getKeyValueBackupRequiredNetworkType(...) returns 1
11-11 04:46:36.640 1514 2735 V BackupManagerConstants: getKeyValueBackupRequireCharging(...) returns true
11-11 04:46:36.640 1514 2735 V KeyValueBackupJob: Scheduling k/v pass in 244 minutes
11-11 04:46:36.641 1514 1514 D CompanionDeviceManagerService: Received BT state transition broadcast: BLE_ON -> TURNING_ON
11-11 04:46:36.641 1514 1901 I GameModeConfig: isGameModeOn = false
11-11 04:46:36.641 1514 1901 I GameModeConfig: isGameModeOn = false
11-11 04:46:36.641 1514 1901 I GameModeConfig: isGameModeOn = false
11-11 04:46:36.642 1514 1901 I GameModeConfig: isGameModeOn = false
11-11 04:46:36.642 1514 1901 I GameModeConfig: isGameModeOn = false
11-11 04:46:36.642 1514 1901 I GameModeConfig: isGameModeOn = false
11-11 04:46:36.660 1514 2497 D CompatibilityChangeReporter: Compat change id reported: 168419799; UID 10063; state: DISABLED
11-11 04:46:36.662 1514 2119 D TelephonyRegistry: listen oscl: mHasNotifySubscriptionInfoChangedOccurred==false no callback
11-11 04:46:36.664 2360 2360 E AndroidRuntime: FATAL EXCEPTION: main
11-11 04:46:36.664 2360 2360 E AndroidRuntime: Process: com.qualcomm.qti.devicestatisticsservice, PID: 2360
11-11 04:46:36.664 2360 2360 E AndroidRuntime: java.lang.NoClassDefFoundError: Failed resolution of: Landroid/hidl/manager/V1_0/IServiceNotification$Stub;
11-11 04:46:36.664 2360 2360 E AndroidRuntime: at com.qualcomm.qti.devicestatisticsservice.DeviceStatisticsService.onStartCommand(DeviceStatisticsService.java:83)
11-11 04:46:36.664 2360 2360 E AndroidRuntime: at android.app.ActivityThread.handleServiceArgs(ActivityThread.java:4640)
11-11 04:46:36.664 2360 2360 E AndroidRuntime: at android.app.ActivityThread.access$2000(ActivityThread.java:248)
11-11 04:46:36.664 2360 2360 E AndroidRuntime: at android.app.ActivityThread$H.handleMessage(ActivityThread.java:2092)
11-11 04:46:36.664 2360 2360 E AndroidRuntime: at android.os.Handler.dispatchMessage(Handler.java:106)
11-11 04:46:36.664 2360 2360 E AndroidRuntime: at android.os.Looper.loopOnce(Looper.java:201)
11-11 04:46:36.664 2360 2360 E AndroidRuntime: at android.os.Looper.loop(Looper.java:288)
11-11 04:46:36.664 2360 2360 E AndroidRuntime: at android.app.ActivityThread.main(ActivityThread.java:7880)
11-11 04:46:36.664 2360 2360 E AndroidRuntime: at java.lang.reflect.Method.invoke(Native Method)
11-11 04:46:36.664 2360 2360 E AndroidRuntime: at com.android.internal.os.RuntimeInit$MethodAndArgsCaller.run(RuntimeInit.java:548)
11-11 04:46:36.664 2360 2360 E AndroidRuntime: at com.android.internal.os.ZygoteInit.main(ZygoteInit.java:1009)
11-11 04:46:36.664 2360 2360 E AndroidRuntime: Caused by: java.lang.ClassNotFoundException: android.hidl.manager.V1_0.IServiceNotification$Stub
11-11 04:46:36.664 2360 2360 E AndroidRuntime: ... 11 more
11-11 04:46:36.667 1514 3126 I DropBoxManagerService: add tag=system_app_crash isTagEnabled=true flags=0x2
11-11 04:46:36.669 1514 1514 E BootReceiver: Could not open /sys/kernel/tracing/instances/bootreceiver/trace_pipe
11-11 04:46:36.669 1514 1514 E BootReceiver: android.system.ErrnoException: open failed: ENOENT (No such file or directory)
11-11 04:46:36.669 1514 1514 E BootReceiver: at libcore.io.Linux.open(Native Method)
11-11 04:46:36.669 1514 1514 E BootReceiver: at libcore.io.ForwardingOs.open(ForwardingOs.java:567)
11-11 04:46:36.669 1514 1514 E BootReceiver: at libcore.io.BlockGuardOs.open(BlockGuardOs.java:273)
11-11 04:46:36.669 1514 1514 E BootReceiver: at android.system.Os.open(Os.java:501)
11-11 04:46:36.669 1514 1514 E BootReceiver: at com.android.server.BootReceiver.onReceive(BootReceiver.java:167)
11-11 04:46:36.669 1514 1514 E BootReceiver: at android.app.ActivityThread.handleReceiver(ActivityThread.java:4309)
11-11 04:46:36.669 1514 1514 E BootReceiver: at android.app.ActivityThread.access$1600(ActivityThread.java:248)
11-11 04:46:36.669 1514 1514 E BootReceiver: at android.app.ActivityThread$H.handleMessage(ActivityThread.java:2065)
11-11 04:46:36.669 1514 1514 E BootReceiver: at android.os.Handler.dispatchMessage(Handler.java:106)
11-11 04:46:36.669 1514 1514 E BootReceiver: at android.os.Looper.loopOnce(Looper.java:201)
11-11 04:46:36.669 1514 1514 E BootReceiver: at android.os.Looper.loop(Looper.java:288)
11-11 04:46:36.669 1514 1514 E BootReceiver: at com.android.server.SystemServer.run(SystemServer.java:908)
11-11 04:46:36.669 1514 1514 E BootReceiver: at com.android.server.SystemServer.main(SystemServer.java:615)
11-11 04:46:36.669 1514 1514 E BootReceiver: at java.lang.reflect.Method.invoke(Native Method)
11-11 04:46:36.669 1514 1514 E BootReceiver: at com.android.internal.os.RuntimeInit$MethodAndArgsCaller.run(RuntimeInit.java:548)
11-11 04:46:36.669 1514 1514 E BootReceiver: at com.android.internal.os.ZygoteInit.main(ZygoteInit.java:987)
11-11 04:46:36.671 1514 1614 I DropBoxManagerService: add tag=system_server_wtf isTagEnabled=true flags=0x2
11-11 04:46:36.679 1514 3127 I DropBoxManagerService: add tag=SYSTEM_BOOT isTagEnabled=true flags=0x2
11-11 04:46:36.680 1514 3127 I BootReceiver: Copying audit failures to DropBox
11-11 04:46:36.680 1514 2991 I ActivityManager: Process com.qualcomm.qti.devicestatisticsservice (pid 2360) has died: pers PER
11-11 04:46:36.680 1514 3127 I BootReceiver: Checking for fsck errors
11-11 04:46:36.681 1514 2991 W ActivityManager: Scheduling restart of crashed service com.qualcomm.qti.devicestatisticsservice/.DeviceStatisticsService in 0ms for persistent
11-11 04:46:36.681 1514 2991 W ActivityManager: Re-adding persistent process ProcessRecord{1745848 2360:com.qualcomm.qti.devicestatisticsservice/u0a63}
11-11 04:46:36.681 1514 3127 I BootReceiver: fs_stat, partition:persist stat:0x3
11-11 04:46:36.681 1514 3127 I BootReceiver: fs_stat, partition:dsp_a stat:0x3
11-11 04:46:36.681 1514 2991 D CompatibilityChangeReporter: Compat change id reported: 135634846; UID 10063; state: DISABLED
11-11 04:46:36.682 1514 2991 D CompatibilityChangeReporter: Compat change id reported: 177438394; UID 10063; state: DISABLED
11-11 04:46:36.682 1514 2991 D CompatibilityChangeReporter: Compat change id reported: 135772972; UID 10063; state: DISABLED
11-11 04:46:36.682 1514 2991 D CompatibilityChangeReporter: Compat change id reported: 135754954; UID 10063; state: ENABLED
11-11 04:46:36.682 1514 1615 D CompatibilityChangeReporter: Compat change id reported: 143937733; UID 10063; state: ENABLED
11-11 04:46:36.689 1514 1615 I ActivityManager: Start proc 3130:com.qualcomm.qti.devicestatisticsservice/u0a63 for restart com.qualcomm.qti.devicestatisticsservice
11-11 04:46:36.689 1514 1901 I GameModeConfig: isGameModeOn = false
11-11 04:46:36.689 1514 1901 I GameModeConfig: isGameModeOn = false
11-11 04:46:36.690 1514 1901 I GameModeConfig: isGameModeOn = false
11-11 04:46:36.705 1514 2080 D CompatibilityChangeReporter: Compat change id reported: 168419799; UID 10080; state: DISABLED
11-11 04:46:36.706 1514 1901 I GameModeConfig: isGameModeOn = false
11-11 04:46:36.707 1514 1901 I GameModeConfig: isGameModeOn = false
11-11 04:46:36.707 1514 1901 I GameModeConfig: isGameModeOn = false
11-11 04:46:36.707 1514 1901 I GameModeConfig: isGameModeOn = false
11-11 04:46:36.707 1514 1901 I GameModeConfig: isGameModeOn = false
11-11 04:46:36.707 1514 1901 I GameModeConfig: isGameModeOn = false
11-11 04:46:36.712 1514 2505 D TelephonyRegistry: listen oscl: mHasNotifySubscriptionInfoChangedOccurred==false no callback
11-11 04:46:36.720 1514 2505 D CompatibilityChangeReporter: Compat change id reported: 135634846; UID 1000; state: DISABLED
11-11 04:46:36.720 1514 2505 D CompatibilityChangeReporter: Compat change id reported: 177438394; UID 1000; state: DISABLED
11-11 04:46:36.721 1514 2505 D CompatibilityChangeReporter: Compat change id reported: 135772972; UID 1000; state: DISABLED
11-11 04:46:36.721 1514 2505 D CompatibilityChangeReporter: Compat change id reported: 135754954; UID 1000; state: ENABLED
11-11 04:46:36.728 1514 1615 I ActivityManager: Start proc 3161:com.qti.diagservices/1000 for broadcast {com.qti.diagservices/com.qti.diagservices.Diag_OnBoot}
11-11 04:46:36.739 1514 1514 I Telecom : BluetoothDeviceManager: Got BluetoothHearingAid: android.bluetooth.BluetoothHearingAid@bfc80ba: BMSL.oSC@AAs
11-11 04:46:36.743 1514 2119 D CompatibilityChangeReporter: Compat change id reported: 135634846; UID 10028; state: DISABLED
11-11 04:46:36.743 1514 2119 D CompatibilityChangeReporter: Compat change id reported: 177438394; UID 10028; state: DISABLED
11-11 04:46:36.743 1514 2119 D CompatibilityChangeReporter: Compat change id reported: 135772972; UID 10028; state: DISABLED
11-11 04:46:36.743 1514 2119 D CompatibilityChangeReporter: Compat change id reported: 135754954; UID 10028; state: ENABLED
11-11 04:46:36.743 1514 1615 D CompatibilityChangeReporter: Compat change id reported: 143937733; UID 10028; state: ENABLED
11-11 04:46:36.750 1514 1594 D BluetoothManagerService: MESSAGE_BLUETOOTH_STATE_CHANGE: TURNING_ON > ON
11-11 04:46:36.750 1514 1594 D BluetoothManagerService: Broadcasting onBluetoothStateChange(true) to 10 receivers.
11-11 04:46:36.750 1514 1594 D BluetoothManagerService: Creating new ProfileServiceConnections object for profile: 1
11-11 04:46:36.751 1514 1594 W BluetoothManagerService: psc is not null in bindBluetoothProfileService
11-11 04:46:36.751 1514 1594 D BluetoothManagerService: Sending BLE State Change: TURNING_ON > ON
11-11 04:46:36.751 1514 1594 D BluetoothManagerService: Sending State Change: TURNING_ON > ON
11-11 04:46:36.751 1514 1514 D CompanionDeviceManagerService: Received BT state transition broadcast: TURNING_ON -> ON
11-11 04:46:36.752 1514 1514 I CompanionDeviceManagerService: startBleScan()
11-11 04:46:36.761 1514 1615 I ActivityManager: Start proc 3188:android.process.acore/u0a28 for content provider {com.android.providers.contacts/com.android.providers.contacts.ContactsProvider2}
11-11 04:46:36.773 1514 2497 D CompatibilityChangeReporter: Compat change id reported: 168419799; UID 10028; state: DISABLED
11-11 04:46:36.801 3161 3161 W ContextImpl: Calling a method in the system process without a qualified user: android.app.ContextImpl.startService:1816 android.content.ContextWrapper.startService:774 android.content.ContextWrapper.startService:774 com.qti.diagservices.Diag_OnBoot.onReceive:40 android.app.ActivityThread.handleReceiver:4309
11-11 04:46:36.815 1514 2497 D CountryDetector: The first listener is added
11-11 04:46:37.431 517 517 I vold : Bind mounting /mnt/runtime/default/emulated/0/Android/data on /mnt/user/0/emulated/0/Android/data
11-11 04:46:37.434 517 517 I vold : Bind mounted /mnt/runtime/default/emulated/0/Android/data on /mnt/user/0/emulated/0/Android/data
11-11 04:46:37.434 517 517 I vold : Bind mounting /mnt/runtime/default/emulated/0/Android/obb on /mnt/user/0/emulated/0/Android/obb
11-11 04:46:37.438 517 517 I vold : Bind mounted /mnt/runtime/default/emulated/0/Android/obb on /mnt/user/0/emulated/0/Android/obb
11-11 04:46:37.438 517 517 I vold : Bind mounting /mnt/runtime/write/emulated/0/Android/obb on /mnt/installer/0/emulated/0/Android/obb
11-11 04:46:37.438 517 517 I vold : Bind mounted /mnt/runtime/write/emulated/0/Android/obb on /mnt/installer/0/emulated/0/Android/obb
11-11 04:46:37.439 517 517 I vold : Configuring read_ahead of /mnt/user/0/emulated fuse filesystem to 256kb
11-11 04:46:37.439 517 517 I vold : Writing 256 to /sys/class/bdi/0:75/read_ahead_kb
11-11 04:46:37.439 517 517 I vold : Configuring max_ratio of /mnt/user/0/emulated fuse filesystem to 40
11-11 04:46:37.439 517 517 I vold : Writing 40 to /sys/class/bdi/0:75/max_ratio
11-11 04:46:37.440 1514 1799 I StorageManagerService: Mounted volume VolumeInfo{emulated;0}:
11-11 04:46:37.440 1514 1799 I StorageManagerService: type=EMULATED diskId=null partGuid= mountFlags=PRIMARY|VISIBLE
11-11 04:46:37.440 1514 1799 I StorageManagerService: mountUserId=0 state=MOUNTED
11-11 04:46:37.440 1514 1799 I StorageManagerService: fsType=null fsUuid=null fsLabel=null
11-11 04:46:37.440 1514 1799 I StorageManagerService: path=/storage/emulated internalPath=/data/media
11-11 04:46:37.441 1514 1799 I StorageSessionController: Notifying volume state changed for session with id: emulated;0
11-11 04:46:37.449 1514 1799 I StorageSessionController: Notifying volume state changed for session with id: emulated;0
11-11 04:46:37.456 1514 1799 I StorageSessionController: Notifying volume state changed for session with id: emulated;0
11-11 04:46:37.465 1514 2040 D CompatibilityChangeReporter: Compat change id reported: 168419799; UID 10095; state: DISABLED
11-11 04:46:37.476 1514 1799 D StorageManagerService: Volume emulated;0 broadcasting mounted to UserHandle{0}
11-11 04:46:37.478 1514 1799 D StorageManagerService: Volume emulated;0 broadcasting mounted to UserHandle{0}
11-11 04:46:37.509 1514 2040 D CompatibilityChangeReporter: Compat change id reported: 149924527; UID 10095; state: ENABLED
11-11 04:46:37.510 1514 2040 D CompatibilityChangeReporter: Compat change id reported: 132649864; UID 10095; state: DISABLED
11-11 04:46:37.510 1514 2040 D CompatibilityChangeReporter: Compat change id reported: 182734110; UID 10095; state: DISABLED
11-11 04:46:37.601 1514 2040 D CompatibilityChangeReporter: Compat change id reported: 172100307; UID 10095; state: DISABLED
11-11 04:46:37.885 1514 2636 D AdbDebuggingManager: Received public key: QAAAAG97JpZxvIK4efE+NkcibYsENv1AxVG7RRQH5Z9frNxNkoPFpKfjjSwJKUy7DkhDRdIrjvIkgAB2Z+1ObkoCdsjGjbXFFOtUvtK/aUBBUOvjzr2ROKhQipeWtk10CSKhUimdFU2hT0Rs0qwCdntCr3x5zJ4D5JSD6F1r6OUVgVb7bmEUeuoiN7mvj8t1vmU/tRQ7oz4IOVlp1oKMc+zob0xQ3VCKxFmqqSty3dqiV/LOxclbMZHcN0JpgoA5dBlSbr5sRxDNvUqtOMPUiY5SlFHUIvjEU6wYaGxsFCigO4a3KEnUVHwLek/I51oZuLLTEVxSkoClfe8stOhL29qUlncXKomlO5Xrd6KeSI8HacwG00YG89yDMyCsuH1xfPqhftaU+mjENo4dR0lk5OQa5B5djZS6jyWPNT1ALdwEBjZs3E1a/c4l+YcevTMwVH32ud9imhSmc0J+sq1CkmBn4ICCzb7TUKzPSPVJoDZkRlGOJQn603sSTSw91R76MlPLSxNMURaiKBGhIrQViJZge/2PSbLv/UVBmN7qjXa/88JhNrJ5mIWQEvbAu26cSbu6E2608g1IH4y3vMbJDQ4nIjgz1W9LXekLPuD3BdHUTzLDWLiOMXpM+K86701fRvWt5RWYynOwHXNPdQx/ArXANQhvVeKl52s5/tWusvFP1YON03wfHQEAAQA= thundersoft@DESKTOP-17ME0V2
11-11 04:46:37.888 1514 1592 D AdbDebuggingManager: Logging key QAAAAG97JpZxvIK4efE+NkcibYsENv1AxVG7RRQH5Z9frNxNkoPFpKfjjSwJKUy7DkhDRdIrjvIkgAB2Z+1ObkoCdsjGjbXFFOtUvtK/aUBBUOvjzr2ROKhQipeWtk10CSKhUimdFU2hT0Rs0qwCdntCr3x5zJ4D5JSD6F1r6OUVgVb7bmEUeuoiN7mvj8t1vmU/tRQ7oz4IOVlp1oKMc+zob0xQ3VCKxFmqqSty3dqiV/LOxclbMZHcN0JpgoA5dBlSbr5sRxDNvUqtOMPUiY5SlFHUIvjEU6wYaGxsFCigO4a3KEnUVHwLek/I51oZuLLTEVxSkoClfe8stOhL29qUlncXKomlO5Xrd6KeSI8HacwG00YG89yDMyCsuH1xfPqhftaU+mjENo4dR0lk5OQa5B5djZS6jyWPNT1ALdwEBjZs3E1a/c4l+YcevTMwVH32ud9imhSmc0J+sq1CkmBn4ICCzb7TUKzPSPVJoDZkRlGOJQn603sSTSw91R76MlPLSxNMURaiKBGhIrQViJZge/2PSbLv/UVBmN7qjXa/88JhNrJ5mIWQEvbAu26cSbu6E2608g1IH4y3vMbJDQ4nIjgz1W9LXekLPuD3BdHUTzLDWLiOMXpM+K86701fRvWt5RWYynOwHXNPdQx/ArXANQhvVeKl52s5/tWusvFP1YON03wfHQEAAQA= thundersoft@DESKTOP-17ME0V2, state = 1, alwaysAllow = false, lastConnectionTime = 0, authWindow = 604800000
11-11 04:46:37.891 1514 1592 I ActivityTaskManager: START u0 {flg=0x10000000 cmp=com.android.systemui/.usb.UsbDebuggingActivity (has extras)} from uid 1000
11-11 04:46:38.784 830 830 I android.hardware.wifi@1.0-service: Wifi HAL started
11-11 04:46:38.805 830 830 I android.hardware.wifi@1.0-service: Adding interface handle for wifi-aware0
11-11 04:46:38.805 830 830 I android.hardware.wifi@1.0-service: Adding interface handle for wlan0
11-11 04:46:38.805 830 830 I android.hardware.wifi@1.0-service: Adding interface handle for p2p0
11-11 04:46:38.805 830 830 W android.hardware.wifi@1.0-service: No active wlan interfaces in use! Using default
11-11 04:46:38.806 830 830 W android.hardware.wifi@1.0-service: No active wlan interfaces in use! Using default
11-11 04:46:38.809 830 830 I android.hardware.wifi@1.0-service: Configured chip in mode 3
11-11 04:46:38.809 830 830 W android.hardware.wifi@1.0-service: No active wlan interfaces in use! Using default
11-11 04:46:38.815 830 830 W android.hardware.wifi@1.0-service: No active wlan interfaces in use! Using default
11-11 04:46:38.855 1194 1194 I wificond: createClientInterface: wiphy_index 0 iface_name wlan0
11-11 04:46:38.857 1194 1194 I wificond: create scanner for interface with index: 17
11-11 04:46:38.857 1194 1194 I wificond: subscribe scan result for interface with index: 17
11-11 04:46:38.859 1194 1194 I wificond: add channel type 0 support at wiphy index: 0
11-11 04:46:38.859 1194 1194 I wificond: add channel type 1 support at wiphy index: 0
11-11 04:46:38.860 1514 1595 D ColorDisplayService: NightDisplayTintController Animation cancelled: false to matrix:
11-11 04:46:38.860 1514 1595 D ColorDisplayService: 1.000000 0.000000 0.000000 0.000000 0.000000 1.000000 0.000000 0.000000 0.000000 0.000000 1.000000 0.000000 0.000000 0.000000 0.000000 1.000000 min matrix coefficients:
11-11 04:46:38.860 1514 1595 D ColorDisplayService: 1.000000 0.000000 0.000000 0.000000 0.000000 1.000000 0.000000 0.000000 0.000000 0.000000 1.000000 0.000000 0.000000 0.000000 0.000000 1.000000 max matrix coefficients:
11-11 04:46:38.860 1514 1595 D ColorDisplayService: 1.000000 0.000000 0.000000 0.000000 0.000000 1.000000 0.000000 0.000000 0.000000 0.000000 1.000000 0.000000 0.000000 0.000000 0.000000 1.000000
11-11 04:46:38.863 1514 1960 D CompatibilityChangeReporter: Compat change id reported: 171306433; UID 1000; state: ENABLED
11-11 04:46:38.879 2121 2121 I MicroServiceManager: addCommonCallbackListener add listener
11-11 04:46:38.879 2121 2121 I MicroServiceManager: addConnectChangedListener add listener
11-11 04:46:38.887 1514 1514 I Telecom : DefaultDialerCache: Refreshing default dialer for user 0: now null: DDC.oR@ABA
11-11 04:46:38.888 1514 1514 I Telecom : MissedCallNotifierImpl: reloadAfterBootComplete: user=0: TSBCR.oR@ABE
11-11 04:46:38.889 1514 1514 I Telecom : MissedCallNotifierImpl: reloadAfterBootComplete: user=0: TSBCR.oR@ABE
11-11 04:46:38.891 1514 1514 D CompatibilityChangeReporter: Compat change id reported: 135634846; UID 10069; state: DISABLED
11-11 04:46:38.891 1514 1514 D CompatibilityChangeReporter: Compat change id reported: 177438394; UID 10069; state: DISABLED
11-11 04:46:38.891 1514 1514 D CompatibilityChangeReporter: Compat change id reported: 135772972; UID 10069; state: DISABLED
11-11 04:46:38.891 1514 1514 D CompatibilityChangeReporter: Compat change id reported: 135754954; UID 10069; state: DISABLED
11-11 04:46:38.892 1514 1615 D CompatibilityChangeReporter: Compat change id reported: 143937733; UID 10069; state: DISABLED
11-11 04:46:38.899 1514 1615 I ActivityManager: Start proc 3353:com.android.calendar/u0a69 for broadcast {com.android.calendar/com.android.calendar.alerts.AlertReceiver}
11-11 04:46:38.907 2121 2121 W ContextImpl: Calling a method in the system process without a qualified user: android.app.ContextImpl.sendBroadcast:1173 android.content.ContextWrapper.sendBroadcast:479 com.thundercomm.microsettings.service.SettingsService.sendSystemUI:59 com.thundercomm.microsettings.service.SettingsService.onCreate:50 android.app.ActivityThread.handleCreateService:4488
11-11 04:46:38.908 2121 2121 W ContextImpl: Calling a method in the system process without a qualified user: android.app.ContextImpl.bindService:1895 android.content.ContextWrapper.bindService:810 com.thundercomm.microsettings.manager.SoundManager.bindService:206 com.thundercomm.microsettings.manager.SoundManager.connect:197 com.thundercomm.microsettings.service.SettingsService.onStartCommand:80
11-11 04:46:38.909 2121 2121 W ContextImpl: Calling a method in the system process without a qualified user: android.app.ContextImpl.bindService:1895 android.content.ContextWrapper.bindService:810 com.thundercomm.microsettings.manager.DisplayManager.bindService:188 com.thundercomm.microsettings.manager.DisplayManager.connect:179 com.thundercomm.microsettings.service.SettingsService.onStartCommand:81
11-11 04:46:38.916 1514 1627 W BatteryExternalStatsWorker: error reading modem stats:ERROR_PHONE_NOT_AVAILABLE
11-11 04:46:38.926 1514 1627 E KernelCpuSpeedReader: Failed to read cpu-freq: /sys/devices/system/cpu/cpu4/cpufreq/stats/time_in_state: open failed: ENOENT (No such file or directory)
11-11 04:46:38.927 1514 1627 E KernelCpuSpeedReader: Failed to read cpu-freq: /sys/devices/system/cpu/cpu0/cpufreq/stats/time_in_state: open failed: ENOENT (No such file or directory)
11-11 04:46:38.927 1514 1627 W BatteryStatsImpl: Attempted to remove untracked isolated uid (1037)
11-11 04:46:38.932 1514 1539 D CompatibilityChangeReporter: Compat change id reported: 168419799; UID 10069; state: DISABLED
11-11 04:46:39.013 1514 1539 W ShortcutService: Clock rewound
11-11 04:46:39.037 1514 2040 D CompatibilityChangeReporter: Compat change id reported: 135634846; UID 1000; state: DISABLED
11-11 04:46:39.038 1514 2040 D CompatibilityChangeReporter: Compat change id reported: 177438394; UID 1000; state: DISABLED
11-11 04:46:39.038 1514 2040 D CompatibilityChangeReporter: Compat change id reported: 135772972; UID 1000; state: DISABLED
11-11 04:46:39.038 1514 2040 D CompatibilityChangeReporter: Compat change id reported: 135754954; UID 1000; state: ENABLED
11-11 04:46:39.049 1514 1615 I ActivityManager: Start proc 3376:com.android.dynsystem/1000 for broadcast {com.android.dynsystem/com.android.dynsystem.BootCompletedReceiver}
11-11 04:46:39.081 1514 2040 D CompatibilityChangeReporter: Compat change id reported: 168419799; UID 1000; state: DISABLED
11-11 04:46:39.121 1514 2040 D CompatibilityChangeReporter: Compat change id reported: 135634846; UID 1000; state: DISABLED
11-11 04:46:39.121 1514 2040 D CompatibilityChangeReporter: Compat change id reported: 177438394; UID 1000; state: DISABLED
11-11 04:46:39.121 1514 2040 D CompatibilityChangeReporter: Compat change id reported: 135772972; UID 1000; state: DISABLED
11-11 04:46:39.121 1514 2040 D CompatibilityChangeReporter: Compat change id reported: 135754954; UID 1000; state: ENABLED
11-11 04:46:39.123 1514 2040 D CompatibilityChangeReporter: Compat change id reported: 135634846; UID 10067; state: DISABLED
11-11 04:46:39.123 1514 2040 D CompatibilityChangeReporter: Compat change id reported: 177438394; UID 10067; state: DISABLED
11-11 04:46:39.123 1514 2040 D CompatibilityChangeReporter: Compat change id reported: 135772972; UID 10067; state: DISABLED
11-11 04:46:39.123 1514 2040 D CompatibilityChangeReporter: Compat change id reported: 135754954; UID 10067; state: ENABLED
11-11 04:46:39.132 1514 1615 I ActivityManager: Start proc 3391:com.android.dynsystem:dynsystem/1000 for service {com.android.dynsystem/com.android.dynsystem.DynamicSystemInstallationService}
11-11 04:46:39.133 1514 1615 D CompatibilityChangeReporter: Compat change id reported: 143937733; UID 10067; state: ENABLED
11-11 04:46:39.142 1514 1615 I ActivityManager: Start proc 3392:com.android.inputmethod.latin/u0a67 for broadcast {com.android.inputmethod.latin/com.android.inputmethod.latin.SystemBroadcastReceiver}
11-11 04:46:39.172 1514 2040 D CompatibilityChangeReporter: Compat change id reported: 168419799; UID 10067; state: DISABLED
11-11 04:46:39.183 1514 2735 D CompatibilityChangeReporter: Compat change id reported: 135634846; UID 1000; state: DISABLED
11-11 04:46:39.183 1514 2735 D CompatibilityChangeReporter: Compat change id reported: 177438394; UID 1000; state: DISABLED
11-11 04:46:39.183 1514 2735 D CompatibilityChangeReporter: Compat change id reported: 135772972; UID 1000; state: DISABLED
11-11 04:46:39.183 1514 2735 D CompatibilityChangeReporter: Compat change id reported: 135754954; UID 1000; state: ENABLED
11-11 04:46:39.193 1514 1615 I ActivityManager: Start proc 3421:com.android.localtransport/1000 for service {com.android.localtransport/com.android.localtransport.LocalTransportService}
11-11 04:46:39.195 1514 1901 I GameModeConfig: isGameModeOn = false
11-11 04:46:39.195 1514 1901 I GameModeConfig: isGameModeOn = false
11-11 04:46:39.195 1514 1901 I GameModeConfig: isGameModeOn = false
11-11 04:46:39.199 1514 1539 I DynamicSystemService: isInstalled(): false
11-11 04:46:39.231 1514 1539 D CompatibilityChangeReporter: Compat change id reported: 168419799; UID 1000; state: DISABLED
11-11 04:46:39.291 1514 1539 I ActivityManager: Process com.android.inputmethod.latin (pid 3392) has died: fg RCVR
11-11 04:46:39.297 1514 1614 I ActivityManager: com.android.managedprovisioning is exempt from freezer
11-11 04:46:39.298 1514 1614 D CompatibilityChangeReporter: Compat change id reported: 135634846; UID 10034; state: DISABLED
11-11 04:46:39.298 1514 1614 D CompatibilityChangeReporter: Compat change id reported: 177438394; UID 10034; state: DISABLED
11-11 04:46:39.298 1514 1614 D CompatibilityChangeReporter: Compat change id reported: 135772972; UID 10034; state: DISABLED
11-11 04:46:39.298 1514 1614 D CompatibilityChangeReporter: Compat change id reported: 135754954; UID 10034; state: ENABLED
11-11 04:46:39.299 1514 1615 D CompatibilityChangeReporter: Compat change id reported: 143937733; UID 10034; state: ENABLED
11-11 04:46:39.308 1514 1615 I ActivityManager: Start proc 3442:com.android.managedprovisioning/u0a34 for broadcast {com.android.managedprovisioning/com.android.managedprovisioning.BootReminder}
11-11 04:46:39.338 1514 1539 D CompatibilityChangeReporter: Compat change id reported: 168419799; UID 10034; state: DISABLED
11-11 04:46:39.434 1514 1539 D CompatibilityChangeReporter: Compat change id reported: 168419799; UID 10018; state: DISABLED
11-11 04:46:39.438 1514 2040 D CompatibilityChangeReporter: Compat change id reported: 135634846; UID 10086; state: DISABLED
11-11 04:46:39.438 1514 2040 D CompatibilityChangeReporter: Compat change id reported: 177438394; UID 10086; state: DISABLED
11-11 04:46:39.438 1514 2040 D CompatibilityChangeReporter: Compat change id reported: 135772972; UID 10086; state: DISABLED
11-11 04:46:39.438 1514 2040 D CompatibilityChangeReporter: Compat change id reported: 135754954; UID 10086; state: ENABLED
11-11 04:46:39.439 1514 1615 D CompatibilityChangeReporter: Compat change id reported: 143937733; UID 10086; state: ENABLED
11-11 04:46:39.450 1514 1615 I ActivityManager: Start proc 3458:com.android.music/u0a86 for broadcast {com.android.music/com.android.music.MediaPlaybackReceiver}
11-11 04:46:39.478 1514 2040 D CompatibilityChangeReporter: Compat change id reported: 168419799; UID 10086; state: DISABLED
11-11 04:46:39.551 1514 2040 D CompatibilityChangeReporter: Compat change id reported: 135634846; UID 10059; state: DISABLED
11-11 04:46:39.552 1514 2040 D CompatibilityChangeReporter: Compat change id reported: 177438394; UID 10059; state: DISABLED
11-11 04:46:39.552 1514 2040 D CompatibilityChangeReporter: Compat change id reported: 135772972; UID 10059; state: DISABLED
11-11 04:46:39.552 1514 2040 D CompatibilityChangeReporter: Compat change id reported: 135754954; UID 10059; state: ENABLED
11-11 04:46:39.552 1514 1615 D CompatibilityChangeReporter: Compat change id reported: 143937733; UID 10059; state: ENABLED
11-11 04:46:39.560 1514 1514 W Looper : Slow dispatch took 352ms main h=android.app.ActivityThread$H c=android.app.LoadedApk$ReceiverDispatcher$Args$$ExternalSyntheticLambda0@79053c9 m=0
11-11 04:46:39.560 1514 1514 W Looper : Slow delivery took 353ms main h=android.app.ActivityThread$H c=android.app.LoadedApk$ReceiverDispatcher$Args$$ExternalSyntheticLambda0@8711ace m=0
11-11 04:46:39.564 1514 1615 I ActivityManager: Start proc 3474:com.android.onetimeinitializer/u0a59 for broadcast {com.android.onetimeinitializer/com.android.onetimeinitializer.OneTimeInitializerReceiver}
11-11 04:46:39.565 1514 1514 I TransportClient: LocalTransportService#0: Notifying [TransportManager.registerTransport()] transport = IBackupTransport
11-11 04:46:39.570 1514 1514 W Looper : Drained
11-11 04:46:39.576 1514 2735 D BackupTransportManager: Transport com.android.localtransport/.LocalTransportService registered
11-11 04:46:39.576 1514 2735 D BackupManagerService: [UserID:0] Transport com.android.localtransport/.LocalTransport registered 3417ms after first request (delay = 3000ms)
11-11 04:46:39.580 1514 1901 I GameModeConfig: isGameModeOn = false
11-11 04:46:39.580 1514 1901 I GameModeConfig: isGameModeOn = false
11-11 04:46:39.580 1514 1901 I GameModeConfig: isGameModeOn = false
11-11 04:46:39.581 1514 1514 I Telecom : BluetoothDeviceManager: Got BluetoothHeadset: com.android.server.telecom.BluetoothHeadsetProxy@188ccd7: BMSL.oSC@ABY
11-11 04:46:39.587 1514 2735 I BackupManagerService: [UserID:0] Found 1 stale backup journal(s), scheduling.
11-11 04:46:39.591 1514 2735 I BackupManagerService: [UserID:0] Stale backup journals: Scheduled 9 package(s) total
11-11 04:46:39.600 1514 2080 D CompatibilityChangeReporter: Compat change id reported: 168419799; UID 10059; state: DISABLED
11-11 04:46:39.606 1514 1921 W BluetoothManagerService: psc is not null in bindBluetoothProfileService
11-11 04:46:39.656 1514 2040 I ActivityManager: com.android.packageinstaller is exempt from freezer
11-11 04:46:39.656 1514 2040 D CompatibilityChangeReporter: Compat change id reported: 135634846; UID 10021; state: DISABLED
11-11 04:46:39.656 1514 2040 D CompatibilityChangeReporter: Compat change id reported: 177438394; UID 10021; state: DISABLED
11-11 04:46:39.657 1514 2040 D CompatibilityChangeReporter: Compat change id reported: 135772972; UID 10021; state: DISABLED
11-11 04:46:39.657 1514 2040 D CompatibilityChangeReporter: Compat change id reported: 135754954; UID 10021; state: ENABLED
11-11 04:46:39.658 1514 1615 D CompatibilityChangeReporter: Compat change id reported: 143937733; UID 10021; state: ENABLED
11-11 04:46:39.671 1514 2040 D CompatibilityChangeReporter: Compat change id reported: 168419799; UID 10079; state: DISABLED
11-11 04:46:39.681 1514 1615 I ActivityManager: Start proc 3503:com.android.packageinstaller/u0a21 for broadcast {com.android.packageinstaller/com.android.packageinstaller.TemporaryFileManager}
11-11 04:46:39.707 1514 2040 D CompatibilityChangeReporter: Compat change id reported: 168419799; UID 10021; state: DISABLED
11-11 04:46:39.718 1514 1539 D CompatibilityChangeReporter: Compat change id reported: 168419799; UID 1000; state: DISABLED
11-11 04:46:39.720 1514 2080 I ActivityTaskManager: START u0 {act=android.intent.action.MAIN cat=[android.intent.category.HOME] flg=0x10010000 pkg=com.android.launcher3 cmp=com.android.launcher3/.uioverrides.QuickstepLauncher} from uid 10079
11-11 04:46:39.726 1514 2080 D CompatibilityChangeReporter: Compat change id reported: 184838306; UID 10079; state: DISABLED
11-11 04:46:39.727 1514 2080 D CompatibilityChangeReporter: Compat change id reported: 185004937; UID 10079; state: DISABLED
11-11 04:46:39.727 1514 2080 D CompatibilityChangeReporter: Compat change id reported: 181136395; UID 10079; state: DISABLED
11-11 04:46:39.727 1514 2080 D CompatibilityChangeReporter: Compat change id reported: 174042936; UID 10079; state: DISABLED
11-11 04:46:39.728 1514 2080 D CompatibilityChangeReporter: Compat change id reported: 174042980; UID 10079; state: DISABLED
11-11 04:46:39.729 1514 2080 W ActivityTaskManager: Can't find TaskDisplayArea to determine support for multi window. Task id=39 attached=false
11-11 04:46:39.732 1514 2080 I ActivityTaskManager: The Process com.android.launcher3 Already Exists in BG. So sending its PID: 2503
11-11 04:46:39.773 1514 2040 D CompatibilityChangeReporter: Compat change id reported: 135634846; UID 10094; state: DISABLED
11-11 04:46:39.773 1514 2040 D CompatibilityChangeReporter: Compat change id reported: 177438394; UID 10094; state: DISABLED
11-11 04:46:39.773 1514 2040 D CompatibilityChangeReporter: Compat change id reported: 135772972; UID 10094; state: DISABLED
11-11 04:46:39.774 1514 2040 D CompatibilityChangeReporter: Compat change id reported: 135754954; UID 10094; state: DISABLED
11-11 04:46:39.774 1514 1615 D CompatibilityChangeReporter: Compat change id reported: 143937733; UID 10094; state: DISABLED
11-11 04:46:39.781 1514 1615 I ActivityManager: Start proc 3527:com.android.permissioncontroller/u0a94 for broadcast {com.android.permissioncontroller/com.android.permissioncontroller.permission.service.LocationAccessCheck$SetupPeriodicBackgroundLocationAccessCheck}
11-11 04:46:39.801 1514 2040 D CompatibilityChangeReporter: Compat change id reported: 168419799; UID 10094; state: DISABLED
11-11 04:46:39.951 1514 1596 I ActivityRecord: real home.....com.android.launcher3/.uioverrides.QuickstepLauncher
11-11 04:46:39.951 1514 1596 I WindowManager: ******* TELLING SURFACE FLINGER WE ARE BOOTED!
11-11 04:46:39.974 1514 2991 D CompatibilityChangeReporter: Compat change id reported: 135634846; UID 10027; state: DISABLED
11-11 04:46:39.974 1514 2991 D CompatibilityChangeReporter: Compat change id reported: 177438394; UID 10027; state: DISABLED
11-11 04:46:39.974 1514 2991 D CompatibilityChangeReporter: Compat change id reported: 135772972; UID 10027; state: DISABLED
11-11 04:46:39.978 1514 2991 D CompatibilityChangeReporter: Compat change id reported: 135754954; UID 10027; state: ENABLED
11-11 04:46:39.978 1514 1615 D CompatibilityChangeReporter: Compat change id reported: 143937733; UID 10027; state: ENABLED
11-11 04:46:39.986 1514 1615 I ActivityManager: Start proc 3555:com.android.providers.calendar/u0a27 for broadcast {com.android.providers.calendar/com.android.providers.calendar.CalendarReceiver}
11-11 04:46:40.009 1514 2116 D CompatibilityChangeReporter: Compat change id reported: 168419799; UID 10027; state: DISABLED
11-11 04:46:40.095 1514 2116 D CompatibilityChangeReporter: Compat change id reported: 171306433; UID 10027; state: ENABLED
11-11 04:46:40.108 1514 2116 D CompatibilityChangeReporter: Compat change id reported: 143231523; UID 10027; state: DISABLED
11-11 04:46:40.134 1514 2116 I ActivityManager: com.android.shell is exempt from freezer
11-11 04:46:40.134 1514 2116 D CompatibilityChangeReporter: Compat change id reported: 135634846; UID 2000; state: DISABLED
11-11 04:46:40.134 1514 2116 D CompatibilityChangeReporter: Compat change id reported: 177438394; UID 2000; state: DISABLED
11-11 04:46:40.135 1514 2116 D CompatibilityChangeReporter: Compat change id reported: 135772972; UID 2000; state: DISABLED
11-11 04:46:40.135 1514 2116 D CompatibilityChangeReporter: Compat change id reported: 135754954; UID 2000; state: ENABLED
11-11 04:46:40.144 1514 1615 I ActivityManager: Start proc 3578:com.android.shell/2000 for broadcast {com.android.shell/com.android.shell.HeapDumpReceiver}
11-11 04:46:40.184 1514 2116 D CompatibilityChangeReporter: Compat change id reported: 168419799; UID 2000; state: DISABLED
11-11 04:46:40.237 1514 2116 D CompatibilityChangeReporter: Compat change id reported: 135634846; UID 1001; state: DISABLED
11-11 04:46:40.238 1514 2116 D CompatibilityChangeReporter: Compat change id reported: 177438394; UID 1001; state: DISABLED
11-11 04:46:40.238 1514 2116 D CompatibilityChangeReporter: Compat change id reported: 135772972; UID 1001; state: DISABLED
11-11 04:46:40.238 1514 2116 D CompatibilityChangeReporter: Compat change id reported: 135754954; UID 1001; state: ENABLED
11-11 04:46:40.245 1514 1615 I Watchdog: Interesting Java process com.android.phone started. Pid 3596
11-11 04:46:40.245 1514 1615 I ActivityManager: Start proc 3596:com.android.phone/1001 for broadcast {com.android.stk/com.android.stk.BootCompletedReceiver}
11-11 04:46:40.338 3596 3596 D CAT : BootCompletedReceiver: [ACTION_BOOT_COMPLETED]
11-11 04:46:40.338 1514 2116 W BroadcastQueue: Permission Denial: receiving Intent { act=android.intent.action.BOOT_COMPLETED flg=0x89000010 (has extras) } to com.baidu.input/.directboot.DirectBootReceiver requires android.permission.RECEIVE_BOOT_COMPLETED due to sender null (uid 1000)
11-11 04:46:40.339 1514 1614 W BroadcastQueue: Permission Denial: receiving Intent { act=android.intent.action.BOOT_COMPLETED flg=0x89000010 (has extras) } to com.baidu.input/.switchguide.InputMethodChangedReceiver requires android.permission.RECEIVE_BOOT_COMPLETED due to sender null (uid 1000)
11-11 04:46:40.342 3596 3596 D CAT : StkAppService: onCreate()+
11-11 04:46:40.343 1514 1614 D CompatibilityChangeReporter: Compat change id reported: 168419799; UID 10085; state: DISABLED
11-11 04:46:40.343 3596 3596 D CAT : StkAppService: simCount: 1
11-11 04:46:40.344 3596 3596 D CAT : StkAppService: slotId: 0
11-11 04:46:40.345 3596 3596 D CAT : StkAppService: onStart sim id: 0, op: 5, *****
11-11 04:46:40.345 3596 3596 D CAT : StkAppService: mStkService is: -1
11-11 04:46:40.349 1514 2116 D CompatibilityChangeReporter: Compat change id reported: 135634846; UID 10076; state: DISABLED
11-11 04:46:40.349 1514 2116 D CompatibilityChangeReporter: Compat change id reported: 177438394; UID 10076; state: DISABLED
11-11 04:46:40.349 3596 3596 D CAT : StkAppService: onDestroy()
11-11 04:46:40.349 1514 2116 D CompatibilityChangeReporter: Compat change id reported: 135772972; UID 10076; state: DISABLED
11-11 04:46:40.349 1514 2116 D CompatibilityChangeReporter: Compat change id reported: 135754954; UID 10076; state: ENABLED
11-11 04:46:40.350 1514 1615 D CompatibilityChangeReporter: Compat change id reported: 143937733; UID 10076; state: ENABLED
11-11 04:46:40.358 1514 1615 I ActivityManager: Start proc 3614:com.qti.ltebc/u0a76 for broadcast {com.qti.ltebc/com.qualcomm.ltebc.LTEBroadcastBootReceiver}
11-11 04:46:40.370 1514 2116 D CompatibilityChangeReporter: Compat change id reported: 149924527; UID 10085; state: ENABLED
11-11 04:46:40.370 1514 2116 D CompatibilityChangeReporter: Compat change id reported: 132649864; UID 10085; state: DISABLED
11-11 04:46:40.394 1514 2116 D CompatibilityChangeReporter: Compat change id reported: 168419799; UID 10076; state: DISABLED
11-11 04:46:40.697 2740 3636 E ActivityThread: Failed to find provider info for com.tcl.xian.StartandroidService.MyContentProvider
11-11 04:46:40.853 1514 2991 D CompatibilityChangeReporter: Compat change id reported: 168419799; UID 10055; state: DISABLED
11-11 04:46:40.857 1514 2080 D CompatibilityChangeReporter: Compat change id reported: 171306433; UID 10076; state: ENABLED
11-11 04:46:40.859 1514 2991 D CompatibilityChangeReporter: Compat change id reported: 168419799; UID 10081; state: DISABLED
11-11 04:46:40.874 1514 2116 D CompatibilityChangeReporter: Compat change id reported: 168419799; UID 10073; state: DISABLED
11-11 04:46:40.884 1514 2116 I ActivityManager: Process com.qti.ltebc (pid 3614) has died: cch+5 CEM
11-11 04:46:40.889 1514 2080 D CompatibilityChangeReporter: Compat change id reported: 168419799; UID 10083; state: DISABLED
11-11 04:46:40.895 1514 2080 D CompatibilityChangeReporter: Compat change id reported: 135634846; UID 10058; state: DISABLED
11-11 04:46:40.896 1514 1615 D CompatibilityChangeReporter: Compat change id reported: 143937733; UID 10058; state: DISABLED
11-11 04:46:40.915 1514 1615 I ActivityManager: Start proc 3662:com.qualcomm.qti.qms.service.connectionsecurity/u0a58 for broadcast {com.qualcomm.qti.qms.service.connectionsecurity/com.qualcomm.qti.qms.service.connectionsecurity.ConnSecBroadcastReceiver}
11-11 04:46:40.932 830 830 D android.hardware.wifi@1.0-service: Successfully SetMacAddress.
11-11 04:46:40.939 1194 1194 W wificond: Scan is not started. Ignore abort request
11-11 04:46:40.947 1514 2116 D CompatibilityChangeReporter: Compat change id reported: 168419799; UID 10058; state: DISABLED
11-11 04:46:41.004 1514 1514 I GameModeConfig: isGameModeOn = false
11-11 04:46:41.005 1514 1514 W NotificationHistory: Attempted to add notif for locked/gone/disabled user 0
11-11 04:46:41.011 1514 1539 D CompatibilityChangeReporter: Compat change id reported: 168419799; UID 1001; state: DISABLED
11-11 04:46:41.017 1514 1539 D CompatibilityChangeReporter: Compat change id reported: 168419799; UID 10087; state: DISABLED
11-11 04:46:41.026 1514 2080 D CompatibilityChangeReporter: Compat change id reported: 168419799; UID 10090; state: DISABLED
11-11 04:46:41.041 1514 2080 D CompatibilityChangeReporter: Compat change id reported: 135634846; UID 1000; state: DISABLED
11-11 04:46:41.041 1514 2080 D CompatibilityChangeReporter: Compat change id reported: 177438394; UID 1000; state: DISABLED
11-11 04:46:41.041 1514 2080 D CompatibilityChangeReporter: Compat change id reported: 135772972; UID 1000; state: DISABLED
11-11 04:46:41.041 1514 2080 D CompatibilityChangeReporter: Compat change id reported: 135754954; UID 1000; state: ENABLED
11-11 04:46:41.051 1514 1615 I ActivityManager: Start proc 3685:com.thundercomm.gamemode/1000 for broadcast {com.thundercomm.gamemode/com.thundercomm.gamemode.ingame.services.BootCompletedReceiver}
11-11 04:46:41.139 1194 1194 E wificond: NL80211_CMD_TRIGGER_SCAN failed: Device or resource busy
11-11 04:46:41.198 1514 2116 D CompatibilityChangeReporter: Compat change id reported: 168419799; UID 1000; state: DISABLED
11-11 04:46:41.207 1514 1539 I ActivityManager: Finished processing BOOT_COMPLETED for u0
11-11 04:46:41.207 1514 1539 W BroadcastQueue: Background execution not allowed: receiving Intent { act=android.intent.action.INPUT_METHOD_CHANGED flg=0x20000010 (has extras) } to com.baidu.input/.switchguide.InputMethodChangedReceiver
11-11 04:46:41.208 1514 1614 D CompatibilityChangeReporter: Compat change id reported: 135634846; UID 10033; state: DISABLED
11-11 04:46:41.208 1514 1614 D CompatibilityChangeReporter: Compat change id reported: 177438394; UID 10033; state: DISABLED
11-11 04:46:41.209 1514 1614 D CompatibilityChangeReporter: Compat change id reported: 135772972; UID 10033; state: DISABLED
11-11 04:46:41.209 3685 3685 W ContextImpl: Calling a method in the system process without a qualified user: android.app.ContextImpl.startService:1816 android.content.ContextWrapper.startService:774 com.thundercomm.gamemode.ingame.services.GameModeActionUtils.startGameModeService:93 com.thundercomm.gamemode.ingame.services.GameModeActionUtils.startGameModeEntry:21 com.thundercomm.gamemode.ingame.services.ActivityMonitoringService$1.onActivityLaunch:126
11-11 04:46:41.209 1514 1614 D CompatibilityChangeReporter: Compat change id reported: 135754954; UID 10033; state: ENABLED
11-11 04:46:41.209 1514 1615 D CompatibilityChangeReporter: Compat change id reported: 143937733; UID 10033; state: ENABLED
11-11 04:46:41.217 1514 1514 I GameModeConfig: Current uri is uri = content://com.thundercomm.gamemode.api/gamemode_settings/gamemode_isgaming
11-11 04:46:41.219 1514 1514 I GameModeConfig: isGameModeOn = false
11-11 04:46:41.220 1514 1514 I GameModeConfig: isGameModeOn = false
11-11 04:46:41.220 1514 1514 I GameModeConfig: isDisableVoice = true
11-11 04:46:41.220 1514 1615 I ActivityManager: Start proc 3706:com.android.externalstorage/u0a33 for broadcast {com.android.externalstorage/com.android.externalstorage.MountReceiver}
11-11 04:46:41.221 1514 1901 I GameModeConfig: isGameModeOn = false
11-11 04:46:41.222 1514 1901 I GameModeConfig: isGameModeOn = false
11-11 04:46:41.224 1514 1901 I GameModeConfig: isGameModeOn = false
11-11 04:46:41.224 1514 1901 I GameModeConfig: isGameModeOn = false
11-11 04:46:41.248 1514 1539 D CompatibilityChangeReporter: Compat change id reported: 168419799; UID 10033; state: DISABLED
11-11 04:46:41.329 1514 1539 D CompatibilityChangeReporter: Compat change id reported: 135634846; UID 10076; state: DISABLED
11-11 04:46:41.330 1514 1539 D CompatibilityChangeReporter: Compat change id reported: 177438394; UID 10076; state: DISABLED
11-11 04:46:41.330 1514 1539 D CompatibilityChangeReporter: Compat change id reported: 135772972; UID 10076; state: DISABLED
11-11 04:46:41.330 1514 1539 D CompatibilityChangeReporter: Compat change id reported: 135754954; UID 10076; state: ENABLED
11-11 04:46:41.330 1514 1615 D CompatibilityChangeReporter: Compat change id reported: 143937733; UID 10076; state: ENABLED
11-11 04:46:41.343 1514 1615 I ActivityManager: Start proc 3723:com.qti.ltebc/u0a76 for broadcast {com.qti.ltebc/com.qualcomm.ltebc.LTEBroadcastReceiver}
11-11 04:46:41.369 1514 2991 D CompatibilityChangeReporter: Compat change id reported: 168419799; UID 10076; state: DISABLED
11-11 04:46:41.411 1194 1194 I wificond: Regulatory domain changed to country: CN on wiphy_index: 0
11-11 04:46:41.413 1194 1194 I wificond: 2.4Ghz frequencies: 2412 2417 2422 2427 2432 2437 2442 2447 2452 2457 2462 2467 2472
11-11 04:46:41.413 1194 1194 I wificond: 5Ghz non-DFS frequencies: 5180 5200 5220 5240 5745 5765 5785 5805 5825
11-11 04:46:41.413 1194 1194 I wificond: 5Ghz DFS frequencies: 5260 5280 5300 5320
11-11 04:46:41.413 1194 1194 I wificond: 6Ghz frequencies:
11-11 04:46:41.413 1194 1194 I wificond: 60Ghz frequencies:
11-11 04:46:41.461 1514 1921 D CompatibilityChangeReporter: Compat change id reported: 171306433; UID 1073; state: ENABLED
11-11 04:46:41.596 1514 1514 D CompatibilityChangeReporter: Compat change id reported: 175319604; UID 10082; state: ENABLED
11-11 04:46:41.600 1514 1514 D CompatibilityChangeReporter: Compat change id reported: 175319604; UID 1000; state: ENABLED
11-11 04:46:41.600 1514 1514 D CompatibilityChangeReporter: Compat change id reported: 175319604; UID 1000; state: DISABLED
11-11 04:46:41.601 1514 1514 D CompatibilityChangeReporter: Compat change id reported: 175319604; UID 10096; state: DISABLED
11-11 04:46:41.656 662 724 E NetlinkEvent: NetlinkEvent::FindParam(): Parameter 'INTERFACE' not found
11-11 04:46:41.656 662 724 E NetlinkEvent: NetlinkEvent::FindParam(): Parameter 'STATE' not found
11-11 04:46:41.656 662 724 E NetlinkEvent: NetlinkEvent::FindParam(): Parameter 'TIME_NS' not found
11-11 04:46:41.656 662 724 E NetlinkEvent: NetlinkEvent::FindParam(): Parameter 'UID' not found
11-11 04:46:41.677 1514 1890 W ContextImpl: Calling a method in the system process without a qualified user: android.app.ContextImpl.sendStickyBroadcast:1559 com.android.server.ConnectivityService.sendStickyBroadcast:2811 com.android.server.ConnectivityService.sendGeneralBroadcast:2786 com.android.server.ConnectivityService.sendConnectedBroadcast:2759 com.android.server.ConnectivityService.sendLegacyNetworkBroadcast:8704
11-11 04:46:41.683 1514 1890 W ContextImpl: Calling a method in the system process without a qualified user: android.app.ContextImpl.sendStickyBroadcast:1559 com.android.server.ConnectivityService.sendStickyBroadcast:2811 com.android.server.ConnectivityService.sendGeneralBroadcast:2786 com.android.server.ConnectivityService.sendInetConditionBroadcast:2763 com.android.server.ConnectivityService.updateInetCondition:8451
11-11 04:46:41.767 1514 1754 I ActivityManager: Process com.qti.ltebc (pid 3723) has died: fg RCVR
11-11 04:46:41.789 1514 1754 D CompatibilityChangeReporter: Compat change id reported: 135634846; UID 10076; state: DISABLED
11-11 04:46:41.789 1514 1754 D CompatibilityChangeReporter: Compat change id reported: 177438394; UID 10076; state: DISABLED
11-11 04:46:41.789 1514 1754 D CompatibilityChangeReporter: Compat change id reported: 135772972; UID 10076; state: DISABLED
11-11 04:46:41.789 1514 1754 D CompatibilityChangeReporter: Compat change id reported: 135754954; UID 10076; state: ENABLED
11-11 04:46:41.789 1514 1615 D CompatibilityChangeReporter: Compat change id reported: 143937733; UID 10076; state: ENABLED
11-11 04:46:41.798 1514 1615 I ActivityManager: Start proc 3764:com.qti.ltebc/u0a76 for broadcast {com.qti.ltebc/com.qualcomm.ltebc.LTEBroadcastReceiver}
11-11 04:46:42.163 1514 2116 I ActivityManager: Process com.qti.ltebc (pid 3764) has died: fg RCVR
11-11 04:46:42.595 1514 2116 W ActivityManager: Unable to start service Intent { act=android.intent.action.START_LEBO_SERVICE pkg=com.hpplay.happyplay.aw } U=0: not found
11-11 04:46:43.908 1514 2116 W OverlayManager: service 'idmap' died
11-11 04:46:45.098 1514 1614 D CompatibilityChangeReporter: Compat change id reported: 168419799; UID 10027; state: DISABLED
11-11 04:46:45.180 1514 2116 W NotificationService: Toast already killed. pkg=com.hht.lebocast token=android.os.BinderProxy@b4d13f0
11-11 04:46:45.362 1514 1901 I GameModeConfig: isGameModeOn = false
11-11 04:46:45.863 1514 1614 D CompatibilityChangeReporter: Compat change id reported: 135634846; UID 10076; state: DISABLED
11-11 04:46:45.863 1514 1614 D CompatibilityChangeReporter: Compat change id reported: 177438394; UID 10076; state: DISABLED
11-11 04:46:45.863 1514 1614 D CompatibilityChangeReporter: Compat change id reported: 135772972; UID 10076; state: DISABLED
11-11 04:46:45.864 1514 1614 D CompatibilityChangeReporter: Compat change id reported: 135754954; UID 10076; state: ENABLED
11-11 04:46:45.865 1514 1615 D CompatibilityChangeReporter: Compat change id reported: 143937733; UID 10076; state: ENABLED
11-11 04:46:45.880 1514 1901 I GameModeConfig: isGameModeOn = false
11-11 04:46:45.881 1514 1901 I GameModeConfig: isGameModeOn = false
11-11 04:46:45.881 1514 1901 I GameModeConfig: isGameModeOn = false
