11-11 05:25:25.458 2503 2503 I wm_on_stop_called: [157690489,com.android.launcher3.uioverrides.QuickstepLauncher,STOP_ACTIVITY_ITEM]
11-11 05:25:25.474 3685 3703 W ContextImpl: Calling a method in the system process without a qualified user: android.app.ContextImpl.startService:1816 android.content.ContextWrapper.startService:774 com.thundercomm.gamemode.ingame.services.GameModeActionUtils.startGameModeService:93 com.thundercomm.gamemode.ingame.services.GameModeActionUtils.startGameModeEntry:21 com.thundercomm.gamemode.ingame.services.ActivityMonitoringService$1.onActivityLaunch:126
11-11 05:25:25.477 1514 1514 I GameModeConfig: Current uri is uri = content://com.thundercomm.gamemode.api/gamemode_settings/gamemode_isgaming
11-11 05:25:25.479 1514 1514 I GameModeConfig: isGameModeOn = false
11-11 05:25:25.479 1514 1514 I GameModeConfig: isGameModeOn = false
11-11 05:25:25.479 1514 1514 I GameModeConfig: isDisableVoice = true
11-11 05:25:26.399 0 0 I auditd : type=1400 audit(0.0:2877): avc: denied { kill } for comm="swapper/3" capability=5 scontext=u:r:kernel:s0 tcontext=u:r:kernel:s0 tclass=capability permissive=0
11-11 05:25:26.695 1514 1770 I input_interaction: Interaction with: 9647b49 com.android.gallery3d/com.android.gallery3d.app.GalleryActivity (server), edge-swipe (server), swipe-up (server), PointerEventDispatcher0 (server),
11-11 05:25:26.715 1514 2080 I wm_task_moved: [39,0,0]
11-11 05:25:26.716 1514 2080 I wm_task_moved: [39,0,5]
11-11 05:25:26.733 2503 2503 I wm_on_restart_called: [157690489,com.android.launcher3.uioverrides.QuickstepLauncher,performRestartActivity]
11-11 05:25:26.742 1514 10321 I wm_finish_activity: [0,86480624,82,com.android.gallery3d/.app.GalleryActivity,app-request]
11-11 05:25:26.742 1514 10321 I wm_task_moved: [39,1,6]
11-11 05:25:26.743 1514 10321 I wm_task_moved: [40,1,2147483647]
11-11 05:25:26.743 1514 10321 I wm_task_to_front: [0,40]
11-11 05:25:26.744 10541 10541 I wm_on_top_resumed_lost_called: [86480624,com.android.gallery3d.app.GalleryActivity,topStateChangedWhenResumed]
11-11 05:25:26.744 1514 10321 I wm_focused_root_task: [0,0,39,-1,finish-top adjustFocusToNextFocusableTask]
11-11 05:25:26.746 1514 10321 I wm_pause_activity: [0,86480624,com.android.gallery3d/.app.GalleryActivity,userLeaving=false,finish]
11-11 05:25:26.756 3685 3703 W ContextImpl: Calling a method in the system process without a qualified user: android.app.ContextImpl.startService:1816 android.content.ContextWrapper.startService:774 com.thundercomm.gamemode.ingame.services.GameModeActionUtils.startGameModeService:93 com.thundercomm.gamemode.ingame.services.GameModeActionUtils.startGameModeEntry:21 com.thundercomm.gamemode.ingame.services.ActivityMonitoringService$1.onActivityLaunch:126
11-11 05:25:26.764 10541 10541 I wm_on_paused_called: [86480624,com.android.gallery3d.app.GalleryActivity,performPause]
11-11 05:25:26.765 1514 2080 I wm_add_to_stopping: [0,86480624,com.android.gallery3d/.app.GalleryActivity,completeFinishing]
11-11 05:25:26.765 1514 1514 I GameModeConfig: Current uri is uri = content://com.thundercomm.gamemode.api/gamemode_settings/gamemode_isgaming
11-11 05:25:26.766 1514 2080 I ActivityTaskManager: FOREGROUND_APPLICATION_CHANGED to com.android.launcher3.uioverrides.QuickstepLauncher
11-11 05:25:26.771 1514 1514 I GameModeConfig: isGameModeOn = false
11-11 05:25:26.771 1514 1770 I input_focus: [Focus leaving 9647b49 com.android.gallery3d/com.android.gallery3d.app.GalleryActivity (server),reason=NO_WINDOW]
11-11 05:25:26.771 1514 1514 I GameModeConfig: isGameModeOn = false
11-11 05:25:26.771 1514 1514 I GameModeConfig: isDisableVoice = true
11-11 05:25:26.777 2503 2503 I wm_on_start_called: [157690489,com.android.launcher3.uioverrides.QuickstepLauncher,handleStartActivity]
11-11 05:25:26.781 1514 2080 I wm_set_resumed_activity: [0,com.android.launcher3/.uioverrides.QuickstepLauncher,resumeTopActivityInnerLocked]
11-11 05:25:26.785 1514 2080 I wm_resume_activity: [0,157690489,40,com.android.launcher3/.uioverrides.QuickstepLauncher]
11-11 05:25:26.791 10541 10541 I view_enqueue_input_event: [Motion - Cancel,com.android.gallery3d/com.android.gallery3d.app.GalleryActivity]
11-11 05:25:26.802 1514 1770 I input_interaction: Interaction with: edge-swipe (server), swipe-up (server), PointerEventDispatcher0 (server),
11-11 05:25:26.804 1514 1596 I input_focus: [Focus request eea03e8 com.android.launcher3/com.android.launcher3.uioverrides.QuickstepLauncher,reason=UpdateInputWindows]
11-11 05:25:26.808 1514 1595 I sysui_multi_action: [757,803,799,window_time_0,802,2]
11-11 05:25:26.814 2503 2503 I wm_on_resume_called: [157690489,com.android.launcher3.uioverrides.QuickstepLauncher,RESUME_ACTIVITY]
11-11 05:25:26.814 2503 2503 I wm_on_top_resumed_gained_called: [157690489,com.android.launcher3.uioverrides.QuickstepLauncher,topWhenResuming]
11-11 05:25:26.824 1514 1592 I sysui_multi_action: [319,12,322,100,325,2342,757,761,758,9,759,5,806,com.android.launcher3,871,com.android.launcher3.uioverrides.QuickstepLauncher,904,com.android.launcher3,905,0,1320,8,1321,5]
11-11 05:25:26.829 1514 1770 I input_focus: [Focus entering eea03e8 com.android.launcher3/com.android.launcher3.uioverrides.QuickstepLauncher (server),reason=Window became focusable. Previous reason: NOT_VISIBLE]
11-11 05:25:26.853 2503 2503 I sysui_latency: [1,116]
11-11 05:25:26.891 3685 3703 W ContextImpl: Calling a method in the system process without a qualified user: android.app.ContextImpl.startService:1816 android.content.ContextWrapper.startService:774 com.thundercomm.gamemode.ingame.services.GameModeActionUtils.startGameModeService:93 com.thundercomm.gamemode.ingame.services.GameModeActionUtils.startGameModeEntry:21 com.thundercomm.gamemode.ingame.services.ActivityMonitoringService$1.onActivityLaunch:126
11-11 05:25:26.895 1514 1514 I GameModeConfig: Current uri is uri = content://com.thundercomm.gamemode.api/gamemode_settings/gamemode_isgaming
11-11 05:25:26.898 1514 1514 I GameModeConfig: isGameModeOn = false
11-11 05:25:26.899 1514 1514 I GameModeConfig: isGameModeOn = false
11-11 05:25:26.899 1514 1514 I GameModeConfig: isDisableVoice = true
11-11 05:25:26.988 1514 1715 I commit_sys_config_file: [settings-1-0,11]
11-11 05:25:27.120 1514 1612 I sysui_latency: [8,113]
11-11 05:25:27.399 0 0 I auditd : type=1400 audit(0.0:2878): avc: denied { kill } for comm="swapper/3" capability=5 scontext=u:r:kernel:s0 tcontext=u:r:kernel:s0 tclass=capability permissive=0
11-11 05:25:27.789 1514 1715 I commit_sys_config_file: [settings-1-0,20]
11-11 05:25:27.991 1514 2742 E TaskPersister: File error accessing recents directory (directory doesn't exist?).
11-11 05:25:28.399 0 0 I auditd : type=1400 audit(0.0:2879): avc: denied { kill } for comm="swapper/3" capability=5 scontext=u:r:kernel:s0 tcontext=u:r:kernel:s0 tclass=capability permissive=0
11-11 05:25:29.403 0 0 I auditd : type=1400 audit(0.0:2880): avc: denied { kill } for comm="swapper/3" capability=5 scontext=u:r:kernel:s0 tcontext=u:r:kernel:s0 tclass=capability permissive=0
11-11 05:25:30.032 1156 10543 I iorapd : Perfetto TraceBuffer saved to file: /data/misc/iorapd/com.android.gallery3d/40030/com.android.gallery3d.app.GalleryActivity/raw_traces/1668115530032089681.perfetto_trace.pb
11-11 05:25:30.399 0 0 I auditd : type=1400 audit(0.0:2881): avc: denied { kill } for comm="swapper/3" capability=5 scontext=u:r:kernel:s0 tcontext=u:r:kernel:s0 tclass=capability permissive=0
11-11 05:25:30.453 1514 1770 I input_interaction: Interaction with: eea03e8 com.android.launcher3/com.android.launcher3.uioverrides.QuickstepLauncher (server), 8068647 com.android.systemui.ImageWallpaper (server), edge-swipe (server), swipe-up (server), PointerEventDispatcher0 (server),
11-11 05:25:30.609 1514 2080 W ContextImpl: Calling a method in the system process without a qualified user: android.app.ContextImpl.startActivity:1067 com.android.server.wm.FreeFormWindowHelper.exitRecentTasks:387 com.android.server.wm.ActivityTaskManagerService.exitRecentTasks:3795 android.app.IActivityTaskManager$Stub.onTransact:2295 com.android.server.wm.ActivityTaskManagerService.onTransact:5039
11-11 05:25:30.610 1514 2080 I ActivityTaskManager: START u0 {flg=0x10108000 cmp=com.android.gallery3d/.app.GalleryActivity} from uid 1000
11-11 05:25:30.616 1514 2080 I wm_task_created: [83,-1]
11-11 05:25:30.616 1514 2080 W ActivityTaskManager: Can't find TaskDisplayArea to determine support for multi window. Task id=83 attached=false
11-11 05:25:30.619 1514 2080 D FreeFormWindowHelper: Add freeform task=Task{748854b #83 type=standard ?? U=0 visible=false mode=freeform translucent=true sz=0}
11-11 05:25:30.623 1514 2080 I wm_task_moved: [83,1,7]
11-11 05:25:30.623 1514 2080 I wm_task_to_front: [0,83]
11-11 05:25:30.624 1514 2080 I wm_create_task: [0,83]
11-11 05:25:30.624 1514 2080 I wm_create_activity: [0,92261160,83,com.android.gallery3d/.app.GalleryActivity,NULL,NULL,NULL,269516800]
11-11 05:25:30.624 1514 2080 I wm_task_moved: [83,1,7]
11-11 05:25:30.625 1514 2080 I ActivityTaskManager: FOREGROUND_APPLICATION_CHANGED to com.android.gallery3d.app.GalleryActivity
11-11 05:25:30.625 1514 2080 I ActivityTaskManager: The Process com.android.gallery3d Already Exists in BG. So sending its PID: 10541
11-11 05:25:30.626 1514 2080 W ActivityTaskManager: Tried to set launchTime (0) < mLastActivityLaunchTime (2340449)
11-11 05:25:30.627 1514 2080 I wm_restart_activity: [0,92261160,83,com.android.gallery3d/.app.GalleryActivity]
11-11 05:25:30.629 1514 2080 I wm_set_resumed_activity: [0,com.android.gallery3d/.app.GalleryActivity,minimalResumeActivityLocked]
11-11 05:25:30.641 2503 2503 I wm_on_top_resumed_lost_called: [157690489,com.android.launcher3.uioverrides.QuickstepLauncher,topStateChangedWhenResumed]
11-11 05:25:30.663 1514 1836 I netstats_mobile_sample: [0,0,0,0,0,0,0,0,0,0,0,0,1668115530663]
11-11 05:25:30.665 1514 1836 I netstats_wifi_sample: [62953753,143561,25662113,60287,62953753,143561,25662113,60287,74059129,202602,12979509,31545,1668115530663]
11-11 05:25:30.674 10541 10541 I wm_on_create_called: [92261160,com.android.gallery3d.app.GalleryActivity,performCreate]
11-11 05:25:30.675 10541 10541 I wm_on_start_called: [92261160,com.android.gallery3d.app.GalleryActivity,handleStartActivity]
11-11 05:25:30.678 10541 10541 I wm_on_resume_called: [92261160,com.android.gallery3d.app.GalleryActivity,RESUME_ACTIVITY]
11-11 05:25:30.679 1514 10321 W WindowManager: Failed looking up window session=Session{e16a6e4 10541:u0a10068} callers=com.android.server.wm.WindowManagerService.windowForClientLocked:5628 com.android.server.wm.Session.insetsModified:629 android.view.IWindowSession$Stub.onTransact:1151
11-11 05:25:30.681 10541 10541 I wm_on_top_resumed_gained_called: [92261160,com.android.gallery3d.app.GalleryActivity,topStateChangedWhenResumed]
11-11 05:25:30.692 1514 1596 I input_focus: [Focus request d7d581f com.android.gallery3d/com.android.gallery3d.app.GalleryActivity,reason=UpdateInputWindows]
11-11 05:25:30.693 1514 1901 I GameModeConfig: isGameModeOn = false
11-11 05:25:30.693 1514 1901 I GameModeConfig: isGameModeOn = false
11-11 05:25:30.693 1514 1901 I GameModeConfig: isGameModeOn = false
11-11 05:25:30.694 1514 1901 I GameModeConfig: isGameModeOn = false
11-11 05:25:30.695 1998 1998 I sysui_multi_action: [757,111,758,2]
11-11 05:25:30.696 1998 1998 I sysui_multi_action: [757,111,758,2]
11-11 05:25:30.697 1514 1514 I notification_enqueue: [10082,1998,com.android.systemui,2048,NULL,0,Notification(channel=updateNotification shortcut=null contentView=null vibrate=null sound=null defaults=0x0 flags=0x0 color=0x00000000 vis=PRIVATE),1]
11-11 05:25:30.709 1998 1998 I sysui_multi_action: [757,111,758,1]
11-11 05:25:30.710 1998 1998 I sysui_multi_action: [757,126,758,1,759,126,927,0,928,1,1593,0]
11-11 05:25:30.710 1998 1998 I sysui_multi_action: [757,113,758,1,759,113,927,1,928,1,1593,0]
11-11 05:25:30.710 1998 1998 I sysui_multi_action: [757,0,758,1,759,0,927,2,928,0,1593,0]
11-11 05:25:30.710 1998 1998 I sysui_multi_action: [757,0,758,1,759,0,927,3,928,0,1593,0]
11-11 05:25:30.711 1998 1998 I sysui_multi_action: [757,491,758,1,759,491,927,4,928,0,1311,-1,1593,0]
11-11 05:25:30.711 1998 1998 I sysui_multi_action: [757,0,758,1,759,0,927,5,928,0,1593,0]
11-11 05:25:30.712 1998 1998 I sysui_multi_action: [757,111,758,1]
11-11 05:25:30.712 1998 1998 I sysui_multi_action: [757,126,758,1,759,126,927,0,928,1,1593,0]
11-11 05:25:30.712 1998 1998 I sysui_multi_action: [757,113,758,1,759,113,927,1,928,1,1593,0]
11-11 05:25:30.712 1998 1998 I sysui_multi_action: [757,0,758,1,759,0,927,2,928,0,1593,0]
11-11 05:25:30.712 1998 1998 I sysui_multi_action: [757,0,758,1,759,0,927,3,928,0,1593,0]
11-11 05:25:30.725 1514 1770 I input_focus: [Focus leaving eea03e8 com.android.launcher3/com.android.launcher3.uioverrides.QuickstepLauncher (server),reason=Waiting for window because NOT_VISIBLE]
11-11 05:25:30.731 1514 1592 I wm_activity_launch_time: [0,92261160,com.android.gallery3d/.app.GalleryActivity,117]
11-11 05:25:30.740 1514 1770 I input_focus: [Focus entering d7d581f com.android.gallery3d/com.android.gallery3d.app.GalleryActivity (server),reason=Window became focusable. Previous reason: NOT_VISIBLE]
11-11 05:25:30.901 1514 1514 I GameModeConfig: isGameModeOn = false
11-11 05:25:30.902 1514 1514 I sysui_multi_action: [757,1501,758,1,793,2325022,794,0,795,208,796,2048,806,com.android.systemui,857,updateNotification,858,3,947,0,1500,0,1688,1]
11-11 05:25:30.902 1514 1514 I sysui_multi_action: [757,804,799,note_interruptive,801,0,802,1]
11-11 05:25:30.903 1514 1514 I sysui_multi_action: [757,199,758,1,759,2,793,2325022,794,0,795,208,796,2048,806,com.android.systemui,857,updateNotification,858,3,947,0,1500,0,1688,1]
11-11 05:25:30.903 1514 1514 I notification_alert: [0|com.android.systemui|2048|null|10082,0,1,0]
11-11 05:25:30.906 1514 1514 W NotificationHistory: Attempted to add notif for locked/gone/disabled user 0
11-11 05:25:31.010 1514 10321 I wm_task_moved: [39,1,7]
11-11 05:25:31.012 10541 10541 I wm_on_top_resumed_lost_called: [92261160,com.android.gallery3d.app.GalleryActivity,topStateChangedWhenResumed]
11-11 05:25:31.012 1514 10321 I wm_set_resumed_activity: [0,com.android.launcher3/.uioverrides.QuickstepLauncher,positionChildAt]
11-11 05:25:31.012 1514 10321 I wm_task_moved: [40,1,2147483647]
11-11 05:25:31.012 1514 10321 I wm_task_to_front: [0,40]
11-11 05:25:31.012 1514 10321 I wm_focused_root_task: [0,0,39,83,RecentsAnimation.onAnimationFinished()]
11-11 05:25:31.012 1514 10321 I wm_set_resumed_activity: [0,com.android.launcher3/.uioverrides.QuickstepLauncher,RecentsAnimation.onAnimationFinished()]
11-11 05:25:31.013 1514 10321 I ActivityTaskManager: FOREGROUND_APPLICATION_CHANGED to com.android.launcher3.uioverrides.QuickstepLauncher
11-11 05:25:31.020 1514 1595 I wm_destroy_activity: [0,86480624,82,com.android.gallery3d/.app.GalleryActivity,finish-imm:idle]
11-11 05:25:31.021 1514 1596 I input_focus: [Focus request eea03e8 com.android.launcher3/com.android.launcher3.uioverrides.QuickstepLauncher,reason=UpdateInputWindows]
11-11 05:25:31.023 2503 2503 I wm_on_top_resumed_gained_called: [157690489,com.android.launcher3.uioverrides.QuickstepLauncher,topStateChangedWhenResumed]
11-11 05:25:31.026 10541 10541 I wm_on_stop_called: [86480624,com.android.gallery3d.app.GalleryActivity,LIFECYCLER_STOP_ACTIVITY]
11-11 05:25:31.030 1514 1595 I sysui_multi_action: [757,803,799,window_time_0,802,4]
11-11 05:25:31.030 10541 10541 I wm_on_destroy_called: [86480624,com.android.gallery3d.app.GalleryActivity,performDestroy]
11-11 05:25:31.042 1514 1770 I input_focus: [Focus leaving d7d581f com.android.gallery3d/com.android.gallery3d.app.GalleryActivity (server),reason=setFocusedWindow]
11-11 05:25:31.042 1514 1770 I input_focus: [Focus entering eea03e8 com.android.launcher3/com.android.launcher3.uioverrides.QuickstepLauncher (server),reason=setFocusedWindow]
11-11 05:25:31.045 1514 10536 I wm_task_removed: [82,removeChild:removeChild last r=ActivityRecord{52796f0 u0 com.android.gallery3d/.app.GalleryActivity t-1 f}} in t=Task{c6f69d7 #82 type=standard A=10068:com.android.gallery3d U=0 visible=false mode=fullscreen translucent=true sz=0}]
11-11 05:25:31.045 1514 10536 I wm_task_removed: [82,removeChild]
11-11 05:25:31.049 1514 1596 W ActivityTaskManager: Can't find TaskDisplayArea to determine support for multi window. Task id=82 attached=false
11-11 05:25:31.049 1514 1596 W ActivityTaskManager: Can't find TaskDisplayArea to determine support for multi window. Task id=82 attached=false
11-11 05:25:31.129 3685 3703 W ContextImpl: Calling a method in the system process without a qualified user: android.app.ContextImpl.startService:1816 android.content.ContextWrapper.startService:774 com.thundercomm.gamemode.ingame.services.GameModeActionUtils.startGameModeService:93 com.thundercomm.gamemode.ingame.services.GameModeActionUtils.startGameModeEntry:21 com.thundercomm.gamemode.ingame.services.ActivityMonitoringService$1.onActivityLaunch:126
11-11 05:25:31.139 1514 1514 I GameModeConfig: Current uri is uri = content://com.thundercomm.gamemode.api/gamemode_settings/gamemode_isgaming
11-11 05:25:31.141 1514 1514 I GameModeConfig: isGameModeOn = false
11-11 05:25:31.141 1514 1514 I GameModeConfig: isGameModeOn = false
11-11 05:25:31.141 1514 1514 I GameModeConfig: isDisableVoice = true
11-11 05:25:31.399 0 0 I auditd : type=1400 audit(0.0:2882): avc: denied { kill } for comm="swapper/3" capability=5 scontext=u:r:kernel:s0 tcontext=u:r:kernel:s0 tclass=capability permissive=0
11-11 05:25:31.702 1514 1770 I input_interaction: Interaction with: d7d581f com.android.gallery3d/com.android.gallery3d.app.GalleryActivity (server), edge-swipe (server), swipe-up (server), PointerEventDispatcher0 (server),
11-11 05:25:31.704 1514 1595 I wm_task_moved: [83,1,6]
11-11 05:25:31.704 1514 1595 I wm_task_to_front: [0,83]
11-11 05:25:31.709 1514 1595 I wm_set_resumed_activity: [0,com.android.gallery3d/.app.GalleryActivity,positionChildAt]
11-11 05:25:31.709 1514 1595 I wm_focused_root_task: [0,0,83,39,setFocusedTask]
11-11 05:25:31.709 1514 1595 I wm_set_resumed_activity: [0,com.android.gallery3d/.app.GalleryActivity,setFocusedTask]
11-11 05:25:31.709 1514 1595 I ActivityTaskManager: FOREGROUND_APPLICATION_CHANGED to com.android.gallery3d.app.GalleryActivity
11-11 05:25:31.710 1514 1596 I input_focus: [Focus request d7d581f com.android.gallery3d/com.android.gallery3d.app.GalleryActivity,reason=UpdateInputWindows]
11-11 05:25:31.710 2503 2503 I wm_on_top_resumed_lost_called: [157690489,com.android.launcher3.uioverrides.QuickstepLauncher,topStateChangedWhenResumed]
11-11 05:25:31.711 10541 10541 I wm_on_top_resumed_gained_called: [92261160,com.android.gallery3d.app.GalleryActivity,topStateChangedWhenResumed]
11-11 05:25:31.726 1514 1770 I input_focus: [Focus leaving eea03e8 com.android.launcher3/com.android.launcher3.uioverrides.QuickstepLauncher (server),reason=setFocusedWindow]
11-11 05:25:31.726 1514 1770 I input_focus: [Focus entering d7d581f com.android.gallery3d/com.android.gallery3d.app.GalleryActivity (server),reason=setFocusedWindow]
11-11 05:25:32.399 0 0 I auditd : type=1400 audit(0.0:2883): avc: denied { kill } for comm="swapper/3" capability=5 scontext=u:r:kernel:s0 tcontext=u:r:kernel:s0 tclass=capability permissive=0
11-11 05:25:33.399 0 0 I auditd : type=1400 audit(0.0:2884): avc: denied { kill } for comm="swapper/3" capability=5 scontext=u:r:kernel:s0 tcontext=u:r:kernel:s0 tclass=capability permissive=0
11-11 05:25:33.652 1514 2080 I ActivityTaskManager: START u0 {act=android.intent.action.VIEW dat=content://media/external/video/media/20 typ=video/* cmp=com.android.gallery3d/.app.MovieActivity (has extras)} from uid 10068
11-11 05:25:33.661 1514 2080 I wm_task_moved: [83,1,6]
11-11 05:25:33.661 1514 2080 I wm_set_resumed_activity: [0,com.android.gallery3d/.app.GalleryActivity,positionChildAt]
11-11 05:25:33.661 1514 2080 I wm_create_activity: [0,97446,83,com.android.gallery3d/.app.MovieActivity,android.intent.action.VIEW,video/*,content://media/external/video/media/20,0]
11-11 05:25:33.668 1514 2080 I wm_pause_activity: [0,92261160,com.android.gallery3d/.app.GalleryActivity,userLeaving=true,resumeTopActivityInnerLocked]
11-11 05:25:33.676 10541 10541 I wm_on_top_resumed_lost_called: [92261160,com.android.gallery3d.app.GalleryActivity,topStateChangedWhenResumed]
11-11 05:25:33.697 10541 10541 I wm_on_paused_called: [92261160,com.android.gallery3d.app.GalleryActivity,performPause]
11-11 05:25:33.698 1514 2080 I ActivityTaskManager: FOREGROUND_APPLICATION_CHANGED to com.android.gallery3d.app.MovieActivity
11-11 05:25:33.698 1514 2080 I ActivityTaskManager: The Process com.android.gallery3d Already Exists in BG. So sending its PID: 10541
11-11 05:25:33.703 1514 2080 W ActivityTaskManager: Tried to set launchTime (0) < mLastActivityLaunchTime (2346041)
11-11 05:25:33.704 1514 2080 I wm_restart_activity: [0,97446,83,com.android.gallery3d/.app.MovieActivity]
11-11 05:25:33.706 1514 2080 I wm_set_resumed_activity: [0,com.android.gallery3d/.app.MovieActivity,minimalResumeActivityLocked]
11-11 05:25:33.707 1514 2080 I wm_relaunch_activity: [0,92261160,83,com.android.gallery3d/.app.GalleryActivity]
11-11 05:25:33.712 1514 1595 I sysui_multi_action: [757,803,799,window_time_0,802,3]
11-11 05:25:33.755 10541 10541 I wm_on_create_called: [97446,com.android.gallery3d.app.MovieActivity,performCreate]
11-11 05:25:33.759 10541 10541 I wm_on_start_called: [97446,com.android.gallery3d.app.MovieActivity,handleStartActivity]
11-11 05:25:33.759 10541 10541 I wm_on_resume_called: [97446,com.android.gallery3d.app.MovieActivity,RESUME_ACTIVITY]
11-11 05:25:33.762 1514 2080 W WindowManager: Failed looking up window session=Session{e16a6e4 10541:u0a10068} callers=com.android.server.wm.WindowManagerService.windowForClientLocked:5628 com.android.server.wm.Session.insetsModified:629 android.view.IWindowSession$Stub.onTransact:1151
11-11 05:25:33.764 10541 10541 I wm_on_top_resumed_gained_called: [97446,com.android.gallery3d.app.MovieActivity,topStateChangedWhenResumed]
11-11 05:25:33.766 10541 10541 I wm_on_stop_called: [92261160,com.android.gallery3d.app.GalleryActivity,handleRelaunchActivity]
11-11 05:25:33.768 10541 10541 I wm_on_destroy_called: [92261160,com.android.gallery3d.app.GalleryActivity,performDestroy]
11-11 05:25:33.769 1514 2080 I WindowManager: finishDrawing of relaunch: Window{d7d581f u0 com.android.gallery3d/com.android.gallery3d.app.GalleryActivity} 62ms
11-11 05:25:33.807 10541 10541 I wm_on_create_called: [92261160,com.android.gallery3d.app.GalleryActivity,performCreate]
11-11 05:25:33.809 10541 10541 I wm_on_start_called: [92261160,com.android.gallery3d.app.GalleryActivity,handleStartActivity]
11-11 05:25:33.813 10541 10541 I wm_on_resume_called: [92261160,com.android.gallery3d.app.GalleryActivity,LIFECYCLER_RESUME_ACTIVITY]
11-11 05:25:33.815 10541 10541 I wm_on_paused_called: [92261160,com.android.gallery3d.app.GalleryActivity,performPause]
11-11 05:25:33.822 1514 1596 I input_focus: [Focus request 595c400 com.android.gallery3d/com.android.gallery3d.app.MovieActivity,reason=UpdateInputWindows]
11-11 05:25:33.825 3685 3703 W ContextImpl: Calling a method in the system process without a qualified user: android.app.ContextImpl.startService:1816 android.content.ContextWrapper.startService:774 com.thundercomm.gamemode.ingame.services.GameModeActionUtils.startGameModeService:93 com.thundercomm.gamemode.ingame.services.GameModeActionUtils.startGameModeEntry:21 com.thundercomm.gamemode.ingame.services.ActivityMonitoringService$1.onActivityLaunch:126
11-11 05:25:33.835 1514 1514 I GameModeConfig: Current uri is uri = content://com.thundercomm.gamemode.api/gamemode_settings/gamemode_isgaming
11-11 05:25:33.840 1514 1514 I GameModeConfig: isGameModeOn = false
11-11 05:25:33.841 1514 1514 I GameModeConfig: isGameModeOn = false
11-11 05:25:33.841 1514 1514 I GameModeConfig: isDisableVoice = true
11-11 05:25:33.868 1514 1592 I wm_activity_launch_time: [0,97446,com.android.gallery3d/.app.MovieActivity,216]
11-11 05:25:33.880 1514 1770 I input_focus: [Focus entering 595c400 com.android.gallery3d/com.android.gallery3d.app.MovieActivity (server),reason=Window became focusable. Previous reason: NOT_VISIBLE]
11-11 05:25:34.673 1514 2742 E TaskPersister: File error accessing recents directory (directory doesn't exist?).
11-11 05:25:35.340 1514 1901 I GameModeConfig: isGameModeOn = false
11-11 05:25:36.052 1514 1770 I input_interaction: Interaction with: eea03e8 com.android.launcher3/com.android.launcher3.uioverrides.QuickstepLauncher (server), 8068647 com.android.systemui.ImageWallpaper (server), edge-swipe (server), swipe-up (server), PointerEventDispatcher0 (server),
11-11 05:25:36.116 2503 2503 I view_enqueue_input_event: [Motion - Cancel,com.android.launcher3/com.android.launcher3.uioverrides.QuickstepLauncher]
11-11 05:25:36.119 1514 1770 I input_interaction: Interaction with: edge-swipe (server), swipe-up (server), PointerEventDispatcher0 (server),
11-11 05:25:36.381 1514 5474 I ActivityTaskManager: START u0 {act=android.intent.action.MAIN cat=[android.intent.category.HOME] flg=0x10000000 cmp=com.android.launcher3/.uioverrides.QuickstepLauncher} from uid 10079
11-11 05:25:36.390 1514 5474 I wm_task_moved: [39,1,6]
11-11 05:25:36.393 10541 10541 I wm_on_top_resumed_lost_called: [97446,com.android.gallery3d.app.MovieActivity,topStateChangedWhenResumed]
11-11 05:25:36.393 1514 5474 I wm_set_resumed_activity: [0,com.android.launcher3/.uioverrides.QuickstepLauncher,positionChildAt]
11-11 05:25:36.394 1514 5474 I wm_task_moved: [40,1,2147483647]
11-11 05:25:36.394 1514 5474 I wm_task_to_front: [0,40]
11-11 05:25:36.394 1514 5474 I wm_focused_root_task: [0,0,39,83,bringingFoundTaskToFront]
11-11 05:25:36.395 1514 5474 I wm_set_resumed_activity: [0,com.android.launcher3/.uioverrides.QuickstepLauncher,bringingFoundTaskToFront]
11-11 05:25:36.396 1514 5474 I wm_new_intent: [0,157690489,40,com.android.launcher3/.uioverrides.QuickstepLauncher,android.intent.action.MAIN,NULL,NULL,268500992]
11-11 05:25:36.396 1514 5474 I wm_task_moved: [39,1,6]
11-11 05:25:36.397 1514 5474 I wm_set_resumed_activity: [0,com.android.launcher3/.uioverrides.QuickstepLauncher,positionChildAt]
11-11 05:25:36.397 1514 5474 I ActivityTaskManager: FOREGROUND_APPLICATION_CHANGED to com.android.launcher3.uioverrides.QuickstepLauncher
11-11 05:25:36.408 2503 2503 I wm_on_paused_called: [157690489,com.android.launcher3.uioverrides.QuickstepLauncher,performPause]
11-11 05:25:36.410 2503 2503 I wm_on_resume_called: [157690489,com.android.launcher3.uioverrides.QuickstepLauncher,LIFECYCLER_RESUME_ACTIVITY]
11-11 05:25:36.410 1514 1596 I input_focus: [Focus request eea03e8 com.android.launcher3/com.android.launcher3.uioverrides.QuickstepLauncher,reason=UpdateInputWindows]
11-11 05:25:36.411 2503 2503 I wm_on_top_resumed_gained_called: [157690489,com.android.launcher3.uioverrides.QuickstepLauncher,topStateChangedWhenResumed]
11-11 05:25:36.438 1514 1770 I input_focus: [Focus leaving 595c400 com.android.gallery3d/com.android.gallery3d.app.MovieActivity (server),reason=setFocusedWindow]
11-11 05:25:36.438 1514 1770 I input_focus: [Focus entering eea03e8 com.android.launcher3/com.android.launcher3.uioverrides.QuickstepLauncher (server),reason=setFocusedWindow]
11-11 05:25:36.891 1514 1770 I input_interaction: Interaction with: eea03e8 com.android.launcher3/com.android.launcher3.uioverrides.QuickstepLauncher (server), 8068647 com.android.systemui.ImageWallpaper (server), edge-swipe (server), swipe-up (server), PointerEventDispatcher0 (server),
11-11 05:25:36.998 2503 2503 I view_enqueue_input_event: [Motion - Cancel,com.android.launcher3/com.android.launcher3.uioverrides.QuickstepLauncher]
11-11 05:25:36.999 1514 1770 I input_interaction: Interaction with: edge-swipe (server), swipe-up (server), PointerEventDispatcher0 (server),
11-11 05:25:37.176 1514 1715 I commit_sys_config_file: [settings-1-0,5]
11-11 05:25:37.399 0 0 I auditd : type=1400 audit(0.0:2885): avc: denied { kill } for comm="swapper/3" capability=5 scontext=u:r:kernel:s0 tcontext=u:r:kernel:s0 tclass=capability permissive=0
11-11 05:25:37.462 1514 1715 I commit_sys_config_file: [settings-1-0,4]
11-11 05:25:37.586 1514 6729 I wm_finish_activity: [0,97446,83,com.android.gallery3d/.app.MovieActivity,app-request]
11-11 05:25:37.596 1514 6729 I wm_pause_activity: [0,97446,com.android.gallery3d/.app.MovieActivity,userLeaving=false,finish]
11-11 05:25:37.602 1514 6729 I wm_finish_activity: [0,92261160,83,com.android.gallery3d/.app.GalleryActivity,app-request]
11-11 05:25:37.604 1514 6729 I wm_destroy_activity: [0,92261160,83,com.android.gallery3d/.app.GalleryActivity,finish-imm:finishIfPossible]
11-11 05:25:37.736 10541 10541 I wm_on_paused_called: [97446,com.android.gallery3d.app.MovieActivity,performPause]
11-11 05:25:37.737 1514 6729 I wm_destroy_activity: [0,97446,83,com.android.gallery3d/.app.MovieActivity,finish-imm:completePausedLocked]
11-11 05:25:37.741 1514 1595 I sysui_multi_action: [757,803,799,window_time_2,802,4]
11-11 05:25:37.748 3685 3703 W ContextImpl: Calling a method in the system process without a qualified user: android.app.ContextImpl.startService:1816 android.content.ContextWrapper.startService:774 com.thundercomm.gamemode.ingame.services.GameModeActionUtils.startGameModeService:93 com.thundercomm.gamemode.ingame.services.GameModeActionUtils.startGameModeEntry:21 com.thundercomm.gamemode.ingame.services.ActivityMonitoringService$1.onActivityLaunch:126
11-11 05:25:37.751 10541 10541 I wm_on_stop_called: [92261160,com.android.gallery3d.app.GalleryActivity,LIFECYCLER_STOP_ACTIVITY]
11-11 05:25:37.753 1514 1514 I GameModeConfig: Current uri is uri = content://com.thundercomm.gamemode.api/gamemode_settings/gamemode_isgaming
11-11 05:25:37.756 10541 10541 I wm_on_destroy_called: [92261160,com.android.gallery3d.app.GalleryActivity,performDestroy]
11-11 05:25:37.763 1514 1514 I GameModeConfig: isGameModeOn = false
11-11 05:25:37.764 1514 1514 I GameModeConfig: isGameModeOn = false
11-11 05:25:37.764 1514 1514 I GameModeConfig: isDisableVoice = true
11-11 05:25:37.785 10541 10541 I wm_on_stop_called: [97446,com.android.gallery3d.app.MovieActivity,LIFECYCLER_STOP_ACTIVITY]
11-11 05:25:37.786 10541 10541 I wm_on_destroy_called: [97446,com.android.gallery3d.app.MovieActivity,performDestroy]
11-11 05:25:37.846 3685 3703 W ContextImpl: Calling a method in the system process without a qualified user: android.app.ContextImpl.startService:1816 android.content.ContextWrapper.startService:774 com.thundercomm.gamemode.ingame.services.GameModeActionUtils.startGameModeService:93 com.thundercomm.gamemode.ingame.services.GameModeActionUtils.startGameModeEntry:21 com.thundercomm.gamemode.ingame.services.ActivityMonitoringService$1.onActivityLaunch:126
11-11 05:25:37.852 1514 1514 I GameModeConfig: Current uri is uri = content://com.thundercomm.gamemode.api/gamemode_settings/gamemode_isgaming
11-11 05:25:37.855 1514 1514 I GameModeConfig: isGameModeOn = false
11-11 05:25:37.856 1514 1514 I GameModeConfig: isGameModeOn = false
11-11 05:25:37.856 1514 1514 I GameModeConfig: isDisableVoice = true
11-11 05:25:37.923 1514 1596 I wm_task_removed: [83,removeChild:removeChild last r=ActivityRecord{57fcb28 u0 com.android.gallery3d/.app.GalleryActivity t-1 f}} in t=Task{748854b #83 type=standard A=10068:com.android.gallery3d U=0 visible=false mode=freeform translucent=true sz=0}]
11-11 05:25:37.923 1514 1596 I wm_task_removed: [83,removeChild]
11-11 05:25:37.924 1514 1596 D FreeFormWindowHelper: Remove freefrom task=Task{748854b #83 type=standard A=10068:com.android.gallery3d U=0 visible=false mode=freeform translucent=true sz=0}
11-11 05:25:38.399 0 0 I auditd : type=1400 audit(0.0:2886): avc: denied { kill } for comm="swapper/3" capability=5 scontext=u:r:kernel:s0 tcontext=u:r:kernel:s0 tclass=capability permissive=0
11-11 05:25:38.470 1514 1770 I input_interaction: Interaction with: eea03e8 com.android.launcher3/com.android.launcher3.uioverrides.QuickstepLauncher (server), 8068647 com.android.systemui.ImageWallpaper (server), edge-swipe (server), swipe-up (server), PointerEventDispatcher0 (server),
11-11 05:25:39.163 1514 1595 I ActivityManager: Killing 10541:com.android.gallery3d/u0a68 (adj 900): remove task
11-11 05:25:39.163 1514 1595 I am_kill : [0,10541,com.android.gallery3d,900,remove task]
11-11 05:25:39.166 1514 1595 I sysui_multi_action: [757,803,799,window_time_0,802,1]
11-11 05:25:39.170 1514 2742 E TaskPersister: File error accessing recents directory (directory doesn't exist?).
11-11 05:25:39.218 1514 10321 I am_proc_died: [0,10541,com.android.gallery3d,900,18]
11-11 05:25:39.219 1514 10321 I am_uid_stopped: 10068
11-11 05:25:39.220 1514 1595 W ActivityManager: setHasOverlayUi called on unknown pid: 10541
11-11 05:25:39.227 1514 1595 I am_uid_running: 10068
11-11 05:25:39.228 1514 1595 D CompatibilityChangeReporter: Compat change id reported: 135634846; UID 10068; state: DISABLED
11-11 05:25:39.228 1514 1595 D CompatibilityChangeReporter: Compat change id reported: 177438394; UID 10068; state: DISABLED
11-11 05:25:39.228 1514 1595 D CompatibilityChangeReporter: Compat change id reported: 135772972; UID 10068; state: DISABLED
11-11 05:25:39.228 1514 1595 D CompatibilityChangeReporter: Compat change id reported: 135754954; UID 10068; state: DISABLED
11-11 05:25:39.229 1514 1615 D CompatibilityChangeReporter: Compat change id reported: 143937733; UID 10068; state: DISABLED
11-11 05:25:39.241 1514 10321 W ContextImpl: Calling a method in the system process without a qualified user: android.app.ContextImpl.startActivity:1067 com.android.server.wm.FreeFormWindowHelper.exitRecentTasks:387 com.android.server.wm.ActivityTaskManagerService.exitRecentTasks:3795 android.app.IActivityTaskManager$Stub.onTransact:2295 com.android.server.wm.ActivityTaskManagerService.onTransact:5039
11-11 05:25:39.242 1514 10321 I ActivityTaskManager: START u0 {flg=0x10108000 cmp=com.android.gallery3d/.app.GalleryActivity} from uid 1000
11-11 05:25:39.244 1514 1615 I am_proc_start: [0,10670,10068,com.android.gallery3d,NULL,]
11-11 05:25:39.244 1514 1615 I ActivityManager: Start proc 10670:com.android.gallery3d/u0a68 for null
11-11 05:25:39.246 1514 10321 I wm_task_created: [84,-1]
11-11 05:25:39.246 1514 10321 W ActivityTaskManager: Can't find TaskDisplayArea to determine support for multi window. Task id=84 attached=false
11-11 05:25:39.248 1514 10321 D FreeFormWindowHelper: Add freeform task=Task{1e124cb #84 type=standard ?? U=0 visible=false mode=freeform translucent=true sz=0}
11-11 05:25:39.252 1514 10321 I wm_task_moved: [84,1,6]
11-11 05:25:39.252 1514 10321 I wm_task_to_front: [0,84]
11-11 05:25:39.252 1514 10321 I wm_create_task: [0,84]
11-11 05:25:39.252 1514 10321 I wm_create_activity: [0,102020264,84,com.android.gallery3d/.app.GalleryActivity,NULL,NULL,NULL,269516800]
11-11 05:25:39.252 1514 10321 I wm_task_moved: [84,1,6]
11-11 05:25:39.253 1514 10321 I ActivityTaskManager: FOREGROUND_APPLICATION_CHANGED to com.android.gallery3d.app.GalleryActivity
11-11 05:25:39.260 2503 2503 I wm_on_top_resumed_lost_called: [157690489,com.android.launcher3.uioverrides.QuickstepLauncher,topStateChangedWhenResumed]
11-11 05:25:39.268 3685 3703 W ContextImpl: Calling a method in the system process without a qualified user: android.app.ContextImpl.startService:1816 android.content.ContextWrapper.startService:774 com.thundercomm.gamemode.ingame.services.GameModeActionUtils.startGameModeService:93 com.thundercomm.gamemode.ingame.services.GameModeActionUtils.startGameModeEntry:21 com.thundercomm.gamemode.ingame.services.ActivityMonitoringService$1.onActivityLaunch:126
11-11 05:25:39.275 1514 1514 I GameModeConfig: Current uri is uri = content://com.thundercomm.gamemode.api/gamemode_settings/gamemode_isgaming
11-11 05:25:39.278 1514 1514 I GameModeConfig: isGameModeOn = false
11-11 05:25:39.279 1514 1514 I GameModeConfig: isGameModeOn = false
11-11 05:25:39.279 1514 1514 I GameModeConfig: isDisableVoice = true
11-11 05:25:39.283 1514 9595 I am_proc_bound: [0,10670,com.android.gallery3d]
11-11 05:25:39.286 1514 9595 I ActivityTaskManager: The Process com.android.gallery3d Already Exists in BG. So sending its PID: 10670
11-11 05:25:39.288 1514 9595 I wm_restart_activity: [0,102020264,84,com.android.gallery3d/.app.GalleryActivity]
11-11 05:25:39.290 1514 9595 I wm_set_resumed_activity: [0,com.android.gallery3d/.app.GalleryActivity,minimalResumeActivityLocked]
11-11 05:25:39.291 1514 9595 I am_uid_active: 10068
11-11 05:25:39.302 3685 3703 W ContextImpl: Calling a method in the system process without a qualified user: android.app.ContextImpl.startService:1816 android.content.ContextWrapper.startService:774 com.thundercomm.gamemode.ingame.services.GameModeActionUtils.startGameModeService:93 com.thundercomm.gamemode.ingame.services.GameModeActionUtils.startGameModeEntry:21 com.thundercomm.gamemode.ingame.services.ActivityMonitoringService$1.onActivityLaunch:126
11-11 05:25:39.312 1514 1514 I GameModeConfig: Current uri is uri = content://com.thundercomm.gamemode.api/gamemode_settings/gamemode_isgaming
11-11 05:25:39.314 1514 1514 I GameModeConfig: isGameModeOn = false
11-11 05:25:39.315 1514 1514 I GameModeConfig: isGameModeOn = false
11-11 05:25:39.315 1514 1514 I GameModeConfig: isDisableVoice = true
11-11 05:25:39.348 10670 10670 I wm_on_create_called: [102020264,com.android.gallery3d.app.GalleryActivity,performCreate]
11-11 05:25:39.349 10670 10670 I wm_on_start_called: [102020264,com.android.gallery3d.app.GalleryActivity,handleStartActivity]
11-11 05:25:39.352 10670 10670 I wm_on_resume_called: [102020264,com.android.gallery3d.app.GalleryActivity,RESUME_ACTIVITY]
11-11 05:25:39.357 10670 10670 I wm_on_top_resumed_gained_called: [102020264,com.android.gallery3d.app.GalleryActivity,topStateChangedWhenResumed]
11-11 05:25:39.364 1514 1596 I input_focus: [Focus request 69d6233 com.android.gallery3d/com.android.gallery3d.app.GalleryActivity,reason=UpdateInputWindows]
11-11 05:25:39.393 1514 1770 I input_focus: [Focus leaving eea03e8 com.android.launcher3/com.android.launcher3.uioverrides.QuickstepLauncher (server),reason=Waiting for window because NOT_VISIBLE]
11-11 05:25:39.399 0 0 I auditd : type=1400 audit(0.0:2887): avc: denied { kill } for comm="swapper/3" capability=5 scontext=u:r:kernel:s0 tcontext=u:r:kernel:s0 tclass=capability permissive=0
11-11 05:25:39.438 1514 1592 I sysui_multi_action: [319,187,322,186,325,2354,757,761,758,8,759,2,806,com.android.gallery3d,871,com.android.gallery3d.app.GalleryActivity,904,android,905,0,1320,4,1321,1]
11-11 05:25:39.439 1514 1592 I wm_activity_launch_time: [0,102020264,com.android.gallery3d/.app.GalleryActivity,186]
11-11 05:25:39.448 1514 1770 I input_focus: [Focus entering 69d6233 com.android.gallery3d/com.android.gallery3d.app.GalleryActivity (server),reason=Window became focusable. Previous reason: NOT_VISIBLE]
11-11 05:25:40.720 1514 1901 I GameModeConfig: isGameModeOn = false
11-11 05:25:40.793 1514 1770 I input_interaction: Interaction with: 69d6233 com.android.gallery3d/com.android.gallery3d.app.GalleryActivity (server), edge-swipe (server), swipe-up (server), PointerEventDispatcher0 (server),
11-11 05:25:40.891 1514 2991 I wm_finish_activity: [0,102020264,84,com.android.gallery3d/.app.GalleryActivity,finish-activity]
11-11 05:25:40.892 1514 2991 I wm_task_moved: [39,1,6]
11-11 05:25:40.895 1514 2991 I wm_set_resumed_activity: [0,com.android.launcher3/.uioverrides.QuickstepLauncher,positionChildAt]
11-11 05:25:40.895 1514 2991 I wm_task_moved: [40,1,2147483647]
11-11 05:25:40.895 1514 2991 I wm_task_to_front: [0,40]
11-11 05:25:40.896 1514 2991 I wm_focused_root_task: [0,0,39,-1,finish-top adjustFocusToNextFocusableTask]
11-11 05:25:40.896 1514 2991 I wm_set_resumed_activity: [0,com.android.launcher3/.uioverrides.QuickstepLauncher,finish-top]
11-11 05:25:40.902 1514 1901 I GameModeConfig: isGameModeOn = false
11-11 05:25:40.916 1514 2991 I wm_pause_activity: [0,102020264,com.android.gallery3d/.app.GalleryActivity,userLeaving=false,finish]
11-11 05:25:40.924 10670 10670 I wm_on_top_resumed_lost_called: [102020264,com.android.gallery3d.app.GalleryActivity,topStateChangedWhenResumed]
11-11 05:25:40.925 1514 1596 I input_focus: [Focus request eea03e8 com.android.launcher3/com.android.launcher3.uioverrides.QuickstepLauncher,reason=UpdateInputWindows]
11-11 05:25:40.942 1514 1595 I sysui_multi_action: [757,803,799,window_time_0,802,2]
11-11 05:25:40.946 2503 2503 I wm_on_top_resumed_gained_called: [157690489,com.android.launcher3.uioverrides.QuickstepLauncher,topStateChangedWhenResumed]
11-11 05:25:40.948 1514 1770 I input_focus: [Focus leaving 69d6233 com.android.gallery3d/com.android.gallery3d.app.GalleryActivity (server),reason=NO_WINDOW]
11-11 05:25:40.949 1514 1770 I input_focus: [Focus entering eea03e8 com.android.launcher3/com.android.launcher3.uioverrides.QuickstepLauncher (server),reason=setFocusedWindow]
11-11 05:25:40.953 1514 2742 E TaskPersister: File error accessing recents directory (directory doesn't exist?).
11-11 05:25:40.960 10670 10670 I wm_on_paused_called: [102020264,com.android.gallery3d.app.GalleryActivity,performPause]
11-11 05:25:40.966 1514 9595 I ActivityTaskManager: FOREGROUND_APPLICATION_CHANGED to com.android.launcher3.uioverrides.QuickstepLauncher
11-11 05:25:40.967 1514 9595 I wm_destroy_activity: [0,102020264,84,com.android.gallery3d/.app.GalleryActivity,finish-imm:completePausedLocked]
11-11 05:25:40.976 1514 1595 I sysui_multi_action: [757,803,799,window_time_0,802,0]
11-11 05:25:40.985 10670 10670 I wm_on_stop_called: [102020264,com.android.gallery3d.app.GalleryActivity,LIFECYCLER_STOP_ACTIVITY]
11-11 05:25:40.986 3685 3703 W ContextImpl: Calling a method in the system process without a qualified user: android.app.ContextImpl.startService:1816 android.content.ContextWrapper.startService:774 com.thundercomm.gamemode.ingame.services.GameModeActionUtils.startGameModeService:93 com.thundercomm.gamemode.ingame.services.GameModeActionUtils.startGameModeEntry:21 com.thundercomm.gamemode.ingame.services.ActivityMonitoringService$1.onActivityLaunch:126
11-11 05:25:40.991 10670 10670 I wm_on_destroy_called: [102020264,com.android.gallery3d.app.GalleryActivity,performDestroy]
11-11 05:25:40.997 1514 1514 I GameModeConfig: Current uri is uri = content://com.thundercomm.gamemode.api/gamemode_settings/gamemode_isgaming
11-11 05:25:41.000 1514 1514 I GameModeConfig: isGameModeOn = false
11-11 05:25:41.000 1514 1514 I GameModeConfig: isGameModeOn = false
11-11 05:25:41.000 1514 1514 I GameModeConfig: isDisableVoice = true
11-11 05:25:41.081 3685 3703 W ContextImpl: Calling a method in the system process without a qualified user: android.app.ContextImpl.startService:1816 android.content.ContextWrapper.startService:774 com.thundercomm.gamemode.ingame.services.GameModeActionUtils.startGameModeService:93 com.thundercomm.gamemode.ingame.services.GameModeActionUtils.startGameModeEntry:21 com.thundercomm.gamemode.ingame.services.ActivityMonitoringService$1.onActivityLaunch:126
11-11 05:25:41.085 1514 1514 I GameModeConfig: Current uri is uri = content://com.thundercomm.gamemode.api/gamemode_settings/gamemode_isgaming
11-11 05:25:41.087 1514 1514 I GameModeConfig: isGameModeOn = false
11-11 05:25:41.087 1514 1514 I GameModeConfig: isGameModeOn = false
11-11 05:25:41.087 1514 1514 I GameModeConfig: isDisableVoice = true
11-11 05:25:41.263 1514 1596 I wm_task_removed: [84,removeChild:removeChild last r=ActivityRecord{614b4a8 u0 com.android.gallery3d/.app.GalleryActivity t-1 f}} in t=Task{1e124cb #84 type=standard A=10068:com.android.gallery3d U=0 visible=false mode=freeform translucent=true sz=0}]
11-11 05:25:41.263 1514 1596 I wm_task_removed: [84,removeChild]
11-11 05:25:41.263 1514 1596 D FreeFormWindowHelper: Remove freefrom task=Task{1e124cb #84 type=standard A=10068:com.android.gallery3d U=0 visible=false mode=freeform translucent=true sz=0}
11-11 05:25:41.921 1514 1770 I input_interaction: Interaction with: eea03e8 com.android.launcher3/com.android.launcher3.uioverrides.QuickstepLauncher (server), 8068647 com.android.systemui.ImageWallpaper (server), edge-swipe (server), swipe-up (server), PointerEventDispatcher0 (server),
11-11 05:25:42.399 10597 10597 I auditd : type=1400 audit(0.0:2888): avc: denied { kill } for comm="kworker/u17:7" capability=5 scontext=u:r:kernel:s0 tcontext=u:r:kernel:s0 tclass=capability permissive=0
11-11 05:25:43.399 0 0 I auditd : type=1400 audit(0.0:2889): avc: denied { kill } for comm="swapper/2" capability=5 scontext=u:r:kernel:s0 tcontext=u:r:kernel:s0 tclass=capability permissive=0
11-11 05:25:44.269 1514 2742 E TaskPersister: File error accessing recents directory (directory doesn't exist?).
11-11 05:25:44.399 0 0 I auditd : type=1400 audit(0.0:2890): avc: denied { kill } for comm="swapper/2" capability=5 scontext=u:r:kernel:s0 tcontext=u:r:kernel:s0 tclass=capability permissive=0
11-11 05:25:45.314 1514 2991 I ActivityTaskManager: START u0 {act=android.intent.action.MAIN cat=[android.intent.category.LAUNCHER] flg=0x10200000 cmp=com.android.gallery3d/.app.GalleryActivity bnds=[2233,174][2408,357]} from uid 10079
11-11 05:25:45.320 1514 2991 I wm_task_created: [85,-1]
11-11 05:25:45.320 1514 2991 W ActivityTaskManager: Can't find TaskDisplayArea to determine support for multi window. Task id=85 attached=false
11-11 05:25:45.324 1514 2991 I wm_task_moved: [85,1,6]
11-11 05:25:45.324 1514 2991 I wm_task_to_front: [0,85]
11-11 05:25:45.324 1514 2991 I wm_create_task: [0,85]
11-11 05:25:45.324 1514 2991 I wm_create_activity: [0,50584242,85,com.android.gallery3d/.app.GalleryActivity,android.intent.action.MAIN,NULL,NULL,270532608]
11-11 05:25:45.324 1514 2991 I wm_task_moved: [85,1,6]
11-11 05:25:45.331 1514 2991 I wm_pause_activity: [0,157690489,com.android.launcher3/.uioverrides.QuickstepLauncher,userLeaving=true,pauseBackTasks]
11-11 05:25:45.338 2503 2503 I wm_on_top_resumed_lost_called: [157690489,com.android.launcher3.uioverrides.QuickstepLauncher,topStateChangedWhenResumed]
11-11 05:25:45.340 2503 2503 I wm_on_paused_called: [157690489,com.android.launcher3.uioverrides.QuickstepLauncher,performPause]
11-11 05:25:45.343 1514 9595 I ActivityTaskManager: FOREGROUND_APPLICATION_CHANGED to com.android.gallery3d.app.GalleryActivity
11-11 05:25:45.344 1514 9595 I ActivityTaskManager: The Process com.android.gallery3d Already Exists in BG. So sending its PID: 10670
11-11 05:25:45.344 1514 9595 W ActivityTaskManager: Tried to set launchTime (0) < mLastActivityLaunchTime (2354702)
11-11 05:25:45.345 1514 9595 I wm_add_to_stopping: [0,157690489,com.android.launcher3/.uioverrides.QuickstepLauncher,makeInvisible]
11-11 05:25:45.346 1514 9595 I wm_restart_activity: [0,50584242,85,com.android.gallery3d/.app.GalleryActivity]
11-11 05:25:45.348 1514 9595 I wm_set_resumed_activity: [0,com.android.gallery3d/.app.GalleryActivity,minimalResumeActivityLocked]
11-11 05:25:45.358 1514 1595 I sysui_multi_action: [757,803,799,window_time_0,802,4]
11-11 05:25:45.374 1514 1770 I input_focus: [Focus leaving eea03e8 com.android.launcher3/com.android.launcher3.uioverrides.QuickstepLauncher (server),reason=NO_WINDOW]
11-11 05:25:45.376 1514 1612 I am_pss : [10326,10086,com.android.music,7424000,5652480,0,90951680,0,19,6]
11-11 05:25:45.379 10670 10670 I wm_on_create_called: [50584242,com.android.gallery3d.app.GalleryActivity,performCreate]
11-11 05:25:45.381 10670 10670 I wm_on_start_called: [50584242,com.android.gallery3d.app.GalleryActivity,handleStartActivity]
11-11 05:25:45.385 10670 10670 I wm_on_resume_called: [50584242,com.android.gallery3d.app.GalleryActivity,RESUME_ACTIVITY]
11-11 05:25:45.385 3685 3703 W ContextImpl: Calling a method in the system process without a qualified user: android.app.ContextImpl.startService:1816 android.content.ContextWrapper.startService:774 com.thundercomm.gamemode.ingame.services.GameModeActionUtils.startGameModeService:93 com.thundercomm.gamemode.ingame.services.GameModeActionUtils.startGameModeEntry:21 com.thundercomm.gamemode.ingame.services.ActivityMonitoringService$1.onActivityLaunch:126
11-11 05:25:45.386 1514 2991 W WindowManager: Failed looking up window session=Session{6a44e16 10670:u0a10068} callers=com.android.server.wm.WindowManagerService.windowForClientLocked:5628 com.android.server.wm.Session.insetsModified:629 android.view.IWindowSession$Stub.onTransact:1151
11-11 05:25:45.386 1514 1612 I am_pss : [10325,1000,com.android.settings,20484096,12771328,0,110387200,0,19,7]
11-11 05:25:45.388 10670 10670 I wm_on_top_resumed_gained_called: [50584242,com.android.gallery3d.app.GalleryActivity,topStateChangedWhenResumed]
11-11 05:25:45.395 1514 1514 I GameModeConfig: Current uri is uri = content://com.thundercomm.gamemode.api/gamemode_settings/gamemode_isgaming
11-11 05:25:45.398 1514 1596 I input_focus: [Focus request f19f9f3 com.android.gallery3d/com.android.gallery3d.app.GalleryActivity,reason=UpdateInputWindows]
11-11 05:25:45.403 1514 1514 I GameModeConfig: isGameModeOn = false
11-11 05:25:45.403 1514 1514 I GameModeConfig: isGameModeOn = false
11-11 05:25:45.403 1514 1514 I GameModeConfig: isDisableVoice = true
11-11 05:25:45.403 1514 1901 I GameModeConfig: isGameModeOn = false
11-11 05:25:45.403 1514 1901 I GameModeConfig: isGameModeOn = false
11-11 05:25:45.404 1514 1901 I GameModeConfig: isGameModeOn = false
11-11 05:25:45.404 1514 1901 I GameModeConfig: isGameModeOn = false
11-11 05:25:45.406 1998 1998 I sysui_multi_action: [757,111,758,2]
11-11 05:25:45.399 0 0 I auditd : type=1400 audit(0.0:2891): avc: denied { kill } for comm="swapper/2" capability=5 scontext=u:r:kernel:s0 tcontext=u:r:kernel:s0 tclass=capability permissive=0
11-11 05:25:45.408 1998 1998 I sysui_multi_action: [757,111,758,2]
