11-11 05:24:46.551 1514 1614 I am_wtf : [0,1514,system_server,-1,DisplayDeviceConfig,requesting nits when no mapping exists.]
11-11 05:24:46.566 1514 1974 E DisplayDeviceConfig: requesting nits when no mapping exists.
11-11 05:24:46.566 1514 1974 E DisplayDeviceConfig: requesting nits when no mapping exists.
11-11 05:24:46.571 1514 1614 I am_wtf : [0,1514,system_server,-1,DisplayDeviceConfig,requesting nits when no mapping exists.]
11-11 05:24:46.571 1514 1614 I am_wtf : [0,1514,system_server,-1,DisplayDeviceConfig,requesting nits when no mapping exists.]
11-11 05:24:46.581 1514 1974 E DisplayDeviceConfig: requesting nits when no mapping exists.
11-11 05:24:46.582 1514 1974 E DisplayDeviceConfig: requesting nits when no mapping exists.
11-11 05:24:46.582 1514 1614 I am_wtf : [0,1514,system_server,-1,DisplayDeviceConfig,requesting nits when no mapping exists.]
11-11 05:24:46.582 1514 1614 I am_wtf : [0,1514,system_server,-1,DisplayDeviceConfig,requesting nits when no mapping exists.]
11-11 05:24:46.596 1514 1974 E DisplayDeviceConfig: requesting nits when no mapping exists.
11-11 05:24:46.596 1514 1974 E DisplayDeviceConfig: requesting nits when no mapping exists.
11-11 05:24:46.596 1514 1614 I am_wtf : [0,1514,system_server,-1,DisplayDeviceConfig,requesting nits when no mapping exists.]
11-11 05:24:46.598 1514 1614 I am_wtf : [0,1514,system_server,-1,DisplayDeviceConfig,requesting nits when no mapping exists.]
11-11 05:24:46.615 1514 1974 E DisplayDeviceConfig: requesting nits when no mapping exists.
11-11 05:24:46.616 1514 1614 I am_wtf : [0,1514,system_server,-1,DisplayDeviceConfig,requesting nits when no mapping exists.]
11-11 05:24:46.616 1514 1974 E DisplayDeviceConfig: requesting nits when no mapping exists.
11-11 05:24:46.618 1514 1614 I am_wtf : [0,1514,system_server,-1,DisplayDeviceConfig,requesting nits when no mapping exists.]
11-11 05:24:46.629 1514 1974 E DisplayDeviceConfig: requesting nits when no mapping exists.
11-11 05:24:46.630 1514 1974 E DisplayDeviceConfig: requesting nits when no mapping exists.
11-11 05:24:46.630 1514 1614 I am_wtf : [0,1514,system_server,-1,DisplayDeviceConfig,requesting nits when no mapping exists.]
11-11 05:24:46.631 1514 1614 I am_wtf : [0,1514,system_server,-1,DisplayDeviceConfig,requesting nits when no mapping exists.]
11-11 05:24:46.646 1514 1974 E DisplayDeviceConfig: requesting nits when no mapping exists.
11-11 05:24:46.647 1514 1614 I am_wtf : [0,1514,system_server,-1,DisplayDeviceConfig,requesting nits when no mapping exists.]
11-11 05:24:46.647 1514 1974 E DisplayDeviceConfig: requesting nits when no mapping exists.
11-11 05:24:46.648 1514 1614 I am_wtf : [0,1514,system_server,-1,DisplayDeviceConfig,requesting nits when no mapping exists.]
11-11 05:24:46.665 1514 1974 E DisplayDeviceConfig: requesting nits when no mapping exists.
11-11 05:24:46.665 1514 1974 E DisplayDeviceConfig: requesting nits when no mapping exists.
11-11 05:24:46.665 1514 1614 I am_wtf : [0,1514,system_server,-1,DisplayDeviceConfig,requesting nits when no mapping exists.]
11-11 05:24:46.667 1514 1614 I am_wtf : [0,1514,system_server,-1,DisplayDeviceConfig,requesting nits when no mapping exists.]
11-11 05:24:46.679 1514 1974 E DisplayDeviceConfig: requesting nits when no mapping exists.
11-11 05:24:46.680 1514 1974 E DisplayDeviceConfig: requesting nits when no mapping exists.
11-11 05:24:46.681 1514 1614 I am_wtf : [0,1514,system_server,-1,DisplayDeviceConfig,requesting nits when no mapping exists.]
11-11 05:24:46.682 1514 1614 I am_wtf : [0,1514,system_server,-1,DisplayDeviceConfig,requesting nits when no mapping exists.]
11-11 05:24:46.697 1514 1974 E DisplayDeviceConfig: requesting nits when no mapping exists.
11-11 05:24:46.697 1514 1974 E DisplayDeviceConfig: requesting nits when no mapping exists.
11-11 05:24:46.697 1514 1614 I am_wtf : [0,1514,system_server,-1,DisplayDeviceConfig,requesting nits when no mapping exists.]
11-11 05:24:46.699 1514 1614 I am_wtf : [0,1514,system_server,-1,DisplayDeviceConfig,requesting nits when no mapping exists.]
11-11 05:24:46.713 1514 1974 E DisplayDeviceConfig: requesting nits when no mapping exists.
11-11 05:24:46.714 1514 1614 I am_wtf : [0,1514,system_server,-1,DisplayDeviceConfig,requesting nits when no mapping exists.]
11-11 05:24:46.715 1514 1974 E DisplayDeviceConfig: requesting nits when no mapping exists.
11-11 05:24:46.716 1514 1614 I am_wtf : [0,1514,system_server,-1,DisplayDeviceConfig,requesting nits when no mapping exists.]
11-11 05:24:46.733 1514 1974 E DisplayDeviceConfig: requesting nits when no mapping exists.
11-11 05:24:46.735 1514 1614 I am_wtf : [0,1514,system_server,-1,DisplayDeviceConfig,requesting nits when no mapping exists.]
11-11 05:24:46.737 1514 1974 E DisplayDeviceConfig: requesting nits when no mapping exists.
11-11 05:24:46.737 1514 1614 I am_wtf : [0,1514,system_server,-1,DisplayDeviceConfig,requesting nits when no mapping exists.]
11-11 05:24:49.399 0 0 I auditd : type=1400 audit(0.0:2849): avc: denied { kill } for comm="swapper/1" capability=5 scontext=u:r:kernel:s0 tcontext=u:r:kernel:s0 tclass=capability permissive=0
11-11 05:24:50.399 0 0 I auditd : type=1400 audit(0.0:2850): avc: denied { kill } for comm="swapper/1" capability=5 scontext=u:r:kernel:s0 tcontext=u:r:kernel:s0 tclass=capability permissive=0
11-11 05:24:51.836 1514 1614 I am_uid_idle: 10084
11-11 05:24:52.399 0 0 I auditd : type=1400 audit(0.0:2851): avc: denied { kill } for comm="swapper/1" capability=5 scontext=u:r:kernel:s0 tcontext=u:r:kernel:s0 tclass=capability permissive=0
11-11 05:24:53.403 0 0 I auditd : type=1400 audit(0.0:2852): avc: denied { kill } for comm="swapper/1" capability=5 scontext=u:r:kernel:s0 tcontext=u:r:kernel:s0 tclass=capability permissive=0
11-11 05:24:54.399 0 0 I auditd : type=1400 audit(0.0:2853): avc: denied { kill } for comm="swapper/1" capability=5 scontext=u:r:kernel:s0 tcontext=u:r:kernel:s0 tclass=capability permissive=0
11-11 05:24:55.399 0 0 I auditd : type=1400 audit(0.0:2854): avc: denied { kill } for comm="swapper/1" capability=5 scontext=u:r:kernel:s0 tcontext=u:r:kernel:s0 tclass=capability permissive=0
11-11 05:24:55.970 1514 1901 I GameModeConfig: isGameModeOn = false
11-11 05:24:56.399 0 0 I auditd : type=1400 audit(0.0:2855): avc: denied { kill } for comm="swapper/1" capability=5 scontext=u:r:kernel:s0 tcontext=u:r:kernel:s0 tclass=capability permissive=0
11-11 05:24:57.303 1514 1770 I input_interaction: Interaction with: 8b4d5f5 com.thundercomm.screensaver/android.service.dreams.DreamActivity (server), edge-swipe (server), swipe-up (server), PointerEventDispatcher0 (server),
11-11 05:24:57.305 1514 7707 I wm_finish_activity: [0,76840761,81,com.thundercomm.screensaver/android.service.dreams.DreamActivity,finish-activity]
11-11 05:24:57.305 1514 7707 I wm_task_moved: [80,1,7]
11-11 05:24:57.305 1514 7707 I wm_task_to_front: [0,80]
11-11 05:24:57.307 1514 7707 I wm_focused_root_task: [0,0,80,81,finish-top adjustFocusToNextFocusableTask]
11-11 05:24:57.308 1514 7707 I wm_pause_activity: [0,76840761,com.thundercomm.screensaver/android.service.dreams.DreamActivity,userLeaving=false,finish]
11-11 05:24:57.317 1514 6421 I DreamManagerService: Gently waking up from dream.
11-11 05:24:57.323 1514 1592 I DreamManagerService: Performing gentle wake from dream.
11-11 05:24:57.323 4894 4894 I wm_on_top_resumed_lost_called: [76840761,android.service.dreams.DreamActivity,topStateChangedWhenResumed]
11-11 05:24:57.328 1514 1595 I sysui_multi_action: [757,803,799,window_time_0,802,11]
11-11 05:24:57.332 4894 4894 I wm_on_paused_called: [76840761,android.service.dreams.DreamActivity,performPause]
11-11 05:24:57.333 1514 9439 I wm_add_to_stopping: [0,76840761,com.thundercomm.screensaver/android.service.dreams.DreamActivity,completeFinishing]
11-11 05:24:57.334 1514 9439 I ActivityTaskManager: FOREGROUND_APPLICATION_CHANGED to com.android.settings.homepage.SettingsHomepageActivity
11-11 05:24:57.337 1514 9439 I wm_set_resumed_activity: [0,com.android.settings/.homepage.SettingsHomepageActivity,resumeTopActivityInnerLocked]
11-11 05:24:57.340 1514 9439 I wm_resume_activity: [0,128411934,80,com.android.settings/.homepage.SettingsHomepageActivity]
11-11 05:24:57.341 1514 1770 I input_focus: [Focus leaving 8b4d5f5 com.thundercomm.screensaver/android.service.dreams.DreamActivity (server),reason=NO_WINDOW]
11-11 05:24:57.345 4894 4894 I view_enqueue_input_event: [Motion - Cancel,com.thundercomm.screensaver/android.service.dreams.DreamActivity]
11-11 05:24:57.353 1514 1595 I sysui_multi_action: [757,803,799,window_time_0,802,0]
11-11 05:24:57.354 9441 9441 I wm_on_restart_called: [128411934,com.android.settings.homepage.SettingsHomepageActivity,performRestartActivity]
11-11 05:24:57.357 9441 9441 I wm_on_start_called: [128411934,com.android.settings.homepage.SettingsHomepageActivity,handleStartActivity]
11-11 05:24:57.358 9441 9441 I snet_event_log: [120484087,-1,]
11-11 05:24:57.358 9441 9441 I wm_on_resume_called: [128411934,com.android.settings.homepage.SettingsHomepageActivity,RESUME_ACTIVITY]
11-11 05:24:57.359 9441 9441 I sysui_multi_action: [757,35,758,1,833,0,1089,0]
11-11 05:24:57.373 9441 9441 I sysui_multi_action: [757,20,758,1,833,0,1089,0]
11-11 05:24:57.380 1514 1649 I PowerManagerService: Powering on display group fromDreaming (groupId=0, uid=1000, reason=WAKE_REASON_UNKNOWN, details=android.server.power:DREAM_FINISHED)...
11-11 05:24:57.380 1514 1649 I PowerManagerService: Waking up from Dreaming (uid=1000, reason=WAKE_REASON_UNKNOWN, details=android.server.power:DREAM_FINISHED)...
11-11 05:24:57.391 1514 9439 I netstats_mobile_sample: [0,0,0,0,0,0,0,0,0,0,0,0,1668115497391]
11-11 05:24:57.392 1514 9439 I netstats_wifi_sample: [61957579,141310,25295379,59463,61957579,141310,25295379,59463,72911202,199505,12795766,31127,1668115497391]
11-11 05:24:57.398 9441 9441 I wm_on_top_resumed_gained_called: [128411934,com.android.settings.homepage.SettingsHomepageActivity,topWhenResuming]
11-11 05:24:57.399 0 0 I auditd : type=1400 audit(0.0:2856): avc: denied { kill } for comm="swapper/1" capability=5 scontext=u:r:kernel:s0 tcontext=u:r:kernel:s0 tclass=capability permissive=0
11-11 05:24:57.407 1514 1596 I input_focus: [Focus request a001a06 com.android.settings/com.android.settings.homepage.SettingsHomepageActivity,reason=UpdateInputWindows]
11-11 05:24:57.426 1514 1770 I input_focus: [Focus entering a001a06 com.android.settings/com.android.settings.homepage.SettingsHomepageActivity (server),reason=setFocusedWindow]
11-11 05:24:57.454 3685 3703 W ContextImpl: Calling a method in the system process without a qualified user: android.app.ContextImpl.startService:1816 android.content.ContextWrapper.startService:774 com.thundercomm.gamemode.ingame.services.GameModeActionUtils.startGameModeService:93 com.thundercomm.gamemode.ingame.services.GameModeActionUtils.startGameModeEntry:21 com.thundercomm.gamemode.ingame.services.ActivityMonitoringService$1.onActivityLaunch:126
11-11 05:24:57.462 1514 1514 I GameModeConfig: Current uri is uri = content://com.thundercomm.gamemode.api/gamemode_settings/gamemode_isgaming
11-11 05:24:57.468 1514 1514 I GameModeConfig: isGameModeOn = false
11-11 05:24:57.468 1514 1514 I GameModeConfig: isGameModeOn = false
11-11 05:24:57.468 1514 1514 I GameModeConfig: isDisableVoice = true
11-11 05:24:57.933 1514 1595 I wm_destroy_activity: [0,76840761,81,com.thundercomm.screensaver/android.service.dreams.DreamActivity,finish-imm:idle]
11-11 05:24:57.942 3685 3703 W ContextImpl: Calling a method in the system process without a qualified user: android.app.ContextImpl.startService:1816 android.content.ContextWrapper.startService:774 com.thundercomm.gamemode.ingame.services.GameModeActionUtils.startGameModeService:93 com.thundercomm.gamemode.ingame.services.GameModeActionUtils.startGameModeEntry:21 com.thundercomm.gamemode.ingame.services.ActivityMonitoringService$1.onActivityLaunch:126
11-11 05:24:57.947 1514 1514 I GameModeConfig: Current uri is uri = content://com.thundercomm.gamemode.api/gamemode_settings/gamemode_isgaming
11-11 05:24:57.951 1514 1514 I GameModeConfig: isGameModeOn = false
11-11 05:24:57.951 1514 1514 I GameModeConfig: isGameModeOn = false
11-11 05:24:57.951 1514 1514 I GameModeConfig: isDisableVoice = true
11-11 05:24:57.955 4894 4894 I wm_on_stop_called: [76840761,android.service.dreams.DreamActivity,LIFECYCLER_STOP_ACTIVITY]
11-11 05:24:57.956 4894 4894 I wm_on_destroy_called: [76840761,android.service.dreams.DreamActivity,performDestroy]
11-11 05:24:57.958 1514 9439 I DreamManagerService: Leaving dreamland.
11-11 05:24:57.959 1514 1592 I DreamManagerService: Performing gentle wake from dream.
11-11 05:24:57.959 1514 1592 I DreamController: Stopping dream: name=ComponentInfo{com.thundercomm.screensaver/com.thundercomm.saverclock.service.ClockScreensaver}, isTest=false, canDoze=false, userId=0, reason='finished self'(from 'finished self')
11-11 05:24:57.959 1514 1592 I sysui_multi_action: [757,222,758,2]
11-11 05:24:57.959 1514 1592 I sysui_multi_action: [757,804,799,dreaming_minutes,801,0,802,1]
11-11 05:24:57.970 1514 1754 I wm_task_removed: [81,removeChild:removeChild last r=ActivityRecord{4947f39 u0 com.thundercomm.screensaver/android.service.dreams.DreamActivity t-1 f}} in t=Task{3694f3a #81 type=dream A=10051:android:com.thundercomm.screensaver/dream U=0 visible=false mode=fullscreen translucent=true sz=0}]
11-11 05:24:57.970 1514 1754 I wm_task_removed: [81,removeChild]
11-11 05:24:57.972 1514 1596 W ActivityTaskManager: Can't find TaskDisplayArea to determine support for multi window. Task id=81 attached=false
11-11 05:24:58.399 0 0 I auditd : type=1400 audit(0.0:2857): avc: denied { kill } for comm="swapper/1" capability=5 scontext=u:r:kernel:s0 tcontext=u:r:kernel:s0 tclass=capability permissive=0
11-11 05:24:59.194 1514 1770 I input_interaction: Interaction with: a001a06 com.android.settings/com.android.settings.homepage.SettingsHomepageActivity (server), edge-swipe (server), swipe-up (server), PointerEventDispatcher0 (server),
11-11 05:24:59.210 1514 1921 I wm_task_moved: [39,0,0]
11-11 05:24:59.211 1514 1921 I wm_task_moved: [39,0,6]
11-11 05:24:59.226 2503 2503 I wm_on_restart_called: [157690489,com.android.launcher3.uioverrides.QuickstepLauncher,performRestartActivity]
11-11 05:24:59.233 3685 3703 W ContextImpl: Calling a method in the system process without a qualified user: android.app.ContextImpl.startService:1816 android.content.ContextWrapper.startService:774 com.thundercomm.gamemode.ingame.services.GameModeActionUtils.startGameModeService:93 com.thundercomm.gamemode.ingame.services.GameModeActionUtils.startGameModeEntry:21 com.thundercomm.gamemode.ingame.services.ActivityMonitoringService$1.onActivityLaunch:126
11-11 05:24:59.240 1514 1514 I GameModeConfig: Current uri is uri = content://com.thundercomm.gamemode.api/gamemode_settings/gamemode_isgaming
11-11 05:24:59.243 1514 1514 I GameModeConfig: isGameModeOn = false
11-11 05:24:59.243 1514 1514 I GameModeConfig: isGameModeOn = false
11-11 05:24:59.243 1514 1514 I GameModeConfig: isDisableVoice = true
11-11 05:24:59.254 2503 2503 I wm_on_start_called: [157690489,com.android.launcher3.uioverrides.QuickstepLauncher,handleStartActivity]
11-11 05:24:59.277 1514 1592 I sysui_multi_action: [319,11,322,58,325,2314,757,761,758,9,759,5,806,com.android.launcher3,871,com.android.launcher3.uioverrides.QuickstepLauncher,904,com.android.launcher3,905,0,1320,8,1321,5]
11-11 05:24:59.310 9441 9441 I view_enqueue_input_event: [Motion - Cancel,com.android.settings/com.android.settings.homepage.SettingsHomepageActivity]
11-11 05:24:59.312 2503 2503 I sysui_latency: [1,72]
11-11 05:24:59.317 1514 1770 I input_interaction: Interaction with: edge-swipe (server), swipe-up (server), PointerEventDispatcher0 (server),
11-11 05:24:59.323 1514 1596 I input_focus: [Focus request recents_animation_input_consumer,reason=UpdateInputWindows]
11-11 05:24:59.348 1514 1770 I input_focus: [Focus leaving a001a06 com.android.settings/com.android.settings.homepage.SettingsHomepageActivity (server),reason=NOT_FOCUSABLE]
11-11 05:24:59.348 1514 1770 I input_focus: [Focus entering recents_animation_input_consumer (server),reason=setFocusedWindow]
11-11 05:24:59.399 0 0 I auditd : type=1400 audit(0.0:2858): avc: denied { kill } for comm="swapper/1" capability=5 scontext=u:r:kernel:s0 tcontext=u:r:kernel:s0 tclass=capability permissive=0
11-11 05:24:59.409 1514 1514 I service_manager_stats: [100,64,13394]
11-11 05:24:59.460 1514 1715 I commit_sys_config_file: [settings-1-0,7]
11-11 05:24:59.570 1514 1612 I sysui_latency: [8,70]
11-11 05:25:00.202 1514 1715 I commit_sys_config_file: [settings-1-0,5]
11-11 05:25:00.399 0 0 I auditd : type=1400 audit(0.0:2859): avc: denied { kill } for comm="swapper/1" capability=5 scontext=u:r:kernel:s0 tcontext=u:r:kernel:s0 tclass=capability permissive=0
11-11 05:25:00.688 1514 1770 I input_interaction: Interaction with: eea03e8 com.android.launcher3/com.android.launcher3.uioverrides.QuickstepLauncher (server), edge-swipe (server), swipe-up (server), PointerEventDispatcher0 (server),
11-11 05:25:01.119 1514 1921 I wm_task_moved: [39,1,7]
11-11 05:25:01.124 1514 1921 I wm_focused_root_task: [0,0,39,80,RecentsAnimation.onAnimationFinished()]
11-11 05:25:01.125 9441 9441 I wm_on_top_resumed_lost_called: [128411934,com.android.settings.homepage.SettingsHomepageActivity,topStateChangedWhenResumed]
11-11 05:25:01.127 1514 1921 I wm_pause_activity: [0,128411934,com.android.settings/.homepage.SettingsHomepageActivity,userLeaving=false,pauseBackTasks]
11-11 05:25:01.128 1514 1921 I ActivityTaskManager: FOREGROUND_APPLICATION_CHANGED to com.android.launcher3.uioverrides.QuickstepLauncher
11-11 05:25:01.129 1514 1921 I wm_set_resumed_activity: [0,com.android.launcher3/.uioverrides.QuickstepLauncher,resumeTopActivityInnerLocked]
11-11 05:25:01.133 1514 1921 I wm_resume_activity: [0,157690489,40,com.android.launcher3/.uioverrides.QuickstepLauncher]
11-11 05:25:01.134 1514 1921 I wm_add_to_stopping: [0,128411934,com.android.settings/.homepage.SettingsHomepageActivity,makeInvisible]
11-11 05:25:01.141 2503 2503 I wm_on_resume_called: [157690489,com.android.launcher3.uioverrides.QuickstepLauncher,RESUME_ACTIVITY]
11-11 05:25:01.152 1514 1596 I input_focus: [Focus request eea03e8 com.android.launcher3/com.android.launcher3.uioverrides.QuickstepLauncher,reason=UpdateInputWindows]
11-11 05:25:01.155 9441 9441 I sysui_multi_action: [757,35,758,2,1089,3797]
11-11 05:25:01.156 9441 9441 I sysui_multi_action: [757,20,758,2,1089,3783]
11-11 05:25:01.157 9441 9441 I wm_on_paused_called: [128411934,com.android.settings.homepage.SettingsHomepageActivity,performPause]
11-11 05:25:01.158 1514 9595 I wm_stop_activity: [0,128411934,com.android.settings/.homepage.SettingsHomepageActivity]
11-11 05:25:01.160 1514 1595 I sysui_multi_action: [757,803,799,window_time_0,802,4]
11-11 05:25:01.164 1514 1595 I sysui_multi_action: [757,803,799,window_time_0,802,0]
11-11 05:25:01.172 2503 2503 I wm_on_top_resumed_gained_called: [157690489,com.android.launcher3.uioverrides.QuickstepLauncher,topStateChangedWhenResumed]
11-11 05:25:01.173 1514 1770 I input_focus: [Focus leaving recents_animation_input_consumer (server),reason=NOT_VISIBLE]
11-11 05:25:01.173 1514 1770 I input_focus: [Focus entering eea03e8 com.android.launcher3/com.android.launcher3.uioverrides.QuickstepLauncher (server),reason=setFocusedWindow]
11-11 05:25:01.195 9441 9441 I wm_on_stop_called: [128411934,com.android.settings.homepage.SettingsHomepageActivity,STOP_ACTIVITY_ITEM]
11-11 05:25:01.225 3685 3703 W ContextImpl: Calling a method in the system process without a qualified user: android.app.ContextImpl.startService:1816 android.content.ContextWrapper.startService:774 com.thundercomm.gamemode.ingame.services.GameModeActionUtils.startGameModeService:93 com.thundercomm.gamemode.ingame.services.GameModeActionUtils.startGameModeEntry:21 com.thundercomm.gamemode.ingame.services.ActivityMonitoringService$1.onActivityLaunch:126
11-11 05:25:01.229 1514 1514 I GameModeConfig: Current uri is uri = content://com.thundercomm.gamemode.api/gamemode_settings/gamemode_isgaming
11-11 05:25:01.231 1514 1514 I GameModeConfig: isGameModeOn = false
11-11 05:25:01.231 1514 1514 I GameModeConfig: isGameModeOn = false
11-11 05:25:01.231 1514 1514 I GameModeConfig: isDisableVoice = true
11-11 05:25:01.234 1514 1770 I input_interaction: Interaction with: eea03e8 com.android.launcher3/com.android.launcher3.uioverrides.QuickstepLauncher (server), 8068647 com.android.systemui.ImageWallpaper (server), edge-swipe (server), swipe-up (server), PointerEventDispatcher0 (server),
11-11 05:25:01.253 1514 1754 I wm_finish_activity: [0,178373644,77,com.android.music/.VideoBrowserActivity,recent-task-trimmed]
11-11 05:25:01.254 1514 1754 I wm_destroy_activity: [0,178373644,77,com.android.music/.VideoBrowserActivity,finish-imm:finishIfPossible]
11-11 05:25:01.255 1514 1595 I ActivityManager: Killing 9604:com.android.music/u0a86 (adj 900): remove task
11-11 05:25:01.255 1514 1595 I am_kill : [0,9604,com.android.music,900,remove task]
11-11 05:25:01.255 1514 1754 I wm_finish_activity: [0,128411934,80,com.android.settings/.homepage.SettingsHomepageActivity,recent-task-trimmed]
11-11 05:25:01.256 1514 1754 I wm_destroy_activity: [0,128411934,80,com.android.settings/.homepage.SettingsHomepageActivity,finish-imm:finishIfPossible]
11-11 05:25:01.258 1514 1595 I sysui_multi_action: [757,803,799,window_time_0,802,0]
11-11 05:25:01.259 1514 2742 E TaskPersister: File error accessing recents directory (directory doesn't exist?).
11-11 05:25:01.260 1514 1595 I ActivityManager: Killing 9441:com.android.settings/1000 (adj 900): remove task
11-11 05:25:01.260 1514 1595 I am_kill : [0,9441,com.android.settings,900,remove task]
11-11 05:25:01.261 3685 3703 W ContextImpl: Calling a method in the system process without a qualified user: android.app.ContextImpl.startService:1816 android.content.ContextWrapper.startService:774 com.thundercomm.gamemode.ingame.services.GameModeActionUtils.startGameModeService:93 com.thundercomm.gamemode.ingame.services.GameModeActionUtils.startGameModeEntry:21 com.thundercomm.gamemode.ingame.services.ActivityMonitoringService$1.onActivityLaunch:126
11-11 05:25:01.261 1514 1595 I sysui_multi_action: [757,803,799,window_time_0,802,0]
11-11 05:25:01.264 1514 1514 I GameModeConfig: Current uri is uri = content://com.thundercomm.gamemode.api/gamemode_settings/gamemode_isgaming
11-11 05:25:01.266 1514 1514 I GameModeConfig: isGameModeOn = false
11-11 05:25:01.266 1514 1514 I GameModeConfig: isGameModeOn = false
11-11 05:25:01.266 1514 1514 I GameModeConfig: isDisableVoice = true
11-11 05:25:01.271 1514 2742 E TaskPersister: File error accessing recents directory (directory doesn't exist?).
11-11 05:25:01.293 1514 1540 I am_proc_died: [0,9604,com.android.music,900,18]
11-11 05:25:01.293 1514 2072 I WindowManager: WIN DEATH: Window{7733a2f u0 com.android.music/com.android.music.VideoBrowserActivity}
11-11 05:25:01.296 1514 1540 I am_uid_stopped: 10086
11-11 05:25:01.298 1514 1921 I WindowManager: WIN DEATH: Window{a001a06 u0 com.android.settings/com.android.settings.homepage.SettingsHomepageActivity}
11-11 05:25:01.301 1514 1540 I wm_task_removed: [77,removeChild:removeChild last r=ActivityRecord{aa1c40c u0 com.android.music/.VideoBrowserActivity t-1 f}} in t=Task{81a88a4 #77 type=standard A=10086:android.task.video U=0 visible=false mode=fullscreen translucent=true sz=0}]
11-11 05:25:01.301 1514 1540 I wm_task_removed: [77,removeChild]
11-11 05:25:01.303 1514 1596 W ActivityTaskManager: Can't find TaskDisplayArea to determine support for multi window. Task id=77 attached=false
11-11 05:25:01.303 1514 1596 W ActivityTaskManager: Can't find TaskDisplayArea to determine support for multi window. Task id=77 attached=false
11-11 05:25:01.304 1514 1595 W ActivityManager: setHasOverlayUi called on unknown pid: 9604
11-11 05:25:01.304 1514 9439 I am_proc_died: [0,9441,com.android.settings,900,18]
11-11 05:25:01.307 1514 9439 I wm_task_removed: [80,removeChild:removeChild last r=ActivityRecord{7a7691e u0 com.android.settings/.homepage.SettingsHomepageActivity t-1 f}} in t=Task{fb0ca93 #80 type=standard A=1000:com.android.settings.root U=0 visible=false mode=fullscreen translucent=true sz=0}]
11-11 05:25:01.307 1514 9439 I wm_task_removed: [80,removeChild]
11-11 05:25:01.309 1514 1596 W ActivityTaskManager: Can't find TaskDisplayArea to determine support for multi window. Task id=80 attached=false
11-11 05:25:01.309 1514 1596 W ActivityTaskManager: Can't find TaskDisplayArea to determine support for multi window. Task id=80 attached=false
11-11 05:25:01.309 1514 1595 W ActivityManager: setHasOverlayUi called on unknown pid: 9441
11-11 05:25:01.309 1514 1612 W UsageStatsService: Unexpected activity event reported! (com.android.music/com.android.music.VideoBrowserActivity event : 23 instanceId : 59835545)
11-11 05:25:01.312 1514 1612 W UsageStatsService: Unexpected activity event reported! (com.android.settings/com.android.settings.homepage.SettingsHomepageActivity event : 23 instanceId : 162572633)
11-11 05:25:01.314 1514 1595 D CompatibilityChangeReporter: Compat change id reported: 135634846; UID 1000; state: DISABLED
11-11 05:25:01.314 1514 1595 D CompatibilityChangeReporter: Compat change id reported: 177438394; UID 1000; state: DISABLED
11-11 05:25:01.314 1514 1595 D CompatibilityChangeReporter: Compat change id reported: 135772972; UID 1000; state: DISABLED
11-11 05:25:01.315 1514 1595 D CompatibilityChangeReporter: Compat change id reported: 135754954; UID 1000; state: ENABLED
11-11 05:25:01.315 1514 1595 I am_uid_running: 10086
11-11 05:25:01.316 1514 1595 D CompatibilityChangeReporter: Compat change id reported: 135634846; UID 10086; state: DISABLED
11-11 05:25:01.316 1514 1595 D CompatibilityChangeReporter: Compat change id reported: 177438394; UID 10086; state: DISABLED
11-11 05:25:01.316 1514 1595 D CompatibilityChangeReporter: Compat change id reported: 135772972; UID 10086; state: DISABLED
11-11 05:25:01.316 1514 1595 D CompatibilityChangeReporter: Compat change id reported: 135754954; UID 10086; state: ENABLED
11-11 05:25:01.324 1514 1615 I am_proc_start: [0,10325,1000,com.android.settings,NULL,]
11-11 05:25:01.324 1514 1615 I ActivityManager: Start proc 10325:com.android.settings/1000 for null
11-11 05:25:01.325 1514 1615 D CompatibilityChangeReporter: Compat change id reported: 143937733; UID 10086; state: ENABLED
11-11 05:25:01.334 1514 1615 I am_proc_start: [0,10326,10086,com.android.music,NULL,]
11-11 05:25:01.334 1514 1615 I ActivityManager: Start proc 10326:com.android.music/u0a86 for null
11-11 05:25:01.353 1514 1540 I am_proc_bound: [0,10325,com.android.settings]
11-11 05:25:01.357 1514 1540 I am_proc_bound: [0,10326,com.android.music]
11-11 05:25:01.364 3685 3703 W ContextImpl: Calling a method in the system process without a qualified user: android.app.ContextImpl.startService:1816 android.content.ContextWrapper.startService:774 com.thundercomm.gamemode.ingame.services.GameModeActionUtils.startGameModeService:93 com.thundercomm.gamemode.ingame.services.GameModeActionUtils.startGameModeEntry:21 com.thundercomm.gamemode.ingame.services.ActivityMonitoringService$1.onActivityLaunch:126
11-11 05:25:01.368 1514 1514 I GameModeConfig: Current uri is uri = content://com.thundercomm.gamemode.api/gamemode_settings/gamemode_isgaming
11-11 05:25:01.378 1514 1514 I GameModeConfig: isGameModeOn = false
11-11 05:25:01.380 1514 1514 I GameModeConfig: isGameModeOn = false
11-11 05:25:01.380 1514 1514 I GameModeConfig: isDisableVoice = true
11-11 05:25:01.399 0 0 I auditd : type=1400 audit(0.0:2860): avc: denied { kill } for comm="swapper/1" capability=5 scontext=u:r:kernel:s0 tcontext=u:r:kernel:s0 tclass=capability permissive=0
11-11 05:25:03.399 0 0 I auditd : type=1400 audit(0.0:2861): avc: denied { kill } for comm="swapper/1" capability=5 scontext=u:r:kernel:s0 tcontext=u:r:kernel:s0 tclass=capability permissive=0
11-11 05:25:04.093 1514 1540 I ActivityTaskManager: START u0 {flg=0x10008000 cmp=com.android.gallery3d/.app.GalleryActivity} from uid 10079
11-11 05:25:04.099 1514 1540 I wm_task_created: [82,-1]
11-11 05:25:04.099 1514 1540 W ActivityTaskManager: Can't find TaskDisplayArea to determine support for multi window. Task id=82 attached=false
11-11 05:25:04.101 1514 1540 D FreeFormWindowHelper: Add freeform task=Task{c6f69d7 #82 type=standard ?? U=0 visible=false mode=freeform translucent=true sz=0}
11-11 05:25:04.106 1514 1540 D CompatibilityChangeReporter: Compat change id reported: 174042980; UID 10068; state: DISABLED
11-11 05:25:04.107 1514 1540 D CompatibilityChangeReporter: Compat change id reported: 184838306; UID 10068; state: DISABLED
11-11 05:25:04.108 1514 1540 D CompatibilityChangeReporter: Compat change id reported: 185004937; UID 10068; state: DISABLED
11-11 05:25:04.109 1514 1540 D CompatibilityChangeReporter: Compat change id reported: 181136395; UID 10068; state: DISABLED
11-11 05:25:04.109 1514 1540 D CompatibilityChangeReporter: Compat change id reported: 174042936; UID 10068; state: DISABLED
11-11 05:25:04.111 1514 1540 I wm_task_moved: [82,1,6]
11-11 05:25:04.111 1514 1540 I wm_task_to_front: [0,82]
11-11 05:25:04.112 1514 1540 I wm_create_task: [0,82]
11-11 05:25:04.112 1514 1540 I wm_create_activity: [0,25092322,82,com.android.gallery3d/.app.GalleryActivity,NULL,NULL,NULL,268468224]
11-11 05:25:04.112 1514 1540 I wm_task_moved: [82,1,6]
11-11 05:25:04.114 1514 1540 D CompatibilityChangeReporter: Compat change id reported: 168419799; UID 10068; state: DISABLED
11-11 05:25:04.114 1514 1540 I ActivityTaskManager: FOREGROUND_APPLICATION_CHANGED to com.android.gallery3d.app.GalleryActivity
11-11 05:25:04.129 1514 1595 I am_uid_running: 10068
11-11 05:25:04.131 1514 1595 D CompatibilityChangeReporter: Compat change id reported: 135634846; UID 10068; state: DISABLED
11-11 05:25:04.131 1514 1595 D CompatibilityChangeReporter: Compat change id reported: 177438394; UID 10068; state: DISABLED
11-11 05:25:04.132 1514 1595 D CompatibilityChangeReporter: Compat change id reported: 135772972; UID 10068; state: DISABLED
11-11 05:25:04.132 1514 1595 D CompatibilityChangeReporter: Compat change id reported: 135754954; UID 10068; state: DISABLED
11-11 05:25:04.133 2503 2503 I wm_on_top_resumed_lost_called: [157690489,com.android.launcher3.uioverrides.QuickstepLauncher,topStateChangedWhenResumed]
11-11 05:25:04.133 1514 1615 D CompatibilityChangeReporter: Compat change id reported: 143937733; UID 10068; state: DISABLED
11-11 05:25:04.143 1514 1615 I am_proc_start: [0,10367,10068,com.android.gallery3d,top-activity,{com.android.gallery3d/com.android.gallery3d.app.GalleryActivity}]
11-11 05:25:04.143 1514 1615 I ActivityManager: Start proc 10367:com.android.gallery3d/u0a68 for top-activity {com.android.gallery3d/com.android.gallery3d.app.GalleryActivity}
11-11 05:25:04.173 1514 1540 I am_proc_bound: [0,10367,com.android.gallery3d]
11-11 05:25:04.175 1514 1540 I ActivityTaskManager: The Process com.android.gallery3d Already Exists in BG. So sending its PID: 10367
11-11 05:25:04.176 1514 1540 I wm_restart_activity: [0,25092322,82,com.android.gallery3d/.app.GalleryActivity]
11-11 05:25:04.177 1514 1540 I wm_set_resumed_activity: [0,com.android.gallery3d/.app.GalleryActivity,minimalResumeActivityLocked]
11-11 05:25:04.178 1514 1540 I am_uid_active: 10068
11-11 05:25:04.198 3685 3703 W ContextImpl: Calling a method in the system process without a qualified user: android.app.ContextImpl.startService:1816 android.content.ContextWrapper.startService:774 com.thundercomm.gamemode.ingame.services.GameModeActionUtils.startGameModeService:93 com.thundercomm.gamemode.ingame.services.GameModeActionUtils.startGameModeEntry:21 com.thundercomm.gamemode.ingame.services.ActivityMonitoringService$1.onActivityLaunch:126
11-11 05:25:04.204 1514 1514 I GameModeConfig: Current uri is uri = content://com.thundercomm.gamemode.api/gamemode_settings/gamemode_isgaming
11-11 05:25:04.215 1514 1514 I GameModeConfig: isGameModeOn = false
11-11 05:25:04.215 1514 1514 I GameModeConfig: isGameModeOn = false
11-11 05:25:04.215 1514 1514 I GameModeConfig: isDisableVoice = true
11-11 05:25:04.239 10367 10367 I wm_on_create_called: [25092322,com.android.gallery3d.app.GalleryActivity,performCreate]
11-11 05:25:04.240 10367 10367 I wm_on_start_called: [25092322,com.android.gallery3d.app.GalleryActivity,handleStartActivity]
11-11 05:25:04.244 10367 10367 I wm_on_resume_called: [25092322,com.android.gallery3d.app.GalleryActivity,RESUME_ACTIVITY]
11-11 05:25:04.251 10367 10367 I wm_on_top_resumed_gained_called: [25092322,com.android.gallery3d.app.GalleryActivity,topStateChangedWhenResumed]
11-11 05:25:04.266 1514 1596 I input_focus: [Focus request ab5d0db com.android.gallery3d/com.android.gallery3d.app.GalleryActivity,reason=UpdateInputWindows]
11-11 05:25:04.292 1514 1770 I input_focus: [Focus leaving eea03e8 com.android.launcher3/com.android.launcher3.uioverrides.QuickstepLauncher (server),reason=Waiting for window because NOT_VISIBLE]
11-11 05:25:04.347 1514 1592 I sysui_multi_action: [319,251,322,251,325,2319,757,761,758,7,759,2,806,com.android.gallery3d,871,com.android.gallery3d.app.GalleryActivity,904,com.android.launcher3,905,0,945,82,1320,4,1321,1]
11-11 05:25:04.349 1514 1592 I wm_activity_launch_time: [0,25092322,com.android.gallery3d/.app.GalleryActivity,251]
11-11 05:25:04.359 1514 1770 I input_focus: [Focus entering ab5d0db com.android.gallery3d/com.android.gallery3d.app.GalleryActivity (server),reason=Window became focusable. Previous reason: NOT_VISIBLE]
11-11 05:25:04.399 0 0 I auditd : type=1400 audit(0.0:2862): avc: denied { kill } for comm="swapper/1" capability=5 scontext=u:r:kernel:s0 tcontext=u:r:kernel:s0 tclass=capability permissive=0
11-11 05:25:04.521 504 504 I auditd : avc: denied { find } for interface=vendor.qti.qspmhal::IQspmhal sid=u:r:mediaserver:s0 pid=1190 scontext=u:r:mediaserver:s0 tcontext=u:object_r:vendor_hal_qspmhal_hwservice:s0 tclass=hwservice_manager permissive=0
11-11 05:25:05.316 1514 2742 E TaskPersister: File error accessing recents directory (directory doesn't exist?).
11-11 05:25:05.399 0 0 I auditd : type=1400 audit(0.0:2863): avc: denied { kill } for comm="swapper/1" capability=5 scontext=u:r:kernel:s0 tcontext=u:r:kernel:s0 tclass=capability permissive=0
11-11 05:25:06.312 1514 1770 I input_interaction: Interaction with: ab5d0db com.android.gallery3d/com.android.gallery3d.app.GalleryActivity (server), edge-swipe (server), swipe-up (server), PointerEventDispatcher0 (server),
11-11 05:25:06.399 288 288 I auditd : type=1400 audit(0.0:2864): avc: denied { kill } for comm="kgsl_worker_thr" capability=5 scontext=u:r:kernel:s0 tcontext=u:r:kernel:s0 tclass=capability permissive=0
11-11 05:25:06.440 1514 1540 I wm_relaunch_resume_activity: [0,25092322,82,com.android.gallery3d/.app.GalleryActivity]
11-11 05:25:06.441 1514 1540 I wm_add_to_stopping: [0,157690489,com.android.launcher3/.uioverrides.QuickstepLauncher,makeInvisible]
11-11 05:25:06.443 1514 1540 D FreeFormWindowHelper: Remove freefrom task=Task{c6f69d7 #82 type=standard A=10068:com.android.gallery3d U=0 visible=true mode=fullscreen translucent=false sz=1}
11-11 05:25:06.457 10367 10367 I wm_on_top_resumed_lost_called: [25092322,com.android.gallery3d.app.GalleryActivity,pausing]
11-11 05:25:06.458 1514 9439 W WindowManager: Attempted to set replacing window on app token with no content Token{8f3c556 ActivityRecord{17ee0e2 u0 com.android.gallery3d/.app.GalleryActivity t82}}
11-11 05:25:06.467 10367 10367 I wm_on_paused_called: [25092322,com.android.gallery3d.app.GalleryActivity,performPause]
11-11 05:25:06.467 10367 10367 I wm_on_stop_called: [25092322,com.android.gallery3d.app.GalleryActivity,handleRelaunchActivity]
11-11 05:25:06.470 10367 10367 I wm_on_destroy_called: [25092322,com.android.gallery3d.app.GalleryActivity,performDestroy]
11-11 05:25:06.471 1514 1612 I am_pss : [10235,10084,com.qualcomm.qti.qccauthmgr,6395904,4321280,0,94871552,0,19,7]
11-11 05:25:06.471 3685 3703 W ContextImpl: Calling a method in the system process without a qualified user: android.app.ContextImpl.startService:1816 android.content.ContextWrapper.startService:774 com.thundercomm.gamemode.ingame.services.GameModeActionUtils.startGameModeService:93 com.thundercomm.gamemode.ingame.services.GameModeActionUtils.startGameModeEntry:21 com.thundercomm.gamemode.ingame.services.ActivityMonitoringService$1.onActivityLaunch:126
11-11 05:25:06.476 1514 1514 I GameModeConfig: Current uri is uri = content://com.thundercomm.gamemode.api/gamemode_settings/gamemode_isgaming
11-11 05:25:06.482 1514 1514 I GameModeConfig: isGameModeOn = false
11-11 05:25:06.482 1514 1514 I GameModeConfig: isGameModeOn = false
11-11 05:25:06.482 1514 1514 I GameModeConfig: isDisableVoice = true
11-11 05:25:06.485 1514 1612 I am_pss : [10085,10032,com.android.documentsui,11891712,9408512,0,105943040,0,19,6]
11-11 05:25:06.490 1514 1612 I am_pss : [9773,10033,com.android.externalstorage,6568960,4423680,0,96415744,0,19,5]
11-11 05:25:06.497 1514 1612 I am_pss : [9741,10018,android.process.media,11274240,9056256,0,102146048,0,19,5]
11-11 05:25:06.500 10367 10367 I wm_on_create_called: [25092322,com.android.gallery3d.app.GalleryActivity,performCreate]
11-11 05:25:06.502 10367 10367 I wm_on_start_called: [25092322,com.android.gallery3d.app.GalleryActivity,handleStartActivity]
11-11 05:25:06.509 10367 10367 I wm_on_resume_called: [25092322,com.android.gallery3d.app.GalleryActivity,RESUME_ACTIVITY]
11-11 05:25:06.509 10367 10367 I wm_on_top_resumed_gained_called: [25092322,com.android.gallery3d.app.GalleryActivity,topWhenResuming]
11-11 05:25:06.517 1514 1901 I GameModeConfig: isGameModeOn = false
11-11 05:25:06.518 1514 1901 I GameModeConfig: isGameModeOn = false
11-11 05:25:06.518 1514 1901 I GameModeConfig: isGameModeOn = false
11-11 05:25:06.518 1514 1901 I GameModeConfig: isGameModeOn = false
11-11 05:25:06.520 1998 1998 I sysui_multi_action: [757,111,758,2]
11-11 05:25:06.520 1514 1514 I notification_enqueue: [10082,1998,com.android.systemui,2048,NULL,0,Notification(channel=updateNotification shortcut=null contentView=null vibrate=null sound=null defaults=0x0 flags=0x0 color=0x00000000 vis=PRIVATE),1]
11-11 05:25:06.520 1998 1998 I sysui_multi_action: [757,111,758,2]
11-11 05:25:06.528 1514 10030 I WindowManager: finishDrawing of relaunch: Window{ab5d0db u0 com.android.gallery3d/com.android.gallery3d.app.GalleryActivity} 88ms
11-11 05:25:06.536 1998 1998 I sysui_multi_action: [757,111,758,1]
11-11 05:25:06.536 1998 1998 I sysui_multi_action: [757,126,758,1,759,126,927,0,928,1,1593,0]
11-11 05:25:06.537 1998 1998 I sysui_multi_action: [757,113,758,1,759,113,927,1,928,1,1593,0]
11-11 05:25:06.537 1998 1998 I sysui_multi_action: [757,0,758,1,759,0,927,2,928,0,1593,0]
11-11 05:25:06.537 1998 1998 I sysui_multi_action: [757,0,758,1,759,0,927,3,928,0,1593,0]
11-11 05:25:06.538 1998 1998 I sysui_multi_action: [757,491,758,1,759,491,927,4,928,0,1311,-1,1593,0]
11-11 05:25:06.538 1998 1998 I sysui_multi_action: [757,0,758,1,759,0,927,5,928,0,1593,0]
11-11 05:25:06.538 1998 1998 I sysui_multi_action: [757,111,758,1]
11-11 05:25:06.538 1998 1998 I sysui_multi_action: [757,126,758,1,759,126,927,0,928,1,1593,0]
11-11 05:25:06.538 1998 1998 I sysui_multi_action: [757,113,758,1,759,113,927,1,928,1,1593,0]
11-11 05:25:06.539 1998 1998 I sysui_multi_action: [757,0,758,1,759,0,927,2,928,0,1593,0]
11-11 05:25:06.539 1998 1998 I sysui_multi_action: [757,0,758,1,759,0,927,3,928,0,1593,0]
11-11 05:25:06.722 1514 1514 I GameModeConfig: isGameModeOn = false
11-11 05:25:06.724 1514 1514 I sysui_multi_action: [757,1501,758,1,793,2300843,794,0,795,205,796,2048,806,com.android.systemui,857,updateNotification,858,3,947,0,1500,0,1688,1]
11-11 05:25:06.724 1514 1514 I sysui_multi_action: [757,804,799,note_interruptive,801,0,802,1]
11-11 05:25:06.724 1514 1514 I sysui_multi_action: [757,199,758,1,759,2,793,2300844,794,0,795,206,796,2048,806,com.android.systemui,857,updateNotification,858,3,947,0,1500,1,1688,1]
11-11 05:25:06.724 1514 1514 I notification_alert: [0|com.android.systemui|2048|null|10082,0,1,0]
11-11 05:25:06.725 1514 1514 W NotificationHistory: Attempted to add notif for locked/gone/disabled user 0
11-11 05:25:06.884 1514 1595 I wm_stop_activity: [0,157690489,com.android.launcher3/.uioverrides.QuickstepLauncher]
11-11 05:25:06.894 3685 3703 W ContextImpl: Calling a method in the system process without a qualified user: android.app.ContextImpl.startService:1816 android.content.ContextWrapper.startService:774 com.thundercomm.gamemode.ingame.services.GameModeActionUtils.startGameModeService:93 com.thundercomm.gamemode.ingame.services.GameModeActionUtils.startGameModeEntry:21 com.thundercomm.gamemode.ingame.services.ActivityMonitoringService$1.onActivityLaunch:126
11-11 05:25:06.900 1514 1514 I GameModeConfig: Current uri is uri = content://com.thundercomm.gamemode.api/gamemode_settings/gamemode_isgaming
11-11 05:25:06.902 1514 1514 I GameModeConfig: isGameModeOn = false
11-11 05:25:06.902 1514 1514 I GameModeConfig: isGameModeOn = false
11-11 05:25:06.902 1514 1514 I GameModeConfig: isDisableVoice = true
11-11 05:25:06.912 2503 2503 I wm_on_paused_called: [157690489,com.android.launcher3.uioverrides.QuickstepLauncher,performPause]
11-11 05:25:06.915 2503 2503 I wm_on_stop_called: [157690489,com.android.launcher3.uioverrides.QuickstepLauncher,STOP_ACTIVITY_ITEM]
11-11 05:25:06.941 3685 3703 W ContextImpl: Calling a method in the system process without a qualified user: android.app.ContextImpl.startService:1816 android.content.ContextWrapper.startService:774 com.thundercomm.gamemode.ingame.services.GameModeActionUtils.startGameModeService:93 com.thundercomm.gamemode.ingame.services.GameModeActionUtils.startGameModeEntry:21 com.thundercomm.gamemode.ingame.services.ActivityMonitoringService$1.onActivityLaunch:126
11-11 05:25:06.944 1514 1514 I GameModeConfig: Current uri is uri = content://com.thundercomm.gamemode.api/gamemode_settings/gamemode_isgaming
11-11 05:25:06.947 1514 1514 I GameModeConfig: isGameModeOn = false
11-11 05:25:06.947 1514 1514 I GameModeConfig: isGameModeOn = false
11-11 05:25:06.947 1514 1514 I GameModeConfig: isDisableVoice = true
11-11 05:25:07.399 0 0 I auditd : type=1400 audit(0.0:2865): avc: denied { kill } for comm="swapper/1" capability=5 scontext=u:r:kernel:s0 tcontext=u:r:kernel:s0 tclass=capability permissive=0
11-11 05:25:07.874 1514 9439 I wm_task_moved: [39,0,0]
11-11 05:25:07.875 1514 9439 I wm_task_moved: [39,0,5]
11-11 05:25:07.902 2503 2503 I wm_on_restart_called: [157690489,com.android.launcher3.uioverrides.QuickstepLauncher,performRestartActivity]
11-11 05:25:07.909 3685 3703 W ContextImpl: Calling a method in the system process without a qualified user: android.app.ContextImpl.startService:1816 android.content.ContextWrapper.startService:774 com.thundercomm.gamemode.ingame.services.GameModeActionUtils.startGameModeService:93 com.thundercomm.gamemode.ingame.services.GameModeActionUtils.startGameModeEntry:21 com.thundercomm.gamemode.ingame.services.ActivityMonitoringService$1.onActivityLaunch:126
11-11 05:25:07.914 1514 1514 I GameModeConfig: Current uri is uri = content://com.thundercomm.gamemode.api/gamemode_settings/gamemode_isgaming
11-11 05:25:07.918 1514 1514 I GameModeConfig: isGameModeOn = false
11-11 05:25:07.918 1514 1514 I GameModeConfig: isGameModeOn = false
11-11 05:25:07.918 1514 1514 I GameModeConfig: isDisableVoice = true
11-11 05:25:07.928 2503 2503 I wm_on_start_called: [157690489,com.android.launcher3.uioverrides.QuickstepLauncher,handleStartActivity]
11-11 05:25:07.955 1514 1592 I sysui_multi_action: [319,15,322,72,325,2323,757,761,758,9,759,5,806,com.android.launcher3,871,com.android.launcher3.uioverrides.QuickstepLauncher,904,com.android.launcher3,905,0,1320,8,1321,5]
11-11 05:25:07.986 10367 10367 I view_enqueue_input_event: [Motion - Cancel,com.android.gallery3d/com.android.gallery3d.app.GalleryActivity]
11-11 05:25:07.988 2503 2503 I sysui_latency: [1,109]
11-11 05:25:07.994 1514 1596 I input_focus: [Focus request recents_animation_input_consumer,reason=UpdateInputWindows]
11-11 05:25:08.004 1514 1770 I input_interaction: Interaction with: edge-swipe (server), swipe-up (server), PointerEventDispatcher0 (server),
11-11 05:25:08.017 1514 1770 I input_focus: [Focus leaving ab5d0db com.android.gallery3d/com.android.gallery3d.app.GalleryActivity (server),reason=NOT_FOCUSABLE]
11-11 05:25:08.018 1514 1770 I input_focus: [Focus entering recents_animation_input_consumer (server),reason=setFocusedWindow]
11-11 05:25:08.132 1514 1715 I commit_sys_config_file: [settings-1-0,5]
11-11 05:25:08.249 1514 1612 I sysui_latency: [8,102]
11-11 05:25:08.944 1514 1715 I commit_sys_config_file: [settings-1-0,5]
11-11 05:25:09.161 1156 10363 I iorapd : Perfetto TraceBuffer saved to file: /data/misc/iorapd/com.android.gallery3d/40030/com.android.gallery3d.app.GalleryActivity/raw_traces/1668115509156049481.perfetto_trace.pb
11-11 05:25:09.399 0 0 I auditd : type=1400 audit(0.0:2866): avc: denied { kill } for comm="swapper/1" capability=5 scontext=u:r:kernel:s0 tcontext=u:r:kernel:s0 tclass=capability permissive=0
11-11 05:25:09.538 1514 1770 I input_interaction: Interaction with: eea03e8 com.android.launcher3/com.android.launcher3.uioverrides.QuickstepLauncher (server), edge-swipe (server), swipe-up (server), PointerEventDispatcher0 (server),
11-11 05:25:09.659 1514 8092 I ActivityTaskManager: START u0 {flg=0x10008000 cmp=com.android.gallery3d/.app.GalleryActivity} from uid 10079
11-11 05:25:09.690 1514 8092 D FreeFormWindowHelper: Add freeform task=Task{c6f69d7 #82 type=standard A=10068:com.android.gallery3d U=0 visible=true mode=freeform translucent=false sz=1}
11-11 05:25:09.690 1514 8092 I wm_relaunch_resume_activity: [0,25092322,82,com.android.gallery3d/.app.GalleryActivity]
11-11 05:25:09.692 1514 8092 I wm_finish_activity: [0,25092322,82,com.android.gallery3d/.app.GalleryActivity,clear-task-all]
11-11 05:25:09.692 10367 10367 I wm_on_top_resumed_lost_called: [25092322,com.android.gallery3d.app.GalleryActivity,pausing]
11-11 05:25:09.693 1514 8092 I wm_pause_activity: [0,25092322,com.android.gallery3d/.app.GalleryActivity,userLeaving=false,finish]
11-11 05:25:09.702 10367 10367 I wm_on_paused_called: [25092322,com.android.gallery3d.app.GalleryActivity,performPause]
11-11 05:25:09.702 10367 10367 I wm_on_stop_called: [25092322,com.android.gallery3d.app.GalleryActivity,handleRelaunchActivity]
11-11 05:25:09.704 1514 8092 I wm_task_moved: [82,1,6]
11-11 05:25:09.704 1514 8092 I wm_create_activity: [0,138126184,82,com.android.gallery3d/.app.GalleryActivity,NULL,NULL,NULL,268468224]
11-11 05:25:09.719 10367 10367 I wm_on_destroy_called: [25092322,com.android.gallery3d.app.GalleryActivity,performDestroy]
11-11 05:25:09.755 10367 10367 I wm_on_create_called: [25092322,com.android.gallery3d.app.GalleryActivity,performCreate]
11-11 05:25:09.756 10367 10367 I wm_on_start_called: [25092322,com.android.gallery3d.app.GalleryActivity,handleStartActivity]
11-11 05:25:09.760 10367 10367 I wm_on_resume_called: [25092322,com.android.gallery3d.app.GalleryActivity,RESUME_ACTIVITY]
11-11 05:25:09.760 10367 10367 I wm_on_top_resumed_gained_called: [25092322,com.android.gallery3d.app.GalleryActivity,topWhenResuming]
11-11 05:25:09.761 10367 10367 I wm_on_top_resumed_lost_called: [25092322,com.android.gallery3d.app.GalleryActivity,topStateChangedWhenResumed]
11-11 05:25:09.761 10367 10367 I wm_on_paused_called: [25092322,com.android.gallery3d.app.GalleryActivity,performPause]
11-11 05:25:09.761 1514 8092 I wm_add_to_stopping: [0,25092322,com.android.gallery3d/.app.GalleryActivity,completeFinishing]
11-11 05:25:09.762 1514 8092 I ActivityTaskManager: The Process com.android.gallery3d Already Exists in BG. So sending its PID: 10367
11-11 05:25:09.762 1514 8092 W ActivityTaskManager: Tried to set launchTime (0) < mLastActivityLaunchTime (2319590)
11-11 05:25:09.763 1514 8092 I wm_restart_activity: [0,138126184,82,com.android.gallery3d/.app.GalleryActivity]
11-11 05:25:09.763 1514 8092 I wm_set_resumed_activity: [0,com.android.gallery3d/.app.GalleryActivity,minimalResumeActivityLocked]
11-11 05:25:09.767 1514 1595 I sysui_multi_action: [757,803,799,window_time_0,802,9]
11-11 05:25:09.787 10367 10367 I wm_on_create_called: [138126184,com.android.gallery3d.app.GalleryActivity,performCreate]
11-11 05:25:09.788 10367 10367 I wm_on_start_called: [138126184,com.android.gallery3d.app.GalleryActivity,handleStartActivity]
11-11 05:25:09.789 10367 10367 I wm_on_resume_called: [138126184,com.android.gallery3d.app.GalleryActivity,RESUME_ACTIVITY]
11-11 05:25:09.791 10367 10367 I wm_on_top_resumed_gained_called: [138126184,com.android.gallery3d.app.GalleryActivity,topStateChangedWhenResumed]
11-11 05:25:09.808 1514 10030 I WindowManager: finishDrawing of relaunch: Window{ab5d0db u0 com.android.gallery3d/com.android.gallery3d.app.GalleryActivity} 118ms
11-11 05:25:09.826 1514 1592 I wm_activity_launch_time: [0,138126184,com.android.gallery3d/.app.GalleryActivity,167]
11-11 05:25:09.882 3685 3703 W ContextImpl: Calling a method in the system process without a qualified user: android.app.ContextImpl.startService:1816 android.content.ContextWrapper.startService:774 com.thundercomm.gamemode.ingame.services.GameModeActionUtils.startGameModeService:93 com.thundercomm.gamemode.ingame.services.GameModeActionUtils.startGameModeEntry:21 com.thundercomm.gamemode.ingame.services.ActivityMonitoringService$1.onActivityLaunch:126
11-11 05:25:09.889 1514 1514 I GameModeConfig: Current uri is uri = content://com.thundercomm.gamemode.api/gamemode_settings/gamemode_isgaming
11-11 05:25:09.893 1514 1514 I GameModeConfig: isGameModeOn = false
11-11 05:25:09.893 1514 1514 I GameModeConfig: isGameModeOn = false
