11-11 05:23:26.243 1514 2497 I wm_task_created: [76,-1]
11-11 05:23:26.243 1514 2497 W ActivityTaskManager: Can't find TaskDisplayArea to determine support for multi window. Task id=76 attached=false
11-11 05:23:26.245 1514 2497 D FreeFormWindowHelper: Add freeform task=Task{5325a92 #76 type=standard ?? U=0 visible=false mode=freeform translucent=true sz=0}
11-11 05:23:26.249 1514 2497 I wm_task_moved: [76,1,8]
11-11 05:23:26.249 1514 2497 I wm_task_to_front: [0,76]
11-11 05:23:26.250 1514 2497 I wm_create_task: [0,76]
11-11 05:23:26.250 1514 2497 I wm_create_activity: [0,217398371,76,com.android.documentsui/.files.FilesActivity,NULL,NULL,NULL,268992512]
11-11 05:23:26.250 1514 2497 I wm_task_moved: [76,1,8]
11-11 05:23:26.252 1514 2497 I ActivityTaskManager: FOREGROUND_APPLICATION_CHANGED to com.android.documentsui.files.FilesActivity
11-11 05:23:26.252 1514 2497 I ActivityTaskManager: The Process com.android.documentsui Already Exists in BG. So sending its PID: 9716
11-11 05:23:26.252 1514 2497 W ActivityTaskManager: Tried to set launchTime (0) < mLastActivityLaunchTime (2216724)
11-11 05:23:26.255 1514 2497 I wm_restart_activity: [0,217398371,76,com.android.documentsui/.files.FilesActivity]
11-11 05:23:26.257 1514 2497 I wm_set_resumed_activity: [0,com.android.documentsui/.files.FilesActivity,minimalResumeActivityLocked]
11-11 05:23:26.266 2503 2503 I wm_on_top_resumed_lost_called: [157690489,com.android.launcher3.uioverrides.QuickstepLauncher,topStateChangedWhenResumed]
11-11 05:23:26.314 9716 9716 I wm_on_create_called: [217398371,com.android.documentsui.files.FilesActivity,performCreate]
11-11 05:23:26.316 9716 9716 I wm_on_start_called: [217398371,com.android.documentsui.files.FilesActivity,handleStartActivity]
11-11 05:23:26.317 9716 9716 I wm_on_resume_called: [217398371,com.android.documentsui.files.FilesActivity,RESUME_ACTIVITY]
11-11 05:23:26.321 9716 9716 I wm_on_top_resumed_gained_called: [217398371,com.android.documentsui.files.FilesActivity,topStateChangedWhenResumed]
11-11 05:23:26.334 1514 1596 I input_focus: [Focus request 76b6919 com.android.documentsui/com.android.documentsui.files.FilesActivity,reason=UpdateInputWindows]
11-11 05:23:26.357 1514 1770 I input_focus: [Focus leaving eea03e8 com.android.launcher3/com.android.launcher3.uioverrides.QuickstepLauncher (server),reason=Waiting for window because NOT_VISIBLE]
11-11 05:23:26.372 1514 1592 I sysui_multi_action: [319,129,322,129,325,2221,757,761,758,8,759,2,806,com.android.documentsui,871,com.android.documentsui.files.FilesActivity,904,com.android.launcher3,905,0,1320,4,1321,1]
11-11 05:23:26.376 1514 1592 I wm_activity_launch_time: [0,217398371,com.android.documentsui/.files.FilesActivity,129]
11-11 05:23:26.379 1514 1770 I input_focus: [Focus entering 76b6919 com.android.documentsui/com.android.documentsui.files.FilesActivity (server),reason=Window became focusable. Previous reason: NOT_VISIBLE]
11-11 05:23:26.979 1514 2742 E TaskPersister: File error accessing recents directory (directory doesn't exist?).
11-11 05:23:27.972 1514 1770 I input_interaction: Interaction with: 76b6919 com.android.documentsui/com.android.documentsui.files.FilesActivity (server), edge-swipe (server), swipe-up (server), PointerEventDispatcher0 (server),
11-11 05:23:28.035 1514 2072 I wm_finish_activity: [0,217398371,76,com.android.documentsui/.files.FilesActivity,finish-activity]
11-11 05:23:28.035 1514 2072 I wm_task_moved: [39,1,8]
11-11 05:23:28.038 1514 2072 I wm_set_resumed_activity: [0,com.android.launcher3/.uioverrides.QuickstepLauncher,positionChildAt]
11-11 05:23:28.038 1514 2072 I wm_task_moved: [40,1,2147483647]
11-11 05:23:28.038 1514 2072 I wm_task_to_front: [0,40]
11-11 05:23:28.038 1514 2072 I wm_focused_root_task: [0,0,39,-1,finish-top adjustFocusToNextFocusableTask]
11-11 05:23:28.038 1514 2072 I wm_set_resumed_activity: [0,com.android.launcher3/.uioverrides.QuickstepLauncher,finish-top]
11-11 05:23:28.045 1514 2072 I wm_pause_activity: [0,217398371,com.android.documentsui/.files.FilesActivity,userLeaving=false,finish]
11-11 05:23:28.051 9716 9716 I wm_on_top_resumed_lost_called: [217398371,com.android.documentsui.files.FilesActivity,topStateChangedWhenResumed]
11-11 05:23:28.052 2503 2503 I wm_on_top_resumed_gained_called: [157690489,com.android.launcher3.uioverrides.QuickstepLauncher,topStateChangedWhenResumed]
11-11 05:23:28.055 1514 2742 E TaskPersister: File error accessing recents directory (directory doesn't exist?).
11-11 05:23:28.056 9716 9716 I wm_on_paused_called: [217398371,com.android.documentsui.files.FilesActivity,performPause]
11-11 05:23:28.057 1514 1595 I sysui_multi_action: [757,803,799,window_time_0,802,5]
11-11 05:23:28.058 1514 2072 I ActivityTaskManager: FOREGROUND_APPLICATION_CHANGED to com.android.launcher3.uioverrides.QuickstepLauncher
11-11 05:23:28.058 1514 2072 I wm_destroy_activity: [0,217398371,76,com.android.documentsui/.files.FilesActivity,finish-imm:completePausedLocked]
11-11 05:23:28.071 1514 1596 I input_focus: [Focus request eea03e8 com.android.launcher3/com.android.launcher3.uioverrides.QuickstepLauncher,reason=UpdateInputWindows]
11-11 05:23:28.077 9716 9716 I wm_on_stop_called: [217398371,com.android.documentsui.files.FilesActivity,LIFECYCLER_STOP_ACTIVITY]
11-11 05:23:28.086 9716 9716 I wm_on_destroy_called: [217398371,com.android.documentsui.files.FilesActivity,performDestroy]
11-11 05:23:28.088 1514 1595 I sysui_multi_action: [757,803,799,window_time_0,802,0]
11-11 05:23:28.094 1514 1770 I input_focus: [Focus entering eea03e8 com.android.launcher3/com.android.launcher3.uioverrides.QuickstepLauncher (server),reason=setFocusedWindow]
11-11 05:23:28.172 3685 3703 W ContextImpl: Calling a method in the system process without a qualified user: android.app.ContextImpl.startService:1816 android.content.ContextWrapper.startService:774 com.thundercomm.gamemode.ingame.services.GameModeActionUtils.startGameModeService:93 com.thundercomm.gamemode.ingame.services.GameModeActionUtils.startGameModeEntry:21 com.thundercomm.gamemode.ingame.services.ActivityMonitoringService$1.onActivityLaunch:126
11-11 05:23:28.181 1514 1514 I GameModeConfig: Current uri is uri = content://com.thundercomm.gamemode.api/gamemode_settings/gamemode_isgaming
11-11 05:23:28.185 1514 1514 I GameModeConfig: isGameModeOn = false
11-11 05:23:28.186 1514 1514 I GameModeConfig: isGameModeOn = false
11-11 05:23:28.186 1514 1514 I GameModeConfig: isDisableVoice = true
11-11 05:23:28.360 1514 1596 I wm_task_removed: [76,removeChild:removeChild last r=ActivityRecord{cf53c63 u0 com.android.documentsui/.files.FilesActivity t-1 f}} in t=Task{5325a92 #76 type=standard A=10032:com.android.documentsui U=0 visible=false mode=freeform translucent=true sz=0}]
11-11 05:23:28.360 1514 1596 I wm_task_removed: [76,removeChild]
11-11 05:23:28.360 1514 1596 D FreeFormWindowHelper: Remove freefrom task=Task{5325a92 #76 type=standard A=10032:com.android.documentsui U=0 visible=false mode=freeform translucent=true sz=0}
11-11 05:23:28.399 0 0 I auditd : type=1400 audit(0.0:2678): avc: denied { kill } for comm="swapper/1" capability=5 scontext=u:r:kernel:s0 tcontext=u:r:kernel:s0 tclass=capability permissive=0
11-11 05:23:29.110 1514 1770 I input_interaction: Interaction with: eea03e8 com.android.launcher3/com.android.launcher3.uioverrides.QuickstepLauncher (server), 8068647 com.android.systemui.ImageWallpaper (server), edge-swipe (server), swipe-up (server), PointerEventDispatcher0 (server),
11-11 05:23:29.244 2503 2503 I view_enqueue_input_event: [Motion - Cancel,com.android.launcher3/com.android.launcher3.uioverrides.QuickstepLauncher]
11-11 05:23:29.257 1514 1770 I input_interaction: Interaction with: edge-swipe (server), swipe-up (server), PointerEventDispatcher0 (server),
11-11 05:23:29.399 0 0 I auditd : type=1400 audit(0.0:2679): avc: denied { kill } for comm="swapper/1" capability=5 scontext=u:r:kernel:s0 tcontext=u:r:kernel:s0 tclass=capability permissive=0
11-11 05:23:29.438 1514 1715 I commit_sys_config_file: [settings-1-0,9]
11-11 05:23:29.724 1514 1715 I commit_sys_config_file: [settings-1-0,5]
11-11 05:23:30.399 0 0 I auditd : type=1400 audit(0.0:2680): avc: denied { kill } for comm="swapper/1" capability=5 scontext=u:r:kernel:s0 tcontext=u:r:kernel:s0 tclass=capability permissive=0
11-11 05:23:30.497 1514 1770 I input_interaction: Interaction with: eea03e8 com.android.launcher3/com.android.launcher3.uioverrides.QuickstepLauncher (server), 8068647 com.android.systemui.ImageWallpaper (server), edge-swipe (server), swipe-up (server), PointerEventDispatcher0 (server),
11-11 05:23:31.100 1514 1754 I wm_finish_activity: [0,195579183,73,com.android.documentsui/.files.FilesActivity,remove-task]
11-11 05:23:31.104 1514 1754 I wm_destroy_activity: [0,195579183,73,com.android.documentsui/.files.FilesActivity,finish-imm:finishIfPossible]
11-11 05:23:31.118 1514 1595 I ActivityManager: Killing 9716:com.android.documentsui/u0a32 (adj 900): remove task
11-11 05:23:31.118 1514 1595 I am_kill : [0,9716,com.android.documentsui,900,remove task]
11-11 05:23:31.126 1514 1595 I sysui_multi_action: [757,803,799,window_time_0,802,3]
11-11 05:23:31.131 3685 3703 W ContextImpl: Calling a method in the system process without a qualified user: android.app.ContextImpl.startService:1816 android.content.ContextWrapper.startService:774 com.thundercomm.gamemode.ingame.services.GameModeActionUtils.startGameModeService:93 com.thundercomm.gamemode.ingame.services.GameModeActionUtils.startGameModeEntry:21 com.thundercomm.gamemode.ingame.services.ActivityMonitoringService$1.onActivityLaunch:126
11-11 05:23:31.140 1514 2742 E TaskPersister: File error accessing recents directory (directory doesn't exist?).
11-11 05:23:31.142 1514 1514 I GameModeConfig: Current uri is uri = content://com.thundercomm.gamemode.api/gamemode_settings/gamemode_isgaming
11-11 05:23:31.144 1514 1514 I GameModeConfig: isGameModeOn = false
11-11 05:23:31.144 1514 1514 I GameModeConfig: isGameModeOn = false
11-11 05:23:31.144 1514 1514 I GameModeConfig: isDisableVoice = true
11-11 05:23:31.191 1514 2116 I WindowManager: WIN DEATH: Window{a12e615 u0 com.android.documentsui/com.android.documentsui.files.FilesActivity}
11-11 05:23:31.193 1514 1754 I am_proc_died: [0,9716,com.android.documentsui,900,18]
11-11 05:23:31.196 1514 1754 I am_uid_stopped: 10032
11-11 05:23:31.197 1514 1754 I wm_task_removed: [73,removeChild:removeChild last r=ActivityRecord{ba84d2f u0 com.android.documentsui/.files.FilesActivity t-1 f}} in t=Task{3d47672 #73 type=standard A=10032:com.android.documentsui U=0 visible=false mode=fullscreen translucent=true sz=0}]
11-11 05:23:31.197 1514 1754 I wm_task_removed: [73,removeChild]
11-11 05:23:31.199 1514 1595 W ActivityManager: setHasOverlayUi called on unknown pid: 9716
11-11 05:23:31.199 1514 1612 W UsageStatsService: Unexpected activity event reported! (com.android.documentsui/com.android.documentsui.files.FilesActivity event : 23 instanceId : 123286032)
11-11 05:23:31.199 1514 1596 W ActivityTaskManager: Can't find TaskDisplayArea to determine support for multi window. Task id=73 attached=false
11-11 05:23:31.199 1514 1596 W ActivityTaskManager: Can't find TaskDisplayArea to determine support for multi window. Task id=73 attached=false
11-11 05:23:31.201 1514 1595 I am_uid_running: 10032
11-11 05:23:31.202 1514 1595 D CompatibilityChangeReporter: Compat change id reported: 135634846; UID 10032; state: DISABLED
11-11 05:23:31.202 1514 1595 D CompatibilityChangeReporter: Compat change id reported: 177438394; UID 10032; state: DISABLED
11-11 05:23:31.202 1514 1595 D CompatibilityChangeReporter: Compat change id reported: 135772972; UID 10032; state: DISABLED
11-11 05:23:31.202 1514 1595 D CompatibilityChangeReporter: Compat change id reported: 135754954; UID 10032; state: ENABLED
11-11 05:23:31.202 1514 1615 D CompatibilityChangeReporter: Compat change id reported: 143937733; UID 10032; state: ENABLED
11-11 05:23:31.212 1514 1615 I am_proc_start: [0,10085,10032,com.android.documentsui,NULL,]
11-11 05:23:31.212 1514 1615 I ActivityManager: Start proc 10085:com.android.documentsui/u0a32 for null
11-11 05:23:31.218 3685 3703 W ContextImpl: Calling a method in the system process without a qualified user: android.app.ContextImpl.startService:1816 android.content.ContextWrapper.startService:774 com.thundercomm.gamemode.ingame.services.GameModeActionUtils.startGameModeService:93 com.thundercomm.gamemode.ingame.services.GameModeActionUtils.startGameModeEntry:21 com.thundercomm.gamemode.ingame.services.ActivityMonitoringService$1.onActivityLaunch:126
11-11 05:23:31.223 1514 1514 I GameModeConfig: Current uri is uri = content://com.thundercomm.gamemode.api/gamemode_settings/gamemode_isgaming
11-11 05:23:31.226 1514 1514 I GameModeConfig: isGameModeOn = false
11-11 05:23:31.226 1514 1514 I GameModeConfig: isGameModeOn = false
11-11 05:23:31.226 1514 1514 I GameModeConfig: isDisableVoice = true
11-11 05:23:31.241 1514 1754 I am_proc_bound: [0,10085,com.android.documentsui]
11-11 05:23:31.399 0 0 I auditd : type=1400 audit(0.0:2681): avc: denied { kill } for comm="swapper/1" capability=5 scontext=u:r:kernel:s0 tcontext=u:r:kernel:s0 tclass=capability permissive=0
11-11 05:23:31.716 1514 2116 I ActivityTaskManager: START u0 {flg=0x10008000 cmp=com.android.music/.VideoBrowserActivity} from uid 10079
11-11 05:23:31.720 1514 2116 I wm_task_moved: [70,1,6]
11-11 05:23:31.720 1514 2116 I wm_task_to_front: [0,70]
11-11 05:23:31.721 1514 2116 I wm_focused_root_task: [0,0,70,39,bringingFoundTaskToFront]
11-11 05:23:31.722 1514 2116 I wm_set_resumed_activity: [0,com.android.music/.VideoBrowserActivity,bringingFoundTaskToFront]
11-11 05:23:31.726 1514 2116 D FreeFormWindowHelper: Add freeform task=Task{9990f2b #70 type=standard A=10086:android.task.video U=0 visible=true mode=freeform translucent=true sz=1}
11-11 05:23:31.728 1514 2116 I ActivityTaskManager: FOREGROUND_APPLICATION_CHANGED to com.android.music.VideoBrowserActivity
11-11 05:23:31.729 1514 2116 I wm_set_resumed_activity: [0,com.android.music/.VideoBrowserActivity,resumeTopActivityInnerLocked]
11-11 05:23:31.732 1514 2116 I wm_resume_activity: [0,146893346,70,com.android.music/.VideoBrowserActivity]
11-11 05:23:31.734 1514 2116 I wm_finish_activity: [0,146893346,70,com.android.music/.VideoBrowserActivity,clear-task-all]
11-11 05:23:31.735 1514 2116 I wm_pause_activity: [0,146893346,com.android.music/.VideoBrowserActivity,userLeaving=false,finish]
11-11 05:23:31.739 1514 2116 I wm_task_moved: [70,1,6]
11-11 05:23:31.739 1514 2116 I wm_create_activity: [0,247496742,70,com.android.music/.VideoBrowserActivity,NULL,NULL,NULL,272662528]
11-11 05:23:31.753 2503 2503 I wm_on_top_resumed_lost_called: [157690489,com.android.launcher3.uioverrides.QuickstepLauncher,topStateChangedWhenResumed]
11-11 05:23:31.759 9604 9604 I wm_on_restart_called: [146893346,com.android.music.VideoBrowserActivity,performRestartActivity]
11-11 05:23:31.759 9604 9604 I wm_on_start_called: [146893346,com.android.music.VideoBrowserActivity,handleStartActivity]
11-11 05:23:31.760 9604 9604 I wm_on_resume_called: [146893346,com.android.music.VideoBrowserActivity,RESUME_ACTIVITY]
11-11 05:23:31.760 9604 9604 I wm_on_paused_called: [146893346,com.android.music.VideoBrowserActivity,performPause]
11-11 05:23:31.762 1514 4820 I wm_add_to_stopping: [0,146893346,com.android.music/.VideoBrowserActivity,completeFinishing]
11-11 05:23:31.764 1514 4820 I ActivityTaskManager: The Process com.android.music Already Exists in BG. So sending its PID: 9604
11-11 05:23:31.764 1514 4820 W ActivityTaskManager: Tried to set launchTime (0) < mLastActivityLaunchTime (2195571)
11-11 05:23:31.767 1514 4820 I wm_restart_activity: [0,247496742,70,com.android.music/.VideoBrowserActivity]
11-11 05:23:31.768 1514 4820 I wm_set_resumed_activity: [0,com.android.music/.VideoBrowserActivity,minimalResumeActivityLocked]
11-11 05:23:31.781 1514 1595 I sysui_multi_action: [757,803,799,window_time_0,802,1]
11-11 05:23:31.785 3685 3703 W ContextImpl: Calling a method in the system process without a qualified user: android.app.ContextImpl.startService:1816 android.content.ContextWrapper.startService:774 com.thundercomm.gamemode.ingame.services.GameModeActionUtils.startGameModeService:93 com.thundercomm.gamemode.ingame.services.GameModeActionUtils.startGameModeEntry:21 com.thundercomm.gamemode.ingame.services.ActivityMonitoringService$1.onActivityLaunch:126
11-11 05:23:31.789 1514 1514 I GameModeConfig: Current uri is uri = content://com.thundercomm.gamemode.api/gamemode_settings/gamemode_isgaming
11-11 05:23:31.796 1514 1514 I GameModeConfig: isGameModeOn = false
11-11 05:23:31.796 1514 1514 I GameModeConfig: isGameModeOn = false
11-11 05:23:31.796 1514 1514 I GameModeConfig: isDisableVoice = true
11-11 05:23:31.824 9604 9604 I wm_on_create_called: [247496742,com.android.music.VideoBrowserActivity,performCreate]
11-11 05:23:31.824 9604 9604 I wm_on_start_called: [247496742,com.android.music.VideoBrowserActivity,handleStartActivity]
11-11 05:23:31.825 9604 9604 I wm_on_resume_called: [247496742,com.android.music.VideoBrowserActivity,RESUME_ACTIVITY]
11-11 05:23:31.827 9604 9604 I wm_on_top_resumed_gained_called: [247496742,com.android.music.VideoBrowserActivity,topStateChangedWhenResumed]
11-11 05:23:31.845 1514 1596 I input_focus: [Focus request 990ab80 com.android.music/com.android.music.VideoBrowserActivity,reason=UpdateInputWindows]
11-11 05:23:31.855 1514 1770 I input_focus: [Focus leaving eea03e8 com.android.launcher3/com.android.launcher3.uioverrides.QuickstepLauncher (server),reason=Waiting for window because NOT_VISIBLE]
11-11 05:23:31.859 1514 1592 I wm_activity_launch_time: [0,247496742,com.android.music/.VideoBrowserActivity,143]
11-11 05:23:31.871 1514 1770 I input_focus: [Focus entering 990ab80 com.android.music/com.android.music.VideoBrowserActivity (server),reason=Window became focusable. Previous reason: NOT_VISIBLE]
11-11 05:23:31.881 3685 3703 W ContextImpl: Calling a method in the system process without a qualified user: android.app.ContextImpl.startService:1816 android.content.ContextWrapper.startService:774 com.thundercomm.gamemode.ingame.services.GameModeActionUtils.startGameModeService:93 com.thundercomm.gamemode.ingame.services.GameModeActionUtils.startGameModeEntry:21 com.thundercomm.gamemode.ingame.services.ActivityMonitoringService$1.onActivityLaunch:126
11-11 05:23:31.888 1514 1514 I GameModeConfig: Current uri is uri = content://com.thundercomm.gamemode.api/gamemode_settings/gamemode_isgaming
11-11 05:23:31.889 1514 1514 I GameModeConfig: isGameModeOn = false
11-11 05:23:31.890 1514 1514 I GameModeConfig: isGameModeOn = false
11-11 05:23:31.890 1514 1514 I GameModeConfig: isDisableVoice = true
11-11 05:23:32.139 1514 1595 I wm_destroy_activity: [0,146893346,70,com.android.music/.VideoBrowserActivity,finish-imm:idle]
11-11 05:23:32.140 9604 9604 I wm_on_stop_called: [146893346,com.android.music.VideoBrowserActivity,LIFECYCLER_STOP_ACTIVITY]
11-11 05:23:32.141 9604 9604 I wm_on_destroy_called: [146893346,com.android.music.VideoBrowserActivity,performDestroy]
11-11 05:23:33.032 1514 1770 I input_interaction: Interaction with: 990ab80 com.android.music/com.android.music.VideoBrowserActivity (server), edge-swipe (server), swipe-up (server), PointerEventDispatcher0 (server),
11-11 05:23:33.152 1514 10083 I wm_finish_activity: [0,247496742,70,com.android.music/.VideoBrowserActivity,finish-activity]
11-11 05:23:33.153 1514 10083 I wm_task_moved: [39,1,6]
11-11 05:23:33.158 1514 10083 I wm_set_resumed_activity: [0,com.android.launcher3/.uioverrides.QuickstepLauncher,positionChildAt]
11-11 05:23:33.158 1514 10083 I wm_task_moved: [40,1,2147483647]
11-11 05:23:33.158 1514 10083 I wm_task_to_front: [0,40]
11-11 05:23:33.158 1514 10083 I wm_focused_root_task: [0,0,39,-1,finish-top adjustFocusToNextFocusableTask]
11-11 05:23:33.158 1514 10083 I wm_set_resumed_activity: [0,com.android.launcher3/.uioverrides.QuickstepLauncher,finish-top]
11-11 05:23:33.176 1514 10083 I wm_pause_activity: [0,247496742,com.android.music/.VideoBrowserActivity,userLeaving=false,finish]
11-11 05:23:33.183 9604 9604 I wm_on_top_resumed_lost_called: [247496742,com.android.music.VideoBrowserActivity,topStateChangedWhenResumed]
11-11 05:23:33.185 1514 1596 I input_focus: [Focus request eea03e8 com.android.launcher3/com.android.launcher3.uioverrides.QuickstepLauncher,reason=UpdateInputWindows]
11-11 05:23:33.187 9604 9604 I wm_on_paused_called: [247496742,com.android.music.VideoBrowserActivity,performPause]
11-11 05:23:33.187 2503 2503 I wm_on_top_resumed_gained_called: [157690489,com.android.launcher3.uioverrides.QuickstepLauncher,topStateChangedWhenResumed]
11-11 05:23:33.189 1514 10083 I ActivityTaskManager: FOREGROUND_APPLICATION_CHANGED to com.android.launcher3.uioverrides.QuickstepLauncher
11-11 05:23:33.189 1514 10083 I wm_destroy_activity: [0,247496742,70,com.android.music/.VideoBrowserActivity,finish-imm:completePausedLocked]
11-11 05:23:33.207 9604 9604 I wm_on_stop_called: [247496742,com.android.music.VideoBrowserActivity,LIFECYCLER_STOP_ACTIVITY]
11-11 05:23:33.209 9604 9604 I wm_on_destroy_called: [247496742,com.android.music.VideoBrowserActivity,performDestroy]
11-11 05:23:33.210 1514 1770 I input_focus: [Focus leaving 990ab80 com.android.music/com.android.music.VideoBrowserActivity (server),reason=NO_WINDOW]
11-11 05:23:33.210 1514 1770 I input_focus: [Focus entering eea03e8 com.android.launcher3/com.android.launcher3.uioverrides.QuickstepLauncher (server),reason=setFocusedWindow]
11-11 05:23:33.215 1514 1595 I sysui_multi_action: [757,803,799,window_time_2,802,1]
11-11 05:23:33.222 1514 2742 E TaskPersister: File error accessing recents directory (directory doesn't exist?).
11-11 05:23:33.223 1514 1595 I sysui_multi_action: [757,803,799,window_time_0,802,0]
11-11 05:23:33.246 3685 3703 W ContextImpl: Calling a method in the system process without a qualified user: android.app.ContextImpl.startService:1816 android.content.ContextWrapper.startService:774 com.thundercomm.gamemode.ingame.services.GameModeActionUtils.startGameModeService:93 com.thundercomm.gamemode.ingame.services.GameModeActionUtils.startGameModeEntry:21 com.thundercomm.gamemode.ingame.services.ActivityMonitoringService$1.onActivityLaunch:126
11-11 05:23:33.252 1514 1514 I GameModeConfig: Current uri is uri = content://com.thundercomm.gamemode.api/gamemode_settings/gamemode_isgaming
11-11 05:23:33.261 1514 1514 I GameModeConfig: isGameModeOn = false
11-11 05:23:33.261 1514 1514 I GameModeConfig: isGameModeOn = false
11-11 05:23:33.261 1514 1514 I GameModeConfig: isDisableVoice = true
11-11 05:23:33.296 3685 3703 W ContextImpl: Calling a method in the system process without a qualified user: android.app.ContextImpl.startService:1816 android.content.ContextWrapper.startService:774 com.thundercomm.gamemode.ingame.services.GameModeActionUtils.startGameModeService:93 com.thundercomm.gamemode.ingame.services.GameModeActionUtils.startGameModeEntry:21 com.thundercomm.gamemode.ingame.services.ActivityMonitoringService$1.onActivityLaunch:126
11-11 05:23:33.301 1514 1514 I GameModeConfig: Current uri is uri = content://com.thundercomm.gamemode.api/gamemode_settings/gamemode_isgaming
11-11 05:23:33.302 1514 1514 I GameModeConfig: isGameModeOn = false
11-11 05:23:33.302 1514 1514 I GameModeConfig: isGameModeOn = false
11-11 05:23:33.302 1514 1514 I GameModeConfig: isDisableVoice = true
11-11 05:23:33.399 0 0 I auditd : type=1400 audit(0.0:2682): avc: denied { kill } for comm="swapper/1" capability=5 scontext=u:r:kernel:s0 tcontext=u:r:kernel:s0 tclass=capability permissive=0
11-11 05:23:33.489 1514 1596 I wm_task_removed: [70,removeChild:removeChild last r=ActivityRecord{ec08026 u0 com.android.music/.VideoBrowserActivity t-1 f}} in t=Task{9990f2b #70 type=standard A=10086:android.task.video U=0 visible=false mode=freeform translucent=true sz=0}]
11-11 05:23:33.489 1514 1596 I wm_task_removed: [70,removeChild]
11-11 05:23:33.489 1514 1596 D FreeFormWindowHelper: Remove freefrom task=Task{9990f2b #70 type=standard A=10086:android.task.video U=0 visible=false mode=freeform translucent=true sz=0}
11-11 05:23:34.399 0 0 I auditd : type=1400 audit(0.0:2683): avc: denied { kill } for comm="swapper/1" capability=5 scontext=u:r:kernel:s0 tcontext=u:r:kernel:s0 tclass=capability permissive=0
11-11 05:23:34.838 1514 1770 I input_interaction: Interaction with: eea03e8 com.android.launcher3/com.android.launcher3.uioverrides.QuickstepLauncher (server), 8068647 com.android.systemui.ImageWallpaper (server), edge-swipe (server), swipe-up (server), PointerEventDispatcher0 (server),
11-11 05:23:34.958 1514 2116 I ActivityTaskManager: START u0 {act=android.intent.action.MAIN cat=[android.intent.category.LAUNCHER] flg=0x10200000 cmp=com.android.music/.VideoBrowserActivity bnds=[2233,540][2408,723]} from uid 10079
11-11 05:23:34.964 1514 2116 I wm_task_created: [77,-1]
11-11 05:23:34.964 1514 2116 W ActivityTaskManager: Can't find TaskDisplayArea to determine support for multi window. Task id=77 attached=false
11-11 05:23:34.968 1514 2116 I wm_task_moved: [77,1,6]
11-11 05:23:34.968 1514 2116 I wm_task_to_front: [0,77]
11-11 05:23:34.969 1514 2116 I wm_create_task: [0,77]
11-11 05:23:34.969 1514 2116 I wm_create_activity: [0,178373644,77,com.android.music/.VideoBrowserActivity,android.intent.action.MAIN,NULL,NULL,270532608]
11-11 05:23:34.969 1514 2116 I wm_task_moved: [77,1,6]
11-11 05:23:34.971 1514 2116 I wm_pause_activity: [0,157690489,com.android.launcher3/.uioverrides.QuickstepLauncher,userLeaving=true,pauseBackTasks]
11-11 05:23:34.979 2503 2503 I wm_on_top_resumed_lost_called: [157690489,com.android.launcher3.uioverrides.QuickstepLauncher,topStateChangedWhenResumed]
11-11 05:23:34.980 2503 2503 I wm_on_paused_called: [157690489,com.android.launcher3.uioverrides.QuickstepLauncher,performPause]
11-11 05:23:34.980 1514 7301 I ActivityTaskManager: FOREGROUND_APPLICATION_CHANGED to com.android.music.VideoBrowserActivity
11-11 05:23:34.982 1514 7301 I ActivityTaskManager: The Process com.android.music Already Exists in BG. So sending its PID: 9604
11-11 05:23:34.983 1514 7301 W ActivityTaskManager: Tried to set launchTime (0) < mLastActivityLaunchTime (2227181)
11-11 05:23:34.984 1514 7301 I wm_add_to_stopping: [0,157690489,com.android.launcher3/.uioverrides.QuickstepLauncher,makeInvisible]
11-11 05:23:34.985 1514 7301 I wm_restart_activity: [0,178373644,77,com.android.music/.VideoBrowserActivity]
11-11 05:23:34.989 1514 7301 I wm_set_resumed_activity: [0,com.android.music/.VideoBrowserActivity,minimalResumeActivityLocked]
11-11 05:23:35.016 1514 1770 I input_focus: [Focus leaving eea03e8 com.android.launcher3/com.android.launcher3.uioverrides.QuickstepLauncher (server),reason=NO_WINDOW]
11-11 05:23:35.018 3685 3703 W ContextImpl: Calling a method in the system process without a qualified user: android.app.ContextImpl.startService:1816 android.content.ContextWrapper.startService:774 com.thundercomm.gamemode.ingame.services.GameModeActionUtils.startGameModeService:93 com.thundercomm.gamemode.ingame.services.GameModeActionUtils.startGameModeEntry:21 com.thundercomm.gamemode.ingame.services.ActivityMonitoringService$1.onActivityLaunch:126
11-11 05:23:35.024 1514 1514 I GameModeConfig: Current uri is uri = content://com.thundercomm.gamemode.api/gamemode_settings/gamemode_isgaming
11-11 05:23:35.025 1514 1595 I sysui_multi_action: [757,803,799,window_time_0,802,2]
11-11 05:23:35.029 1514 1514 I GameModeConfig: isGameModeOn = false
11-11 05:23:35.029 1514 1514 I GameModeConfig: isGameModeOn = false
11-11 05:23:35.029 1514 1514 I GameModeConfig: isDisableVoice = true
11-11 05:23:35.048 9604 9604 I wm_on_create_called: [178373644,com.android.music.VideoBrowserActivity,performCreate]
11-11 05:23:35.048 9604 9604 I wm_on_start_called: [178373644,com.android.music.VideoBrowserActivity,handleStartActivity]
11-11 05:23:35.049 9604 9604 I wm_on_resume_called: [178373644,com.android.music.VideoBrowserActivity,RESUME_ACTIVITY]
11-11 05:23:35.056 9604 9604 I wm_on_top_resumed_gained_called: [178373644,com.android.music.VideoBrowserActivity,topStateChangedWhenResumed]
11-11 05:23:35.063 1514 1596 I input_focus: [Focus request 7733a2f com.android.music/com.android.music.VideoBrowserActivity,reason=UpdateInputWindows]
11-11 05:23:35.074 1514 1592 I sysui_multi_action: [319,85,321,81,322,112,325,2230,757,761,758,8,759,1,806,com.android.music,871,com.android.music.VideoBrowserActivity,904,com.android.launcher3,905,0,1320,4,1321,1]
11-11 05:23:35.075 1514 1592 I wm_activity_launch_time: [0,178373644,com.android.music/.VideoBrowserActivity,112]
11-11 05:23:35.080 1514 1770 I input_focus: [Focus entering 7733a2f com.android.music/com.android.music.VideoBrowserActivity (server),reason=setFocusedWindow]
11-11 05:23:35.098 3685 3703 W ContextImpl: Calling a method in the system process without a qualified user: android.app.ContextImpl.startService:1816 android.content.ContextWrapper.startService:774 com.thundercomm.gamemode.ingame.services.GameModeActionUtils.startGameModeService:93 com.thundercomm.gamemode.ingame.services.GameModeActionUtils.startGameModeEntry:21 com.thundercomm.gamemode.ingame.services.ActivityMonitoringService$1.onActivityLaunch:126
11-11 05:23:35.103 1514 1514 I GameModeConfig: Current uri is uri = content://com.thundercomm.gamemode.api/gamemode_settings/gamemode_isgaming
11-11 05:23:35.105 1514 1514 I GameModeConfig: isGameModeOn = false
11-11 05:23:35.105 1514 1514 I GameModeConfig: isGameModeOn = false
11-11 05:23:35.105 1514 1514 I GameModeConfig: isDisableVoice = true
11-11 05:23:35.399 0 0 I auditd : type=1400 audit(0.0:2684): avc: denied { kill } for comm="swapper/1" capability=5 scontext=u:r:kernel:s0 tcontext=u:r:kernel:s0 tclass=capability permissive=0
11-11 05:23:35.599 1514 1595 I wm_stop_activity: [0,157690489,com.android.launcher3/.uioverrides.QuickstepLauncher]
11-11 05:23:35.642 2503 2503 I wm_on_stop_called: [157690489,com.android.launcher3.uioverrides.QuickstepLauncher,STOP_ACTIVITY_ITEM]
11-11 05:23:35.652 3685 3703 W ContextImpl: Calling a method in the system process without a qualified user: android.app.ContextImpl.startService:1816 android.content.ContextWrapper.startService:774 com.thundercomm.gamemode.ingame.services.GameModeActionUtils.startGameModeService:93 com.thundercomm.gamemode.ingame.services.GameModeActionUtils.startGameModeEntry:21 com.thundercomm.gamemode.ingame.services.ActivityMonitoringService$1.onActivityLaunch:126
11-11 05:23:35.657 1514 1514 I GameModeConfig: Current uri is uri = content://com.thundercomm.gamemode.api/gamemode_settings/gamemode_isgaming
11-11 05:23:35.659 1514 1514 I GameModeConfig: isGameModeOn = false
11-11 05:23:35.660 1514 1514 I GameModeConfig: isGameModeOn = false
11-11 05:23:35.660 1514 1514 I GameModeConfig: isDisableVoice = true
11-11 05:23:36.288 1514 1770 I input_interaction: Interaction with: 7733a2f com.android.music/com.android.music.VideoBrowserActivity (server), edge-swipe (server), swipe-up (server), PointerEventDispatcher0 (server),
11-11 05:23:36.399 0 0 I auditd : type=1400 audit(0.0:2685): avc: denied { kill } for comm="swapper/1" capability=5 scontext=u:r:kernel:s0 tcontext=u:r:kernel:s0 tclass=capability permissive=0
11-11 05:23:36.456 1514 4820 I ActivityTaskManager: START u0 {act=android.intent.action.VIEW dat=content://media/external/video/media/20 typ=video/mp4 cmp=com.android.gallery3d/.app.MovieActivity (has extras)} from uid 10086
11-11 05:23:36.462 1514 4820 D CompatibilityChangeReporter: Compat change id reported: 181136395; UID 10068; state: DISABLED
11-11 05:23:36.463 1514 4820 D CompatibilityChangeReporter: Compat change id reported: 174042936; UID 10068; state: DISABLED
11-11 05:23:36.464 1514 4820 I wm_task_moved: [77,1,6]
11-11 05:23:36.465 1514 4820 I wm_set_resumed_activity: [0,com.android.music/.VideoBrowserActivity,positionChildAt]
11-11 05:23:36.465 1514 4820 I wm_create_activity: [0,57965801,77,com.android.gallery3d/.app.MovieActivity,android.intent.action.VIEW,video/mp4,content://media/external/video/media/20,0]
11-11 05:23:36.466 1514 4820 D CompatibilityChangeReporter: Compat change id reported: 168419799; UID 10068; state: DISABLED
11-11 05:23:36.468 1514 4820 I wm_pause_activity: [0,178373644,com.android.music/.VideoBrowserActivity,userLeaving=true,resumeTopActivityInnerLocked]
11-11 05:23:36.476 9604 9604 I wm_on_top_resumed_lost_called: [178373644,com.android.music.VideoBrowserActivity,topStateChangedWhenResumed]
11-11 05:23:36.476 1514 1595 I am_uid_running: 10068
11-11 05:23:36.477 1514 1595 D CompatibilityChangeReporter: Compat change id reported: 135634846; UID 10068; state: DISABLED
11-11 05:23:36.477 1514 1595 D CompatibilityChangeReporter: Compat change id reported: 177438394; UID 10068; state: DISABLED
11-11 05:23:36.477 1514 1595 D CompatibilityChangeReporter: Compat change id reported: 135772972; UID 10068; state: DISABLED
11-11 05:23:36.477 1514 1595 D CompatibilityChangeReporter: Compat change id reported: 135754954; UID 10068; state: DISABLED
11-11 05:23:36.478 1514 1615 D CompatibilityChangeReporter: Compat change id reported: 143937733; UID 10068; state: DISABLED
11-11 05:23:36.480 9604 9604 I wm_on_paused_called: [178373644,com.android.music.VideoBrowserActivity,performPause]
11-11 05:23:36.482 1514 7301 I ActivityTaskManager: FOREGROUND_APPLICATION_CHANGED to com.android.gallery3d.app.MovieActivity
11-11 05:23:36.483 1514 7301 I wm_add_to_stopping: [0,178373644,com.android.music/.VideoBrowserActivity,makeInvisible]
11-11 05:23:36.488 1514 1595 I sysui_multi_action: [757,803,799,window_time_0,802,1]
11-11 05:23:36.489 1514 1595 I ActivityManager: PendingStartActivityUids startActivity to updateOomAdj delay:19192ms, uid:10068
11-11 05:23:36.507 1514 1615 I am_proc_start: [0,10129,10068,com.android.gallery3d,pre-top-activity,{com.android.gallery3d/com.android.gallery3d.app.MovieActivity}]
11-11 05:23:36.507 1514 1615 I ActivityManager: Start proc 10129:com.android.gallery3d/u0a68 for pre-top-activity {com.android.gallery3d/com.android.gallery3d.app.MovieActivity}
11-11 05:23:36.508 1514 10130 W ContextImpl: Calling a method in the system process without a qualified user: android.app.ContextImpl.sendBroadcast:1173 com.qualcomm.qti.Performance$SendGameLaunchBroadcast.run:217 java.lang.Thread.run:920
11-11 05:23:36.514 1514 1770 I input_focus: [Focus leaving 7733a2f com.android.music/com.android.music.VideoBrowserActivity (server),reason=NO_WINDOW]
11-11 05:23:36.528 1514 4820 I am_proc_bound: [0,10129,com.android.gallery3d]
11-11 05:23:36.532 1514 4820 I wm_restart_activity: [0,57965801,77,com.android.gallery3d/.app.MovieActivity]
11-11 05:23:36.535 1514 4820 I wm_set_resumed_activity: [0,com.android.gallery3d/.app.MovieActivity,minimalResumeActivityLocked]
11-11 05:23:36.535 1514 1595 I am_uid_active: 10068
11-11 05:23:36.552 3685 3703 W ContextImpl: Calling a method in the system process without a qualified user: android.app.ContextImpl.startService:1816 android.content.ContextWrapper.startService:774 com.thundercomm.gamemode.ingame.services.GameModeActionUtils.startGameModeService:93 com.thundercomm.gamemode.ingame.services.GameModeActionUtils.startGameModeEntry:21 com.thundercomm.gamemode.ingame.services.ActivityMonitoringService$1.onActivityLaunch:126
11-11 05:23:36.557 1514 1514 I GameModeConfig: Current uri is uri = content://com.thundercomm.gamemode.api/gamemode_settings/gamemode_isgaming
11-11 05:23:36.560 1514 1514 I GameModeConfig: isGameModeOn = false
11-11 05:23:36.560 1514 1514 I GameModeConfig: isGameModeOn = false
11-11 05:23:36.560 1514 1514 I GameModeConfig: isDisableVoice = true
11-11 05:23:36.586 10129 10129 I wm_on_create_called: [57965801,com.android.gallery3d.app.MovieActivity,performCreate]
11-11 05:23:36.589 10129 10129 I wm_on_start_called: [57965801,com.android.gallery3d.app.MovieActivity,handleStartActivity]
11-11 05:23:36.589 10129 10129 I wm_on_resume_called: [57965801,com.android.gallery3d.app.MovieActivity,RESUME_ACTIVITY]
11-11 05:23:36.590 3685 3703 W ContextImpl: Calling a method in the system process without a qualified user: android.app.ContextImpl.startService:1816 android.content.ContextWrapper.startService:774 com.thundercomm.gamemode.ingame.services.GameModeActionUtils.startGameModeService:93 com.thundercomm.gamemode.ingame.services.GameModeActionUtils.startGameModeEntry:21 com.thundercomm.gamemode.ingame.services.ActivityMonitoringService$1.onActivityLaunch:126
11-11 05:23:36.593 1514 7301 W WindowManager: Failed looking up window session=Session{9fa90fc 10129:u0a10068} callers=com.android.server.wm.WindowManagerService.windowForClientLocked:5628 com.android.server.wm.Session.insetsModified:629 android.view.IWindowSession$Stub.onTransact:1151
11-11 05:23:36.595 1514 1514 I GameModeConfig: Current uri is uri = content://com.thundercomm.gamemode.api/gamemode_settings/gamemode_isgaming
11-11 05:23:36.595 10129 10129 I wm_on_top_resumed_gained_called: [57965801,com.android.gallery3d.app.MovieActivity,topStateChangedWhenResumed]
11-11 05:23:36.597 1514 1514 I GameModeConfig: isGameModeOn = false
11-11 05:23:36.597 1514 1514 I GameModeConfig: isGameModeOn = false
11-11 05:23:36.597 1514 1514 I GameModeConfig: isDisableVoice = true
11-11 05:23:36.603 1514 1596 I input_focus: [Focus request 2b1ba0b com.android.gallery3d/com.android.gallery3d.app.MovieActivity,reason=UpdateInputWindows]
11-11 05:23:36.604 1514 1901 I GameModeConfig: isGameModeOn = false
11-11 05:23:36.604 1514 1901 I GameModeConfig: isGameModeOn = false
11-11 05:23:36.605 1514 1901 I GameModeConfig: isGameModeOn = false
11-11 05:23:36.605 1514 1901 I GameModeConfig: isGameModeOn = false
11-11 05:23:36.609 1514 1514 I notification_enqueue: [10082,1998,com.android.systemui,2048,NULL,0,Notification(channel=updateNotification shortcut=null contentView=null vibrate=null sound=null defaults=0x0 flags=0x0 color=0x00000000 vis=PRIVATE),1]
11-11 05:23:36.608 1998 1998 I sysui_multi_action: [757,111,758,2]
11-11 05:23:36.609 1998 1998 I sysui_multi_action: [757,111,758,2]
11-11 05:23:36.624 1998 1998 I sysui_multi_action: [757,111,758,1]
11-11 05:23:36.625 1998 1998 I sysui_multi_action: [757,126,758,1,759,126,927,0,928,1,1593,0]
11-11 05:23:36.625 1998 1998 I sysui_multi_action: [757,113,758,1,759,113,927,1,928,1,1593,0]
11-11 05:23:36.625 1998 1998 I sysui_multi_action: [757,0,758,1,759,0,927,2,928,0,1593,0]
11-11 05:23:36.625 1998 1998 I sysui_multi_action: [757,0,758,1,759,0,927,3,928,0,1593,0]
11-11 05:23:36.626 1998 1998 I sysui_multi_action: [757,491,758,1,759,491,927,4,928,0,1311,-1,1593,0]
11-11 05:23:36.626 1998 1998 I sysui_multi_action: [757,0,758,1,759,0,927,5,928,0,1593,0]
11-11 05:23:36.626 1998 1998 I sysui_multi_action: [757,111,758,1]
11-11 05:23:36.626 1998 1998 I sysui_multi_action: [757,126,758,1,759,126,927,0,928,1,1593,0]
11-11 05:23:36.626 1998 1998 I sysui_multi_action: [757,113,758,1,759,113,927,1,928,1,1593,0]
11-11 05:23:36.626 1998 1998 I sysui_multi_action: [757,0,758,1,759,0,927,2,928,0,1593,0]
11-11 05:23:36.626 1998 1998 I sysui_multi_action: [757,0,758,1,759,0,927,3,928,0,1593,0]
11-11 05:23:36.656 1514 1592 I sysui_multi_action: [319,84,321,57,322,196,325,2231,757,761,758,7,759,1,806,com.android.gallery3d,871,com.android.gallery3d.app.MovieActivity,904,com.android.music,905,0,945,74,1320,4,1321,1]
11-11 05:23:36.658 1514 1592 I wm_activity_launch_time: [0,57965801,com.android.gallery3d/.app.MovieActivity,196]
11-11 05:23:36.667 1514 1770 I input_focus: [Focus entering 2b1ba0b com.android.gallery3d/com.android.gallery3d.app.MovieActivity (server),reason=Window became focusable. Previous reason: NOT_VISIBLE]
11-11 05:23:36.745 1514 2072 I snet_event_log: [172655291,-1,]
11-11 05:23:36.810 1514 1514 I GameModeConfig: isGameModeOn = false
11-11 05:23:36.811 1514 1514 I sysui_multi_action: [757,1501,758,1,793,2210931,794,0,795,204,796,2048,806,com.android.systemui,857,updateNotification,858,3,947,0,1500,0,1688,1]
11-11 05:23:36.811 1514 1514 I sysui_multi_action: [757,804,799,note_interruptive,801,0,802,1]
11-11 05:23:36.811 1514 1514 I sysui_multi_action: [757,199,758,1,759,2,793,2210931,794,0,795,204,796,2048,806,com.android.systemui,857,updateNotification,858,3,947,0,1500,0,1688,1]
11-11 05:23:36.811 1514 1514 I notification_alert: [0|com.android.systemui|2048|null|10082,0,1,0]
11-11 05:23:36.812 1514 1514 W NotificationHistory: Attempted to add notif for locked/gone/disabled user 0
11-11 05:23:36.932 1514 1595 I wm_stop_activity: [0,178373644,com.android.music/.VideoBrowserActivity]
11-11 05:23:36.960 9604 9604 I wm_on_stop_called: [178373644,com.android.music.VideoBrowserActivity,STOP_ACTIVITY_ITEM]
11-11 05:23:36.986 3685 3703 W ContextImpl: Calling a method in the system process without a qualified user: android.app.ContextImpl.startService:1816 android.content.ContextWrapper.startService:774 com.thundercomm.gamemode.ingame.services.GameModeActionUtils.startGameModeService:93 com.thundercomm.gamemode.ingame.services.GameModeActionUtils.startGameModeEntry:21 com.thundercomm.gamemode.ingame.services.ActivityMonitoringService$1.onActivityLaunch:126
11-11 05:23:36.993 1514 1514 I GameModeConfig: Current uri is uri = content://com.thundercomm.gamemode.api/gamemode_settings/gamemode_isgaming
11-11 05:23:36.997 1514 1514 I GameModeConfig: isGameModeOn = false
11-11 05:23:36.997 1514 1514 I GameModeConfig: isGameModeOn = false
11-11 05:23:36.997 1514 1514 I GameModeConfig: isDisableVoice = true
11-11 05:23:37.011 1514 2742 E TaskPersister: File error accessing recents directory (directory doesn't exist?).
11-11 05:23:37.385 1514 1770 I input_interaction: Interaction with: 2b1ba0b com.android.gallery3d/com.android.gallery3d.app.MovieActivity (server), edge-swipe (server), swipe-up (server), PointerEventDispatcher0 (server),
11-11 05:23:37.389 1514 1596 I input_focus: [Focus request 12252b7 ImmersiveModeConfirmation,reason=UpdateInputWindows]
11-11 05:23:37.392 1514 1514 I service_manager_stats: [100,87,34321]
11-11 05:23:37.402 1514 1770 I input_focus: [Focus leaving 2b1ba0b com.android.gallery3d/com.android.gallery3d.app.MovieActivity (server),reason=Waiting for window because NOT_VISIBLE]
11-11 05:23:37.419 1514 1770 I input_focus: [Focus entering 12252b7 ImmersiveModeConfirmation (server),reason=Window became focusable. Previous reason: NOT_VISIBLE]
11-11 05:23:37.455 1514 1596 I input_focus: [Focus request 2b1ba0b com.android.gallery3d/com.android.gallery3d.app.MovieActivity,reason=UpdateInputWindows]
11-11 05:23:37.471 1514 1770 I input_focus: [Focus entering 2b1ba0b com.android.gallery3d/com.android.gallery3d.app.MovieActivity (server),reason=setFocusedWindow]
11-11 05:23:38.094 1514 1836 I netstats_mobile_sample: [0,0,0,0,0,0,0,0,0,0,0,0,1668115418093]
11-11 05:23:38.094 1514 1836 I netstats_wifi_sample: [59400474,135546,24417657,57485,59400474,135546,24417657,57485,70000890,191743,12355762,30117,1668115418093]
11-11 05:23:38.313 1514 9439 I snet_event_log: [172655291,-1,]
11-11 05:23:38.399 0 0 I auditd : type=1400 audit(0.0:2686): avc: denied { kill } for comm="swapper/1" capability=5 scontext=u:r:kernel:s0 tcontext=u:r:kernel:s0 tclass=capability permissive=0
11-11 05:23:39.261 1514 9439 I wm_task_moved: [39,0,0]
11-11 05:23:39.261 1514 9439 I wm_task_moved: [39,0,5]
11-11 05:23:39.271 2503 2503 I wm_on_restart_called: [157690489,com.android.launcher3.uioverrides.QuickstepLauncher,performRestartActivity]
11-11 05:23:39.283 3685 3703 W ContextImpl: Calling a method in the system process without a qualified user: android.app.ContextImpl.startService:1816 android.content.ContextWrapper.startService:774 com.thundercomm.gamemode.ingame.services.GameModeActionUtils.startGameModeService:93 com.thundercomm.gamemode.ingame.services.GameModeActionUtils.startGameModeEntry:21 com.thundercomm.gamemode.ingame.services.ActivityMonitoringService$1.onActivityLaunch:126
11-11 05:23:39.290 1514 1514 I GameModeConfig: Current uri is uri = content://com.thundercomm.gamemode.api/gamemode_settings/gamemode_isgaming
11-11 05:23:39.292 1514 1514 I GameModeConfig: isGameModeOn = false
11-11 05:23:39.293 1514 1514 I GameModeConfig: isGameModeOn = false
11-11 05:23:39.293 1514 1514 I GameModeConfig: isDisableVoice = true
11-11 05:23:39.305 2503 2503 I wm_on_start_called: [157690489,com.android.launcher3.uioverrides.QuickstepLauncher,handleStartActivity]
11-11 05:23:39.325 1514 1592 I sysui_multi_action: [319,9,322,56,325,2234,757,761,758,9,759,5,806,com.android.launcher3,871,com.android.launcher3.uioverrides.QuickstepLauncher,904,com.android.launcher3,905,0,1320,8,1321,5]
11-11 05:23:39.392 10129 10129 I view_enqueue_input_event: [Motion - Cancel,com.android.gallery3d/com.android.gallery3d.app.MovieActivity]
11-11 05:23:39.394 2503 2503 I sysui_latency: [1,89]
11-11 05:23:39.398 1514 1770 I input_interaction: Interaction with: edge-swipe (server), swipe-up (server), PointerEventDispatcher0 (server),
11-11 05:23:39.401 1514 1596 I input_focus: [Focus request recents_animation_input_consumer,reason=UpdateInputWindows]
11-11 05:23:39.399 0 0 I auditd : type=1400 audit(0.0:2687): avc: denied { kill } for comm="swapper/1" capability=5 scontext=u:r:kernel:s0 tcontext=u:r:kernel:s0 tclass=capability permissive=0
11-11 05:23:39.422 1514 1770 I input_focus: [Focus leaving 2b1ba0b com.android.gallery3d/com.android.gallery3d.app.MovieActivity (server),reason=NOT_FOCUSABLE]
11-11 05:23:39.424 1514 1770 I input_focus: [Focus entering recents_animation_input_consumer (server),reason=setFocusedWindow]
11-11 05:23:39.517 1514 1715 I commit_sys_config_file: [settings-1-0,13]
11-11 05:23:39.620 1514 1612 I sysui_latency: [8,85]
11-11 05:23:40.069 1514 1715 I commit_sys_config_file: [settings-1-0,3]
11-11 05:23:40.516 1514 9439 I wm_task_moved: [39,1,6]
11-11 05:23:40.519 1514 9439 I wm_task_moved: [40,1,2147483647]
11-11 05:23:40.519 1514 9439 I wm_task_to_front: [0,40]
11-11 05:23:40.519 1514 9439 I wm_focused_root_task: [0,0,39,77,RecentsAnimation.onAnimationFinished()]
11-11 05:23:40.519 10129 10129 I wm_on_top_resumed_lost_called: [57965801,com.android.gallery3d.app.MovieActivity,topStateChangedWhenResumed]
11-11 05:23:40.519 1514 9439 I wm_set_resumed_activity: [0,com.android.launcher3/.uioverrides.QuickstepLauncher,RecentsAnimation.onAnimationFinished()]
11-11 05:23:40.521 1514 9439 I wm_pause_activity: [0,57965801,com.android.gallery3d/.app.MovieActivity,userLeaving=true,pauseBackTasks]
11-11 05:23:40.522 1514 9439 I wm_add_to_stopping: [0,57965801,com.android.gallery3d/.app.MovieActivity,makeInvisible]
11-11 05:23:40.522 1514 9439 I ActivityTaskManager: FOREGROUND_APPLICATION_CHANGED to com.android.launcher3.uioverrides.QuickstepLauncher
11-11 05:23:40.523 1514 9439 I wm_set_resumed_activity: [0,com.android.launcher3/.uioverrides.QuickstepLauncher,resumeTopActivityInnerLocked]
11-11 05:23:40.529 1514 9439 I wm_resume_activity: [0,157690489,40,com.android.launcher3/.uioverrides.QuickstepLauncher]
11-11 05:23:40.530 2503 2503 I wm_on_resume_called: [157690489,com.android.launcher3.uioverrides.QuickstepLauncher,RESUME_ACTIVITY]
11-11 05:23:40.544 1514 1596 I input_focus: [Focus request eea03e8 com.android.launcher3/com.android.launcher3.uioverrides.QuickstepLauncher,reason=UpdateInputWindows]
11-11 05:23:40.554 2503 2503 I wm_on_top_resumed_gained_called: [157690489,com.android.launcher3.uioverrides.QuickstepLauncher,topStateChangedWhenResumed]
11-11 05:23:40.563 1514 1770 I input_focus: [Focus leaving recents_animation_input_consumer (server),reason=NOT_VISIBLE]
11-11 05:23:40.563 1514 1770 I input_focus: [Focus entering eea03e8 com.android.launcher3/com.android.launcher3.uioverrides.QuickstepLauncher (server),reason=setFocusedWindow]
11-11 05:23:40.565 1514 1921 I wm_stop_activity: [0,57965801,com.android.gallery3d/.app.MovieActivity]
11-11 05:23:40.571 1514 1595 I sysui_multi_action: [757,803,799,window_time_0,802,4]
11-11 05:23:40.584 1514 1595 I sysui_multi_action: [757,803,799,window_time_0,802,0]
11-11 05:23:40.661 3685 3703 W ContextImpl: Calling a method in the system process without a qualified user: android.app.ContextImpl.startService:1816 android.content.ContextWrapper.startService:774 com.thundercomm.gamemode.ingame.services.GameModeActionUtils.startGameModeService:93 com.thundercomm.gamemode.ingame.services.GameModeActionUtils.startGameModeEntry:21 com.thundercomm.gamemode.ingame.services.ActivityMonitoringService$1.onActivityLaunch:126
11-11 05:23:40.667 1514 1514 I GameModeConfig: Current uri is uri = content://com.thundercomm.gamemode.api/gamemode_settings/gamemode_isgaming
11-11 05:23:40.671 10129 10129 I wm_on_paused_called: [57965801,com.android.gallery3d.app.MovieActivity,performPause]
11-11 05:23:40.674 1514 1514 I GameModeConfig: isGameModeOn = false
11-11 05:23:40.676 1514 1514 I GameModeConfig: isGameModeOn = false
11-11 05:23:40.676 1514 1514 I GameModeConfig: isDisableVoice = true
11-11 05:23:40.698 10129 10129 I wm_on_stop_called: [57965801,com.android.gallery3d.app.MovieActivity,STOP_ACTIVITY_ITEM]
11-11 05:23:40.713 3685 3703 W ContextImpl: Calling a method in the system process without a qualified user: android.app.ContextImpl.startService:1816 android.content.ContextWrapper.startService:774 com.thundercomm.gamemode.ingame.services.GameModeActionUtils.startGameModeService:93 com.thundercomm.gamemode.ingame.services.GameModeActionUtils.startGameModeEntry:21 com.thundercomm.gamemode.ingame.services.ActivityMonitoringService$1.onActivityLaunch:126
11-11 05:23:40.716 1514 1514 I GameModeConfig: Current uri is uri = content://com.thundercomm.gamemode.api/gamemode_settings/gamemode_isgaming
11-11 05:23:40.718 1514 1514 I GameModeConfig: isGameModeOn = false
11-11 05:23:40.719 1514 1514 I GameModeConfig: isGameModeOn = false
11-11 05:23:40.719 1514 1514 I GameModeConfig: isDisableVoice = true
