11-11 05:20:54.555 1514 2742 E TaskPersister: File error accessing recents directory (directory doesn't exist?).
11-11 05:20:55.399 0 0 I auditd : type=1400 audit(0.0:2541): avc: denied { kill } for comm="swapper/2" capability=5 scontext=u:r:kernel:s0 tcontext=u:r:kernel:s0 tclass=capability permissive=0
11-11 05:20:56.085 1514 2072 I ActivityTaskManager: START u0 {act=android.intent.action.MAIN cat=[android.intent.category.LAUNCHER] flg=0x10200000 cmp=com.android.music/.VideoBrowserActivity bnds=[2233,540][2408,723]} from uid 10079
11-11 05:20:56.104 1514 2072 I wm_task_created: [70,-1]
11-11 05:20:56.104 1514 2072 W ActivityTaskManager: Can't find TaskDisplayArea to determine support for multi window. Task id=70 attached=false
11-11 05:20:56.108 1514 2072 D CompatibilityChangeReporter: Compat change id reported: 174042980; UID 10086; state: DISABLED
11-11 05:20:56.109 1514 2072 D CompatibilityChangeReporter: Compat change id reported: 184838306; UID 10086; state: DISABLED
11-11 05:20:56.110 1514 2072 D CompatibilityChangeReporter: Compat change id reported: 185004937; UID 10086; state: DISABLED
11-11 05:20:56.111 1514 2072 D CompatibilityChangeReporter: Compat change id reported: 181136395; UID 10086; state: DISABLED
11-11 05:20:56.111 1514 2072 D CompatibilityChangeReporter: Compat change id reported: 174042936; UID 10086; state: DISABLED
11-11 05:20:56.112 1514 2072 I wm_task_moved: [70,1,6]
11-11 05:20:56.112 1514 2072 I wm_task_to_front: [0,70]
11-11 05:20:56.112 1514 2072 I wm_create_task: [0,70]
11-11 05:20:56.112 1514 2072 I wm_create_activity: [0,146893346,70,com.android.music/.VideoBrowserActivity,android.intent.action.MAIN,NULL,NULL,270532608]
11-11 05:20:56.113 1514 2072 I wm_task_moved: [70,1,6]
11-11 05:20:56.113 1514 2072 D CompatibilityChangeReporter: Compat change id reported: 168419799; UID 10086; state: DISABLED
11-11 05:20:56.115 1514 2072 I wm_pause_activity: [0,157690489,com.android.launcher3/.uioverrides.QuickstepLauncher,userLeaving=true,pauseBackTasks]
11-11 05:20:56.120 2503 2503 I wm_on_top_resumed_lost_called: [157690489,com.android.launcher3.uioverrides.QuickstepLauncher,topStateChangedWhenResumed]
11-11 05:20:56.125 1514 1595 I am_uid_running: 10086
11-11 05:20:56.126 2503 2503 I wm_on_paused_called: [157690489,com.android.launcher3.uioverrides.QuickstepLauncher,performPause]
11-11 05:20:56.127 1514 1754 I ActivityTaskManager: FOREGROUND_APPLICATION_CHANGED to com.android.music.VideoBrowserActivity
11-11 05:20:56.128 1514 1754 I wm_add_to_stopping: [0,157690489,com.android.launcher3/.uioverrides.QuickstepLauncher,makeInvisible]
11-11 05:20:56.129 1514 1595 D CompatibilityChangeReporter: Compat change id reported: 135634846; UID 10086; state: DISABLED
11-11 05:20:56.129 1514 1595 D CompatibilityChangeReporter: Compat change id reported: 177438394; UID 10086; state: DISABLED
11-11 05:20:56.129 1514 1595 D CompatibilityChangeReporter: Compat change id reported: 135772972; UID 10086; state: DISABLED
11-11 05:20:56.129 1514 1595 D CompatibilityChangeReporter: Compat change id reported: 135754954; UID 10086; state: ENABLED
11-11 05:20:56.129 1514 1615 D CompatibilityChangeReporter: Compat change id reported: 143937733; UID 10086; state: ENABLED
11-11 05:20:56.138 1514 1595 I sysui_multi_action: [757,803,799,window_time_0,802,5]
11-11 05:20:56.145 1514 1770 I input_focus: [Focus leaving eea03e8 com.android.launcher3/com.android.launcher3.uioverrides.QuickstepLauncher (server),reason=NO_WINDOW]
11-11 05:20:56.152 1514 1615 I am_proc_start: [0,9604,10086,com.android.music,pre-top-activity,{com.android.music/com.android.music.VideoBrowserActivity}]
11-11 05:20:56.152 1514 1615 I ActivityManager: Start proc 9604:com.android.music/u0a86 for pre-top-activity {com.android.music/com.android.music.VideoBrowserActivity}
11-11 05:20:56.153 1514 9605 W ContextImpl: Calling a method in the system process without a qualified user: android.app.ContextImpl.sendBroadcast:1173 com.qualcomm.qti.Performance$SendGameLaunchBroadcast.run:217 java.lang.Thread.run:920
11-11 05:20:56.187 1514 1754 I am_proc_bound: [0,9604,com.android.music]
11-11 05:20:56.189 1514 1754 I wm_restart_activity: [0,146893346,70,com.android.music/.VideoBrowserActivity]
11-11 05:20:56.190 1514 1754 I wm_set_resumed_activity: [0,com.android.music/.VideoBrowserActivity,minimalResumeActivityLocked]
11-11 05:20:56.190 1514 1595 I am_uid_active: 10086
11-11 05:20:56.200 3685 3703 W ContextImpl: Calling a method in the system process without a qualified user: android.app.ContextImpl.startService:1816 android.content.ContextWrapper.startService:774 com.thundercomm.gamemode.ingame.services.GameModeActionUtils.startGameModeService:93 com.thundercomm.gamemode.ingame.services.GameModeActionUtils.startGameModeEntry:21 com.thundercomm.gamemode.ingame.services.ActivityMonitoringService$1.onActivityLaunch:126
11-11 05:20:56.205 1514 1514 I GameModeConfig: Current uri is uri = content://com.thundercomm.gamemode.api/gamemode_settings/gamemode_isgaming
11-11 05:20:56.209 1514 1514 I GameModeConfig: isGameModeOn = false
11-11 05:20:56.209 1514 1514 I GameModeConfig: isGameModeOn = false
11-11 05:20:56.209 1514 1514 I GameModeConfig: isDisableVoice = true
11-11 05:20:56.230 1514 2497 D CompatibilityChangeReporter: Compat change id reported: 149924527; UID 10086; state: ENABLED
11-11 05:20:56.230 1514 7301 D CompatibilityChangeReporter: Compat change id reported: 132649864; UID 10086; state: DISABLED
11-11 05:20:56.230 1514 2497 D CompatibilityChangeReporter: Compat change id reported: 182734110; UID 10086; state: ENABLED
11-11 05:20:56.233 3685 3703 W ContextImpl: Calling a method in the system process without a qualified user: android.app.ContextImpl.startService:1816 android.content.ContextWrapper.startService:774 com.thundercomm.gamemode.ingame.services.GameModeActionUtils.startGameModeService:93 com.thundercomm.gamemode.ingame.services.GameModeActionUtils.startGameModeEntry:21 com.thundercomm.gamemode.ingame.services.ActivityMonitoringService$1.onActivityLaunch:126
11-11 05:20:56.233 9604 9604 I wm_on_create_called: [146893346,com.android.music.VideoBrowserActivity,performCreate]
11-11 05:20:56.233 9604 9604 I wm_on_start_called: [146893346,com.android.music.VideoBrowserActivity,handleStartActivity]
11-11 05:20:56.234 9604 9604 I wm_on_resume_called: [146893346,com.android.music.VideoBrowserActivity,RESUME_ACTIVITY]
11-11 05:20:56.238 9604 9604 I wm_on_top_resumed_gained_called: [146893346,com.android.music.VideoBrowserActivity,topStateChangedWhenResumed]
11-11 05:20:56.239 1514 1514 I GameModeConfig: Current uri is uri = content://com.thundercomm.gamemode.api/gamemode_settings/gamemode_isgaming
11-11 05:20:56.242 1514 1514 I GameModeConfig: isGameModeOn = false
11-11 05:20:56.243 1514 1514 I GameModeConfig: isGameModeOn = false
11-11 05:20:56.243 1514 1514 I GameModeConfig: isDisableVoice = true
11-11 05:20:56.245 1514 1596 I input_focus: [Focus request 89d2bf7 com.android.music/com.android.music.VideoBrowserActivity,reason=UpdateInputWindows]
11-11 05:20:56.297 1514 1770 I input_focus: [Focus entering 89d2bf7 com.android.music/com.android.music.VideoBrowserActivity (server),reason=Window became focusable. Previous reason: NOT_VISIBLE]
11-11 05:20:56.304 1514 1592 I sysui_multi_action: [319,85,321,81,322,206,325,2071,757,761,758,7,759,1,806,com.android.music,871,com.android.music.VideoBrowserActivity,904,com.android.launcher3,905,0,945,103,1320,4,1321,1]
11-11 05:20:56.306 1514 1592 I wm_activity_launch_time: [0,146893346,com.android.music/.VideoBrowserActivity,206]
11-11 05:20:56.713 1514 1595 I wm_stop_activity: [0,157690489,com.android.launcher3/.uioverrides.QuickstepLauncher]
11-11 05:20:56.755 2503 2503 I wm_on_stop_called: [157690489,com.android.launcher3.uioverrides.QuickstepLauncher,STOP_ACTIVITY_ITEM]
11-11 05:20:56.766 3685 3703 W ContextImpl: Calling a method in the system process without a qualified user: android.app.ContextImpl.startService:1816 android.content.ContextWrapper.startService:774 com.thundercomm.gamemode.ingame.services.GameModeActionUtils.startGameModeService:93 com.thundercomm.gamemode.ingame.services.GameModeActionUtils.startGameModeEntry:21 com.thundercomm.gamemode.ingame.services.ActivityMonitoringService$1.onActivityLaunch:126
11-11 05:20:56.774 1514 1514 I GameModeConfig: Current uri is uri = content://com.thundercomm.gamemode.api/gamemode_settings/gamemode_isgaming
11-11 05:20:56.776 1514 1514 I GameModeConfig: isGameModeOn = false
11-11 05:20:56.776 1514 1514 I GameModeConfig: isGameModeOn = false
11-11 05:20:56.776 1514 1514 I GameModeConfig: isDisableVoice = true
11-11 05:20:57.399 0 0 I auditd : type=1400 audit(0.0:2542): avc: denied { kill } for comm="swapper/2" capability=5 scontext=u:r:kernel:s0 tcontext=u:r:kernel:s0 tclass=capability permissive=0
11-11 05:20:58.399 0 0 I auditd : type=1400 audit(0.0:2543): avc: denied { kill } for comm="swapper/2" capability=5 scontext=u:r:kernel:s0 tcontext=u:r:kernel:s0 tclass=capability permissive=0
11-11 05:20:59.124 1514 2742 E TaskPersister: File error accessing recents directory (directory doesn't exist?).
11-11 05:20:59.399 0 0 I auditd : type=1400 audit(0.0:2544): avc: denied { kill } for comm="swapper/2" capability=5 scontext=u:r:kernel:s0 tcontext=u:r:kernel:s0 tclass=capability permissive=0
11-11 05:21:00.399 0 0 I auditd : type=1400 audit(0.0:2545): avc: denied { kill } for comm="swapper/2" capability=5 scontext=u:r:kernel:s0 tcontext=u:r:kernel:s0 tclass=capability permissive=0
11-11 05:21:01.168 1156 9600 I iorapd : Perfetto TraceBuffer saved to file: /data/misc/iorapd/com.android.music/31/com.android.music.VideoBrowserActivity/raw_traces/1668115261166458638.perfetto_trace.pb
11-11 05:21:01.399 0 0 I auditd : type=1400 audit(0.0:2546): avc: denied { kill } for comm="swapper/2" capability=5 scontext=u:r:kernel:s0 tcontext=u:r:kernel:s0 tclass=capability permissive=0
11-11 05:21:02.399 0 0 I auditd : type=1400 audit(0.0:2547): avc: denied { kill } for comm="swapper/2" capability=5 scontext=u:r:kernel:s0 tcontext=u:r:kernel:s0 tclass=capability permissive=0
11-11 05:21:03.399 0 0 I auditd : type=1400 audit(0.0:2548): avc: denied { kill } for comm="swapper/2" capability=5 scontext=u:r:kernel:s0 tcontext=u:r:kernel:s0 tclass=capability permissive=0
11-11 05:21:04.399 0 0 I auditd : type=1400 audit(0.0:2549): avc: denied { kill } for comm="swapper/2" capability=5 scontext=u:r:kernel:s0 tcontext=u:r:kernel:s0 tclass=capability permissive=0
11-11 05:21:05.399 0 0 I auditd : type=1400 audit(0.0:2550): avc: denied { kill } for comm="swapper/2" capability=5 scontext=u:r:kernel:s0 tcontext=u:r:kernel:s0 tclass=capability permissive=0
11-11 05:21:06.399 0 0 I auditd : type=1400 audit(0.0:2551): avc: denied { kill } for comm="swapper/2" capability=5 scontext=u:r:kernel:s0 tcontext=u:r:kernel:s0 tclass=capability permissive=0
11-11 05:21:07.399 0 0 I auditd : type=1400 audit(0.0:2552): avc: denied { kill } for comm="swapper/2" capability=5 scontext=u:r:kernel:s0 tcontext=u:r:kernel:s0 tclass=capability permissive=0
11-11 05:21:08.399 0 0 I auditd : type=1400 audit(0.0:2553): avc: denied { kill } for comm="swapper/2" capability=5 scontext=u:r:kernel:s0 tcontext=u:r:kernel:s0 tclass=capability permissive=0
11-11 05:21:09.399 0 0 I auditd : type=1400 audit(0.0:2554): avc: denied { kill } for comm="swapper/2" capability=5 scontext=u:r:kernel:s0 tcontext=u:r:kernel:s0 tclass=capability permissive=0
11-11 05:21:10.399 0 0 I auditd : type=1400 audit(0.0:2555): avc: denied { kill } for comm="swapper/2" capability=5 scontext=u:r:kernel:s0 tcontext=u:r:kernel:s0 tclass=capability permissive=0
11-11 05:21:11.399 0 0 I auditd : type=1400 audit(0.0:2556): avc: denied { kill } for comm="swapper/2" capability=5 scontext=u:r:kernel:s0 tcontext=u:r:kernel:s0 tclass=capability permissive=0
11-11 05:21:12.399 0 0 I auditd : type=1400 audit(0.0:2557): avc: denied { kill } for comm="swapper/2" capability=5 scontext=u:r:kernel:s0 tcontext=u:r:kernel:s0 tclass=capability permissive=0
11-11 05:21:13.399 0 0 I auditd : type=1400 audit(0.0:2558): avc: denied { kill } for comm="swapper/2" capability=5 scontext=u:r:kernel:s0 tcontext=u:r:kernel:s0 tclass=capability permissive=0
11-11 05:21:14.399 0 0 I auditd : type=1400 audit(0.0:2559): avc: denied { kill } for comm="swapper/2" capability=5 scontext=u:r:kernel:s0 tcontext=u:r:kernel:s0 tclass=capability permissive=0
11-11 05:21:15.399 0 0 I auditd : type=1400 audit(0.0:2560): avc: denied { kill } for comm="swapper/2" capability=5 scontext=u:r:kernel:s0 tcontext=u:r:kernel:s0 tclass=capability permissive=0
11-11 05:21:16.399 0 0 I auditd : type=1400 audit(0.0:2561): avc: denied { kill } for comm="swapper/2" capability=5 scontext=u:r:kernel:s0 tcontext=u:r:kernel:s0 tclass=capability permissive=0
11-11 05:21:17.399 0 0 I auditd : type=1400 audit(0.0:2562): avc: denied { kill } for comm="swapper/2" capability=5 scontext=u:r:kernel:s0 tcontext=u:r:kernel:s0 tclass=capability permissive=0
11-11 05:21:18.399 0 0 I auditd : type=1400 audit(0.0:2563): avc: denied { kill } for comm="swapper/2" capability=5 scontext=u:r:kernel:s0 tcontext=u:r:kernel:s0 tclass=capability permissive=0
11-11 05:21:19.399 0 0 I auditd : type=1400 audit(0.0:2564): avc: denied { kill } for comm="swapper/2" capability=5 scontext=u:r:kernel:s0 tcontext=u:r:kernel:s0 tclass=capability permissive=0
11-11 05:21:21.399 0 0 I auditd : type=1400 audit(0.0:2565): avc: denied { kill } for comm="swapper/2" capability=5 scontext=u:r:kernel:s0 tcontext=u:r:kernel:s0 tclass=capability permissive=0
11-11 05:21:21.439 2675 2675 I auditd : type=1400 audit(0.0:2566): avc: denied { search } for comm=73796E6320737663203330 name="oem" dev="dm-5" ino=42 scontext=u:r:adbd:s0 tcontext=u:object_r:oemfs:s0 tclass=dir permissive=0
11-11 05:21:21.443 2675 2675 I auditd : type=1400 audit(0.0:2567): avc: denied { search } for comm=73796E6320737663203330 name="oem" dev="dm-5" ino=42 scontext=u:r:adbd:s0 tcontext=u:object_r:oemfs:s0 tclass=dir permissive=0
11-11 05:21:21.443 2675 2675 I auditd : type=1400 audit(0.0:2568): avc: denied { search } for comm=73796E6320737663203330 name="oem" dev="dm-5" ino=42 scontext=u:r:adbd:s0 tcontext=u:object_r:oemfs:s0 tclass=dir permissive=0
11-11 05:21:21.459 1514 1754 D CompatibilityChangeReporter: Compat change id reported: 149924527; UID 2000; state: ENABLED
11-11 05:21:21.461 1514 1754 D CompatibilityChangeReporter: Compat change id reported: 132649864; UID 2000; state: DISABLED
11-11 05:21:21.619 2675 2675 I auditd : type=1400 audit(0.0:2569): avc: denied { search } for comm=73796E6320737663203330 name="oem" dev="dm-5" ino=42 scontext=u:r:adbd:s0 tcontext=u:object_r:oemfs:s0 tclass=dir permissive=0
11-11 05:21:23.399 331 331 I auditd : type=1400 audit(0.0:2571): avc: denied { kill } for comm="kworker/u16:10" capability=5 scontext=u:r:kernel:s0 tcontext=u:r:kernel:s0 tclass=capability permissive=0
11-11 05:21:24.399 0 0 I auditd : type=1400 audit(0.0:2572): avc: denied { kill } for comm="swapper/2" capability=5 scontext=u:r:kernel:s0 tcontext=u:r:kernel:s0 tclass=capability permissive=0
11-11 05:21:25.399 0 0 I auditd : type=1400 audit(0.0:2573): avc: denied { kill } for comm="swapper/2" capability=5 scontext=u:r:kernel:s0 tcontext=u:r:kernel:s0 tclass=capability permissive=0
11-11 05:21:26.399 331 331 I auditd : type=1400 audit(0.0:2574): avc: denied { kill } for comm="kworker/u16:10" capability=5 scontext=u:r:kernel:s0 tcontext=u:r:kernel:s0 tclass=capability permissive=0
11-11 05:21:27.399 0 0 I auditd : type=1400 audit(0.0:2575): avc: denied { kill } for comm="swapper/2" capability=5 scontext=u:r:kernel:s0 tcontext=u:r:kernel:s0 tclass=capability permissive=0
11-11 05:21:28.399 0 0 I auditd : type=1400 audit(0.0:2576): avc: denied { kill } for comm="swapper/2" capability=5 scontext=u:r:kernel:s0 tcontext=u:r:kernel:s0 tclass=capability permissive=0
11-11 05:21:29.399 0 0 I auditd : type=1400 audit(0.0:2577): avc: denied { kill } for comm="swapper/2" capability=5 scontext=u:r:kernel:s0 tcontext=u:r:kernel:s0 tclass=capability permissive=0
11-11 05:21:30.399 0 0 I auditd : type=1400 audit(0.0:2578): avc: denied { kill } for comm="swapper/2" capability=5 scontext=u:r:kernel:s0 tcontext=u:r:kernel:s0 tclass=capability permissive=0
11-11 05:21:31.399 0 0 I auditd : type=1400 audit(0.0:2579): avc: denied { kill } for comm="swapper/2" capability=5 scontext=u:r:kernel:s0 tcontext=u:r:kernel:s0 tclass=capability permissive=0
11-11 05:21:31.643 2675 2675 I auditd : type=1400 audit(0.0:2580): avc: denied { search } for comm=73796E6320737663203330 name="oem" dev="dm-5" ino=42 scontext=u:r:adbd:s0 tcontext=u:object_r:oemfs:s0 tclass=dir permissive=0
11-11 05:21:31.767 2675 2675 I auditd : type=1400 audit(0.0:2581): avc: denied { search } for comm=73796E6320737663203330 name="oem" dev="dm-5" ino=42 scontext=u:r:adbd:s0 tcontext=u:object_r:oemfs:s0 tclass=dir permissive=0
11-11 05:21:32.399 0 0 I auditd : type=1400 audit(0.0:2582): avc: denied { kill } for comm="swapper/2" capability=5 scontext=u:r:kernel:s0 tcontext=u:r:kernel:s0 tclass=capability permissive=0
11-11 05:21:33.515 2675 2675 I auditd : type=1400 audit(0.0:2583): avc: denied { search } for comm=73796E6320737663203330 name="oem" dev="dm-5" ino=42 scontext=u:r:adbd:s0 tcontext=u:object_r:oemfs:s0 tclass=dir permissive=0
11-11 05:21:34.399 0 0 I auditd : type=1400 audit(0.0:2584): avc: denied { kill } for comm="swapper/2" capability=5 scontext=u:r:kernel:s0 tcontext=u:r:kernel:s0 tclass=capability permissive=0
11-11 05:21:35.399 0 0 I auditd : type=1400 audit(0.0:2585): avc: denied { kill } for comm="swapper/2" capability=5 scontext=u:r:kernel:s0 tcontext=u:r:kernel:s0 tclass=capability permissive=0
11-11 05:21:36.399 0 0 I auditd : type=1400 audit(0.0:2586): avc: denied { kill } for comm="swapper/2" capability=5 scontext=u:r:kernel:s0 tcontext=u:r:kernel:s0 tclass=capability permissive=0
11-11 05:21:37.199 1514 1915 I storage_state: [41217664-9172-527a-b3d5-edabb50a7d69,0,0,115822837760,118610538496]
11-11 05:21:37.399 0 0 I auditd : type=1400 audit(0.0:2587): avc: denied { kill } for comm="swapper/2" capability=5 scontext=u:r:kernel:s0 tcontext=u:r:kernel:s0 tclass=capability permissive=0
11-11 05:21:38.399 0 0 I auditd : type=1400 audit(0.0:2588): avc: denied { kill } for comm="swapper/2" capability=5 scontext=u:r:kernel:s0 tcontext=u:r:kernel:s0 tclass=capability permissive=0
11-11 05:21:39.399 0 0 I auditd : type=1400 audit(0.0:2589): avc: denied { kill } for comm="swapper/2" capability=5 scontext=u:r:kernel:s0 tcontext=u:r:kernel:s0 tclass=capability permissive=0
11-11 05:21:40.399 0 0 I auditd : type=1400 audit(0.0:2590): avc: denied { kill } for comm="swapper/2" capability=5 scontext=u:r:kernel:s0 tcontext=u:r:kernel:s0 tclass=capability permissive=0
11-11 05:21:41.399 0 0 I auditd : type=1400 audit(0.0:2591): avc: denied { kill } for comm="swapper/2" capability=5 scontext=u:r:kernel:s0 tcontext=u:r:kernel:s0 tclass=capability permissive=0
11-11 05:21:42.399 0 0 I auditd : type=1400 audit(0.0:2592): avc: denied { kill } for comm="swapper/2" capability=5 scontext=u:r:kernel:s0 tcontext=u:r:kernel:s0 tclass=capability permissive=0
11-11 05:21:43.052 1514 1614 I am_uid_idle: 10051
11-11 05:21:43.399 0 0 I auditd : type=1400 audit(0.0:2593): avc: denied { kill } for comm="swapper/2" capability=5 scontext=u:r:kernel:s0 tcontext=u:r:kernel:s0 tclass=capability permissive=0
11-11 05:21:44.085 1514 1836 I netstats_mobile_sample: [0,0,0,0,0,0,0,0,0,0,0,0,1668115304085]
11-11 05:21:44.086 1514 1836 I netstats_wifi_sample: [55870816,127574,23150789,54645,55870816,127574,23150789,54645,65951509,180928,11720454,28674,1668115304085]
11-11 05:21:44.399 0 0 I auditd : type=1400 audit(0.0:2594): avc: denied { kill } for comm="swapper/2" capability=5 scontext=u:r:kernel:s0 tcontext=u:r:kernel:s0 tclass=capability permissive=0
11-11 05:21:45.399 0 0 I auditd : type=1400 audit(0.0:2595): avc: denied { kill } for comm="swapper/2" capability=5 scontext=u:r:kernel:s0 tcontext=u:r:kernel:s0 tclass=capability permissive=0
11-11 05:21:45.424 1514 1614 I am_uid_idle: 10094
11-11 05:21:46.399 0 0 I auditd : type=1400 audit(0.0:2596): avc: denied { kill } for comm="swapper/2" capability=5 scontext=u:r:kernel:s0 tcontext=u:r:kernel:s0 tclass=capability permissive=0
11-11 05:21:47.399 0 0 I auditd : type=1400 audit(0.0:2597): avc: denied { kill } for comm="swapper/2" capability=5 scontext=u:r:kernel:s0 tcontext=u:r:kernel:s0 tclass=capability permissive=0
11-11 05:21:48.399 0 0 I auditd : type=1400 audit(0.0:2598): avc: denied { kill } for comm="swapper/2" capability=5 scontext=u:r:kernel:s0 tcontext=u:r:kernel:s0 tclass=capability permissive=0
11-11 05:21:49.084 1514 1649 V DisplayPowerController[0]: Brightness [0.05] reason changing to: 'manual [ dim ]', previous reason: 'manual'.
11-11 05:21:49.084 1514 1649 I sysui_multi_action: [757,1696,758,6,759,2]
11-11 05:21:49.085 1514 1649 W PowerManagerService: Screen on took 66318 ms
11-11 05:21:49.095 1514 1974 E DisplayDeviceConfig: requesting nits when no mapping exists.
11-11 05:21:49.096 1514 1974 E DisplayDeviceConfig: requesting nits when no mapping exists.
11-11 05:21:49.096 1514 1614 I am_wtf : [0,1514,system_server,-1,DisplayDeviceConfig,requesting nits when no mapping exists.]
11-11 05:21:49.098 1514 1614 I DropBoxManagerService: add tag=system_server_wtf isTagEnabled=true flags=0x2
11-11 05:21:49.100 1514 1614 I am_wtf : [0,1514,system_server,-1,DisplayDeviceConfig,requesting nits when no mapping exists.]
11-11 05:21:49.101 1514 1614 I DropBoxManagerService: add tag=system_server_wtf isTagEnabled=true flags=0x2
11-11 05:21:49.111 1514 1974 E DisplayDeviceConfig: requesting nits when no mapping exists.
11-11 05:21:49.112 1514 1974 E DisplayDeviceConfig: requesting nits when no mapping exists.
11-11 05:21:49.112 1514 1614 I am_wtf : [0,1514,system_server,-1,DisplayDeviceConfig,requesting nits when no mapping exists.]
11-11 05:21:49.113 1514 1614 I DropBoxManagerService: add tag=system_server_wtf isTagEnabled=true flags=0x2
11-11 05:21:49.114 1514 1614 I am_wtf : [0,1514,system_server,-1,DisplayDeviceConfig,requesting nits when no mapping exists.]
11-11 05:21:49.115 1514 1614 I DropBoxManagerService: add tag=system_server_wtf isTagEnabled=true flags=0x2
11-11 05:21:49.120 1514 1974 E DisplayDeviceConfig: requesting nits when no mapping exists.
11-11 05:21:49.120 1514 1614 I am_wtf : [0,1514,system_server,-1,DisplayDeviceConfig,requesting nits when no mapping exists.]
11-11 05:21:49.120 1514 1974 E DisplayDeviceConfig: requesting nits when no mapping exists.
11-11 05:21:49.121 1514 1614 I DropBoxManagerService: add tag=system_server_wtf isTagEnabled=true flags=0x2
11-11 05:21:49.122 1514 1614 I am_wtf : [0,1514,system_server,-1,DisplayDeviceConfig,requesting nits when no mapping exists.]
11-11 05:21:49.136 1514 1974 E DisplayDeviceConfig: requesting nits when no mapping exists.
11-11 05:21:49.136 1514 1974 E DisplayDeviceConfig: requesting nits when no mapping exists.
11-11 05:21:49.136 1514 1614 I am_wtf : [0,1514,system_server,-1,DisplayDeviceConfig,requesting nits when no mapping exists.]
11-11 05:21:49.137 1514 1614 I am_wtf : [0,1514,system_server,-1,DisplayDeviceConfig,requesting nits when no mapping exists.]
11-11 05:21:49.152 1514 1974 E DisplayDeviceConfig: requesting nits when no mapping exists.
11-11 05:21:49.152 1514 1614 I am_wtf : [0,1514,system_server,-1,DisplayDeviceConfig,requesting nits when no mapping exists.]
11-11 05:21:49.152 1514 1974 E DisplayDeviceConfig: requesting nits when no mapping exists.
11-11 05:21:49.153 1514 1614 I am_wtf : [0,1514,system_server,-1,DisplayDeviceConfig,requesting nits when no mapping exists.]
11-11 05:21:49.170 1514 1974 E DisplayDeviceConfig: requesting nits when no mapping exists.
11-11 05:21:49.171 1514 1614 I am_wtf : [0,1514,system_server,-1,DisplayDeviceConfig,requesting nits when no mapping exists.]
11-11 05:21:49.171 1514 1974 E DisplayDeviceConfig: requesting nits when no mapping exists.
11-11 05:21:49.172 1514 1614 I am_wtf : [0,1514,system_server,-1,DisplayDeviceConfig,requesting nits when no mapping exists.]
11-11 05:21:49.186 1514 1974 E DisplayDeviceConfig: requesting nits when no mapping exists.
11-11 05:21:49.187 1514 1614 I am_wtf : [0,1514,system_server,-1,DisplayDeviceConfig,requesting nits when no mapping exists.]
11-11 05:21:49.187 1514 1974 E DisplayDeviceConfig: requesting nits when no mapping exists.
11-11 05:21:49.188 1514 1614 I am_wtf : [0,1514,system_server,-1,DisplayDeviceConfig,requesting nits when no mapping exists.]
11-11 05:21:49.203 1514 1974 E DisplayDeviceConfig: requesting nits when no mapping exists.
11-11 05:21:49.204 1514 1614 I am_wtf : [0,1514,system_server,-1,DisplayDeviceConfig,requesting nits when no mapping exists.]
11-11 05:21:49.205 1514 1974 E DisplayDeviceConfig: requesting nits when no mapping exists.
11-11 05:21:49.206 1514 1614 I am_wtf : [0,1514,system_server,-1,DisplayDeviceConfig,requesting nits when no mapping exists.]
11-11 05:21:49.220 1514 1974 E DisplayDeviceConfig: requesting nits when no mapping exists.
11-11 05:21:49.220 1514 1614 I am_wtf : [0,1514,system_server,-1,DisplayDeviceConfig,requesting nits when no mapping exists.]
11-11 05:21:49.220 1514 1974 E DisplayDeviceConfig: requesting nits when no mapping exists.
11-11 05:21:49.221 1514 1614 I am_wtf : [0,1514,system_server,-1,DisplayDeviceConfig,requesting nits when no mapping exists.]
11-11 05:21:49.236 1514 1974 E DisplayDeviceConfig: requesting nits when no mapping exists.
11-11 05:21:49.237 1514 1614 I am_wtf : [0,1514,system_server,-1,DisplayDeviceConfig,requesting nits when no mapping exists.]
11-11 05:21:49.237 1514 1974 E DisplayDeviceConfig: requesting nits when no mapping exists.
11-11 05:21:49.238 1514 1614 I am_wtf : [0,1514,system_server,-1,DisplayDeviceConfig,requesting nits when no mapping exists.]
11-11 05:21:49.253 1514 1974 E DisplayDeviceConfig: requesting nits when no mapping exists.
11-11 05:21:49.254 1514 1974 E DisplayDeviceConfig: requesting nits when no mapping exists.
11-11 05:21:49.254 1514 1614 I am_wtf : [0,1514,system_server,-1,DisplayDeviceConfig,requesting nits when no mapping exists.]
11-11 05:21:49.255 1514 1614 I am_wtf : [0,1514,system_server,-1,DisplayDeviceConfig,requesting nits when no mapping exists.]
11-11 05:21:49.270 1514 1974 E DisplayDeviceConfig: requesting nits when no mapping exists.
11-11 05:21:49.270 1514 1614 I am_wtf : [0,1514,system_server,-1,DisplayDeviceConfig,requesting nits when no mapping exists.]
11-11 05:21:49.270 1514 1974 E DisplayDeviceConfig: requesting nits when no mapping exists.
11-11 05:21:49.271 1514 1614 I am_wtf : [0,1514,system_server,-1,DisplayDeviceConfig,requesting nits when no mapping exists.]
11-11 05:21:49.286 1514 1974 E DisplayDeviceConfig: requesting nits when no mapping exists.
11-11 05:21:49.287 1514 1614 I am_wtf : [0,1514,system_server,-1,DisplayDeviceConfig,requesting nits when no mapping exists.]
11-11 05:21:49.287 1514 1974 E DisplayDeviceConfig: requesting nits when no mapping exists.
11-11 05:21:49.288 1514 1614 I am_wtf : [0,1514,system_server,-1,DisplayDeviceConfig,requesting nits when no mapping exists.]
11-11 05:21:49.303 1514 1974 E DisplayDeviceConfig: requesting nits when no mapping exists.
11-11 05:21:49.304 1514 1614 I am_wtf : [0,1514,system_server,-1,DisplayDeviceConfig,requesting nits when no mapping exists.]
11-11 05:21:49.305 1514 1974 E DisplayDeviceConfig: requesting nits when no mapping exists.
11-11 05:21:49.306 1514 1614 I am_wtf : [0,1514,system_server,-1,DisplayDeviceConfig,requesting nits when no mapping exists.]
11-11 05:21:49.320 1514 1974 E DisplayDeviceConfig: requesting nits when no mapping exists.
11-11 05:21:49.321 1514 1614 I am_wtf : [0,1514,system_server,-1,DisplayDeviceConfig,requesting nits when no mapping exists.]
11-11 05:21:49.322 1514 1974 E DisplayDeviceConfig: requesting nits when no mapping exists.
11-11 05:21:49.323 1514 1614 I am_wtf : [0,1514,system_server,-1,DisplayDeviceConfig,requesting nits when no mapping exists.]
11-11 05:21:49.337 1514 1974 E DisplayDeviceConfig: requesting nits when no mapping exists.
11-11 05:21:49.337 1514 1614 I am_wtf : [0,1514,system_server,-1,DisplayDeviceConfig,requesting nits when no mapping exists.]
11-11 05:21:49.338 1514 1974 E DisplayDeviceConfig: requesting nits when no mapping exists.
11-11 05:21:49.339 1514 1614 I am_wtf : [0,1514,system_server,-1,DisplayDeviceConfig,requesting nits when no mapping exists.]
11-11 05:21:49.354 1514 1974 E DisplayDeviceConfig: requesting nits when no mapping exists.
11-11 05:21:49.354 1514 1974 E DisplayDeviceConfig: requesting nits when no mapping exists.
11-11 05:21:49.354 1514 1614 I am_wtf : [0,1514,system_server,-1,DisplayDeviceConfig,requesting nits when no mapping exists.]
11-11 05:21:49.356 1514 1614 I am_wtf : [0,1514,system_server,-1,DisplayDeviceConfig,requesting nits when no mapping exists.]
11-11 05:21:49.370 1514 1974 E DisplayDeviceConfig: requesting nits when no mapping exists.
11-11 05:21:49.371 1514 1974 E DisplayDeviceConfig: requesting nits when no mapping exists.
11-11 05:21:49.371 1514 1614 I am_wtf : [0,1514,system_server,-1,DisplayDeviceConfig,requesting nits when no mapping exists.]
11-11 05:21:49.372 1514 1614 I am_wtf : [0,1514,system_server,-1,DisplayDeviceConfig,requesting nits when no mapping exists.]
11-11 05:21:49.387 1514 1974 E DisplayDeviceConfig: requesting nits when no mapping exists.
11-11 05:21:49.388 1514 1974 E DisplayDeviceConfig: requesting nits when no mapping exists.
11-11 05:21:49.388 1514 1614 I am_wtf : [0,1514,system_server,-1,DisplayDeviceConfig,requesting nits when no mapping exists.]
11-11 05:21:49.388 1514 1614 I am_wtf : [0,1514,system_server,-1,DisplayDeviceConfig,requesting nits when no mapping exists.]
11-11 05:21:49.403 1514 1974 E DisplayDeviceConfig: requesting nits when no mapping exists.
11-11 05:21:49.404 1514 1614 I am_wtf : [0,1514,system_server,-1,DisplayDeviceConfig,requesting nits when no mapping exists.]
11-11 05:21:49.404 1514 1974 E DisplayDeviceConfig: requesting nits when no mapping exists.
11-11 05:21:49.405 1514 1614 I am_wtf : [0,1514,system_server,-1,DisplayDeviceConfig,requesting nits when no mapping exists.]
11-11 05:21:49.399 0 0 I auditd : type=1400 audit(0.0:2599): avc: denied { kill } for comm="swapper/2" capability=5 scontext=u:r:kernel:s0 tcontext=u:r:kernel:s0 tclass=capability permissive=0
11-11 05:21:49.420 1514 1974 E DisplayDeviceConfig: requesting nits when no mapping exists.
11-11 05:21:49.421 1514 1974 E DisplayDeviceConfig: requesting nits when no mapping exists.
11-11 05:21:49.421 1514 1614 I am_wtf : [0,1514,system_server,-1,DisplayDeviceConfig,requesting nits when no mapping exists.]
11-11 05:21:49.422 1514 1614 I am_wtf : [0,1514,system_server,-1,DisplayDeviceConfig,requesting nits when no mapping exists.]
11-11 05:21:49.437 1514 1974 E DisplayDeviceConfig: requesting nits when no mapping exists.
11-11 05:21:49.438 1514 1614 I am_wtf : [0,1514,system_server,-1,DisplayDeviceConfig,requesting nits when no mapping exists.]
11-11 05:21:49.438 1514 1974 E DisplayDeviceConfig: requesting nits when no mapping exists.
11-11 05:21:49.439 1514 1614 I am_wtf : [0,1514,system_server,-1,DisplayDeviceConfig,requesting nits when no mapping exists.]
11-11 05:21:49.454 1514 1974 E DisplayDeviceConfig: requesting nits when no mapping exists.
11-11 05:21:49.454 1514 1614 I am_wtf : [0,1514,system_server,-1,DisplayDeviceConfig,requesting nits when no mapping exists.]
11-11 05:21:49.454 1514 1974 E DisplayDeviceConfig: requesting nits when no mapping exists.
11-11 05:21:49.455 1514 1614 I am_wtf : [0,1514,system_server,-1,DisplayDeviceConfig,requesting nits when no mapping exists.]
11-11 05:21:49.471 1514 1974 E DisplayDeviceConfig: requesting nits when no mapping exists.
11-11 05:21:49.471 1514 1614 I am_wtf : [0,1514,system_server,-1,DisplayDeviceConfig,requesting nits when no mapping exists.]
11-11 05:21:49.472 1514 1974 E DisplayDeviceConfig: requesting nits when no mapping exists.
11-11 05:21:49.473 1514 1614 I am_wtf : [0,1514,system_server,-1,DisplayDeviceConfig,requesting nits when no mapping exists.]
11-11 05:21:49.487 1514 1974 E DisplayDeviceConfig: requesting nits when no mapping exists.
11-11 05:21:49.487 1514 1974 E DisplayDeviceConfig: requesting nits when no mapping exists.
11-11 05:21:49.488 1514 1614 I am_wtf : [0,1514,system_server,-1,DisplayDeviceConfig,requesting nits when no mapping exists.]
11-11 05:21:49.489 1514 1614 I am_wtf : [0,1514,system_server,-1,DisplayDeviceConfig,requesting nits when no mapping exists.]
11-11 05:21:49.504 1514 1974 E DisplayDeviceConfig: requesting nits when no mapping exists.
11-11 05:21:49.504 1514 1974 E DisplayDeviceConfig: requesting nits when no mapping exists.
11-11 05:21:49.504 1514 1614 I am_wtf : [0,1514,system_server,-1,DisplayDeviceConfig,requesting nits when no mapping exists.]
11-11 05:21:49.505 1514 1614 I am_wtf : [0,1514,system_server,-1,DisplayDeviceConfig,requesting nits when no mapping exists.]
11-11 05:21:49.520 1514 1974 E DisplayDeviceConfig: requesting nits when no mapping exists.
11-11 05:21:49.521 1514 1614 I am_wtf : [0,1514,system_server,-1,DisplayDeviceConfig,requesting nits when no mapping exists.]
11-11 05:21:49.521 1514 1974 E DisplayDeviceConfig: requesting nits when no mapping exists.
11-11 05:21:49.522 1514 1614 I am_wtf : [0,1514,system_server,-1,DisplayDeviceConfig,requesting nits when no mapping exists.]
11-11 05:21:49.537 1514 1974 E DisplayDeviceConfig: requesting nits when no mapping exists.
11-11 05:21:49.538 1514 1974 E DisplayDeviceConfig: requesting nits when no mapping exists.
11-11 05:21:49.538 1514 1614 I am_wtf : [0,1514,system_server,-1,DisplayDeviceConfig,requesting nits when no mapping exists.]
11-11 05:21:49.539 1514 1614 I am_wtf : [0,1514,system_server,-1,DisplayDeviceConfig,requesting nits when no mapping exists.]
11-11 05:21:49.554 1514 1974 E DisplayDeviceConfig: requesting nits when no mapping exists.
11-11 05:21:49.555 1514 1974 E DisplayDeviceConfig: requesting nits when no mapping exists.
11-11 05:21:49.555 1514 1614 I am_wtf : [0,1514,system_server,-1,DisplayDeviceConfig,requesting nits when no mapping exists.]
11-11 05:21:49.556 1514 1614 I am_wtf : [0,1514,system_server,-1,DisplayDeviceConfig,requesting nits when no mapping exists.]
11-11 05:21:49.571 1514 1974 E DisplayDeviceConfig: requesting nits when no mapping exists.
11-11 05:21:49.571 1514 1974 E DisplayDeviceConfig: requesting nits when no mapping exists.
11-11 05:21:49.571 1514 1614 I am_wtf : [0,1514,system_server,-1,DisplayDeviceConfig,requesting nits when no mapping exists.]
11-11 05:21:49.572 1514 1614 I am_wtf : [0,1514,system_server,-1,DisplayDeviceConfig,requesting nits when no mapping exists.]
11-11 05:21:49.587 1514 1974 E DisplayDeviceConfig: requesting nits when no mapping exists.
11-11 05:21:49.588 1514 1974 E DisplayDeviceConfig: requesting nits when no mapping exists.
11-11 05:21:49.588 1514 1614 I am_wtf : [0,1514,system_server,-1,DisplayDeviceConfig,requesting nits when no mapping exists.]
11-11 05:21:49.589 1514 1614 I am_wtf : [0,1514,system_server,-1,DisplayDeviceConfig,requesting nits when no mapping exists.]
11-11 05:21:49.604 1514 1974 E DisplayDeviceConfig: requesting nits when no mapping exists.
11-11 05:21:49.604 1514 1614 I am_wtf : [0,1514,system_server,-1,DisplayDeviceConfig,requesting nits when no mapping exists.]
11-11 05:21:49.605 1514 1974 E DisplayDeviceConfig: requesting nits when no mapping exists.
11-11 05:21:49.606 1514 1614 I am_wtf : [0,1514,system_server,-1,DisplayDeviceConfig,requesting nits when no mapping exists.]
11-11 05:21:49.620 1514 1974 E DisplayDeviceConfig: requesting nits when no mapping exists.
11-11 05:21:49.621 1514 1974 E DisplayDeviceConfig: requesting nits when no mapping exists.
11-11 05:21:49.621 1514 1614 I am_wtf : [0,1514,system_server,-1,DisplayDeviceConfig,requesting nits when no mapping exists.]
11-11 05:21:49.622 1514 1614 I am_wtf : [0,1514,system_server,-1,DisplayDeviceConfig,requesting nits when no mapping exists.]
11-11 05:21:49.637 1514 1974 E DisplayDeviceConfig: requesting nits when no mapping exists.
11-11 05:21:49.638 1514 1614 I am_wtf : [0,1514,system_server,-1,DisplayDeviceConfig,requesting nits when no mapping exists.]
11-11 05:21:49.639 1514 1974 E DisplayDeviceConfig: requesting nits when no mapping exists.
11-11 05:21:49.639 1514 1614 I am_wtf : [0,1514,system_server,-1,DisplayDeviceConfig,requesting nits when no mapping exists.]
11-11 05:21:49.654 1514 1974 E DisplayDeviceConfig: requesting nits when no mapping exists.
11-11 05:21:49.655 1514 1974 E DisplayDeviceConfig: requesting nits when no mapping exists.
11-11 05:21:49.655 1514 1614 I am_wtf : [0,1514,system_server,-1,DisplayDeviceConfig,requesting nits when no mapping exists.]
11-11 05:21:49.656 1514 1614 I service_manager_stats: [100,62,60848]
11-11 05:21:49.656 1514 1614 I am_wtf : [0,1514,system_server,-1,DisplayDeviceConfig,requesting nits when no mapping exists.]
11-11 05:21:49.671 1514 1974 E DisplayDeviceConfig: requesting nits when no mapping exists.
11-11 05:21:49.671 1514 1614 I am_wtf : [0,1514,system_server,-1,DisplayDeviceConfig,requesting nits when no mapping exists.]
11-11 05:21:49.672 1514 1974 E DisplayDeviceConfig: requesting nits when no mapping exists.
11-11 05:21:49.673 1514 1614 I am_wtf : [0,1514,system_server,-1,DisplayDeviceConfig,requesting nits when no mapping exists.]
11-11 05:21:49.687 1514 1974 E DisplayDeviceConfig: requesting nits when no mapping exists.
11-11 05:21:49.688 1514 1614 I am_wtf : [0,1514,system_server,-1,DisplayDeviceConfig,requesting nits when no mapping exists.]
11-11 05:21:49.688 1514 1974 E DisplayDeviceConfig: requesting nits when no mapping exists.
11-11 05:21:49.689 1514 1614 I am_wtf : [0,1514,system_server,-1,DisplayDeviceConfig,requesting nits when no mapping exists.]
11-11 05:21:49.704 1514 1974 E DisplayDeviceConfig: requesting nits when no mapping exists.
11-11 05:21:49.705 1514 1614 I am_wtf : [0,1514,system_server,-1,DisplayDeviceConfig,requesting nits when no mapping exists.]
11-11 05:21:49.705 1514 1974 E DisplayDeviceConfig: requesting nits when no mapping exists.
11-11 05:21:49.706 1514 1614 I am_wtf : [0,1514,system_server,-1,DisplayDeviceConfig,requesting nits when no mapping exists.]
11-11 05:21:49.721 1514 1974 E DisplayDeviceConfig: requesting nits when no mapping exists.
11-11 05:21:49.721 1514 1614 I am_wtf : [0,1514,system_server,-1,DisplayDeviceConfig,requesting nits when no mapping exists.]
11-11 05:21:49.721 1514 1974 E DisplayDeviceConfig: requesting nits when no mapping exists.
11-11 05:21:49.722 1514 1614 I am_wtf : [0,1514,system_server,-1,DisplayDeviceConfig,requesting nits when no mapping exists.]
11-11 05:21:49.737 1514 1974 E DisplayDeviceConfig: requesting nits when no mapping exists.
11-11 05:21:49.738 1514 1614 I am_wtf : [0,1514,system_server,-1,DisplayDeviceConfig,requesting nits when no mapping exists.]
11-11 05:21:49.739 1514 1974 E DisplayDeviceConfig: requesting nits when no mapping exists.
11-11 05:21:49.739 1514 1614 I am_wtf : [0,1514,system_server,-1,DisplayDeviceConfig,requesting nits when no mapping exists.]
11-11 05:21:49.754 1514 1974 E DisplayDeviceConfig: requesting nits when no mapping exists.
11-11 05:21:49.755 1514 1974 E DisplayDeviceConfig: requesting nits when no mapping exists.
11-11 05:21:49.755 1514 1614 I am_wtf : [0,1514,system_server,-1,DisplayDeviceConfig,requesting nits when no mapping exists.]
11-11 05:21:49.756 1514 1614 I am_wtf : [0,1514,system_server,-1,DisplayDeviceConfig,requesting nits when no mapping exists.]
11-11 05:21:49.771 1514 1974 E DisplayDeviceConfig: requesting nits when no mapping exists.
11-11 05:21:49.771 1514 1974 E DisplayDeviceConfig: requesting nits when no mapping exists.
11-11 05:21:49.772 1514 1614 I am_wtf : [0,1514,system_server,-1,DisplayDeviceConfig,requesting nits when no mapping exists.]
11-11 05:21:49.774 1514 1614 I am_wtf : [0,1514,system_server,-1,DisplayDeviceConfig,requesting nits when no mapping exists.]
11-11 05:21:49.788 1514 1974 E DisplayDeviceConfig: requesting nits when no mapping exists.
11-11 05:21:49.788 1514 1614 I am_wtf : [0,1514,system_server,-1,DisplayDeviceConfig,requesting nits when no mapping exists.]
11-11 05:21:49.789 1514 1974 E DisplayDeviceConfig: requesting nits when no mapping exists.
11-11 05:21:49.790 1514 1614 I am_wtf : [0,1514,system_server,-1,DisplayDeviceConfig,requesting nits when no mapping exists.]
11-11 05:21:49.804 1514 1974 E DisplayDeviceConfig: requesting nits when no mapping exists.
11-11 05:21:49.805 1514 1974 E DisplayDeviceConfig: requesting nits when no mapping exists.
11-11 05:21:49.805 1514 1614 I am_wtf : [0,1514,system_server,-1,DisplayDeviceConfig,requesting nits when no mapping exists.]
11-11 05:21:49.806 1514 1614 I am_wtf : [0,1514,system_server,-1,DisplayDeviceConfig,requesting nits when no mapping exists.]
11-11 05:21:49.821 1514 1974 E DisplayDeviceConfig: requesting nits when no mapping exists.
11-11 05:21:49.822 1514 1614 I am_wtf : [0,1514,system_server,-1,DisplayDeviceConfig,requesting nits when no mapping exists.]
11-11 05:21:49.823 1514 1974 E DisplayDeviceConfig: requesting nits when no mapping exists.
11-11 05:21:49.823 1514 1614 I am_wtf : [0,1514,system_server,-1,DisplayDeviceConfig,requesting nits when no mapping exists.]
11-11 05:21:49.838 1514 1974 E DisplayDeviceConfig: requesting nits when no mapping exists.
11-11 05:21:49.838 1514 1614 I am_wtf : [0,1514,system_server,-1,DisplayDeviceConfig,requesting nits when no mapping exists.]
11-11 05:21:49.839 1514 1974 E DisplayDeviceConfig: requesting nits when no mapping exists.
11-11 05:21:49.840 1514 1614 I am_wtf : [0,1514,system_server,-1,DisplayDeviceConfig,requesting nits when no mapping exists.]
11-11 05:21:49.854 1514 1974 E DisplayDeviceConfig: requesting nits when no mapping exists.
11-11 05:21:49.855 1514 1614 I am_wtf : [0,1514,system_server,-1,DisplayDeviceConfig,requesting nits when no mapping exists.]
11-11 05:21:49.855 1514 1974 E DisplayDeviceConfig: requesting nits when no mapping exists.
11-11 05:21:49.855 1514 1614 I am_wtf : [0,1514,system_server,-1,DisplayDeviceConfig,requesting nits when no mapping exists.]
11-11 05:21:49.871 1514 1974 E DisplayDeviceConfig: requesting nits when no mapping exists.
11-11 05:21:49.872 1514 1614 I am_wtf : [0,1514,system_server,-1,DisplayDeviceConfig,requesting nits when no mapping exists.]
11-11 05:21:49.872 1514 1974 E DisplayDeviceConfig: requesting nits when no mapping exists.
11-11 05:21:49.872 1514 1614 I am_wtf : [0,1514,system_server,-1,DisplayDeviceConfig,requesting nits when no mapping exists.]
11-11 05:21:49.888 1514 1974 E DisplayDeviceConfig: requesting nits when no mapping exists.
11-11 05:21:49.890 1514 1974 E DisplayDeviceConfig: requesting nits when no mapping exists.
11-11 05:21:49.890 1514 1614 I am_wtf : [0,1514,system_server,-1,DisplayDeviceConfig,requesting nits when no mapping exists.]
11-11 05:21:49.891 1514 1614 I am_wtf : [0,1514,system_server,-1,DisplayDeviceConfig,requesting nits when no mapping exists.]
11-11 05:21:49.905 1514 1974 E DisplayDeviceConfig: requesting nits when no mapping exists.
11-11 05:21:49.906 1514 1614 I am_wtf : [0,1514,system_server,-1,DisplayDeviceConfig,requesting nits when no mapping exists.]
11-11 05:21:49.907 1514 1974 E DisplayDeviceConfig: requesting nits when no mapping exists.
11-11 05:21:49.908 1514 1614 I am_wtf : [0,1514,system_server,-1,DisplayDeviceConfig,requesting nits when no mapping exists.]
11-11 05:21:49.922 1514 1974 E DisplayDeviceConfig: requesting nits when no mapping exists.
11-11 05:21:49.922 1514 1614 I am_wtf : [0,1514,system_server,-1,DisplayDeviceConfig,requesting nits when no mapping exists.]
11-11 05:21:49.923 1514 1974 E DisplayDeviceConfig: requesting nits when no mapping exists.
11-11 05:21:49.924 1514 1614 I am_wtf : [0,1514,system_server,-1,DisplayDeviceConfig,requesting nits when no mapping exists.]
11-11 05:21:49.937 1514 1974 E DisplayDeviceConfig: requesting nits when no mapping exists.
11-11 05:21:49.938 1514 1974 E DisplayDeviceConfig: requesting nits when no mapping exists.
11-11 05:21:49.938 1514 1614 I am_wtf : [0,1514,system_server,-1,DisplayDeviceConfig,requesting nits when no mapping exists.]
11-11 05:21:49.939 1514 1614 I am_wtf : [0,1514,system_server,-1,DisplayDeviceConfig,requesting nits when no mapping exists.]
11-11 05:21:49.955 1514 1974 E DisplayDeviceConfig: requesting nits when no mapping exists.
11-11 05:21:49.956 1514 1974 E DisplayDeviceConfig: requesting nits when no mapping exists.
11-11 05:21:49.956 1514 1614 I am_wtf : [0,1514,system_server,-1,DisplayDeviceConfig,requesting nits when no mapping exists.]
11-11 05:21:49.957 1514 1614 I am_wtf : [0,1514,system_server,-1,DisplayDeviceConfig,requesting nits when no mapping exists.]
11-11 05:21:49.971 1514 1974 E DisplayDeviceConfig: requesting nits when no mapping exists.
11-11 05:21:49.972 1514 1614 I am_wtf : [0,1514,system_server,-1,DisplayDeviceConfig,requesting nits when no mapping exists.]
11-11 05:21:49.972 1514 1974 E DisplayDeviceConfig: requesting nits when no mapping exists.
11-11 05:21:49.973 1514 1614 I am_wtf : [0,1514,system_server,-1,DisplayDeviceConfig,requesting nits when no mapping exists.]
11-11 05:21:49.988 1514 1974 E DisplayDeviceConfig: requesting nits when no mapping exists.
11-11 05:21:49.989 1514 1614 I am_wtf : [0,1514,system_server,-1,DisplayDeviceConfig,requesting nits when no mapping exists.]
11-11 05:21:49.989 1514 1974 E DisplayDeviceConfig: requesting nits when no mapping exists.
11-11 05:21:49.989 1514 1614 I am_wtf : [0,1514,system_server,-1,DisplayDeviceConfig,requesting nits when no mapping exists.]
11-11 05:21:50.005 1514 1974 E DisplayDeviceConfig: requesting nits when no mapping exists.
11-11 05:21:50.006 1514 1974 E DisplayDeviceConfig: requesting nits when no mapping exists.
11-11 05:21:50.006 1514 1614 I am_wtf : [0,1514,system_server,-1,DisplayDeviceConfig,requesting nits when no mapping exists.]
11-11 05:21:50.008 1514 1614 I am_wtf : [0,1514,system_server,-1,DisplayDeviceConfig,requesting nits when no mapping exists.]
11-11 05:21:50.027 1514 1974 E DisplayDeviceConfig: requesting nits when no mapping exists.
11-11 05:21:50.027 1514 1614 I am_wtf : [0,1514,system_server,-1,DisplayDeviceConfig,requesting nits when no mapping exists.]
11-11 05:21:50.027 1514 1974 E DisplayDeviceConfig: requesting nits when no mapping exists.
11-11 05:21:50.028 1514 1614 I am_wtf : [0,1514,system_server,-1,DisplayDeviceConfig,requesting nits when no mapping exists.]
11-11 05:21:50.043 1514 1974 E DisplayDeviceConfig: requesting nits when no mapping exists.
11-11 05:21:50.043 1514 1974 E DisplayDeviceConfig: requesting nits when no mapping exists.
11-11 05:21:50.043 1514 1614 I am_wtf : [0,1514,system_server,-1,DisplayDeviceConfig,requesting nits when no mapping exists.]
11-11 05:21:50.044 1514 1614 I am_wtf : [0,1514,system_server,-1,DisplayDeviceConfig,requesting nits when no mapping exists.]
11-11 05:21:50.399 0 0 I auditd : type=1400 audit(0.0:2600): avc: denied { kill } for comm="swapper/2" capability=5 scontext=u:r:kernel:s0 tcontext=u:r:kernel:s0 tclass=capability permissive=0
11-11 05:21:51.399 0 0 I auditd : type=1400 audit(0.0:2601): avc: denied { kill } for comm="swapper/2" capability=5 scontext=u:r:kernel:s0 tcontext=u:r:kernel:s0 tclass=capability permissive=0
11-11 05:21:52.399 0 0 I auditd : type=1400 audit(0.0:2602): avc: denied { kill } for comm="swapper/2" capability=5 scontext=u:r:kernel:s0 tcontext=u:r:kernel:s0 tclass=capability permissive=0
11-11 05:21:53.399 0 0 I auditd : type=1400 audit(0.0:2603): avc: denied { kill } for comm="swapper/2" capability=5 scontext=u:r:kernel:s0 tcontext=u:r:kernel:s0 tclass=capability permissive=0
11-11 05:21:54.399 0 0 I auditd : type=1400 audit(0.0:2604): avc: denied { kill } for comm="swapper/2" capability=5 scontext=u:r:kernel:s0 tcontext=u:r:kernel:s0 tclass=capability permissive=0
11-11 05:21:55.399 0 0 I auditd : type=1400 audit(0.0:2605): avc: denied { kill } for comm="swapper/2" capability=5 scontext=u:r:kernel:s0 tcontext=u:r:kernel:s0 tclass=capability permissive=0
11-11 05:21:56.075 1514 1649 I PowerManagerService: Napping display group (groupId=0, uid=1000)...
11-11 05:21:56.075 1514 1649 I PowerManagerService: Nap time (uid 1000)...
11-11 05:21:56.077 1514 1649 I DreamManagerService: Entering dreamland.
11-11 05:21:56.085 1514 1649 I PowerManagerService: Dreaming...
11-11 05:21:56.087 1514 1592 I DreamController: Starting dream: name=ComponentInfo{com.thundercomm.screensaver/com.thundercomm.saverclock.service.ClockScreensaver}, isTest=false, canDoze=false, userId=0
11-11 05:21:56.088 1514 1592 I sysui_multi_action: [757,222,758,1]
11-11 05:21:56.091 1514 1592 I am_uid_active: 10051
11-11 05:21:56.101 1514 2072 I ActivityTaskManager: START u0 {flg=0x10000000 pkg=com.thundercomm.screensaver cmp=com.thundercomm.screensaver/android.service.dreams.DreamActivity (has extras)} from uid 10051
11-11 05:21:56.107 1514 2072 I wm_task_created: [71,-1]
11-11 05:21:56.107 1514 2072 W ActivityTaskManager: Can't find TaskDisplayArea to determine support for multi window. Task id=71 attached=false
11-11 05:21:56.108 1514 1612 I am_pss : [9604,10086,com.android.music,52104192,45121536,0,169598976,0,2,9]
11-11 05:21:56.111 1514 2072 I wm_task_moved: [71,1,7]
11-11 05:21:56.111 1514 2072 I wm_task_to_front: [0,71]
11-11 05:21:56.111 1514 2072 I wm_create_task: [0,71]
11-11 05:21:56.111 1514 2072 I wm_create_activity: [0,175294271,71,com.thundercomm.screensaver/android.service.dreams.DreamActivity,NULL,NULL,NULL,276824064]
11-11 05:21:56.111 1514 2072 I wm_task_moved: [71,1,7]
11-11 05:21:56.112 9604 9604 I wm_on_top_resumed_lost_called: [146893346,com.android.music.VideoBrowserActivity,topStateChangedWhenResumed]
