11-11 05:25:09.893 1514 1514 I GameModeConfig: isDisableVoice = true
11-11 05:25:10.127 1514 8092 I wm_task_moved: [39,1,6]
11-11 05:25:10.128 1514 8092 I wm_task_moved: [40,1,2147483647]
11-11 05:25:10.128 1514 8092 I wm_task_to_front: [0,40]
11-11 05:25:10.128 1514 8092 I wm_focused_root_task: [0,0,39,82,RecentsAnimation.onAnimationFinished()]
11-11 05:25:10.128 10367 10367 I wm_on_top_resumed_lost_called: [138126184,com.android.gallery3d.app.GalleryActivity,topStateChangedWhenResumed]
11-11 05:25:10.128 1514 8092 I wm_set_resumed_activity: [0,com.android.launcher3/.uioverrides.QuickstepLauncher,RecentsAnimation.onAnimationFinished()]
11-11 05:25:10.129 1514 8092 I ActivityTaskManager: FOREGROUND_APPLICATION_CHANGED to com.android.launcher3.uioverrides.QuickstepLauncher
11-11 05:25:10.130 1514 8092 I wm_set_resumed_activity: [0,com.android.launcher3/.uioverrides.QuickstepLauncher,resumeTopActivityInnerLocked]
11-11 05:25:10.131 1514 8092 I wm_resume_activity: [0,157690489,40,com.android.launcher3/.uioverrides.QuickstepLauncher]
11-11 05:25:10.138 1514 1596 I input_focus: [Focus request eea03e8 com.android.launcher3/com.android.launcher3.uioverrides.QuickstepLauncher,reason=UpdateInputWindows]
11-11 05:25:10.141 2503 2503 I wm_on_resume_called: [157690489,com.android.launcher3.uioverrides.QuickstepLauncher,RESUME_ACTIVITY]
11-11 05:25:10.142 2503 2503 I wm_on_top_resumed_gained_called: [157690489,com.android.launcher3.uioverrides.QuickstepLauncher,topStateChangedWhenResumed]
11-11 05:25:10.144 1514 1595 I sysui_multi_action: [757,803,799,window_time_2,802,0]
11-11 05:25:10.152 1514 1770 I input_focus: [Focus leaving recents_animation_input_consumer (server),reason=NOT_VISIBLE]
11-11 05:25:10.152 1514 1770 I input_focus: [Focus entering eea03e8 com.android.launcher3/com.android.launcher3.uioverrides.QuickstepLauncher (server),reason=setFocusedWindow]
11-11 05:25:10.173 1514 1595 I wm_destroy_activity: [0,25092322,82,com.android.gallery3d/.app.GalleryActivity,finish-imm:transit]
11-11 05:25:10.199 10367 10367 I wm_on_stop_called: [25092322,com.android.gallery3d.app.GalleryActivity,LIFECYCLER_STOP_ACTIVITY]
11-11 05:25:10.201 10367 10367 I wm_on_destroy_called: [25092322,com.android.gallery3d.app.GalleryActivity,performDestroy]
11-11 05:25:10.246 3685 3703 W ContextImpl: Calling a method in the system process without a qualified user: android.app.ContextImpl.startService:1816 android.content.ContextWrapper.startService:774 com.thundercomm.gamemode.ingame.services.GameModeActionUtils.startGameModeService:93 com.thundercomm.gamemode.ingame.services.GameModeActionUtils.startGameModeEntry:21 com.thundercomm.gamemode.ingame.services.ActivityMonitoringService$1.onActivityLaunch:126
11-11 05:25:10.251 1514 1514 I GameModeConfig: Current uri is uri = content://com.thundercomm.gamemode.api/gamemode_settings/gamemode_isgaming
11-11 05:25:10.254 1514 1514 I GameModeConfig: isGameModeOn = false
11-11 05:25:10.254 1514 1514 I GameModeConfig: isGameModeOn = false
11-11 05:25:10.254 1514 1514 I GameModeConfig: isDisableVoice = true
11-11 05:25:10.399 0 0 I auditd : type=1400 audit(0.0:2867): avc: denied { kill } for comm="swapper/1" capability=5 scontext=u:r:kernel:s0 tcontext=u:r:kernel:s0 tclass=capability permissive=0
11-11 05:25:11.399 0 0 I auditd : type=1400 audit(0.0:2868): avc: denied { kill } for comm="swapper/1" capability=5 scontext=u:r:kernel:s0 tcontext=u:r:kernel:s0 tclass=capability permissive=0
11-11 05:25:11.890 1514 1770 I input_interaction: Interaction with: 8ed7780 com.android.gallery3d/com.android.gallery3d.app.GalleryActivity (server), edge-swipe (server), swipe-up (server), PointerEventDispatcher0 (server),
11-11 05:25:11.893 1514 1595 I wm_task_moved: [82,1,6]
11-11 05:25:11.893 1514 1595 I wm_task_to_front: [0,82]
11-11 05:25:11.897 1514 1595 I wm_set_resumed_activity: [0,com.android.gallery3d/.app.GalleryActivity,positionChildAt]
11-11 05:25:11.897 2503 2503 I wm_on_top_resumed_lost_called: [157690489,com.android.launcher3.uioverrides.QuickstepLauncher,topStateChangedWhenResumed]
11-11 05:25:11.897 1514 1595 I wm_focused_root_task: [0,0,82,39,setFocusedTask]
11-11 05:25:11.897 1514 1595 I wm_set_resumed_activity: [0,com.android.gallery3d/.app.GalleryActivity,setFocusedTask]
11-11 05:25:11.897 1514 1595 I ActivityTaskManager: FOREGROUND_APPLICATION_CHANGED to com.android.gallery3d.app.GalleryActivity
11-11 05:25:11.899 10367 10367 I wm_on_top_resumed_gained_called: [138126184,com.android.gallery3d.app.GalleryActivity,topStateChangedWhenResumed]
11-11 05:25:11.899 1514 1596 I input_focus: [Focus request 8ed7780 com.android.gallery3d/com.android.gallery3d.app.GalleryActivity,reason=UpdateInputWindows]
11-11 05:25:11.935 1514 1770 I input_focus: [Focus leaving eea03e8 com.android.launcher3/com.android.launcher3.uioverrides.QuickstepLauncher (server),reason=setFocusedWindow]
11-11 05:25:11.935 1514 1770 I input_focus: [Focus entering 8ed7780 com.android.gallery3d/com.android.gallery3d.app.GalleryActivity (server),reason=setFocusedWindow]
11-11 05:25:12.010 1514 8092 I wm_relaunch_resume_activity: [0,138126184,82,com.android.gallery3d/.app.GalleryActivity]
11-11 05:25:12.010 1514 8092 I wm_add_to_stopping: [0,157690489,com.android.launcher3/.uioverrides.QuickstepLauncher,makeInvisible]
11-11 05:25:12.012 1514 8092 D FreeFormWindowHelper: Remove freefrom task=Task{c6f69d7 #82 type=standard A=10068:com.android.gallery3d U=0 visible=true mode=fullscreen translucent=false sz=1}
11-11 05:25:12.015 10367 10367 I wm_on_top_resumed_lost_called: [138126184,com.android.gallery3d.app.GalleryActivity,pausing]
11-11 05:25:12.027 1514 10030 W WindowManager: Attempted to set replacing window on app token with no content Token{bd13702 ActivityRecord{83ba368 u0 com.android.gallery3d/.app.GalleryActivity t82}}
11-11 05:25:12.036 10367 10367 I wm_on_paused_called: [138126184,com.android.gallery3d.app.GalleryActivity,performPause]
11-11 05:25:12.036 10367 10367 I wm_on_stop_called: [138126184,com.android.gallery3d.app.GalleryActivity,handleRelaunchActivity]
11-11 05:25:12.038 10367 10367 I wm_on_destroy_called: [138126184,com.android.gallery3d.app.GalleryActivity,performDestroy]
11-11 05:25:12.045 3685 3703 W ContextImpl: Calling a method in the system process without a qualified user: android.app.ContextImpl.startService:1816 android.content.ContextWrapper.startService:774 com.thundercomm.gamemode.ingame.services.GameModeActionUtils.startGameModeService:93 com.thundercomm.gamemode.ingame.services.GameModeActionUtils.startGameModeEntry:21 com.thundercomm.gamemode.ingame.services.ActivityMonitoringService$1.onActivityLaunch:126
11-11 05:25:12.049 1514 1514 I GameModeConfig: Current uri is uri = content://com.thundercomm.gamemode.api/gamemode_settings/gamemode_isgaming
11-11 05:25:12.051 1514 1514 I GameModeConfig: isGameModeOn = false
11-11 05:25:12.051 1514 1514 I GameModeConfig: isGameModeOn = false
11-11 05:25:12.051 1514 1514 I GameModeConfig: isDisableVoice = true
11-11 05:25:12.052 10367 10367 I wm_on_create_called: [138126184,com.android.gallery3d.app.GalleryActivity,performCreate]
11-11 05:25:12.054 10367 10367 I wm_on_start_called: [138126184,com.android.gallery3d.app.GalleryActivity,handleStartActivity]
11-11 05:25:12.058 10367 10367 I wm_on_resume_called: [138126184,com.android.gallery3d.app.GalleryActivity,RESUME_ACTIVITY]
11-11 05:25:12.058 10367 10367 I wm_on_top_resumed_gained_called: [138126184,com.android.gallery3d.app.GalleryActivity,topWhenResuming]
11-11 05:25:12.066 1514 1901 I GameModeConfig: isGameModeOn = false
11-11 05:25:12.066 1514 1901 I GameModeConfig: isGameModeOn = false
11-11 05:25:12.066 1514 1901 I GameModeConfig: isGameModeOn = false
11-11 05:25:12.066 1514 1901 I GameModeConfig: isGameModeOn = false
11-11 05:25:12.067 1998 1998 I sysui_multi_action: [757,111,758,2]
11-11 05:25:12.067 1514 1514 I notification_enqueue: [10082,1998,com.android.systemui,2048,NULL,0,Notification(channel=updateNotification shortcut=null contentView=null vibrate=null sound=null defaults=0x0 flags=0x0 color=0x00000000 vis=PRIVATE),1]
11-11 05:25:12.068 1998 1998 I sysui_multi_action: [757,111,758,2]
11-11 05:25:12.081 1514 10030 I WindowManager: finishDrawing of relaunch: Window{8ed7780 u0 com.android.gallery3d/com.android.gallery3d.app.GalleryActivity} 71ms
11-11 05:25:12.086 1998 1998 I sysui_multi_action: [757,111,758,1]
11-11 05:25:12.087 1998 1998 I sysui_multi_action: [757,126,758,1,759,126,927,0,928,1,1593,0]
11-11 05:25:12.087 1998 1998 I sysui_multi_action: [757,113,758,1,759,113,927,1,928,1,1593,0]
11-11 05:25:12.087 1998 1998 I sysui_multi_action: [757,0,758,1,759,0,927,2,928,0,1593,0]
11-11 05:25:12.087 1998 1998 I sysui_multi_action: [757,0,758,1,759,0,927,3,928,0,1593,0]
11-11 05:25:12.088 1998 1998 I sysui_multi_action: [757,491,758,1,759,491,927,4,928,0,1311,-1,1593,0]
11-11 05:25:12.088 1998 1998 I sysui_multi_action: [757,0,758,1,759,0,927,5,928,0,1593,0]
11-11 05:25:12.088 1998 1998 I sysui_multi_action: [757,111,758,1]
11-11 05:25:12.088 1998 1998 I sysui_multi_action: [757,126,758,1,759,126,927,0,928,1,1593,0]
11-11 05:25:12.089 1998 1998 I sysui_multi_action: [757,113,758,1,759,113,927,1,928,1,1593,0]
11-11 05:25:12.089 1998 1998 I sysui_multi_action: [757,0,758,1,759,0,927,2,928,0,1593,0]
11-11 05:25:12.089 1998 1998 I sysui_multi_action: [757,0,758,1,759,0,927,3,928,0,1593,0]
11-11 05:25:12.271 1514 1514 I GameModeConfig: isGameModeOn = false
11-11 05:25:12.273 1514 1514 I sysui_multi_action: [757,1501,758,1,793,2306393,794,0,795,207,796,2048,806,com.android.systemui,857,updateNotification,858,3,947,0,1500,0,1688,1]
11-11 05:25:12.274 1514 1514 I sysui_multi_action: [757,804,799,note_interruptive,801,0,802,1]
11-11 05:25:12.274 1514 1514 I sysui_multi_action: [757,199,758,1,759,2,793,2306394,794,0,795,208,796,2048,806,com.android.systemui,857,updateNotification,858,3,947,0,1500,1,1688,1]
11-11 05:25:12.275 1514 1514 I notification_alert: [0|com.android.systemui|2048|null|10082,0,1,0]
11-11 05:25:12.277 1514 1514 W NotificationHistory: Attempted to add notif for locked/gone/disabled user 0
11-11 05:25:12.399 0 0 I auditd : type=1400 audit(0.0:2869): avc: denied { kill } for comm="swapper/1" capability=5 scontext=u:r:kernel:s0 tcontext=u:r:kernel:s0 tclass=capability permissive=0
11-11 05:25:12.429 1514 1595 I wm_stop_activity: [0,157690489,com.android.launcher3/.uioverrides.QuickstepLauncher]
11-11 05:25:12.439 3685 3703 W ContextImpl: Calling a method in the system process without a qualified user: android.app.ContextImpl.startService:1816 android.content.ContextWrapper.startService:774 com.thundercomm.gamemode.ingame.services.GameModeActionUtils.startGameModeService:93 com.thundercomm.gamemode.ingame.services.GameModeActionUtils.startGameModeEntry:21 com.thundercomm.gamemode.ingame.services.ActivityMonitoringService$1.onActivityLaunch:126
11-11 05:25:12.444 1514 1514 I GameModeConfig: Current uri is uri = content://com.thundercomm.gamemode.api/gamemode_settings/gamemode_isgaming
11-11 05:25:12.447 1514 1514 I GameModeConfig: isGameModeOn = false
11-11 05:25:12.447 1514 1514 I GameModeConfig: isGameModeOn = false
11-11 05:25:12.447 1514 1514 I GameModeConfig: isDisableVoice = true
11-11 05:25:12.451 2503 2503 I wm_on_paused_called: [157690489,com.android.launcher3.uioverrides.QuickstepLauncher,performPause]
11-11 05:25:12.453 2503 2503 I wm_on_stop_called: [157690489,com.android.launcher3.uioverrides.QuickstepLauncher,STOP_ACTIVITY_ITEM]
11-11 05:25:12.473 3685 3703 W ContextImpl: Calling a method in the system process without a qualified user: android.app.ContextImpl.startService:1816 android.content.ContextWrapper.startService:774 com.thundercomm.gamemode.ingame.services.GameModeActionUtils.startGameModeService:93 com.thundercomm.gamemode.ingame.services.GameModeActionUtils.startGameModeEntry:21 com.thundercomm.gamemode.ingame.services.ActivityMonitoringService$1.onActivityLaunch:126
11-11 05:25:12.476 1514 1514 I GameModeConfig: Current uri is uri = content://com.thundercomm.gamemode.api/gamemode_settings/gamemode_isgaming
11-11 05:25:12.478 1514 1514 I GameModeConfig: isGameModeOn = false
11-11 05:25:12.479 1514 1514 I GameModeConfig: isGameModeOn = false
11-11 05:25:12.479 1514 1514 I GameModeConfig: isDisableVoice = true
11-11 05:25:13.223 1514 2742 E TaskPersister: File error accessing recents directory (directory doesn't exist?).
11-11 05:25:13.399 0 0 I auditd : type=1400 audit(0.0:2870): avc: denied { kill } for comm="swapper/1" capability=5 scontext=u:r:kernel:s0 tcontext=u:r:kernel:s0 tclass=capability permissive=0
11-11 05:25:14.399 0 0 I auditd : type=1400 audit(0.0:2871): avc: denied { kill } for comm="swapper/1" capability=5 scontext=u:r:kernel:s0 tcontext=u:r:kernel:s0 tclass=capability permissive=0
11-11 05:25:14.615 1514 8092 I ActivityTaskManager: START u0 {act=android.intent.action.VIEW dat=content://media/external/video/media/20 typ=video/* cmp=com.android.gallery3d/.app.MovieActivity (has extras)} from uid 10068
11-11 05:25:14.621 1514 8092 I wm_task_moved: [82,1,6]
11-11 05:25:14.621 1514 8092 I wm_set_resumed_activity: [0,com.android.gallery3d/.app.GalleryActivity,positionChildAt]
11-11 05:25:14.621 1514 8092 I wm_create_activity: [0,242006872,82,com.android.gallery3d/.app.MovieActivity,android.intent.action.VIEW,video/*,content://media/external/video/media/20,0]
11-11 05:25:14.624 1514 8092 I wm_pause_activity: [0,138126184,com.android.gallery3d/.app.GalleryActivity,userLeaving=true,resumeTopActivityInnerLocked]
11-11 05:25:14.629 10367 10367 I wm_on_top_resumed_lost_called: [138126184,com.android.gallery3d.app.GalleryActivity,topStateChangedWhenResumed]
11-11 05:25:14.646 10367 10367 I wm_on_paused_called: [138126184,com.android.gallery3d.app.GalleryActivity,performPause]
11-11 05:25:14.647 1514 10030 I ActivityTaskManager: FOREGROUND_APPLICATION_CHANGED to com.android.gallery3d.app.MovieActivity
11-11 05:25:14.647 1514 10030 I ActivityTaskManager: The Process com.android.gallery3d Already Exists in BG. So sending its PID: 10367
11-11 05:25:14.648 1514 10030 W ActivityTaskManager: Tried to set launchTime (0) < mLastActivityLaunchTime (2325177)
11-11 05:25:14.649 1514 10030 I wm_add_to_stopping: [0,138126184,com.android.gallery3d/.app.GalleryActivity,makeInvisible]
11-11 05:25:14.650 1514 10030 I wm_restart_activity: [0,242006872,82,com.android.gallery3d/.app.MovieActivity]
11-11 05:25:14.652 1514 10030 I wm_set_resumed_activity: [0,com.android.gallery3d/.app.MovieActivity,minimalResumeActivityLocked]
11-11 05:25:14.656 1514 1595 I sysui_multi_action: [757,803,799,window_time_0,802,5]
11-11 05:25:14.674 1514 1612 I am_pss : [10367,10068,com.android.gallery3d,71824384,63303680,0,197005312,0,2,8]
11-11 05:25:14.686 1514 1770 I input_focus: [Focus leaving 8ed7780 com.android.gallery3d/com.android.gallery3d.app.GalleryActivity (server),reason=NO_WINDOW]
11-11 05:25:14.692 10367 10367 I wm_on_create_called: [242006872,com.android.gallery3d.app.MovieActivity,performCreate]
11-11 05:25:14.697 10367 10367 I wm_on_start_called: [242006872,com.android.gallery3d.app.MovieActivity,handleStartActivity]
11-11 05:25:14.697 10367 10367 I wm_on_resume_called: [242006872,com.android.gallery3d.app.MovieActivity,RESUME_ACTIVITY]
11-11 05:25:14.700 1514 8092 W WindowManager: Failed looking up window session=Session{f0d39de 10367:u0a10068} callers=com.android.server.wm.WindowManagerService.windowForClientLocked:5628 com.android.server.wm.Session.insetsModified:629 android.view.IWindowSession$Stub.onTransact:1151
11-11 05:25:14.704 10367 10367 I wm_on_top_resumed_gained_called: [242006872,com.android.gallery3d.app.MovieActivity,topStateChangedWhenResumed]
11-11 05:25:14.714 1514 1596 I input_focus: [Focus request 52c3d22 com.android.gallery3d/com.android.gallery3d.app.MovieActivity,reason=UpdateInputWindows]
11-11 05:25:14.761 3685 3703 W ContextImpl: Calling a method in the system process without a qualified user: android.app.ContextImpl.startService:1816 android.content.ContextWrapper.startService:774 com.thundercomm.gamemode.ingame.services.GameModeActionUtils.startGameModeService:93 com.thundercomm.gamemode.ingame.services.GameModeActionUtils.startGameModeEntry:21 com.thundercomm.gamemode.ingame.services.ActivityMonitoringService$1.onActivityLaunch:126
11-11 05:25:14.768 1514 1514 I GameModeConfig: Current uri is uri = content://com.thundercomm.gamemode.api/gamemode_settings/gamemode_isgaming
11-11 05:25:14.770 1514 1514 I GameModeConfig: isGameModeOn = false
11-11 05:25:14.771 1514 1514 I GameModeConfig: isGameModeOn = false
11-11 05:25:14.771 1514 1514 I GameModeConfig: isDisableVoice = true
11-11 05:25:14.786 1514 1592 I wm_activity_launch_time: [0,242006872,com.android.gallery3d/.app.MovieActivity,169]
11-11 05:25:14.800 1514 1770 I input_focus: [Focus entering 52c3d22 com.android.gallery3d/com.android.gallery3d.app.MovieActivity (server),reason=Window became focusable. Previous reason: NOT_VISIBLE]
11-11 05:25:15.189 1514 1595 I wm_stop_activity: [0,138126184,com.android.gallery3d/.app.GalleryActivity]
11-11 05:25:15.193 10367 10367 I wm_on_stop_called: [138126184,com.android.gallery3d.app.GalleryActivity,STOP_ACTIVITY_ITEM]
11-11 05:25:15.484 1514 1593 D CompatibilityChangeReporter: Compat change id reported: 168419799; UID 1000; state: DISABLED
11-11 05:25:15.509 1514 1596 I input_focus: [Focus request 658f482 ImmersiveModeConfirmation,reason=UpdateInputWindows]
11-11 05:25:15.516 1514 1770 I input_interaction: Interaction with: 52c3d22 com.android.gallery3d/com.android.gallery3d.app.MovieActivity (server), edge-swipe (server), swipe-up (server), PointerEventDispatcher0 (server),
11-11 05:25:15.521 1514 1770 I input_focus: [Focus leaving 52c3d22 com.android.gallery3d/com.android.gallery3d.app.MovieActivity (server),reason=Waiting for window because NOT_VISIBLE]
11-11 05:25:15.542 1514 1770 I input_focus: [Focus entering 658f482 ImmersiveModeConfirmation (server),reason=Window became focusable. Previous reason: NOT_VISIBLE]
11-11 05:25:15.593 1514 1596 I input_focus: [Focus request 52c3d22 com.android.gallery3d/com.android.gallery3d.app.MovieActivity,reason=UpdateInputWindows]
11-11 05:25:15.621 1514 1770 I input_focus: [Focus entering 52c3d22 com.android.gallery3d/com.android.gallery3d.app.MovieActivity (server),reason=setFocusedWindow]
11-11 05:25:16.483 1514 1921 I snet_event_log: [172655291,-1,]
11-11 05:25:16.747 1514 1901 I GameModeConfig: isGameModeOn = false
11-11 05:25:17.372 1514 8092 I wm_task_moved: [39,0,0]
11-11 05:25:17.373 1514 8092 I wm_task_moved: [39,0,5]
11-11 05:25:17.386 2503 2503 I wm_on_restart_called: [157690489,com.android.launcher3.uioverrides.QuickstepLauncher,performRestartActivity]
11-11 05:25:17.397 3685 3703 W ContextImpl: Calling a method in the system process without a qualified user: android.app.ContextImpl.startService:1816 android.content.ContextWrapper.startService:774 com.thundercomm.gamemode.ingame.services.GameModeActionUtils.startGameModeService:93 com.thundercomm.gamemode.ingame.services.GameModeActionUtils.startGameModeEntry:21 com.thundercomm.gamemode.ingame.services.ActivityMonitoringService$1.onActivityLaunch:126
11-11 05:25:17.402 1514 1514 I GameModeConfig: Current uri is uri = content://com.thundercomm.gamemode.api/gamemode_settings/gamemode_isgaming
11-11 05:25:17.399 33 33 I auditd : type=1400 audit(0.0:2872): avc: denied { kill } for comm="rcuos/2" capability=5 scontext=u:r:kernel:s0 tcontext=u:r:kernel:s0 tclass=capability permissive=0
11-11 05:25:17.407 1514 1514 I GameModeConfig: isGameModeOn = false
11-11 05:25:17.408 1514 1514 I GameModeConfig: isGameModeOn = false
11-11 05:25:17.408 1514 1514 I GameModeConfig: isDisableVoice = true
11-11 05:25:17.411 2503 2503 I wm_on_start_called: [157690489,com.android.launcher3.uioverrides.QuickstepLauncher,handleStartActivity]
11-11 05:25:17.436 1514 1592 I sysui_multi_action: [319,15,322,53,325,2332,757,761,758,9,759,5,806,com.android.launcher3,871,com.android.launcher3.uioverrides.QuickstepLauncher,904,com.android.launcher3,905,0,1320,8,1321,5]
11-11 05:25:17.470 10367 10367 I view_enqueue_input_event: [Motion - Cancel,com.android.gallery3d/com.android.gallery3d.app.MovieActivity]
11-11 05:25:17.470 1514 1770 I input_interaction: Interaction with: edge-swipe (server), swipe-up (server), PointerEventDispatcher0 (server),
11-11 05:25:17.472 2503 2503 I sysui_latency: [1,78]
11-11 05:25:17.478 1514 1596 I input_focus: [Focus request recents_animation_input_consumer,reason=UpdateInputWindows]
11-11 05:25:17.507 1514 1770 I input_focus: [Focus leaving 52c3d22 com.android.gallery3d/com.android.gallery3d.app.MovieActivity (server),reason=NOT_FOCUSABLE]
11-11 05:25:17.507 1514 1770 I input_focus: [Focus entering recents_animation_input_consumer (server),reason=setFocusedWindow]
11-11 05:25:17.617 1514 1715 I commit_sys_config_file: [settings-1-0,7]
11-11 05:25:17.726 1514 1612 I sysui_latency: [8,72]
11-11 05:25:18.067 1514 1715 I commit_sys_config_file: [settings-1-0,17]
11-11 05:25:18.137 1514 2742 E TaskPersister: File error accessing recents directory (directory doesn't exist?).
11-11 05:25:18.399 0 0 I auditd : type=1400 audit(0.0:2873): avc: denied { kill } for comm="swapper/1" capability=5 scontext=u:r:kernel:s0 tcontext=u:r:kernel:s0 tclass=capability permissive=0
11-11 05:25:18.509 1514 9439 I wm_task_moved: [39,1,6]
11-11 05:25:18.511 1514 9439 I wm_task_moved: [40,1,2147483647]
11-11 05:25:18.512 1514 9439 I wm_task_to_front: [0,40]
11-11 05:25:18.512 1514 9439 I wm_focused_root_task: [0,0,39,82,RecentsAnimation.onAnimationFinished()]
11-11 05:25:18.512 1514 9439 I wm_set_resumed_activity: [0,com.android.launcher3/.uioverrides.QuickstepLauncher,RecentsAnimation.onAnimationFinished()]
11-11 05:25:18.512 10367 10367 I wm_on_top_resumed_lost_called: [242006872,com.android.gallery3d.app.MovieActivity,topStateChangedWhenResumed]
11-11 05:25:18.513 1514 9439 I wm_pause_activity: [0,242006872,com.android.gallery3d/.app.MovieActivity,userLeaving=true,pauseBackTasks]
11-11 05:25:18.514 1514 9439 I wm_add_to_stopping: [0,242006872,com.android.gallery3d/.app.MovieActivity,makeInvisible]
11-11 05:25:18.514 1514 9439 I ActivityTaskManager: FOREGROUND_APPLICATION_CHANGED to com.android.launcher3.uioverrides.QuickstepLauncher
11-11 05:25:18.515 1514 9439 I wm_set_resumed_activity: [0,com.android.launcher3/.uioverrides.QuickstepLauncher,resumeTopActivityInnerLocked]
11-11 05:25:18.519 1514 9439 I wm_resume_activity: [0,157690489,40,com.android.launcher3/.uioverrides.QuickstepLauncher]
11-11 05:25:18.523 2503 2503 I wm_on_resume_called: [157690489,com.android.launcher3.uioverrides.QuickstepLauncher,RESUME_ACTIVITY]
11-11 05:25:18.532 1514 1596 I input_focus: [Focus request eea03e8 com.android.launcher3/com.android.launcher3.uioverrides.QuickstepLauncher,reason=UpdateInputWindows]
11-11 05:25:18.546 1514 1770 I input_focus: [Focus leaving recents_animation_input_consumer (server),reason=NOT_VISIBLE]
11-11 05:25:18.546 1514 1770 I input_focus: [Focus entering eea03e8 com.android.launcher3/com.android.launcher3.uioverrides.QuickstepLauncher (server),reason=setFocusedWindow]
11-11 05:25:18.546 1514 1921 I wm_stop_activity: [0,242006872,com.android.gallery3d/.app.MovieActivity]
11-11 05:25:18.547 2503 2503 I wm_on_top_resumed_gained_called: [157690489,com.android.launcher3.uioverrides.QuickstepLauncher,topStateChangedWhenResumed]
11-11 05:25:18.557 1514 1595 I sysui_multi_action: [757,803,799,window_time_0,802,3]
11-11 05:25:18.565 1514 1595 I sysui_multi_action: [757,803,799,window_time_0,802,0]
11-11 05:25:18.647 3685 3703 W ContextImpl: Calling a method in the system process without a qualified user: android.app.ContextImpl.startService:1816 android.content.ContextWrapper.startService:774 com.thundercomm.gamemode.ingame.services.GameModeActionUtils.startGameModeService:93 com.thundercomm.gamemode.ingame.services.GameModeActionUtils.startGameModeEntry:21 com.thundercomm.gamemode.ingame.services.ActivityMonitoringService$1.onActivityLaunch:126
11-11 05:25:18.653 1514 1514 I GameModeConfig: Current uri is uri = content://com.thundercomm.gamemode.api/gamemode_settings/gamemode_isgaming
11-11 05:25:18.654 1514 1514 I GameModeConfig: isGameModeOn = false
11-11 05:25:18.655 1514 1514 I GameModeConfig: isGameModeOn = false
11-11 05:25:18.655 1514 1514 I GameModeConfig: isDisableVoice = true
11-11 05:25:18.667 10367 10367 I wm_on_paused_called: [242006872,com.android.gallery3d.app.MovieActivity,performPause]
11-11 05:25:18.682 10367 10367 I wm_on_stop_called: [242006872,com.android.gallery3d.app.MovieActivity,STOP_ACTIVITY_ITEM]
11-11 05:25:18.697 3685 3703 W ContextImpl: Calling a method in the system process without a qualified user: android.app.ContextImpl.startService:1816 android.content.ContextWrapper.startService:774 com.thundercomm.gamemode.ingame.services.GameModeActionUtils.startGameModeService:93 com.thundercomm.gamemode.ingame.services.GameModeActionUtils.startGameModeEntry:21 com.thundercomm.gamemode.ingame.services.ActivityMonitoringService$1.onActivityLaunch:126
11-11 05:25:18.703 1514 1514 I GameModeConfig: Current uri is uri = content://com.thundercomm.gamemode.api/gamemode_settings/gamemode_isgaming
11-11 05:25:18.705 1514 1514 I GameModeConfig: isGameModeOn = false
11-11 05:25:18.707 1514 1514 I GameModeConfig: isGameModeOn = false
11-11 05:25:18.707 1514 1514 I GameModeConfig: isDisableVoice = true
11-11 05:25:19.021 1514 1770 I input_interaction: Interaction with: eea03e8 com.android.launcher3/com.android.launcher3.uioverrides.QuickstepLauncher (server), 8068647 com.android.systemui.ImageWallpaper (server), edge-swipe (server), swipe-up (server), PointerEventDispatcher0 (server),
11-11 05:25:19.177 2503 2503 I view_enqueue_input_event: [Motion - Cancel,com.android.launcher3/com.android.launcher3.uioverrides.QuickstepLauncher]
11-11 05:25:19.184 1514 1770 I input_interaction: Interaction with: edge-swipe (server), swipe-up (server), PointerEventDispatcher0 (server),
11-11 05:25:19.352 1514 1715 I commit_sys_config_file: [settings-1-0,7]
11-11 05:25:19.685 1514 1715 I commit_sys_config_file: [settings-1-0,9]
11-11 05:25:20.939 1514 1770 I input_interaction: Interaction with: eea03e8 com.android.launcher3/com.android.launcher3.uioverrides.QuickstepLauncher (server), 8068647 com.android.systemui.ImageWallpaper (server), edge-swipe (server), swipe-up (server), PointerEventDispatcher0 (server),
11-11 05:25:21.039 1514 10322 I ActivityTaskManager: START u0 {flg=0x10008000 cmp=com.android.gallery3d/.app.MovieActivity} from uid 10079
11-11 05:25:21.047 1514 10322 I wm_task_moved: [82,1,6]
11-11 05:25:21.047 1514 10322 I wm_task_to_front: [0,82]
11-11 05:25:21.048 1514 10322 I wm_focused_root_task: [0,0,82,39,bringingFoundTaskToFront]
11-11 05:25:21.049 1514 10322 I wm_set_resumed_activity: [0,com.android.gallery3d/.app.MovieActivity,bringingFoundTaskToFront]
11-11 05:25:21.051 1514 10322 D FreeFormWindowHelper: Add freeform task=Task{c6f69d7 #82 type=standard A=10068:com.android.gallery3d U=0 visible=true mode=freeform translucent=true sz=2}
11-11 05:25:21.051 1514 10322 I wm_relaunch_resume_activity: [0,242006872,82,com.android.gallery3d/.app.MovieActivity]
11-11 05:25:21.052 1514 10322 I ActivityTaskManager: FOREGROUND_APPLICATION_CHANGED to com.android.gallery3d.app.MovieActivity
11-11 05:25:21.053 1514 10322 I wm_set_resumed_activity: [0,com.android.gallery3d/.app.MovieActivity,resumeTopActivityInnerLocked]
11-11 05:25:21.053 10367 10367 I wm_on_destroy_called: [242006872,com.android.gallery3d.app.MovieActivity,performDestroy]
11-11 05:25:21.055 1514 10322 I wm_resume_activity: [0,242006872,82,com.android.gallery3d/.app.MovieActivity]
11-11 05:25:21.055 1514 10322 I wm_relaunch_activity: [0,138126184,82,com.android.gallery3d/.app.GalleryActivity]
11-11 05:25:21.057 1514 10322 I wm_finish_activity: [0,242006872,82,com.android.gallery3d/.app.MovieActivity,clear-task-all]
11-11 05:25:21.059 1514 10322 I wm_pause_activity: [0,242006872,com.android.gallery3d/.app.MovieActivity,userLeaving=false,finish]
11-11 05:25:21.060 1514 10322 I wm_finish_activity: [0,138126184,82,com.android.gallery3d/.app.GalleryActivity,clear-task-all]
11-11 05:25:21.063 1514 10322 I wm_destroy_activity: [0,138126184,82,com.android.gallery3d/.app.GalleryActivity,finish-imm:finishIfPossible]
11-11 05:25:21.065 1514 10322 I wm_task_moved: [82,1,6]
11-11 05:25:21.065 1514 10322 I wm_create_activity: [0,160310716,82,com.android.gallery3d/.app.MovieActivity,NULL,NULL,NULL,272662528]
11-11 05:25:21.073 2503 2503 I wm_on_top_resumed_lost_called: [157690489,com.android.launcher3.uioverrides.QuickstepLauncher,topStateChangedWhenResumed]
11-11 05:25:21.075 1514 1921 W WindowManager: Attempted to set replacing window on app token with no content Token{fef583b ActivityRecord{e6cbb58 u0 com.android.gallery3d/.app.MovieActivity t82 f}}}
11-11 05:25:21.092 3685 3703 W ContextImpl: Calling a method in the system process without a qualified user: android.app.ContextImpl.startService:1816 android.content.ContextWrapper.startService:774 com.thundercomm.gamemode.ingame.services.GameModeActionUtils.startGameModeService:93 com.thundercomm.gamemode.ingame.services.GameModeActionUtils.startGameModeEntry:21 com.thundercomm.gamemode.ingame.services.ActivityMonitoringService$1.onActivityLaunch:126
11-11 05:25:21.096 10367 10367 I wm_on_create_called: [242006872,com.android.gallery3d.app.MovieActivity,performCreate]
11-11 05:25:21.097 1514 1514 I GameModeConfig: Current uri is uri = content://com.thundercomm.gamemode.api/gamemode_settings/gamemode_isgaming
11-11 05:25:21.099 10367 10367 I wm_on_start_called: [242006872,com.android.gallery3d.app.MovieActivity,handleStartActivity]
11-11 05:25:21.100 1514 1514 I GameModeConfig: isGameModeOn = false
11-11 05:25:21.100 1514 1514 I GameModeConfig: isGameModeOn = false
11-11 05:25:21.100 1514 1514 I GameModeConfig: isDisableVoice = true
11-11 05:25:21.104 10367 10367 I wm_on_resume_called: [242006872,com.android.gallery3d.app.MovieActivity,RESUME_ACTIVITY]
11-11 05:25:21.137 1514 1921 I WindowManager: finishDrawing of relaunch: Window{52c3d22 u0 com.android.gallery3d/com.android.gallery3d.app.MovieActivity} 86ms
11-11 05:25:21.144 1514 9439 W WindowManager: Attempted to set replacing window on app token with no content Token{bd13702 ActivityRecord{83ba368 u0 com.android.gallery3d/.app.GalleryActivity t82 f}}}
11-11 05:25:21.146 10367 10367 I wm_on_destroy_called: [138126184,com.android.gallery3d.app.GalleryActivity,performDestroy]
11-11 05:25:21.161 10367 10367 I wm_on_create_called: [138126184,com.android.gallery3d.app.GalleryActivity,performCreate]
11-11 05:25:21.162 10367 10367 I wm_on_start_called: [138126184,com.android.gallery3d.app.GalleryActivity,handleStartActivity]
11-11 05:25:21.166 10367 10367 I wm_on_resume_called: [138126184,com.android.gallery3d.app.GalleryActivity,LIFECYCLER_RESUME_ACTIVITY]
11-11 05:25:21.168 10367 10367 I wm_on_paused_called: [138126184,com.android.gallery3d.app.GalleryActivity,performPause]
11-11 05:25:21.173 10367 10367 I wm_on_paused_called: [242006872,com.android.gallery3d.app.MovieActivity,performPause]
11-11 05:25:21.174 1514 9439 I wm_add_to_stopping: [0,242006872,com.android.gallery3d/.app.MovieActivity,completeFinishing]
11-11 05:25:21.174 1514 9439 I ActivityTaskManager: The Process com.android.gallery3d Already Exists in BG. So sending its PID: 10367
11-11 05:25:21.174 1514 9439 W ActivityTaskManager: Tried to set launchTime (0) < mLastActivityLaunchTime (2330064)
11-11 05:25:21.177 1514 9439 I wm_restart_activity: [0,160310716,82,com.android.gallery3d/.app.MovieActivity]
11-11 05:25:21.178 1514 9439 I wm_set_resumed_activity: [0,com.android.gallery3d/.app.MovieActivity,minimalResumeActivityLocked]
11-11 05:25:21.181 1514 1595 I sysui_multi_action: [757,803,799,window_time_0,802,3]
11-11 05:25:21.182 10367 10367 I wm_on_stop_called: [138126184,com.android.gallery3d.app.GalleryActivity,LIFECYCLER_STOP_ACTIVITY]
11-11 05:25:21.184 10367 10367 I wm_on_destroy_called: [138126184,com.android.gallery3d.app.GalleryActivity,performDestroy]
11-11 05:25:21.210 10367 10367 E AndroidRuntime: FATAL EXCEPTION: main
11-11 05:25:21.210 10367 10367 E AndroidRuntime: Process: com.android.gallery3d, PID: 10367
11-11 05:25:21.210 10367 10367 E AndroidRuntime: java.lang.RuntimeException: Unable to start activity ComponentInfo{com.android.gallery3d/com.android.gallery3d.app.MovieActivity}: java.lang.NullPointerException: Attempt to invoke virtual method 'java.lang.String android.net.Uri.getScheme()' on a null object reference
11-11 05:25:21.210 10367 10367 E AndroidRuntime: at android.app.ActivityThread.performLaunchActivity(ActivityThread.java:3636)
11-11 05:25:21.210 10367 10367 E AndroidRuntime: at android.app.ActivityThread.handleLaunchActivity(ActivityThread.java:3793)
11-11 05:25:21.210 10367 10367 E AndroidRuntime: at android.app.servertransaction.LaunchActivityItem.execute(LaunchActivityItem.java:103)
11-11 05:25:21.210 10367 10367 E AndroidRuntime: at android.app.servertransaction.TransactionExecutor.executeCallbacks(TransactionExecutor.java:135)
11-11 05:25:21.210 10367 10367 E AndroidRuntime: at android.app.servertransaction.TransactionExecutor.execute(TransactionExecutor.java:95)
11-11 05:25:21.210 10367 10367 E AndroidRuntime: at android.app.ActivityThread$H.handleMessage(ActivityThread.java:2211)
11-11 05:25:21.210 10367 10367 E AndroidRuntime: at android.os.Handler.dispatchMessage(Handler.java:106)
11-11 05:25:21.210 10367 10367 E AndroidRuntime: at android.os.Looper.loopOnce(Looper.java:201)
11-11 05:25:21.210 10367 10367 E AndroidRuntime: at android.os.Looper.loop(Looper.java:288)
11-11 05:25:21.210 10367 10367 E AndroidRuntime: at android.app.ActivityThread.main(ActivityThread.java:7880)
11-11 05:25:21.210 10367 10367 E AndroidRuntime: at java.lang.reflect.Method.invoke(Native Method)
11-11 05:25:21.210 10367 10367 E AndroidRuntime: at com.android.internal.os.RuntimeInit$MethodAndArgsCaller.run(RuntimeInit.java:548)
11-11 05:25:21.210 10367 10367 E AndroidRuntime: at com.android.internal.os.ZygoteInit.main(ZygoteInit.java:1009)
11-11 05:25:21.210 10367 10367 E AndroidRuntime: Caused by: java.lang.NullPointerException: Attempt to invoke virtual method 'java.lang.String android.net.Uri.getScheme()' on a null object reference
11-11 05:25:21.210 10367 10367 E AndroidRuntime: at com.android.gallery3d.app.MoviePlayer.startVideo(MoviePlayer.java:324)
11-11 05:25:21.210 10367 10367 E AndroidRuntime: at com.android.gallery3d.app.MoviePlayer.(MoviePlayer.java:200)
11-11 05:25:21.210 10367 10367 E AndroidRuntime: at com.android.gallery3d.app.MovieActivity$1.(MovieActivity.java:95)
11-11 05:25:21.210 10367 10367 E AndroidRuntime: at com.android.gallery3d.app.MovieActivity.onCreate(MovieActivity.java:94)
11-11 05:25:21.210 10367 10367 E AndroidRuntime: at android.app.Activity.performCreate(Activity.java:8070)
11-11 05:25:21.210 10367 10367 E AndroidRuntime: at android.app.Activity.performCreate(Activity.java:8050)
11-11 05:25:21.210 10367 10367 E AndroidRuntime: at android.app.Instrumentation.callActivityOnCreate(Instrumentation.java:1330)
11-11 05:25:21.210 10367 10367 E AndroidRuntime: at android.app.ActivityThread.performLaunchActivity(ActivityThread.java:3609)
11-11 05:25:21.210 10367 10367 E AndroidRuntime: ... 12 more
11-11 05:25:21.211 1514 1540 I am_crash: [10367,0,com.android.gallery3d,819510341,java.lang.NullPointerException,Attempt to invoke virtual method 'java.lang.String android.net.Uri.getScheme()' on a null object reference,MoviePlayer.java,324]
11-11 05:25:21.212 1514 10535 I DropBoxManagerService: add tag=system_app_crash isTagEnabled=true flags=0x2
11-11 05:25:21.212 1514 1540 W ActivityTaskManager: Force finishing activity com.android.gallery3d/.app.MovieActivity
11-11 05:25:21.212 1514 1540 I wm_finish_activity: [0,160310716,82,com.android.gallery3d/.app.MovieActivity,force-crash]
11-11 05:25:21.212 1514 1540 I wm_task_moved: [39,1,6]
11-11 05:25:21.213 1514 1540 I wm_set_resumed_activity: [0,com.android.launcher3/.uioverrides.QuickstepLauncher,positionChildAt]
11-11 05:25:21.213 1514 1540 I wm_task_moved: [40,1,2147483647]
11-11 05:25:21.213 1514 1540 I wm_task_to_front: [0,40]
11-11 05:25:21.213 1514 1540 I wm_focused_root_task: [0,0,39,-1,finish-top adjustFocusToNextFocusableTask]
11-11 05:25:21.213 1514 1540 I wm_set_resumed_activity: [0,com.android.launcher3/.uioverrides.QuickstepLauncher,finish-top]
11-11 05:25:21.215 1514 1540 I wm_pause_activity: [0,160310716,com.android.gallery3d/.app.MovieActivity,userLeaving=false,finish]
11-11 05:25:21.217 1514 1596 I input_focus: [Focus request eea03e8 com.android.launcher3/com.android.launcher3.uioverrides.QuickstepLauncher,reason=UpdateInputWindows]
11-11 05:25:21.218 1514 1540 I sysui_multi_action: [757,316,758,4,759,-1]
11-11 05:25:21.219 1514 1595 I sysui_multi_action: [757,1144,758,8,806,com.android.gallery3d,871,com.android.gallery3d.app.MovieActivity]
11-11 05:25:21.263 1514 9439 I ActivityManager: Process com.android.gallery3d (pid 10367) has died: fg TOP
11-11 05:25:21.263 1514 9439 I am_proc_died: [0,10367,com.android.gallery3d,0,2]
11-11 05:25:21.266 1514 9439 I am_uid_stopped: 10068
11-11 05:25:21.272 1514 9439 I ActivityTaskManager: FOREGROUND_APPLICATION_CHANGED to com.android.launcher3.uioverrides.QuickstepLauncher
11-11 05:25:21.279 1514 2080 I WindowManager: WIN DEATH: Window{8ed7780 u0 com.android.gallery3d/com.android.gallery3d.app.GalleryActivity}
11-11 05:25:21.281 1514 5474 I WindowManager: WIN DEATH: Window{52c3d22 u0 com.android.gallery3d/com.android.gallery3d.app.MovieActivity}
11-11 05:25:21.285 1514 1595 W ActivityManager: setHasOverlayUi called on unknown pid: 10367
11-11 05:25:21.285 1514 1596 I wm_task_removed: [82,removeChild:removeChild last r=ActivityRecord{83ba368 u0 com.android.gallery3d/.app.GalleryActivity t-1 f}} in t=Task{c6f69d7 #82 type=standard A=10068:com.android.gallery3d U=0 visible=false mode=freeform translucent=true sz=0}]
11-11 05:25:21.286 1514 1596 I wm_task_removed: [82,removeChild]
11-11 05:25:21.286 1514 1596 D FreeFormWindowHelper: Remove freefrom task=Task{c6f69d7 #82 type=standard A=10068:com.android.gallery3d U=0 visible=false mode=freeform translucent=true sz=0}
11-11 05:25:21.293 3685 3703 W ContextImpl: Calling a method in the system process without a qualified user: android.app.ContextImpl.startService:1816 android.content.ContextWrapper.startService:774 com.thundercomm.gamemode.ingame.services.GameModeActionUtils.startGameModeService:93 com.thundercomm.gamemode.ingame.services.GameModeActionUtils.startGameModeEntry:21 com.thundercomm.gamemode.ingame.services.ActivityMonitoringService$1.onActivityLaunch:126
11-11 05:25:21.296 1514 1514 I GameModeConfig: Current uri is uri = content://com.thundercomm.gamemode.api/gamemode_settings/gamemode_isgaming
11-11 05:25:21.298 1514 1514 I GameModeConfig: isGameModeOn = false
11-11 05:25:21.298 1514 1514 I GameModeConfig: isGameModeOn = false
11-11 05:25:21.298 1514 1514 I GameModeConfig: isDisableVoice = true
11-11 05:25:21.715 1514 1595 W ActivityTaskManager: Activity top resumed state loss timeout for ActivityRecord{98e25bc u0 com.android.gallery3d/.app.MovieActivity t-1 f}}
11-11 05:25:21.716 2503 2503 I wm_on_top_resumed_gained_called: [157690489,com.android.launcher3.uioverrides.QuickstepLauncher,topStateChangedWhenResumed]
11-11 05:25:22.090 1514 1901 I GameModeConfig: isGameModeOn = false
11-11 05:25:22.272 1514 1901 I GameModeConfig: isGameModeOn = false
11-11 05:25:22.399 0 0 I auditd : type=1400 audit(0.0:2874): avc: denied { kill } for comm="swapper/3" capability=5 scontext=u:r:kernel:s0 tcontext=u:r:kernel:s0 tclass=capability permissive=0
11-11 05:25:23.399 0 0 I auditd : type=1400 audit(0.0:2875): avc: denied { kill } for comm="swapper/3" capability=5 scontext=u:r:kernel:s0 tcontext=u:r:kernel:s0 tclass=capability permissive=0
11-11 05:25:23.515 2503 2503 I view_enqueue_input_event: [Motion - Cancel,com.android.launcher3/com.android.launcher3.uioverrides.QuickstepLauncher]
11-11 05:25:23.517 1514 1770 I input_interaction: Interaction with: edge-swipe (server), swipe-up (server), PointerEventDispatcher0 (server),
11-11 05:25:23.699 1514 1715 I commit_sys_config_file: [settings-1-0,9]
11-11 05:25:23.979 1514 1715 I commit_sys_config_file: [settings-1-0,6]
11-11 05:25:24.585 1514 2742 E TaskPersister: File error accessing recents directory (directory doesn't exist?).
11-11 05:25:24.848 1514 1770 I input_interaction: Interaction with: eea03e8 com.android.launcher3/com.android.launcher3.uioverrides.QuickstepLauncher (server), 8068647 com.android.systemui.ImageWallpaper (server), edge-swipe (server), swipe-up (server), PointerEventDispatcher0 (server),
11-11 05:25:24.963 1514 6729 D FreeFormWindowHelper: Add freeform task=Task{c6f69d7 #82 type=standard A=10068:com.android.gallery3d U=0 visible=false mode=freeform translucent=true sz=0}
11-11 05:25:24.967 1514 6729 I wm_task_moved: [39,1,6]
11-11 05:25:24.967 1514 6729 I wm_set_resumed_activity: [0,com.android.launcher3/.uioverrides.QuickstepLauncher,positionChildAt]
11-11 05:25:24.968 1514 6729 I ActivityTaskManager: START u0 {flg=0x10108000 cmp=com.android.gallery3d/.app.GalleryActivity} from uid 10079
11-11 05:25:24.972 1514 6729 I wm_task_moved: [82,1,6]
11-11 05:25:24.972 1514 6729 I wm_task_to_front: [0,82]
11-11 05:25:24.973 1514 6729 I wm_focused_root_task: [0,0,82,39,reuseOrNewTask]
11-11 05:25:24.973 1514 6729 I wm_create_activity: [0,86480624,82,com.android.gallery3d/.app.GalleryActivity,NULL,NULL,NULL,269516800]
11-11 05:25:24.975 1514 6729 I wm_pause_activity: [0,157690489,com.android.launcher3/.uioverrides.QuickstepLauncher,userLeaving=true,pauseBackTasks]
11-11 05:25:24.980 2503 2503 I wm_on_top_resumed_lost_called: [157690489,com.android.launcher3.uioverrides.QuickstepLauncher,topStateChangedWhenResumed]
11-11 05:25:24.981 2503 2503 I wm_on_paused_called: [157690489,com.android.launcher3.uioverrides.QuickstepLauncher,performPause]
11-11 05:25:24.985 1514 6729 I ActivityTaskManager: FOREGROUND_APPLICATION_CHANGED to com.android.gallery3d.app.GalleryActivity
11-11 05:25:24.987 1514 6729 I wm_add_to_stopping: [0,157690489,com.android.launcher3/.uioverrides.QuickstepLauncher,makeInvisible]
11-11 05:25:24.991 1514 1595 I am_uid_running: 10068
11-11 05:25:24.992 1514 1595 D CompatibilityChangeReporter: Compat change id reported: 135634846; UID 10068; state: DISABLED
11-11 05:25:24.992 1514 1595 D CompatibilityChangeReporter: Compat change id reported: 177438394; UID 10068; state: DISABLED
11-11 05:25:24.992 1514 1595 D CompatibilityChangeReporter: Compat change id reported: 135772972; UID 10068; state: DISABLED
11-11 05:25:24.992 1514 1595 D CompatibilityChangeReporter: Compat change id reported: 135754954; UID 10068; state: DISABLED
11-11 05:25:24.992 1514 1615 D CompatibilityChangeReporter: Compat change id reported: 143937733; UID 10068; state: DISABLED
11-11 05:25:25.001 1514 1595 I sysui_multi_action: [757,803,799,window_time_2,802,4]
11-11 05:25:25.008 1514 1770 I input_focus: [Focus leaving eea03e8 com.android.launcher3/com.android.launcher3.uioverrides.QuickstepLauncher (server),reason=NO_WINDOW]
11-11 05:25:25.014 1514 1615 I am_proc_start: [0,10541,10068,com.android.gallery3d,pre-top-activity,{com.android.gallery3d/com.android.gallery3d.app.GalleryActivity}]
11-11 05:25:25.015 1514 1615 I ActivityManager: Start proc 10541:com.android.gallery3d/u0a68 for pre-top-activity {com.android.gallery3d/com.android.gallery3d.app.GalleryActivity}
11-11 05:25:25.016 1514 10542 W ContextImpl: Calling a method in the system process without a qualified user: android.app.ContextImpl.sendBroadcast:1173 com.qualcomm.qti.Performance$SendGameLaunchBroadcast.run:217 java.lang.Thread.run:920
11-11 05:25:25.028 1514 1612 I am_pss : [10326,10086,com.android.music,6959104,4702208,0,90951680,0,19,5]
11-11 05:25:25.033 1514 6729 I am_proc_bound: [0,10541,com.android.gallery3d]
11-11 05:25:25.035 1514 6729 I wm_restart_activity: [0,86480624,82,com.android.gallery3d/.app.GalleryActivity]
11-11 05:25:25.035 1514 1612 I am_pss : [10325,1000,com.android.settings,20489216,12771328,0,110387200,0,19,6]
11-11 05:25:25.036 1514 6729 I wm_set_resumed_activity: [0,com.android.gallery3d/.app.GalleryActivity,minimalResumeActivityLocked]
11-11 05:25:25.037 1514 1595 I am_uid_active: 10068
11-11 05:25:25.058 3685 3703 W ContextImpl: Calling a method in the system process without a qualified user: android.app.ContextImpl.startService:1816 android.content.ContextWrapper.startService:774 com.thundercomm.gamemode.ingame.services.GameModeActionUtils.startGameModeService:93 com.thundercomm.gamemode.ingame.services.GameModeActionUtils.startGameModeEntry:21 com.thundercomm.gamemode.ingame.services.ActivityMonitoringService$1.onActivityLaunch:126
11-11 05:25:25.069 1514 1514 I GameModeConfig: Current uri is uri = content://com.thundercomm.gamemode.api/gamemode_settings/gamemode_isgaming
11-11 05:25:25.077 1514 1514 I GameModeConfig: isGameModeOn = false
11-11 05:25:25.077 1514 1514 I GameModeConfig: isGameModeOn = false
11-11 05:25:25.077 1514 1514 I GameModeConfig: isDisableVoice = true
11-11 05:25:25.087 10541 10541 I wm_on_create_called: [86480624,com.android.gallery3d.app.GalleryActivity,performCreate]
11-11 05:25:25.087 10541 10541 I wm_on_start_called: [86480624,com.android.gallery3d.app.GalleryActivity,handleStartActivity]
11-11 05:25:25.091 10541 10541 I wm_on_resume_called: [86480624,com.android.gallery3d.app.GalleryActivity,RESUME_ACTIVITY]
11-11 05:25:25.094 3685 3703 W ContextImpl: Calling a method in the system process without a qualified user: android.app.ContextImpl.startService:1816 android.content.ContextWrapper.startService:774 com.thundercomm.gamemode.ingame.services.GameModeActionUtils.startGameModeService:93 com.thundercomm.gamemode.ingame.services.GameModeActionUtils.startGameModeEntry:21 com.thundercomm.gamemode.ingame.services.ActivityMonitoringService$1.onActivityLaunch:126
11-11 05:25:25.095 10541 10541 I wm_on_top_resumed_gained_called: [86480624,com.android.gallery3d.app.GalleryActivity,topStateChangedWhenResumed]
11-11 05:25:25.098 1514 1514 I GameModeConfig: Current uri is uri = content://com.thundercomm.gamemode.api/gamemode_settings/gamemode_isgaming
11-11 05:25:25.100 1514 1514 I GameModeConfig: isGameModeOn = false
11-11 05:25:25.101 1514 1514 I GameModeConfig: isGameModeOn = false
11-11 05:25:25.101 1514 1514 I GameModeConfig: isDisableVoice = true
11-11 05:25:25.120 1514 1596 I input_focus: [Focus request 9647b49 com.android.gallery3d/com.android.gallery3d.app.GalleryActivity,reason=UpdateInputWindows]
11-11 05:25:25.122 1514 1901 I GameModeConfig: isGameModeOn = false
11-11 05:25:25.122 1514 1901 I GameModeConfig: isGameModeOn = false
11-11 05:25:25.122 1514 1901 I GameModeConfig: isGameModeOn = false
11-11 05:25:25.122 1514 1901 I GameModeConfig: isGameModeOn = false
11-11 05:25:25.126 1514 1514 I notification_enqueue: [10082,1998,com.android.systemui,2048,NULL,0,Notification(channel=updateNotification shortcut=null contentView=null vibrate=null sound=null defaults=0x0 flags=0x0 color=0x00000000 vis=PRIVATE),1]
11-11 05:25:25.126 1998 1998 I sysui_multi_action: [757,111,758,2]
11-11 05:25:25.127 1998 1998 I sysui_multi_action: [757,111,758,2]
11-11 05:25:25.136 1998 1998 I sysui_multi_action: [757,111,758,1]
11-11 05:25:25.136 1998 1998 I sysui_multi_action: [757,126,758,1,759,126,927,0,928,1,1593,0]
11-11 05:25:25.136 1998 1998 I sysui_multi_action: [757,113,758,1,759,113,927,1,928,1,1593,0]
11-11 05:25:25.136 1998 1998 I sysui_multi_action: [757,0,758,1,759,0,927,2,928,0,1593,0]
11-11 05:25:25.136 1998 1998 I sysui_multi_action: [757,0,758,1,759,0,927,3,928,0,1593,0]
11-11 05:25:25.137 1998 1998 I sysui_multi_action: [757,491,758,1,759,491,927,4,928,0,1311,-1,1593,0]
11-11 05:25:25.137 1998 1998 I sysui_multi_action: [757,0,758,1,759,0,927,5,928,0,1593,0]
11-11 05:25:25.137 1998 1998 I sysui_multi_action: [757,111,758,1]
11-11 05:25:25.138 1998 1998 I sysui_multi_action: [757,126,758,1,759,126,927,0,928,1,1593,0]
11-11 05:25:25.138 1998 1998 I sysui_multi_action: [757,113,758,1,759,113,927,1,928,1,1593,0]
11-11 05:25:25.138 1998 1998 I sysui_multi_action: [757,0,758,1,759,0,927,2,928,0,1593,0]
11-11 05:25:25.138 1998 1998 I sysui_multi_action: [757,0,758,1,759,0,927,3,928,0,1593,0]
11-11 05:25:25.176 1514 1770 I input_focus: [Focus entering 9647b49 com.android.gallery3d/com.android.gallery3d.app.GalleryActivity (server),reason=Window became focusable. Previous reason: NOT_VISIBLE]
11-11 05:25:25.180 1514 1592 I sysui_multi_action: [319,72,321,64,322,198,325,2340,757,761,758,7,759,1,806,com.android.gallery3d,871,com.android.gallery3d.app.GalleryActivity,904,com.android.launcher3,905,0,945,66,1320,4,1321,1]
11-11 05:25:25.182 1514 1592 I wm_activity_launch_time: [0,86480624,com.android.gallery3d/.app.GalleryActivity,198]
11-11 05:25:25.329 1514 1514 I GameModeConfig: isGameModeOn = false
11-11 05:25:25.330 1514 1514 I sysui_multi_action: [757,1501,758,1,793,2319450,794,0,795,208,796,2048,806,com.android.systemui,857,updateNotification,858,3,947,0,1500,0,1688,1]
11-11 05:25:25.330 1514 1514 I sysui_multi_action: [757,804,799,note_interruptive,801,0,802,1]
11-11 05:25:25.330 1514 1514 I sysui_multi_action: [757,199,758,1,759,2,793,2319450,794,0,795,208,796,2048,806,com.android.systemui,857,updateNotification,858,3,947,0,1500,0,1688,1]
11-11 05:25:25.331 1514 1514 I notification_alert: [0|com.android.systemui|2048|null|10082,0,1,0]
11-11 05:25:25.332 1514 1514 W NotificationHistory: Attempted to add notif for locked/gone/disabled user 0
11-11 05:25:25.398 1514 1595 I wm_stop_activity: [0,157690489,com.android.launcher3/.uioverrides.QuickstepLauncher]
11-11 05:25:25.399 0 0 I auditd : type=1400 audit(0.0:2876): avc: denied { kill } for comm="swapper/3" capability=5 scontext=u:r:kernel:s0 tcontext=u:r:kernel:s0 tclass=capability permissive=0
