11-11 04:56:30.240 1514 1514 I GameModeConfig: isGameModeOn = false
11-11 04:56:30.240 1514 1514 I GameModeConfig: isDisableVoice = true
11-11 04:56:30.240 1514 1901 I GameModeConfig: isGameModeOn = false
11-11 04:56:30.241 1514 1901 I GameModeConfig: isGameModeOn = false
11-11 04:56:30.255 1514 1901 I GameModeConfig: isGameModeOn = false
11-11 04:56:30.256 1514 1901 I GameModeConfig: isGameModeOn = false
11-11 04:56:30.256 1514 1901 I GameModeConfig: isGameModeOn = false
11-11 04:56:30.256 1514 1901 I GameModeConfig: isGameModeOn = false
11-11 04:56:30.271 1514 1901 I GameModeConfig: isGameModeOn = false
11-11 04:56:30.272 1514 1901 I GameModeConfig: isGameModeOn = false
11-11 04:56:30.272 1514 1901 I GameModeConfig: isGameModeOn = false
11-11 04:56:30.272 1514 1901 I GameModeConfig: isGameModeOn = false
11-11 04:56:30.288 1514 1901 I GameModeConfig: isGameModeOn = false
11-11 04:56:30.288 1514 1901 I GameModeConfig: isGameModeOn = false
11-11 04:56:30.288 1514 1901 I GameModeConfig: isGameModeOn = false
11-11 04:56:30.288 1514 1901 I GameModeConfig: isGameModeOn = false
11-11 04:56:30.297 1514 1514 I GameModeConfig: isGameModeOn = false
11-11 04:56:30.302 1514 1514 W NotificationHistory: Attempted to add notif for locked/gone/disabled user 0
11-11 04:56:30.305 1514 1901 I GameModeConfig: isGameModeOn = false
11-11 04:56:30.305 1514 1901 I GameModeConfig: isGameModeOn = false
11-11 04:56:30.305 1514 1901 I GameModeConfig: isGameModeOn = false
11-11 04:56:30.305 1514 1901 I GameModeConfig: isGameModeOn = false
11-11 04:56:30.325 1514 1514 I GameModeConfig: isGameModeOn = false
11-11 04:56:30.327 1514 1514 E NotificationService: Muting recently noisy 0|com.android.systemui|2048|null|10082
11-11 04:56:30.327 1514 1901 I GameModeConfig: isGameModeOn = false
11-11 04:56:30.327 1514 1901 I GameModeConfig: isGameModeOn = false
11-11 04:56:30.327 1514 1901 I GameModeConfig: isGameModeOn = false
11-11 04:56:30.327 1514 1901 I GameModeConfig: isGameModeOn = false
11-11 04:56:30.341 1514 1514 I GameModeConfig: isGameModeOn = false
11-11 04:56:30.341 1514 1514 E NotificationService: Muting recently noisy 0|com.android.systemui|2048|null|10082
11-11 04:56:30.342 1514 1901 I GameModeConfig: isGameModeOn = false
11-11 04:56:30.342 1514 1901 I GameModeConfig: isGameModeOn = false
11-11 04:56:30.342 1514 1901 I GameModeConfig: isGameModeOn = false
11-11 04:56:30.344 1514 1901 I GameModeConfig: isGameModeOn = false
11-11 04:56:30.355 1514 1514 I GameModeConfig: isGameModeOn = false
11-11 04:56:30.356 1514 1514 E NotificationService: Muting recently noisy 0|com.android.systemui|2048|null|10082
11-11 04:56:30.361 1514 1901 I GameModeConfig: isGameModeOn = false
11-11 04:56:30.361 1514 1901 I GameModeConfig: isGameModeOn = false
11-11 04:56:30.361 1514 1901 I GameModeConfig: isGameModeOn = false
11-11 04:56:30.361 1514 1901 I GameModeConfig: isGameModeOn = false
11-11 04:56:30.369 1514 1514 I GameModeConfig: isGameModeOn = false
11-11 04:56:30.370 1514 1514 E NotificationService: Muting recently noisy 0|com.android.systemui|2048|null|10082
11-11 04:56:30.385 1514 1514 I GameModeConfig: isGameModeOn = false
11-11 04:56:30.386 1514 1514 E NotificationService: Muting recently noisy 0|com.android.systemui|2048|null|10082
11-11 04:56:30.391 1514 1901 I GameModeConfig: isGameModeOn = false
11-11 04:56:30.391 1514 1901 I GameModeConfig: isGameModeOn = false
11-11 04:56:30.391 1514 1901 I GameModeConfig: isGameModeOn = false
11-11 04:56:30.391 1514 1901 I GameModeConfig: isGameModeOn = false
11-11 04:56:30.397 1514 1514 I GameModeConfig: isGameModeOn = false
11-11 04:56:30.397 1514 1514 E NotificationService: Muting recently noisy 0|com.android.systemui|2048|null|10082
11-11 04:56:30.409 1514 1901 I GameModeConfig: isGameModeOn = false
11-11 04:56:30.410 1514 1901 I GameModeConfig: isGameModeOn = false
11-11 04:56:30.410 1514 1901 I GameModeConfig: isGameModeOn = false
11-11 04:56:30.410 1514 1901 I GameModeConfig: isGameModeOn = false
11-11 04:56:30.412 1514 1514 I GameModeConfig: isGameModeOn = false
11-11 04:56:30.413 1514 1514 E NotificationService: Muting recently noisy 0|com.android.systemui|2048|null|10082
11-11 04:56:30.427 1514 1514 I GameModeConfig: isGameModeOn = false
11-11 04:56:30.427 1514 1514 E NotificationService: Muting recently noisy 0|com.android.systemui|2048|null|10082
11-11 04:56:30.438 1514 1901 I GameModeConfig: isGameModeOn = false
11-11 04:56:30.438 1514 1901 I GameModeConfig: isGameModeOn = false
11-11 04:56:30.438 1514 1901 I GameModeConfig: isGameModeOn = false
11-11 04:56:30.438 1514 1901 I GameModeConfig: isGameModeOn = false
11-11 04:56:30.452 1514 1514 I GameModeConfig: isGameModeOn = false
11-11 04:56:30.453 1514 1514 E NotificationService: Muting recently noisy 0|com.android.systemui|2048|null|10082
11-11 04:56:30.458 1514 1514 I GameModeConfig: isGameModeOn = false
11-11 04:56:30.458 1514 1514 E NotificationService: Muting recently noisy 0|com.android.systemui|2048|null|10082
11-11 04:56:30.474 1514 1514 I GameModeConfig: isGameModeOn = false
11-11 04:56:30.475 1514 1514 E NotificationService: Muting recently noisy 0|com.android.systemui|2048|null|10082
11-11 04:56:30.491 1514 1514 I GameModeConfig: isGameModeOn = false
11-11 04:56:30.491 1514 1514 E NotificationService: Muting recently noisy 0|com.android.systemui|2048|null|10082
11-11 04:56:30.510 1514 1514 I GameModeConfig: isGameModeOn = false
11-11 04:56:30.511 1514 1514 E NotificationService: Muting recently noisy 0|com.android.systemui|2048|null|10082
11-11 04:56:30.524 1514 1514 I GameModeConfig: isGameModeOn = false
11-11 04:56:30.525 1514 1514 E NotificationService: Muting recently noisy 0|com.android.systemui|2048|null|10082
11-11 04:56:30.546 1514 1514 I GameModeConfig: isGameModeOn = false
11-11 04:56:30.547 1514 1514 E NotificationService: Muting recently noisy 0|com.android.systemui|2048|null|10082
11-11 04:56:30.562 1514 1514 I GameModeConfig: isGameModeOn = false
11-11 04:56:30.562 1514 1514 E NotificationService: Muting recently noisy 0|com.android.systemui|2048|null|10082
11-11 04:56:30.593 1514 1514 I GameModeConfig: isGameModeOn = false
11-11 04:56:30.597 1514 1514 E NotificationService: Muting recently noisy 0|com.android.systemui|2048|null|10082
11-11 04:56:30.615 1514 1514 I GameModeConfig: isGameModeOn = false
11-11 04:56:30.615 1514 1514 E NotificationService: Muting recently noisy 0|com.android.systemui|2048|null|10082
11-11 04:56:30.641 1514 1514 I GameModeConfig: isGameModeOn = false
11-11 04:56:30.642 1514 1514 E NotificationService: Muting recently noisy 0|com.android.systemui|2048|null|10082
11-11 04:56:32.868 1514 1921 I ActivityTaskManager: START u0 {act=android.intent.action.MAIN cmp=com.android.settings/.SubSettings (has extras)} from uid 1000
11-11 04:56:32.903 1514 1921 I ActivityTaskManager: FOREGROUND_APPLICATION_CHANGED to com.android.settings.SubSettings
11-11 04:56:32.904 1514 1921 I ActivityTaskManager: The Process com.android.settings Already Exists in BG. So sending its PID: 2390
11-11 04:56:32.904 1514 1921 W ActivityTaskManager: Tried to set launchTime (0) < mLastActivityLaunchTime (605211)
11-11 04:56:32.938 1514 2960 I ActivityTaskManager: START u0 {act=android.intent.action.MAIN cmp=com.android.settings/.homepage.SettingsHomepageActivity (has extras)} from uid 1000
11-11 04:56:32.951 1514 2960 W ActivityTaskManager: Duplicate finish request for r=ActivityRecord{1cb969f u0 com.android.settings/.SubSettings t41 f}}
11-11 04:56:32.960 1514 2960 I ActivityTaskManager: FOREGROUND_APPLICATION_CHANGED to com.android.settings.homepage.SettingsHomepageActivity
11-11 04:56:32.973 1514 2116 D TelephonyRegistry: listen oscl: mHasNotifySubscriptionInfoChangedOccurred==false no callback
11-11 04:56:33.074 3685 3703 W ContextImpl: Calling a method in the system process without a qualified user: android.app.ContextImpl.startService:1816 android.content.ContextWrapper.startService:774 com.thundercomm.gamemode.ingame.services.GameModeActionUtils.startGameModeService:93 com.thundercomm.gamemode.ingame.services.GameModeActionUtils.startGameModeEntry:21 com.thundercomm.gamemode.ingame.services.ActivityMonitoringService$1.onActivityLaunch:126
11-11 04:56:33.079 1514 1514 I GameModeConfig: Current uri is uri = content://com.thundercomm.gamemode.api/gamemode_settings/gamemode_isgaming
11-11 04:56:33.081 1514 1514 I GameModeConfig: isGameModeOn = false
11-11 04:56:33.082 1514 1514 I GameModeConfig: isGameModeOn = false
11-11 04:56:33.082 1514 1514 I GameModeConfig: isDisableVoice = true
11-11 04:56:34.312 1514 2742 E TaskPersister: File error accessing recents directory (directory doesn't exist?).
11-11 04:56:34.313 1514 1614 W BroadcastQueue: Permission Denial: broadcasting Intent { act=android.net.conn.CONNECTIVITY_CHANGE flg=0x4200010 (has extras) } from null (pid=-1, uid=-1) requires com.baidu.input.permission.sofire.RECEIVE due to registered receiver BroadcastFilter{ef76081 10023/u0 ReceiverList{4e02468 4154 com.baidu.input/10023/u0 remote:9797b8b}}
11-11 04:56:34.685 1514 1901 I GameModeConfig: isGameModeOn = false
11-11 04:56:34.714 1514 1901 I GameModeConfig: isGameModeOn = false
11-11 04:56:34.738 1514 1901 I GameModeConfig: isGameModeOn = false
11-11 04:56:34.758 1514 1901 I GameModeConfig: isGameModeOn = false
11-11 04:56:34.775 1514 1901 I GameModeConfig: isGameModeOn = false
11-11 04:56:34.874 1514 1901 I GameModeConfig: isGameModeOn = false
11-11 04:56:34.919 1514 1901 I GameModeConfig: isGameModeOn = false
11-11 04:56:34.943 1514 1901 I GameModeConfig: isGameModeOn = false
11-11 04:56:34.963 1514 1901 I GameModeConfig: isGameModeOn = false
11-11 04:56:34.979 1514 1901 I GameModeConfig: isGameModeOn = false
11-11 04:56:35.486 1514 1921 I ActivityTaskManager: START u0 {act=android.intent.action.MAIN cmp=com.android.settings/.SubSettings (has extras)} from uid 1000
11-11 04:56:35.514 1514 2991 I ActivityTaskManager: FOREGROUND_APPLICATION_CHANGED to com.android.settings.SubSettings
11-11 04:56:35.514 1514 2991 I ActivityTaskManager: The Process com.android.settings Already Exists in BG. So sending its PID: 2390
11-11 04:56:35.515 1514 2991 W ActivityTaskManager: Tried to set launchTime (0) < mLastActivityLaunchTime (608319)
11-11 04:56:35.549 1514 2991 I ActivityTaskManager: START u0 {act=android.intent.action.MAIN cmp=com.android.settings/.homepage.SettingsHomepageActivity (has extras)} from uid 1000
11-11 04:56:35.564 1514 2991 W ActivityTaskManager: Duplicate finish request for r=ActivityRecord{5c71f14 u0 com.android.settings/.SubSettings t41 f}}
11-11 04:56:35.569 1514 1539 I ActivityTaskManager: FOREGROUND_APPLICATION_CHANGED to com.android.settings.homepage.SettingsHomepageActivity
11-11 04:56:35.586 1514 1539 D TelephonyRegistry: listen oscl: mHasNotifySubscriptionInfoChangedOccurred==false no callback
11-11 04:56:35.681 3685 3703 W ContextImpl: Calling a method in the system process without a qualified user: android.app.ContextImpl.startService:1816 android.content.ContextWrapper.startService:774 com.thundercomm.gamemode.ingame.services.GameModeActionUtils.startGameModeService:93 com.thundercomm.gamemode.ingame.services.GameModeActionUtils.startGameModeEntry:21 com.thundercomm.gamemode.ingame.services.ActivityMonitoringService$1.onActivityLaunch:126
11-11 04:56:35.684 1514 1514 I GameModeConfig: Current uri is uri = content://com.thundercomm.gamemode.api/gamemode_settings/gamemode_isgaming
11-11 04:56:35.689 1514 1514 I GameModeConfig: isGameModeOn = false
11-11 04:56:35.690 1514 1514 I GameModeConfig: isGameModeOn = false
11-11 04:56:35.690 1514 1514 I GameModeConfig: isDisableVoice = true
11-11 04:56:36.696 1514 1722 D ActivityManager: freezing 3079 com.android.traceur
11-11 04:56:36.696 1514 1722 E ActivityManager: Unable to freeze binder for 3079 com.android.traceur
11-11 04:56:36.697 1514 1722 D ActivityManager: froze 3079 com.android.traceur
11-11 04:56:36.698 1514 1722 E ActivityManager: Unable to freeze binder for 3079 com.android.traceur
11-11 04:56:36.700 1514 1722 I ActivityManager: Killing 3079:com.android.traceur/u0a35 (adj 975): Unable to freeze binder interface
11-11 04:56:36.991 1514 1614 W BroadcastQueue: Permission Denial: broadcasting Intent { act=android.net.conn.CONNECTIVITY_CHANGE flg=0x4200010 (has extras) } from null (pid=-1, uid=-1) requires com.baidu.input.permission.REGISTERRECEIVE due to registered receiver BroadcastFilter{421526e 10023/u0 ReceiverList{38458b3 4154 com.baidu.input/10023/u0 remote:75f622}}
11-11 04:56:39.011 1514 2742 E TaskPersister: File error accessing recents directory (directory doesn't exist?).
11-11 04:56:39.046 1514 1722 D ActivityManager: freezing 3353 com.android.calendar
11-11 04:56:39.047 1514 1722 E ActivityManager: Unable to freeze binder for 3353 com.android.calendar
11-11 04:56:39.048 1514 1722 D ActivityManager: froze 3353 com.android.calendar
11-11 04:56:39.048 1514 1722 E ActivityManager: Unable to freeze binder for 3353 com.android.calendar
11-11 04:56:39.049 1514 1722 I ActivityManager: Killing 3353:com.android.calendar/u0a69 (adj 965): Unable to freeze binder interface
11-11 04:56:39.133 1514 1722 D ActivityManager: freezing 3376 com.android.dynsystem
11-11 04:56:39.133 1514 1722 E ActivityManager: Unable to freeze binder for 3376 com.android.dynsystem
11-11 04:56:39.135 1514 1722 D ActivityManager: froze 3376 com.android.dynsystem
11-11 04:56:39.135 1514 1722 E ActivityManager: Unable to freeze binder for 3376 com.android.dynsystem
11-11 04:56:39.136 1514 1722 I ActivityManager: Killing 3376:com.android.dynsystem/1000 (adj 995): Unable to freeze binder interface
11-11 04:56:39.244 1514 1722 D ActivityManager: freezing 3391 com.android.dynsystem:dynsystem
11-11 04:56:39.244 1514 1722 E ActivityManager: Unable to freeze binder for 3391 com.android.dynsystem:dynsystem
11-11 04:56:39.245 1514 1722 D ActivityManager: froze 3391 com.android.dynsystem:dynsystem
11-11 04:56:39.245 1514 1722 E ActivityManager: Unable to freeze binder for 3391 com.android.dynsystem:dynsystem
11-11 04:56:39.246 1514 1722 I ActivityManager: Killing 3391:com.android.dynsystem:dynsystem/1000 (adj 995): Unable to freeze binder interface
11-11 04:56:39.571 1514 1722 D ActivityManager: freezing 3458 com.android.music
11-11 04:56:39.572 1514 1722 E ActivityManager: Unable to freeze binder for 3458 com.android.music
11-11 04:56:39.573 1514 1722 D ActivityManager: froze 3458 com.android.music
11-11 04:56:39.573 1514 1722 E ActivityManager: Unable to freeze binder for 3458 com.android.music
11-11 04:56:39.575 1514 1722 I ActivityManager: Killing 3458:com.android.music/u0a86 (adj 985): Unable to freeze binder interface
11-11 04:56:39.627 1514 1722 D ActivityManager: freezing 3421 com.android.localtransport
11-11 04:56:39.627 1514 1722 E ActivityManager: Unable to freeze binder for 3421 com.android.localtransport
11-11 04:56:39.628 1514 1722 D ActivityManager: froze 3421 com.android.localtransport
11-11 04:56:39.628 1514 1722 E ActivityManager: Unable to freeze binder for 3421 com.android.localtransport
11-11 04:56:39.629 1514 1722 I ActivityManager: Killing 3421:com.android.localtransport/1000 (adj 975): Unable to freeze binder interface
11-11 04:56:39.695 1514 1722 D ActivityManager: freezing 3474 com.android.onetimeinitializer
11-11 04:56:39.695 1514 1722 E ActivityManager: Unable to freeze binder for 3474 com.android.onetimeinitializer
11-11 04:56:39.696 1514 1722 D ActivityManager: froze 3474 com.android.onetimeinitializer
11-11 04:56:39.696 1514 1722 E ActivityManager: Unable to freeze binder for 3474 com.android.onetimeinitializer
11-11 04:56:39.697 1514 1722 I ActivityManager: Killing 3474:com.android.onetimeinitializer/u0a59 (adj 975): Unable to freeze binder interface
11-11 04:56:39.805 1514 1722 D ActivityManager: freezing 2890 com.android.keychain
11-11 04:56:39.805 1514 1722 E ActivityManager: Unable to freeze binder for 2890 com.android.keychain
11-11 04:56:39.807 1514 1722 D ActivityManager: froze 2890 com.android.keychain
11-11 04:56:39.807 1514 1722 E ActivityManager: Unable to freeze binder for 2890 com.android.keychain
11-11 04:56:39.809 1514 1722 I ActivityManager: Killing 2890:com.android.keychain/1000 (adj 955): Unable to freeze binder interface
11-11 04:56:40.098 1514 1901 I GameModeConfig: isGameModeOn = false
11-11 04:56:40.121 1514 1901 I GameModeConfig: isGameModeOn = false
11-11 04:56:40.137 1514 1901 I GameModeConfig: isGameModeOn = false
11-11 04:56:40.153 1514 1901 I GameModeConfig: isGameModeOn = false
11-11 04:56:40.163 1514 1901 I GameModeConfig: isGameModeOn = false
11-11 04:56:40.176 1514 1901 I GameModeConfig: isGameModeOn = false
11-11 04:56:40.197 1514 1901 I GameModeConfig: isGameModeOn = false
11-11 04:56:40.208 1514 1901 I GameModeConfig: isGameModeOn = false
11-11 04:56:40.225 1514 1901 I GameModeConfig: isGameModeOn = false
11-11 04:56:40.238 1514 1901 I GameModeConfig: isGameModeOn = false
11-11 04:56:40.255 1514 1901 I GameModeConfig: isGameModeOn = false
11-11 04:56:40.271 1514 1901 I GameModeConfig: isGameModeOn = false
11-11 04:56:40.288 1514 1901 I GameModeConfig: isGameModeOn = false
11-11 04:56:40.297 1514 1901 I GameModeConfig: isGameModeOn = false
11-11 04:56:40.305 1514 1901 I GameModeConfig: isGameModeOn = false
11-11 04:56:40.325 1514 1901 I GameModeConfig: isGameModeOn = false
11-11 04:56:40.327 1514 1901 I GameModeConfig: isGameModeOn = false
11-11 04:56:40.342 1514 1901 I GameModeConfig: isGameModeOn = false
11-11 04:56:40.342 1514 1901 I GameModeConfig: isGameModeOn = false
11-11 04:56:40.355 1514 1901 I GameModeConfig: isGameModeOn = false
11-11 04:56:40.361 1514 1901 I GameModeConfig: isGameModeOn = false
11-11 04:56:40.369 1514 1901 I GameModeConfig: isGameModeOn = false
11-11 04:56:40.385 1514 1901 I GameModeConfig: isGameModeOn = false
11-11 04:56:40.391 1514 1722 D ActivityManager: freezing 3596 com.android.phone
11-11 04:56:40.392 1514 1722 E ActivityManager: Unable to freeze binder for 3596 com.android.phone
11-11 04:56:40.393 1514 1722 D ActivityManager: froze 3596 com.android.phone
11-11 04:56:40.395 1514 1722 E ActivityManager: Unable to freeze binder for 3596 com.android.phone
11-11 04:56:40.396 1514 1722 I ActivityManager: Killing 3596:com.android.phone/1001 (adj 945): Unable to freeze binder interface
11-11 04:56:40.398 1514 1901 I GameModeConfig: isGameModeOn = false
11-11 04:56:40.398 1514 1901 I GameModeConfig: isGameModeOn = false
11-11 04:56:40.409 1514 1901 I GameModeConfig: isGameModeOn = false
11-11 04:56:40.412 1514 1901 I GameModeConfig: isGameModeOn = false
11-11 04:56:40.428 1514 1901 I GameModeConfig: isGameModeOn = false
11-11 04:56:40.441 1514 1901 I GameModeConfig: isGameModeOn = false
11-11 04:56:40.452 1514 1901 I GameModeConfig: isGameModeOn = false
11-11 04:56:40.458 1514 1901 I GameModeConfig: isGameModeOn = false
11-11 04:56:40.462 1514 1539 I Watchdog: Interesting Java process com.android.phone died. Pid 3596
11-11 04:56:40.475 1514 1901 I GameModeConfig: isGameModeOn = false
11-11 04:56:40.491 1514 1901 I GameModeConfig: isGameModeOn = false
11-11 04:56:40.510 1514 1901 I GameModeConfig: isGameModeOn = false
11-11 04:56:40.527 1514 1901 I GameModeConfig: isGameModeOn = false
11-11 04:56:40.547 1514 1901 I GameModeConfig: isGameModeOn = false
11-11 04:56:40.562 1514 1901 I GameModeConfig: isGameModeOn = false
11-11 04:56:40.595 1514 1901 I GameModeConfig: isGameModeOn = false
11-11 04:56:40.615 1514 1901 I GameModeConfig: isGameModeOn = false
11-11 04:56:40.643 1514 1901 I GameModeConfig: isGameModeOn = false
11-11 04:56:41.014 1514 1722 D ActivityManager: freezing 3662 com.qualcomm.qti.qms.service.connectionsecurity
11-11 04:56:41.014 1514 1722 E ActivityManager: Unable to freeze binder for 3662 com.qualcomm.qti.qms.service.connectionsecurity
11-11 04:56:41.016 1514 1722 D ActivityManager: froze 3662 com.qualcomm.qti.qms.service.connectionsecurity
11-11 04:56:41.016 1514 1722 E ActivityManager: Unable to freeze binder for 3662 com.qualcomm.qti.qms.service.connectionsecurity
11-11 04:56:41.018 1514 1722 I ActivityManager: Killing 3662:com.qualcomm.qti.qms.service.connectionsecurity/u0a58 (adj 945): Unable to freeze binder interface
11-11 04:56:41.066 1514 1722 D ActivityManager: freezing 3000 com.qualcomm.qtil.aptxui
11-11 04:56:41.067 1514 1722 E ActivityManager: Unable to freeze binder for 3000 com.qualcomm.qtil.aptxui
11-11 04:56:41.067 1514 1722 D ActivityManager: froze 3000 com.qualcomm.qtil.aptxui
11-11 04:56:41.067 1514 1722 E ActivityManager: Unable to freeze binder for 3000 com.qualcomm.qtil.aptxui
11-11 04:56:41.068 1514 1722 I ActivityManager: Killing 3000:com.qualcomm.qtil.aptxui/u0a90 (adj 935): Unable to freeze binder interface
11-11 04:56:41.819 1514 1722 D ActivityManager: freezing 3706 com.android.externalstorage
11-11 04:56:41.820 1514 1722 E ActivityManager: Unable to freeze binder for 3706 com.android.externalstorage
11-11 04:56:41.821 1514 1722 D ActivityManager: froze 3706 com.android.externalstorage
11-11 04:56:41.821 1514 1722 E ActivityManager: Unable to freeze binder for 3706 com.android.externalstorage
11-11 04:56:41.823 1514 1722 I ActivityManager: Killing 3706:com.android.externalstorage/u0a33 (adj 935): Unable to freeze binder interface
11-11 04:56:42.200 1514 1722 D ActivityManager: freezing 2654 com.android.deskclock
11-11 04:56:42.201 1514 1722 E ActivityManager: Unable to freeze binder for 2654 com.android.deskclock
11-11 04:56:42.202 1514 1722 D ActivityManager: froze 2654 com.android.deskclock
11-11 04:56:42.203 1514 1722 E ActivityManager: Unable to freeze binder for 2654 com.android.deskclock
11-11 04:56:42.203 1514 1722 I ActivityManager: Killing 2654:com.android.deskclock/u0a66 (adj 945): Unable to freeze binder interface
11-11 04:56:45.160 1514 1722 D ActivityManager: freezing 3555 com.android.providers.calendar
11-11 04:56:45.160 1514 1722 E ActivityManager: Unable to freeze binder for 3555 com.android.providers.calendar
11-11 04:56:45.162 1514 1722 D ActivityManager: froze 3555 com.android.providers.calendar
11-11 04:56:45.162 1514 1722 E ActivityManager: Unable to freeze binder for 3555 com.android.providers.calendar
11-11 04:56:45.164 1514 1722 I ActivityManager: Killing 3555:com.android.providers.calendar/u0a27 (adj 935): Unable to freeze binder interface
11-11 04:56:46.445 1514 1722 D ActivityManager: freezing 3902 com.qualcomm.qti.qms.service.trustzoneaccess
11-11 04:56:46.446 1514 1722 E ActivityManager: Unable to freeze binder for 3902 com.qualcomm.qti.qms.service.trustzoneaccess
11-11 04:56:46.447 1514 1722 D ActivityManager: froze 3902 com.qualcomm.qti.qms.service.trustzoneaccess
11-11 04:56:46.447 1514 1722 E ActivityManager: Unable to freeze binder for 3902 com.qualcomm.qti.qms.service.trustzoneaccess
11-11 04:56:46.448 1514 1722 I ActivityManager: Killing 3902:com.qualcomm.qti.qms.service.trustzoneaccess/u0a53 (adj 925): Unable to freeze binder interface
11-11 04:56:46.735 1514 1844 W ContextImpl: Calling a method in the system process without a qualified user: android.app.ContextImpl.sendBroadcastMultiplePermissions:1206 android.content.Context.sendBroadcastWithMultiplePermissions:2262 com.android.server.wifi.WifiServiceImpl.broadcastWifiCredentialChanged:4925 com.android.server.wifi.WifiServiceImpl.lambda$connect$106:4975 com.android.server.wifi.WifiServiceImpl.$r8$lambda$k_VbQ0XctrStvVsieclZczsvs-g:0
11-11 04:56:46.922 1194 1194 W wificond: Scan aborted
11-11 04:56:46.990 830 830 D android.hardware.wifi@1.0-service: Successfully SetMacAddress.
11-11 04:56:47.003 1194 1194 W wificond: Scan is not started. Ignore abort request
11-11 04:56:47.217 1514 1890 W ContextImpl: Calling a method in the system process without a qualified user: android.app.ContextImpl.sendStickyBroadcast:1559 com.android.server.ConnectivityService.sendStickyBroadcast:2811 com.android.server.ConnectivityService.sendLegacyNetworkBroadcast:8732 com.android.server.ConnectivityService$LegacyTypeTracker.remove:1007 com.android.server.ConnectivityService$LegacyTypeTracker.remove:1024
11-11 04:56:49.904 662 724 E NetlinkEvent: NetlinkEvent::FindParam(): Parameter 'INTERFACE' not found
11-11 04:56:49.904 662 724 E NetlinkEvent: NetlinkEvent::FindParam(): Parameter 'STATE' not found
11-11 04:56:49.904 662 724 E NetlinkEvent: NetlinkEvent::FindParam(): Parameter 'TIME_NS' not found
11-11 04:56:49.904 662 724 E NetlinkEvent: NetlinkEvent::FindParam(): Parameter 'UID' not found
11-11 04:56:49.924 1514 1890 W ContextImpl: Calling a method in the system process without a qualified user: android.app.ContextImpl.sendStickyBroadcast:1559 com.android.server.ConnectivityService.sendStickyBroadcast:2811 com.android.server.ConnectivityService.sendGeneralBroadcast:2786 com.android.server.ConnectivityService.sendConnectedBroadcast:2759 com.android.server.ConnectivityService.sendLegacyNetworkBroadcast:8704
11-11 04:56:49.947 1514 1890 W ContextImpl: Calling a method in the system process without a qualified user: android.app.ContextImpl.sendStickyBroadcast:1559 com.android.server.ConnectivityService.sendStickyBroadcast:2811 com.android.server.ConnectivityService.sendGeneralBroadcast:2786 com.android.server.ConnectivityService.sendInetConditionBroadcast:2763 com.android.server.ConnectivityService.updateInetCondition:8451
11-11 04:56:52.676 1514 5665 I BackgroundDexOptService: Pinning optimized code {}
11-11 04:57:08.323 1514 1722 D ActivityManager: freezing 2946 android.process.media
11-11 04:57:08.324 1514 1722 E ActivityManager: Unable to freeze binder for 2946 android.process.media
11-11 04:57:08.326 1514 1722 D ActivityManager: froze 2946 android.process.media
11-11 04:57:08.326 1514 1722 E ActivityManager: Unable to freeze binder for 2946 android.process.media
11-11 04:57:08.329 1514 1722 D ActivityManager: freezing 3188 android.process.acore
11-11 04:57:08.329 1514 1722 E ActivityManager: Unable to freeze binder for 3188 android.process.acore
11-11 04:57:08.331 1514 1722 D ActivityManager: froze 3188 android.process.acore
11-11 04:57:08.332 1514 1722 E ActivityManager: Unable to freeze binder for 3188 android.process.acore
11-11 04:57:08.334 1514 1722 I ActivityManager: Killing 2946:android.process.media/u0a18 (adj 925): Unable to freeze binder interface
11-11 04:57:08.336 1514 1722 I ActivityManager: Killing 3188:android.process.acore/u0a28 (adj 955): Unable to freeze binder interface
11-11 04:57:08.371 1514 3207 D CountryDetector: No listener is left
11-11 04:57:08.833 1514 2116 I ActivityTaskManager: START u0 {act=android.intent.action.MAIN cmp=com.android.settings/.SubSettings (has extras)} from uid 1000
11-11 04:57:08.903 1514 2119 I ActivityTaskManager: FOREGROUND_APPLICATION_CHANGED to com.android.settings.SubSettings
11-11 04:57:08.904 1514 2119 I ActivityTaskManager: The Process com.android.settings Already Exists in BG. So sending its PID: 2390
11-11 04:57:08.904 1514 2119 W ActivityTaskManager: Tried to set launchTime (0) < mLastActivityLaunchTime (610929)
11-11 04:57:08.941 1514 2991 I ActivityTaskManager: START u0 {act=android.intent.action.MAIN cmp=com.android.settings/.homepage.SettingsHomepageActivity (has extras)} from uid 1000
11-11 04:57:08.955 1514 2991 W ActivityTaskManager: Duplicate finish request for r=ActivityRecord{507d4a1 u0 com.android.settings/.SubSettings t41 f}}
11-11 04:57:08.962 1514 2991 I ActivityTaskManager: FOREGROUND_APPLICATION_CHANGED to com.android.settings.homepage.SettingsHomepageActivity
11-11 04:57:08.988 1514 2991 D TelephonyRegistry: listen oscl: mHasNotifySubscriptionInfoChangedOccurred==false no callback
11-11 04:57:09.069 3685 3703 W ContextImpl: Calling a method in the system process without a qualified user: android.app.ContextImpl.startService:1816 android.content.ContextWrapper.startService:774 com.thundercomm.gamemode.ingame.services.GameModeActionUtils.startGameModeService:93 com.thundercomm.gamemode.ingame.services.GameModeActionUtils.startGameModeEntry:21 com.thundercomm.gamemode.ingame.services.ActivityMonitoringService$1.onActivityLaunch:126
11-11 04:57:09.081 1514 1514 I GameModeConfig: Current uri is uri = content://com.thundercomm.gamemode.api/gamemode_settings/gamemode_isgaming
11-11 04:57:09.085 1514 1514 I GameModeConfig: isGameModeOn = false
11-11 04:57:09.085 1514 1514 I GameModeConfig: isGameModeOn = false
11-11 04:57:09.085 1514 1514 I GameModeConfig: isDisableVoice = true
11-11 04:57:10.012 1514 1614 W BroadcastQueue: Permission Denial: broadcasting Intent { act=android.net.conn.CONNECTIVITY_CHANGE flg=0x4200010 (has extras) } from null (pid=-1, uid=-1) requires com.baidu.input.permission.sofire.RECEIVE due to registered receiver BroadcastFilter{cd94557 10023/u0 ReceiverList{eb5ded6 4154 com.baidu.input/10023/u0 remote:a6d02f1}}
11-11 04:57:10.552 1514 1844 W ContextImpl: Calling a method in the system process without a qualified user: android.app.ContextImpl.sendBroadcastMultiplePermissions:1206 android.content.Context.sendBroadcastWithMultiplePermissions:2262 com.android.server.wifi.WifiServiceImpl.broadcastWifiCredentialChanged:4925 com.android.server.wifi.WifiServiceImpl.lambda$forget$109:5067 com.android.server.wifi.WifiServiceImpl.$r8$lambda$WdoLbiwh44HopuCBPTcaSOWzrAY:0
11-11 04:57:10.647 1194 1194 W wificond: Scan aborted
11-11 04:57:10.681 1514 1890 W ContextImpl: Calling a method in the system process without a qualified user: android.app.ContextImpl.sendStickyBroadcast:1559 com.android.server.ConnectivityService.sendStickyBroadcast:2811 com.android.server.ConnectivityService.sendLegacyNetworkBroadcast:8732 com.android.server.ConnectivityService$LegacyTypeTracker.remove:1007 com.android.server.ConnectivityService$LegacyTypeTracker.remove:1024
11-11 04:57:10.788 830 830 D android.hardware.wifi@1.0-service: Successfully SetMacAddress.
11-11 04:57:12.355 1514 2742 E TaskPersister: File error accessing recents directory (directory doesn't exist?).
11-11 04:57:12.368 830 830 D android.hardware.wifi@1.0-service: Successfully SetMacAddress.
11-11 04:57:12.378 1194 1194 W wificond: Scan is not started. Ignore abort request
11-11 04:57:12.796 3685 3703 W ContextImpl: Calling a method in the system process without a qualified user: android.app.ContextImpl.startService:1816 android.content.ContextWrapper.startService:774 com.thundercomm.gamemode.ingame.services.GameModeActionUtils.startGameModeService:93 com.thundercomm.gamemode.ingame.services.GameModeActionUtils.startGameModeEntry:21 com.thundercomm.gamemode.ingame.services.ActivityMonitoringService$1.onActivityLaunch:126
11-11 04:57:12.801 1514 1514 I GameModeConfig: Current uri is uri = content://com.thundercomm.gamemode.api/gamemode_settings/gamemode_isgaming
11-11 04:57:12.804 1514 1514 I GameModeConfig: isGameModeOn = false
11-11 04:57:12.804 1514 1514 I GameModeConfig: isGameModeOn = false
11-11 04:57:12.804 1514 1514 I GameModeConfig: isDisableVoice = true
11-11 04:57:13.041 662 724 E NetlinkEvent: NetlinkEvent::FindParam(): Parameter 'INTERFACE' not found
11-11 04:57:13.041 662 724 E NetlinkEvent: NetlinkEvent::FindParam(): Parameter 'STATE' not found
11-11 04:57:13.041 662 724 E NetlinkEvent: NetlinkEvent::FindParam(): Parameter 'TIME_NS' not found
11-11 04:57:13.041 662 724 E NetlinkEvent: NetlinkEvent::FindParam(): Parameter 'UID' not found
11-11 04:57:13.052 1514 1890 W ContextImpl: Calling a method in the system process without a qualified user: android.app.ContextImpl.sendStickyBroadcast:1559 com.android.server.ConnectivityService.sendStickyBroadcast:2811 com.android.server.ConnectivityService.sendGeneralBroadcast:2786 com.android.server.ConnectivityService.sendConnectedBroadcast:2759 com.android.server.ConnectivityService.sendLegacyNetworkBroadcast:8704
11-11 04:57:13.070 1514 1890 W ContextImpl: Calling a method in the system process without a qualified user: android.app.ContextImpl.sendStickyBroadcast:1559 com.android.server.ConnectivityService.sendStickyBroadcast:2811 com.android.server.ConnectivityService.sendGeneralBroadcast:2786 com.android.server.ConnectivityService.sendInetConditionBroadcast:2763 com.android.server.ConnectivityService.updateInetCondition:8451
11-11 04:57:13.175 1514 1614 W BroadcastQueue: Permission Denial: broadcasting Intent { act=android.net.conn.CONNECTIVITY_CHANGE flg=0x4200010 (has extras) } from null (pid=-1, uid=-1) requires com.baidu.input.permission.sofire.RECEIVE due to registered receiver BroadcastFilter{a0753d3 10023/u0 ReceiverList{8c969c2 4154 com.baidu.input/10023/u0 remote:135760d}}
11-11 04:57:13.594 1514 1612 W UsageStatsService: Unexpected activity event reported! (com.android.launcher3/com.android.launcher3.uioverrides.QuickstepLauncher event : 23 instanceId : 224777684)
11-11 04:57:13.603 3685 3703 W ContextImpl: Calling a method in the system process without a qualified user: android.app.ContextImpl.startService:1816 android.content.ContextWrapper.startService:774 com.thundercomm.gamemode.ingame.services.GameModeActionUtils.startGameModeService:93 com.thundercomm.gamemode.ingame.services.GameModeActionUtils.startGameModeEntry:21 com.thundercomm.gamemode.ingame.services.ActivityMonitoringService$1.onActivityLaunch:126
11-11 04:57:13.608 1514 1514 I GameModeConfig: Current uri is uri = content://com.thundercomm.gamemode.api/gamemode_settings/gamemode_isgaming
11-11 04:57:13.610 1514 1514 I GameModeConfig: isGameModeOn = false
11-11 04:57:13.611 1514 1514 I GameModeConfig: isGameModeOn = false
11-11 04:57:13.611 1514 1514 I GameModeConfig: isDisableVoice = true
11-11 04:57:14.107 1514 1539 I ActivityTaskManager: START u0 {act=android.intent.action.MAIN cmp=com.android.settings/.SubSettings (has extras)} from uid 1000
11-11 04:57:14.146 1514 3207 I ActivityTaskManager: FOREGROUND_APPLICATION_CHANGED to com.android.settings.SubSettings
11-11 04:57:14.146 1514 3207 I ActivityTaskManager: The Process com.android.settings Already Exists in BG. So sending its PID: 2390
11-11 04:57:14.147 1514 3207 W ActivityTaskManager: Tried to set launchTime (0) < mLastActivityLaunchTime (644320)
11-11 04:57:14.187 1514 3207 I ActivityTaskManager: START u0 {act=android.intent.action.MAIN cmp=com.android.settings/.homepage.SettingsHomepageActivity (has extras)} from uid 1000
11-11 04:57:14.198 1514 1539 W ActivityTaskManager: Duplicate finish request for r=ActivityRecord{21cd7c3 u0 com.android.settings/.SubSettings t41 f}}
11-11 04:57:14.218 1514 3207 I ActivityTaskManager: FOREGROUND_APPLICATION_CHANGED to com.android.settings.homepage.SettingsHomepageActivity
11-11 04:57:14.238 1514 2116 D TelephonyRegistry: listen oscl: mHasNotifySubscriptionInfoChangedOccurred==false no callback
11-11 04:57:14.328 3685 3703 W ContextImpl: Calling a method in the system process without a qualified user: android.app.ContextImpl.startService:1816 android.content.ContextWrapper.startService:774 com.thundercomm.gamemode.ingame.services.GameModeActionUtils.startGameModeService:93 com.thundercomm.gamemode.ingame.services.GameModeActionUtils.startGameModeEntry:21 com.thundercomm.gamemode.ingame.services.ActivityMonitoringService$1.onActivityLaunch:126
11-11 04:57:14.331 1514 1514 I GameModeConfig: Current uri is uri = content://com.thundercomm.gamemode.api/gamemode_settings/gamemode_isgaming
11-11 04:57:14.337 1514 1514 I GameModeConfig: isGameModeOn = false
11-11 04:57:14.337 1514 1514 I GameModeConfig: isGameModeOn = false
11-11 04:57:14.338 1514 1514 I GameModeConfig: isDisableVoice = true
11-11 04:57:17.632 1514 2742 E TaskPersister: File error accessing recents directory (directory doesn't exist?).
11-11 04:57:21.817 1514 1844 W ContextImpl: Calling a method in the system process without a qualified user: android.app.ContextImpl.sendBroadcastMultiplePermissions:1206 android.content.Context.sendBroadcastWithMultiplePermissions:2262 com.android.server.wifi.WifiServiceImpl.broadcastWifiCredentialChanged:4925 com.android.server.wifi.WifiServiceImpl.lambda$connect$106:4975 com.android.server.wifi.WifiServiceImpl.$r8$lambda$k_VbQ0XctrStvVsieclZczsvs-g:0
11-11 04:57:21.974 1194 1194 W wificond: Scan aborted
11-11 04:57:22.029 830 830 D android.hardware.wifi@1.0-service: Successfully SetMacAddress.
11-11 04:57:22.040 1194 1194 W wificond: Scan is not started. Ignore abort request
11-11 04:57:22.273 1514 1890 W ContextImpl: Calling a method in the system process without a qualified user: android.app.ContextImpl.sendStickyBroadcast:1559 com.android.server.ConnectivityService.sendStickyBroadcast:2811 com.android.server.ConnectivityService.sendLegacyNetworkBroadcast:8732 com.android.server.ConnectivityService$LegacyTypeTracker.remove:1007 com.android.server.ConnectivityService$LegacyTypeTracker.remove:1024
11-11 04:57:24.822 662 724 E NetlinkEvent: NetlinkEvent::FindParam(): Parameter 'INTERFACE' not found
11-11 04:57:24.822 662 724 E NetlinkEvent: NetlinkEvent::FindParam(): Parameter 'STATE' not found
11-11 04:57:24.822 662 724 E NetlinkEvent: NetlinkEvent::FindParam(): Parameter 'TIME_NS' not found
11-11 04:57:24.822 662 724 E NetlinkEvent: NetlinkEvent::FindParam(): Parameter 'UID' not found
11-11 04:57:24.840 1514 1890 W ContextImpl: Calling a method in the system process without a qualified user: android.app.ContextImpl.sendStickyBroadcast:1559 com.android.server.ConnectivityService.sendStickyBroadcast:2811 com.android.server.ConnectivityService.sendGeneralBroadcast:2786 com.android.server.ConnectivityService.sendConnectedBroadcast:2759 com.android.server.ConnectivityService.sendLegacyNetworkBroadcast:8704
11-11 04:57:24.854 1514 1890 W ContextImpl: Calling a method in the system process without a qualified user: android.app.ContextImpl.sendStickyBroadcast:1559 com.android.server.ConnectivityService.sendStickyBroadcast:2811 com.android.server.ConnectivityService.sendGeneralBroadcast:2786 com.android.server.ConnectivityService.sendInetConditionBroadcast:2763 com.android.server.ConnectivityService.updateInetCondition:8451
11-11 04:57:24.933 1514 3207 I ActivityTaskManager: moveTaskToBack: Task{7d853c5 #41 type=standard A=1000:com.android.settings.root U=0 visible=true mode=fullscreen translucent=false sz=1}
11-11 04:57:24.938 1514 3207 I ActivityTaskManager: FOREGROUND_APPLICATION_CHANGED to com.android.launcher3.uioverrides.QuickstepLauncher
11-11 04:57:24.961 3685 3703 W ContextImpl: Calling a method in the system process without a qualified user: android.app.ContextImpl.startService:1816 android.content.ContextWrapper.startService:774 com.thundercomm.gamemode.ingame.services.GameModeActionUtils.startGameModeService:93 com.thundercomm.gamemode.ingame.services.GameModeActionUtils.startGameModeEntry:21 com.thundercomm.gamemode.ingame.services.ActivityMonitoringService$1.onActivityLaunch:126
11-11 04:57:24.967 1514 1514 I GameModeConfig: Current uri is uri = content://com.thundercomm.gamemode.api/gamemode_settings/gamemode_isgaming
11-11 04:57:24.975 1514 1514 I GameModeConfig: isGameModeOn = false
11-11 04:57:24.975 1514 1514 I GameModeConfig: isGameModeOn = false
11-11 04:57:24.975 1514 1514 I GameModeConfig: isDisableVoice = true
11-11 04:57:25.048 3685 3703 W ContextImpl: Calling a method in the system process without a qualified user: android.app.ContextImpl.startService:1816 android.content.ContextWrapper.startService:774 com.thundercomm.gamemode.ingame.services.GameModeActionUtils.startGameModeService:93 com.thundercomm.gamemode.ingame.services.GameModeActionUtils.startGameModeEntry:21 com.thundercomm.gamemode.ingame.services.ActivityMonitoringService$1.onActivityLaunch:126
11-11 04:57:25.052 1514 1514 I GameModeConfig: Current uri is uri = content://com.thundercomm.gamemode.api/gamemode_settings/gamemode_isgaming
11-11 04:57:25.056 1514 1514 I GameModeConfig: isGameModeOn = false
11-11 04:57:25.056 1514 1514 I GameModeConfig: isGameModeOn = false
11-11 04:57:25.056 1514 1514 I GameModeConfig: isDisableVoice = true
11-11 04:57:25.468 3685 3703 W ContextImpl: Calling a method in the system process without a qualified user: android.app.ContextImpl.startService:1816 android.content.ContextWrapper.startService:774 com.thundercomm.gamemode.ingame.services.GameModeActionUtils.startGameModeService:93 com.thundercomm.gamemode.ingame.services.GameModeActionUtils.startGameModeEntry:21 com.thundercomm.gamemode.ingame.services.ActivityMonitoringService$1.onActivityLaunch:126
11-11 04:57:25.471 1514 1514 I GameModeConfig: Current uri is uri = content://com.thundercomm.gamemode.api/gamemode_settings/gamemode_isgaming
11-11 04:57:25.473 1514 1514 I GameModeConfig: isGameModeOn = false
11-11 04:57:25.473 1514 1514 I GameModeConfig: isGameModeOn = false
11-11 04:57:25.473 1514 1514 I GameModeConfig: isDisableVoice = true
11-11 04:57:25.983 1514 1901 I GameModeConfig: isGameModeOn = false
11-11 04:57:25.983 1514 1901 I GameModeConfig: isGameModeOn = false
11-11 04:57:25.984 1514 1901 I GameModeConfig: isGameModeOn = false
11-11 04:57:25.984 1514 1901 I GameModeConfig: isGameModeOn = false
11-11 04:57:26.023 1514 1901 I GameModeConfig: isGameModeOn = false
11-11 04:57:26.023 1514 1901 I GameModeConfig: isGameModeOn = false
11-11 04:57:26.023 1514 1901 I GameModeConfig: isGameModeOn = false
11-11 04:57:26.023 1514 1901 I GameModeConfig: isGameModeOn = false
11-11 04:57:26.042 1514 1901 I GameModeConfig: isGameModeOn = false
11-11 04:57:26.043 1514 1901 I GameModeConfig: isGameModeOn = false
11-11 04:57:26.043 1514 1901 I GameModeConfig: isGameModeOn = false
11-11 04:57:26.043 1514 1901 I GameModeConfig: isGameModeOn = false
11-11 04:57:26.056 1514 1901 I GameModeConfig: isGameModeOn = false
11-11 04:57:26.057 1514 1901 I GameModeConfig: isGameModeOn = false
11-11 04:57:26.057 1514 1901 I GameModeConfig: isGameModeOn = false
11-11 04:57:26.057 1514 1901 I GameModeConfig: isGameModeOn = false
11-11 04:57:26.072 1514 1901 I GameModeConfig: isGameModeOn = false
11-11 04:57:26.072 1514 1901 I GameModeConfig: isGameModeOn = false
11-11 04:57:26.073 1514 1901 I GameModeConfig: isGameModeOn = false
11-11 04:57:26.073 1514 1901 I GameModeConfig: isGameModeOn = false
11-11 04:57:26.089 1514 1901 I GameModeConfig: isGameModeOn = false
11-11 04:57:26.089 1514 1901 I GameModeConfig: isGameModeOn = false
11-11 04:57:26.089 1514 1901 I GameModeConfig: isGameModeOn = false
11-11 04:57:26.090 1514 1901 I GameModeConfig: isGameModeOn = false
11-11 04:57:26.123 1514 1901 I GameModeConfig: isGameModeOn = false
11-11 04:57:26.124 1514 1901 I GameModeConfig: isGameModeOn = false
11-11 04:57:26.124 1514 1901 I GameModeConfig: isGameModeOn = false
11-11 04:57:26.125 1514 1901 I GameModeConfig: isGameModeOn = false
11-11 04:57:26.188 1514 1514 I GameModeConfig: isGameModeOn = false
11-11 04:57:26.191 1514 1514 W NotificationHistory: Attempted to add notif for locked/gone/disabled user 0
11-11 04:57:26.220 1514 1514 I GameModeConfig: isGameModeOn = false
11-11 04:57:26.221 1514 1514 E NotificationService: Muting recently noisy 0|com.android.systemui|2048|null|10082
11-11 04:57:26.246 1514 1514 I GameModeConfig: isGameModeOn = false
11-11 04:57:26.247 1514 1514 E NotificationService: Muting recently noisy 0|com.android.systemui|2048|null|10082
11-11 04:57:26.259 1514 1514 I GameModeConfig: isGameModeOn = false
11-11 04:57:26.260 1514 1514 E NotificationService: Muting recently noisy 0|com.android.systemui|2048|null|10082
11-11 04:57:26.276 1514 1514 I GameModeConfig: isGameModeOn = false
11-11 04:57:26.276 1514 1514 E NotificationService: Muting recently noisy 0|com.android.systemui|2048|null|10082
11-11 04:57:26.293 1514 1514 I GameModeConfig: isGameModeOn = false
11-11 04:57:26.293 1514 1514 E NotificationService: Muting recently noisy 0|com.android.systemui|2048|null|10082
11-11 04:57:26.329 1514 1514 I GameModeConfig: isGameModeOn = false
11-11 04:57:26.330 1514 1514 E NotificationService: Muting recently noisy 0|com.android.systemui|2048|null|10082
11-11 04:57:27.256 1514 2505 D TelephonyRegistry: listen oscl: mHasNotifySubscriptionInfoChangedOccurred==false no callback
11-11 04:57:27.257 1998 1998 W CarrierConfigManager: Error getting config for subId -1 ICarrierConfigLoader is null
11-11 04:57:28.826 1514 2505 I ActivityTaskManager: START u0 {act=android.settings.WIFI_DETAILS_SETTINGS flg=0x14000000 cmp=com.android.settings/.Settings$WifiDetailsSettingsActivity (has extras)} from uid 10082
11-11 04:57:28.830 1514 2505 W ActivityTaskManager: Can't find TaskDisplayArea to determine support for multi window. Task id=46 attached=false
11-11 04:57:28.852 1514 1539 I ActivityTaskManager: FOREGROUND_APPLICATION_CHANGED to com.android.settings.Settings$WifiDetailsSettingsActivity
11-11 04:57:28.853 1514 1539 I ActivityTaskManager: The Process com.android.settings Already Exists in BG. So sending its PID: 2390
11-11 04:57:28.853 1514 1539 W ActivityTaskManager: Tried to set launchTime (0) < mLastActivityLaunchTime (649562)
11-11 04:57:28.878 3685 3703 W ContextImpl: Calling a method in the system process without a qualified user: android.app.ContextImpl.startService:1816 android.content.ContextWrapper.startService:774 com.thundercomm.gamemode.ingame.services.GameModeActionUtils.startGameModeService:93 com.thundercomm.gamemode.ingame.services.GameModeActionUtils.startGameModeEntry:21 com.thundercomm.gamemode.ingame.services.ActivityMonitoringService$1.onActivityLaunch:126
11-11 04:57:28.886 1514 2505 I ActivityTaskManager: START u0 {act=android.settings.WIFI_DETAILS_SETTINGS flg=0x14000000 cmp=com.android.settings/.homepage.SettingsHomepageActivity (has extras)} from uid 1000
11-11 04:57:28.889 1514 1514 I GameModeConfig: Current uri is uri = content://com.thundercomm.gamemode.api/gamemode_settings/gamemode_isgaming
11-11 04:57:28.890 1514 3207 I ActivityTaskManager: FOREGROUND_APPLICATION_CHANGED to com.android.settings.homepage.SettingsHomepageActivity
11-11 04:57:28.893 1514 1514 I GameModeConfig: isGameModeOn = false
11-11 04:57:28.894 1514 1514 I GameModeConfig: isGameModeOn = false
11-11 04:57:28.894 1514 1514 I GameModeConfig: isDisableVoice = true
11-11 04:57:28.909 1514 1539 D TelephonyRegistry: listen oscl: mHasNotifySubscriptionInfoChangedOccurred==false no callback
11-11 04:57:28.958 1514 2040 W ActivityTaskManager: Can't find TaskDisplayArea to determine support for multi window. Task id=46 attached=false
11-11 04:57:28.958 1514 2040 W ActivityTaskManager: Can't find TaskDisplayArea to determine support for multi window. Task id=46 attached=false
11-11 04:57:28.997 3685 3703 W ContextImpl: Calling a method in the system process without a qualified user: android.app.ContextImpl.startService:1816 android.content.ContextWrapper.startService:774 com.thundercomm.gamemode.ingame.services.GameModeActionUtils.startGameModeService:93 com.thundercomm.gamemode.ingame.services.GameModeActionUtils.startGameModeEntry:21 com.thundercomm.gamemode.ingame.services.ActivityMonitoringService$1.onActivityLaunch:126
11-11 04:57:29.001 1514 1514 I GameModeConfig: Current uri is uri = content://com.thundercomm.gamemode.api/gamemode_settings/gamemode_isgaming
11-11 04:57:29.002 1514 1514 I GameModeConfig: isGameModeOn = false
11-11 04:57:29.002 1514 1514 I GameModeConfig: isGameModeOn = false
11-11 04:57:29.002 1514 1514 I GameModeConfig: isDisableVoice = true
11-11 04:57:29.183 1514 1901 I GameModeConfig: isGameModeOn = false
11-11 04:57:29.183 1514 1901 I GameModeConfig: isGameModeOn = false
11-11 04:57:29.183 1514 1901 I GameModeConfig: isGameModeOn = false
11-11 04:57:29.183 1514 1901 I GameModeConfig: isGameModeOn = false
11-11 04:57:29.207 1514 1901 I GameModeConfig: isGameModeOn = false
11-11 04:57:29.207 1514 1901 I GameModeConfig: isGameModeOn = false
11-11 04:57:29.207 1514 1901 I GameModeConfig: isGameModeOn = false
11-11 04:57:29.207 1514 1901 I GameModeConfig: isGameModeOn = false
11-11 04:57:29.215 1514 1901 I GameModeConfig: isGameModeOn = false
11-11 04:57:29.215 1514 1901 I GameModeConfig: isGameModeOn = false
11-11 04:57:29.215 1514 1901 I GameModeConfig: isGameModeOn = false
11-11 04:57:29.215 1514 1901 I GameModeConfig: isGameModeOn = false
11-11 04:57:29.233 1514 1901 I GameModeConfig: isGameModeOn = false
11-11 04:57:29.233 1514 1901 I GameModeConfig: isGameModeOn = false
11-11 04:57:29.233 1514 1901 I GameModeConfig: isGameModeOn = false
11-11 04:57:29.233 1514 1901 I GameModeConfig: isGameModeOn = false
11-11 04:57:29.249 1514 1901 I GameModeConfig: isGameModeOn = false
11-11 04:57:29.249 1514 1901 I GameModeConfig: isGameModeOn = false
11-11 04:57:29.249 1514 1901 I GameModeConfig: isGameModeOn = false
11-11 04:57:29.249 1514 1901 I GameModeConfig: isGameModeOn = false
11-11 04:57:29.270 1514 1901 I GameModeConfig: isGameModeOn = false
11-11 04:57:29.273 3685 3703 W ContextImpl: Calling a method in the system process without a qualified user: android.app.ContextImpl.startService:1816 android.content.ContextWrapper.startService:774 com.thundercomm.gamemode.ingame.services.GameModeActionUtils.startGameModeService:93 com.thundercomm.gamemode.ingame.services.GameModeActionUtils.startGameModeEntry:21 com.thundercomm.gamemode.ingame.services.ActivityMonitoringService$1.onActivityLaunch:126
11-11 04:57:29.275 1514 1901 I GameModeConfig: isGameModeOn = false
11-11 04:57:29.275 1514 1901 I GameModeConfig: isGameModeOn = false
11-11 04:57:29.275 1514 1901 I GameModeConfig: isGameModeOn = false
11-11 04:57:29.279 1514 1514 I GameModeConfig: Current uri is uri = content://com.thundercomm.gamemode.api/gamemode_settings/gamemode_isgaming
11-11 04:57:29.280 1514 1514 I GameModeConfig: isGameModeOn = false
11-11 04:57:29.280 1514 1514 I GameModeConfig: isGameModeOn = false
11-11 04:57:29.280 1514 1514 I GameModeConfig: isDisableVoice = true
11-11 04:57:29.282 1514 1901 I GameModeConfig: isGameModeOn = false
11-11 04:57:29.282 1514 1901 I GameModeConfig: isGameModeOn = false
11-11 04:57:29.282 1514 1901 I GameModeConfig: isGameModeOn = false
11-11 04:57:29.282 1514 1901 I GameModeConfig: isGameModeOn = false
11-11 04:57:29.296 1514 1901 I GameModeConfig: isGameModeOn = false
11-11 04:57:29.297 1514 1901 I GameModeConfig: isGameModeOn = false
