11-11 04:46:35.339 1514 1514 I Telecom : WiredHeadsetManager: ACTION_HEADSET_PLUG event, plugged in: false, : WHC.oADA@AAE
11-11 04:46:35.342 1514 1514 I PackageWatchdog: Syncing health check requests for packages: {com.qualcomm.qti.devicestatisticsservice}
11-11 04:46:35.342 1514 1514 D ExplicitHealthCheckController: Getting health check supported packages
11-11 04:46:35.342 1514 1514 I GameModeConfig: isGameModeOn = false
11-11 04:46:35.342 1514 2072 I ExplicitHealthCheckController: Explicit health check supported packages [PackageConfig{com.android.networkstack, 86400000}]
11-11 04:46:35.343 1514 2072 D PackageWatchdog: Received supported packages [PackageConfig{com.android.networkstack, 86400000}]
11-11 04:46:35.343 1514 2072 I PackageWatchdog: Updated health check state for package com.qualcomm.qti.devicestatisticsservice: INACTIVE -> PASSED
11-11 04:46:35.343 1514 2072 I PackageWatchdog: Syncing state, reason: updated health check supported packages [PackageConfig{com.android.networkstack, 86400000}]
11-11 04:46:35.343 1514 2072 D ExplicitHealthCheckController: Getting health check requested packages
11-11 04:46:35.343 1514 1612 I PackageWatchdog: Saving observer state to file
11-11 04:46:35.343 1514 1540 I ExplicitHealthCheckController: Explicit health check requested packages []
11-11 04:46:35.343 1514 1540 I ExplicitHealthCheckController: No more health check requests, unbinding...
11-11 04:46:35.344 1514 1540 I ExplicitHealthCheckController: Explicit health check service is unbound
11-11 04:46:35.344 1514 1514 W NotificationHistory: Attempted to add notif for locked/gone/disabled user 0
11-11 04:46:35.346 1514 1514 D CompanionDeviceManagerService: Received BT state transition broadcast: OFF -> BLE_TURNING_ON
11-11 04:46:35.346 1514 1514 W Looper : Drained
11-11 04:46:35.347 1514 1514 I GameModeConfig: isGameModeOn = false
11-11 04:46:35.351 1514 2072 D CompatibilityChangeReporter: Compat change id reported: 135634846; UID 10084; state: DISABLED
11-11 04:46:35.351 1514 2072 D CompatibilityChangeReporter: Compat change id reported: 177438394; UID 10084; state: DISABLED
11-11 04:46:35.351 1514 2072 D CompatibilityChangeReporter: Compat change id reported: 135772972; UID 10084; state: DISABLED
11-11 04:46:35.351 1514 2072 D CompatibilityChangeReporter: Compat change id reported: 135754954; UID 10084; state: ENABLED
11-11 04:46:35.351 1514 1615 D CompatibilityChangeReporter: Compat change id reported: 143937733; UID 10084; state: ENABLED
11-11 04:46:35.353 1514 1514 I PackageWatchdog: Syncing health check requests for packages: {}
11-11 04:46:35.353 1514 1514 I ExplicitHealthCheckController: Service not ready to get health check supported packages. Binding...
11-11 04:46:35.354 1514 1514 I ExplicitHealthCheckController: Explicit health check service is bound
11-11 04:46:35.360 1514 1615 I ActivityManager: Start proc 2549:com.qualcomm.qti.qccauthmgr/u0a84 for content provider {com.qualcomm.qti.qccauthmgr/com.qualcomm.qti.qccauthmgr.providers.SMQContentProvider}
11-11 04:46:35.361 1514 1514 I ExplicitHealthCheckController: Explicit health check service is connected ComponentInfo{android.ext.services/android.ext.services.watchdog.ExplicitHealthCheckServiceImpl}
11-11 04:46:35.361 1514 1514 I ExplicitHealthCheckController: Service initialized, syncing requests
11-11 04:46:35.361 1514 1514 I PackageWatchdog: Syncing health check requests for packages: {}
11-11 04:46:35.361 1514 1514 D ExplicitHealthCheckController: Getting health check supported packages
11-11 04:46:35.364 1514 1539 I ExplicitHealthCheckController: Explicit health check supported packages [PackageConfig{com.android.networkstack, 86400000}]
11-11 04:46:35.365 1514 1539 D PackageWatchdog: Received supported packages [PackageConfig{com.android.networkstack, 86400000}]
11-11 04:46:35.365 1514 1539 D ExplicitHealthCheckController: Getting health check requested packages
11-11 04:46:35.366 1514 2072 I ExplicitHealthCheckController: Explicit health check requested packages []
11-11 04:46:35.366 1514 2072 I ExplicitHealthCheckController: No more health check requests, unbinding...
11-11 04:46:35.367 1514 2072 I ExplicitHealthCheckController: Explicit health check service is unbound
11-11 04:46:35.371 1998 1998 W CarrierConfigManager: Error getting config for subId -1 ICarrierConfigLoader is null
11-11 04:46:35.376 1514 1539 D TelephonyRegistry: listen oscl: mHasNotifySubscriptionInfoChangedOccurred==false no callback
11-11 04:46:35.385 1514 2505 D CompatibilityChangeReporter: Compat change id reported: 168419799; UID 10084; state: DISABLED
11-11 04:46:35.413 1514 2119 I StatusBarManagerService: registerStatusBar bar=com.android.internal.statusbar.IStatusBar$Stub$Proxy@9c425b1
11-11 04:46:35.426 1514 2040 D CompatibilityChangeReporter: Compat change id reported: 171306433; UID 1000; state: ENABLED
11-11 04:46:35.459 1514 2119 D CompatibilityChangeReporter: Compat change id reported: 168419799; UID 10082; state: DISABLED
11-11 04:46:35.484 1998 2473 W ActivityThread: Failed to find provider info for com.android.contacts (user not unlocked)
11-11 04:46:35.538 1514 1514 I GameModeConfig: isGameModeOn = false
11-11 04:46:35.539 1514 1514 W NotificationHistory: Attempted to add notif for locked/gone/disabled user 0
11-11 04:46:35.546 1998 2508 W ActivityThread: Failed to find provider info for com.android.contacts (user not unlocked)
11-11 04:46:35.558 1998 2508 W ActivityThread: Failed to find provider info for com.android.contacts (user not unlocked)
11-11 04:46:35.564 1998 2508 W ActivityThread: Failed to find provider info for com.android.contacts (user not unlocked)
11-11 04:46:35.619 1514 2505 D Fingerprint21: Daemon was null, reconnecting, current operation: null
11-11 04:46:35.620 1514 2505 D Fingerprint21: Fingerprint HAL ready, HAL ID: 5326416
11-11 04:46:35.620 1514 1514 D BiometricScheduler/Fingerprint21: [Added] {[0] FingerprintUpdateActiveUserClient, proto=1, owner=android, cookie=0, requestId=-1, userId=0}, new queue size: 1
11-11 04:46:35.621 1514 1514 D BiometricScheduler/Fingerprint21: [Polled] {[0] FingerprintUpdateActiveUserClient, proto=1, owner=android, cookie=0, requestId=-1, userId=0}, State: 0
11-11 04:46:35.621 1514 1514 D BiometricScheduler/Fingerprint21: [Starting] {[0] FingerprintUpdateActiveUserClient, proto=1, owner=android, cookie=0, requestId=-1, userId=0}, State: 0
11-11 04:46:35.621 1514 1514 D BiometricScheduler/Fingerprint21: [Started] {[0] FingerprintUpdateActiveUserClient, proto=1, owner=android, cookie=0, requestId=-1, userId=0}
11-11 04:46:35.639 1998 2508 W ActivityThread: Failed to find provider info for com.android.contacts (user not unlocked)
11-11 04:46:35.640 1998 2473 W ActivityThread: Failed to find provider info for com.android.contacts (user not unlocked)
11-11 04:46:35.653 1514 2505 D CompatibilityChangeReporter: Compat change id reported: 135634846; UID 10065; state: DISABLED
11-11 04:46:35.653 1514 2505 D CompatibilityChangeReporter: Compat change id reported: 177438394; UID 10065; state: DISABLED
11-11 04:46:35.653 1514 2505 D CompatibilityChangeReporter: Compat change id reported: 135772972; UID 10065; state: DISABLED
11-11 04:46:35.653 1514 2505 D CompatibilityChangeReporter: Compat change id reported: 135754954; UID 10065; state: ENABLED
11-11 04:46:35.653 1514 1615 D CompatibilityChangeReporter: Compat change id reported: 143937733; UID 10065; state: ENABLED
11-11 04:46:35.659 1514 1615 I ActivityManager: Start proc 2609:com.thundercomm.gamemode.provider/u0a65 for content provider {com.thundercomm.gamemode.provider/com.thundercomm.gamemode.provider.SettingsProvider}
11-11 04:46:35.669 1514 2505 D CompatibilityChangeReporter: Compat change id reported: 168419799; UID 10065; state: DISABLED
11-11 04:46:35.749 1514 1595 I ActivityManagerTiming: FinishBooting
11-11 04:46:35.750 1514 1595 I ActivityManager: About to commit checkpoint
11-11 04:46:35.750 1514 1595 W ActivityManager: FinishBooting sync begin
11-11 04:46:35.752 1514 1595 W ActivityManager: FinishBooting sync end
11-11 04:46:35.752 1514 1595 I SystemServiceManager: Starting phase 1000
11-11 04:46:35.752 1514 1595 I ActivityManagerTiming: OnBootPhase_1000
11-11 04:46:35.752 1514 1595 I ActivityManagerTiming: OnBootPhase_1000_com.android.server.security.FileIntegrityService
11-11 04:46:35.752 1514 1595 I ActivityManagerTiming: OnBootPhase_1000_com.android.server.pm.Installer
11-11 04:46:35.752 1514 1595 I ActivityManagerTiming: OnBootPhase_1000_com.android.server.os.DeviceIdentifiersPolicyService
11-11 04:46:35.752 1514 1595 I ActivityManagerTiming: OnBootPhase_1000_com.android.server.uri.UriGrantsManagerService$Lifecycle
11-11 04:46:35.752 1514 1595 I ActivityManagerTiming: OnBootPhase_1000_com.android.server.powerstats.PowerStatsService
11-11 04:46:35.752 1514 1595 E PowerStatsService: Failed to start PowerStatsService loggers
11-11 04:46:35.752 1514 1595 I ActivityManagerTiming: OnBootPhase_1000_com.android.server.wm.ActivityTaskManagerService$Lifecycle
11-11 04:46:35.752 1514 1595 I ActivityManagerTiming: OnBootPhase_1000_com.android.server.am.ActivityManagerService$Lifecycle
11-11 04:46:35.752 1514 1595 I ActivityManagerTiming: OnBootPhase_1000_com.android.server.pm.DataLoaderManagerService
11-11 04:46:35.752 1514 1595 I ActivityManagerTiming: OnBootPhase_1000_com.android.server.power.PowerManagerService
11-11 04:46:35.752 1514 1595 I ActivityManagerTiming: OnBootPhase_1000_com.android.server.power.ThermalManagerService
11-11 04:46:35.752 1514 1595 I ActivityManagerTiming: OnBootPhase_1000_com.android.server.power.hint.HintManagerService
11-11 04:46:35.752 1514 1595 I ActivityManagerTiming: OnBootPhase_1000_com.android.server.recoverysystem.RecoverySystemService$Lifecycle
11-11 04:46:35.752 1514 1595 I ActivityManagerTiming: OnBootPhase_1000_com.android.server.lights.LightsService
11-11 04:46:35.752 1514 1595 I ActivityManagerTiming: OnBootPhase_1000_com.android.server.display.DisplayManagerService
11-11 04:46:35.752 1514 1649 V DisplayPowerController[0]: Brightness [1.0] reason changing to: 'manual', previous reason: 'override'.
11-11 04:46:35.757 1514 1595 I ActivityManagerTiming: OnBootPhase_1000_com.android.server.pm.verify.domain.DomainVerificationService
11-11 04:46:35.757 1514 1595 I ActivityManagerTiming: OnBootPhase_1000_com.android.server.pm.PackageInstallerService$Lifecycle
11-11 04:46:35.757 1514 1595 I ActivityManagerTiming: OnBootPhase_1000_com.android.server.pm.UserManagerService$LifeCycle
11-11 04:46:35.757 1514 1595 I ActivityManagerTiming: OnBootPhase_1000_com.android.server.om.OverlayManagerService
11-11 04:46:35.757 1514 1595 I ActivityManagerTiming: OnBootPhase_1000_com.android.server.SensorPrivacyService
11-11 04:46:35.757 1514 1595 I ActivityManagerTiming: OnBootPhase_1000_com.android.server.sensors.SensorService
11-11 04:46:35.757 1514 1595 I ActivityManagerTiming: OnBootPhase_1000_com.android.server.SystemConfigService
11-11 04:46:35.757 1514 1595 I ActivityManagerTiming: OnBootPhase_1000_com.android.server.BatteryService
11-11 04:46:35.757 1514 1595 I ActivityManagerTiming: OnBootPhase_1000_com.android.server.usage.UsageStatsService
11-11 04:46:35.757 1514 1595 I ActivityManagerTiming: OnBootPhase_1000_com.android.server.webkit.WebViewUpdateService
11-11 04:46:35.757 1514 1595 I ActivityManagerTiming: OnBootPhase_1000_com.android.server.CachedDeviceStateService
11-11 04:46:35.757 1514 1595 I ActivityManagerTiming: OnBootPhase_1000_com.android.server.BinderCallsStatsService$LifeCycle
11-11 04:46:35.757 1514 1595 I ActivityManagerTiming: OnBootPhase_1000_com.android.server.LooperStatsService$Lifecycle
11-11 04:46:35.757 1514 1595 I ActivityManagerTiming: OnBootPhase_1000_com.android.server.rollback.RollbackManagerService
11-11 04:46:35.757 1514 1595 I ActivityManagerTiming: OnBootPhase_1000_com.android.server.os.NativeTombstoneManagerService
11-11 04:46:35.757 1514 1595 I ActivityManagerTiming: OnBootPhase_1000_com.android.server.os.BugreportManagerService
11-11 04:46:35.757 1514 1595 I ActivityManagerTiming: OnBootPhase_1000_com.android.server.gpu.GpuService
11-11 04:46:35.760 1514 1595 I ActivityManagerTiming: OnBootPhase_1000_com.android.server.security.KeyChainSystemService
11-11 04:46:35.760 1514 1595 I ActivityManagerTiming: OnBootPhase_1000_com.android.server.telecom.TelecomLoaderService
11-11 04:46:35.760 1514 1595 I ActivityManagerTiming: OnBootPhase_1000_com.android.server.accounts.AccountManagerService$Lifecycle
11-11 04:46:35.760 1514 1595 I ActivityManagerTiming: OnBootPhase_1000_com.android.server.content.ContentService$Lifecycle
11-11 04:46:35.760 1514 1595 I ActivityManagerTiming: OnBootPhase_1000_com.android.server.DropBoxManagerService
11-11 04:46:35.760 1514 1595 I ActivityManagerTiming: OnBootPhase_1000_com.android.role.RoleService
11-11 04:46:35.760 1514 1595 I ActivityManagerTiming: OnBootPhase_1000_com.android.server.vibrator.VibratorManagerService$Lifecycle
11-11 04:46:35.760 1514 1595 I ActivityManagerTiming: OnBootPhase_1000_com.android.server.alarm.AlarmManagerService
11-11 04:46:35.760 1514 1595 I ActivityManagerTiming: OnBootPhase_1000_com.android.server.devicestate.DeviceStateManagerService
11-11 04:46:35.760 1514 1595 I ActivityManagerTiming: OnBootPhase_1000_com.android.server.camera.CameraServiceProxy
11-11 04:46:35.761 1514 1595 I ActivityManagerTiming: OnBootPhase_1000_com.android.server.BluetoothService
11-11 04:46:35.761 1514 1595 I ActivityManagerTiming: OnBootPhase_1000_com.android.server.connectivity.IpConnectivityMetrics
11-11 04:46:35.761 1514 1595 I ActivityManagerTiming: OnBootPhase_1000_com.android.server.net.watchlist.NetworkWatchlistService$Lifecycle
11-11 04:46:35.761 1514 1595 I ActivityManagerTiming: OnBootPhase_1000_com.android.server.PinnerService
11-11 04:46:35.761 1514 1595 I ActivityManagerTiming: OnBootPhase_1000_com.google.android.startop.iorap.IorapForwardingService
11-11 04:46:35.761 1514 1709 D RollbackManager: mRollbackLifetimeDurationInMillis=1209600000
11-11 04:46:35.762 1514 1706 D AppStandbyController: Loading headless system app cache. appIdleEnabled=false
11-11 04:46:35.762 1514 1595 I ActivityManagerTiming: OnBootPhase_1000_com.android.server.ActivityTriggerService
11-11 04:46:35.762 1514 1595 I ActivityManagerTiming: OnBootPhase_1000_com.android.server.integrity.AppIntegrityManagerService
11-11 04:46:35.762 1514 1595 I ActivityManagerTiming: OnBootPhase_1000_com.android.server.inputmethod.InputMethodManagerService$Lifecycle
11-11 04:46:35.762 1514 1595 I ActivityManagerTiming: OnBootPhase_1000_com.android.server.accessibility.AccessibilityManagerService$Lifecycle
11-11 04:46:35.762 1514 1595 I ActivityManagerTiming: OnBootPhase_1000_com.android.server.StorageManagerService$Lifecycle
11-11 04:46:35.762 1514 1595 I ActivityManagerTiming: OnBootPhase_1000_com.android.server.usage.StorageStatsService$Lifecycle
11-11 04:46:35.762 1514 1595 I ActivityManagerTiming: OnBootPhase_1000_com.android.server.UiModeManagerService
11-11 04:46:35.762 1514 1595 I ActivityManagerTiming: OnBootPhase_1000_com.android.server.locksettings.LockSettingsService$Lifecycle
11-11 04:46:35.762 1514 1595 I ActivityManagerTiming: OnBootPhase_1000_com.android.server.PersistentDataBlockService
11-11 04:46:35.762 1514 1595 I ActivityManagerTiming: OnBootPhase_1000_com.android.server.testharness.TestHarnessModeService
11-11 04:46:35.763 1514 1595 D TestHarnessModeService: Completing Test Harness Mode setup.
11-11 04:46:35.763 1514 1799 D StorageManagerService: Thinking about init, mBootCompleted=true, mDaemonConnected=true
11-11 04:46:35.763 1514 1799 D StorageManagerService: Thinking about reset, mBootCompleted=true, mDaemonConnected=true
11-11 04:46:35.763 1514 1799 I StorageSessionController: Started resetting external storage service...
11-11 04:46:35.763 1514 1799 I StorageSessionController: Finished resetting external storage service
11-11 04:46:35.763 1514 1799 I StorageManagerService: Resetting vold...
11-11 04:46:35.764 1514 1799 I StorageManagerService: Reset vold
11-11 04:46:35.764 517 517 I vold : onUserAdded: 0
11-11 04:46:35.771 1514 1595 I ActivityManagerTiming: OnBootPhase_1000_com.android.server.oemlock.OemLockService
11-11 04:46:35.771 1514 1595 I ActivityManagerTiming: OnBootPhase_1000_com.android.server.DeviceIdleController
11-11 04:46:35.771 1514 1595 I ActivityManagerTiming: OnBootPhase_1000_com.android.server.devicepolicy.DevicePolicyManagerService$Lifecycle
11-11 04:46:35.771 1514 1595 I ActivityManagerTiming: OnBootPhase_1000_com.android.server.texttospeech.TextToSpeechManagerService
11-11 04:46:35.771 1514 1595 I ActivityManagerTiming: OnBootPhase_1000_com.android.server.speech.SpeechRecognitionManagerService
11-11 04:46:35.771 1514 1595 I ActivityManagerTiming: OnBootPhase_1000_com.android.server.searchui.SearchUiManagerService
11-11 04:46:35.771 1514 1595 I ActivityManagerTiming: OnBootPhase_1000_com.android.server.smartspace.SmartspaceManagerService
11-11 04:46:35.771 1514 1595 I ActivityManagerTiming: OnBootPhase_1000_com.android.server.graphics.fonts.FontManagerService$Lifecycle
11-11 04:46:35.771 1514 1595 I ActivityManagerTiming: OnBootPhase_1000_com.android.server.textservices.TextServicesManagerService$Lifecycle
11-11 04:46:35.771 1514 1595 I ActivityManagerTiming: OnBootPhase_1000_com.android.server.textclassifier.TextClassificationManagerService$Lifecycle
11-11 04:46:35.771 1514 1595 I ActivityManagerTiming: OnBootPhase_1000_com.android.server.NetworkScoreService$Lifecycle
11-11 04:46:35.771 1514 1595 I ActivityManagerTiming: OnBootPhase_1000_com.android.server.wifi.WifiService
11-11 04:46:35.771 1514 1595 I ActivityManagerTiming: OnBootPhase_1000_com.android.server.wifi.scanner.WifiScanningService
11-11 04:46:35.771 1514 1595 I ActivityManagerTiming: OnBootPhase_1000_com.android.server.wifi.rtt.RttService
11-11 04:46:35.771 1514 1595 I ActivityManagerTiming: OnBootPhase_1000_com.android.server.wifi.aware.WifiAwareService
11-11 04:46:35.771 1514 1595 I ActivityManagerTiming: OnBootPhase_1000_com.android.server.wifi.p2p.WifiP2pService
11-11 04:46:35.771 1514 1595 I ActivityManagerTiming: OnBootPhase_1000_com.android.server.ethernet.EthernetService
11-11 04:46:35.771 1514 1595 I ActivityManagerTiming: OnBootPhase_1000_com.android.server.ConnectivityServiceInitializer
11-11 04:46:35.771 1514 1595 I ActivityManagerTiming: OnBootPhase_1000_com.android.server.notification.NotificationManagerService
11-11 04:46:35.771 1514 1595 I ActivityManagerTiming: OnBootPhase_1000_com.android.server.storage.DeviceStorageMonitorService
11-11 04:46:35.771 1514 1595 I ActivityManagerTiming: OnBootPhase_1000_com.android.server.location.LocationManagerService$Lifecycle
11-11 04:46:35.771 1514 1595 I ActivityManagerTiming: OnBootPhase_1000_com.android.server.timedetector.TimeDetectorService$Lifecycle
11-11 04:46:35.771 1514 1595 I ActivityManagerTiming: OnBootPhase_1000_com.android.server.timezonedetector.TimeZoneDetectorService$Lifecycle
11-11 04:46:35.771 1514 1595 I ActivityManagerTiming: OnBootPhase_1000_com.android.server.timezonedetector.location.LocationTimeZoneManagerService$Lifecycle
11-11 04:46:35.771 1514 1595 I ActivityManagerTiming: OnBootPhase_1000_com.android.server.search.SearchManagerService$Lifecycle
11-11 04:46:35.771 1514 1595 I ActivityManagerTiming: OnBootPhase_1000_com.android.server.wallpaper.WallpaperManagerService$Lifecycle
11-11 04:46:35.771 1514 1595 I ActivityManagerTiming: OnBootPhase_1000_com.android.server.audio.AudioService$Lifecycle
11-11 04:46:35.771 1514 1595 I ActivityManagerTiming: OnBootPhase_1000_com.android.server.soundtrigger_middleware.SoundTriggerMiddlewareService$Lifecycle
11-11 04:46:35.771 1514 1595 I ActivityManagerTiming: OnBootPhase_1000_com.android.server.DockObserver
11-11 04:46:35.771 1514 1595 I ActivityManagerTiming: OnBootPhase_1000_com.android.server.midi.MidiService$Lifecycle
11-11 04:46:35.771 1514 1595 I ActivityManagerTiming: OnBootPhase_1000_com.android.server.adb.AdbService$Lifecycle
11-11 04:46:35.771 1514 1595 I ActivityManagerTiming: OnBootPhase_1000_com.android.server.usb.UsbService$Lifecycle
11-11 04:46:35.771 1514 1595 I ActivityManagerTiming: OnBootPhase_1000_com.android.server.twilight.TwilightService
11-11 04:46:35.772 1514 1595 I ActivityManagerTiming: OnBootPhase_1000_com.android.server.display.color.ColorDisplayService
11-11 04:46:35.772 1514 1595 I ActivityManagerTiming: OnBootPhase_1000_com.android.server.job.JobSchedulerService
11-11 04:46:35.772 1514 1595 I ActivityManagerTiming: OnBootPhase_1000_com.android.server.soundtrigger.SoundTriggerService
11-11 04:46:35.772 1514 1595 D SoundTriggerService: onBootPhase: 1000 : false
11-11 04:46:35.772 1514 1595 I ActivityManagerTiming: OnBootPhase_1000_com.android.server.trust.TrustManagerService
11-11 04:46:35.772 1514 1595 I ActivityManagerTiming: OnBootPhase_1000_com.android.server.backup.BackupManagerService$Lifecycle
11-11 04:46:35.772 1514 1595 I ActivityManagerTiming: OnBootPhase_1000_com.android.server.appwidget.AppWidgetService
11-11 04:46:35.772 1514 1595 I ActivityManagerTiming: OnBootPhase_1000_com.android.server.voiceinteraction.VoiceInteractionManagerService
11-11 04:46:35.772 1514 1595 I ActivityManagerTiming: OnBootPhase_1000_com.android.server.apphibernation.AppHibernationService
11-11 04:46:35.772 1514 1595 I ActivityManagerTiming: OnBootPhase_1000_com.android.server.GestureLauncherService
11-11 04:46:35.772 1514 1595 I ActivityManagerTiming: OnBootPhase_1000_com.android.server.SensorNotificationService
11-11 04:46:35.773 1514 2637 I HibernationStateDiskStore: No hibernation file on disk for file /data/system/hibernation/states
11-11 04:46:35.773 1514 1595 D CompatibilityChangeReporter: Compat change id reported: 168936375; UID 1000; state: ENABLED
11-11 04:46:35.773 1514 1595 D CompatibilityChangeReporter: Compat change id reported: 168936375; UID 1000; state: DISABLED
11-11 04:46:35.774 1514 1595 D CompatibilityChangeReporter: Compat change id reported: 73144566; UID 1000; state: ENABLED
11-11 04:46:35.774 1514 1595 D CompatibilityChangeReporter: Compat change id reported: 73144566; UID 1000; state: DISABLED
11-11 04:46:35.774 1514 1595 I ActivityManagerTiming: OnBootPhase_1000_com.android.server.emergency.EmergencyAffordanceService
11-11 04:46:35.774 1514 1595 I ActivityManagerTiming: OnBootPhase_1000_com.android.server.blob.BlobStoreManagerService
11-11 04:46:35.774 1514 2636 D AdbDebuggingManager: Received public key: QAAAAG97JpZxvIK4efE+NkcibYsENv1AxVG7RRQH5Z9frNxNkoPFpKfjjSwJKUy7DkhDRdIrjvIkgAB2Z+1ObkoCdsjGjbXFFOtUvtK/aUBBUOvjzr2ROKhQipeWtk10CSKhUimdFU2hT0Rs0qwCdntCr3x5zJ4D5JSD6F1r6OUVgVb7bmEUeuoiN7mvj8t1vmU/tRQ7oz4IOVlp1oKMc+zob0xQ3VCKxFmqqSty3dqiV/LOxclbMZHcN0JpgoA5dBlSbr5sRxDNvUqtOMPUiY5SlFHUIvjEU6wYaGxsFCigO4a3KEnUVHwLek/I51oZuLLTEVxSkoClfe8stOhL29qUlncXKomlO5Xrd6KeSI8HacwG00YG89yDMyCsuH1xfPqhftaU+mjENo4dR0lk5OQa5B5djZS6jyWPNT1ALdwEBjZs3E1a/c4l+YcevTMwVH32ud9imhSmc0J+sq1CkmBn4ICCzb7TUKzPSPVJoDZkRlGOJQn603sSTSw91R76MlPLSxNMURaiKBGhIrQViJZge/2PSbLv/UVBmN7qjXa/88JhNrJ5mIWQEvbAu26cSbu6E2608g1IH4y3vMbJDQ4nIjgz1W9LXekLPuD3BdHUTzLDWLiOMXpM+K86701fRvWt5RWYynOwHXNPdQx/ArXANQhvVeKl52s5/tWusvFP1YON03wfHQEAAQA= thundersoft@DESKTOP-17ME0V2
11-11 04:46:35.774 1514 1595 I ActivityManagerTiming: OnBootPhase_1000_com.android.server.dreams.DreamManagerService
11-11 04:46:35.774 1514 1595 I ActivityManagerTiming: OnBootPhase_1000_com.android.server.companion.CompanionDeviceManagerService
11-11 04:46:35.774 1514 1595 I ActivityManagerTiming: OnBootPhase_1000_com.android.server.restrictions.RestrictionsManagerService
11-11 04:46:35.775 1514 1595 I ActivityManagerTiming: OnBootPhase_1000_com.android.server.media.MediaSessionService
11-11 04:46:35.776 1514 1592 D AdbDebuggingManager: Logging key QAAAAG97JpZxvIK4efE+NkcibYsENv1AxVG7RRQH5Z9frNxNkoPFpKfjjSwJKUy7DkhDRdIrjvIkgAB2Z+1ObkoCdsjGjbXFFOtUvtK/aUBBUOvjzr2ROKhQipeWtk10CSKhUimdFU2hT0Rs0qwCdntCr3x5zJ4D5JSD6F1r6OUVgVb7bmEUeuoiN7mvj8t1vmU/tRQ7oz4IOVlp1oKMc+zob0xQ3VCKxFmqqSty3dqiV/LOxclbMZHcN0JpgoA5dBlSbr5sRxDNvUqtOMPUiY5SlFHUIvjEU6wYaGxsFCigO4a3KEnUVHwLek/I51oZuLLTEVxSkoClfe8stOhL29qUlncXKomlO5Xrd6KeSI8HacwG00YG89yDMyCsuH1xfPqhftaU+mjENo4dR0lk5OQa5B5djZS6jyWPNT1ALdwEBjZs3E1a/c4l+YcevTMwVH32ud9imhSmc0J+sq1CkmBn4ICCzb7TUKzPSPVJoDZkRlGOJQn603sSTSw91R76MlPLSxNMURaiKBGhIrQViJZge/2PSbLv/UVBmN7qjXa/88JhNrJ5mIWQEvbAu26cSbu6E2608g1IH4y3vMbJDQ4nIjgz1W9LXekLPuD3BdHUTzLDWLiOMXpM+K86701fRvWt5RWYynOwHXNPdQx/ArXANQhvVeKl52s5/tWusvFP1YON03wfHQEAAQA= thundersoft@DESKTOP-17ME0V2, state = 1, alwaysAllow = false, lastConnectionTime = 0, authWindow = 604800000
11-11 04:46:35.776 1514 1592 I ActivityTaskManager: START u0 {flg=0x10000000 cmp=com.android.systemui/.usb.UsbDebuggingActivity (has extras)} from uid 1000
11-11 04:46:35.778 1514 1595 I ActivityManagerTiming: OnBootPhase_1000_com.android.server.media.MediaResourceMonitorService
11-11 04:46:35.778 1514 1595 I ActivityManagerTiming: OnBootPhase_1000_com.android.server.biometrics.sensors.fingerprint.FingerprintService
11-11 04:46:35.778 1514 1595 I ActivityManagerTiming: OnBootPhase_1000_com.android.server.biometrics.BiometricService
11-11 04:46:35.778 1514 1595 I ActivityManagerTiming: OnBootPhase_1000_com.android.server.biometrics.AuthService
11-11 04:46:35.778 1514 1595 I ActivityManagerTiming: OnBootPhase_1000_com.android.server.pm.ShortcutService$Lifecycle
11-11 04:46:35.778 1514 1595 I ActivityManagerTiming: OnBootPhase_1000_com.android.server.pm.LauncherAppsService
11-11 04:46:35.778 1514 1595 I ActivityManagerTiming: OnBootPhase_1000_com.android.server.pm.CrossProfileAppsService
11-11 04:46:35.778 1514 1595 I ActivityManagerTiming: OnBootPhase_1000_com.android.server.people.PeopleService
11-11 04:46:35.778 1514 1595 I ActivityManagerTiming: OnBootPhase_1000_com.android.server.media.metrics.MediaMetricsManagerService
11-11 04:46:35.778 1514 1595 I ActivityManagerTiming: OnBootPhase_1000_com.android.server.media.projection.MediaProjectionManagerService
11-11 04:46:35.778 1514 1595 I ActivityManagerTiming: OnBootPhase_1000_com.android.server.slice.SliceManagerService$Lifecycle
11-11 04:46:35.778 1514 1595 I ActivityManagerTiming: OnBootPhase_1000_com.android.server.stats.StatsCompanion$Lifecycle
11-11 04:46:35.778 1514 1595 I ActivityManagerTiming: OnBootPhase_1000_com.android.server.scheduling.RebootReadinessManagerService$Lifecycle
11-11 04:46:35.778 1514 1595 I ActivityManagerTiming: OnBootPhase_1000_com.android.server.stats.pull.StatsPullAtomService
11-11 04:46:35.778 1514 1595 I ActivityManagerTiming: OnBootPhase_1000_com.android.server.incident.IncidentCompanionService
11-11 04:46:35.778 1514 1595 I ActivityManagerTiming: OnBootPhase_1000_com.android.server.MmsServiceBroker
11-11 04:46:35.778 1514 1595 I ActivityManagerTiming: OnBootPhase_1000_com.android.server.autofill.AutofillManagerService
11-11 04:46:35.778 1514 1595 I ActivityManagerTiming: OnBootPhase_1000_com.android.server.clipboard.ClipboardService
11-11 04:46:35.778 1514 1595 I ActivityManagerTiming: OnBootPhase_1000_com.android.server.appbinding.AppBindingService$Lifecycle
11-11 04:46:35.778 1514 1595 I ActivityManagerTiming: OnBootPhase_1000_com.android.server.tracing.TracingServiceProxy
11-11 04:46:35.778 1514 1595 I ActivityManagerTiming: OnBootPhase_1000_com.android.server.policy.PermissionPolicyService
11-11 04:46:35.778 1514 1595 I ActivityManagerTiming: OnBootPhase_1000_com.android.server.pm.StagingManager$Lifecycle
11-11 04:46:35.778 1514 1595 I ActivityManagerTiming: OnBootPhase_1000_com.android.server.app.GameManagerService$Lifecycle
11-11 04:46:35.778 1514 1595 D GameManagerService: onBootCompleted
11-11 04:46:35.778 1514 1595 I ActivityManagerTiming: OnBootPhase_1000_com.android.server.appsearch.AppSearchManagerService
11-11 04:46:35.778 1514 1595 I ActivityManagerTiming: OnBootPhase_1000_com.android.server.media.MediaCommunicationService
11-11 04:46:35.778 1514 1595 D ActivityManagerTiming: TotalBootTime took to complete: 2946ms
11-11 04:46:35.778 1514 1595 D SystemServerInitThreadPool: Shutdown requested
11-11 04:46:35.778 1514 1595 I SystemServerTiming: WaitInitThreadPoolShutdown
11-11 04:46:35.780 1514 1592 W ActivityTaskManager: Can't find TaskDisplayArea to determine support for multi window. Task id=8 attached=false
11-11 04:46:35.781 1514 1595 D SystemServerInitThreadPool: Shutdown successful
11-11 04:46:35.782 1514 1595 I ActivityManager: User 0 state changed from BOOTING to RUNNING_LOCKED
11-11 04:46:35.782 1514 1595 W ActivityManager: UserLifecycleEvent 4 received without an active userJourneySession.
11-11 04:46:35.783 1514 1592 D CompatibilityChangeReporter: Compat change id reported: 174042980; UID 10082; state: DISABLED
11-11 04:46:35.784 1514 1592 D CompatibilityChangeReporter: Compat change id reported: 184838306; UID 10082; state: DISABLED
11-11 04:46:35.784 1514 1595 D StorageManagerService: unlockUserKey: 0 isFileEncryptedNativeOrEmulated: true hasToken: false hasSecret: false
11-11 04:46:35.784 1514 1592 D CompatibilityChangeReporter: Compat change id reported: 185004937; UID 10082; state: DISABLED
11-11 04:46:35.784 1514 1592 D CompatibilityChangeReporter: Compat change id reported: 181136395; UID 10082; state: DISABLED
11-11 04:46:35.784 1514 1592 D CompatibilityChangeReporter: Compat change id reported: 174042936; UID 10082; state: DISABLED
11-11 04:46:35.784 517 517 D vold : fscrypt_unlock_user_key 0 serial=0
11-11 04:46:35.785 517 517 D vold : Trying user CE key /data/misc/vold/user_keys/ce/0/current
11-11 04:46:35.790 1514 2080 I ActivityTaskManager: FOREGROUND_APPLICATION_CHANGED to com.android.systemui.usb.UsbDebuggingActivity
11-11 04:46:35.792 1514 2080 I ActivityTaskManager: The Process com.android.systemui Already Exists in BG. So sending its PID: 1998
11-11 04:46:35.803 2644 2644 F libc : Fatal signal 6 (SIGABRT), code -1 (SI_QUEUE) in tid 2644 (init), pid 2644 (init)
11-11 04:46:35.814 517 517 D vold : Successfully retrieved key
11-11 04:46:35.816 2644 2644 F libc : crash_dump helper failed to exec, or was killed
11-11 04:46:35.827 517 517 D vold : Installed fscrypt key with ref aeadf89f430a2d4ea994def1bf3dc5fb to /data
11-11 04:46:35.827 517 517 D vold : Added fscrypt-provisioning key for aeadf89f430a2d4ea994def1bf3dc5fb to session keyring
11-11 04:46:35.827 517 517 D vold : Installed ce key for user 0
11-11 04:46:35.827 1514 1595 W ActivityManager: UserLifecycleEvent 5 received without an active userJourneySession.
11-11 04:46:35.827 1514 1595 D ActivityManager: Started unlocking user 0
11-11 04:46:35.827 1514 1595 D ActivityManager: Unlocking user 0 progress 0
11-11 04:46:35.827 1514 1595 D ActivityManager: Unlocking user 0 progress 5
11-11 04:46:35.828 517 517 D vold : fscrypt_prepare_user_storage for volume null, user 0, serial 0, flags 2
11-11 04:46:35.828 517 517 D vold : Preparing: /data/system_ce/0
11-11 04:46:35.828 517 517 D vold : Preparing: /data/misc_ce/0
11-11 04:46:35.828 517 517 D vold : Preparing: /data/vendor_ce/0
11-11 04:46:35.829 1514 1614 D CompatibilityChangeReporter: Compat change id reported: 135634846; UID 10066; state: DISABLED
11-11 04:46:35.829 1514 1614 D CompatibilityChangeReporter: Compat change id reported: 177438394; UID 10066; state: DISABLED
11-11 04:46:35.829 1514 1614 D CompatibilityChangeReporter: Compat change id reported: 135772972; UID 10066; state: DISABLED
11-11 04:46:35.829 1514 1614 D CompatibilityChangeReporter: Compat change id reported: 135754954; UID 10066; state: DISABLED
11-11 04:46:35.830 1514 1615 D CompatibilityChangeReporter: Compat change id reported: 143937733; UID 10066; state: DISABLED
11-11 04:46:35.830 517 517 D vold : Preparing: /data/media/0
11-11 04:46:35.831 1514 1595 D ColorDisplayService: setUp: currentUser=0
11-11 04:46:35.833 517 517 D vold : Preparing: /data/data
11-11 04:46:35.833 517 517 I vold : Verified that /data/system_ce/0 has the encryption policy aeadf89f430a2d4ea994def1bf3dc5fb v2 modes 1/4 flags 0xa
11-11 04:46:35.833 517 517 I vold : Verified that /data/misc_ce/0 has the encryption policy aeadf89f430a2d4ea994def1bf3dc5fb v2 modes 1/4 flags 0xa
11-11 04:46:35.833 517 517 I vold : Verified that /data/vendor_ce/0 has the encryption policy aeadf89f430a2d4ea994def1bf3dc5fb v2 modes 1/4 flags 0xa
11-11 04:46:35.833 517 517 I vold : Verified that /data/media/0 has the encryption policy aeadf89f430a2d4ea994def1bf3dc5fb v2 modes 1/4 flags 0xa
11-11 04:46:35.833 517 517 I vold : Verified that /data/data has the encryption policy aeadf89f430a2d4ea994def1bf3dc5fb v2 modes 1/4 flags 0xa
11-11 04:46:35.833 517 517 D vold : Starting restorecon of /data/system_ce/0
11-11 04:46:35.837 1514 1595 D ColorDisplayService: onNightDisplayAutoModeChanged: autoMode=0
11-11 04:46:35.838 1514 1595 I ColorDisplayService: Turning off night display
11-11 04:46:35.838 1514 1595 D ColorDisplayService: Setting bright color reduction level: 50
11-11 04:46:35.838 1514 1649 V DisplayPowerController[0]: Brightness [1.0] manual adjustment.
11-11 04:46:35.840 1514 1615 I ActivityManager: Start proc 2654:com.android.deskclock/u0a66 for broadcast {com.android.deskclock/com.android.deskclock.AlarmInitReceiver}
11-11 04:46:35.840 517 517 D vold : Finished restorecon of /data/system_ce/0
11-11 04:46:35.840 517 517 D vold : Starting restorecon of /data/vendor_ce/0
11-11 04:46:35.844 517 517 D vold : Finished restorecon of /data/vendor_ce/0
11-11 04:46:35.844 517 517 D vold : Starting restorecon of /data/misc_ce/0
11-11 04:46:35.848 517 517 D vold : Finished restorecon of /data/misc_ce/0
11-11 04:46:35.848 517 517 D vold : /system/bin/vold_prepare_subdirs
11-11 04:46:35.848 517 517 D vold : prepare
11-11 04:46:35.848 517 517 D vold :
11-11 04:46:35.848 517 517 D vold : 0
11-11 04:46:35.848 517 517 D vold : 2
11-11 04:46:35.870 1514 1514 W Looper : Slow dispatch took 250ms main h=android.os.Handler c=com.android.server.biometrics.sensors.fingerprint.hidl.Fingerprint21$$ExternalSyntheticLambda2@206844a m=0
11-11 04:46:35.870 1514 1514 D BiometricScheduler/Fingerprint21: [Added] {[1] FingerprintUpdateActiveUserClient, proto=1, owner=android, cookie=0, requestId=-1, userId=0}, new queue size: 1
11-11 04:46:35.870 1514 1514 V BiometricScheduler/Fingerprint21: Not idle, current operation: {[0] FingerprintUpdateActiveUserClient, proto=1, owner=android, cookie=0, requestId=-1, userId=0}, State: 2
11-11 04:46:35.870 1514 1514 D BiometricScheduler/Fingerprint21: [Added] {[2] FingerprintInternalCleanupClient, proto=7, owner=android, cookie=0, requestId=-1, userId=0}, new queue size: 2
11-11 04:46:35.870 1514 1514 V BiometricScheduler/Fingerprint21: Not idle, current operation: {[0] FingerprintUpdateActiveUserClient, proto=1, owner=android, cookie=0, requestId=-1, userId=0}, State: 2
11-11 04:46:35.870 1514 1514 W Looper : Slow delivery took 250ms main h=android.os.Handler c=com.android.server.biometrics.sensors.fingerprint.hidl.Fingerprint21$$ExternalSyntheticLambda12@ef0dcd8 m=0
11-11 04:46:35.872 1514 1514 W Looper : Drained
11-11 04:46:35.872 1514 1514 D BiometricScheduler/Fingerprint21: [Finishing] {[0] FingerprintUpdateActiveUserClient, proto=1, owner=android, cookie=0, requestId=-1, userId=0}, success: true
11-11 04:46:35.872 1514 1514 D BiometricScheduler/Fingerprint21: [Polled] {[1] FingerprintUpdateActiveUserClient, proto=1, owner=android, cookie=0, requestId=-1, userId=0}, State: 0
11-11 04:46:35.872 1514 1514 D BiometricScheduler/Fingerprint21: [Starting] {[1] FingerprintUpdateActiveUserClient, proto=1, owner=android, cookie=0, requestId=-1, userId=0}, State: 0
11-11 04:46:35.872 1514 1514 D BiometricScheduler/Fingerprint21: [Started] {[1] FingerprintUpdateActiveUserClient, proto=1, owner=android, cookie=0, requestId=-1, userId=0}
11-11 04:46:35.874 1514 2040 D CompatibilityChangeReporter: Compat change id reported: 168419799; UID 10066; state: DISABLED
11-11 04:46:35.882 1514 2636 W AdbDebuggingManager: Read failed with count -1
11-11 04:46:35.883 1514 2636 E AdbDebuggingManager: Caught an exception opening the socket: java.io.IOException: Connection refused
11-11 04:46:35.886 1514 1592 V UserDataPreparer: Found /data/user/0 with serial number 0
11-11 04:46:35.886 1514 1592 V UserDataPreparer: Found /data/system_ce/0 with serial number 0
11-11 04:46:35.886 1514 1592 D UserDataPreparer: Setting property: sys.user.0.ce_available=true
11-11 04:46:35.886 1514 1592 V PackageManager: reconcileAppsData for null u0 0x2 migrateAppData=false
11-11 04:46:35.953 1514 1592 V PackageManager: reconcileAppsData finished 138 packages
11-11 04:46:35.953 1514 1592 I ActivityManager: User 0 state changed from RUNNING_LOCKED to RUNNING_UNLOCKING
11-11 04:46:35.954 1514 1592 D ActivityManager: Unlocking user 0 progress 20
11-11 04:46:35.954 1514 1592 W Looper : Slow dispatch took 126ms android.fg h=android.os.Handler c=com.android.server.am.UserController$$ExternalSyntheticLambda3@f7093fa m=0
11-11 04:46:35.955 1514 1614 I SystemServerTimingAsync: ssm.UnlockingUser-0
11-11 04:46:35.955 1514 1614 I SystemServiceManager: Calling onUnlockingUser 0
11-11 04:46:35.955 1514 1614 I SystemServerTimingAsync: ssm.onUnlockingUser-0_com.android.server.security.FileIntegrityService
11-11 04:46:35.955 1514 1614 I SystemServerTimingAsync: ssm.onUnlockingUser-0_com.android.server.pm.Installer
11-11 04:46:35.955 1514 1614 I SystemServerTimingAsync: ssm.onUnlockingUser-0_com.android.server.os.DeviceIdentifiersPolicyService
11-11 04:46:35.955 1514 1614 I SystemServerTimingAsync: ssm.onUnlockingUser-0_com.android.server.uri.UriGrantsManagerService$Lifecycle
11-11 04:46:35.956 1514 1614 I SystemServerTimingAsync: ssm.onUnlockingUser-0_com.android.server.powerstats.PowerStatsService
11-11 04:46:35.956 1514 1614 I SystemServerTimingAsync: ssm.onUnlockingUser-0_com.android.server.wm.ActivityTaskManagerService$Lifecycle
11-11 04:46:35.956 1514 1614 I SystemServerTimingAsync: ssm.onUnlockingUser-0_com.android.server.am.ActivityManagerService$Lifecycle
11-11 04:46:35.956 1514 1614 I SystemServerTimingAsync: ssm.onUnlockingUser-0_com.android.server.pm.DataLoaderManagerService
11-11 04:46:35.956 1514 1614 I SystemServerTimingAsync: ssm.onUnlockingUser-0_com.android.server.power.PowerManagerService
11-11 04:46:35.956 1514 1614 I SystemServerTimingAsync: ssm.onUnlockingUser-0_com.android.server.power.ThermalManagerService
11-11 04:46:35.956 1514 1614 I SystemServerTimingAsync: ssm.onUnlockingUser-0_com.android.server.power.hint.HintManagerService
11-11 04:46:35.956 1514 1614 I SystemServerTimingAsync: ssm.onUnlockingUser-0_com.android.server.recoverysystem.RecoverySystemService$Lifecycle
11-11 04:46:35.956 1514 1614 I SystemServerTimingAsync: ssm.onUnlockingUser-0_com.android.server.lights.LightsService
11-11 04:46:35.956 1514 1614 I SystemServerTimingAsync: ssm.onUnlockingUser-0_com.android.server.display.DisplayManagerService
11-11 04:46:35.956 1514 1614 I SystemServerTimingAsync: ssm.onUnlockingUser-0_com.android.server.pm.verify.domain.DomainVerificationService
11-11 04:46:35.956 1514 1614 I SystemServerTimingAsync: ssm.onUnlockingUser-0_com.android.server.pm.PackageInstallerService$Lifecycle
11-11 04:46:35.956 1514 1614 I SystemServerTimingAsync: ssm.onUnlockingUser-0_com.android.server.pm.UserManagerService$LifeCycle
11-11 04:46:35.956 1514 1614 I SystemServerTimingAsync: ssm.onUnlockingUser-0_com.android.server.om.OverlayManagerService
11-11 04:46:35.956 1514 1614 I SystemServerTimingAsync: ssm.onUnlockingUser-0_com.android.server.SensorPrivacyService
11-11 04:46:35.956 1514 1614 I SystemServerTimingAsync: ssm.onUnlockingUser-0_com.android.server.sensors.SensorService
11-11 04:46:35.956 1514 1614 I SystemServerTimingAsync: ssm.onUnlockingUser-0_com.android.server.SystemConfigService
11-11 04:46:35.956 1514 1614 I SystemServerTimingAsync: ssm.onUnlockingUser-0_com.android.server.BatteryService
11-11 04:46:35.956 1514 1614 I SystemServerTimingAsync: ssm.onUnlockingUser-0_com.android.server.usage.UsageStatsService
11-11 04:46:35.956 1514 1614 I SystemServerTimingAsync: ssm.onUnlockingUser-0_com.android.server.webkit.WebViewUpdateService
11-11 04:46:35.956 1514 1614 I SystemServerTimingAsync: ssm.onUnlockingUser-0_com.android.server.CachedDeviceStateService
11-11 04:46:35.956 1514 1614 I SystemServerTimingAsync: ssm.onUnlockingUser-0_com.android.server.BinderCallsStatsService$LifeCycle
11-11 04:46:35.956 1514 1614 I SystemServerTimingAsync: ssm.onUnlockingUser-0_com.android.server.LooperStatsService$Lifecycle
11-11 04:46:35.956 1514 1614 I SystemServerTimingAsync: ssm.onUnlockingUser-0_com.android.server.rollback.RollbackManagerService
11-11 04:46:35.958 1514 1614 I SystemServerTimingAsync: ssm.onUnlockingUser-0_com.android.server.os.NativeTombstoneManagerService
11-11 04:46:35.958 1514 1614 I SystemServerTimingAsync: ssm.onUnlockingUser-0_com.android.server.os.BugreportManagerService
11-11 04:46:35.958 1514 1614 I SystemServerTimingAsync: ssm.onUnlockingUser-0_com.android.server.gpu.GpuService
11-11 04:46:35.958 1514 1614 I SystemServerTimingAsync: ssm.onUnlockingUser-0_com.android.server.security.KeyChainSystemService
11-11 04:46:35.958 1514 1614 I SystemServerTimingAsync: ssm.onUnlockingUser-0_com.android.server.telecom.TelecomLoaderService
11-11 04:46:35.958 1514 1614 I SystemServerTimingAsync: ssm.onUnlockingUser-0_com.android.server.accounts.AccountManagerService$Lifecycle
11-11 04:46:35.958 1514 1614 I SystemServerTimingAsync: ssm.onUnlockingUser-0_com.android.server.content.ContentService$Lifecycle
11-11 04:46:35.958 1514 1614 I SystemServerTimingAsync: ssm.onUnlockingUser-0_com.android.server.DropBoxManagerService
11-11 04:46:35.958 1514 1614 I SystemServerTimingAsync: ssm.onUnlockingUser-0_com.android.role.RoleService
11-11 04:46:35.958 1514 1614 I SystemServerTimingAsync: ssm.onUnlockingUser-0_com.android.server.vibrator.VibratorManagerService$Lifecycle
11-11 04:46:35.958 1514 1614 I SystemServerTimingAsync: ssm.onUnlockingUser-0_com.android.server.alarm.AlarmManagerService
11-11 04:46:35.958 1514 1614 I SystemServerTimingAsync: ssm.onUnlockingUser-0_com.android.server.devicestate.DeviceStateManagerService
11-11 04:46:35.958 1514 1614 I SystemServerTimingAsync: ssm.onUnlockingUser-0_com.android.server.camera.CameraServiceProxy
11-11 04:46:35.958 1514 1614 I SystemServerTimingAsync: ssm.onUnlockingUser-0_com.android.server.BluetoothService
11-11 04:46:35.958 1514 1614 D BluetoothManagerService: User 0 unlocked
11-11 04:46:35.958 1514 1614 I SystemServerTimingAsync: ssm.onUnlockingUser-0_com.android.server.connectivity.IpConnectivityMetrics
11-11 04:46:35.958 1514 1594 D BluetoothManagerService: MESSAGE_USER_UNLOCKED
11-11 04:46:35.958 1514 1614 I SystemServerTimingAsync: ssm.onUnlockingUser-0_com.android.server.net.watchlist.NetworkWatchlistService$Lifecycle
11-11 04:46:35.958 1514 1614 I SystemServerTimingAsync: ssm.onUnlockingUser-0_com.android.server.PinnerService
11-11 04:46:35.958 1514 1614 I SystemServerTimingAsync: ssm.onUnlockingUser-0_com.google.android.startop.iorap.IorapForwardingService
11-11 04:46:35.958 1514 1614 I SystemServerTimingAsync: ssm.onUnlockingUser-0_com.android.server.ActivityTriggerService
11-11 04:46:35.958 1514 1614 I SystemServerTimingAsync: ssm.onUnlockingUser-0_com.android.server.integrity.AppIntegrityManagerService
11-11 04:46:35.959 1514 1614 I SystemServerTimingAsync: ssm.onUnlockingUser-0_com.android.server.inputmethod.InputMethodManagerService$Lifecycle
11-11 04:46:35.959 1514 1614 I SystemServerTimingAsync: ssm.onUnlockingUser-0_com.android.server.accessibility.AccessibilityManagerService$Lifecycle
11-11 04:46:35.959 1514 1614 I SystemServerTimingAsync: ssm.onUnlockingUser-0_com.android.server.StorageManagerService$Lifecycle
11-11 04:46:35.959 1514 1614 D StorageManagerService: onUnlockUser 0
11-11 04:46:35.959 1514 1614 I StorageSessionController: On user unlock 0
11-11 04:46:35.959 1514 1614 I StorageSessionController: Initialialising...
11-11 04:46:35.978 517 517 I vold : onUserStarted: 0
11-11 04:46:35.979 1514 2072 V StorageManagerService: Found primary storage at VolumeInfo{emulated;0}:
11-11 04:46:35.979 1514 2072 V StorageManagerService: type=EMULATED diskId=null partGuid= mountFlags=0 mountUserId=0
11-11 04:46:35.979 1514 2072 V StorageManagerService: state=UNMOUNTED
11-11 04:46:35.979 1514 2072 V StorageManagerService: fsType=null fsUuid=null fsLabel=null
11-11 04:46:35.979 1514 2072 V StorageManagerService: path=null internalPath=null
11-11 04:46:35.986 1514 1799 I StorageManagerService: Mounting volume VolumeInfo{emulated;0}:
11-11 04:46:35.986 1514 1799 I StorageManagerService: type=EMULATED diskId=null partGuid= mountFlags=PRIMARY|VISIBLE
11-11 04:46:35.986 1514 1799 I StorageManagerService: mountUserId=0 state=UNMOUNTED
11-11 04:46:35.986 1514 1799 I StorageManagerService: fsType=null fsUuid=null fsLabel=null
11-11 04:46:35.986 1514 1799 I StorageManagerService: path=null internalPath=null
11-11 04:46:35.986 517 517 I vold : Executing sdcardfs
11-11 04:46:35.987 517 517 D vold : Waiting for sdcardfs to spin up...
11-11 04:46:36.003 1156 1156 I iorapd : iorapd (the prefetchening) readied up
11-11 04:46:36.005 2720 2720 W sdcard : Device explicitly enabled sdcardfs
11-11 04:46:36.026 1514 1614 W SystemServiceManager: Service com.android.server.StorageManagerService$Lifecycle took 67 ms in onUnlockingUser-0
11-11 04:46:36.026 1514 1614 I SystemServerTimingAsync: ssm.onUnlockingUser-0_com.android.server.usage.StorageStatsService$Lifecycle
11-11 04:46:36.027 1514 1614 I SystemServerTimingAsync: ssm.onUnlockingUser-0_com.android.server.UiModeManagerService
11-11 04:46:36.027 1514 1614 I SystemServerTimingAsync: ssm.onUnlockingUser-0_com.android.server.locksettings.LockSettingsService$Lifecycle
11-11 04:46:36.027 1514 1614 I SystemServerTimingAsync: ssm.onUnlockingUser-0_com.android.server.PersistentDataBlockService
11-11 04:46:36.027 1514 1614 I SystemServerTimingAsync: ssm.onUnlockingUser-0_com.android.server.testharness.TestHarnessModeService
11-11 04:46:36.027 1514 1614 I SystemServerTimingAsync: ssm.onUnlockingUser-0_com.android.server.oemlock.OemLockService
11-11 04:46:36.027 1514 1614 I SystemServerTimingAsync: ssm.onUnlockingUser-0_com.android.server.DeviceIdleController
11-11 04:46:36.027 1514 1614 I SystemServerTimingAsync: ssm.onUnlockingUser-0_com.android.server.devicepolicy.DevicePolicyManagerService$Lifecycle
11-11 04:46:36.027 1514 1614 I SystemServerTimingAsync: ssm.onUnlockingUser-0_com.android.server.texttospeech.TextToSpeechManagerService
11-11 04:46:36.027 1514 1614 I SystemServerTimingAsync: ssm.onUnlockingUser-0_com.android.server.speech.SpeechRecognitionManagerService
11-11 04:46:36.027 1514 1614 I SystemServerTimingAsync: ssm.onUnlockingUser-0_com.android.server.searchui.SearchUiManagerService
11-11 04:46:36.027 1514 1614 I SystemServerTimingAsync: ssm.onUnlockingUser-0_com.android.server.smartspace.SmartspaceManagerService
11-11 04:46:36.027 1514 1614 I SystemServerTimingAsync: ssm.onUnlockingUser-0_com.android.server.graphics.fonts.FontManagerService$Lifecycle
11-11 04:46:36.027 1514 1614 I SystemServerTimingAsync: ssm.onUnlockingUser-0_com.android.server.textservices.TextServicesManagerService$Lifecycle
11-11 04:46:36.034 1514 1614 I SystemServerTimingAsync: ssm.onUnlockingUser-0_com.android.server.textclassifier.TextClassificationManagerService$Lifecycle
11-11 04:46:36.035 1514 1614 I SystemServerTimingAsync: ssm.onUnlockingUser-0_com.android.server.NetworkScoreService$Lifecycle
11-11 04:46:36.035 1514 1614 I SystemServerTimingAsync: ssm.onUnlockingUser-0_com.android.server.wifi.WifiService
11-11 04:46:36.035 1514 1614 I SystemServerTimingAsync: ssm.onUnlockingUser-0_com.android.server.wifi.scanner.WifiScanningService
11-11 04:46:36.035 1514 1614 I SystemServerTimingAsync: ssm.onUnlockingUser-0_com.android.server.wifi.rtt.RttService
11-11 04:46:36.035 1514 1614 I SystemServerTimingAsync: ssm.onUnlockingUser-0_com.android.server.wifi.aware.WifiAwareService
11-11 04:46:36.035 1514 1614 I SystemServerTimingAsync: ssm.onUnlockingUser-0_com.android.server.wifi.p2p.WifiP2pService
11-11 04:46:36.035 1514 1614 I SystemServerTimingAsync: ssm.onUnlockingUser-0_com.android.server.ethernet.EthernetService
11-11 04:46:36.035 1514 1614 I SystemServerTimingAsync: ssm.onUnlockingUser-0_com.android.server.ConnectivityServiceInitializer
11-11 04:46:36.035 1514 1614 I SystemServerTimingAsync: ssm.onUnlockingUser-0_com.android.server.notification.NotificationManagerService
11-11 04:46:36.035 1514 1614 I SystemServerTimingAsync: ssm.onUnlockingUser-0_com.android.server.storage.DeviceStorageMonitorService
11-11 04:46:36.035 1514 1614 I SystemServerTimingAsync: ssm.onUnlockingUser-0_com.android.server.location.LocationManagerService$Lifecycle
11-11 04:46:36.035 1514 1614 I SystemServerTimingAsync: ssm.onUnlockingUser-0_com.android.server.timedetector.TimeDetectorService$Lifecycle
11-11 04:46:36.035 1514 1614 I SystemServerTimingAsync: ssm.onUnlockingUser-0_com.android.server.timezonedetector.TimeZoneDetectorService$Lifecycle
11-11 04:46:36.035 1514 1614 I SystemServerTimingAsync: ssm.onUnlockingUser-0_com.android.server.timezonedetector.location.LocationTimeZoneManagerService$Lifecycle
11-11 04:46:36.035 1514 1614 I SystemServerTimingAsync: ssm.onUnlockingUser-0_com.android.server.search.SearchManagerService$Lifecycle
11-11 04:46:36.035 1514 1614 I SystemServerTimingAsync: ssm.onUnlockingUser-0_com.android.server.wallpaper.WallpaperManagerService$Lifecycle
11-11 04:46:36.035 1514 1614 I WallpaperManagerService: on-unlock-user-0
11-11 04:46:36.035 1514 1614 I SystemServerTimingAsync: ssm.onUnlockingUser-0_com.android.server.audio.AudioService$Lifecycle
11-11 04:46:36.035 1514 1614 I SystemServerTimingAsync: ssm.onUnlockingUser-0_com.android.server.soundtrigger_middleware.SoundTriggerMiddlewareService$Lifecycle
11-11 04:46:36.035 1514 1614 I SystemServerTimingAsync: ssm.onUnlockingUser-0_com.android.server.DockObserver
11-11 04:46:36.035 1514 1614 I SystemServerTimingAsync: ssm.onUnlockingUser-0_com.android.server.midi.MidiService$Lifecycle
