11-11 05:25:45.409 1514 1514 I notification_enqueue: [10082,1998,com.android.systemui,2048,NULL,0,Notification(channel=updateNotification shortcut=null contentView=null vibrate=null sound=null defaults=0x0 flags=0x0 color=0x00000000 vis=PRIVATE),1]
11-11 05:25:45.419 1998 1998 I sysui_multi_action: [757,111,758,1]
11-11 05:25:45.419 1998 1998 I sysui_multi_action: [757,126,758,1,759,126,927,0,928,1,1593,0]
11-11 05:25:45.420 1998 1998 I sysui_multi_action: [757,113,758,1,759,113,927,1,928,1,1593,0]
11-11 05:25:45.420 1998 1998 I sysui_multi_action: [757,0,758,1,759,0,927,2,928,0,1593,0]
11-11 05:25:45.420 1998 1998 I sysui_multi_action: [757,0,758,1,759,0,927,3,928,0,1593,0]
11-11 05:25:45.420 1998 1998 I sysui_multi_action: [757,491,758,1,759,491,927,4,928,0,1311,-1,1593,0]
11-11 05:25:45.421 1998 1998 I sysui_multi_action: [757,0,758,1,759,0,927,5,928,0,1593,0]
11-11 05:25:45.421 1998 1998 I sysui_multi_action: [757,111,758,1]
11-11 05:25:45.421 1998 1998 I sysui_multi_action: [757,126,758,1,759,126,927,0,928,1,1593,0]
11-11 05:25:45.421 1998 1998 I sysui_multi_action: [757,113,758,1,759,113,927,1,928,1,1593,0]
11-11 05:25:45.421 1998 1998 I sysui_multi_action: [757,0,758,1,759,0,927,2,928,0,1593,0]
11-11 05:25:45.422 1998 1998 I sysui_multi_action: [757,0,758,1,759,0,927,3,928,0,1593,0]
11-11 05:25:45.456 3685 3703 W ContextImpl: Calling a method in the system process without a qualified user: android.app.ContextImpl.startService:1816 android.content.ContextWrapper.startService:774 com.thundercomm.gamemode.ingame.services.GameModeActionUtils.startGameModeService:93 com.thundercomm.gamemode.ingame.services.GameModeActionUtils.startGameModeEntry:21 com.thundercomm.gamemode.ingame.services.ActivityMonitoringService$1.onActivityLaunch:126
11-11 05:25:45.462 1514 1592 I sysui_multi_action: [319,58,321,55,322,142,325,2360,757,761,758,8,759,1,806,com.android.gallery3d,871,com.android.gallery3d.app.GalleryActivity,904,com.android.launcher3,905,0,1320,4,1321,1]
11-11 05:25:45.464 1514 1592 I wm_activity_launch_time: [0,50584242,com.android.gallery3d/.app.GalleryActivity,142]
11-11 05:25:45.466 1514 1514 I GameModeConfig: Current uri is uri = content://com.thundercomm.gamemode.api/gamemode_settings/gamemode_isgaming
11-11 05:25:45.472 1514 1514 I GameModeConfig: isGameModeOn = false
11-11 05:25:45.472 1514 1514 I GameModeConfig: isGameModeOn = false
11-11 05:25:45.472 1514 1514 I GameModeConfig: isDisableVoice = true
11-11 05:25:45.475 1514 1770 I input_focus: [Focus entering f19f9f3 com.android.gallery3d/com.android.gallery3d.app.GalleryActivity (server),reason=Window became focusable. Previous reason: NOT_VISIBLE]
11-11 05:25:45.613 1514 1514 I GameModeConfig: isGameModeOn = false
11-11 05:25:45.615 1514 1514 I sysui_multi_action: [757,1501,758,1,793,2339735,794,0,795,211,796,2048,806,com.android.systemui,857,updateNotification,858,3,947,0,1500,0,1688,1]
11-11 05:25:45.615 1514 1514 I sysui_multi_action: [757,804,799,note_interruptive,801,0,802,1]
11-11 05:25:45.616 1514 1514 I sysui_multi_action: [757,199,758,1,759,2,793,2339735,794,0,795,211,796,2048,806,com.android.systemui,857,updateNotification,858,3,947,0,1500,0,1688,1]
11-11 05:25:45.616 1514 1514 I notification_alert: [0|com.android.systemui|2048|null|10082,0,1,0]
11-11 05:25:45.618 1514 1514 W NotificationHistory: Attempted to add notif for locked/gone/disabled user 0
11-11 05:25:45.941 1514 1595 I wm_stop_activity: [0,157690489,com.android.launcher3/.uioverrides.QuickstepLauncher]
11-11 05:25:45.974 2503 2503 I wm_on_stop_called: [157690489,com.android.launcher3.uioverrides.QuickstepLauncher,STOP_ACTIVITY_ITEM]
11-11 05:25:45.984 3685 3703 W ContextImpl: Calling a method in the system process without a qualified user: android.app.ContextImpl.startService:1816 android.content.ContextWrapper.startService:774 com.thundercomm.gamemode.ingame.services.GameModeActionUtils.startGameModeService:93 com.thundercomm.gamemode.ingame.services.GameModeActionUtils.startGameModeEntry:21 com.thundercomm.gamemode.ingame.services.ActivityMonitoringService$1.onActivityLaunch:126
11-11 05:25:45.990 1514 1514 I GameModeConfig: Current uri is uri = content://com.thundercomm.gamemode.api/gamemode_settings/gamemode_isgaming
11-11 05:25:45.992 1514 1514 I GameModeConfig: isGameModeOn = false
11-11 05:25:45.996 1514 1514 I GameModeConfig: isGameModeOn = false
11-11 05:25:45.996 1514 1514 I GameModeConfig: isDisableVoice = true
11-11 05:25:47.056 1514 1770 I input_interaction: Interaction with: f19f9f3 com.android.gallery3d/com.android.gallery3d.app.GalleryActivity (server), edge-swipe (server), swipe-up (server), PointerEventDispatcher0 (server),
11-11 05:25:47.093 1514 2991 I wm_task_moved: [39,0,0]
11-11 05:25:47.094 1514 2991 I wm_task_moved: [39,0,5]
11-11 05:25:47.108 2503 2503 I wm_on_restart_called: [157690489,com.android.launcher3.uioverrides.QuickstepLauncher,performRestartActivity]
11-11 05:25:47.122 3685 3703 W ContextImpl: Calling a method in the system process without a qualified user: android.app.ContextImpl.startService:1816 android.content.ContextWrapper.startService:774 com.thundercomm.gamemode.ingame.services.GameModeActionUtils.startGameModeService:93 com.thundercomm.gamemode.ingame.services.GameModeActionUtils.startGameModeEntry:21 com.thundercomm.gamemode.ingame.services.ActivityMonitoringService$1.onActivityLaunch:126
11-11 05:25:47.123 2503 2503 I wm_on_start_called: [157690489,com.android.launcher3.uioverrides.QuickstepLauncher,handleStartActivity]
11-11 05:25:47.129 1514 1514 I GameModeConfig: Current uri is uri = content://com.thundercomm.gamemode.api/gamemode_settings/gamemode_isgaming
11-11 05:25:47.131 1514 1514 I GameModeConfig: isGameModeOn = false
11-11 05:25:47.132 1514 1514 I GameModeConfig: isGameModeOn = false
11-11 05:25:47.132 1514 1514 I GameModeConfig: isDisableVoice = true
11-11 05:25:47.162 1514 1592 I sysui_multi_action: [319,16,322,56,325,2362,757,761,758,9,759,5,806,com.android.launcher3,871,com.android.launcher3.uioverrides.QuickstepLauncher,904,com.android.launcher3,905,0,1320,8,1321,5]
11-11 05:25:47.171 10670 10670 I view_enqueue_input_event: [Motion - Cancel,com.android.gallery3d/com.android.gallery3d.app.GalleryActivity]
11-11 05:25:47.173 2503 2503 I sysui_latency: [1,88]
11-11 05:25:47.178 1514 1596 I input_focus: [Focus request recents_animation_input_consumer,reason=UpdateInputWindows]
11-11 05:25:47.185 1514 1770 I input_interaction: Interaction with: edge-swipe (server), swipe-up (server), PointerEventDispatcher0 (server),
11-11 05:25:47.212 1514 1770 I input_focus: [Focus leaving f19f9f3 com.android.gallery3d/com.android.gallery3d.app.GalleryActivity (server),reason=NOT_FOCUSABLE]
11-11 05:25:47.212 1514 1770 I input_focus: [Focus entering recents_animation_input_consumer (server),reason=setFocusedWindow]
11-11 05:25:47.330 1514 1715 I commit_sys_config_file: [settings-1-0,7]
11-11 05:25:47.452 1514 1612 I sysui_latency: [8,76]
11-11 05:25:48.036 1514 1715 I commit_sys_config_file: [settings-1-0,5]
11-11 05:25:48.399 0 0 I auditd : type=1400 audit(0.0:2892): avc: denied { kill } for comm="swapper/2" capability=5 scontext=u:r:kernel:s0 tcontext=u:r:kernel:s0 tclass=capability permissive=0
11-11 05:25:48.850 1514 2742 E TaskPersister: File error accessing recents directory (directory doesn't exist?).
11-11 05:25:48.925 1514 1770 I input_interaction: Interaction with: eea03e8 com.android.launcher3/com.android.launcher3.uioverrides.QuickstepLauncher (server), edge-swipe (server), swipe-up (server), PointerEventDispatcher0 (server),
11-11 05:25:49.042 1514 2991 I ActivityTaskManager: START u0 {flg=0x10008000 cmp=com.android.gallery3d/.app.GalleryActivity} from uid 10079
11-11 05:25:49.100 1514 2991 D FreeFormWindowHelper: Add freeform task=Task{1afdc98 #85 type=standard A=10068:com.android.gallery3d U=0 visible=true mode=freeform translucent=false sz=1}
11-11 05:25:49.103 1514 2991 I wm_finish_activity: [0,50584242,85,com.android.gallery3d/.app.GalleryActivity,clear-task-all]
11-11 05:25:49.109 1514 2991 I wm_pause_activity: [0,50584242,com.android.gallery3d/.app.GalleryActivity,userLeaving=false,finish]
11-11 05:25:49.113 1514 2991 I wm_task_moved: [85,1,6]
11-11 05:25:49.114 1514 2991 I wm_create_activity: [0,182356588,85,com.android.gallery3d/.app.GalleryActivity,NULL,NULL,NULL,268468224]
11-11 05:25:49.118 10670 10670 I wm_on_top_resumed_lost_called: [50584242,com.android.gallery3d.app.GalleryActivity,topStateChangedWhenResumed]
11-11 05:25:49.138 10670 10670 I wm_on_paused_called: [50584242,com.android.gallery3d.app.GalleryActivity,performPause]
11-11 05:25:49.139 1514 9595 I wm_add_to_stopping: [0,50584242,com.android.gallery3d/.app.GalleryActivity,completeFinishing]
11-11 05:25:49.139 1514 9595 I ActivityTaskManager: The Process com.android.gallery3d Already Exists in BG. So sending its PID: 10670
11-11 05:25:49.140 1514 9595 W ActivityTaskManager: Tried to set launchTime (0) < mLastActivityLaunchTime (2360760)
11-11 05:25:49.142 1514 9595 I wm_restart_activity: [0,182356588,85,com.android.gallery3d/.app.GalleryActivity]
11-11 05:25:49.143 1514 9595 I wm_set_resumed_activity: [0,com.android.gallery3d/.app.GalleryActivity,minimalResumeActivityLocked]
11-11 05:25:49.146 1514 1595 I sysui_multi_action: [757,803,799,window_time_0,802,4]
11-11 05:25:49.165 10670 10670 I wm_on_create_called: [182356588,com.android.gallery3d.app.GalleryActivity,performCreate]
11-11 05:25:49.166 10670 10670 I wm_on_start_called: [182356588,com.android.gallery3d.app.GalleryActivity,handleStartActivity]
11-11 05:25:49.168 10670 10670 I wm_on_resume_called: [182356588,com.android.gallery3d.app.GalleryActivity,RESUME_ACTIVITY]
11-11 05:25:49.171 10670 10670 I wm_on_top_resumed_gained_called: [182356588,com.android.gallery3d.app.GalleryActivity,topStateChangedWhenResumed]
11-11 05:25:49.205 1514 1592 I wm_activity_launch_time: [0,182356588,com.android.gallery3d/.app.GalleryActivity,162]
11-11 05:25:49.248 3685 3703 W ContextImpl: Calling a method in the system process without a qualified user: android.app.ContextImpl.startService:1816 android.content.ContextWrapper.startService:774 com.thundercomm.gamemode.ingame.services.GameModeActionUtils.startGameModeService:93 com.thundercomm.gamemode.ingame.services.GameModeActionUtils.startGameModeEntry:21 com.thundercomm.gamemode.ingame.services.ActivityMonitoringService$1.onActivityLaunch:126
11-11 05:25:49.255 1514 1514 I GameModeConfig: Current uri is uri = content://com.thundercomm.gamemode.api/gamemode_settings/gamemode_isgaming
11-11 05:25:49.258 1514 1514 I GameModeConfig: isGameModeOn = false
11-11 05:25:49.258 1514 1514 I GameModeConfig: isGameModeOn = false
11-11 05:25:49.258 1514 1514 I GameModeConfig: isDisableVoice = true
11-11 05:25:49.399 0 0 I auditd : type=1400 audit(0.0:2893): avc: denied { kill } for comm="swapper/2" capability=5 scontext=u:r:kernel:s0 tcontext=u:r:kernel:s0 tclass=capability permissive=0
11-11 05:25:49.539 1514 10321 I wm_task_moved: [39,1,6]
11-11 05:25:49.540 1514 10321 I wm_task_moved: [40,1,2147483647]
11-11 05:25:49.540 1514 10321 I wm_task_to_front: [0,40]
11-11 05:25:49.540 1514 10321 I wm_focused_root_task: [0,0,39,85,RecentsAnimation.onAnimationFinished()]
11-11 05:25:49.540 1514 10321 I wm_set_resumed_activity: [0,com.android.launcher3/.uioverrides.QuickstepLauncher,RecentsAnimation.onAnimationFinished()]
11-11 05:25:49.540 10670 10670 I wm_on_top_resumed_lost_called: [182356588,com.android.gallery3d.app.GalleryActivity,topStateChangedWhenResumed]
11-11 05:25:49.541 1514 10321 I ActivityTaskManager: FOREGROUND_APPLICATION_CHANGED to com.android.launcher3.uioverrides.QuickstepLauncher
11-11 05:25:49.541 1514 10321 I wm_set_resumed_activity: [0,com.android.launcher3/.uioverrides.QuickstepLauncher,resumeTopActivityInnerLocked]
11-11 05:25:49.543 1514 10321 I wm_resume_activity: [0,157690489,40,com.android.launcher3/.uioverrides.QuickstepLauncher]
11-11 05:25:49.549 1514 1596 I input_focus: [Focus request eea03e8 com.android.launcher3/com.android.launcher3.uioverrides.QuickstepLauncher,reason=UpdateInputWindows]
11-11 05:25:49.558 2503 2503 I wm_on_resume_called: [157690489,com.android.launcher3.uioverrides.QuickstepLauncher,RESUME_ACTIVITY]
11-11 05:25:49.558 1514 1595 I sysui_multi_action: [757,803,799,window_time_2,802,0]
11-11 05:25:49.558 2503 2503 I wm_on_top_resumed_gained_called: [157690489,com.android.launcher3.uioverrides.QuickstepLauncher,topStateChangedWhenResumed]
11-11 05:25:49.560 1514 1595 I wm_destroy_activity: [0,50584242,85,com.android.gallery3d/.app.GalleryActivity,finish-imm:transit]
11-11 05:25:49.571 1514 1770 I input_focus: [Focus leaving recents_animation_input_consumer (server),reason=NOT_VISIBLE]
11-11 05:25:49.571 1514 1770 I input_focus: [Focus entering eea03e8 com.android.launcher3/com.android.launcher3.uioverrides.QuickstepLauncher (server),reason=setFocusedWindow]
11-11 05:25:49.592 10670 10670 I wm_on_stop_called: [50584242,com.android.gallery3d.app.GalleryActivity,LIFECYCLER_STOP_ACTIVITY]
11-11 05:25:49.595 10670 10670 I wm_on_destroy_called: [50584242,com.android.gallery3d.app.GalleryActivity,performDestroy]
11-11 05:25:49.661 3685 3703 W ContextImpl: Calling a method in the system process without a qualified user: android.app.ContextImpl.startService:1816 android.content.ContextWrapper.startService:774 com.thundercomm.gamemode.ingame.services.GameModeActionUtils.startGameModeService:93 com.thundercomm.gamemode.ingame.services.GameModeActionUtils.startGameModeEntry:21 com.thundercomm.gamemode.ingame.services.ActivityMonitoringService$1.onActivityLaunch:126
11-11 05:25:49.666 1514 1514 I GameModeConfig: Current uri is uri = content://com.thundercomm.gamemode.api/gamemode_settings/gamemode_isgaming
11-11 05:25:49.667 1514 1514 I GameModeConfig: isGameModeOn = false
11-11 05:25:49.668 1514 1514 I GameModeConfig: isGameModeOn = false
11-11 05:25:49.668 1514 1514 I GameModeConfig: isDisableVoice = true
11-11 05:25:50.399 0 0 I auditd : type=1400 audit(0.0:2894): avc: denied { kill } for comm="swapper/2" capability=5 scontext=u:r:kernel:s0 tcontext=u:r:kernel:s0 tclass=capability permissive=0
11-11 05:25:50.837 1514 1770 I input_interaction: Interaction with: d8bf2b1 com.android.gallery3d/com.android.gallery3d.app.GalleryActivity (server), edge-swipe (server), swipe-up (server), PointerEventDispatcher0 (server),
11-11 05:25:50.840 1514 1595 I wm_task_moved: [85,1,6]
11-11 05:25:50.840 1514 1595 I wm_task_to_front: [0,85]
11-11 05:25:50.841 1514 1514 I service_manager_stats: [100,105,51432]
11-11 05:25:50.843 1514 1595 I wm_set_resumed_activity: [0,com.android.gallery3d/.app.GalleryActivity,positionChildAt]
11-11 05:25:50.844 1514 1595 I wm_focused_root_task: [0,0,85,39,setFocusedTask]
11-11 05:25:50.844 1514 1595 I wm_set_resumed_activity: [0,com.android.gallery3d/.app.GalleryActivity,setFocusedTask]
11-11 05:25:50.844 2503 2503 I wm_on_top_resumed_lost_called: [157690489,com.android.launcher3.uioverrides.QuickstepLauncher,topStateChangedWhenResumed]
11-11 05:25:50.844 1514 1595 I ActivityTaskManager: FOREGROUND_APPLICATION_CHANGED to com.android.gallery3d.app.GalleryActivity
11-11 05:25:50.844 1514 1596 I input_focus: [Focus request d8bf2b1 com.android.gallery3d/com.android.gallery3d.app.GalleryActivity,reason=UpdateInputWindows]
11-11 05:25:50.846 10670 10670 I wm_on_top_resumed_gained_called: [182356588,com.android.gallery3d.app.GalleryActivity,topStateChangedWhenResumed]
11-11 05:25:50.872 1514 1770 I input_focus: [Focus leaving eea03e8 com.android.launcher3/com.android.launcher3.uioverrides.QuickstepLauncher (server),reason=setFocusedWindow]
11-11 05:25:50.872 1514 1770 I input_focus: [Focus entering d8bf2b1 com.android.gallery3d/com.android.gallery3d.app.GalleryActivity (server),reason=setFocusedWindow]
11-11 05:25:50.939 1514 6421 I wm_finish_activity: [0,182356588,85,com.android.gallery3d/.app.GalleryActivity,finish-activity]
11-11 05:25:50.940 1514 6421 I wm_task_moved: [39,1,6]
11-11 05:25:50.943 1514 6421 I wm_set_resumed_activity: [0,com.android.launcher3/.uioverrides.QuickstepLauncher,positionChildAt]
11-11 05:25:50.943 1514 6421 I wm_task_moved: [40,1,2147483647]
11-11 05:25:50.943 1514 6421 I wm_task_to_front: [0,40]
11-11 05:25:50.944 1514 6421 I wm_focused_root_task: [0,0,39,-1,finish-top adjustFocusToNextFocusableTask]
11-11 05:25:50.944 1514 6421 I wm_set_resumed_activity: [0,com.android.launcher3/.uioverrides.QuickstepLauncher,finish-top]
11-11 05:25:50.954 1514 6421 I wm_pause_activity: [0,182356588,com.android.gallery3d/.app.GalleryActivity,userLeaving=false,finish]
11-11 05:25:50.958 10670 10670 I wm_on_top_resumed_lost_called: [182356588,com.android.gallery3d.app.GalleryActivity,topStateChangedWhenResumed]
11-11 05:25:50.959 1514 1596 I input_focus: [Focus request eea03e8 com.android.launcher3/com.android.launcher3.uioverrides.QuickstepLauncher,reason=UpdateInputWindows]
11-11 05:25:50.963 1514 1595 I sysui_multi_action: [757,803,799,window_time_0,802,2]
11-11 05:25:50.964 2503 2503 I wm_on_top_resumed_gained_called: [157690489,com.android.launcher3.uioverrides.QuickstepLauncher,topStateChangedWhenResumed]
11-11 05:25:50.977 10670 10670 I wm_on_paused_called: [182356588,com.android.gallery3d.app.GalleryActivity,performPause]
11-11 05:25:50.979 1514 6421 I ActivityTaskManager: FOREGROUND_APPLICATION_CHANGED to com.android.launcher3.uioverrides.QuickstepLauncher
11-11 05:25:50.979 1514 6421 I wm_destroy_activity: [0,182356588,85,com.android.gallery3d/.app.GalleryActivity,finish-imm:completePausedLocked]
11-11 05:25:50.991 1514 1770 I input_focus: [Focus leaving d8bf2b1 com.android.gallery3d/com.android.gallery3d.app.GalleryActivity (server),reason=NO_WINDOW]
11-11 05:25:50.991 1514 1770 I input_focus: [Focus entering eea03e8 com.android.launcher3/com.android.launcher3.uioverrides.QuickstepLauncher (server),reason=setFocusedWindow]
11-11 05:25:50.995 10670 10670 I wm_on_stop_called: [182356588,com.android.gallery3d.app.GalleryActivity,LIFECYCLER_STOP_ACTIVITY]
11-11 05:25:50.996 1514 1595 I sysui_multi_action: [757,803,799,window_time_0,802,0]
11-11 05:25:50.998 1514 2742 E TaskPersister: File error accessing recents directory (directory doesn't exist?).
11-11 05:25:51.000 3685 3703 W ContextImpl: Calling a method in the system process without a qualified user: android.app.ContextImpl.startService:1816 android.content.ContextWrapper.startService:774 com.thundercomm.gamemode.ingame.services.GameModeActionUtils.startGameModeService:93 com.thundercomm.gamemode.ingame.services.GameModeActionUtils.startGameModeEntry:21 com.thundercomm.gamemode.ingame.services.ActivityMonitoringService$1.onActivityLaunch:126
11-11 05:25:51.000 10670 10670 I wm_on_destroy_called: [182356588,com.android.gallery3d.app.GalleryActivity,performDestroy]
11-11 05:25:51.022 1514 1514 I GameModeConfig: Current uri is uri = content://com.thundercomm.gamemode.api/gamemode_settings/gamemode_isgaming
11-11 05:25:51.024 1514 1514 I GameModeConfig: isGameModeOn = false
11-11 05:25:51.025 1514 1514 I GameModeConfig: isGameModeOn = false
11-11 05:25:51.025 1514 1514 I GameModeConfig: isDisableVoice = true
11-11 05:25:51.092 3685 3703 W ContextImpl: Calling a method in the system process without a qualified user: android.app.ContextImpl.startService:1816 android.content.ContextWrapper.startService:774 com.thundercomm.gamemode.ingame.services.GameModeActionUtils.startGameModeService:93 com.thundercomm.gamemode.ingame.services.GameModeActionUtils.startGameModeEntry:21 com.thundercomm.gamemode.ingame.services.ActivityMonitoringService$1.onActivityLaunch:126
11-11 05:25:51.097 1514 1514 I GameModeConfig: Current uri is uri = content://com.thundercomm.gamemode.api/gamemode_settings/gamemode_isgaming
11-11 05:25:51.099 1514 1514 I GameModeConfig: isGameModeOn = false
11-11 05:25:51.099 1514 1514 I GameModeConfig: isGameModeOn = false
11-11 05:25:51.099 1514 1514 I GameModeConfig: isDisableVoice = true
11-11 05:25:51.290 1514 1596 I wm_task_removed: [85,removeChild:removeChild last r=ActivityRecord{ade8a6c u0 com.android.gallery3d/.app.GalleryActivity t-1 f}} in t=Task{1afdc98 #85 type=standard A=10068:com.android.gallery3d U=0 visible=false mode=freeform translucent=true sz=0}]
11-11 05:25:51.290 1514 1596 I wm_task_removed: [85,removeChild]
11-11 05:25:51.290 1514 1596 D FreeFormWindowHelper: Remove freefrom task=Task{1afdc98 #85 type=standard A=10068:com.android.gallery3d U=0 visible=false mode=freeform translucent=true sz=0}
11-11 05:25:51.348 1514 1770 I input_interaction: Interaction with: eea03e8 com.android.launcher3/com.android.launcher3.uioverrides.QuickstepLauncher (server), 8068647 com.android.systemui.ImageWallpaper (server), edge-swipe (server), swipe-up (server), PointerEventDispatcher0 (server),
11-11 05:25:51.399 0 0 I auditd : type=1400 audit(0.0:2895): avc: denied { kill } for comm="swapper/2" capability=5 scontext=u:r:kernel:s0 tcontext=u:r:kernel:s0 tclass=capability permissive=0
11-11 05:25:52.399 0 0 I auditd : type=1400 audit(0.0:2896): avc: denied { kill } for comm="swapper/2" capability=5 scontext=u:r:kernel:s0 tcontext=u:r:kernel:s0 tclass=capability permissive=0
11-11 05:25:54.047 1514 10321 I ActivityTaskManager: START u0 {flg=0x10008000 cmp=com.android.gallery3d/.app.GalleryActivity} from uid 10079
11-11 05:25:54.052 1514 10321 I wm_task_created: [86,-1]
11-11 05:25:54.052 1514 10321 W ActivityTaskManager: Can't find TaskDisplayArea to determine support for multi window. Task id=86 attached=false
11-11 05:25:54.057 1514 10321 D FreeFormWindowHelper: Add freeform task=Task{d9d07a6 #86 type=standard ?? U=0 visible=false mode=freeform translucent=true sz=0}
11-11 05:25:54.067 1514 10321 I wm_task_moved: [86,1,6]
11-11 05:25:54.067 1514 10321 I wm_task_to_front: [0,86]
11-11 05:25:54.068 1514 10321 I wm_create_task: [0,86]
11-11 05:25:54.068 1514 10321 I wm_create_activity: [0,76875239,86,com.android.gallery3d/.app.GalleryActivity,NULL,NULL,NULL,268468224]
11-11 05:25:54.068 1514 10321 I wm_task_moved: [86,1,6]
11-11 05:25:54.069 1514 10321 I ActivityTaskManager: FOREGROUND_APPLICATION_CHANGED to com.android.gallery3d.app.GalleryActivity
11-11 05:25:54.069 1514 10321 I ActivityTaskManager: The Process com.android.gallery3d Already Exists in BG. So sending its PID: 10670
11-11 05:25:54.071 1514 10321 W ActivityTaskManager: Tried to set launchTime (0) < mLastActivityLaunchTime (2364556)
11-11 05:25:54.073 1514 10321 I wm_restart_activity: [0,76875239,86,com.android.gallery3d/.app.GalleryActivity]
11-11 05:25:54.076 1514 10321 I wm_set_resumed_activity: [0,com.android.gallery3d/.app.GalleryActivity,minimalResumeActivityLocked]
11-11 05:25:54.083 2503 2503 I wm_on_top_resumed_lost_called: [157690489,com.android.launcher3.uioverrides.QuickstepLauncher,topStateChangedWhenResumed]
11-11 05:25:54.102 3685 3703 W ContextImpl: Calling a method in the system process without a qualified user: android.app.ContextImpl.startService:1816 android.content.ContextWrapper.startService:774 com.thundercomm.gamemode.ingame.services.GameModeActionUtils.startGameModeService:93 com.thundercomm.gamemode.ingame.services.GameModeActionUtils.startGameModeEntry:21 com.thundercomm.gamemode.ingame.services.ActivityMonitoringService$1.onActivityLaunch:126
11-11 05:25:54.105 10670 10670 I wm_on_create_called: [76875239,com.android.gallery3d.app.GalleryActivity,performCreate]
11-11 05:25:54.107 10670 10670 I wm_on_start_called: [76875239,com.android.gallery3d.app.GalleryActivity,handleStartActivity]
11-11 05:25:54.108 1514 1514 I GameModeConfig: Current uri is uri = content://com.thundercomm.gamemode.api/gamemode_settings/gamemode_isgaming
11-11 05:25:54.110 10670 10670 I wm_on_resume_called: [76875239,com.android.gallery3d.app.GalleryActivity,RESUME_ACTIVITY]
11-11 05:25:54.111 1514 1514 I GameModeConfig: isGameModeOn = false
11-11 05:25:54.111 1514 1514 I GameModeConfig: isGameModeOn = false
11-11 05:25:54.111 1514 1514 I GameModeConfig: isDisableVoice = true
11-11 05:25:54.112 10670 10670 I wm_on_top_resumed_gained_called: [76875239,com.android.gallery3d.app.GalleryActivity,topStateChangedWhenResumed]
11-11 05:25:54.133 1514 1596 I input_focus: [Focus request 3975b39 com.android.gallery3d/com.android.gallery3d.app.GalleryActivity,reason=UpdateInputWindows]
11-11 05:25:54.163 1514 1770 I input_focus: [Focus leaving eea03e8 com.android.launcher3/com.android.launcher3.uioverrides.QuickstepLauncher (server),reason=Waiting for window because NOT_VISIBLE]
11-11 05:25:54.168 1514 1592 I sysui_multi_action: [319,117,322,117,325,2369,757,761,758,8,759,2,806,com.android.gallery3d,871,com.android.gallery3d.app.GalleryActivity,904,com.android.launcher3,905,0,1320,4,1321,1]
11-11 05:25:54.171 1514 1592 I wm_activity_launch_time: [0,76875239,com.android.gallery3d/.app.GalleryActivity,117]
11-11 05:25:54.178 1514 1770 I input_focus: [Focus entering 3975b39 com.android.gallery3d/com.android.gallery3d.app.GalleryActivity (server),reason=Window became focusable. Previous reason: NOT_VISIBLE]
11-11 05:25:55.170 1514 1770 I input_interaction: Interaction with: 3975b39 com.android.gallery3d/com.android.gallery3d.app.GalleryActivity (server), edge-swipe (server), swipe-up (server), PointerEventDispatcher0 (server),
11-11 05:25:55.266 1514 2991 I wm_finish_activity: [0,76875239,86,com.android.gallery3d/.app.GalleryActivity,finish-activity]
11-11 05:25:55.267 1514 2991 I wm_task_moved: [39,1,6]
11-11 05:25:55.270 1514 2991 I wm_set_resumed_activity: [0,com.android.launcher3/.uioverrides.QuickstepLauncher,positionChildAt]
11-11 05:25:55.271 1514 2991 I wm_task_moved: [40,1,2147483647]
11-11 05:25:55.271 1514 2991 I wm_task_to_front: [0,40]
11-11 05:25:55.271 1514 2991 I wm_focused_root_task: [0,0,39,-1,finish-top adjustFocusToNextFocusableTask]
11-11 05:25:55.271 1514 2991 I wm_set_resumed_activity: [0,com.android.launcher3/.uioverrides.QuickstepLauncher,finish-top]
11-11 05:25:55.280 1514 2991 I wm_pause_activity: [0,76875239,com.android.gallery3d/.app.GalleryActivity,userLeaving=false,finish]
11-11 05:25:55.285 10670 10670 I wm_on_top_resumed_lost_called: [76875239,com.android.gallery3d.app.GalleryActivity,topStateChangedWhenResumed]
11-11 05:25:55.285 1514 1596 I input_focus: [Focus request eea03e8 com.android.launcher3/com.android.launcher3.uioverrides.QuickstepLauncher,reason=UpdateInputWindows]
11-11 05:25:55.287 2503 2503 I wm_on_top_resumed_gained_called: [157690489,com.android.launcher3.uioverrides.QuickstepLauncher,topStateChangedWhenResumed]
11-11 05:25:55.290 1514 1595 I sysui_multi_action: [757,803,799,window_time_0,802,4]
11-11 05:25:55.299 10670 10670 I wm_on_paused_called: [76875239,com.android.gallery3d.app.GalleryActivity,performPause]
11-11 05:25:55.300 1514 2742 E TaskPersister: File error accessing recents directory (directory doesn't exist?).
11-11 05:25:55.301 1514 2991 I ActivityTaskManager: FOREGROUND_APPLICATION_CHANGED to com.android.launcher3.uioverrides.QuickstepLauncher
11-11 05:25:55.301 1514 2991 I wm_destroy_activity: [0,76875239,86,com.android.gallery3d/.app.GalleryActivity,finish-imm:completePausedLocked]
11-11 05:25:55.313 1514 1595 I sysui_multi_action: [757,803,799,window_time_0,802,0]
11-11 05:25:55.316 10670 10670 I wm_on_stop_called: [76875239,com.android.gallery3d.app.GalleryActivity,LIFECYCLER_STOP_ACTIVITY]
11-11 05:25:55.323 10670 10670 I wm_on_destroy_called: [76875239,com.android.gallery3d.app.GalleryActivity,performDestroy]
11-11 05:25:55.323 3685 3703 W ContextImpl: Calling a method in the system process without a qualified user: android.app.ContextImpl.startService:1816 android.content.ContextWrapper.startService:774 com.thundercomm.gamemode.ingame.services.GameModeActionUtils.startGameModeService:93 com.thundercomm.gamemode.ingame.services.GameModeActionUtils.startGameModeEntry:21 com.thundercomm.gamemode.ingame.services.ActivityMonitoringService$1.onActivityLaunch:126
11-11 05:25:55.329 1514 1514 I GameModeConfig: Current uri is uri = content://com.thundercomm.gamemode.api/gamemode_settings/gamemode_isgaming
11-11 05:25:55.329 1514 1770 I input_focus: [Focus entering eea03e8 com.android.launcher3/com.android.launcher3.uioverrides.QuickstepLauncher (server),reason=setFocusedWindow]
11-11 05:25:55.331 1514 1514 I GameModeConfig: isGameModeOn = false
11-11 05:25:55.332 1514 1514 I GameModeConfig: isGameModeOn = false
11-11 05:25:55.332 1514 1514 I GameModeConfig: isDisableVoice = true
11-11 05:25:55.414 3685 3703 W ContextImpl: Calling a method in the system process without a qualified user: android.app.ContextImpl.startService:1816 android.content.ContextWrapper.startService:774 com.thundercomm.gamemode.ingame.services.GameModeActionUtils.startGameModeService:93 com.thundercomm.gamemode.ingame.services.GameModeActionUtils.startGameModeEntry:21 com.thundercomm.gamemode.ingame.services.ActivityMonitoringService$1.onActivityLaunch:126
11-11 05:25:55.421 1514 1514 I GameModeConfig: Current uri is uri = content://com.thundercomm.gamemode.api/gamemode_settings/gamemode_isgaming
11-11 05:25:55.426 1514 1514 I GameModeConfig: isGameModeOn = false
11-11 05:25:55.427 1514 1514 I GameModeConfig: isGameModeOn = false
11-11 05:25:55.427 1514 1514 I GameModeConfig: isDisableVoice = true
11-11 05:25:55.597 1514 1596 I wm_task_removed: [86,removeChild:removeChild last r=ActivityRecord{49505e7 u0 com.android.gallery3d/.app.GalleryActivity t-1 f}} in t=Task{d9d07a6 #86 type=standard A=10068:com.android.gallery3d U=0 visible=false mode=freeform translucent=true sz=0}]
11-11 05:25:55.597 1514 1596 I wm_task_removed: [86,removeChild]
11-11 05:25:55.597 1514 1596 D FreeFormWindowHelper: Remove freefrom task=Task{d9d07a6 #86 type=standard A=10068:com.android.gallery3d U=0 visible=false mode=freeform translucent=true sz=0}
11-11 05:25:55.662 1514 1901 I GameModeConfig: isGameModeOn = false
11-11 05:25:56.122 1514 1770 I input_interaction: Interaction with: eea03e8 com.android.launcher3/com.android.launcher3.uioverrides.QuickstepLauncher (server), 8068647 com.android.systemui.ImageWallpaper (server), edge-swipe (server), swipe-up (server), PointerEventDispatcher0 (server),
11-11 05:25:56.243 2503 2503 I view_enqueue_input_event: [Motion - Cancel,com.android.launcher3/com.android.launcher3.uioverrides.QuickstepLauncher]
11-11 05:25:56.244 1514 1770 I input_interaction: Interaction with: edge-swipe (server), swipe-up (server), PointerEventDispatcher0 (server),
11-11 05:25:56.405 1514 1715 I commit_sys_config_file: [settings-1-0,5]
11-11 05:25:56.399 0 0 I auditd : type=1400 audit(0.0:2897): avc: denied { kill } for comm="swapper/3" capability=5 scontext=u:r:kernel:s0 tcontext=u:r:kernel:s0 tclass=capability permissive=0
11-11 05:25:56.707 1514 1715 I commit_sys_config_file: [settings-1-0,4]
11-11 05:25:57.354 1514 1770 I input_interaction: Interaction with: eea03e8 com.android.launcher3/com.android.launcher3.uioverrides.QuickstepLauncher (server), 8068647 com.android.systemui.ImageWallpaper (server), edge-swipe (server), swipe-up (server), PointerEventDispatcher0 (server),
11-11 05:25:57.962 1514 1614 I am_uid_idle: 10051
11-11 05:25:58.608 1514 2742 E TaskPersister: File error accessing recents directory (directory doesn't exist?).
11-11 05:25:59.025 2503 2503 I view_enqueue_input_event: [Motion - Cancel,com.android.launcher3/com.android.launcher3.uioverrides.QuickstepLauncher]
11-11 05:25:59.030 1514 1770 I input_interaction: Interaction with: edge-swipe (server), swipe-up (server), PointerEventDispatcher0 (server),
11-11 05:25:59.213 1514 1715 I commit_sys_config_file: [settings-1-0,5]
11-11 05:25:59.399 0 0 I auditd : type=1400 audit(0.0:2898): avc: denied { kill } for comm="swapper/1" capability=5 scontext=u:r:kernel:s0 tcontext=u:r:kernel:s0 tclass=capability permissive=0
11-11 05:25:59.788 1514 1770 I input_interaction: Interaction with: eea03e8 com.android.launcher3/com.android.launcher3.uioverrides.QuickstepLauncher (server), 8068647 com.android.systemui.ImageWallpaper (server), edge-swipe (server), swipe-up (server), PointerEventDispatcher0 (server),
11-11 05:26:00.291 1514 10321 W ActivityTaskManager: Request to remove task ignored for non-existent task 86
11-11 05:26:00.399 0 0 I auditd : type=1400 audit(0.0:2899): avc: denied { kill } for comm="swapper/1" capability=5 scontext=u:r:kernel:s0 tcontext=u:r:kernel:s0 tclass=capability permissive=0
11-11 05:26:01.166 1514 1614 I am_uid_idle: 10094
11-11 05:26:01.399 0 0 I auditd : type=1400 audit(0.0:2900): avc: denied { kill } for comm="swapper/1" capability=5 scontext=u:r:kernel:s0 tcontext=u:r:kernel:s0 tclass=capability permissive=0
11-11 05:26:02.399 0 0 I auditd : type=1400 audit(0.0:2901): avc: denied { kill } for comm="swapper/1" capability=5 scontext=u:r:kernel:s0 tcontext=u:r:kernel:s0 tclass=capability permissive=0
11-11 05:26:03.294 1514 2742 E TaskPersister: File error accessing recents directory (directory doesn't exist?).
11-11 05:26:03.399 0 0 I auditd : type=1400 audit(0.0:2902): avc: denied { kill } for comm="swapper/1" capability=5 scontext=u:r:kernel:s0 tcontext=u:r:kernel:s0 tclass=capability permissive=0
11-11 05:26:04.399 0 0 I auditd : type=1400 audit(0.0:2903): avc: denied { kill } for comm="swapper/1" capability=5 scontext=u:r:kernel:s0 tcontext=u:r:kernel:s0 tclass=capability permissive=0
11-11 05:26:05.287 1514 1595 W ActivityTaskManager: Launch timeout has expired, giving up wake lock!
11-11 05:26:05.399 0 0 I auditd : type=1400 audit(0.0:2904): avc: denied { kill } for comm="swapper/1" capability=5 scontext=u:r:kernel:s0 tcontext=u:r:kernel:s0 tclass=capability permissive=0
11-11 05:26:06.399 0 0 I auditd : type=1400 audit(0.0:2905): avc: denied { kill } for comm="swapper/1" capability=5 scontext=u:r:kernel:s0 tcontext=u:r:kernel:s0 tclass=capability permissive=0
11-11 05:26:07.399 0 0 I auditd : type=1400 audit(0.0:2906): avc: denied { kill } for comm="swapper/1" capability=5 scontext=u:r:kernel:s0 tcontext=u:r:kernel:s0 tclass=capability permissive=0
11-11 05:26:08.399 0 0 I auditd : type=1400 audit(0.0:2907): avc: denied { kill } for comm="swapper/1" capability=5 scontext=u:r:kernel:s0 tcontext=u:r:kernel:s0 tclass=capability permissive=0
11-11 05:26:09.399 0 0 I auditd : type=1400 audit(0.0:2908): avc: denied { kill } for comm="swapper/1" capability=5 scontext=u:r:kernel:s0 tcontext=u:r:kernel:s0 tclass=capability permissive=0
11-11 05:26:10.399 0 0 I auditd : type=1400 audit(0.0:2909): avc: denied { kill } for comm="swapper/1" capability=5 scontext=u:r:kernel:s0 tcontext=u:r:kernel:s0 tclass=capability permissive=0
11-11 05:26:11.399 0 0 I auditd : type=1400 audit(0.0:2910): avc: denied { kill } for comm="swapper/1" capability=5 scontext=u:r:kernel:s0 tcontext=u:r:kernel:s0 tclass=capability permissive=0
11-11 05:26:12.399 0 0 I auditd : type=1400 audit(0.0:2911): avc: denied { kill } for comm="swapper/1" capability=5 scontext=u:r:kernel:s0 tcontext=u:r:kernel:s0 tclass=capability permissive=0
11-11 05:26:13.399 0 0 I auditd : type=1400 audit(0.0:2912): avc: denied { kill } for comm="swapper/1" capability=5 scontext=u:r:kernel:s0 tcontext=u:r:kernel:s0 tclass=capability permissive=0
11-11 05:26:14.399 0 0 I auditd : type=1400 audit(0.0:2913): avc: denied { kill } for comm="swapper/1" capability=5 scontext=u:r:kernel:s0 tcontext=u:r:kernel:s0 tclass=capability permissive=0
11-11 05:26:15.399 0 0 I auditd : type=1400 audit(0.0:2914): avc: denied { kill } for comm="swapper/1" capability=5 scontext=u:r:kernel:s0 tcontext=u:r:kernel:s0 tclass=capability permissive=0
11-11 05:26:16.399 0 0 I auditd : type=1400 audit(0.0:2915): avc: denied { kill } for comm="swapper/1" capability=5 scontext=u:r:kernel:s0 tcontext=u:r:kernel:s0 tclass=capability permissive=0
11-11 05:26:17.399 0 0 I auditd : type=1400 audit(0.0:2916): avc: denied { kill } for comm="swapper/1" capability=5 scontext=u:r:kernel:s0 tcontext=u:r:kernel:s0 tclass=capability permissive=0
11-11 05:26:18.399 0 0 I auditd : type=1400 audit(0.0:2917): avc: denied { kill } for comm="swapper/1" capability=5 scontext=u:r:kernel:s0 tcontext=u:r:kernel:s0 tclass=capability permissive=0
11-11 05:26:19.399 0 0 I auditd : type=1400 audit(0.0:2918): avc: denied { kill } for comm="swapper/1" capability=5 scontext=u:r:kernel:s0 tcontext=u:r:kernel:s0 tclass=capability permissive=0
11-11 05:26:20.399 0 0 I auditd : type=1400 audit(0.0:2919): avc: denied { kill } for comm="swapper/1" capability=5 scontext=u:r:kernel:s0 tcontext=u:r:kernel:s0 tclass=capability permissive=0
11-11 05:26:21.399 0 0 I auditd : type=1400 audit(0.0:2920): avc: denied { kill } for comm="swapper/1" capability=5 scontext=u:r:kernel:s0 tcontext=u:r:kernel:s0 tclass=capability permissive=0
11-11 05:26:22.399 0 0 I auditd : type=1400 audit(0.0:2921): avc: denied { kill } for comm="swapper/1" capability=5 scontext=u:r:kernel:s0 tcontext=u:r:kernel:s0 tclass=capability permissive=0
11-11 05:26:23.399 0 0 I auditd : type=1400 audit(0.0:2922): avc: denied { kill } for comm="swapper/1" capability=5 scontext=u:r:kernel:s0 tcontext=u:r:kernel:s0 tclass=capability permissive=0
11-11 05:26:24.399 0 0 I auditd : type=1400 audit(0.0:2923): avc: denied { kill } for comm="swapper/1" capability=5 scontext=u:r:kernel:s0 tcontext=u:r:kernel:s0 tclass=capability permissive=0
11-11 05:26:25.399 0 0 I auditd : type=1400 audit(0.0:2924): avc: denied { kill } for comm="swapper/1" capability=5 scontext=u:r:kernel:s0 tcontext=u:r:kernel:s0 tclass=capability permissive=0
11-11 05:26:26.399 0 0 I auditd : type=1400 audit(0.0:2925): avc: denied { kill } for comm="swapper/1" capability=5 scontext=u:r:kernel:s0 tcontext=u:r:kernel:s0 tclass=capability permissive=0
11-11 05:26:27.399 0 0 I auditd : type=1400 audit(0.0:2926): avc: denied { kill } for comm="swapper/1" capability=5 scontext=u:r:kernel:s0 tcontext=u:r:kernel:s0 tclass=capability permissive=0
11-11 05:26:28.399 0 0 I auditd : type=1400 audit(0.0:2927): avc: denied { kill } for comm="swapper/1" capability=5 scontext=u:r:kernel:s0 tcontext=u:r:kernel:s0 tclass=capability permissive=0
11-11 05:26:28.835 1514 1836 I netstats_mobile_sample: [0,0,0,0,0,0,0,0,0,0,0,0,1668115588835]
11-11 05:26:28.836 1514 1836 I netstats_wifi_sample: [64716750,147541,26305829,61727,64716750,147541,26305829,61727,76086897,208067,13301967,32275,1668115588835]
11-11 05:26:29.399 0 0 I auditd : type=1400 audit(0.0:2928): avc: denied { kill } for comm="swapper/1" capability=5 scontext=u:r:kernel:s0 tcontext=u:r:kernel:s0 tclass=capability permissive=0
11-11 05:26:30.399 0 0 I auditd : type=1400 audit(0.0:2929): avc: denied { kill } for comm="swapper/1" capability=5 scontext=u:r:kernel:s0 tcontext=u:r:kernel:s0 tclass=capability permissive=0
11-11 05:26:31.399 0 0 I auditd : type=1400 audit(0.0:2930): avc: denied { kill } for comm="swapper/1" capability=5 scontext=u:r:kernel:s0 tcontext=u:r:kernel:s0 tclass=capability permissive=0
11-11 05:26:32.399 0 0 I auditd : type=1400 audit(0.0:2931): avc: denied { kill } for comm="swapper/1" capability=5 scontext=u:r:kernel:s0 tcontext=u:r:kernel:s0 tclass=capability permissive=0
11-11 05:26:33.399 0 0 I auditd : type=1400 audit(0.0:2932): avc: denied { kill } for comm="swapper/1" capability=5 scontext=u:r:kernel:s0 tcontext=u:r:kernel:s0 tclass=capability permissive=0
11-11 05:26:34.136 1514 1612 I UsageStatsService: User[0] Flushing usage stats to disk
11-11 05:26:34.399 0 0 I auditd : type=1400 audit(0.0:2933): avc: denied { kill } for comm="swapper/1" capability=5 scontext=u:r:kernel:s0 tcontext=u:r:kernel:s0 tclass=capability permissive=0
11-11 05:26:35.399 0 0 I auditd : type=1400 audit(0.0:2934): avc: denied { kill } for comm="swapper/1" capability=5 scontext=u:r:kernel:s0 tcontext=u:r:kernel:s0 tclass=capability permissive=0
11-11 05:26:37.399 0 0 I auditd : type=1400 audit(0.0:2935): avc: denied { kill } for comm="swapper/1" capability=5 scontext=u:r:kernel:s0 tcontext=u:r:kernel:s0 tclass=capability permissive=0
11-11 05:26:38.399 0 0 I auditd : type=1400 audit(0.0:2936): avc: denied { kill } for comm="swapper/1" capability=5 scontext=u:r:kernel:s0 tcontext=u:r:kernel:s0 tclass=capability permissive=0
11-11 05:26:39.399 0 0 I auditd : type=1400 audit(0.0:2937): avc: denied { kill } for comm="swapper/1" capability=5 scontext=u:r:kernel:s0 tcontext=u:r:kernel:s0 tclass=capability permissive=0
11-11 05:26:40.399 0 0 I auditd : type=1400 audit(0.0:2938): avc: denied { kill } for comm="swapper/1" capability=5 scontext=u:r:kernel:s0 tcontext=u:r:kernel:s0 tclass=capability permissive=0
11-11 05:26:41.399 0 0 I auditd : type=1400 audit(0.0:2939): avc: denied { kill } for comm="swapper/1" capability=5 scontext=u:r:kernel:s0 tcontext=u:r:kernel:s0 tclass=capability permissive=0
11-11 05:26:42.399 0 0 I auditd : type=1400 audit(0.0:2940): avc: denied { kill } for comm="swapper/1" capability=5 scontext=u:r:kernel:s0 tcontext=u:r:kernel:s0 tclass=capability permissive=0
11-11 05:26:43.399 0 0 I auditd : type=1400 audit(0.0:2941): avc: denied { kill } for comm="swapper/1" capability=5 scontext=u:r:kernel:s0 tcontext=u:r:kernel:s0 tclass=capability permissive=0
11-11 05:26:44.399 0 0 I auditd : type=1400 audit(0.0:2942): avc: denied { kill } for comm="swapper/1" capability=5 scontext=u:r:kernel:s0 tcontext=u:r:kernel:s0 tclass=capability permissive=0
11-11 05:26:45.399 0 0 I auditd : type=1400 audit(0.0:2943): avc: denied { kill } for comm="swapper/1" capability=5 scontext=u:r:kernel:s0 tcontext=u:r:kernel:s0 tclass=capability permissive=0
11-11 05:26:46.399 3338 3338 I auditd : type=1400 audit(0.0:2944): avc: denied { kill } for comm="scheduler_threa" capability=5 scontext=u:r:kernel:s0 tcontext=u:r:kernel:s0 tclass=capability permissive=0
11-11 05:26:47.399 0 0 I auditd : type=1400 audit(0.0:2945): avc: denied { kill } for comm="swapper/1" capability=5 scontext=u:r:kernel:s0 tcontext=u:r:kernel:s0 tclass=capability permissive=0
11-11 05:26:48.399 0 0 I auditd : type=1400 audit(0.0:2946): avc: denied { kill } for comm="swapper/1" capability=5 scontext=u:r:kernel:s0 tcontext=u:r:kernel:s0 tclass=capability permissive=0
11-11 05:26:49.399 0 0 I auditd : type=1400 audit(0.0:2947): avc: denied { kill } for comm="swapper/1" capability=5 scontext=u:r:kernel:s0 tcontext=u:r:kernel:s0 tclass=capability permissive=0
11-11 05:26:50.399 0 0 I auditd : type=1400 audit(0.0:2948): avc: denied { kill } for comm="swapper/1" capability=5 scontext=u:r:kernel:s0 tcontext=u:r:kernel:s0 tclass=capability permissive=0
11-11 05:26:51.399 0 0 I auditd : type=1400 audit(0.0:2949): avc: denied { kill } for comm="swapper/1" capability=5 scontext=u:r:kernel:s0 tcontext=u:r:kernel:s0 tclass=capability permissive=0
11-11 05:26:52.399 0 0 I auditd : type=1400 audit(0.0:2950): avc: denied { kill } for comm="swapper/1" capability=5 scontext=u:r:kernel:s0 tcontext=u:r:kernel:s0 tclass=capability permissive=0
11-11 05:26:52.798 1514 1649 V DisplayPowerController[0]: Brightness [0.05] reason changing to: 'manual [ dim ]', previous reason: 'manual'.
11-11 05:26:52.798 1514 1649 I sysui_multi_action: [757,1696,758,6,759,2]
11-11 05:26:52.799 1514 1649 W PowerManagerService: Screen on took 115419 ms
11-11 05:26:52.808 1514 1974 E DisplayDeviceConfig: requesting nits when no mapping exists.
11-11 05:26:52.809 1514 1974 E DisplayDeviceConfig: requesting nits when no mapping exists.
11-11 05:26:52.809 1514 1614 I am_wtf : [0,1514,system_server,-1,DisplayDeviceConfig,requesting nits when no mapping exists.]
11-11 05:26:52.811 1514 1614 I DropBoxManagerService: add tag=system_server_wtf isTagEnabled=true flags=0x2
11-11 05:26:52.813 1514 1614 I am_wtf : [0,1514,system_server,-1,DisplayDeviceConfig,requesting nits when no mapping exists.]
11-11 05:26:52.814 1514 1614 I DropBoxManagerService: add tag=system_server_wtf isTagEnabled=true flags=0x2
11-11 05:26:52.824 1514 1974 E DisplayDeviceConfig: requesting nits when no mapping exists.
11-11 05:26:52.825 1514 1614 I am_wtf : [0,1514,system_server,-1,DisplayDeviceConfig,requesting nits when no mapping exists.]
11-11 05:26:52.825 1514 1974 E DisplayDeviceConfig: requesting nits when no mapping exists.
11-11 05:26:52.827 1514 1614 I DropBoxManagerService: add tag=system_server_wtf isTagEnabled=true flags=0x2
11-11 05:26:52.828 1514 1614 I am_wtf : [0,1514,system_server,-1,DisplayDeviceConfig,requesting nits when no mapping exists.]
11-11 05:26:52.829 1514 1614 I DropBoxManagerService: add tag=system_server_wtf isTagEnabled=true flags=0x2
11-11 05:26:52.832 1514 1974 E DisplayDeviceConfig: requesting nits when no mapping exists.
11-11 05:26:52.832 1514 1614 I am_wtf : [0,1514,system_server,-1,DisplayDeviceConfig,requesting nits when no mapping exists.]
11-11 05:26:52.832 1514 1974 E DisplayDeviceConfig: requesting nits when no mapping exists.
11-11 05:26:52.834 1514 1614 I DropBoxManagerService: add tag=system_server_wtf isTagEnabled=true flags=0x2
11-11 05:26:52.834 1514 1614 I am_wtf : [0,1514,system_server,-1,DisplayDeviceConfig,requesting nits when no mapping exists.]
11-11 05:26:52.848 1514 1974 E DisplayDeviceConfig: requesting nits when no mapping exists.
11-11 05:26:52.849 1514 1974 E DisplayDeviceConfig: requesting nits when no mapping exists.
11-11 05:26:52.849 1514 1614 I am_wtf : [0,1514,system_server,-1,DisplayDeviceConfig,requesting nits when no mapping exists.]
11-11 05:26:52.851 1514 1614 I am_wtf : [0,1514,system_server,-1,DisplayDeviceConfig,requesting nits when no mapping exists.]
11-11 05:26:52.865 1514 1974 E DisplayDeviceConfig: requesting nits when no mapping exists.
11-11 05:26:52.865 1514 1974 E DisplayDeviceConfig: requesting nits when no mapping exists.
11-11 05:26:52.865 1514 1614 I am_wtf : [0,1514,system_server,-1,DisplayDeviceConfig,requesting nits when no mapping exists.]
11-11 05:26:52.867 1514 1614 I am_wtf : [0,1514,system_server,-1,DisplayDeviceConfig,requesting nits when no mapping exists.]
11-11 05:26:52.882 1514 1974 E DisplayDeviceConfig: requesting nits when no mapping exists.
11-11 05:26:52.883 1514 1614 I am_wtf : [0,1514,system_server,-1,DisplayDeviceConfig,requesting nits when no mapping exists.]
11-11 05:26:52.883 1514 1974 E DisplayDeviceConfig: requesting nits when no mapping exists.
11-11 05:26:52.884 1514 1614 I am_wtf : [0,1514,system_server,-1,DisplayDeviceConfig,requesting nits when no mapping exists.]
11-11 05:26:52.899 1514 1974 E DisplayDeviceConfig: requesting nits when no mapping exists.
11-11 05:26:52.899 1514 1974 E DisplayDeviceConfig: requesting nits when no mapping exists.
11-11 05:26:52.899 1514 1614 I am_wtf : [0,1514,system_server,-1,DisplayDeviceConfig,requesting nits when no mapping exists.]
11-11 05:26:52.900 1514 1614 I am_wtf : [0,1514,system_server,-1,DisplayDeviceConfig,requesting nits when no mapping exists.]
11-11 05:26:52.916 1514 1974 E DisplayDeviceConfig: requesting nits when no mapping exists.
11-11 05:26:52.916 1514 1974 E DisplayDeviceConfig: requesting nits when no mapping exists.
11-11 05:26:52.916 1514 1614 I am_wtf : [0,1514,system_server,-1,DisplayDeviceConfig,requesting nits when no mapping exists.]
11-11 05:26:52.918 1514 1614 I am_wtf : [0,1514,system_server,-1,DisplayDeviceConfig,requesting nits when no mapping exists.]
11-11 05:26:52.933 1514 1974 E DisplayDeviceConfig: requesting nits when no mapping exists.
11-11 05:26:52.933 1514 1974 E DisplayDeviceConfig: requesting nits when no mapping exists.
11-11 05:26:52.933 1514 1614 I am_wtf : [0,1514,system_server,-1,DisplayDeviceConfig,requesting nits when no mapping exists.]
11-11 05:26:52.934 1514 1614 I am_wtf : [0,1514,system_server,-1,DisplayDeviceConfig,requesting nits when no mapping exists.]
11-11 05:26:52.949 1514 1974 E DisplayDeviceConfig: requesting nits when no mapping exists.
11-11 05:26:52.950 1514 1614 I am_wtf : [0,1514,system_server,-1,DisplayDeviceConfig,requesting nits when no mapping exists.]
11-11 05:26:52.950 1514 1974 E DisplayDeviceConfig: requesting nits when no mapping exists.
11-11 05:26:52.950 1514 1614 I am_wtf : [0,1514,system_server,-1,DisplayDeviceConfig,requesting nits when no mapping exists.]
11-11 05:26:52.966 1514 1974 E DisplayDeviceConfig: requesting nits when no mapping exists.
11-11 05:26:52.966 1514 1614 I am_wtf : [0,1514,system_server,-1,DisplayDeviceConfig,requesting nits when no mapping exists.]
11-11 05:26:52.967 1514 1974 E DisplayDeviceConfig: requesting nits when no mapping exists.
11-11 05:26:52.969 1514 1614 I am_wtf : [0,1514,system_server,-1,DisplayDeviceConfig,requesting nits when no mapping exists.]
11-11 05:26:52.982 1514 1974 E DisplayDeviceConfig: requesting nits when no mapping exists.
11-11 05:26:52.983 1514 1614 I am_wtf : [0,1514,system_server,-1,DisplayDeviceConfig,requesting nits when no mapping exists.]
11-11 05:26:52.983 1514 1974 E DisplayDeviceConfig: requesting nits when no mapping exists.
11-11 05:26:52.984 1514 1614 I am_wtf : [0,1514,system_server,-1,DisplayDeviceConfig,requesting nits when no mapping exists.]
11-11 05:26:52.999 1514 1974 E DisplayDeviceConfig: requesting nits when no mapping exists.
11-11 05:26:53.000 1514 1614 I am_wtf : [0,1514,system_server,-1,DisplayDeviceConfig,requesting nits when no mapping exists.]
11-11 05:26:53.000 1514 1974 E DisplayDeviceConfig: requesting nits when no mapping exists.
11-11 05:26:53.002 1514 1614 I am_wtf : [0,1514,system_server,-1,DisplayDeviceConfig,requesting nits when no mapping exists.]
11-11 05:26:53.015 1514 1974 E DisplayDeviceConfig: requesting nits when no mapping exists.
11-11 05:26:53.016 1514 1614 I am_wtf : [0,1514,system_server,-1,DisplayDeviceConfig,requesting nits when no mapping exists.]
11-11 05:26:53.016 1514 1974 E DisplayDeviceConfig: requesting nits when no mapping exists.
11-11 05:26:53.017 1514 1614 I am_wtf : [0,1514,system_server,-1,DisplayDeviceConfig,requesting nits when no mapping exists.]
11-11 05:26:53.032 1514 1974 E DisplayDeviceConfig: requesting nits when no mapping exists.
11-11 05:26:53.033 1514 1614 I am_wtf : [0,1514,system_server,-1,DisplayDeviceConfig,requesting nits when no mapping exists.]
