11-11 05:27:32.151 3685 3703 W ContextImpl: Calling a method in the system process without a qualified user: android.app.ContextImpl.startService:1816 android.content.ContextWrapper.startService:774 com.thundercomm.gamemode.ingame.services.GameModeActionUtils.startGameModeService:93 com.thundercomm.gamemode.ingame.services.GameModeActionUtils.startGameModeEntry:21 com.thundercomm.gamemode.ingame.services.ActivityMonitoringService$1.onActivityLaunch:126
11-11 05:27:32.155 1514 1514 I GameModeConfig: Current uri is uri = content://com.thundercomm.gamemode.api/gamemode_settings/gamemode_isgaming
11-11 05:27:32.157 1514 1514 I GameModeConfig: isGameModeOn = false
11-11 05:27:32.157 1514 1514 I GameModeConfig: isGameModeOn = false
11-11 05:27:32.157 1514 1514 I GameModeConfig: isDisableVoice = true
11-11 05:27:32.203 1514 2080 I WindowManager: WIN DEATH: Window{d5bb20b u0 com.android.gallery3d/com.android.gallery3d.app.MovieActivity}
11-11 05:27:32.207 1514 1540 I ActivityManager: Process com.android.gallery3d (pid 10670) has died: fg TOP
11-11 05:27:32.207 1514 1540 I am_proc_died: [0,10670,com.android.gallery3d,0,2]
11-11 05:27:32.207 1514 1540 I am_uid_stopped: 10068
11-11 05:27:32.212 1514 1540 I wm_task_removed: [88,removeChild:removeChild last r=ActivityRecord{9265bc9 u0 com.android.gallery3d/.app.MovieActivity t-1 f}} in t=Task{daf180e #88 type=standard A=10068:com.android.gallery3d U=0 visible=false mode=freeform translucent=true sz=0}]
11-11 05:27:32.212 1514 1540 I wm_task_removed: [88,removeChild]
11-11 05:27:32.212 1514 1540 D FreeFormWindowHelper: Remove freefrom task=Task{daf180e #88 type=standard A=10068:com.android.gallery3d U=0 visible=false mode=freeform translucent=true sz=0}
11-11 05:27:32.212 1514 1540 I ActivityTaskManager: FOREGROUND_APPLICATION_CHANGED to com.android.launcher3.uioverrides.QuickstepLauncher
11-11 05:27:32.214 1514 1595 W ActivityManager: setHasOverlayUi called on unknown pid: 10670
11-11 05:27:32.633 1514 1595 W ActivityTaskManager: Activity top resumed state loss timeout for ActivityRecord{6a0e64c u0 com.android.gallery3d/.app.MovieActivity t-1 f}}
11-11 05:27:32.634 2503 2503 I wm_on_top_resumed_gained_called: [157690489,com.android.launcher3.uioverrides.QuickstepLauncher,topStateChangedWhenResumed]
11-11 05:27:34.399 0 0 I auditd : type=1400 audit(0.0:2980): avc: denied { kill } for comm="swapper/2" capability=5 scontext=u:r:kernel:s0 tcontext=u:r:kernel:s0 tclass=capability permissive=0
11-11 05:27:35.399 0 0 I auditd : type=1400 audit(0.0:2981): avc: denied { kill } for comm="swapper/2" capability=5 scontext=u:r:kernel:s0 tcontext=u:r:kernel:s0 tclass=capability permissive=0
11-11 05:27:35.525 1514 2742 E TaskPersister: File error accessing recents directory (directory doesn't exist?).
11-11 05:27:36.399 0 0 I auditd : type=1400 audit(0.0:2982): avc: denied { kill } for comm="swapper/2" capability=5 scontext=u:r:kernel:s0 tcontext=u:r:kernel:s0 tclass=capability permissive=0
11-11 05:27:37.399 0 0 I auditd : type=1400 audit(0.0:2983): avc: denied { kill } for comm="swapper/2" capability=5 scontext=u:r:kernel:s0 tcontext=u:r:kernel:s0 tclass=capability permissive=0
11-11 05:27:38.399 0 0 I auditd : type=1400 audit(0.0:2984): avc: denied { kill } for comm="swapper/2" capability=5 scontext=u:r:kernel:s0 tcontext=u:r:kernel:s0 tclass=capability permissive=0
11-11 05:27:39.399 0 0 I auditd : type=1400 audit(0.0:2985): avc: denied { kill } for comm="swapper/2" capability=5 scontext=u:r:kernel:s0 tcontext=u:r:kernel:s0 tclass=capability permissive=0
11-11 05:27:40.399 0 0 I auditd : type=1400 audit(0.0:2986): avc: denied { kill } for comm="swapper/2" capability=5 scontext=u:r:kernel:s0 tcontext=u:r:kernel:s0 tclass=capability permissive=0
11-11 05:27:41.399 0 0 I auditd : type=1400 audit(0.0:2987): avc: denied { kill } for comm="swapper/2" capability=5 scontext=u:r:kernel:s0 tcontext=u:r:kernel:s0 tclass=capability permissive=0
11-11 05:27:42.025 1514 1595 W ActivityTaskManager: Launch timeout has expired, giving up wake lock!
11-11 05:27:42.399 0 0 I auditd : type=1400 audit(0.0:2988): avc: denied { kill } for comm="swapper/2" capability=5 scontext=u:r:kernel:s0 tcontext=u:r:kernel:s0 tclass=capability permissive=0
11-11 05:27:43.399 0 0 I auditd : type=1400 audit(0.0:2989): avc: denied { kill } for comm="swapper/2" capability=5 scontext=u:r:kernel:s0 tcontext=u:r:kernel:s0 tclass=capability permissive=0
11-11 05:27:44.399 0 0 I auditd : type=1400 audit(0.0:2990): avc: denied { kill } for comm="swapper/2" capability=5 scontext=u:r:kernel:s0 tcontext=u:r:kernel:s0 tclass=capability permissive=0
11-11 05:27:45.399 0 0 I auditd : type=1400 audit(0.0:2991): avc: denied { kill } for comm="swapper/2" capability=5 scontext=u:r:kernel:s0 tcontext=u:r:kernel:s0 tclass=capability permissive=0
11-11 05:27:46.399 0 0 I auditd : type=1400 audit(0.0:2992): avc: denied { kill } for comm="swapper/2" capability=5 scontext=u:r:kernel:s0 tcontext=u:r:kernel:s0 tclass=capability permissive=0
11-11 05:27:47.399 0 0 I auditd : type=1400 audit(0.0:2993): avc: denied { kill } for comm="swapper/2" capability=5 scontext=u:r:kernel:s0 tcontext=u:r:kernel:s0 tclass=capability permissive=0
11-11 05:27:48.399 0 0 I auditd : type=1400 audit(0.0:2994): avc: denied { kill } for comm="swapper/2" capability=5 scontext=u:r:kernel:s0 tcontext=u:r:kernel:s0 tclass=capability permissive=0
11-11 05:27:50.399 0 0 I auditd : type=1400 audit(0.0:2995): avc: denied { kill } for comm="swapper/3" capability=5 scontext=u:r:kernel:s0 tcontext=u:r:kernel:s0 tclass=capability permissive=0
11-11 05:27:51.399 0 0 I auditd : type=1400 audit(0.0:2996): avc: denied { kill } for comm="swapper/3" capability=5 scontext=u:r:kernel:s0 tcontext=u:r:kernel:s0 tclass=capability permissive=0
11-11 05:27:52.399 0 0 I auditd : type=1400 audit(0.0:2997): avc: denied { kill } for comm="swapper/3" capability=5 scontext=u:r:kernel:s0 tcontext=u:r:kernel:s0 tclass=capability permissive=0
11-11 05:27:53.399 0 0 I auditd : type=1400 audit(0.0:2998): avc: denied { kill } for comm="swapper/3" capability=5 scontext=u:r:kernel:s0 tcontext=u:r:kernel:s0 tclass=capability permissive=0
11-11 05:27:54.399 0 0 I auditd : type=1400 audit(0.0:2999): avc: denied { kill } for comm="swapper/3" capability=5 scontext=u:r:kernel:s0 tcontext=u:r:kernel:s0 tclass=capability permissive=0
11-11 05:27:55.399 0 0 I auditd : type=1400 audit(0.0:3000): avc: denied { kill } for comm="swapper/3" capability=5 scontext=u:r:kernel:s0 tcontext=u:r:kernel:s0 tclass=capability permissive=0
11-11 05:27:56.399 0 0 I auditd : type=1400 audit(0.0:3001): avc: denied { kill } for comm="swapper/3" capability=5 scontext=u:r:kernel:s0 tcontext=u:r:kernel:s0 tclass=capability permissive=0
11-11 05:27:57.399 0 0 I auditd : type=1400 audit(0.0:3002): avc: denied { kill } for comm="swapper/3" capability=5 scontext=u:r:kernel:s0 tcontext=u:r:kernel:s0 tclass=capability permissive=0
11-11 05:27:58.399 0 0 I auditd : type=1400 audit(0.0:3003): avc: denied { kill } for comm="swapper/3" capability=5 scontext=u:r:kernel:s0 tcontext=u:r:kernel:s0 tclass=capability permissive=0
11-11 05:27:59.399 0 0 I auditd : type=1400 audit(0.0:3004): avc: denied { kill } for comm="swapper/3" capability=5 scontext=u:r:kernel:s0 tcontext=u:r:kernel:s0 tclass=capability permissive=0
11-11 05:28:00.399 0 0 I auditd : type=1400 audit(0.0:3005): avc: denied { kill } for comm="swapper/3" capability=5 scontext=u:r:kernel:s0 tcontext=u:r:kernel:s0 tclass=capability permissive=0
11-11 05:28:01.399 0 0 I auditd : type=1400 audit(0.0:3006): avc: denied { kill } for comm="swapper/3" capability=5 scontext=u:r:kernel:s0 tcontext=u:r:kernel:s0 tclass=capability permissive=0
11-11 05:28:02.399 0 0 I auditd : type=1400 audit(0.0:3007): avc: denied { kill } for comm="swapper/3" capability=5 scontext=u:r:kernel:s0 tcontext=u:r:kernel:s0 tclass=capability permissive=0
11-11 05:28:03.399 0 0 I auditd : type=1400 audit(0.0:3008): avc: denied { kill } for comm="swapper/3" capability=5 scontext=u:r:kernel:s0 tcontext=u:r:kernel:s0 tclass=capability permissive=0
11-11 05:28:04.399 0 0 I auditd : type=1400 audit(0.0:3009): avc: denied { kill } for comm="swapper/3" capability=5 scontext=u:r:kernel:s0 tcontext=u:r:kernel:s0 tclass=capability permissive=0
11-11 05:28:05.399 0 0 I auditd : type=1400 audit(0.0:3010): avc: denied { kill } for comm="swapper/3" capability=5 scontext=u:r:kernel:s0 tcontext=u:r:kernel:s0 tclass=capability permissive=0
11-11 05:28:06.399 0 0 I auditd : type=1400 audit(0.0:3011): avc: denied { kill } for comm="swapper/3" capability=5 scontext=u:r:kernel:s0 tcontext=u:r:kernel:s0 tclass=capability permissive=0
11-11 05:28:07.399 0 0 I auditd : type=1400 audit(0.0:3012): avc: denied { kill } for comm="swapper/3" capability=5 scontext=u:r:kernel:s0 tcontext=u:r:kernel:s0 tclass=capability permissive=0
11-11 05:28:08.399 0 0 I auditd : type=1400 audit(0.0:3013): avc: denied { kill } for comm="swapper/3" capability=5 scontext=u:r:kernel:s0 tcontext=u:r:kernel:s0 tclass=capability permissive=0
11-11 05:28:09.399 0 0 I auditd : type=1400 audit(0.0:3014): avc: denied { kill } for comm="swapper/3" capability=5 scontext=u:r:kernel:s0 tcontext=u:r:kernel:s0 tclass=capability permissive=0
11-11 05:28:10.399 0 0 I auditd : type=1400 audit(0.0:3015): avc: denied { kill } for comm="swapper/3" capability=5 scontext=u:r:kernel:s0 tcontext=u:r:kernel:s0 tclass=capability permissive=0
11-11 05:28:11.399 0 0 I auditd : type=1400 audit(0.0:3016): avc: denied { kill } for comm="swapper/3" capability=5 scontext=u:r:kernel:s0 tcontext=u:r:kernel:s0 tclass=capability permissive=0
11-11 05:28:12.399 0 0 I auditd : type=1400 audit(0.0:3017): avc: denied { kill } for comm="swapper/3" capability=5 scontext=u:r:kernel:s0 tcontext=u:r:kernel:s0 tclass=capability permissive=0
11-11 05:28:13.399 0 0 I auditd : type=1400 audit(0.0:3018): avc: denied { kill } for comm="swapper/3" capability=5 scontext=u:r:kernel:s0 tcontext=u:r:kernel:s0 tclass=capability permissive=0
11-11 05:28:14.399 0 0 I auditd : type=1400 audit(0.0:3019): avc: denied { kill } for comm="swapper/3" capability=5 scontext=u:r:kernel:s0 tcontext=u:r:kernel:s0 tclass=capability permissive=0
11-11 05:28:15.399 0 0 I auditd : type=1400 audit(0.0:3020): avc: denied { kill } for comm="swapper/3" capability=5 scontext=u:r:kernel:s0 tcontext=u:r:kernel:s0 tclass=capability permissive=0
11-11 05:28:16.399 0 0 I auditd : type=1400 audit(0.0:3021): avc: denied { kill } for comm="swapper/3" capability=5 scontext=u:r:kernel:s0 tcontext=u:r:kernel:s0 tclass=capability permissive=0
11-11 05:28:16.962 1514 1614 I am_uid_idle: 10051
11-11 05:28:17.399 0 0 I auditd : type=1400 audit(0.0:3022): avc: denied { kill } for comm="swapper/3" capability=5 scontext=u:r:kernel:s0 tcontext=u:r:kernel:s0 tclass=capability permissive=0
11-11 05:28:18.399 0 0 I auditd : type=1400 audit(0.0:3023): avc: denied { kill } for comm="swapper/3" capability=5 scontext=u:r:kernel:s0 tcontext=u:r:kernel:s0 tclass=capability permissive=0
11-11 05:28:19.399 0 0 I auditd : type=1400 audit(0.0:3024): avc: denied { kill } for comm="swapper/3" capability=5 scontext=u:r:kernel:s0 tcontext=u:r:kernel:s0 tclass=capability permissive=0
11-11 05:28:20.399 0 0 I auditd : type=1400 audit(0.0:3025): avc: denied { kill } for comm="swapper/3" capability=5 scontext=u:r:kernel:s0 tcontext=u:r:kernel:s0 tclass=capability permissive=0
11-11 05:28:21.399 0 0 I auditd : type=1400 audit(0.0:3026): avc: denied { kill } for comm="swapper/3" capability=5 scontext=u:r:kernel:s0 tcontext=u:r:kernel:s0 tclass=capability permissive=0
11-11 05:28:21.773 1514 1836 I netstats_mobile_sample: [0,0,0,0,0,0,0,0,0,0,0,0,1668115701773]
11-11 05:28:21.774 1514 1836 I netstats_wifi_sample: [68237254,155498,27562401,64555,68237254,155498,27562401,64555,80177181,218986,13932481,33718,1668115701773]
11-11 05:28:21.779 1514 1837 I service_manager_stats: [100,74,81409]
11-11 05:28:22.399 0 0 I auditd : type=1400 audit(0.0:3027): avc: denied { kill } for comm="swapper/3" capability=5 scontext=u:r:kernel:s0 tcontext=u:r:kernel:s0 tclass=capability permissive=0
11-11 05:28:23.399 0 0 I auditd : type=1400 audit(0.0:3028): avc: denied { kill } for comm="swapper/3" capability=5 scontext=u:r:kernel:s0 tcontext=u:r:kernel:s0 tclass=capability permissive=0
11-11 05:28:24.399 0 0 I auditd : type=1400 audit(0.0:3029): avc: denied { kill } for comm="swapper/3" capability=5 scontext=u:r:kernel:s0 tcontext=u:r:kernel:s0 tclass=capability permissive=0
11-11 05:28:24.993 1514 1649 V DisplayPowerController[0]: Brightness [0.05] reason changing to: 'manual [ dim ]', previous reason: 'manual'.
11-11 05:28:24.993 1514 1649 I sysui_multi_action: [757,1696,758,6,759,2]
11-11 05:28:24.994 1514 1649 W PowerManagerService: Screen on took 68317 ms
11-11 05:28:24.996 1514 1974 E DisplayDeviceConfig: requesting nits when no mapping exists.
11-11 05:28:24.997 1514 1974 E DisplayDeviceConfig: requesting nits when no mapping exists.
11-11 05:28:24.997 1514 1614 I am_wtf : [0,1514,system_server,-1,DisplayDeviceConfig,requesting nits when no mapping exists.]
11-11 05:28:24.999 1514 1614 I DropBoxManagerService: add tag=system_server_wtf isTagEnabled=true flags=0x2
11-11 05:28:25.001 1514 1614 I am_wtf : [0,1514,system_server,-1,DisplayDeviceConfig,requesting nits when no mapping exists.]
11-11 05:28:25.003 1514 1614 I DropBoxManagerService: add tag=system_server_wtf isTagEnabled=true flags=0x2
11-11 05:28:25.012 1514 1974 E DisplayDeviceConfig: requesting nits when no mapping exists.
11-11 05:28:25.013 1514 1974 E DisplayDeviceConfig: requesting nits when no mapping exists.
11-11 05:28:25.013 1514 1614 I am_wtf : [0,1514,system_server,-1,DisplayDeviceConfig,requesting nits when no mapping exists.]
11-11 05:28:25.015 1514 1614 I DropBoxManagerService: add tag=system_server_wtf isTagEnabled=true flags=0x2
11-11 05:28:25.016 1514 1614 I am_wtf : [0,1514,system_server,-1,DisplayDeviceConfig,requesting nits when no mapping exists.]
11-11 05:28:25.017 1514 1614 I DropBoxManagerService: add tag=system_server_wtf isTagEnabled=true flags=0x2
11-11 05:28:25.029 1514 1974 E DisplayDeviceConfig: requesting nits when no mapping exists.
11-11 05:28:25.029 1514 1974 E DisplayDeviceConfig: requesting nits when no mapping exists.
11-11 05:28:25.029 1514 1614 I am_wtf : [0,1514,system_server,-1,DisplayDeviceConfig,requesting nits when no mapping exists.]
11-11 05:28:25.031 1514 1614 I DropBoxManagerService: add tag=system_server_wtf isTagEnabled=true flags=0x2
11-11 05:28:25.032 1514 1614 I am_wtf : [0,1514,system_server,-1,DisplayDeviceConfig,requesting nits when no mapping exists.]
11-11 05:28:25.037 1514 1974 E DisplayDeviceConfig: requesting nits when no mapping exists.
11-11 05:28:25.038 1514 1974 E DisplayDeviceConfig: requesting nits when no mapping exists.
11-11 05:28:25.038 1514 1614 I am_wtf : [0,1514,system_server,-1,DisplayDeviceConfig,requesting nits when no mapping exists.]
11-11 05:28:25.039 1514 1614 I am_wtf : [0,1514,system_server,-1,DisplayDeviceConfig,requesting nits when no mapping exists.]
11-11 05:28:25.053 1514 1974 E DisplayDeviceConfig: requesting nits when no mapping exists.
11-11 05:28:25.054 1514 1974 E DisplayDeviceConfig: requesting nits when no mapping exists.
11-11 05:28:25.055 1514 1614 I am_wtf : [0,1514,system_server,-1,DisplayDeviceConfig,requesting nits when no mapping exists.]
11-11 05:28:25.058 1514 1614 I am_wtf : [0,1514,system_server,-1,DisplayDeviceConfig,requesting nits when no mapping exists.]
11-11 05:28:25.070 1514 1974 E DisplayDeviceConfig: requesting nits when no mapping exists.
11-11 05:28:25.070 1514 1974 E DisplayDeviceConfig: requesting nits when no mapping exists.
11-11 05:28:25.070 1514 1614 I am_wtf : [0,1514,system_server,-1,DisplayDeviceConfig,requesting nits when no mapping exists.]
11-11 05:28:25.071 1514 1614 I am_wtf : [0,1514,system_server,-1,DisplayDeviceConfig,requesting nits when no mapping exists.]
11-11 05:28:25.087 1514 1974 E DisplayDeviceConfig: requesting nits when no mapping exists.
11-11 05:28:25.087 1514 1614 I am_wtf : [0,1514,system_server,-1,DisplayDeviceConfig,requesting nits when no mapping exists.]
11-11 05:28:25.087 1514 1974 E DisplayDeviceConfig: requesting nits when no mapping exists.
11-11 05:28:25.089 1514 1614 I am_wtf : [0,1514,system_server,-1,DisplayDeviceConfig,requesting nits when no mapping exists.]
11-11 05:28:25.104 1514 1974 E DisplayDeviceConfig: requesting nits when no mapping exists.
11-11 05:28:25.105 1514 1974 E DisplayDeviceConfig: requesting nits when no mapping exists.
11-11 05:28:25.105 1514 1614 I am_wtf : [0,1514,system_server,-1,DisplayDeviceConfig,requesting nits when no mapping exists.]
11-11 05:28:25.106 1514 1614 I am_wtf : [0,1514,system_server,-1,DisplayDeviceConfig,requesting nits when no mapping exists.]
11-11 05:28:25.121 1514 1974 E DisplayDeviceConfig: requesting nits when no mapping exists.
11-11 05:28:25.121 1514 1974 E DisplayDeviceConfig: requesting nits when no mapping exists.
11-11 05:28:25.121 1514 1614 I am_wtf : [0,1514,system_server,-1,DisplayDeviceConfig,requesting nits when no mapping exists.]
11-11 05:28:25.122 1514 1614 I am_wtf : [0,1514,system_server,-1,DisplayDeviceConfig,requesting nits when no mapping exists.]
11-11 05:28:25.137 1514 1974 E DisplayDeviceConfig: requesting nits when no mapping exists.
11-11 05:28:25.138 1514 1614 I am_wtf : [0,1514,system_server,-1,DisplayDeviceConfig,requesting nits when no mapping exists.]
11-11 05:28:25.138 1514 1974 E DisplayDeviceConfig: requesting nits when no mapping exists.
11-11 05:28:25.139 1514 1614 I am_wtf : [0,1514,system_server,-1,DisplayDeviceConfig,requesting nits when no mapping exists.]
11-11 05:28:25.154 1514 1974 E DisplayDeviceConfig: requesting nits when no mapping exists.
11-11 05:28:25.154 1514 1614 I am_wtf : [0,1514,system_server,-1,DisplayDeviceConfig,requesting nits when no mapping exists.]
11-11 05:28:25.154 1514 1974 E DisplayDeviceConfig: requesting nits when no mapping exists.
11-11 05:28:25.156 1514 1614 I am_wtf : [0,1514,system_server,-1,DisplayDeviceConfig,requesting nits when no mapping exists.]
11-11 05:28:25.170 1514 1974 E DisplayDeviceConfig: requesting nits when no mapping exists.
11-11 05:28:25.171 1514 1614 I am_wtf : [0,1514,system_server,-1,DisplayDeviceConfig,requesting nits when no mapping exists.]
11-11 05:28:25.171 1514 1974 E DisplayDeviceConfig: requesting nits when no mapping exists.
11-11 05:28:25.172 1514 1614 I am_wtf : [0,1514,system_server,-1,DisplayDeviceConfig,requesting nits when no mapping exists.]
11-11 05:28:25.187 1514 1974 E DisplayDeviceConfig: requesting nits when no mapping exists.
11-11 05:28:25.188 1514 1614 I am_wtf : [0,1514,system_server,-1,DisplayDeviceConfig,requesting nits when no mapping exists.]
11-11 05:28:25.188 1514 1974 E DisplayDeviceConfig: requesting nits when no mapping exists.
11-11 05:28:25.188 1514 1614 I am_wtf : [0,1514,system_server,-1,DisplayDeviceConfig,requesting nits when no mapping exists.]
11-11 05:28:25.204 1514 1974 E DisplayDeviceConfig: requesting nits when no mapping exists.
11-11 05:28:25.205 1514 1614 I am_wtf : [0,1514,system_server,-1,DisplayDeviceConfig,requesting nits when no mapping exists.]
11-11 05:28:25.205 1514 1974 E DisplayDeviceConfig: requesting nits when no mapping exists.
11-11 05:28:25.205 1514 1614 I am_wtf : [0,1514,system_server,-1,DisplayDeviceConfig,requesting nits when no mapping exists.]
11-11 05:28:25.221 1514 1974 E DisplayDeviceConfig: requesting nits when no mapping exists.
11-11 05:28:25.221 1514 1614 I am_wtf : [0,1514,system_server,-1,DisplayDeviceConfig,requesting nits when no mapping exists.]
11-11 05:28:25.221 1514 1974 E DisplayDeviceConfig: requesting nits when no mapping exists.
11-11 05:28:25.223 1514 1614 I am_wtf : [0,1514,system_server,-1,DisplayDeviceConfig,requesting nits when no mapping exists.]
11-11 05:28:25.237 1514 1974 E DisplayDeviceConfig: requesting nits when no mapping exists.
11-11 05:28:25.238 1514 1614 I am_wtf : [0,1514,system_server,-1,DisplayDeviceConfig,requesting nits when no mapping exists.]
11-11 05:28:25.238 1514 1974 E DisplayDeviceConfig: requesting nits when no mapping exists.
11-11 05:28:25.239 1514 1614 I am_wtf : [0,1514,system_server,-1,DisplayDeviceConfig,requesting nits when no mapping exists.]
11-11 05:28:25.254 1514 1974 E DisplayDeviceConfig: requesting nits when no mapping exists.
11-11 05:28:25.255 1514 1614 I am_wtf : [0,1514,system_server,-1,DisplayDeviceConfig,requesting nits when no mapping exists.]
11-11 05:28:25.255 1514 1974 E DisplayDeviceConfig: requesting nits when no mapping exists.
11-11 05:28:25.256 1514 1614 I am_wtf : [0,1514,system_server,-1,DisplayDeviceConfig,requesting nits when no mapping exists.]
11-11 05:28:25.271 1514 1974 E DisplayDeviceConfig: requesting nits when no mapping exists.
11-11 05:28:25.271 1514 1614 I am_wtf : [0,1514,system_server,-1,DisplayDeviceConfig,requesting nits when no mapping exists.]
11-11 05:28:25.271 1514 1974 E DisplayDeviceConfig: requesting nits when no mapping exists.
11-11 05:28:25.272 1514 1614 I am_wtf : [0,1514,system_server,-1,DisplayDeviceConfig,requesting nits when no mapping exists.]
11-11 05:28:25.288 1514 1974 E DisplayDeviceConfig: requesting nits when no mapping exists.
11-11 05:28:25.288 1514 1614 I am_wtf : [0,1514,system_server,-1,DisplayDeviceConfig,requesting nits when no mapping exists.]
11-11 05:28:25.288 1514 1974 E DisplayDeviceConfig: requesting nits when no mapping exists.
11-11 05:28:25.289 1514 1614 I am_wtf : [0,1514,system_server,-1,DisplayDeviceConfig,requesting nits when no mapping exists.]
11-11 05:28:25.304 1514 1974 E DisplayDeviceConfig: requesting nits when no mapping exists.
11-11 05:28:25.305 1514 1614 I am_wtf : [0,1514,system_server,-1,DisplayDeviceConfig,requesting nits when no mapping exists.]
11-11 05:28:25.305 1514 1974 E DisplayDeviceConfig: requesting nits when no mapping exists.
11-11 05:28:25.306 1514 1614 I am_wtf : [0,1514,system_server,-1,DisplayDeviceConfig,requesting nits when no mapping exists.]
11-11 05:28:25.321 1514 1974 E DisplayDeviceConfig: requesting nits when no mapping exists.
11-11 05:28:25.322 1514 1614 I am_wtf : [0,1514,system_server,-1,DisplayDeviceConfig,requesting nits when no mapping exists.]
11-11 05:28:25.322 1514 1974 E DisplayDeviceConfig: requesting nits when no mapping exists.
11-11 05:28:25.323 1514 1614 I am_wtf : [0,1514,system_server,-1,DisplayDeviceConfig,requesting nits when no mapping exists.]
11-11 05:28:25.338 1514 1974 E DisplayDeviceConfig: requesting nits when no mapping exists.
11-11 05:28:25.338 1514 1614 I am_wtf : [0,1514,system_server,-1,DisplayDeviceConfig,requesting nits when no mapping exists.]
11-11 05:28:25.338 1514 1974 E DisplayDeviceConfig: requesting nits when no mapping exists.
11-11 05:28:25.339 1514 1614 I am_wtf : [0,1514,system_server,-1,DisplayDeviceConfig,requesting nits when no mapping exists.]
11-11 05:28:25.354 1514 1974 E DisplayDeviceConfig: requesting nits when no mapping exists.
11-11 05:28:25.355 1514 1614 I am_wtf : [0,1514,system_server,-1,DisplayDeviceConfig,requesting nits when no mapping exists.]
11-11 05:28:25.355 1514 1974 E DisplayDeviceConfig: requesting nits when no mapping exists.
11-11 05:28:25.356 1514 1614 I am_wtf : [0,1514,system_server,-1,DisplayDeviceConfig,requesting nits when no mapping exists.]
11-11 05:28:25.371 1514 1974 E DisplayDeviceConfig: requesting nits when no mapping exists.
11-11 05:28:25.372 1514 1974 E DisplayDeviceConfig: requesting nits when no mapping exists.
11-11 05:28:25.372 1514 1614 I am_wtf : [0,1514,system_server,-1,DisplayDeviceConfig,requesting nits when no mapping exists.]
11-11 05:28:25.373 1514 1614 I am_wtf : [0,1514,system_server,-1,DisplayDeviceConfig,requesting nits when no mapping exists.]
11-11 05:28:25.388 1514 1974 E DisplayDeviceConfig: requesting nits when no mapping exists.
11-11 05:28:25.388 1514 1974 E DisplayDeviceConfig: requesting nits when no mapping exists.
11-11 05:28:25.388 1514 1614 I am_wtf : [0,1514,system_server,-1,DisplayDeviceConfig,requesting nits when no mapping exists.]
11-11 05:28:25.389 1514 1614 I am_wtf : [0,1514,system_server,-1,DisplayDeviceConfig,requesting nits when no mapping exists.]
11-11 05:28:25.405 1514 1974 E DisplayDeviceConfig: requesting nits when no mapping exists.
11-11 05:28:25.405 1514 1974 E DisplayDeviceConfig: requesting nits when no mapping exists.
11-11 05:28:25.406 1514 1614 I am_wtf : [0,1514,system_server,-1,DisplayDeviceConfig,requesting nits when no mapping exists.]
11-11 05:28:25.407 1514 1614 I am_wtf : [0,1514,system_server,-1,DisplayDeviceConfig,requesting nits when no mapping exists.]
11-11 05:28:25.421 1514 1974 E DisplayDeviceConfig: requesting nits when no mapping exists.
11-11 05:28:25.422 1514 1974 E DisplayDeviceConfig: requesting nits when no mapping exists.
11-11 05:28:25.422 1514 1614 I am_wtf : [0,1514,system_server,-1,DisplayDeviceConfig,requesting nits when no mapping exists.]
11-11 05:28:25.423 1514 1614 I am_wtf : [0,1514,system_server,-1,DisplayDeviceConfig,requesting nits when no mapping exists.]
11-11 05:28:25.438 1514 1974 E DisplayDeviceConfig: requesting nits when no mapping exists.
11-11 05:28:25.439 1514 1974 E DisplayDeviceConfig: requesting nits when no mapping exists.
11-11 05:28:25.439 1514 1614 I am_wtf : [0,1514,system_server,-1,DisplayDeviceConfig,requesting nits when no mapping exists.]
11-11 05:28:25.440 1514 1614 I am_wtf : [0,1514,system_server,-1,DisplayDeviceConfig,requesting nits when no mapping exists.]
11-11 05:28:25.455 1514 1974 E DisplayDeviceConfig: requesting nits when no mapping exists.
11-11 05:28:25.455 1514 1614 I am_wtf : [0,1514,system_server,-1,DisplayDeviceConfig,requesting nits when no mapping exists.]
11-11 05:28:25.455 1514 1974 E DisplayDeviceConfig: requesting nits when no mapping exists.
11-11 05:28:25.456 1514 1614 I am_wtf : [0,1514,system_server,-1,DisplayDeviceConfig,requesting nits when no mapping exists.]
11-11 05:28:25.472 1514 1974 E DisplayDeviceConfig: requesting nits when no mapping exists.
11-11 05:28:25.472 1514 1974 E DisplayDeviceConfig: requesting nits when no mapping exists.
11-11 05:28:25.472 1514 1614 I am_wtf : [0,1514,system_server,-1,DisplayDeviceConfig,requesting nits when no mapping exists.]
11-11 05:28:25.473 1514 1614 I am_wtf : [0,1514,system_server,-1,DisplayDeviceConfig,requesting nits when no mapping exists.]
11-11 05:28:25.488 1514 1974 E DisplayDeviceConfig: requesting nits when no mapping exists.
11-11 05:28:25.489 1514 1614 I am_wtf : [0,1514,system_server,-1,DisplayDeviceConfig,requesting nits when no mapping exists.]
11-11 05:28:25.489 1514 1974 E DisplayDeviceConfig: requesting nits when no mapping exists.
11-11 05:28:25.489 1514 1614 I am_wtf : [0,1514,system_server,-1,DisplayDeviceConfig,requesting nits when no mapping exists.]
11-11 05:28:25.505 1514 1974 E DisplayDeviceConfig: requesting nits when no mapping exists.
11-11 05:28:25.505 1514 1974 E DisplayDeviceConfig: requesting nits when no mapping exists.
11-11 05:28:25.506 1514 1614 I am_wtf : [0,1514,system_server,-1,DisplayDeviceConfig,requesting nits when no mapping exists.]
11-11 05:28:25.506 1514 1614 I am_wtf : [0,1514,system_server,-1,DisplayDeviceConfig,requesting nits when no mapping exists.]
11-11 05:28:25.521 1514 1974 E DisplayDeviceConfig: requesting nits when no mapping exists.
11-11 05:28:25.522 1514 1974 E DisplayDeviceConfig: requesting nits when no mapping exists.
11-11 05:28:25.522 1514 1614 I am_wtf : [0,1514,system_server,-1,DisplayDeviceConfig,requesting nits when no mapping exists.]
11-11 05:28:25.523 1514 1614 I am_wtf : [0,1514,system_server,-1,DisplayDeviceConfig,requesting nits when no mapping exists.]
11-11 05:28:25.538 1514 1974 E DisplayDeviceConfig: requesting nits when no mapping exists.
11-11 05:28:25.539 1514 1614 I am_wtf : [0,1514,system_server,-1,DisplayDeviceConfig,requesting nits when no mapping exists.]
11-11 05:28:25.539 1514 1974 E DisplayDeviceConfig: requesting nits when no mapping exists.
11-11 05:28:25.539 1514 1614 I am_wtf : [0,1514,system_server,-1,DisplayDeviceConfig,requesting nits when no mapping exists.]
11-11 05:28:25.555 1514 1974 E DisplayDeviceConfig: requesting nits when no mapping exists.
11-11 05:28:25.555 1514 1974 E DisplayDeviceConfig: requesting nits when no mapping exists.
11-11 05:28:25.555 1514 1614 I am_wtf : [0,1514,system_server,-1,DisplayDeviceConfig,requesting nits when no mapping exists.]
11-11 05:28:25.556 1514 1614 I am_wtf : [0,1514,system_server,-1,DisplayDeviceConfig,requesting nits when no mapping exists.]
11-11 05:28:25.572 1514 1974 E DisplayDeviceConfig: requesting nits when no mapping exists.
11-11 05:28:25.572 1514 1614 I am_wtf : [0,1514,system_server,-1,DisplayDeviceConfig,requesting nits when no mapping exists.]
11-11 05:28:25.573 1514 1974 E DisplayDeviceConfig: requesting nits when no mapping exists.
11-11 05:28:25.574 1514 1614 I am_wtf : [0,1514,system_server,-1,DisplayDeviceConfig,requesting nits when no mapping exists.]
11-11 05:28:25.589 1514 1974 E DisplayDeviceConfig: requesting nits when no mapping exists.
11-11 05:28:25.589 1514 1974 E DisplayDeviceConfig: requesting nits when no mapping exists.
11-11 05:28:25.589 1514 1614 I am_wtf : [0,1514,system_server,-1,DisplayDeviceConfig,requesting nits when no mapping exists.]
11-11 05:28:25.590 1514 1614 I am_wtf : [0,1514,system_server,-1,DisplayDeviceConfig,requesting nits when no mapping exists.]
11-11 05:28:25.605 1514 1974 E DisplayDeviceConfig: requesting nits when no mapping exists.
11-11 05:28:25.605 1514 1974 E DisplayDeviceConfig: requesting nits when no mapping exists.
11-11 05:28:25.605 1514 1614 I am_wtf : [0,1514,system_server,-1,DisplayDeviceConfig,requesting nits when no mapping exists.]
11-11 05:28:25.607 1514 1614 I am_wtf : [0,1514,system_server,-1,DisplayDeviceConfig,requesting nits when no mapping exists.]
11-11 05:28:25.622 1514 1974 E DisplayDeviceConfig: requesting nits when no mapping exists.
11-11 05:28:25.623 1514 1974 E DisplayDeviceConfig: requesting nits when no mapping exists.
11-11 05:28:25.623 1514 1614 I am_wtf : [0,1514,system_server,-1,DisplayDeviceConfig,requesting nits when no mapping exists.]
11-11 05:28:25.624 1514 1614 I am_wtf : [0,1514,system_server,-1,DisplayDeviceConfig,requesting nits when no mapping exists.]
11-11 05:28:25.638 1514 1974 E DisplayDeviceConfig: requesting nits when no mapping exists.
11-11 05:28:25.639 1514 1974 E DisplayDeviceConfig: requesting nits when no mapping exists.
11-11 05:28:25.639 1514 1614 I am_wtf : [0,1514,system_server,-1,DisplayDeviceConfig,requesting nits when no mapping exists.]
11-11 05:28:25.640 1514 1614 I am_wtf : [0,1514,system_server,-1,DisplayDeviceConfig,requesting nits when no mapping exists.]
11-11 05:28:25.655 1514 1974 E DisplayDeviceConfig: requesting nits when no mapping exists.
11-11 05:28:25.656 1514 1974 E DisplayDeviceConfig: requesting nits when no mapping exists.
11-11 05:28:25.656 1514 1614 I am_wtf : [0,1514,system_server,-1,DisplayDeviceConfig,requesting nits when no mapping exists.]
11-11 05:28:25.657 1514 1614 I am_wtf : [0,1514,system_server,-1,DisplayDeviceConfig,requesting nits when no mapping exists.]
11-11 05:28:25.672 1514 1974 E DisplayDeviceConfig: requesting nits when no mapping exists.
11-11 05:28:25.672 1514 1974 E DisplayDeviceConfig: requesting nits when no mapping exists.
11-11 05:28:25.672 1514 1614 I am_wtf : [0,1514,system_server,-1,DisplayDeviceConfig,requesting nits when no mapping exists.]
11-11 05:28:25.673 1514 1614 I am_wtf : [0,1514,system_server,-1,DisplayDeviceConfig,requesting nits when no mapping exists.]
11-11 05:28:25.689 1514 1974 E DisplayDeviceConfig: requesting nits when no mapping exists.
11-11 05:28:25.689 1514 1974 E DisplayDeviceConfig: requesting nits when no mapping exists.
11-11 05:28:25.689 1514 1614 I am_wtf : [0,1514,system_server,-1,DisplayDeviceConfig,requesting nits when no mapping exists.]
11-11 05:28:25.690 1514 1614 I am_wtf : [0,1514,system_server,-1,DisplayDeviceConfig,requesting nits when no mapping exists.]
11-11 05:28:25.706 1514 1974 E DisplayDeviceConfig: requesting nits when no mapping exists.
11-11 05:28:25.707 1514 1614 I am_wtf : [0,1514,system_server,-1,DisplayDeviceConfig,requesting nits when no mapping exists.]
11-11 05:28:25.707 1514 1974 E DisplayDeviceConfig: requesting nits when no mapping exists.
11-11 05:28:25.708 1514 1614 I am_wtf : [0,1514,system_server,-1,DisplayDeviceConfig,requesting nits when no mapping exists.]
11-11 05:28:25.722 1514 1974 E DisplayDeviceConfig: requesting nits when no mapping exists.
11-11 05:28:25.723 1514 1974 E DisplayDeviceConfig: requesting nits when no mapping exists.
11-11 05:28:25.723 1514 1614 I am_wtf : [0,1514,system_server,-1,DisplayDeviceConfig,requesting nits when no mapping exists.]
11-11 05:28:25.724 1514 1614 I am_wtf : [0,1514,system_server,-1,DisplayDeviceConfig,requesting nits when no mapping exists.]
11-11 05:28:25.738 1514 1974 E DisplayDeviceConfig: requesting nits when no mapping exists.
11-11 05:28:25.739 1514 1974 E DisplayDeviceConfig: requesting nits when no mapping exists.
11-11 05:28:25.739 1514 1614 I am_wtf : [0,1514,system_server,-1,DisplayDeviceConfig,requesting nits when no mapping exists.]
11-11 05:28:25.739 1514 1614 I am_wtf : [0,1514,system_server,-1,DisplayDeviceConfig,requesting nits when no mapping exists.]
11-11 05:28:25.755 1514 1974 E DisplayDeviceConfig: requesting nits when no mapping exists.
11-11 05:28:25.756 1514 1974 E DisplayDeviceConfig: requesting nits when no mapping exists.
11-11 05:28:25.756 1514 1614 I am_wtf : [0,1514,system_server,-1,DisplayDeviceConfig,requesting nits when no mapping exists.]
11-11 05:28:25.756 1514 1614 I am_wtf : [0,1514,system_server,-1,DisplayDeviceConfig,requesting nits when no mapping exists.]
11-11 05:28:25.772 1514 1974 E DisplayDeviceConfig: requesting nits when no mapping exists.
11-11 05:28:25.772 1514 1974 E DisplayDeviceConfig: requesting nits when no mapping exists.
11-11 05:28:25.772 1514 1614 I am_wtf : [0,1514,system_server,-1,DisplayDeviceConfig,requesting nits when no mapping exists.]
11-11 05:28:25.773 1514 1614 I am_wtf : [0,1514,system_server,-1,DisplayDeviceConfig,requesting nits when no mapping exists.]
11-11 05:28:25.789 1514 1974 E DisplayDeviceConfig: requesting nits when no mapping exists.
11-11 05:28:25.789 1514 1614 I am_wtf : [0,1514,system_server,-1,DisplayDeviceConfig,requesting nits when no mapping exists.]
11-11 05:28:25.789 1514 1974 E DisplayDeviceConfig: requesting nits when no mapping exists.
11-11 05:28:25.790 1514 1614 I am_wtf : [0,1514,system_server,-1,DisplayDeviceConfig,requesting nits when no mapping exists.]
11-11 05:28:25.805 1514 1974 E DisplayDeviceConfig: requesting nits when no mapping exists.
11-11 05:28:25.806 1514 1974 E DisplayDeviceConfig: requesting nits when no mapping exists.
11-11 05:28:25.806 1514 1614 I am_wtf : [0,1514,system_server,-1,DisplayDeviceConfig,requesting nits when no mapping exists.]
11-11 05:28:25.807 1514 1614 I am_wtf : [0,1514,system_server,-1,DisplayDeviceConfig,requesting nits when no mapping exists.]
11-11 05:28:25.822 1514 1974 E DisplayDeviceConfig: requesting nits when no mapping exists.
11-11 05:28:25.823 1514 1974 E DisplayDeviceConfig: requesting nits when no mapping exists.
11-11 05:28:25.823 1514 1614 I am_wtf : [0,1514,system_server,-1,DisplayDeviceConfig,requesting nits when no mapping exists.]
11-11 05:28:25.824 1514 1614 I am_wtf : [0,1514,system_server,-1,DisplayDeviceConfig,requesting nits when no mapping exists.]
11-11 05:28:25.840 1514 1974 E DisplayDeviceConfig: requesting nits when no mapping exists.
11-11 05:28:25.841 1514 1614 I am_wtf : [0,1514,system_server,-1,DisplayDeviceConfig,requesting nits when no mapping exists.]
11-11 05:28:25.842 1514 1974 E DisplayDeviceConfig: requesting nits when no mapping exists.
11-11 05:28:25.843 1514 1614 I am_wtf : [0,1514,system_server,-1,DisplayDeviceConfig,requesting nits when no mapping exists.]
11-11 05:28:25.858 1514 1974 E DisplayDeviceConfig: requesting nits when no mapping exists.
11-11 05:28:25.859 1514 1614 I am_wtf : [0,1514,system_server,-1,DisplayDeviceConfig,requesting nits when no mapping exists.]
11-11 05:28:25.859 1514 1974 E DisplayDeviceConfig: requesting nits when no mapping exists.
11-11 05:28:25.860 1514 1614 I am_wtf : [0,1514,system_server,-1,DisplayDeviceConfig,requesting nits when no mapping exists.]
11-11 05:28:25.872 1514 1974 E DisplayDeviceConfig: requesting nits when no mapping exists.
11-11 05:28:25.873 1514 1614 I am_wtf : [0,1514,system_server,-1,DisplayDeviceConfig,requesting nits when no mapping exists.]
11-11 05:28:25.873 1514 1974 E DisplayDeviceConfig: requesting nits when no mapping exists.
11-11 05:28:25.876 1514 1614 I am_wtf : [0,1514,system_server,-1,DisplayDeviceConfig,requesting nits when no mapping exists.]
11-11 05:28:25.889 1514 1974 E DisplayDeviceConfig: requesting nits when no mapping exists.
11-11 05:28:25.890 1514 1974 E DisplayDeviceConfig: requesting nits when no mapping exists.
11-11 05:28:25.891 1514 1614 I am_wtf : [0,1514,system_server,-1,DisplayDeviceConfig,requesting nits when no mapping exists.]
11-11 05:28:25.892 1514 1614 I am_wtf : [0,1514,system_server,-1,DisplayDeviceConfig,requesting nits when no mapping exists.]
11-11 05:28:25.906 1514 1974 E DisplayDeviceConfig: requesting nits when no mapping exists.
11-11 05:28:25.907 1514 1614 I am_wtf : [0,1514,system_server,-1,DisplayDeviceConfig,requesting nits when no mapping exists.]
11-11 05:28:25.908 1514 1974 E DisplayDeviceConfig: requesting nits when no mapping exists.
11-11 05:28:25.908 1514 1614 I am_wtf : [0,1514,system_server,-1,DisplayDeviceConfig,requesting nits when no mapping exists.]
11-11 05:28:25.923 1514 1974 E DisplayDeviceConfig: requesting nits when no mapping exists.
11-11 05:28:25.923 1514 1614 I am_wtf : [0,1514,system_server,-1,DisplayDeviceConfig,requesting nits when no mapping exists.]
11-11 05:28:25.923 1514 1974 E DisplayDeviceConfig: requesting nits when no mapping exists.
11-11 05:28:25.925 1514 1614 I am_wtf : [0,1514,system_server,-1,DisplayDeviceConfig,requesting nits when no mapping exists.]
11-11 05:28:25.939 1514 1974 E DisplayDeviceConfig: requesting nits when no mapping exists.
11-11 05:28:25.940 1514 1614 I am_wtf : [0,1514,system_server,-1,DisplayDeviceConfig,requesting nits when no mapping exists.]
11-11 05:28:25.940 1514 1974 E DisplayDeviceConfig: requesting nits when no mapping exists.
11-11 05:28:25.941 1514 1614 I am_wtf : [0,1514,system_server,-1,DisplayDeviceConfig,requesting nits when no mapping exists.]
11-11 05:28:25.956 1514 1974 E DisplayDeviceConfig: requesting nits when no mapping exists.
11-11 05:28:25.957 1514 1614 I am_wtf : [0,1514,system_server,-1,DisplayDeviceConfig,requesting nits when no mapping exists.]
11-11 05:28:25.958 1514 1974 E DisplayDeviceConfig: requesting nits when no mapping exists.
11-11 05:28:25.959 1514 1614 I am_wtf : [0,1514,system_server,-1,DisplayDeviceConfig,requesting nits when no mapping exists.]
11-11 05:28:26.399 0 0 I auditd : type=1400 audit(0.0:3030): avc: denied { kill } for comm="swapper/3" capability=5 scontext=u:r:kernel:s0 tcontext=u:r:kernel:s0 tclass=capability permissive=0
11-11 05:28:27.399 0 0 I auditd : type=1400 audit(0.0:3031): avc: denied { kill } for comm="swapper/3" capability=5 scontext=u:r:kernel:s0 tcontext=u:r:kernel:s0 tclass=capability permissive=0
11-11 05:28:28.399 0 0 I auditd : type=1400 audit(0.0:3032): avc: denied { kill } for comm="swapper/3" capability=5 scontext=u:r:kernel:s0 tcontext=u:r:kernel:s0 tclass=capability permissive=0
11-11 05:28:29.399 0 0 I auditd : type=1400 audit(0.0:3033): avc: denied { kill } for comm="swapper/3" capability=5 scontext=u:r:kernel:s0 tcontext=u:r:kernel:s0 tclass=capability permissive=0
11-11 05:28:30.399 0 0 I auditd : type=1400 audit(0.0:3034): avc: denied { kill } for comm="swapper/3" capability=5 scontext=u:r:kernel:s0 tcontext=u:r:kernel:s0 tclass=capability permissive=0
11-11 05:28:31.399 0 0 I auditd : type=1400 audit(0.0:3035): avc: denied { kill } for comm="swapper/3" capability=5 scontext=u:r:kernel:s0 tcontext=u:r:kernel:s0 tclass=capability permissive=0
11-11 05:28:31.992 1514 1649 I PowerManagerService: Napping display group (groupId=0, uid=1000)...
11-11 05:28:31.992 1514 1649 I PowerManagerService: Nap time (uid 1000)...
11-11 05:28:31.995 1514 1649 I DreamManagerService: Entering dreamland.
11-11 05:28:31.998 1514 1649 I PowerManagerService: Dreaming...
11-11 05:28:32.005 1514 1592 I DreamController: Starting dream: name=ComponentInfo{com.thundercomm.screensaver/com.thundercomm.saverclock.service.ClockScreensaver}, isTest=false, canDoze=false, userId=0
11-11 05:28:32.005 1514 1592 I sysui_multi_action: [757,222,758,1]
11-11 05:28:32.010 1514 1592 I am_uid_active: 10051
11-11 05:28:32.020 1514 1540 I ActivityTaskManager: START u0 {flg=0x10000000 pkg=com.thundercomm.screensaver cmp=com.thundercomm.screensaver/android.service.dreams.DreamActivity (has extras)} from uid 10051
11-11 05:28:32.023 1514 1540 I wm_task_created: [89,-1]
11-11 05:28:32.023 1514 1540 W ActivityTaskManager: Can't find TaskDisplayArea to determine support for multi window. Task id=89 attached=false
11-11 05:28:32.027 1514 1540 I wm_task_moved: [89,1,6]
11-11 05:28:32.027 1514 1540 I wm_task_to_front: [0,89]
11-11 05:28:32.028 1514 1540 I wm_create_task: [0,89]
11-11 05:28:32.028 1514 1540 I wm_create_activity: [0,67184254,89,com.thundercomm.screensaver/android.service.dreams.DreamActivity,NULL,NULL,NULL,276824064]
11-11 05:28:32.028 1514 1540 I wm_task_moved: [89,1,6]
11-11 05:28:32.028 2503 2503 I wm_on_top_resumed_lost_called: [157690489,com.android.launcher3.uioverrides.QuickstepLauncher,topStateChangedWhenResumed]
11-11 05:28:32.030 1514 1540 I wm_pause_activity: [0,157690489,com.android.launcher3/.uioverrides.QuickstepLauncher,userLeaving=true,pauseBackTasks]
11-11 05:28:32.036 2503 2503 I wm_on_paused_called: [157690489,com.android.launcher3.uioverrides.QuickstepLauncher,performPause]
11-11 05:28:32.040 1514 1540 I ActivityTaskManager: FOREGROUND_APPLICATION_CHANGED to android.service.dreams.DreamActivity
11-11 05:28:32.040 1514 1540 I ActivityTaskManager: The Process com.thundercomm.screensaver Already Exists in BG. So sending its PID: 4894
11-11 05:28:32.041 1514 1540 W ActivityTaskManager: Tried to set launchTime (0) < mLastActivityLaunchTime (2435255)
11-11 05:28:32.041 1514 1540 I wm_add_to_stopping: [0,157690489,com.android.launcher3/.uioverrides.QuickstepLauncher,makeInvisible]
11-11 05:28:32.043 1514 1540 I wm_restart_activity: [0,67184254,89,com.thundercomm.screensaver/android.service.dreams.DreamActivity]
11-11 05:28:32.045 1514 1540 I wm_set_resumed_activity: [0,com.thundercomm.screensaver/android.service.dreams.DreamActivity,minimalResumeActivityLocked]
11-11 05:28:32.059 4894 4894 I wm_on_create_called: [67184254,android.service.dreams.DreamActivity,performCreate]
11-11 05:28:32.060 4894 4894 I wm_on_start_called: [67184254,android.service.dreams.DreamActivity,handleStartActivity]
11-11 05:28:32.061 4894 4894 I wm_on_resume_called: [67184254,android.service.dreams.DreamActivity,RESUME_ACTIVITY]
11-11 05:28:32.065 1514 9595 W WindowManager: Failed looking up window session=Session{de6ab3f 4894:u0a10051} callers=com.android.server.wm.WindowManagerService.windowForClientLocked:5628 com.android.server.wm.Session.insetsModified:629 android.view.IWindowSession$Stub.onTransact:1151
11-11 05:28:32.068 1514 1595 I sysui_multi_action: [757,803,799,window_time_2,802,60]
11-11 05:28:32.073 3685 3703 W ContextImpl: Calling a method in the system process without a qualified user: android.app.ContextImpl.startService:1816 android.content.ContextWrapper.startService:774 com.thundercomm.gamemode.ingame.services.GameModeActionUtils.startGameModeService:93 com.thundercomm.gamemode.ingame.services.GameModeActionUtils.startGameModeEntry:21 com.thundercomm.gamemode.ingame.services.ActivityMonitoringService$1.onActivityLaunch:126
11-11 05:28:32.074 1514 1770 I input_focus: [Focus leaving eea03e8 com.android.launcher3/com.android.launcher3.uioverrides.QuickstepLauncher (server),reason=NO_WINDOW]
11-11 05:28:32.079 1514 1514 I GameModeConfig: Current uri is uri = content://com.thundercomm.gamemode.api/gamemode_settings/gamemode_isgaming
11-11 05:28:32.080 4894 4894 I wm_on_top_resumed_gained_called: [67184254,android.service.dreams.DreamActivity,topStateChangedWhenResumed]
11-11 05:28:32.087 1514 1514 I GameModeConfig: isGameModeOn = false
11-11 05:28:32.091 1514 1514 I GameModeConfig: isGameModeOn = false
11-11 05:28:32.091 1514 1514 I GameModeConfig: isDisableVoice = true
11-11 05:28:32.103 1514 1596 I input_focus: [Focus request 138ac2c com.thundercomm.screensaver/android.service.dreams.DreamActivity,reason=UpdateInputWindows]
11-11 05:28:32.104 1514 1901 I GameModeConfig: isGameModeOn = false
11-11 05:28:32.104 1514 1901 I GameModeConfig: isGameModeOn = false
11-11 05:28:32.104 1514 1901 I GameModeConfig: isGameModeOn = false
11-11 05:28:32.104 1514 1901 I GameModeConfig: isGameModeOn = false
11-11 05:28:32.106 1514 1514 I notification_enqueue: [10082,1998,com.android.systemui,2048,NULL,0,Notification(channel=updateNotification shortcut=null contentView=null vibrate=null sound=null defaults=0x0 flags=0x0 color=0x00000000 vis=PRIVATE),1]
11-11 05:28:32.107 1998 1998 I sysui_multi_action: [757,111,758,2]
11-11 05:28:32.110 1998 1998 I sysui_multi_action: [757,111,758,2]
11-11 05:28:32.123 1514 1649 V DisplayPowerController[0]: Brightness [1.0] reason changing to: 'manual', previous reason: 'manual [ dim ]'.
11-11 05:28:32.123 1514 1649 I sysui_multi_action: [757,1696,758,6,759,3]
11-11 05:28:32.126 1514 1592 I sysui_multi_action: [319,98,322,97,325,2527,757,761,758,8,759,2,806,com.thundercomm.screensaver,871,android.service.dreams.DreamActivity,904,com.thundercomm.screensaver,905,0,1320,4,1321,2]
11-11 05:28:32.127 1514 1592 I wm_activity_launch_time: [0,67184254,com.thundercomm.screensaver/android.service.dreams.DreamActivity,97]
11-11 05:28:32.127 1998 1998 I sysui_multi_action: [757,111,758,1]
11-11 05:28:32.127 1998 1998 I sysui_multi_action: [757,126,758,1,759,126,927,0,928,1,1593,0]
11-11 05:28:32.127 1998 1998 I sysui_multi_action: [757,113,758,1,759,113,927,1,928,1,1593,0]
11-11 05:28:32.127 1998 1998 I sysui_multi_action: [757,0,758,1,759,0,927,2,928,0,1593,0]
11-11 05:28:32.127 1998 1998 I sysui_multi_action: [757,0,758,1,759,0,927,3,928,0,1593,0]
11-11 05:28:32.128 1998 1998 I sysui_multi_action: [757,491,758,1,759,491,927,4,928,0,1311,-1,1593,0]
11-11 05:28:32.128 1998 1998 I sysui_multi_action: [757,0,758,1,759,0,927,5,928,0,1593,0]
11-11 05:28:32.128 1998 1998 I sysui_multi_action: [757,111,758,1]
11-11 05:28:32.128 1998 1998 I sysui_multi_action: [757,126,758,1,759,126,927,0,928,1,1593,0]
11-11 05:28:32.128 1998 1998 I sysui_multi_action: [757,113,758,1,759,113,927,1,928,1,1593,0]
11-11 05:28:32.128 1998 1998 I sysui_multi_action: [757,0,758,1,759,0,927,2,928,0,1593,0]
11-11 05:28:32.128 1998 1998 I sysui_multi_action: [757,0,758,1,759,0,927,3,928,0,1593,0]
11-11 05:28:32.140 1514 1974 E DisplayDeviceConfig: requesting nits when no mapping exists.
11-11 05:28:32.140 1514 1974 E DisplayDeviceConfig: requesting nits when no mapping exists.
11-11 05:28:32.141 1514 1614 I am_wtf : [0,1514,system_server,-1,DisplayDeviceConfig,requesting nits when no mapping exists.]
11-11 05:28:32.141 1514 1614 I service_manager_stats: [119,61,10362]
11-11 05:28:32.142 1514 1614 I am_wtf : [0,1514,system_server,-1,DisplayDeviceConfig,requesting nits when no mapping exists.]
11-11 05:28:32.142 1514 1770 I input_focus: [Focus entering 138ac2c com.thundercomm.screensaver/android.service.dreams.DreamActivity (server),reason=Window became focusable. Previous reason: NOT_VISIBLE]
11-11 05:28:32.155 3685 3703 W ContextImpl: Calling a method in the system process without a qualified user: android.app.ContextImpl.startService:1816 android.content.ContextWrapper.startService:774 com.thundercomm.gamemode.ingame.services.GameModeActionUtils.startGameModeService:93 com.thundercomm.gamemode.ingame.services.GameModeActionUtils.startGameModeEntry:21 com.thundercomm.gamemode.ingame.services.ActivityMonitoringService$1.onActivityLaunch:126
11-11 05:28:32.158 1514 1974 E DisplayDeviceConfig: requesting nits when no mapping exists.
11-11 05:28:32.159 1514 1974 E DisplayDeviceConfig: requesting nits when no mapping exists.
11-11 05:28:32.163 1514 1514 I GameModeConfig: Current uri is uri = content://com.thundercomm.gamemode.api/gamemode_settings/gamemode_isgaming
11-11 05:28:32.164 1514 1514 I GameModeConfig: isGameModeOn = false
11-11 05:28:32.164 1514 1514 I GameModeConfig: isGameModeOn = false
11-11 05:28:32.164 1514 1514 I GameModeConfig: isDisableVoice = true
11-11 05:28:32.166 1514 1614 I am_wtf : [0,1514,system_server,-1,DisplayDeviceConfig,requesting nits when no mapping exists.]
11-11 05:28:32.167 1514 1614 I am_wtf : [0,1514,system_server,-1,DisplayDeviceConfig,requesting nits when no mapping exists.]
11-11 05:28:32.173 1514 1974 E DisplayDeviceConfig: requesting nits when no mapping exists.
11-11 05:28:32.174 1514 1974 E DisplayDeviceConfig: requesting nits when no mapping exists.
11-11 05:28:32.174 1514 1614 I am_wtf : [0,1514,system_server,-1,DisplayDeviceConfig,requesting nits when no mapping exists.]
11-11 05:28:32.175 1514 1614 I am_wtf : [0,1514,system_server,-1,DisplayDeviceConfig,requesting nits when no mapping exists.]
11-11 05:28:32.193 1514 1974 E DisplayDeviceConfig: requesting nits when no mapping exists.
11-11 05:28:32.193 1514 1974 E DisplayDeviceConfig: requesting nits when no mapping exists.
11-11 05:28:32.193 1514 1614 I am_wtf : [0,1514,system_server,-1,DisplayDeviceConfig,requesting nits when no mapping exists.]
11-11 05:28:32.195 1514 1614 I am_wtf : [0,1514,system_server,-1,DisplayDeviceConfig,requesting nits when no mapping exists.]
