11-11 05:02:21.790 1514 8092 I ActivityTaskManager: START u0 {act=android.intent.action.MAIN cat=[android.intent.category.LAUNCHER] flg=0x10200000 cmp=com.android.settings/.Settings bnds=[2233,723][2408,906]} from uid 10079
11-11 05:02:21.793 1514 8092 I wm_task_created: [63,-1]
11-11 05:02:21.793 1514 8092 W ActivityTaskManager: Can't find TaskDisplayArea to determine support for multi window. Task id=63 attached=false
11-11 05:02:21.797 1514 8092 I wm_task_moved: [63,1,6]
11-11 05:02:21.798 1514 8092 I wm_task_to_front: [0,63]
11-11 05:02:21.798 1514 8092 I wm_create_task: [0,63]
11-11 05:02:21.798 1514 8092 I wm_create_activity: [0,24964810,63,com.android.settings/.Settings,android.intent.action.MAIN,NULL,NULL,270532608]
11-11 05:02:21.798 1514 8092 I wm_task_moved: [63,1,6]
11-11 05:02:21.801 1514 8092 I wm_pause_activity: [0,157690489,com.android.launcher3/.uioverrides.QuickstepLauncher,userLeaving=true,pauseBackTasks]
11-11 05:02:21.806 2503 2503 I wm_on_top_resumed_lost_called: [157690489,com.android.launcher3.uioverrides.QuickstepLauncher,topStateChangedWhenResumed]
11-11 05:02:21.809 2503 2503 I wm_on_paused_called: [157690489,com.android.launcher3.uioverrides.QuickstepLauncher,performPause]
11-11 05:02:21.810 1514 6421 I ActivityTaskManager: FOREGROUND_APPLICATION_CHANGED to com.android.settings.homepage.SettingsHomepageActivity
11-11 05:02:21.811 1514 6421 I ActivityTaskManager: The Process com.android.settings Already Exists in BG. So sending its PID: 8234
11-11 05:02:21.811 1514 6421 I wm_add_to_stopping: [0,157690489,com.android.launcher3/.uioverrides.QuickstepLauncher,makeInvisible]
11-11 05:02:21.812 1514 6421 I wm_restart_activity: [0,24964810,63,com.android.settings/.Settings]
11-11 05:02:21.813 1514 6421 I wm_set_resumed_activity: [0,com.android.settings/.Settings,minimalResumeActivityLocked]
11-11 05:02:21.823 1514 1595 I sysui_multi_action: [757,803,799,window_time_0,802,22]
11-11 05:02:21.833 3685 3703 W ContextImpl: Calling a method in the system process without a qualified user: android.app.ContextImpl.startService:1816 android.content.ContextWrapper.startService:774 com.thundercomm.gamemode.ingame.services.GameModeActionUtils.startGameModeService:93 com.thundercomm.gamemode.ingame.services.GameModeActionUtils.startGameModeEntry:21 com.thundercomm.gamemode.ingame.services.ActivityMonitoringService$1.onActivityLaunch:126
11-11 05:02:21.836 1514 1770 I input_focus: [Focus leaving eea03e8 com.android.launcher3/com.android.launcher3.uioverrides.QuickstepLauncher (server),reason=NO_WINDOW]
11-11 05:02:21.842 1514 1514 I GameModeConfig: Current uri is uri = content://com.thundercomm.gamemode.api/gamemode_settings/gamemode_isgaming
11-11 05:02:21.848 1514 1514 I GameModeConfig: isGameModeOn = false
11-11 05:02:21.848 1514 1514 I GameModeConfig: isGameModeOn = false
11-11 05:02:21.848 1514 1514 I GameModeConfig: isDisableVoice = true
11-11 05:02:21.861 8234 8234 I wm_on_create_called: [24964810,com.android.settings.Settings,performCreate]
11-11 05:02:21.867 1514 2960 E UserRestrictionsUtils: Unknown restriction queried by uid 1000 (com.thundercomm.remotecontrolservice et al): null
11-11 05:02:21.868 1514 2960 E UserRestrictionsUtils: Unknown restriction queried by uid 1000 (com.thundercomm.remotecontrolservice et al): null
11-11 05:02:21.868 1514 2960 E UserRestrictionsUtils: Unknown restriction queried by uid 1000 (com.thundercomm.remotecontrolservice et al): null
11-11 05:02:21.868 1514 2960 E UserRestrictionsUtils: Unknown restriction queried by uid 1000 (com.thundercomm.remotecontrolservice et al): null
11-11 05:02:21.868 1514 2960 E UserRestrictionsUtils: Unknown restriction queried by uid 1000 (com.thundercomm.remotecontrolservice et al): null
11-11 05:02:21.868 1514 2960 E UserRestrictionsUtils: Unknown restriction queried by uid 1000 (com.thundercomm.remotecontrolservice et al): null
11-11 05:02:21.868 1514 2960 E UserRestrictionsUtils: Unknown restriction queried by uid 1000 (com.thundercomm.remotecontrolservice et al): null
11-11 05:02:21.869 1514 2960 E UserRestrictionsUtils: Unknown restriction queried by uid 1000 (com.thundercomm.remotecontrolservice et al): null
11-11 05:02:21.869 1514 2960 E UserRestrictionsUtils: Unknown restriction queried by uid 1000 (com.thundercomm.remotecontrolservice et al): null
11-11 05:02:21.869 1514 3207 E UserRestrictionsUtils: Unknown restriction queried by uid 1000 (com.thundercomm.remotecontrolservice et al): null
11-11 05:02:21.869 1514 3207 E UserRestrictionsUtils: Unknown restriction queried by uid 1000 (com.thundercomm.remotecontrolservice et al): null
11-11 05:02:21.869 1514 3207 E UserRestrictionsUtils: Unknown restriction queried by uid 1000 (com.thundercomm.remotecontrolservice et al): null
11-11 05:02:21.869 1514 3207 E UserRestrictionsUtils: Unknown restriction queried by uid 1000 (com.thundercomm.remotecontrolservice et al): null
11-11 05:02:21.869 1514 3207 E UserRestrictionsUtils: Unknown restriction queried by uid 1000 (com.thundercomm.remotecontrolservice et al): null
11-11 05:02:21.870 1514 3207 E UserRestrictionsUtils: Unknown restriction queried by uid 1000 (com.thundercomm.remotecontrolservice et al): null
11-11 05:02:21.870 1514 3207 E UserRestrictionsUtils: Unknown restriction queried by uid 1000 (com.thundercomm.remotecontrolservice et al): null
11-11 05:02:21.870 1514 3207 E UserRestrictionsUtils: Unknown restriction queried by uid 1000 (com.thundercomm.remotecontrolservice et al): null
11-11 05:02:21.870 1514 3207 E UserRestrictionsUtils: Unknown restriction queried by uid 1000 (com.thundercomm.remotecontrolservice et al): null
11-11 05:02:21.885 8234 8234 I wm_on_start_called: [24964810,com.android.settings.Settings,handleStartActivity]
11-11 05:02:21.886 8234 8234 I snet_event_log: [120484087,-1,]
11-11 05:02:21.886 8234 8234 I wm_on_resume_called: [24964810,com.android.settings.Settings,RESUME_ACTIVITY]
11-11 05:02:21.887 8234 8234 I sysui_multi_action: [757,35,758,1,833,0,1089,25]
11-11 05:02:21.897 8234 8234 I sysui_multi_action: [757,1729,758,4,854,isParalleledControllers:false,1089,35]
11-11 05:02:21.904 8234 8234 I wm_on_top_resumed_gained_called: [24964810,com.android.settings.Settings,topStateChangedWhenResumed]
11-11 05:02:21.924 3685 3703 W ContextImpl: Calling a method in the system process without a qualified user: android.app.ContextImpl.startService:1816 android.content.ContextWrapper.startService:774 com.thundercomm.gamemode.ingame.services.GameModeActionUtils.startGameModeService:93 com.thundercomm.gamemode.ingame.services.GameModeActionUtils.startGameModeEntry:21 com.thundercomm.gamemode.ingame.services.ActivityMonitoringService$1.onActivityLaunch:126
11-11 05:02:21.932 1514 1514 I GameModeConfig: Current uri is uri = content://com.thundercomm.gamemode.api/gamemode_settings/gamemode_isgaming
11-11 05:02:21.936 1514 1514 I GameModeConfig: isGameModeOn = false
11-11 05:02:21.937 1514 1514 I GameModeConfig: isGameModeOn = false
11-11 05:02:21.937 1514 1514 I GameModeConfig: isDisableVoice = true
11-11 05:02:21.947 1514 1596 I input_focus: [Focus request d139a2a com.android.settings/com.android.settings.Settings,reason=UpdateInputWindows]
11-11 05:02:21.995 1514 1596 I sysui_multi_action: [324,1,757,1090,758,12,806,com.android.settings,871,com.android.settings.Settings,1091,205]
11-11 05:02:22.004 1514 1770 I input_focus: [Focus entering d139a2a com.android.settings/com.android.settings.Settings (server),reason=Window became focusable. Previous reason: NOT_VISIBLE]
11-11 05:02:22.006 1514 1592 I sysui_multi_action: [319,84,321,82,322,205,325,957,757,761,758,8,759,1,806,com.android.settings,871,com.android.settings.Settings,904,com.android.launcher3,905,0,1320,8,1321,5]
11-11 05:02:22.009 1514 1592 I wm_activity_launch_time: [0,24964810,com.android.settings/.Settings,205]
11-11 05:02:22.114 8234 8234 W CarrierConfigManager: Error getting config for subId -1 ICarrierConfigLoader is null
11-11 05:02:22.120 1514 2991 E UserRestrictionsUtils: Unknown restriction queried by uid 1000 (com.thundercomm.remotecontrolservice et al): null
11-11 05:02:22.167 8234 8234 I sysui_multi_action: [757,746,758,1,833,0,1089,71]
11-11 05:02:22.169 1514 2991 D TelephonyRegistry: listen oscl: mHasNotifySubscriptionInfoChangedOccurred==false no callback
11-11 05:02:22.175 1514 2991 D TelephonyRegistry: listen oscl: mHasNotifySubscriptionInfoChangedOccurred==false no callback
11-11 05:02:22.192 8234 8234 I sysui_multi_action: [757,1729,758,4,854,isParalleledControllers:false,1089,96]
11-11 05:02:22.412 1514 1595 I wm_stop_activity: [0,157690489,com.android.launcher3/.uioverrides.QuickstepLauncher]
11-11 05:02:22.433 2503 2503 I wm_on_stop_called: [157690489,com.android.launcher3.uioverrides.QuickstepLauncher,STOP_ACTIVITY_ITEM]
11-11 05:02:22.445 3685 3703 W ContextImpl: Calling a method in the system process without a qualified user: android.app.ContextImpl.startService:1816 android.content.ContextWrapper.startService:774 com.thundercomm.gamemode.ingame.services.GameModeActionUtils.startGameModeService:93 com.thundercomm.gamemode.ingame.services.GameModeActionUtils.startGameModeEntry:21 com.thundercomm.gamemode.ingame.services.ActivityMonitoringService$1.onActivityLaunch:126
11-11 05:02:22.450 1514 1514 I GameModeConfig: Current uri is uri = content://com.thundercomm.gamemode.api/gamemode_settings/gamemode_isgaming
11-11 05:02:22.454 1514 1514 I GameModeConfig: isGameModeOn = false
11-11 05:02:22.455 1514 1514 I GameModeConfig: isGameModeOn = false
11-11 05:02:22.455 1514 1514 I GameModeConfig: isDisableVoice = true
11-11 05:02:23.399 0 0 I auditd : type=1400 audit(0.0:1220): avc: denied { kill } for comm="swapper/3" capability=5 scontext=u:r:kernel:s0 tcontext=u:r:kernel:s0 tclass=capability permissive=0
11-11 05:02:23.587 1514 1770 I input_interaction: Interaction with: 13ab22c StatusBar (server), edge-swipe (server), swipe-up (server), PointerEventDispatcher0 (server),
11-11 05:02:23.597 1998 1998 I sysui_multi_action: [757,803,799,panel_open,802,1]
11-11 05:02:23.599 1998 1998 I sysui_multi_action: [757,1328,758,4,1326,49,1327,1,1329,0]
11-11 05:02:23.714 1514 1901 I GameModeConfig: isGameModeOn = false
11-11 05:02:23.714 1514 1901 I GameModeConfig: isGameModeOn = false
11-11 05:02:23.714 1514 1901 I GameModeConfig: isGameModeOn = false
11-11 05:02:23.714 1514 1901 I GameModeConfig: isGameModeOn = false
11-11 05:02:23.715 1514 8092 I sysui_multi_action: [757,127,758,1]
11-11 05:02:23.715 1514 8092 I sysui_multi_action: [757,804,799,note_load,801,2,802,1]
11-11 05:02:23.715 1514 8092 I notification_panel_revealed: 2
11-11 05:02:23.715 1514 1514 I notification_enqueue: [10082,1998,com.android.systemui,2048,NULL,0,Notification(channel=updateNotification shortcut=null contentView=null vibrate=null sound=null defaults=0x0 flags=0x0 color=0x00000000 vis=PRIVATE),1]
11-11 05:02:23.716 1998 1998 I sysui_multi_action: [757,111,758,2]
11-11 05:02:23.719 1998 1998 I sysui_multi_action: [757,111,758,2]
11-11 05:02:23.741 1514 1596 I input_focus: [Focus request 8c6f483 NotificationShade,reason=UpdateInputWindows]
11-11 05:02:23.746 1998 1998 I sysui_multi_action: [757,111,758,1]
11-11 05:02:23.746 1998 1998 I sysui_multi_action: [757,126,758,1,759,126,927,0,928,1,1593,0]
11-11 05:02:23.746 1998 1998 I sysui_multi_action: [757,113,758,1,759,113,927,1,928,1,1593,0]
11-11 05:02:23.746 1998 1998 I sysui_multi_action: [757,0,758,1,759,0,927,2,928,0,1593,0]
11-11 05:02:23.746 1998 1998 I sysui_multi_action: [757,0,758,1,759,0,927,3,928,0,1593,0]
11-11 05:02:23.746 1998 1998 I sysui_multi_action: [757,491,758,1,759,491,927,4,928,0,1311,-1,1593,0]
11-11 05:02:23.746 1998 1998 I sysui_multi_action: [757,0,758,1,759,0,927,5,928,0,1593,0]
11-11 05:02:23.746 1998 1998 I sysui_multi_action: [757,111,758,1]
11-11 05:02:23.746 1998 1998 I sysui_multi_action: [757,126,758,1,759,126,927,0,928,1,1593,0]
11-11 05:02:23.746 1998 1998 I sysui_multi_action: [757,113,758,1,759,113,927,1,928,1,1593,0]
11-11 05:02:23.746 1998 1998 I sysui_multi_action: [757,0,758,1,759,0,927,2,928,0,1593,0]
11-11 05:02:23.746 1998 1998 I sysui_multi_action: [757,0,758,1,759,0,927,3,928,0,1593,0]
11-11 05:02:23.753 1514 1901 I GameModeConfig: isGameModeOn = false
11-11 05:02:23.753 1514 1901 I GameModeConfig: isGameModeOn = false
11-11 05:02:23.753 1514 1901 I GameModeConfig: isGameModeOn = false
11-11 05:02:23.753 1514 1901 I GameModeConfig: isGameModeOn = false
11-11 05:02:23.754 1514 1514 I notification_enqueue: [10082,1998,com.android.systemui,2048,NULL,0,Notification(channel=updateNotification shortcut=null contentView=null vibrate=null sound=null defaults=0x0 flags=0x0 color=0x00000000 vis=PRIVATE),1]
11-11 05:02:23.754 1998 1998 I sysui_multi_action: [757,111,758,2]
11-11 05:02:23.754 1998 1998 I sysui_multi_action: [757,111,758,2]
11-11 05:02:23.757 1998 1998 I sysui_multi_action: [757,111,758,1]
11-11 05:02:23.757 1998 1998 I sysui_multi_action: [757,126,758,1,759,126,927,0,928,1,1593,0]
11-11 05:02:23.757 1998 1998 I sysui_multi_action: [757,113,758,1,759,113,927,1,928,1,1593,0]
11-11 05:02:23.757 1998 1998 I sysui_multi_action: [757,0,758,1,759,0,927,2,928,0,1593,0]
11-11 05:02:23.757 1998 1998 I sysui_multi_action: [757,0,758,1,759,0,927,3,928,0,1593,0]
11-11 05:02:23.757 1998 1998 I sysui_multi_action: [757,491,758,1,759,491,927,4,928,0,1311,-1,1593,0]
11-11 05:02:23.757 1998 1998 I sysui_multi_action: [757,0,758,1,759,0,927,5,928,0,1593,0]
11-11 05:02:23.757 1998 1998 I sysui_multi_action: [757,111,758,1]
11-11 05:02:23.758 1998 1998 I sysui_multi_action: [757,126,758,1,759,126,927,0,928,1,1593,0]
11-11 05:02:23.758 1998 1998 I sysui_multi_action: [757,113,758,1,759,113,927,1,928,1,1593,0]
11-11 05:02:23.758 1998 1998 I sysui_multi_action: [757,0,758,1,759,0,927,2,928,0,1593,0]
11-11 05:02:23.758 1998 1998 I sysui_multi_action: [757,0,758,1,759,0,927,3,928,0,1593,0]
11-11 05:02:23.765 1514 1770 I input_focus: [Focus leaving d139a2a com.android.settings/com.android.settings.Settings (server),reason=setFocusedWindow]
11-11 05:02:23.765 1514 1770 I input_focus: [Focus entering 8c6f483 NotificationShade (server),reason=setFocusedWindow]
11-11 05:02:23.917 1514 1514 I GameModeConfig: isGameModeOn = false
11-11 05:02:23.918 1514 1514 I sysui_multi_action: [757,1501,758,1,793,938038,794,0,795,204,796,2048,806,com.android.systemui,857,updateNotification,858,3,947,0,1500,0,1688,1]
11-11 05:02:23.918 1514 1514 I sysui_multi_action: [757,804,799,note_interruptive,801,0,802,1]
11-11 05:02:23.918 1514 1514 I sysui_multi_action: [757,199,758,1,759,2,793,938038,794,0,795,204,796,2048,806,com.android.systemui,857,updateNotification,858,3,947,0,1500,0,1688,1]
11-11 05:02:23.918 1514 1514 I notification_alert: [0|com.android.systemui|2048|null|10082,0,1,0]
11-11 05:02:23.919 1514 1514 W NotificationHistory: Attempted to add notif for locked/gone/disabled user 0
11-11 05:02:23.956 1514 1514 I GameModeConfig: isGameModeOn = false
11-11 05:02:23.957 1514 1514 E NotificationService: Muting recently noisy 0|com.android.systemui|2048|null|10082
11-11 05:02:24.261 1514 2960 I sysui_multi_action: [757,128,758,1,793,948486,794,0,795,948486,796,26,798,0,806,android,857,DEVELOPER_IMPORTANT,858,4,947,0,1395,2,1500,947929,1688,1]
11-11 05:02:24.262 1514 2960 I sysui_multi_action: [757,804,799,note_freshness,801,948486,802,1]
11-11 05:02:24.262 1514 2960 I notification_visibility: [-1|android|26|null|1000,1,948486,948486,0,0]
11-11 05:02:24.262 1514 2960 I sysui_multi_action: [757,128,758,1,793,949004,794,0,795,949004,796,32,798,1,806,android,857,USB,858,1,947,0,1395,2,1500,948724,1688,1]
11-11 05:02:24.262 1514 2960 I sysui_multi_action: [757,804,799,note_freshness,801,949004,802,1]
11-11 05:02:24.262 1514 2960 I notification_visibility: [-1|android|32|null|1000,1,949004,949004,0,1]
11-11 05:02:24.352 1410 8378 I liblog : 71
11-11 05:02:24.399 0 0 I auditd : type=1400 audit(0.0:1221): avc: denied { kill } for comm="swapper/3" capability=5 scontext=u:r:kernel:s0 tcontext=u:r:kernel:s0 tclass=capability permissive=0
11-11 05:02:24.762 1514 2039 I ntp_failure: [time.android.com/216.239.35.0,java.net.SocketTimeoutException: Poll timed out]
11-11 05:02:24.809 1514 2742 E TaskPersister: File error accessing recents directory (directory doesn't exist?).
11-11 05:02:24.956 1514 1770 I input_interaction: Interaction with: 8c6f483 NotificationShade (server), edge-swipe (server), swipe-up (server), PointerEventDispatcher0 (server),
11-11 05:02:25.099 1998 1998 I sysui_multi_action: [757,925,758,4,759,126,927,0,928,1,1592,0,1593,1]
11-11 05:02:25.136 1514 2960 D TelephonyRegistry: listen oscl: mHasNotifySubscriptionInfoChangedOccurred==false no callback
11-11 05:02:25.137 1998 1998 W CarrierConfigManager: Error getting config for subId -1 ICarrierConfigLoader is null
11-11 05:02:25.195 1514 1596 I input_focus: [Focus request 1f6af9e InternetDialog,reason=UpdateInputWindows]
11-11 05:02:25.222 1514 1770 I input_focus: [Focus leaving 8c6f483 NotificationShade (server),reason=setFocusedWindow]
11-11 05:02:25.222 1514 1770 I input_focus: [Focus entering 1f6af9e InternetDialog (server),reason=setFocusedWindow]
11-11 05:02:25.399 0 0 I auditd : type=1400 audit(0.0:1222): avc: denied { kill } for comm="swapper/3" capability=5 scontext=u:r:kernel:s0 tcontext=u:r:kernel:s0 tclass=capability permissive=0
11-11 05:02:26.514 1514 1770 I input_interaction: Interaction with: 1f6af9e InternetDialog (server), edge-swipe (server), swipe-up (server), PointerEventDispatcher0 (server),
11-11 05:02:26.660 1514 1596 I input_focus: [Focus request 8c6f483 NotificationShade,reason=UpdateInputWindows]
11-11 05:02:26.673 1514 1540 I ActivityTaskManager: START u0 {act=android.settings.WIFI_DETAILS_SETTINGS flg=0x14000000 cmp=com.android.settings/.Settings$WifiDetailsSettingsActivity (has extras)} from uid 10082
11-11 05:02:26.679 1514 1540 I wm_task_created: [64,-1]
11-11 05:02:26.679 1514 1540 W ActivityTaskManager: Can't find TaskDisplayArea to determine support for multi window. Task id=64 attached=false
11-11 05:02:26.682 1514 1540 I wm_task_moved: [64,1,7]
11-11 05:02:26.682 1514 1540 I wm_task_to_front: [0,64]
11-11 05:02:26.683 1514 1540 I wm_create_task: [0,64]
11-11 05:02:26.683 1514 1540 I wm_create_activity: [0,109189528,64,com.android.settings/.Settings$WifiDetailsSettingsActivity,android.settings.WIFI_DETAILS_SETTINGS,NULL,NULL,335544320]
11-11 05:02:26.683 1514 1540 I wm_task_moved: [64,1,7]
11-11 05:02:26.683 8234 8234 I wm_on_top_resumed_lost_called: [24964810,com.android.settings.Settings,topStateChangedWhenResumed]
11-11 05:02:26.683 1514 1770 I input_focus: [Focus entering 8c6f483 NotificationShade (server),reason=setFocusedWindow]
11-11 05:02:26.686 1514 1540 I wm_pause_activity: [0,24964810,com.android.settings/.Settings,userLeaving=true,pauseBackTasks]
11-11 05:02:26.694 8234 8234 I sysui_multi_action: [757,35,758,2,1089,4807]
11-11 05:02:26.697 1514 1596 I input_focus: [Focus request d139a2a com.android.settings/com.android.settings.Settings,reason=UpdateInputWindows]
11-11 05:02:26.698 8234 8234 I sysui_multi_action: [757,746,758,2,1089,4531]
11-11 05:02:26.705 8234 8234 I wm_on_paused_called: [24964810,com.android.settings.Settings,performPause]
11-11 05:02:26.706 1514 3207 I ActivityTaskManager: FOREGROUND_APPLICATION_CHANGED to com.android.settings.Settings$WifiDetailsSettingsActivity
11-11 05:02:26.707 1514 3207 I ActivityTaskManager: The Process com.android.settings Already Exists in BG. So sending its PID: 8234
11-11 05:02:26.707 1514 3207 W ActivityTaskManager: Tried to set launchTime (0) < mLastActivityLaunchTime (957226)
11-11 05:02:26.707 1514 3207 I wm_add_to_stopping: [0,24964810,com.android.settings/.Settings,makeInvisible]
11-11 05:02:26.709 1514 3207 I wm_restart_activity: [0,109189528,64,com.android.settings/.Settings$WifiDetailsSettingsActivity]
11-11 05:02:26.711 1514 3207 I wm_set_resumed_activity: [0,com.android.settings/.Settings$WifiDetailsSettingsActivity,minimalResumeActivityLocked]
11-11 05:02:26.717 1514 1770 I input_focus: [Focus leaving 8c6f483 NotificationShade (server),reason=NOT_FOCUSABLE]
11-11 05:02:26.717 1514 1770 I input_focus: [Focus entering d139a2a com.android.settings/com.android.settings.Settings (server),reason=setFocusedWindow]
11-11 05:02:26.726 1514 1595 I sysui_multi_action: [757,803,799,window_time_0,802,5]
11-11 05:02:26.731 1514 1770 I input_focus: [Focus leaving d139a2a com.android.settings/com.android.settings.Settings (server),reason=NO_WINDOW]
11-11 05:02:26.743 1514 6421 I ActivityTaskManager: START u0 {act=android.settings.WIFI_DETAILS_SETTINGS flg=0x14000000 cmp=com.android.settings/.homepage.SettingsHomepageActivity (has extras)} from uid 1000
11-11 05:02:26.744 1514 6421 I wm_task_moved: [63,1,7]
11-11 05:02:26.744 1514 6421 I wm_task_to_front: [0,63]
11-11 05:02:26.744 1514 6421 I wm_focused_root_task: [0,0,63,64,bringingFoundTaskToFront]
11-11 05:02:26.744 1514 6421 I wm_set_resumed_activity: [0,com.android.settings/.Settings,bringingFoundTaskToFront]
11-11 05:02:26.744 1514 6421 I wm_new_intent: [0,24964810,63,com.android.settings/.Settings,android.intent.action.MAIN,NULL,NULL,270532608]
11-11 05:02:26.745 1514 6421 I wm_pause_activity: [0,109189528,com.android.settings/.Settings$WifiDetailsSettingsActivity,userLeaving=true,pauseBackTasks]
11-11 05:02:26.752 1514 2080 I wm_finish_activity: [0,109189528,64,com.android.settings/.Settings$WifiDetailsSettingsActivity,app-request]
11-11 05:02:26.752 8234 8234 I wm_on_create_called: [109189528,com.android.settings.Settings$WifiDetailsSettingsActivity,performCreate]
11-11 05:02:26.755 1514 2080 I wm_add_to_stopping: [0,109189528,com.android.settings/.Settings$WifiDetailsSettingsActivity,completeFinishing]
11-11 05:02:26.756 1514 2080 I ActivityTaskManager: FOREGROUND_APPLICATION_CHANGED to com.android.settings.homepage.SettingsHomepageActivity
11-11 05:02:26.757 1514 2080 I wm_set_resumed_activity: [0,com.android.settings/.Settings,resumeTopActivityInnerLocked]
11-11 05:02:26.758 1514 2080 I wm_resume_activity: [0,24964810,63,com.android.settings/.Settings]
11-11 05:02:26.767 1514 1595 I wm_destroy_activity: [0,109189528,64,com.android.settings/.Settings$WifiDetailsSettingsActivity,finish-imm:idle]
11-11 05:02:26.767 1514 1596 I input_focus: [Focus request d139a2a com.android.settings/com.android.settings.Settings,reason=UpdateInputWindows]
11-11 05:02:26.769 1514 1595 I sysui_multi_action: [757,803,799,window_time_0,802,0]
11-11 05:02:26.778 8234 8234 I wm_on_resume_called: [24964810,com.android.settings.Settings,RESUME_ACTIVITY]
11-11 05:02:26.779 8234 8234 I sysui_multi_action: [757,35,758,1,833,0,1089,0]
11-11 05:02:26.781 1514 1770 I input_focus: [Focus entering d139a2a com.android.settings/com.android.settings.Settings (server),reason=Window became focusable. Previous reason: NO_WINDOW]
11-11 05:02:26.793 8234 8234 I sysui_multi_action: [757,746,758,1,833,0,1089,0]
11-11 05:02:26.793 1514 6729 D TelephonyRegistry: listen oscl: mHasNotifySubscriptionInfoChangedOccurred==false no callback
11-11 05:02:26.796 1514 6729 D TelephonyRegistry: listen oscl: mHasNotifySubscriptionInfoChangedOccurred==false no callback
11-11 05:02:26.802 8234 8234 I wm_on_top_resumed_gained_called: [24964810,com.android.settings.Settings,topWhenResuming]
11-11 05:02:26.803 8234 8234 I wm_on_destroy_called: [109189528,com.android.settings.Settings$WifiDetailsSettingsActivity,performDestroy]
11-11 05:02:26.806 1514 2080 I wm_task_removed: [64,removeChild:removeChild last r=ActivityRecord{6821998 u0 com.android.settings/.Settings$WifiDetailsSettingsActivity t-1 f}} in t=Task{6a82adc #64 type=standard A=1000:com.android.settings U=0 visible=false mode=fullscreen translucent=true sz=0}]
11-11 05:02:26.806 1514 2080 I wm_task_removed: [64,removeChild]
11-11 05:02:26.809 1514 1596 W ActivityTaskManager: Can't find TaskDisplayArea to determine support for multi window. Task id=64 attached=false
11-11 05:02:26.809 1514 1596 W ActivityTaskManager: Can't find TaskDisplayArea to determine support for multi window. Task id=64 attached=false
11-11 05:02:26.867 3685 3703 W ContextImpl: Calling a method in the system process without a qualified user: android.app.ContextImpl.startService:1816 android.content.ContextWrapper.startService:774 com.thundercomm.gamemode.ingame.services.GameModeActionUtils.startGameModeService:93 com.thundercomm.gamemode.ingame.services.GameModeActionUtils.startGameModeEntry:21 com.thundercomm.gamemode.ingame.services.ActivityMonitoringService$1.onActivityLaunch:126
11-11 05:02:26.874 1514 1514 I GameModeConfig: Current uri is uri = content://com.thundercomm.gamemode.api/gamemode_settings/gamemode_isgaming
11-11 05:02:26.878 1514 1514 I GameModeConfig: isGameModeOn = false
11-11 05:02:26.878 1514 1514 I GameModeConfig: isGameModeOn = false
11-11 05:02:26.878 1514 1514 I GameModeConfig: isDisableVoice = true
11-11 05:02:26.960 8234 8234 I sysui_multi_action: [757,746,758,2,1089,166]
11-11 05:02:27.029 1514 1901 I GameModeConfig: isGameModeOn = false
11-11 05:02:27.029 1514 1901 I GameModeConfig: isGameModeOn = false
11-11 05:02:27.029 1514 1901 I GameModeConfig: isGameModeOn = false
11-11 05:02:27.029 1514 1901 I GameModeConfig: isGameModeOn = false
11-11 05:02:27.030 1998 1998 I sysui_multi_action: [757,111,758,2]
11-11 05:02:27.030 1998 1998 I sysui_multi_action: [757,111,758,2]
11-11 05:02:27.030 1514 1514 I notification_enqueue: [10082,1998,com.android.systemui,2048,NULL,0,Notification(channel=updateNotification shortcut=null contentView=null vibrate=null sound=null defaults=0x0 flags=0x0 color=0x00000000 vis=PRIVATE),1]
11-11 05:02:27.032 1998 1998 I sysui_multi_action: [757,111,758,1]
11-11 05:02:27.032 1998 1998 I sysui_multi_action: [757,126,758,1,759,126,927,0,928,1,1593,0]
11-11 05:02:27.032 1998 1998 I sysui_multi_action: [757,113,758,1,759,113,927,1,928,1,1593,0]
11-11 05:02:27.032 1998 1998 I sysui_multi_action: [757,0,758,1,759,0,927,2,928,0,1593,0]
11-11 05:02:27.032 1998 1998 I sysui_multi_action: [757,0,758,1,759,0,927,3,928,0,1593,0]
11-11 05:02:27.032 1998 1998 I sysui_multi_action: [757,491,758,1,759,491,927,4,928,0,1311,-1,1593,0]
11-11 05:02:27.033 1998 1998 I sysui_multi_action: [757,0,758,1,759,0,927,5,928,0,1593,0]
11-11 05:02:27.033 1998 1998 I sysui_multi_action: [757,111,758,1]
11-11 05:02:27.033 1998 1998 I sysui_multi_action: [757,126,758,1,759,126,927,0,928,1,1593,0]
11-11 05:02:27.033 1998 1998 I sysui_multi_action: [757,113,758,1,759,113,927,1,928,1,1593,0]
11-11 05:02:27.033 1998 1998 I sysui_multi_action: [757,0,758,1,759,0,927,2,928,0,1593,0]
11-11 05:02:27.033 1998 1998 I sysui_multi_action: [757,0,758,1,759,0,927,3,928,0,1593,0]
11-11 05:02:27.038 8234 8234 I sysui_multi_action: [757,849,758,1,833,0,1089,65]
11-11 05:02:27.041 8234 8234 I sysui_multi_action: [757,1729,758,4,854,isParalleledControllers:false,1089,68]
11-11 05:02:27.046 1998 1998 I sysui_multi_action: [757,111,758,2]
11-11 05:02:27.046 1998 1998 I sysui_multi_action: [757,111,758,2]
11-11 05:02:27.046 1514 1514 I notification_enqueue: [10082,1998,com.android.systemui,2048,NULL,0,Notification(channel=updateNotification shortcut=null contentView=null vibrate=null sound=null defaults=0x0 flags=0x0 color=0x00000000 vis=PRIVATE),1]
11-11 05:02:27.047 1998 1998 I sysui_multi_action: [757,111,758,1]
11-11 05:02:27.047 1998 1998 I sysui_multi_action: [757,126,758,1,759,126,927,0,928,1,1593,1]
11-11 05:02:27.047 1998 1998 I sysui_multi_action: [757,113,758,1,759,113,927,1,928,1,1593,1]
11-11 05:02:27.047 1998 1998 I sysui_multi_action: [757,0,758,1,759,0,927,2,928,0,1593,1]
11-11 05:02:27.048 1998 1998 I sysui_multi_action: [757,0,758,1,759,0,927,3,928,0,1593,1]
11-11 05:02:27.048 1998 1998 I sysui_multi_action: [757,491,758,1,759,491,927,4,928,0,1311,-1,1593,1]
11-11 05:02:27.048 1998 1998 I sysui_multi_action: [757,0,758,1,759,0,927,5,928,0,1593,1]
11-11 05:02:27.048 1998 1998 I sysui_multi_action: [757,111,758,1]
11-11 05:02:27.048 1998 1998 I sysui_multi_action: [757,126,758,1,759,126,927,0,928,1,1593,0]
11-11 05:02:27.048 1998 1998 I sysui_multi_action: [757,113,758,1,759,113,927,1,928,1,1593,0]
11-11 05:02:27.048 1998 1998 I sysui_multi_action: [757,0,758,1,759,0,927,2,928,0,1593,0]
11-11 05:02:27.048 1998 1998 I sysui_multi_action: [757,0,758,1,759,0,927,3,928,0,1593,0]
11-11 05:02:27.050 1514 1901 I GameModeConfig: isGameModeOn = false
11-11 05:02:27.050 1514 1901 I GameModeConfig: isGameModeOn = false
11-11 05:02:27.050 1514 1901 I GameModeConfig: isGameModeOn = false
11-11 05:02:27.050 1514 1901 I GameModeConfig: isGameModeOn = false
11-11 05:02:27.062 1514 1901 I GameModeConfig: isGameModeOn = false
11-11 05:02:27.062 1514 1901 I GameModeConfig: isGameModeOn = false
11-11 05:02:27.062 1514 1901 I GameModeConfig: isGameModeOn = false
11-11 05:02:27.062 1514 1901 I GameModeConfig: isGameModeOn = false
11-11 05:02:27.063 1998 1998 I sysui_multi_action: [757,111,758,2]
11-11 05:02:27.063 1998 1998 I sysui_multi_action: [757,111,758,2]
11-11 05:02:27.065 1998 1998 I sysui_multi_action: [757,111,758,1]
11-11 05:02:27.065 1514 1514 I notification_enqueue: [10082,1998,com.android.systemui,2048,NULL,0,Notification(channel=updateNotification shortcut=null contentView=null vibrate=null sound=null defaults=0x0 flags=0x0 color=0x00000000 vis=PRIVATE),1]
11-11 05:02:27.065 1998 1998 I sysui_multi_action: [757,126,758,1,759,126,927,0,928,1,1593,1]
11-11 05:02:27.065 1998 1998 I sysui_multi_action: [757,113,758,1,759,113,927,1,928,1,1593,1]
11-11 05:02:27.065 1998 1998 I sysui_multi_action: [757,0,758,1,759,0,927,2,928,0,1593,1]
11-11 05:02:27.065 1998 1998 I sysui_multi_action: [757,0,758,1,759,0,927,3,928,0,1593,1]
11-11 05:02:27.065 1998 1998 I sysui_multi_action: [757,491,758,1,759,491,927,4,928,0,1311,-1,1593,0]
11-11 05:02:27.065 1998 1998 I sysui_multi_action: [757,0,758,1,759,0,927,5,928,0,1593,0]
11-11 05:02:27.065 1998 1998 I sysui_multi_action: [757,111,758,1]
11-11 05:02:27.065 1998 1998 I sysui_multi_action: [757,126,758,1,759,126,927,0,928,1,1593,1]
11-11 05:02:27.065 1998 1998 I sysui_multi_action: [757,113,758,1,759,113,927,1,928,1,1593,1]
11-11 05:02:27.065 1998 1998 I sysui_multi_action: [757,0,758,1,759,0,927,2,928,0,1593,1]
11-11 05:02:27.065 1998 1998 I sysui_multi_action: [757,0,758,1,759,0,927,3,928,0,1593,1]
11-11 05:02:27.078 1514 1901 I GameModeConfig: isGameModeOn = false
11-11 05:02:27.079 1514 1901 I GameModeConfig: isGameModeOn = false
11-11 05:02:27.079 1514 1901 I GameModeConfig: isGameModeOn = false
11-11 05:02:27.079 1514 1901 I GameModeConfig: isGameModeOn = false
11-11 05:02:27.079 1998 1998 I sysui_multi_action: [757,111,758,2]
11-11 05:02:27.080 1998 1998 I sysui_multi_action: [757,111,758,2]
11-11 05:02:27.080 1514 1514 I notification_enqueue: [10082,1998,com.android.systemui,2048,NULL,0,Notification(channel=updateNotification shortcut=null contentView=null vibrate=null sound=null defaults=0x0 flags=0x0 color=0x00000000 vis=PRIVATE),1]
11-11 05:02:27.081 1998 1998 I sysui_multi_action: [757,111,758,1]
11-11 05:02:27.081 1998 1998 I sysui_multi_action: [757,126,758,1,759,126,927,0,928,1,1593,1]
11-11 05:02:27.081 1998 1998 I sysui_multi_action: [757,113,758,1,759,113,927,1,928,1,1593,1]
11-11 05:02:27.081 1998 1998 I sysui_multi_action: [757,0,758,1,759,0,927,2,928,0,1593,1]
11-11 05:02:27.081 1998 1998 I sysui_multi_action: [757,0,758,1,759,0,927,3,928,0,1593,1]
11-11 05:02:27.082 1998 1998 I sysui_multi_action: [757,491,758,1,759,491,927,4,928,0,1311,-1,1593,0]
11-11 05:02:27.082 1998 1998 I sysui_multi_action: [757,0,758,1,759,0,927,5,928,0,1593,0]
11-11 05:02:27.082 1998 1998 I sysui_multi_action: [757,111,758,1]
11-11 05:02:27.082 1998 1998 I sysui_multi_action: [757,126,758,1,759,126,927,0,928,1,1593,1]
11-11 05:02:27.082 1998 1998 I sysui_multi_action: [757,113,758,1,759,113,927,1,928,1,1593,1]
11-11 05:02:27.082 1998 1998 I sysui_multi_action: [757,0,758,1,759,0,927,2,928,0,1593,1]
11-11 05:02:27.082 1998 1998 I sysui_multi_action: [757,0,758,1,759,0,927,3,928,0,1593,1]
11-11 05:02:27.095 1514 1901 I GameModeConfig: isGameModeOn = false
11-11 05:02:27.095 1514 1901 I GameModeConfig: isGameModeOn = false
11-11 05:02:27.095 1514 1901 I GameModeConfig: isGameModeOn = false
11-11 05:02:27.096 1514 1901 I GameModeConfig: isGameModeOn = false
11-11 05:02:27.096 1998 1998 I sysui_multi_action: [757,111,758,2]
11-11 05:02:27.096 1998 1998 I sysui_multi_action: [757,111,758,2]
11-11 05:02:27.096 1514 1514 I notification_enqueue: [10082,1998,com.android.systemui,2048,NULL,0,Notification(channel=updateNotification shortcut=null contentView=null vibrate=null sound=null defaults=0x0 flags=0x0 color=0x00000000 vis=PRIVATE),1]
11-11 05:02:27.098 1998 1998 I sysui_multi_action: [757,111,758,1]
11-11 05:02:27.098 1998 1998 I sysui_multi_action: [757,126,758,1,759,126,927,0,928,1,1593,1]
11-11 05:02:27.098 1998 1998 I sysui_multi_action: [757,113,758,1,759,113,927,1,928,1,1593,1]
11-11 05:02:27.098 1998 1998 I sysui_multi_action: [757,0,758,1,759,0,927,2,928,0,1593,1]
11-11 05:02:27.098 1998 1998 I sysui_multi_action: [757,0,758,1,759,0,927,3,928,0,1593,1]
11-11 05:02:27.099 1998 1998 I sysui_multi_action: [757,491,758,1,759,491,927,4,928,0,1311,-1,1593,0]
11-11 05:02:27.099 1998 1998 I sysui_multi_action: [757,0,758,1,759,0,927,5,928,0,1593,0]
11-11 05:02:27.099 1998 1998 I sysui_multi_action: [757,111,758,1]
11-11 05:02:27.099 1998 1998 I sysui_multi_action: [757,126,758,1,759,126,927,0,928,1,1593,1]
11-11 05:02:27.099 1998 1998 I sysui_multi_action: [757,113,758,1,759,113,927,1,928,1,1593,1]
11-11 05:02:27.099 1998 1998 I sysui_multi_action: [757,0,758,1,759,0,927,2,928,0,1593,1]
11-11 05:02:27.099 1998 1998 I sysui_multi_action: [757,0,758,1,759,0,927,3,928,0,1593,1]
11-11 05:02:27.112 1514 1901 I GameModeConfig: isGameModeOn = false
11-11 05:02:27.112 1514 1901 I GameModeConfig: isGameModeOn = false
11-11 05:02:27.112 1514 1901 I GameModeConfig: isGameModeOn = false
11-11 05:02:27.112 1514 1901 I GameModeConfig: isGameModeOn = false
11-11 05:02:27.113 1998 1998 I sysui_multi_action: [757,111,758,2]
11-11 05:02:27.113 1514 1514 I notification_enqueue: [10082,1998,com.android.systemui,2048,NULL,0,Notification(channel=updateNotification shortcut=null contentView=null vibrate=null sound=null defaults=0x0 flags=0x0 color=0x00000000 vis=PRIVATE),1]
11-11 05:02:27.113 1998 1998 I sysui_multi_action: [757,111,758,2]
11-11 05:02:27.116 1998 1998 I sysui_multi_action: [757,111,758,1]
11-11 05:02:27.116 1998 1998 I sysui_multi_action: [757,126,758,1,759,126,927,0,928,1,1593,1]
11-11 05:02:27.116 1998 1998 I sysui_multi_action: [757,113,758,1,759,113,927,1,928,1,1593,1]
11-11 05:02:27.117 1998 1998 I sysui_multi_action: [757,0,758,1,759,0,927,2,928,0,1593,1]
11-11 05:02:27.117 1998 1998 I sysui_multi_action: [757,0,758,1,759,0,927,3,928,0,1593,1]
11-11 05:02:27.117 1998 1998 I sysui_multi_action: [757,491,758,1,759,491,927,4,928,0,1311,-1,1593,0]
11-11 05:02:27.117 1998 1998 I sysui_multi_action: [757,0,758,1,759,0,927,5,928,0,1593,0]
11-11 05:02:27.117 1998 1998 I sysui_multi_action: [757,111,758,1]
11-11 05:02:27.117 1998 1998 I sysui_multi_action: [757,126,758,1,759,126,927,0,928,1,1593,1]
11-11 05:02:27.117 1998 1998 I sysui_multi_action: [757,113,758,1,759,113,927,1,928,1,1593,1]
11-11 05:02:27.117 1998 1998 I sysui_multi_action: [757,0,758,1,759,0,927,2,928,0,1593,1]
11-11 05:02:27.117 1998 1998 I sysui_multi_action: [757,0,758,1,759,0,927,3,928,0,1593,1]
11-11 05:02:27.129 1514 1901 I GameModeConfig: isGameModeOn = false
11-11 05:02:27.129 1514 1901 I GameModeConfig: isGameModeOn = false
11-11 05:02:27.130 1514 1901 I GameModeConfig: isGameModeOn = false
11-11 05:02:27.130 1514 1901 I GameModeConfig: isGameModeOn = false
11-11 05:02:27.131 1998 1998 I sysui_multi_action: [757,111,758,2]
11-11 05:02:27.131 1514 1514 I notification_enqueue: [10082,1998,com.android.systemui,2048,NULL,0,Notification(channel=updateNotification shortcut=null contentView=null vibrate=null sound=null defaults=0x0 flags=0x0 color=0x00000000 vis=PRIVATE),1]
11-11 05:02:27.131 1998 1998 I sysui_multi_action: [757,111,758,2]
11-11 05:02:27.133 1998 1998 I sysui_multi_action: [757,111,758,1]
11-11 05:02:27.133 1998 1998 I sysui_multi_action: [757,126,758,1,759,126,927,0,928,1,1593,1]
11-11 05:02:27.133 1998 1998 I sysui_multi_action: [757,113,758,1,759,113,927,1,928,1,1593,1]
11-11 05:02:27.133 1998 1998 I sysui_multi_action: [757,0,758,1,759,0,927,2,928,0,1593,1]
11-11 05:02:27.134 1998 1998 I sysui_multi_action: [757,0,758,1,759,0,927,3,928,0,1593,1]
11-11 05:02:27.134 1998 1998 I sysui_multi_action: [757,491,758,1,759,491,927,4,928,0,1311,-1,1593,0]
11-11 05:02:27.134 1998 1998 I sysui_multi_action: [757,0,758,1,759,0,927,5,928,0,1593,0]
11-11 05:02:27.134 1998 1998 I sysui_multi_action: [757,111,758,1]
11-11 05:02:27.134 1998 1998 I sysui_multi_action: [757,126,758,1,759,126,927,0,928,1,1593,1]
11-11 05:02:27.134 1998 1998 I sysui_multi_action: [757,113,758,1,759,113,927,1,928,1,1593,1]
11-11 05:02:27.134 1998 1998 I sysui_multi_action: [757,0,758,1,759,0,927,2,928,0,1593,1]
11-11 05:02:27.134 1998 1998 I sysui_multi_action: [757,0,758,1,759,0,927,3,928,0,1593,1]
11-11 05:02:27.145 1514 1901 I GameModeConfig: isGameModeOn = false
11-11 05:02:27.145 1514 1901 I GameModeConfig: isGameModeOn = false
11-11 05:02:27.145 1514 1901 I GameModeConfig: isGameModeOn = false
11-11 05:02:27.146 1514 1901 I GameModeConfig: isGameModeOn = false
11-11 05:02:27.146 1998 1998 I sysui_multi_action: [757,111,758,2]
11-11 05:02:27.147 1514 1514 I notification_enqueue: [10082,1998,com.android.systemui,2048,NULL,0,Notification(channel=updateNotification shortcut=null contentView=null vibrate=null sound=null defaults=0x0 flags=0x0 color=0x00000000 vis=PRIVATE),1]
11-11 05:02:27.148 1998 1998 I sysui_multi_action: [757,111,758,2]
11-11 05:02:27.151 1998 1998 I sysui_multi_action: [757,111,758,1]
11-11 05:02:27.151 1998 1998 I sysui_multi_action: [757,126,758,1,759,126,927,0,928,1,1593,0]
11-11 05:02:27.152 1998 1998 I sysui_multi_action: [757,113,758,1,759,113,927,1,928,1,1593,0]
11-11 05:02:27.152 1998 1998 I sysui_multi_action: [757,0,758,1,759,0,927,2,928,0,1593,0]
11-11 05:02:27.152 1998 1998 I sysui_multi_action: [757,0,758,1,759,0,927,3,928,0,1593,0]
11-11 05:02:27.152 1998 1998 I sysui_multi_action: [757,491,758,1,759,491,927,4,928,0,1311,-1,1593,0]
11-11 05:02:27.152 1998 1998 I sysui_multi_action: [757,0,758,1,759,0,927,5,928,0,1593,0]
11-11 05:02:27.152 1998 1998 I sysui_multi_action: [757,111,758,1]
11-11 05:02:27.152 1998 1998 I sysui_multi_action: [757,126,758,1,759,126,927,0,928,1,1593,0]
11-11 05:02:27.152 1998 1998 I sysui_multi_action: [757,113,758,1,759,113,927,1,928,1,1593,0]
11-11 05:02:27.152 1998 1998 I sysui_multi_action: [757,0,758,1,759,0,927,2,928,0,1593,0]
11-11 05:02:27.152 1998 1998 I sysui_multi_action: [757,0,758,1,759,0,927,3,928,0,1593,0]
11-11 05:02:27.162 1514 1901 I GameModeConfig: isGameModeOn = false
11-11 05:02:27.162 1514 1901 I GameModeConfig: isGameModeOn = false
11-11 05:02:27.162 1514 1901 I GameModeConfig: isGameModeOn = false
11-11 05:02:27.163 1514 1901 I GameModeConfig: isGameModeOn = false
11-11 05:02:27.163 1998 1998 I sysui_multi_action: [757,111,758,2]
11-11 05:02:27.163 1998 1998 I sysui_multi_action: [757,111,758,2]
11-11 05:02:27.163 1514 1514 I notification_enqueue: [10082,1998,com.android.systemui,2048,NULL,0,Notification(channel=updateNotification shortcut=null contentView=null vibrate=null sound=null defaults=0x0 flags=0x0 color=0x00000000 vis=PRIVATE),1]
11-11 05:02:27.165 1998 1998 I sysui_multi_action: [757,111,758,1]
11-11 05:02:27.165 1998 1998 I sysui_multi_action: [757,126,758,1,759,126,927,0,928,1,1593,0]
11-11 05:02:27.165 1998 1998 I sysui_multi_action: [757,113,758,1,759,113,927,1,928,1,1593,0]
11-11 05:02:27.165 1998 1998 I sysui_multi_action: [757,0,758,1,759,0,927,2,928,0,1593,0]
11-11 05:02:27.165 1998 1998 I sysui_multi_action: [757,0,758,1,759,0,927,3,928,0,1593,0]
11-11 05:02:27.165 1998 1998 I sysui_multi_action: [757,491,758,1,759,491,927,4,928,0,1311,-1,1593,0]
11-11 05:02:27.165 1998 1998 I sysui_multi_action: [757,0,758,1,759,0,927,5,928,0,1593,0]
11-11 05:02:27.165 1998 1998 I sysui_multi_action: [757,111,758,1]
11-11 05:02:27.165 1998 1998 I sysui_multi_action: [757,126,758,1,759,126,927,0,928,1,1593,1]
11-11 05:02:27.165 1998 1998 I sysui_multi_action: [757,113,758,1,759,113,927,1,928,1,1593,1]
11-11 05:02:27.165 1998 1998 I sysui_multi_action: [757,0,758,1,759,0,927,2,928,0,1593,1]
11-11 05:02:27.166 1998 1998 I sysui_multi_action: [757,0,758,1,759,0,927,3,928,0,1593,1]
11-11 05:02:27.179 1514 1901 I GameModeConfig: isGameModeOn = false
11-11 05:02:27.180 1514 1901 I GameModeConfig: isGameModeOn = false
11-11 05:02:27.180 1514 1901 I GameModeConfig: isGameModeOn = false
11-11 05:02:27.180 1514 1901 I GameModeConfig: isGameModeOn = false
11-11 05:02:27.181 1998 1998 I sysui_multi_action: [757,111,758,2]
11-11 05:02:27.181 1998 1998 I sysui_multi_action: [757,111,758,2]
11-11 05:02:27.181 1514 1514 I notification_enqueue: [10082,1998,com.android.systemui,2048,NULL,0,Notification(channel=updateNotification shortcut=null contentView=null vibrate=null sound=null defaults=0x0 flags=0x0 color=0x00000000 vis=PRIVATE),1]
11-11 05:02:27.183 1998 1998 I sysui_multi_action: [757,111,758,1]
11-11 05:02:27.183 1998 1998 I sysui_multi_action: [757,126,758,1,759,126,927,0,928,1,1593,0]
11-11 05:02:27.183 1998 1998 I sysui_multi_action: [757,113,758,1,759,113,927,1,928,1,1593,0]
11-11 05:02:27.183 1998 1998 I sysui_multi_action: [757,0,758,1,759,0,927,2,928,0,1593,1]
11-11 05:02:27.183 1998 1998 I sysui_multi_action: [757,0,758,1,759,0,927,3,928,0,1593,1]
11-11 05:02:27.183 1998 1998 I sysui_multi_action: [757,491,758,1,759,491,927,4,928,0,1311,-1,1593,0]
11-11 05:02:27.183 1998 1998 I sysui_multi_action: [757,0,758,1,759,0,927,5,928,0,1593,0]
11-11 05:02:27.183 1998 1998 I sysui_multi_action: [757,111,758,1]
11-11 05:02:27.183 1998 1998 I sysui_multi_action: [757,126,758,1,759,126,927,0,928,1,1593,1]
11-11 05:02:27.183 1998 1998 I sysui_multi_action: [757,113,758,1,759,113,927,1,928,1,1593,1]
11-11 05:02:27.183 1998 1998 I sysui_multi_action: [757,0,758,1,759,0,927,2,928,0,1593,1]
11-11 05:02:27.183 1998 1998 I sysui_multi_action: [757,0,758,1,759,0,927,3,928,0,1593,1]
11-11 05:02:27.195 1514 1901 I GameModeConfig: isGameModeOn = false
11-11 05:02:27.196 1514 1901 I GameModeConfig: isGameModeOn = false
11-11 05:02:27.196 1514 1901 I GameModeConfig: isGameModeOn = false
11-11 05:02:27.196 1514 1901 I GameModeConfig: isGameModeOn = false
11-11 05:02:27.196 1998 1998 I sysui_multi_action: [757,111,758,2]
11-11 05:02:27.197 1514 1514 I notification_enqueue: [10082,1998,com.android.systemui,2048,NULL,0,Notification(channel=updateNotification shortcut=null contentView=null vibrate=null sound=null defaults=0x0 flags=0x0 color=0x00000000 vis=PRIVATE),1]
11-11 05:02:27.197 1998 1998 I sysui_multi_action: [757,111,758,2]
11-11 05:02:27.198 1998 1998 I sysui_multi_action: [757,111,758,1]
11-11 05:02:27.199 1998 1998 I sysui_multi_action: [757,126,758,1,759,126,927,0,928,1,1593,1]
11-11 05:02:27.199 1998 1998 I sysui_multi_action: [757,113,758,1,759,113,927,1,928,1,1593,1]
11-11 05:02:27.199 1998 1998 I sysui_multi_action: [757,0,758,1,759,0,927,2,928,0,1593,1]
11-11 05:02:27.199 1998 1998 I sysui_multi_action: [757,0,758,1,759,0,927,3,928,0,1593,1]
11-11 05:02:27.199 1998 1998 I sysui_multi_action: [757,491,758,1,759,491,927,4,928,0,1311,-1,1593,0]
11-11 05:02:27.199 1998 1998 I sysui_multi_action: [757,0,758,1,759,0,927,5,928,0,1593,0]
11-11 05:02:27.199 1998 1998 I sysui_multi_action: [757,111,758,1]
11-11 05:02:27.199 1998 1998 I sysui_multi_action: [757,126,758,1,759,126,927,0,928,1,1593,1]
11-11 05:02:27.199 1998 1998 I sysui_multi_action: [757,113,758,1,759,113,927,1,928,1,1593,1]
11-11 05:02:27.199 1998 1998 I sysui_multi_action: [757,0,758,1,759,0,927,2,928,0,1593,1]
11-11 05:02:27.199 1998 1998 I sysui_multi_action: [757,0,758,1,759,0,927,3,928,0,1593,1]
11-11 05:02:27.212 1514 1901 I GameModeConfig: isGameModeOn = false
11-11 05:02:27.212 1514 1901 I GameModeConfig: isGameModeOn = false
11-11 05:02:27.212 1514 1901 I GameModeConfig: isGameModeOn = false
11-11 05:02:27.213 1514 1901 I GameModeConfig: isGameModeOn = false
11-11 05:02:27.213 1998 1998 I sysui_multi_action: [757,111,758,2]
11-11 05:02:27.213 1998 1998 I sysui_multi_action: [757,111,758,2]
11-11 05:02:27.213 1514 1514 I notification_enqueue: [10082,1998,com.android.systemui,2048,NULL,0,Notification(channel=updateNotification shortcut=null contentView=null vibrate=null sound=null defaults=0x0 flags=0x0 color=0x00000000 vis=PRIVATE),1]
11-11 05:02:27.215 1998 1998 I sysui_multi_action: [757,111,758,1]
11-11 05:02:27.215 1998 1998 I sysui_multi_action: [757,126,758,1,759,126,927,0,928,1,1593,1]
11-11 05:02:27.216 1998 1998 I sysui_multi_action: [757,113,758,1,759,113,927,1,928,1,1593,1]
11-11 05:02:27.216 1998 1998 I sysui_multi_action: [757,0,758,1,759,0,927,2,928,0,1593,1]
11-11 05:02:27.216 1998 1998 I sysui_multi_action: [757,0,758,1,759,0,927,3,928,0,1593,1]
11-11 05:02:27.216 1998 1998 I sysui_multi_action: [757,491,758,1,759,491,927,4,928,0,1311,-1,1593,0]
11-11 05:02:27.216 1998 1998 I sysui_multi_action: [757,0,758,1,759,0,927,5,928,0,1593,0]
11-11 05:02:27.216 1998 1998 I sysui_multi_action: [757,111,758,1]
11-11 05:02:27.216 1998 1998 I sysui_multi_action: [757,126,758,1,759,126,927,0,928,1,1593,1]
11-11 05:02:27.216 1998 1998 I sysui_multi_action: [757,113,758,1,759,113,927,1,928,1,1593,1]
11-11 05:02:27.216 1998 1998 I sysui_multi_action: [757,0,758,1,759,0,927,2,928,0,1593,1]
11-11 05:02:27.217 1998 1998 I sysui_multi_action: [757,0,758,1,759,0,927,3,928,0,1593,1]
11-11 05:02:27.229 1514 1901 I GameModeConfig: isGameModeOn = false
11-11 05:02:27.229 1514 1901 I GameModeConfig: isGameModeOn = false
11-11 05:02:27.229 1514 1901 I GameModeConfig: isGameModeOn = false
11-11 05:02:27.229 1514 1901 I GameModeConfig: isGameModeOn = false
11-11 05:02:27.230 1998 1998 I sysui_multi_action: [757,111,758,2]
11-11 05:02:27.230 1998 1998 I sysui_multi_action: [757,111,758,2]
11-11 05:02:27.231 1514 1514 I notification_enqueue: [10082,1998,com.android.systemui,2048,NULL,0,Notification(channel=updateNotification shortcut=null contentView=null vibrate=null sound=null defaults=0x0 flags=0x0 color=0x00000000 vis=PRIVATE),1]
11-11 05:02:27.233 1514 1514 I GameModeConfig: isGameModeOn = false
11-11 05:02:27.233 1998 1998 I sysui_multi_action: [757,111,758,1]
11-11 05:02:27.233 1998 1998 I sysui_multi_action: [757,126,758,1,759,126,927,0,928,1,1593,0]
11-11 05:02:27.233 1998 1998 I sysui_multi_action: [757,113,758,1,759,113,927,1,928,1,1593,0]
11-11 05:02:27.233 1998 1998 I sysui_multi_action: [757,0,758,1,759,0,927,2,928,0,1593,0]
11-11 05:02:27.233 1998 1998 I sysui_multi_action: [757,0,758,1,759,0,927,3,928,0,1593,0]
11-11 05:02:27.233 1998 1998 I sysui_multi_action: [757,491,758,1,759,491,927,4,928,0,1311,-1,1593,0]
11-11 05:02:27.233 1998 1998 I sysui_multi_action: [757,0,758,1,759,0,927,5,928,0,1593,0]
11-11 05:02:27.234 1998 1998 I sysui_multi_action: [757,111,758,1]
11-11 05:02:27.234 1998 1998 I sysui_multi_action: [757,126,758,1,759,126,927,0,928,1,1593,1]
11-11 05:02:27.234 1514 1514 I sysui_multi_action: [757,1501,758,1,793,941353,794,0,795,204,796,2048,806,com.android.systemui,857,updateNotification,858,3,947,0,1500,0,1688,1]
11-11 05:02:27.234 1998 1998 I sysui_multi_action: [757,113,758,1,759,113,927,1,928,1,1593,1]
11-11 05:02:27.234 1998 1998 I sysui_multi_action: [757,0,758,1,759,0,927,2,928,0,1593,1]
11-11 05:02:27.234 1998 1998 I sysui_multi_action: [757,0,758,1,759,0,927,3,928,0,1593,1]
11-11 05:02:27.234 1514 1514 I sysui_multi_action: [757,804,799,note_interruptive,801,0,802,1]
11-11 05:02:27.234 1514 1514 I sysui_multi_action: [757,199,758,1,759,2,793,941354,794,0,795,205,796,2048,806,com.android.systemui,857,updateNotification,858,3,947,0,1500,1,1688,1]
11-11 05:02:27.235 1514 1514 I notification_alert: [0|com.android.systemui|2048|null|10082,0,1,0]
11-11 05:02:27.237 1514 1514 W NotificationHistory: Attempted to add notif for locked/gone/disabled user 0
11-11 05:02:27.238 1514 8092 I sysui_multi_action: [757,128,758,2,793,951463,794,2977,795,951463,796,26,798,0,806,android,857,DEVELOPER_IMPORTANT,858,4,947,0,1395,2,1500,950906,1688,1]
11-11 05:02:27.238 1514 8092 I notification_visibility: [-1|android|26|null|1000,0,951463,951463,0,0]
11-11 05:02:27.238 1514 8092 I sysui_multi_action: [757,128,758,2,793,951980,794,2976,795,951980,796,32,798,1,806,android,857,USB,858,1,947,0,1395,2,1500,951700,1688,1]
11-11 05:02:27.238 1514 8092 I notification_visibility: [-1|android|32|null|1000,0,951980,951980,0,1]
11-11 05:02:27.246 1998 1998 I sysui_multi_action: [757,111,758,2]
11-11 05:02:27.246 1998 1998 I sysui_multi_action: [757,111,758,2]
11-11 05:02:27.247 1514 1514 I notification_enqueue: [10082,1998,com.android.systemui,2048,NULL,0,Notification(channel=updateNotification shortcut=null contentView=null vibrate=null sound=null defaults=0x0 flags=0x0 color=0x00000000 vis=PRIVATE),1]
11-11 05:02:27.248 1514 1514 I GameModeConfig: isGameModeOn = false
11-11 05:02:27.248 1514 1514 E NotificationService: Muting recently noisy 0|com.android.systemui|2048|null|10082
11-11 05:02:27.249 1998 1998 I sysui_multi_action: [757,111,758,1]
11-11 05:02:27.249 1514 1901 I GameModeConfig: isGameModeOn = false
11-11 05:02:27.249 1998 1998 I sysui_multi_action: [757,126,758,1,759,126,927,0,928,1,1593,1]
11-11 05:02:27.249 1998 1998 I sysui_multi_action: [757,113,758,1,759,113,927,1,928,1,1593,1]
11-11 05:02:27.249 1998 1998 I sysui_multi_action: [757,0,758,1,759,0,927,2,928,0,1593,1]
11-11 05:02:27.249 1514 1901 I GameModeConfig: isGameModeOn = false
11-11 05:02:27.249 1514 1901 I GameModeConfig: isGameModeOn = false
11-11 05:02:27.249 1998 1998 I sysui_multi_action: [757,0,758,1,759,0,927,3,928,0,1593,1]
