11-12 05:19:18.510 1481 1481 I notification_enqueue: [10082,1971,com.android.systemui,2048,NULL,0,Notification(channel=updateNotification shortcut=null contentView=null vibrate=null sound=null defaults=0x0 flags=0x0 color=0x00000000 vis=PRIVATE),1]
11-12 05:19:18.510 1971 1971 I sysui_multi_action: [757,111,758,2]
11-12 05:19:18.514 1971 1971 I sysui_multi_action: [757,111,758,1]
11-12 05:19:18.514 1971 1971 I sysui_multi_action: [757,126,758,1,759,126,927,0,928,0,1593,1]
11-12 05:19:18.514 1971 1971 I sysui_multi_action: [757,113,758,1,759,113,927,1,928,1,1593,1]
11-12 05:19:18.514 1971 1971 I sysui_multi_action: [757,0,758,1,759,0,927,2,928,0,1593,1]
11-12 05:19:18.514 1971 1971 I sysui_multi_action: [757,0,758,1,759,0,927,3,928,0,1593,1]
11-12 05:19:18.514 1971 1971 I sysui_multi_action: [757,491,758,1,759,491,927,4,928,0,1311,-1,1593,0]
11-12 05:19:18.514 1971 1971 I sysui_multi_action: [757,0,758,1,759,0,927,5,928,0,1593,0]
11-12 05:19:18.515 1971 1971 I sysui_multi_action: [757,111,758,1]
11-12 05:19:18.515 1971 1971 I sysui_multi_action: [757,126,758,1,759,126,927,0,928,0,1593,1]
11-12 05:19:18.515 1971 1971 I sysui_multi_action: [757,113,758,1,759,113,927,1,928,1,1593,1]
11-12 05:19:18.515 1971 1971 I sysui_multi_action: [757,0,758,1,759,0,927,2,928,0,1593,1]
11-12 05:19:18.515 1971 1971 I sysui_multi_action: [757,0,758,1,759,0,927,3,928,0,1593,1]
11-12 05:19:18.525 1971 1971 I sysui_multi_action: [757,111,758,2]
11-12 05:19:18.525 1481 1481 I notification_enqueue: [10082,1971,com.android.systemui,2048,NULL,0,Notification(channel=updateNotification shortcut=null contentView=null vibrate=null sound=null defaults=0x0 flags=0x0 color=0x00000000 vis=PRIVATE),1]
11-12 05:19:18.526 1971 1971 I sysui_multi_action: [757,111,758,2]
11-12 05:19:18.529 1971 1971 I sysui_multi_action: [757,111,758,1]
11-12 05:19:18.529 1971 1971 I sysui_multi_action: [757,126,758,1,759,126,927,0,928,0,1593,1]
11-12 05:19:18.529 1971 1971 I sysui_multi_action: [757,113,758,1,759,113,927,1,928,1,1593,1]
11-12 05:19:18.529 1971 1971 I sysui_multi_action: [757,0,758,1,759,0,927,2,928,0,1593,1]
11-12 05:19:18.529 1971 1971 I sysui_multi_action: [757,0,758,1,759,0,927,3,928,0,1593,1]
11-12 05:19:18.529 1971 1971 I sysui_multi_action: [757,491,758,1,759,491,927,4,928,0,1311,-1,1593,0]
11-12 05:19:18.530 1971 1971 I sysui_multi_action: [757,0,758,1,759,0,927,5,928,0,1593,0]
11-12 05:19:18.530 1971 1971 I sysui_multi_action: [757,111,758,1]
11-12 05:19:18.530 1971 1971 I sysui_multi_action: [757,126,758,1,759,126,927,0,928,0,1593,1]
11-12 05:19:18.530 1971 1971 I sysui_multi_action: [757,113,758,1,759,113,927,1,928,1,1593,1]
11-12 05:19:18.530 1971 1971 I sysui_multi_action: [757,0,758,1,759,0,927,2,928,0,1593,1]
11-12 05:19:18.530 1971 1971 I sysui_multi_action: [757,0,758,1,759,0,927,3,928,0,1593,1]
11-12 05:19:18.542 1971 1971 I sysui_multi_action: [757,111,758,2]
11-12 05:19:18.542 1481 1481 I notification_enqueue: [10082,1971,com.android.systemui,2048,NULL,0,Notification(channel=updateNotification shortcut=null contentView=null vibrate=null sound=null defaults=0x0 flags=0x0 color=0x00000000 vis=PRIVATE),1]
11-12 05:19:18.542 1971 1971 I sysui_multi_action: [757,111,758,2]
11-12 05:19:18.545 1971 1971 I sysui_multi_action: [757,111,758,1]
11-12 05:19:18.545 1971 1971 I sysui_multi_action: [757,126,758,1,759,126,927,0,928,0,1593,1]
11-12 05:19:18.545 1971 1971 I sysui_multi_action: [757,113,758,1,759,113,927,1,928,1,1593,1]
11-12 05:19:18.545 1971 1971 I sysui_multi_action: [757,0,758,1,759,0,927,2,928,0,1593,1]
11-12 05:19:18.545 1971 1971 I sysui_multi_action: [757,0,758,1,759,0,927,3,928,0,1593,1]
11-12 05:19:18.546 1971 1971 I sysui_multi_action: [757,491,758,1,759,491,927,4,928,0,1311,-1,1593,0]
11-12 05:19:18.546 1971 1971 I sysui_multi_action: [757,0,758,1,759,0,927,5,928,0,1593,0]
11-12 05:19:18.546 1971 1971 I sysui_multi_action: [757,111,758,1]
11-12 05:19:18.546 1971 1971 I sysui_multi_action: [757,126,758,1,759,126,927,0,928,0,1593,1]
11-12 05:19:18.546 1971 1971 I sysui_multi_action: [757,113,758,1,759,113,927,1,928,1,1593,1]
11-12 05:19:18.546 1971 1971 I sysui_multi_action: [757,0,758,1,759,0,927,2,928,0,1593,1]
11-12 05:19:18.546 1971 1971 I sysui_multi_action: [757,0,758,1,759,0,927,3,928,0,1593,1]
11-12 05:19:18.559 1481 1481 I notification_enqueue: [10082,1971,com.android.systemui,2048,NULL,0,Notification(channel=updateNotification shortcut=null contentView=null vibrate=null sound=null defaults=0x0 flags=0x0 color=0x00000000 vis=PRIVATE),1]
11-12 05:19:18.559 1971 1971 I sysui_multi_action: [757,111,758,2]
11-12 05:19:18.559 1971 1971 I sysui_multi_action: [757,111,758,2]
11-12 05:19:18.563 1971 1971 I sysui_multi_action: [757,111,758,1]
11-12 05:19:18.564 1971 1971 I sysui_multi_action: [757,126,758,1,759,126,927,0,928,0,1593,1]
11-12 05:19:18.564 1971 1971 I sysui_multi_action: [757,113,758,1,759,113,927,1,928,1,1593,1]
11-12 05:19:18.564 1971 1971 I sysui_multi_action: [757,0,758,1,759,0,927,2,928,0,1593,1]
11-12 05:19:18.564 1971 1971 I sysui_multi_action: [757,0,758,1,759,0,927,3,928,0,1593,1]
11-12 05:19:18.564 1971 1971 I sysui_multi_action: [757,491,758,1,759,491,927,4,928,0,1311,-1,1593,0]
11-12 05:19:18.564 1971 1971 I sysui_multi_action: [757,0,758,1,759,0,927,5,928,0,1593,0]
11-12 05:19:18.565 1971 1971 I sysui_multi_action: [757,111,758,1]
11-12 05:19:18.565 1971 1971 I sysui_multi_action: [757,126,758,1,759,126,927,0,928,0,1593,1]
11-12 05:19:18.565 1971 1971 I sysui_multi_action: [757,113,758,1,759,113,927,1,928,1,1593,1]
11-12 05:19:18.565 1971 1971 I sysui_multi_action: [757,0,758,1,759,0,927,2,928,0,1593,1]
11-12 05:19:18.565 1971 1971 I sysui_multi_action: [757,0,758,1,759,0,927,3,928,0,1593,1]
11-12 05:19:18.575 1971 1971 I sysui_multi_action: [757,111,758,2]
11-12 05:19:18.575 1481 1481 I notification_enqueue: [10082,1971,com.android.systemui,2048,NULL,0,Notification(channel=updateNotification shortcut=null contentView=null vibrate=null sound=null defaults=0x0 flags=0x0 color=0x00000000 vis=PRIVATE),1]
11-12 05:19:18.575 1971 1971 I sysui_multi_action: [757,111,758,2]
11-12 05:19:18.579 1971 1971 I sysui_multi_action: [757,111,758,1]
11-12 05:19:18.579 1971 1971 I sysui_multi_action: [757,126,758,1,759,126,927,0,928,0,1593,1]
11-12 05:19:18.579 1971 1971 I sysui_multi_action: [757,113,758,1,759,113,927,1,928,1,1593,1]
11-12 05:19:18.579 1971 1971 I sysui_multi_action: [757,0,758,1,759,0,927,2,928,0,1593,1]
11-12 05:19:18.579 1971 1971 I sysui_multi_action: [757,0,758,1,759,0,927,3,928,0,1593,1]
11-12 05:19:18.579 1971 1971 I sysui_multi_action: [757,491,758,1,759,491,927,4,928,0,1311,-1,1593,0]
11-12 05:19:18.579 1971 1971 I sysui_multi_action: [757,0,758,1,759,0,927,5,928,0,1593,0]
11-12 05:19:18.579 1971 1971 I sysui_multi_action: [757,111,758,1]
11-12 05:19:18.580 1971 1971 I sysui_multi_action: [757,126,758,1,759,126,927,0,928,0,1593,1]
11-12 05:19:18.580 1971 1971 I sysui_multi_action: [757,113,758,1,759,113,927,1,928,1,1593,1]
11-12 05:19:18.580 1971 1971 I sysui_multi_action: [757,0,758,1,759,0,927,2,928,0,1593,1]
11-12 05:19:18.580 1971 1971 I sysui_multi_action: [757,0,758,1,759,0,927,3,928,0,1593,1]
11-12 05:19:18.592 1971 1971 I sysui_multi_action: [757,111,758,2]
11-12 05:19:18.592 1481 1481 I notification_enqueue: [10082,1971,com.android.systemui,2048,NULL,0,Notification(channel=updateNotification shortcut=null contentView=null vibrate=null sound=null defaults=0x0 flags=0x0 color=0x00000000 vis=PRIVATE),1]
11-12 05:19:18.592 1971 1971 I sysui_multi_action: [757,111,758,2]
11-12 05:19:18.596 1971 1971 I sysui_multi_action: [757,111,758,1]
11-12 05:19:18.596 1971 1971 I sysui_multi_action: [757,126,758,1,759,126,927,0,928,0,1593,1]
11-12 05:19:18.596 1971 1971 I sysui_multi_action: [757,113,758,1,759,113,927,1,928,1,1593,1]
11-12 05:19:18.596 1971 1971 I sysui_multi_action: [757,0,758,1,759,0,927,2,928,0,1593,1]
11-12 05:19:18.596 1971 1971 I sysui_multi_action: [757,0,758,1,759,0,927,3,928,0,1593,1]
11-12 05:19:18.596 1971 1971 I sysui_multi_action: [757,491,758,1,759,491,927,4,928,0,1311,-1,1593,0]
11-12 05:19:18.597 1971 1971 I sysui_multi_action: [757,0,758,1,759,0,927,5,928,0,1593,0]
11-12 05:19:18.597 1971 1971 I sysui_multi_action: [757,111,758,1]
11-12 05:19:18.597 1971 1971 I sysui_multi_action: [757,126,758,1,759,126,927,0,928,0,1593,1]
11-12 05:19:18.597 1971 1971 I sysui_multi_action: [757,113,758,1,759,113,927,1,928,1,1593,1]
11-12 05:19:18.597 1971 1971 I sysui_multi_action: [757,0,758,1,759,0,927,2,928,0,1593,1]
11-12 05:19:18.597 1971 1971 I sysui_multi_action: [757,0,758,1,759,0,927,3,928,0,1593,1]
11-12 05:19:18.601 1481 1481 I sysui_multi_action: [757,1501,758,1,793,14536746,794,0,795,206,796,2048,806,com.android.systemui,857,updateNotification,858,3,947,0,1500,0,1688,1]
11-12 05:19:18.602 1481 1481 I sysui_multi_action: [757,804,799,note_interruptive,801,0,802,1]
11-12 05:19:18.602 1481 1481 I sysui_multi_action: [757,199,758,1,759,2,793,14536747,794,0,795,207,796,2048,806,com.android.systemui,857,updateNotification,858,3,947,0,1500,1,1688,1]
11-12 05:19:18.602 1481 1481 I notification_alert: [0|com.android.systemui|2048|null|10082,0,1,0]
11-12 05:19:18.607 1971 1971 I sysui_multi_action: [757,111,758,2]
11-12 05:19:18.607 1971 1971 I sysui_multi_action: [757,111,758,2]
11-12 05:19:18.610 1481 1481 I notification_enqueue: [10082,1971,com.android.systemui,2048,NULL,0,Notification(channel=updateNotification shortcut=null contentView=null vibrate=null sound=null defaults=0x0 flags=0x0 color=0x00000000 vis=PRIVATE),1]
11-12 05:19:18.611 1971 1971 I sysui_multi_action: [757,111,758,1]
11-12 05:19:18.612 1971 1971 I sysui_multi_action: [757,126,758,1,759,126,927,0,928,0,1593,1]
11-12 05:19:18.612 1971 1971 I sysui_multi_action: [757,113,758,1,759,113,927,1,928,1,1593,1]
11-12 05:19:18.612 1971 1971 I sysui_multi_action: [757,0,758,1,759,0,927,2,928,0,1593,1]
11-12 05:19:18.612 1971 1971 I sysui_multi_action: [757,0,758,1,759,0,927,3,928,0,1593,1]
11-12 05:19:18.612 1971 1971 I sysui_multi_action: [757,491,758,1,759,491,927,4,928,0,1311,-1,1593,0]
11-12 05:19:18.612 1971 1971 I sysui_multi_action: [757,0,758,1,759,0,927,5,928,0,1593,0]
11-12 05:19:18.612 1971 1971 I sysui_multi_action: [757,111,758,1]
11-12 05:19:18.613 1971 1971 I sysui_multi_action: [757,126,758,1,759,126,927,0,928,0,1593,1]
11-12 05:19:18.613 1971 1971 I sysui_multi_action: [757,113,758,1,759,113,927,1,928,1,1593,1]
11-12 05:19:18.613 1971 1971 I sysui_multi_action: [757,0,758,1,759,0,927,2,928,0,1593,1]
11-12 05:19:18.613 1971 1971 I sysui_multi_action: [757,0,758,1,759,0,927,3,928,0,1593,1]
11-12 05:19:18.626 1971 1971 I sysui_multi_action: [757,111,758,2]
11-12 05:19:18.626 1971 1971 I sysui_multi_action: [757,111,758,2]
11-12 05:19:18.626 1481 1481 I notification_enqueue: [10082,1971,com.android.systemui,2048,NULL,0,Notification(channel=updateNotification shortcut=null contentView=null vibrate=null sound=null defaults=0x0 flags=0x0 color=0x00000000 vis=PRIVATE),1]
11-12 05:19:18.629 1971 1971 I sysui_multi_action: [757,111,758,1]
11-12 05:19:18.629 1971 1971 I sysui_multi_action: [757,126,758,1,759,126,927,0,928,0,1593,1]
11-12 05:19:18.629 1971 1971 I sysui_multi_action: [757,113,758,1,759,113,927,1,928,1,1593,1]
11-12 05:19:18.630 1971 1971 I sysui_multi_action: [757,0,758,1,759,0,927,2,928,0,1593,1]
11-12 05:19:18.630 1971 1971 I sysui_multi_action: [757,0,758,1,759,0,927,3,928,0,1593,1]
11-12 05:19:18.630 1971 1971 I sysui_multi_action: [757,491,758,1,759,491,927,4,928,0,1311,-1,1593,0]
11-12 05:19:18.630 1971 1971 I sysui_multi_action: [757,0,758,1,759,0,927,5,928,0,1593,0]
11-12 05:19:18.630 1971 1971 I sysui_multi_action: [757,111,758,1]
11-12 05:19:18.630 1971 1971 I sysui_multi_action: [757,126,758,1,759,126,927,0,928,0,1593,1]
11-12 05:19:18.630 1971 1971 I sysui_multi_action: [757,113,758,1,759,113,927,1,928,1,1593,1]
11-12 05:19:18.630 1971 1971 I sysui_multi_action: [757,0,758,1,759,0,927,2,928,0,1593,1]
11-12 05:19:18.630 1971 1971 I sysui_multi_action: [757,0,758,1,759,0,927,3,928,0,1593,1]
11-12 05:19:18.647 1481 1481 I notification_enqueue: [10082,1971,com.android.systemui,2048,NULL,0,Notification(channel=updateNotification shortcut=null contentView=null vibrate=null sound=null defaults=0x0 flags=0x0 color=0x00000000 vis=PRIVATE),1]
11-12 05:19:18.647 1971 1971 I sysui_multi_action: [757,111,758,2]
11-12 05:19:18.647 1971 1971 I sysui_multi_action: [757,111,758,2]
11-12 05:19:18.650 1971 1971 I sysui_multi_action: [757,111,758,1]
11-12 05:19:18.651 1971 1971 I sysui_multi_action: [757,126,758,1,759,126,927,0,928,0,1593,1]
11-12 05:19:18.651 1971 1971 I sysui_multi_action: [757,113,758,1,759,113,927,1,928,1,1593,1]
11-12 05:19:18.651 1971 1971 I sysui_multi_action: [757,0,758,1,759,0,927,2,928,0,1593,1]
11-12 05:19:18.651 1971 1971 I sysui_multi_action: [757,0,758,1,759,0,927,3,928,0,1593,1]
11-12 05:19:18.651 1971 1971 I sysui_multi_action: [757,491,758,1,759,491,927,4,928,0,1311,-1,1593,0]
11-12 05:19:18.651 1971 1971 I sysui_multi_action: [757,0,758,1,759,0,927,5,928,0,1593,0]
11-12 05:19:18.651 1971 1971 I sysui_multi_action: [757,111,758,1]
11-12 05:19:18.652 1971 1971 I sysui_multi_action: [757,126,758,1,759,126,927,0,928,0,1593,1]
11-12 05:19:18.652 1971 1971 I sysui_multi_action: [757,113,758,1,759,113,927,1,928,1,1593,1]
11-12 05:19:18.652 1971 1971 I sysui_multi_action: [757,0,758,1,759,0,927,2,928,0,1593,1]
11-12 05:19:18.652 1971 1971 I sysui_multi_action: [757,0,758,1,759,0,927,3,928,0,1593,1]
11-12 05:19:18.663 1971 1971 I sysui_multi_action: [757,111,758,2]
11-12 05:19:18.663 1971 1971 I sysui_multi_action: [757,111,758,2]
11-12 05:19:18.663 1481 1481 I notification_enqueue: [10082,1971,com.android.systemui,2048,NULL,0,Notification(channel=updateNotification shortcut=null contentView=null vibrate=null sound=null defaults=0x0 flags=0x0 color=0x00000000 vis=PRIVATE),1]
11-12 05:19:18.676 1971 1971 I sysui_multi_action: [757,111,758,1]
11-12 05:19:18.676 1971 1971 I sysui_multi_action: [757,126,758,1,759,126,927,0,928,0,1593,1]
11-12 05:19:18.676 1971 1971 I sysui_multi_action: [757,113,758,1,759,113,927,1,928,1,1593,1]
11-12 05:19:18.676 1971 1971 I sysui_multi_action: [757,0,758,1,759,0,927,2,928,0,1593,1]
11-12 05:19:18.676 1971 1971 I sysui_multi_action: [757,0,758,1,759,0,927,3,928,0,1593,1]
11-12 05:19:18.676 1971 1971 I sysui_multi_action: [757,491,758,1,759,491,927,4,928,0,1311,-1,1593,0]
11-12 05:19:18.677 1971 1971 I sysui_multi_action: [757,0,758,1,759,0,927,5,928,0,1593,0]
11-12 05:19:18.677 1971 1971 I sysui_multi_action: [757,111,758,1]
11-12 05:19:18.677 1971 1971 I sysui_multi_action: [757,126,758,1,759,126,927,0,928,0,1593,1]
11-12 05:19:18.677 1971 1971 I sysui_multi_action: [757,113,758,1,759,113,927,1,928,1,1593,1]
11-12 05:19:18.677 1971 1971 I sysui_multi_action: [757,0,758,1,759,0,927,2,928,0,1593,1]
11-12 05:19:18.677 1971 1971 I sysui_multi_action: [757,0,758,1,759,0,927,3,928,0,1593,1]
11-12 05:19:18.690 1971 1971 I sysui_multi_action: [757,111,758,2]
11-12 05:19:18.690 1481 1481 I notification_enqueue: [10082,1971,com.android.systemui,2048,NULL,0,Notification(channel=updateNotification shortcut=null contentView=null vibrate=null sound=null defaults=0x0 flags=0x0 color=0x00000000 vis=PRIVATE),1]
11-12 05:19:18.690 1971 1971 I sysui_multi_action: [757,111,758,2]
11-12 05:19:18.703 1971 1971 I sysui_multi_action: [757,111,758,1]
11-12 05:19:18.703 1971 1971 I sysui_multi_action: [757,126,758,1,759,126,927,0,928,0,1593,1]
11-12 05:19:18.703 1971 1971 I sysui_multi_action: [757,113,758,1,759,113,927,1,928,1,1593,1]
11-12 05:19:18.703 1971 1971 I sysui_multi_action: [757,0,758,1,759,0,927,2,928,0,1593,1]
11-12 05:19:18.703 1971 1971 I sysui_multi_action: [757,0,758,1,759,0,927,3,928,0,1593,1]
11-12 05:19:18.703 1971 1971 I sysui_multi_action: [757,491,758,1,759,491,927,4,928,0,1311,-1,1593,0]
11-12 05:19:18.703 1971 1971 I sysui_multi_action: [757,0,758,1,759,0,927,5,928,0,1593,0]
11-12 05:19:18.704 1971 1971 I sysui_multi_action: [757,111,758,1]
11-12 05:19:18.704 1971 1971 I sysui_multi_action: [757,126,758,1,759,126,927,0,928,0,1593,1]
11-12 05:19:18.704 1971 1971 I sysui_multi_action: [757,113,758,1,759,113,927,1,928,1,1593,1]
11-12 05:19:18.704 1971 1971 I sysui_multi_action: [757,0,758,1,759,0,927,2,928,0,1593,1]
11-12 05:19:18.704 1971 1971 I sysui_multi_action: [757,0,758,1,759,0,927,3,928,0,1593,1]
11-12 05:19:19.458 1481 1680 I input_interaction: Interaction with: 3051942 com.android.settings/com.android.settings.homepage.SettingsHomepageActivity (server), swipe-up (server), edge-swipe (server), PointerEventDispatcher0 (server),
11-12 05:19:19.568 1481 1777 I wm_task_moved: [210,0,0]
11-12 05:19:19.572 1481 1777 I wm_focused_root_task: [0,0,43,210,moveTaskToBackLocked]
11-12 05:19:19.574 1481 1777 I wm_add_to_stopping: [0,18340525,com.android.settings/.homepage.SettingsHomepageActivity,makeInvisible]
11-12 05:19:19.577 1481 1777 I wm_pause_activity: [0,18340525,com.android.settings/.homepage.SettingsHomepageActivity,userLeaving=false,pauseBackTasks]
11-12 05:19:19.585 1481 1777 I wm_set_resumed_activity: [0,com.android.launcher3/.uioverrides.QuickstepLauncher,resumeTopActivityInnerLocked]
11-12 05:19:19.587 1481 1777 I wm_resume_activity: [0,35371080,44,com.android.launcher3/.uioverrides.QuickstepLauncher]
11-12 05:19:19.591 15162 15162 I wm_on_top_resumed_lost_called: [18340525,com.android.settings.homepage.SettingsHomepageActivity,topStateChangedWhenResumed]
11-12 05:19:19.596 15162 15162 I sysui_multi_action: [757,35,758,2,1089,1548]
11-12 05:19:19.597 15162 15162 I sysui_multi_action: [757,488,758,2,1089,1339]
11-12 05:19:19.598 15162 15162 I wm_on_paused_called: [18340525,com.android.settings.homepage.SettingsHomepageActivity,performPause]
11-12 05:19:19.606 2522 2522 I wm_on_restart_called: [35371080,com.android.launcher3.uioverrides.QuickstepLauncher,performRestartActivity]
11-12 05:19:19.606 1481 1570 I sysui_multi_action: [757,803,799,window_time_0,802,2]
11-12 05:19:19.606 2522 2522 I wm_on_start_called: [35371080,com.android.launcher3.uioverrides.QuickstepLauncher,handleStartActivity]
11-12 05:19:19.606 2522 2522 I wm_on_resume_called: [35371080,com.android.launcher3.uioverrides.QuickstepLauncher,RESUME_ACTIVITY]
11-12 05:19:19.607 2522 2522 I wm_on_top_resumed_gained_called: [35371080,com.android.launcher3.uioverrides.QuickstepLauncher,topStateChangedWhenResumed]
11-12 05:19:19.613 1481 1680 I input_focus: [Focus leaving 3051942 com.android.settings/com.android.settings.homepage.SettingsHomepageActivity (server),reason=NO_WINDOW]
11-12 05:19:19.624 1481 1571 I input_focus: [Focus request 18adad5 com.android.launcher3/com.android.launcher3.uioverrides.QuickstepLauncher,reason=UpdateInputWindows]
11-12 05:19:19.625 1481 1602 I commit_sys_config_file: [procstats,18]
11-12 05:19:19.663 1481 1680 I input_focus: [Focus entering 18adad5 com.android.launcher3/com.android.launcher3.uioverrides.QuickstepLauncher (server),reason=Window became focusable. Previous reason: NOT_VISIBLE]
11-12 05:19:20.005 1481 1570 I wm_stop_activity: [0,18340525,com.android.settings/.homepage.SettingsHomepageActivity]
11-12 05:19:20.039 15162 15162 I wm_on_stop_called: [18340525,com.android.settings.homepage.SettingsHomepageActivity,STOP_ACTIVITY_ITEM]
11-12 05:19:20.901 1481 1680 I input_interaction: Interaction with: b3e52f6 StatusBar (server), swipe-up (server), edge-swipe (server), PointerEventDispatcher0 (server),
11-12 05:19:20.909 1971 1971 I sysui_multi_action: [757,803,799,panel_open,802,1]
11-12 05:19:20.910 1971 1971 I sysui_multi_action: [757,1328,758,4,1326,50,1327,1,1329,0]
11-12 05:19:20.992 1481 7529 I sysui_multi_action: [757,127,758,1]
11-12 05:19:20.992 1481 7529 I sysui_multi_action: [757,804,799,note_load,801,2,802,1]
11-12 05:19:20.993 1481 7529 I notification_panel_revealed: 2
11-12 05:19:20.998 1481 1481 I notification_enqueue: [10082,1971,com.android.systemui,2048,NULL,0,Notification(channel=updateNotification shortcut=null contentView=null vibrate=null sound=null defaults=0x0 flags=0x0 color=0x00000000 vis=PRIVATE),1]
11-12 05:19:20.999 1971 1971 I sysui_multi_action: [757,111,758,2]
11-12 05:19:20.999 1971 1971 I sysui_multi_action: [757,111,758,2]
11-12 05:19:21.024 1481 1571 I input_focus: [Focus request 8e9fb15 NotificationShade,reason=UpdateInputWindows]
11-12 05:19:21.026 1971 1971 I sysui_multi_action: [757,111,758,1]
11-12 05:19:21.026 1971 1971 I sysui_multi_action: [757,126,758,1,759,126,927,0,928,0,1593,0]
11-12 05:19:21.027 1971 1971 I sysui_multi_action: [757,113,758,1,759,113,927,1,928,1,1593,0]
11-12 05:19:21.027 1971 1971 I sysui_multi_action: [757,0,758,1,759,0,927,2,928,0,1593,0]
11-12 05:19:21.027 1971 1971 I sysui_multi_action: [757,0,758,1,759,0,927,3,928,0,1593,0]
11-12 05:19:21.027 1971 1971 I sysui_multi_action: [757,491,758,1,759,491,927,4,928,0,1311,-1,1593,0]
11-12 05:19:21.027 1971 1971 I sysui_multi_action: [757,0,758,1,759,0,927,5,928,0,1593,0]
11-12 05:19:21.028 1971 1971 I sysui_multi_action: [757,111,758,1]
11-12 05:19:21.028 1971 1971 I sysui_multi_action: [757,126,758,1,759,126,927,0,928,0,1593,0]
11-12 05:19:21.028 1971 1971 I sysui_multi_action: [757,113,758,1,759,113,927,1,928,1,1593,0]
11-12 05:19:21.028 1971 1971 I sysui_multi_action: [757,0,758,1,759,0,927,2,928,0,1593,0]
11-12 05:19:21.028 1971 1971 I sysui_multi_action: [757,0,758,1,759,0,927,3,928,0,1593,0]
11-12 05:19:21.041 1481 1680 I input_focus: [Focus leaving 18adad5 com.android.launcher3/com.android.launcher3.uioverrides.QuickstepLauncher (server),reason=Waiting for window because NOT_VISIBLE]
11-12 05:19:21.041 1971 1971 I sysui_multi_action: [757,111,758,2]
11-12 05:19:21.041 1481 1481 I notification_enqueue: [10082,1971,com.android.systemui,2048,NULL,0,Notification(channel=updateNotification shortcut=null contentView=null vibrate=null sound=null defaults=0x0 flags=0x0 color=0x00000000 vis=PRIVATE),1]
11-12 05:19:21.042 1971 1971 I sysui_multi_action: [757,111,758,2]
11-12 05:19:21.046 1971 1971 I sysui_multi_action: [757,111,758,1]
11-12 05:19:21.047 1971 1971 I sysui_multi_action: [757,126,758,1,759,126,927,0,928,0,1593,0]
11-12 05:19:21.047 1971 1971 I sysui_multi_action: [757,113,758,1,759,113,927,1,928,1,1593,0]
11-12 05:19:21.047 1971 1971 I sysui_multi_action: [757,0,758,1,759,0,927,2,928,0,1593,0]
11-12 05:19:21.047 1971 1971 I sysui_multi_action: [757,0,758,1,759,0,927,3,928,0,1593,0]
11-12 05:19:21.048 1971 1971 I sysui_multi_action: [757,491,758,1,759,491,927,4,928,0,1311,-1,1593,0]
11-12 05:19:21.048 1971 1971 I sysui_multi_action: [757,0,758,1,759,0,927,5,928,0,1593,0]
11-12 05:19:21.048 1971 1971 I sysui_multi_action: [757,111,758,1]
11-12 05:19:21.048 1971 1971 I sysui_multi_action: [757,126,758,1,759,126,927,0,928,0,1593,0]
11-12 05:19:21.048 1971 1971 I sysui_multi_action: [757,113,758,1,759,113,927,1,928,1,1593,0]
11-12 05:19:21.048 1971 1971 I sysui_multi_action: [757,0,758,1,759,0,927,2,928,0,1593,0]
11-12 05:19:21.048 1971 1971 I sysui_multi_action: [757,0,758,1,759,0,927,3,928,0,1593,0]
11-12 05:19:21.057 1481 1680 I input_focus: [Focus entering 8e9fb15 NotificationShade (server),reason=Window became focusable. Previous reason: NOT_VISIBLE]
11-12 05:19:21.062 1971 1971 I sysui_multi_action: [757,111,758,2]
11-12 05:19:21.062 1481 1481 I notification_enqueue: [10082,1971,com.android.systemui,2048,NULL,0,Notification(channel=updateNotification shortcut=null contentView=null vibrate=null sound=null defaults=0x0 flags=0x0 color=0x00000000 vis=PRIVATE),1]
11-12 05:19:21.062 1971 1971 I sysui_multi_action: [757,111,758,2]
11-12 05:19:21.067 1971 1971 I sysui_multi_action: [757,111,758,1]
11-12 05:19:21.067 1971 1971 I sysui_multi_action: [757,126,758,1,759,126,927,0,928,0,1593,0]
11-12 05:19:21.067 1971 1971 I sysui_multi_action: [757,113,758,1,759,113,927,1,928,1,1593,0]
11-12 05:19:21.067 1971 1971 I sysui_multi_action: [757,0,758,1,759,0,927,2,928,0,1593,0]
11-12 05:19:21.067 1971 1971 I sysui_multi_action: [757,0,758,1,759,0,927,3,928,0,1593,0]
11-12 05:19:21.067 1971 1971 I sysui_multi_action: [757,491,758,1,759,491,927,4,928,0,1311,-1,1593,0]
11-12 05:19:21.068 1971 1971 I sysui_multi_action: [757,0,758,1,759,0,927,5,928,0,1593,0]
11-12 05:19:21.068 1971 1971 I sysui_multi_action: [757,111,758,1]
11-12 05:19:21.068 1971 1971 I sysui_multi_action: [757,126,758,1,759,126,927,0,928,0,1593,0]
11-12 05:19:21.068 1971 1971 I sysui_multi_action: [757,113,758,1,759,113,927,1,928,1,1593,0]
11-12 05:19:21.068 1971 1971 I sysui_multi_action: [757,0,758,1,759,0,927,2,928,0,1593,0]
11-12 05:19:21.068 1971 1971 I sysui_multi_action: [757,0,758,1,759,0,927,3,928,0,1593,0]
11-12 05:19:21.201 1481 1481 I sysui_multi_action: [757,1501,758,1,793,14539346,794,0,795,204,796,2048,806,com.android.systemui,857,updateNotification,858,3,947,0,1500,0,1688,1]
11-12 05:19:21.202 1481 1481 I sysui_multi_action: [757,804,799,note_interruptive,801,0,802,1]
11-12 05:19:21.202 1481 1481 I sysui_multi_action: [757,199,758,1,759,2,793,14539347,794,0,795,205,796,2048,806,com.android.systemui,857,updateNotification,858,3,947,0,1500,1,1688,1]
11-12 05:19:21.202 1481 1481 I notification_alert: [0|com.android.systemui|2048|null|10082,0,1,0]
11-12 05:19:21.327 0 0 I auditd : type=1400 audit(0.0:15421): avc: denied { kill } for comm="swapper/1" capability=5 scontext=u:r:kernel:s0 tcontext=u:r:kernel:s0 tclass=capability permissive=0
11-12 05:19:21.554 1481 7529 I sysui_multi_action: [757,128,758,1,793,1587334,794,0,795,1587334,796,26,798,0,806,android,857,DEVELOPER_IMPORTANT,858,4,947,0,1395,2,1500,1587120,1688,1]
11-12 05:19:21.555 1481 7529 I sysui_multi_action: [757,804,799,note_freshness,801,1587334,802,1]
11-12 05:19:21.555 1481 7529 I notification_visibility: [-1|android|26|null|1000,1,1587334,1587334,0,0]
11-12 05:19:21.556 1481 7529 I sysui_multi_action: [757,128,758,1,793,1587333,794,0,795,1587333,796,32,798,1,806,android,857,USB,858,1,947,0,1395,2,1500,1587121,1688,1]
11-12 05:19:21.557 1481 7529 I sysui_multi_action: [757,804,799,note_freshness,801,1587333,802,1]
11-12 05:19:21.558 1481 7529 I notification_visibility: [-1|android|32|null|1000,1,1587333,1587333,0,1]
11-12 05:19:21.900 1481 1680 I input_interaction: Interaction with: 8e9fb15 NotificationShade (server), swipe-up (server), edge-swipe (server), PointerEventDispatcher0 (server),
11-12 05:19:22.327 0 0 I auditd : type=1400 audit(0.0:15422): avc: denied { kill } for comm="swapper/1" capability=5 scontext=u:r:kernel:s0 tcontext=u:r:kernel:s0 tclass=capability permissive=0
11-12 05:19:22.339 1971 1971 I sysui_multi_action: [757,366,758,4,759,491,927,4,928,0,1311,-1,1592,0,1593,1]
11-12 05:19:22.364 1481 6239 I wm_task_created: [220,-1]
11-12 05:19:22.370 1481 6239 I wm_task_moved: [220,1,7]
11-12 05:19:22.370 1481 6239 I wm_task_to_front: [0,220]
11-12 05:19:22.371 1481 6239 I wm_create_task: [0,220]
11-12 05:19:22.371 1481 6239 I wm_create_activity: [0,20490666,220,com.android.settings/.Settings$NightDisplaySettingsActivity,android.settings.NIGHT_DISPLAY_SETTINGS,NULL,NULL,335544320]
11-12 05:19:22.371 1481 6239 I wm_task_moved: [220,1,7]
11-12 05:19:22.372 2522 2522 I wm_on_top_resumed_lost_called: [35371080,com.android.launcher3.uioverrides.QuickstepLauncher,topStateChangedWhenResumed]
11-12 05:19:22.376 1481 6239 I wm_pause_activity: [0,35371080,com.android.launcher3/.uioverrides.QuickstepLauncher,userLeaving=true,pauseBackTasks]
11-12 05:19:22.383 2522 2522 I wm_on_paused_called: [35371080,com.android.launcher3.uioverrides.QuickstepLauncher,performPause]
11-12 05:19:22.387 1481 6239 I wm_add_to_stopping: [0,35371080,com.android.launcher3/.uioverrides.QuickstepLauncher,makeInvisible]
11-12 05:19:22.388 1481 6239 I wm_restart_activity: [0,20490666,220,com.android.settings/.Settings$NightDisplaySettingsActivity]
11-12 05:19:22.389 1481 6239 I wm_set_resumed_activity: [0,com.android.settings/.Settings$NightDisplaySettingsActivity,minimalResumeActivityLocked]
11-12 05:19:22.426 1481 1570 I sysui_multi_action: [757,803,799,window_time_0,802,2]
11-12 05:19:22.430 1481 2130 I wm_task_moved: [210,1,7]
11-12 05:19:22.430 1481 2130 I wm_task_to_front: [0,210]
11-12 05:19:22.430 1481 2130 I wm_focused_root_task: [0,0,210,220,bringingFoundTaskToFront]
11-12 05:19:22.430 1481 2130 I wm_set_resumed_activity: [0,com.android.settings/.homepage.SettingsHomepageActivity,bringingFoundTaskToFront]
11-12 05:19:22.430 1481 2130 I wm_new_intent: [0,18340525,210,com.android.settings/.homepage.SettingsHomepageActivity,android.settings.NOTIFICATION_SETTINGS,NULL,NULL,272678912]
11-12 05:19:22.431 1481 2130 I wm_pause_activity: [0,20490666,com.android.settings/.Settings$NightDisplaySettingsActivity,userLeaving=true,pauseBackTasks]
11-12 05:19:22.437 1481 2130 I wm_finish_activity: [0,20490666,220,com.android.settings/.Settings$NightDisplaySettingsActivity,app-request]
11-12 05:19:22.437 15162 15162 I wm_on_create_called: [20490666,com.android.settings.Settings$NightDisplaySettingsActivity,performCreate]
11-12 05:19:22.443 1481 1777 I wm_add_to_stopping: [0,20490666,com.android.settings/.Settings$NightDisplaySettingsActivity,completeFinishing]
11-12 05:19:22.447 1481 1777 I wm_set_resumed_activity: [0,com.android.settings/.homepage.SettingsHomepageActivity,resumeTopActivityInnerLocked]
11-12 05:19:22.448 1481 1777 I wm_resume_activity: [0,18340525,210,com.android.settings/.homepage.SettingsHomepageActivity]
11-12 05:19:22.451 15162 15162 I wm_on_restart_called: [18340525,com.android.settings.homepage.SettingsHomepageActivity,performRestartActivity]
11-12 05:19:22.453 1481 1570 I wm_destroy_activity: [0,20490666,220,com.android.settings/.Settings$NightDisplaySettingsActivity,finish-imm:idle]
11-12 05:19:22.453 1481 1570 I sysui_multi_action: [757,803,799,window_time_0,802,0]
11-12 05:19:22.454 15162 15162 I wm_on_start_called: [18340525,com.android.settings.homepage.SettingsHomepageActivity,handleStartActivity]
11-12 05:19:22.455 15162 15162 I snet_event_log: [120484087,-1,]
11-12 05:19:22.455 15162 15162 I wm_on_resume_called: [18340525,com.android.settings.homepage.SettingsHomepageActivity,RESUME_ACTIVITY]
11-12 05:19:22.456 15162 15162 I sysui_multi_action: [757,35,758,1,833,0,1089,0]
11-12 05:19:22.457 15162 15162 I sysui_multi_action: [757,488,758,1,833,0,1089,0]
11-12 05:19:22.460 15162 15162 I wm_on_top_resumed_gained_called: [18340525,com.android.settings.homepage.SettingsHomepageActivity,topWhenResuming]
11-12 05:19:22.484 15162 15162 I wm_on_destroy_called: [20490666,com.android.settings.Settings$NightDisplaySettingsActivity,performDestroy]
11-12 05:19:22.489 1481 5189 I wm_task_removed: [220,removeChild:removeChild last r=ActivityRecord{138a9aa u0 com.android.settings/.Settings$NightDisplaySettingsActivity t-1 f}} in t=Task{ffce8e4 #220 type=standard A=1000:com.android.settings U=0 visible=false mode=fullscreen translucent=true sz=0}]
11-12 05:19:22.489 1481 5189 I wm_task_removed: [220,removeChild]
11-12 05:19:22.497 1481 1567 I sysui_multi_action: [319,129,322,128,325,14561,757,761,758,8,759,2,806,com.android.settings,871,com.android.settings.homepage.SettingsHomepageActivity,904,com.android.settings,905,0,1320,8,1321,5]
11-12 05:19:22.499 1481 1567 I wm_activity_launch_time: [0,18340525,com.android.settings/.homepage.SettingsHomepageActivity,128]
11-12 05:19:22.657 15162 15162 I sysui_multi_action: [757,488,758,2,1089,200]
11-12 05:19:22.678 15162 15162 I sysui_multi_action: [757,488,758,1,833,0,1089,18]
11-12 05:19:22.681 15162 15162 I sysui_multi_action: [757,1729,758,4,854,isParalleledControllers:false,1089,20]
11-12 05:19:23.022 1481 1570 I wm_stop_activity: [0,35371080,com.android.launcher3/.uioverrides.QuickstepLauncher]
11-12 05:19:23.028 1971 1971 I sysui_multi_action: [757,111,758,2]
11-12 05:19:23.028 1481 1481 I notification_enqueue: [10082,1971,com.android.systemui,2048,NULL,0,Notification(channel=updateNotification shortcut=null contentView=null vibrate=null sound=null defaults=0x0 flags=0x0 color=0x00000000 vis=PRIVATE),1]
11-12 05:19:23.029 1971 1971 I sysui_multi_action: [757,111,758,2]
11-12 05:19:23.042 1481 1571 I input_focus: [Focus request 3051942 com.android.settings/com.android.settings.homepage.SettingsHomepageActivity,reason=UpdateInputWindows]
11-12 05:19:23.044 1971 1971 I sysui_multi_action: [757,111,758,1]
11-12 05:19:23.045 1971 1971 I sysui_multi_action: [757,126,758,1,759,126,927,0,928,0,1593,1]
11-12 05:19:23.045 1971 1971 I sysui_multi_action: [757,113,758,1,759,113,927,1,928,1,1593,1]
11-12 05:19:23.045 1971 1971 I sysui_multi_action: [757,0,758,1,759,0,927,2,928,0,1593,1]
11-12 05:19:23.045 1971 1971 I sysui_multi_action: [757,0,758,1,759,0,927,3,928,0,1593,1]
11-12 05:19:23.045 1971 1971 I sysui_multi_action: [757,491,758,1,759,491,927,4,928,0,1311,-1,1593,0]
11-12 05:19:23.046 1971 1971 I sysui_multi_action: [757,0,758,1,759,0,927,5,928,0,1593,0]
11-12 05:19:23.046 1971 1971 I sysui_multi_action: [757,111,758,1]
11-12 05:19:23.046 1971 1971 I sysui_multi_action: [757,126,758,1,759,126,927,0,928,0,1593,1]
11-12 05:19:23.046 1971 1971 I sysui_multi_action: [757,113,758,1,759,113,927,1,928,1,1593,1]
11-12 05:19:23.046 1971 1971 I sysui_multi_action: [757,0,758,1,759,0,927,2,928,0,1593,1]
11-12 05:19:23.047 1971 1971 I sysui_multi_action: [757,0,758,1,759,0,927,3,928,0,1593,1]
11-12 05:19:23.053 2522 2522 I wm_on_stop_called: [35371080,com.android.launcher3.uioverrides.QuickstepLauncher,STOP_ACTIVITY_ITEM]
11-12 05:19:23.056 1481 1680 I input_focus: [Focus leaving 8e9fb15 NotificationShade (server),reason=NOT_FOCUSABLE]
11-12 05:19:23.056 1481 1680 I input_focus: [Focus entering 3051942 com.android.settings/com.android.settings.homepage.SettingsHomepageActivity (server),reason=setFocusedWindow]
11-12 05:19:23.061 1481 7529 I sysui_multi_action: [757,128,758,2,793,1588840,794,1506,795,1588840,796,26,798,0,806,android,857,DEVELOPER_IMPORTANT,858,4,947,0,1395,2,1500,1588626,1688,1]
11-12 05:19:23.061 1481 7529 I notification_visibility: [-1|android|26|null|1000,0,1588840,1588840,0,0]
11-12 05:19:23.061 1481 7529 I sysui_multi_action: [757,128,758,2,793,1588838,794,1505,795,1588838,796,32,798,1,806,android,857,USB,858,1,947,0,1395,2,1500,1588626,1688,1]
11-12 05:19:23.061 1481 7529 I notification_visibility: [-1|android|32|null|1000,0,1588838,1588838,0,1]
11-12 05:19:23.064 1971 1971 I sysui_multi_action: [757,111,758,2]
11-12 05:19:23.064 1971 1971 I sysui_multi_action: [757,111,758,2]
11-12 05:19:23.066 1481 1481 I notification_enqueue: [10082,1971,com.android.systemui,2048,NULL,0,Notification(channel=updateNotification shortcut=null contentView=null vibrate=null sound=null defaults=0x0 flags=0x0 color=0x00000000 vis=PRIVATE),1]
11-12 05:19:23.067 1481 2114 I sysui_multi_action: [757,127,758,2]
11-12 05:19:23.067 1481 2114 I notification_panel_hidden:
11-12 05:19:23.097 1971 1971 I sysui_multi_action: [757,111,758,1]
11-12 05:19:23.098 1971 1971 I sysui_multi_action: [757,126,758,1,759,126,927,0,928,0,1593,1]
11-12 05:19:23.098 1971 1971 I sysui_multi_action: [757,113,758,1,759,113,927,1,928,1,1593,1]
11-12 05:19:23.098 1971 1971 I sysui_multi_action: [757,0,758,1,759,0,927,2,928,0,1593,1]
11-12 05:19:23.098 1971 1971 I sysui_multi_action: [757,0,758,1,759,0,927,3,928,0,1593,1]
11-12 05:19:23.099 1971 1971 I sysui_multi_action: [757,491,758,1,759,491,927,4,928,0,1311,-1,1593,0]
11-12 05:19:23.099 1971 1971 I sysui_multi_action: [757,0,758,1,759,0,927,5,928,0,1593,0]
11-12 05:19:23.099 1971 1971 I sysui_multi_action: [757,111,758,1]
11-12 05:19:23.099 1971 1971 I sysui_multi_action: [757,126,758,1,759,126,927,0,928,0,1593,1]
11-12 05:19:23.099 1971 1971 I sysui_multi_action: [757,113,758,1,759,113,927,1,928,1,1593,1]
11-12 05:19:23.100 1971 1971 I sysui_multi_action: [757,0,758,1,759,0,927,2,928,0,1593,1]
11-12 05:19:23.100 1971 1971 I sysui_multi_action: [757,0,758,1,759,0,927,3,928,0,1593,1]
11-12 05:19:23.233 1481 1481 I sysui_multi_action: [757,1501,758,1,793,14541378,794,0,795,209,796,2048,806,com.android.systemui,857,updateNotification,858,3,947,0,1500,0,1688,1]
11-12 05:19:23.233 1481 1481 I sysui_multi_action: [757,804,799,note_interruptive,801,0,802,1]
11-12 05:19:23.233 1481 1481 I sysui_multi_action: [757,199,758,1,759,2,793,14541378,794,0,795,209,796,2048,806,com.android.systemui,857,updateNotification,858,3,947,0,1500,0,1688,1]
11-12 05:19:23.233 1481 1481 I notification_alert: [0|com.android.systemui|2048|null|10082,0,1,0]
11-12 05:19:23.327 0 0 I auditd : type=1400 audit(0.0:15423): avc: denied { kill } for comm="swapper/1" capability=5 scontext=u:r:kernel:s0 tcontext=u:r:kernel:s0 tclass=capability permissive=0
11-12 05:19:23.687 1481 1680 I input_interaction: Interaction with: 3051942 com.android.settings/com.android.settings.homepage.SettingsHomepageActivity (server), swipe-up (server), edge-swipe (server), PointerEventDispatcher0 (server),
11-12 05:19:23.807 1481 2130 I wm_task_moved: [210,0,0]
11-12 05:19:23.810 1481 2130 I wm_focused_root_task: [0,0,43,210,moveTaskToBackLocked]
11-12 05:19:23.810 1481 2130 I wm_add_to_stopping: [0,18340525,com.android.settings/.homepage.SettingsHomepageActivity,makeInvisible]
11-12 05:19:23.812 1481 2130 I wm_pause_activity: [0,18340525,com.android.settings/.homepage.SettingsHomepageActivity,userLeaving=false,pauseBackTasks]
11-12 05:19:23.814 1481 2130 I wm_set_resumed_activity: [0,com.android.launcher3/.uioverrides.QuickstepLauncher,resumeTopActivityInnerLocked]
11-12 05:19:23.815 1481 2130 I wm_resume_activity: [0,35371080,44,com.android.launcher3/.uioverrides.QuickstepLauncher]
11-12 05:19:23.816 15162 15162 I wm_on_top_resumed_lost_called: [18340525,com.android.settings.homepage.SettingsHomepageActivity,topStateChangedWhenResumed]
11-12 05:19:23.818 2522 2522 I wm_on_restart_called: [35371080,com.android.launcher3.uioverrides.QuickstepLauncher,performRestartActivity]
11-12 05:19:23.819 2522 2522 I wm_on_start_called: [35371080,com.android.launcher3.uioverrides.QuickstepLauncher,handleStartActivity]
11-12 05:19:23.819 2522 2522 I wm_on_resume_called: [35371080,com.android.launcher3.uioverrides.QuickstepLauncher,RESUME_ACTIVITY]
11-12 05:19:23.826 15162 15162 I sysui_multi_action: [757,35,758,2,1089,1369]
11-12 05:19:23.826 15162 15162 I sysui_multi_action: [757,488,758,2,1089,1148]
11-12 05:19:23.826 15162 15162 I wm_on_paused_called: [18340525,com.android.settings.homepage.SettingsHomepageActivity,performPause]
11-12 05:19:23.831 1481 1570 I sysui_multi_action: [757,803,799,window_time_0,802,2]
11-12 05:19:23.841 1481 1680 I input_focus: [Focus leaving 3051942 com.android.settings/com.android.settings.homepage.SettingsHomepageActivity (server),reason=NO_WINDOW]
11-12 05:19:23.841 1481 1571 I input_focus: [Focus request 18adad5 com.android.launcher3/com.android.launcher3.uioverrides.QuickstepLauncher,reason=UpdateInputWindows]
11-12 05:19:23.848 2522 2522 I wm_on_top_resumed_gained_called: [35371080,com.android.launcher3.uioverrides.QuickstepLauncher,topStateChangedWhenResumed]
11-12 05:19:23.874 1481 1680 I input_focus: [Focus entering 18adad5 com.android.launcher3/com.android.launcher3.uioverrides.QuickstepLauncher (server),reason=Window became focusable. Previous reason: NOT_VISIBLE]
11-12 05:19:24.228 1481 1570 I wm_stop_activity: [0,18340525,com.android.settings/.homepage.SettingsHomepageActivity]
11-12 05:19:24.277 15162 15162 I wm_on_stop_called: [18340525,com.android.settings.homepage.SettingsHomepageActivity,STOP_ACTIVITY_ITEM]
11-12 05:19:25.063 1481 1680 I input_interaction: Interaction with: 18adad5 com.android.launcher3/com.android.launcher3.uioverrides.QuickstepLauncher (server), 7fba367 com.android.systemui.ImageWallpaper (server), swipe-up (server), edge-swipe (server), PointerEventDispatcher0 (server),
11-12 05:19:25.228 1481 1680 I input_interaction: Interaction with: swipe-up (server), edge-swipe (server), PointerEventDispatcher0 (server),
11-12 05:19:25.233 2522 2522 I view_enqueue_input_event: [Motion - Cancel,com.android.launcher3/com.android.launcher3.uioverrides.QuickstepLauncher]
11-12 05:19:25.327 0 0 I auditd : type=1400 audit(0.0:15424): avc: denied { kill } for comm="swapper/1" capability=5 scontext=u:r:kernel:s0 tcontext=u:r:kernel:s0 tclass=capability permissive=0
11-12 05:19:25.381 1481 1668 I commit_sys_config_file: [settings-1-0,3]
11-12 05:19:25.711 1481 1668 I commit_sys_config_file: [settings-1-0,7]
11-12 05:19:26.255 1481 1680 I input_interaction: Interaction with: 18adad5 com.android.launcher3/com.android.launcher3.uioverrides.QuickstepLauncher (server), 7fba367 com.android.systemui.ImageWallpaper (server), swipe-up (server), edge-swipe (server), PointerEventDispatcher0 (server),
11-12 05:19:26.811 1481 7040 I wm_finish_activity: [0,18340525,210,com.android.settings/.homepage.SettingsHomepageActivity,recent-task-trimmed]
11-12 05:19:26.813 1481 7040 I wm_destroy_activity: [0,18340525,210,com.android.settings/.homepage.SettingsHomepageActivity,finish-imm:finishIfPossible]
11-12 05:19:26.820 1481 1570 I am_kill : [0,15162,com.android.settings,900,remove task]
11-12 05:19:26.842 1481 1570 I sysui_multi_action: [757,803,799,window_time_0,802,3]
11-12 05:19:26.923 1481 7040 I am_proc_died: [0,15162,com.android.settings,900,18]
11-12 05:19:26.936 1481 7040 I wm_task_removed: [210,removeChild:removeChild last r=ActivityRecord{117daad u0 com.android.settings/.homepage.SettingsHomepageActivity t-1 f}} in t=Task{1cb4155 #210 type=standard A=1000:com.android.settings.root U=0 visible=false mode=fullscreen translucent=true sz=0}]
11-12 05:19:26.936 1481 7040 I wm_task_removed: [210,removeChild]
11-12 05:19:26.977 1481 1604 I am_proc_start: [0,15738,1000,com.android.settings,NULL,]
11-12 05:19:27.018 1481 7040 I am_proc_bound: [0,15738,com.android.settings]
11-12 05:19:27.327 0 0 I auditd : type=1400 audit(0.0:15425): avc: denied { kill } for comm="swapper/2" capability=5 scontext=u:r:kernel:s0 tcontext=u:r:kernel:s0 tclass=capability permissive=0
11-12 05:19:27.797 1481 6239 I wm_task_created: [221,-1]
11-12 05:19:27.800 1481 6239 I wm_task_moved: [221,1,6]
11-12 05:19:27.800 1481 6239 I wm_task_to_front: [0,221]
11-12 05:19:27.801 1481 6239 I wm_create_task: [0,221]
11-12 05:19:27.801 1481 6239 I wm_create_activity: [0,40523078,221,com.android.settings/.Settings,android.intent.action.MAIN,NULL,NULL,270532608]
11-12 05:19:27.801 1481 6239 I wm_task_moved: [221,1,6]
11-12 05:19:27.803 1481 6239 I wm_pause_activity: [0,35371080,com.android.launcher3/.uioverrides.QuickstepLauncher,userLeaving=true,pauseBackTasks]
11-12 05:19:27.814 2522 2522 I wm_on_top_resumed_lost_called: [35371080,com.android.launcher3.uioverrides.QuickstepLauncher,topStateChangedWhenResumed]
11-12 05:19:27.815 2522 2522 I wm_on_paused_called: [35371080,com.android.launcher3.uioverrides.QuickstepLauncher,performPause]
11-12 05:19:27.824 1481 6239 I wm_add_to_stopping: [0,35371080,com.android.launcher3/.uioverrides.QuickstepLauncher,makeInvisible]
11-12 05:19:27.826 1481 6239 I wm_restart_activity: [0,40523078,221,com.android.settings/.Settings]
11-12 05:19:27.829 1481 6239 I wm_set_resumed_activity: [0,com.android.settings/.Settings,minimalResumeActivityLocked]
11-12 05:19:27.843 1481 1570 I sysui_multi_action: [757,803,799,window_time_0,802,1]
11-12 05:19:27.850 1481 1680 I input_focus: [Focus leaving 18adad5 com.android.launcher3/com.android.launcher3.uioverrides.QuickstepLauncher (server),reason=NO_WINDOW]
11-12 05:19:27.887 15738 15738 I wm_on_create_called: [40523078,com.android.settings.Settings,performCreate]
11-12 05:19:27.914 15738 15738 I wm_on_start_called: [40523078,com.android.settings.Settings,handleStartActivity]
11-12 05:19:27.914 15738 15738 I snet_event_log: [120484087,-1,]
11-12 05:19:27.915 15738 15738 I wm_on_resume_called: [40523078,com.android.settings.Settings,RESUME_ACTIVITY]
11-12 05:19:27.916 15738 15738 I sysui_multi_action: [757,35,758,1,833,0,1089,27]
11-12 05:19:27.922 15738 15738 I sysui_multi_action: [757,1729,758,4,854,isParalleledControllers:false,1089,33]
11-12 05:19:27.928 15738 15738 I wm_on_top_resumed_gained_called: [40523078,com.android.settings.Settings,topStateChangedWhenResumed]
11-12 05:19:27.957 1481 1571 I input_focus: [Focus request c9ed494 com.android.settings/com.android.settings.Settings,reason=UpdateInputWindows]
11-12 05:19:27.987 1481 1571 I sysui_multi_action: [324,1,757,1090,758,12,806,com.android.settings,871,com.android.settings.Settings,1091,197]
11-12 05:19:27.991 1481 1567 I sysui_multi_action: [319,71,321,69,322,197,325,14567,757,761,758,8,759,1,806,com.android.settings,871,com.android.settings.Settings,904,com.android.launcher3,905,0,1320,8,1321,5]
11-12 05:19:27.993 1481 1567 I wm_activity_launch_time: [0,40523078,com.android.settings/.Settings,197]
11-12 05:19:28.000 1481 1680 I input_focus: [Focus entering c9ed494 com.android.settings/com.android.settings.Settings (server),reason=Window became focusable. Previous reason: NOT_VISIBLE]
11-12 05:19:28.045 15738 15738 W CarrierConfigManager: Error getting config for subId -1 ICarrierConfigLoader is null
11-12 05:19:28.078 15738 15738 I sysui_multi_action: [757,746,758,1,833,0,1089,46]
11-12 05:19:28.079 1481 1777 D TelephonyRegistry: listen oscl: mHasNotifySubscriptionInfoChangedOccurred==false no callback
11-12 05:19:28.084 1481 1777 D TelephonyRegistry: listen oscl: mHasNotifySubscriptionInfoChangedOccurred==false no callback
11-12 05:19:28.091 15738 15738 I sysui_multi_action: [757,1729,758,4,854,isParalleledControllers:false,1089,59]
11-12 05:19:28.110 15738 15738 I sysui_multi_action: [757,746,758,2,1089,32]
11-12 05:19:28.118 15738 15738 W CarrierConfigManager: Error getting config for subId -1 ICarrierConfigLoader is null
11-12 05:19:28.139 15738 15738 I sysui_multi_action: [757,746,758,1,833,0,1089,22]
11-12 05:19:28.139 1481 5359 D TelephonyRegistry: listen oscl: mHasNotifySubscriptionInfoChangedOccurred==false no callback
11-12 05:19:28.141 1481 5359 D TelephonyRegistry: listen oscl: mHasNotifySubscriptionInfoChangedOccurred==false no callback
11-12 05:19:28.148 15738 15738 I sysui_multi_action: [757,1729,758,4,854,isParalleledControllers:false,1089,32]
11-12 05:19:28.327 0 0 I auditd : type=1400 audit(0.0:15426): avc: denied { kill } for comm="swapper/2" capability=5 scontext=u:r:kernel:s0 tcontext=u:r:kernel:s0 tclass=capability permissive=0
11-12 05:19:28.402 1481 1570 I wm_stop_activity: [0,35371080,com.android.launcher3/.uioverrides.QuickstepLauncher]
11-12 05:19:28.446 2522 2522 I wm_on_stop_called: [35371080,com.android.launcher3.uioverrides.QuickstepLauncher,STOP_ACTIVITY_ITEM]
11-12 05:19:28.820 1481 1680 I input_interaction: Interaction with: b3e52f6 StatusBar (server), swipe-up (server), edge-swipe (server), PointerEventDispatcher0 (server),
11-12 05:19:28.839 1971 1971 I sysui_multi_action: [757,803,799,panel_open,802,1]
11-12 05:19:28.840 1971 1971 I sysui_multi_action: [757,1328,758,4,1326,43,1327,3,1329,0]
11-12 05:19:28.944 1481 5359 I sysui_multi_action: [757,127,758,1]
11-12 05:19:28.944 1481 5359 I sysui_multi_action: [757,804,799,note_load,801,2,802,1]
11-12 05:19:28.944 1481 5359 I notification_panel_revealed: 2
11-12 05:19:28.958 1971 1971 I sysui_multi_action: [757,111,758,2]
11-12 05:19:28.958 1971 1971 I sysui_multi_action: [757,111,758,2]
11-12 05:19:28.958 1481 1481 I notification_enqueue: [10082,1971,com.android.systemui,2048,NULL,0,Notification(channel=updateNotification shortcut=null contentView=null vibrate=null sound=null defaults=0x0 flags=0x0 color=0x00000000 vis=PRIVATE),1]
11-12 05:19:28.978 1481 1571 I input_focus: [Focus request 8e9fb15 NotificationShade,reason=UpdateInputWindows]
11-12 05:19:28.980 1971 1971 I sysui_multi_action: [757,111,758,1]
11-12 05:19:28.981 1971 1971 I sysui_multi_action: [757,126,758,1,759,126,927,0,928,0,1593,1]
11-12 05:19:28.981 1971 1971 I sysui_multi_action: [757,113,758,1,759,113,927,1,928,1,1593,1]
11-12 05:19:28.981 1971 1971 I sysui_multi_action: [757,0,758,1,759,0,927,2,928,0,1593,1]
11-12 05:19:28.981 1971 1971 I sysui_multi_action: [757,0,758,1,759,0,927,3,928,0,1593,1]
11-12 05:19:28.981 1971 1971 I sysui_multi_action: [757,491,758,1,759,491,927,4,928,0,1311,-1,1593,0]
11-12 05:19:28.981 1971 1971 I sysui_multi_action: [757,0,758,1,759,0,927,5,928,0,1593,0]
11-12 05:19:28.981 1971 1971 I sysui_multi_action: [757,111,758,1]
11-12 05:19:28.981 1971 1971 I sysui_multi_action: [757,126,758,1,759,126,927,0,928,0,1593,1]
11-12 05:19:28.981 1971 1971 I sysui_multi_action: [757,113,758,1,759,113,927,1,928,1,1593,1]
11-12 05:19:28.981 1971 1971 I sysui_multi_action: [757,0,758,1,759,0,927,2,928,0,1593,1]
11-12 05:19:28.981 1971 1971 I sysui_multi_action: [757,0,758,1,759,0,927,3,928,0,1593,1]
11-12 05:19:28.991 1971 1971 I sysui_multi_action: [757,111,758,2]
11-12 05:19:28.991 1971 1971 I sysui_multi_action: [757,111,758,2]
11-12 05:19:28.991 1481 1481 I notification_enqueue: [10082,1971,com.android.systemui,2048,NULL,0,Notification(channel=updateNotification shortcut=null contentView=null vibrate=null sound=null defaults=0x0 flags=0x0 color=0x00000000 vis=PRIVATE),1]
11-12 05:19:28.994 1971 1971 I sysui_multi_action: [757,111,758,1]
11-12 05:19:28.995 1971 1971 I sysui_multi_action: [757,126,758,1,759,126,927,0,928,0,1593,1]
11-12 05:19:28.995 1971 1971 I sysui_multi_action: [757,113,758,1,759,113,927,1,928,1,1593,1]
11-12 05:19:28.995 1971 1971 I sysui_multi_action: [757,0,758,1,759,0,927,2,928,0,1593,1]
11-12 05:19:28.995 1971 1971 I sysui_multi_action: [757,0,758,1,759,0,927,3,928,0,1593,1]
11-12 05:19:28.995 1971 1971 I sysui_multi_action: [757,491,758,1,759,491,927,4,928,0,1311,-1,1593,1]
11-12 05:19:28.995 1971 1971 I sysui_multi_action: [757,0,758,1,759,0,927,5,928,0,1593,1]
11-12 05:19:28.995 1971 1971 I sysui_multi_action: [757,111,758,1]
11-12 05:19:28.995 1971 1971 I sysui_multi_action: [757,126,758,1,759,126,927,0,928,0,1593,1]
11-12 05:19:28.995 1971 1971 I sysui_multi_action: [757,113,758,1,759,113,927,1,928,1,1593,1]
11-12 05:19:28.995 1971 1971 I sysui_multi_action: [757,0,758,1,759,0,927,2,928,0,1593,1]
