11-12 05:31:09.170 1194 16249 I CCodecBufferChannel: pipelineRoom(1) is <= numClientBuffers(1). Not signalling any more buffers to client
11-12 05:31:09.175 1194 16248 I ExtendedNuUtils: Both src and dst missing for bit-width
11-12 05:31:09.175 1194 16248 I ExtendedNuUtils: Overriding durationUs: with 64 bit src value 1728000
11-12 05:31:09.175 1194 16248 I ExtendedNuUtils: Both src and dst missing for channel-mask
11-12 05:31:09.179 793 1792 D audio_hw_primary: adev_get_parameters:vr_audio_mode_on
11-12 05:31:09.179 793 1792 I audio_hw_primary: getting vr mode to 0
11-12 05:31:09.179 793 1792 D audio_hw_primary: adev_get_parameters: exit: returns - vr_audio_mode_on=false
11-12 05:31:09.179 969 7630 I hash_map_utils: system/bt/osi/src/hash_map_utils.cc:81 hash_map_utils_dump_string_keys_string_values: key: 'vr_audio_mode_on' value: ''
11-12 05:31:09.180 969 7630 D AudioFlinger: Client defaulted notificationFrames to 12000 for frameCount 24000
11-12 05:31:09.181 969 7630 D AF::TrackHandle: OpPlayAudio: track:231 usage:5 not muted
11-12 05:31:09.183 793 793 D audio_hw_primary: out_set_parameters: enter: usecase(1: low-latency-playback) kvpairs: suspend_playback=false
11-12 05:31:09.183 793 793 D audio_hw_extn: audio_extn_fm_set_parameters: Enter
11-12 05:31:09.184 793 3272 W audio_hw_primary: out_write: underrun(308) frames_by_time(22374) > out->last_fifo_frames_remaining(384)
11-12 05:31:09.211 793 793 D audio_hw_primary: out_set_parameters: enter: usecase(1: low-latency-playback) kvpairs: suspend_playback=true
11-12 05:31:09.212 793 793 D audio_hw_extn: audio_extn_fm_set_parameters: Enter
11-12 05:31:09.216 793 793 I EffectsFactory: EffectCreate() create_effect
11-12 05:31:09.220 793 793 D audio_hw_primary: out_set_parameters: enter: usecase(1: low-latency-playback) kvpairs: suspend_playback=false
11-12 05:31:09.220 793 793 D audio_hw_extn: audio_extn_fm_set_parameters: Enter
11-12 05:31:09.221 1194 16247 D AudioTrack: getTimestamp_l(223): device stall time corrected using current time 15268705451100
11-12 05:31:09.222 793 1667 D msm8974_platform: platform_split_snd_device: snd_device(2) num devices(1) new_snd_devices(0)
11-12 05:31:09.222 793 1667 D ACDB-LOADER: ACDB -> send_audvoltable
11-12 05:31:09.222 793 1667 D ACDB-LOADER: ACDB -> ACDB_CMD_GET_AUDPROC_INSTANCE_GAIN_DEP_STEP_TABLE_SIZE
11-12 05:31:09.222 793 1667 D ACDB-LOADER: ACDB -> ACDB_CMD_GET_AUDPROC_INSTANCE_GAIN_DEP_STEP_TABLE, vol index 5
11-12 05:31:09.222 793 1667 D ACDB-LOADER: ACDB -> AUDIO_SET_VOL_CAL cal type = 40
11-12 05:31:09.223 793 3272 W audio_hw_primary: out_write: underrun(309) frames_by_time(689) > out->last_fifo_frames_remaining(384)
11-12 05:31:09.223 793 793 D audio_hw_primary: out_set_parameters: enter: usecase(1: low-latency-playback) kvpairs: suspend_playback=true
11-12 05:31:09.223 793 793 D audio_hw_extn: audio_extn_fm_set_parameters: Enter
11-12 05:31:09.236 793 793 D audio_hw_primary: out_set_parameters: enter: usecase(1: low-latency-playback) kvpairs: suspend_playback=false
11-12 05:31:09.236 793 793 D audio_hw_extn: audio_extn_fm_set_parameters: Enter
11-12 05:31:09.239 1971 16242 V MediaPlayer: resetDrmState: mDrmInfo=null mDrmProvisioningThread=null mPrepareDrmInProgress=false mActiveDrmScheme=false
11-12 05:31:09.239 1971 16242 V MediaPlayer: cleanDrmObj: mDrmObj=null mDrmSessionId=null
11-12 05:31:09.239 1194 1375 D NuPlayerDriver: reset(0xe69401f0) at state 6
11-12 05:31:09.240 12753 12816 D Avrcp_ext: AudioManager Player: AudioPlaybackConfiguration piid:71 deviceId:0 type:android.media.SoundPool u/pid:10082/1971 state:idle attr:AudioAttributes: usage=USAGE_ASSISTANCE_SONIFICATION content=CONTENT_TYPE_SONIFICATION flags=0x800 tags= bundle=null sessionId:0
11-12 05:31:09.240 12753 12816 D Avrcp_ext: AudioManager Player: AudioPlaybackConfiguration piid:1815 deviceId:0 type:android.media.MediaPlayer u/pid:10082/1971 state:started attr:AudioAttributes: usage=USAGE_NOTIFICATION content=CONTENT_TYPE_SONIFICATION flags=0x800 tags= bundle=null sessionId:0
11-12 05:31:09.243 1194 16227 I hw-BpHwBinder: onLastStrongRef automatically unlinking death recipients
11-12 05:31:09.243 793 793 D audio_hw_primary: out_set_parameters: enter: usecase(1: low-latency-playback) kvpairs: suspend_playback=true
11-12 05:31:09.244 793 793 D audio_hw_extn: audio_extn_fm_set_parameters: Enter
11-12 05:31:09.245 12753 12816 D Avrcp_ext: AudioManager Player in started state: com.android.systemui
11-12 05:31:09.246 12753 12816 D Avrcp_ext: AudioManager Active Player: com.android.systemui
11-12 05:31:09.246 12753 12816 D Avrcp_ext: AudioManager Player: AudioPlaybackConfiguration piid:63 deviceId:0 type:android.media.SoundPool u/pid:1000/1481 state:idle attr:AudioAttributes: usage=USAGE_ASSISTANCE_SONIFICATION content=CONTENT_TYPE_SONIFICATION flags=0x800 tags= bundle=null sessionId:0
11-12 05:31:09.246 12753 12816 D Avrcp_ext: AudioManager Player: AudioPlaybackConfiguration piid:767 deviceId:0 type:android.media.SoundPool u/pid:1000/9573 state:idle attr:AudioAttributes: usage=USAGE_ASSISTANCE_SONIFICATION content=CONTENT_TYPE_SONIFICATION flags=0x801 tags= bundle=null sessionId:0
11-12 05:31:09.246 12753 12816 D Avrcp_ext: AudioManager isPlaying: true, mAudioPlaybackIsActive = true
11-12 05:31:09.246 1194 16221 D NuPlayerDriver: notifyResetComplete(0xe69401f0)
11-12 05:31:09.246 1194 1375 W AMessage: failed to post message as target looper for handler 0 is gone.
11-12 05:31:09.256 1481 7454 W AudioIDCMicroNegotiator: idcm_warn: idcm control is not enable
11-12 05:31:09.257 12753 12816 D Avrcp_ext: AudioManager Player: AudioPlaybackConfiguration piid:71 deviceId:0 type:android.media.SoundPool u/pid:10082/1971 state:idle attr:AudioAttributes: usage=USAGE_ASSISTANCE_SONIFICATION content=CONTENT_TYPE_SONIFICATION flags=0x800 tags= bundle=null sessionId:0
11-12 05:31:09.257 12753 12816 D Avrcp_ext: AudioManager Player: AudioPlaybackConfiguration piid:1815 deviceId:3 type:android.media.MediaPlayer u/pid:10082/1971 state:started attr:AudioAttributes: usage=USAGE_NOTIFICATION content=CONTENT_TYPE_SONIFICATION flags=0x800 tags= bundle=null sessionId:0
11-12 05:31:09.258 12753 12816 D Avrcp_ext: AudioManager Player in started state: com.android.systemui
11-12 05:31:09.258 12753 12816 D Avrcp_ext: AudioManager Active Player: com.android.systemui
11-12 05:31:09.258 12753 12816 D Avrcp_ext: AudioManager Player: AudioPlaybackConfiguration piid:63 deviceId:0 type:android.media.SoundPool u/pid:1000/1481 state:idle attr:AudioAttributes: usage=USAGE_ASSISTANCE_SONIFICATION content=CONTENT_TYPE_SONIFICATION flags=0x800 tags= bundle=null sessionId:0
11-12 05:31:09.259 12753 12816 D Avrcp_ext: AudioManager Player: AudioPlaybackConfiguration piid:767 deviceId:0 type:android.media.SoundPool u/pid:1000/9573 state:idle attr:AudioAttributes: usage=USAGE_ASSISTANCE_SONIFICATION content=CONTENT_TYPE_SONIFICATION flags=0x801 tags= bundle=null sessionId:0
11-12 05:31:09.259 12753 12816 D Avrcp_ext: AudioManager isPlaying: true, mAudioPlaybackIsActive = true
11-12 05:31:09.261 793 793 D audio_hw_primary: out_set_parameters: enter: usecase(1: low-latency-playback) kvpairs: suspend_playback=false
11-12 05:31:09.261 793 793 D audio_hw_extn: audio_extn_fm_set_parameters: Enter
11-12 05:31:09.263 793 793 D audio_hw_primary: out_set_parameters: enter: usecase(1: low-latency-playback) kvpairs: suspend_playback=true
11-12 05:31:09.263 793 793 D audio_hw_extn: audio_extn_fm_set_parameters: Enter
11-12 05:31:09.280 793 793 D audio_hw_primary: out_set_parameters: enter: usecase(1: low-latency-playback) kvpairs: suspend_playback=false
11-12 05:31:09.280 793 793 D audio_hw_extn: audio_extn_fm_set_parameters: Enter
11-12 05:31:09.280 793 1667 D msm8974_platform: platform_split_snd_device: snd_device(2) num devices(1) new_snd_devices(0)
11-12 05:31:09.280 793 1667 D ACDB-LOADER: ACDB -> send_audvoltable
11-12 05:31:09.281 793 1667 D ACDB-LOADER: ACDB -> ACDB_CMD_GET_AUDPROC_INSTANCE_GAIN_DEP_STEP_TABLE_SIZE
11-12 05:31:09.281 793 1667 D ACDB-LOADER: ACDB -> ACDB_CMD_GET_AUDPROC_INSTANCE_GAIN_DEP_STEP_TABLE, vol index 4
11-12 05:31:09.281 793 1667 D ACDB-LOADER: ACDB -> AUDIO_SET_VOL_CAL cal type = 40
11-12 05:31:09.327 0 0 I auditd : type=1400 audit(0.0:16282): avc: denied { kill } for comm="swapper/0" capability=5 scontext=u:r:kernel:s0 tcontext=u:r:kernel:s0 tclass=capability permissive=0
11-12 05:31:09.327 0 0 W swapper/0: type=1400 audit(0.0:16282): avc: denied { kill } for capability=5 scontext=u:r:kernel:s0 tcontext=u:r:kernel:s0 tclass=capability permissive=0
11-12 05:31:09.883 643 658 I mpu_uart: [MSG-P:RECV]:No message received in 1000 ms
11-12 05:31:10.011 1481 1680 I input_interaction: Interaction with: 6b57e28 com.android.settings/com.android.settings.homepage.SettingsHomepageActivity (server), swipe-up (server), edge-swipe (server), PointerEventDispatcher0 (server),
11-12 05:31:10.104 1194 3247 D CCodecBufferChannel: [c2.android.vorbis.decoder#672] DEBUG: elapsed: n=4 [in=0 pipeline=0 out=0]
11-12 05:31:10.104 1194 3247 D PipelineWatcher: DEBUG: elapsed 0 / 4
11-12 05:31:10.108 16164 16164 I sysui_multi_action: [757,337,758,2,1089,1527]
11-12 05:31:10.167 1206 10079 I OMX-VENC: venc_dev: stats: avg. fps 15.96, bitrate 142209
11-12 05:31:10.327 0 0 I auditd : type=1400 audit(0.0:16283): avc: denied { kill } for comm="swapper/0" capability=5 scontext=u:r:kernel:s0 tcontext=u:r:kernel:s0 tclass=capability permissive=0
11-12 05:31:10.327 0 0 W swapper/0: type=1400 audit(0.0:16283): avc: denied { kill } for capability=5 scontext=u:r:kernel:s0 tcontext=u:r:kernel:s0 tclass=capability permissive=0
11-12 05:31:10.599 1194 16249 D CCodecBufferChannel: [c2.android.vorbis.decoder#672] buffers after EOS ignored (0 us)
11-12 05:31:10.600 1194 16249 D CCodecBufferChannel: [c2.android.vorbis.decoder#672] buffers after EOS ignored (0 us)
11-12 05:31:10.602 1194 16247 D AudioTrack: stop(223): called with 82980 frames delivered
11-12 05:31:10.718 643 657 I mpu_uart: [MSG-P:R]:recv sync frame timeout
11-12 05:31:10.884 643 658 I mpu_uart: [MSG-P:RECV]:No message received in 1000 ms
11-12 05:31:11.007 793 793 D audio_hw_primary: out_set_parameters: enter: usecase(1: low-latency-playback) kvpairs: suspend_playback=true
11-12 05:31:11.007 793 793 D audio_hw_extn: audio_extn_fm_set_parameters: Enter
11-12 05:31:11.018 793 793 D audio_hw_primary: out_set_parameters: enter: usecase(1: low-latency-playback) kvpairs: suspend_playback=false
11-12 05:31:11.018 793 793 D audio_hw_extn: audio_extn_fm_set_parameters: Enter
11-12 05:31:11.027 793 1667 D audio_hw_primary: out_set_parameters: enter: usecase(1: low-latency-playback) kvpairs: suspend_playback=true
11-12 05:31:11.027 793 1667 D audio_hw_extn: audio_extn_fm_set_parameters: Enter
11-12 05:31:11.037 793 793 D audio_hw_primary: out_set_parameters: enter: usecase(1: low-latency-playback) kvpairs: suspend_playback=false
11-12 05:31:11.037 793 793 D audio_hw_extn: audio_extn_fm_set_parameters: Enter
11-12 05:31:11.047 793 1667 D audio_hw_primary: out_set_parameters: enter: usecase(1: low-latency-playback) kvpairs: suspend_playback=true
11-12 05:31:11.047 793 1667 D audio_hw_extn: audio_extn_fm_set_parameters: Enter
11-12 05:31:11.049 1481 1980 W AudioIDCMicroNegotiator: idcm_warn: idcm control is not enable
11-12 05:31:11.051 12753 12816 D Avrcp_ext: AudioManager Player: AudioPlaybackConfiguration piid:71 deviceId:0 type:android.media.SoundPool u/pid:10082/1971 state:idle attr:AudioAttributes: usage=USAGE_ASSISTANCE_SONIFICATION content=CONTENT_TYPE_SONIFICATION flags=0x800 tags= bundle=null sessionId:0
11-12 05:31:11.051 12753 12816 D Avrcp_ext: AudioManager Player: AudioPlaybackConfiguration piid:1815 deviceId:3 type:android.media.MediaPlayer u/pid:10082/1971 state:stopped attr:AudioAttributes: usage=USAGE_NOTIFICATION content=CONTENT_TYPE_SONIFICATION flags=0x800 tags= bundle=null sessionId:0
11-12 05:31:11.051 12753 12816 D Avrcp_ext: AudioManager Player: AudioPlaybackConfiguration piid:63 deviceId:0 type:android.media.SoundPool u/pid:1000/1481 state:idle attr:AudioAttributes: usage=USAGE_ASSISTANCE_SONIFICATION content=CONTENT_TYPE_SONIFICATION flags=0x800 tags= bundle=null sessionId:0
11-12 05:31:11.051 1481 1777 I MediaFocusControl: abandonAudioFocus() from uid/pid 10082/1971 clientId=android.media.AudioManager@b0bb8
11-12 05:31:11.051 12753 12816 D Avrcp_ext: AudioManager Player: AudioPlaybackConfiguration piid:767 deviceId:0 type:android.media.SoundPool u/pid:1000/9573 state:idle attr:AudioAttributes: usage=USAGE_ASSISTANCE_SONIFICATION content=CONTENT_TYPE_SONIFICATION flags=0x801 tags= bundle=null sessionId:0
11-12 05:31:11.051 12753 12816 D Avrcp_ext: AudioManager isPlaying: false, mAudioPlaybackIsActive = true
11-12 05:31:11.051 12753 12816 D Avrcp_ext: AudioManager Reset Active Player
11-12 05:31:11.053 1971 16242 V MediaPlayer: resetDrmState: mDrmInfo=null mDrmProvisioningThread=null mPrepareDrmInProgress=false mActiveDrmScheme=false
11-12 05:31:11.053 1971 16242 V MediaPlayer: cleanDrmObj: mDrmObj=null mDrmSessionId=null
11-12 05:31:11.053 12753 12816 V Avrcp_ext: updateCurrentMediaState: mMediaController: MediaController (com.android.systemui@d0b46d0) null
11-12 05:31:11.054 12753 12816 W Avrcp_ext: isMusicActive: false getBluetoothPlayState: 2 A2dp State: 11 mAudioPlaybackIsActive: false
11-12 05:31:11.054 1194 3359 D NuPlayerDriver: reset(0xe6941af0) at state 6
11-12 05:31:11.054 12753 12816 D Avrcp_ext: isMusicActive = false mAudioPlaybackIsActive = false player state = null
11-12 05:31:11.055 12753 12816 I Avrcp_ext: Skipping update due to invalid playback state
11-12 05:31:11.055 12753 12816 V Avrcp_ext: updatePlaybackState, state: null device: null
11-12 05:31:11.055 12753 12816 V Avrcp_ext: Device: no name:
11-12 05:31:11.055 12753 12816 V Avrcp_ext: Device: no name:
11-12 05:31:11.055 12753 12816 V Avrcp_ext: Device: no name:
11-12 05:31:11.055 12753 12816 V Avrcp_ext: Device: no name:
11-12 05:31:11.055 12753 12816 V Avrcp_ext: Device: no name:
11-12 05:31:11.056 12753 12816 V Avrcp_ext: updatePlayerStateAndPosition, old=PlaybackState {state=2, position=10719, buffered position=0, speed=1.0, updated=14756802, actions=516, custom actions=[], active item id=-1, error=null}, state=null
11-12 05:31:11.056 12753 12816 I Avrcp_ext: updatePlayerStateAndPosition: device: state = null
11-12 05:31:11.056 12753 12816 D Avrcp_ext: AudioManager Player: AudioPlaybackConfiguration piid:71 deviceId:0 type:android.media.SoundPool u/pid:10082/1971 state:idle attr:AudioAttributes: usage=USAGE_ASSISTANCE_SONIFICATION content=CONTENT_TYPE_SONIFICATION flags=0x800 tags= bundle=null sessionId:0
11-12 05:31:11.056 12753 12816 D Avrcp_ext: AudioManager Player: AudioPlaybackConfiguration piid:63 deviceId:0 type:android.media.SoundPool u/pid:1000/1481 state:idle attr:AudioAttributes: usage=USAGE_ASSISTANCE_SONIFICATION content=CONTENT_TYPE_SONIFICATION flags=0x800 tags= bundle=null sessionId:0
11-12 05:31:11.056 12753 12816 D Avrcp_ext: AudioManager Player: AudioPlaybackConfiguration piid:767 deviceId:0 type:android.media.SoundPool u/pid:1000/9573 state:idle attr:AudioAttributes: usage=USAGE_ASSISTANCE_SONIFICATION content=CONTENT_TYPE_SONIFICATION flags=0x801 tags= bundle=null sessionId:0
11-12 05:31:11.056 12753 12816 D Avrcp_ext: AudioManager isPlaying: false, mAudioPlaybackIsActive = false
11-12 05:31:11.056 12753 12816 D Avrcp_ext: AudioManager Reset Active Player
11-12 05:31:11.057 793 793 D audio_hw_primary: out_set_parameters: enter: usecase(1: low-latency-playback) kvpairs: suspend_playback=false
11-12 05:31:11.057 793 793 D audio_hw_extn: audio_extn_fm_set_parameters: Enter
11-12 05:31:11.063 1194 16249 I hw-BpHwBinder: onLastStrongRef automatically unlinking death recipients
11-12 05:31:11.063 1232 2003 I hw-BpHwBinder: onLastStrongRef automatically unlinking death recipients
11-12 05:31:11.063 1232 2003 V C2Store : in ~ComponentModule
11-12 05:31:11.063 1232 2003 V C2Store : unloading dll
11-12 05:31:11.070 1194 16244 D NuPlayerDriver: notifyResetComplete(0xe6941af0)
11-12 05:31:11.072 1194 3359 W AMessage: failed to post message as target looper for handler 0 is gone.
11-12 05:31:11.096 793 1667 D audio_hw_primary: out_set_parameters: enter: usecase(1: low-latency-playback) kvpairs: suspend_playback=true
11-12 05:31:11.096 793 1667 D audio_hw_extn: audio_extn_fm_set_parameters: Enter
11-12 05:31:11.097 793 1667 D msm8974_platform: platform_split_snd_device: snd_device(2) num devices(1) new_snd_devices(0)
11-12 05:31:11.097 793 1667 D ACDB-LOADER: ACDB -> send_audvoltable
11-12 05:31:11.097 793 1667 D ACDB-LOADER: ACDB -> ACDB_CMD_GET_AUDPROC_INSTANCE_GAIN_DEP_STEP_TABLE_SIZE
11-12 05:31:11.097 793 1667 D ACDB-LOADER: ACDB -> ACDB_CMD_GET_AUDPROC_INSTANCE_GAIN_DEP_STEP_TABLE, vol index 0
11-12 05:31:11.097 793 1667 D ACDB-LOADER: ACDB -> AUDIO_SET_VOL_CAL cal type = 40
11-12 05:31:11.098 793 793 D msm8974_platform: platform_split_snd_device: snd_device(2) num devices(1) new_snd_devices(0)
11-12 05:31:11.250 1206 10079 I OMX-VENC: venc_dev: stats: avg. fps 17.54, bitrate 69374
11-12 05:31:11.327 351 351 I auditd : type=1400 audit(0.0:16284): avc: denied { kill } for comm="irq/382-atmel_m" capability=5 scontext=u:r:kernel:s0 tcontext=u:r:kernel:s0 tclass=capability permissive=0
11-12 05:31:11.327 351 351 W irq/382-atmel_m: type=1400 audit(0.0:16284): avc: denied { kill } for capability=5 scontext=u:r:kernel:s0 tcontext=u:r:kernel:s0 tclass=capability permissive=0
11-12 05:31:11.824 1194 3251 D BufferPoolAccessor2.0: evictor expired: 1, evicted: 0
11-12 05:31:11.825 1232 1767 D BufferPoolAccessor2.0: evictor expired: 1, evicted: 0
11-12 05:31:11.884 643 658 I mpu_uart: [MSG-P:RECV]:No message received in 1000 ms
11-12 05:31:12.097 793 1667 D audio_hw_primary: out_set_parameters: enter: usecase(1: low-latency-playback) kvpairs: suspend_playback=false
11-12 05:31:12.097 793 1667 D audio_hw_extn: audio_extn_fm_set_parameters: Enter
11-12 05:31:12.100 793 3272 W audio_hw_primary: out_write: underrun(310) frames_by_time(48364) > out->last_fifo_frames_remaining(384)
11-12 05:31:12.144 793 1667 D audio_hw_primary: out_set_parameters: enter: usecase(1: low-latency-playback) kvpairs: suspend_playback=true
11-12 05:31:12.144 793 1667 D audio_hw_extn: audio_extn_fm_set_parameters: Enter
11-12 05:31:12.250 1206 10079 I OMX-VENC: venc_dev: stats: avg. fps 20.99, bitrate 80208
11-12 05:31:12.291 1481 2729 E TaskPersister: File error accessing recents directory (directory doesn't exist?).
11-12 05:31:12.327 0 0 I auditd : type=1400 audit(0.0:16285): avc: denied { kill } for comm="swapper/0" capability=5 scontext=u:r:kernel:s0 tcontext=u:r:kernel:s0 tclass=capability permissive=0
11-12 05:31:12.327 0 0 W swapper/0: type=1400 audit(0.0:16285): avc: denied { kill } for capability=5 scontext=u:r:kernel:s0 tcontext=u:r:kernel:s0 tclass=capability permissive=0
11-12 05:31:12.468 1481 5711 I wm_task_moved: [43,0,0]
11-12 05:31:12.469 1481 5711 I wm_task_moved: [43,0,5]
11-12 05:31:12.470 1481 1570 I EventSequenceValidator: inc AccIntentStartedEvents to 2
11-12 05:31:12.475 995 1624 I BpBinder: onLastStrongRef automatically unlinking death recipients:
11-12 05:31:12.497 9573 9587 I GameMode_ActivityMonitoringService: onForegroundActivitiesChanged uid 10081 pid 2522 fg true
11-12 05:31:12.501 2522 2522 I wm_on_restart_called: [35371080,com.android.launcher3.uioverrides.QuickstepLauncher,performRestartActivity]
11-12 05:31:12.502 2522 2522 D StateManager: goToState: Background
11-12 05:31:12.502 2522 2522 D FreeWindowHelper: enterOrExitRecentTasks: isEnterRecentTasks=true,mExitFlag=0
11-12 05:31:12.503 2522 2522 D FreeWindowContainer: reloadTask: null
11-12 05:31:12.506 9573 9589 I GameMode_ActivityMonitoringService: Updating top task to: TaskInfoContainer [topActivity=ComponentInfo{com.android.settings/com.android.settings.homepage.SettingsHomepageActivity}, taskId=229, stackId=229, userId=0, displayId=0, position=6
11-12 05:31:12.507 9573 9589 I GameMode_ActivityMonitoringService: Notifying about top task: TaskInfoContainer [topActivity=ComponentInfo{com.android.settings/com.android.settings.homepage.SettingsHomepageActivity}, taskId=229, stackId=229, userId=0, displayId=0, position=6
11-12 05:31:12.507 9573 9589 E GameMode_ActivityMonitoringService: onActivityLaunch:com.android.settings
11-12 05:31:12.507 9573 9589 V GameMode_GameMode: judge isGame:com.android.settings
11-12 05:31:12.507 9573 9589 V GameMode_GpuUtils: fps:60
11-12 05:31:12.510 9573 9589 D GameMode_GameMode: Show GameMode entry by service!
11-12 05:31:12.511 9573 9589 W ContextImpl: Calling a method in the system process without a qualified user: android.app.ContextImpl.startService:1816 android.content.ContextWrapper.startService:774 com.thundercomm.gamemode.ingame.services.GameModeActionUtils.startGameModeService:93 com.thundercomm.gamemode.ingame.services.GameModeActionUtils.startGameModeEntry:21 com.thundercomm.gamemode.ingame.services.ActivityMonitoringService$1.onActivityLaunch:127
11-12 05:31:12.514 2522 2522 D EditModeHelper: setHotseatVisibility: 8
11-12 05:31:12.515 9573 9573 D GameMode_GameMode: type=hide_entry
11-12 05:31:12.515 9573 9589 D GameMode: getUriFor setting_content_uri_root = content://com.thundercomm.gamemode.api/gamemode_settings , name = gamemode_isgaming
11-12 05:31:12.518 2522 2522 I wm_on_start_called: [35371080,com.android.launcher3.uioverrides.QuickstepLauncher,handleStartActivity]
11-12 05:31:12.521 1481 1481 I GameModeConfig: Current uri is uri = content://com.thundercomm.gamemode.api/gamemode_settings/gamemode_isgaming
11-12 05:31:12.521 1481 1481 D GameMode: getUriFor setting_content_uri_root = content://com.thundercomm.gamemode.api/gamemode_settings , name = gamemode_isgaming
11-12 05:31:12.521 1481 7454 I InputDispatcher: Monitor swipe-up (server) is stealing touch from [6b57e28 com.android.settings/com.android.settings.homepage.SettingsHomepageActivity (server), ]
11-12 05:31:12.521 16164 16164 I view_enqueue_input_event: [Motion - Cancel,com.android.settings/com.android.settings.homepage.SettingsHomepageActivity]
11-12 05:31:12.523 9573 9589 D GameMode: gamemode_isgaming set to 0
11-12 05:31:12.529 2522 2522 I LatencyTracker: ACTION_TOGGLE_RECENTS latency=86
11-12 05:31:12.529 2522 2522 I sysui_latency: [1,86]
11-12 05:31:12.529 1481 1680 I input_interaction: Interaction with: swipe-up (server), edge-swipe (server), PointerEventDispatcher0 (server),
11-12 05:31:12.533 1481 1481 I GameModeConfig: isGameModeOn = true
11-12 05:31:12.534 1481 1481 I GameModeConfig: isGaming = false
11-12 05:31:12.534 1481 1481 I GameModeConfig: isGameModeOn = true
11-12 05:31:12.534 1481 1481 I GameModeConfig: isGaming = false
11-12 05:31:12.534 1481 1481 I GameModeConfig: isDisableVoice = true
11-12 05:31:12.535 1971 1971 V ShadeControllerImpl: NotificationShadeWindow: com.android.systemui.statusbar.phone.NotificationShadeWindowView{f70c3c7 I.E...... ......ID 0,0-2560,1080} canPanelBeCollapsed(): false
11-12 05:31:12.535 9573 9573 D GameMode_GameSettingsObserver: Game Data change!!!! uri = content://com.thundercomm.gamemode.api/gamemode_settings/gamemode_isgaming
11-12 05:31:12.535 9573 9573 D GameMode: getUriFor setting_content_uri_root = content://com.thundercomm.gamemode.api/gamemode_settings , name = gamemode_isgaming
11-12 05:31:12.538 9573 9573 D GameMode_GameMode:GameModeService: updateGlobalSettings = gamemode_isgaming
11-12 05:31:12.539 1481 1570 I EventSequenceValidator: dec AccIntentStartedEvents to 1
11-12 05:31:12.540 1481 1571 I input_focus: [Focus request recents_animation_input_consumer,reason=UpdateInputWindows]
11-12 05:31:12.543 1481 1567 I sysui_multi_action: [319,26,322,68,325,15271,757,761,758,9,759,5,806,com.android.launcher3,871,com.android.launcher3.uioverrides.QuickstepLauncher,904,com.android.launcher3,905,0,1320,8,1321,5]
11-12 05:31:12.549 2522 6873 I OpenGLRenderer: Davey! duration=4187ms; Flags=1, FrameTimelineVsyncId=304203, IntendedVsync=15267830134567, Vsync=15267830134567, InputEventId=0, HandleInputStart=15267831001881, AnimationStart=15267831002819, PerformTraversalsStart=15267831003392, DrawStart=15267839180319, FrameDeadline=15267846801233, FrameInterval=15267830998913, FrameStartTime=16666666, SyncQueued=15267839996777, SyncStart=15267840281152, IssueDrawCommandsStart=15267840670163, SwapBuffers=15267842030163, FrameCompleted=15272017614692, DequeueBufferDuration=19271, QueueBufferDuration=353646, GpuCompleted=15272017614692, SwapBuffersCompleted=15267843945684, DisplayPresentTime=3613039253912879617,
11-12 05:31:12.557 1481 4058 D libEGL : MSAA-->msaa:4 gamemode:0 4x_msaa:0
11-12 05:31:12.558 1481 4058 D libEGL : MSAA-->msaa:4 gamemode:0 4x_msaa:0
11-12 05:31:12.558 1481 1680 I input_focus: [Focus leaving 6b57e28 com.android.settings/com.android.settings.homepage.SettingsHomepageActivity (server),reason=NOT_FOCUSABLE]
11-12 05:31:12.558 1481 1680 I input_focus: [Focus entering recents_animation_input_consumer (server),reason=setFocusedWindow]
11-12 05:31:12.558 1481 4058 D libEGL : MSAA-->msaa:4 gamemode:0 4x_msaa:0
11-12 05:31:12.663 893 893 D vendor.qti.vibrator: Vibrator perform effect 0
11-12 05:31:12.664 893 893 D vendor.qti.vibrator: Vibrator on for timeoutMs: 10
11-12 05:31:12.664 893 16260 D vendor.qti.vibrator: Starting on on another thread
11-12 05:31:12.672 893 893 D vendor.qti.vibrator: QTI Vibrator off
11-12 05:31:12.674 893 16260 D vendor.qti.vibrator: Notifying on complete
11-12 05:31:12.693 893 893 D vendor.qti.vibrator: Vibrator on for timeoutMs: 30
11-12 05:31:12.693 893 16261 D vendor.qti.vibrator: Starting on on another thread
11-12 05:31:12.722 1481 1668 I commit_sys_config_file: [settings-1-0,6]
11-12 05:31:12.723 893 16261 D vendor.qti.vibrator: Notifying on complete
11-12 05:31:12.727 893 893 D vendor.qti.vibrator: QTI Vibrator off
11-12 05:31:12.804 2522 2522 W OrientationEventListener: Cannot detect sensors. Invalid disable
11-12 05:31:12.840 1481 1602 I LatencyTracker: ACTION_START_RECENTS_ANIMATION latency=86
11-12 05:31:12.841 1481 1602 I sysui_latency: [8,86]
11-12 05:31:12.884 643 658 I mpu_uart: [MSG-P:RECV]:No message received in 1000 ms
11-12 05:31:13.144 793 1667 D audio_hw_primary: out_set_parameters: enter: usecase(1: low-latency-playback) kvpairs: suspend_playback=false
11-12 05:31:13.145 793 1667 D audio_hw_extn: audio_extn_fm_set_parameters: Enter
11-12 05:31:13.145 793 3272 W audio_hw_primary: out_write: underrun(311) frames_by_time(48109) > out->last_fifo_frames_remaining(384)
11-12 05:31:13.185 2522 2522 D StateManager: goToState: Overview
11-12 05:31:13.186 793 1667 D audio_hw_primary: out_set_parameters: enter: usecase(1: low-latency-playback) kvpairs: suspend_playback=true
11-12 05:31:13.186 793 1667 D audio_hw_extn: audio_extn_fm_set_parameters: Enter
11-12 05:31:13.187 2522 2522 D FreeWindowContainer: reloadTask: null
11-12 05:31:13.218 2522 2522 D EditModeHelper: setHotseatVisibility: 0
11-12 05:31:13.259 1206 10079 I OMX-VENC: venc_dev: stats: avg. fps 42.63, bitrate 2495273
11-12 05:31:13.425 1481 1668 I commit_sys_config_file: [settings-1-0,4]
11-12 05:31:13.721 643 657 I mpu_uart: [MSG-P:R]:recv sync frame timeout
11-12 05:31:13.844 1481 1680 I input_interaction: Interaction with: 18adad5 com.android.launcher3/com.android.launcher3.uioverrides.QuickstepLauncher (server), swipe-up (server), edge-swipe (server), PointerEventDispatcher0 (server),
11-12 05:31:13.884 643 658 I mpu_uart: [MSG-P:RECV]:No message received in 1000 ms
11-12 05:31:14.188 793 1667 D audio_hw_primary: out_set_parameters: enter: usecase(1: low-latency-playback) kvpairs: suspend_playback=false
11-12 05:31:14.188 793 1667 D audio_hw_extn: audio_extn_fm_set_parameters: Enter
11-12 05:31:14.189 793 793 D audio_hw_primary: out_standby: enter: stream (0xeeb021a0) usecase(1: low-latency-playback)
11-12 05:31:14.208 793 793 D audio_hw_primary: disable_audio_route: reset and update mixer path: low-latency-playback
11-12 05:31:14.209 793 793 E soundtrigger: audio_extn_sound_trigger_update_stream_status: invalid input device 0x0, for event 2
11-12 05:31:14.209 793 793 D soundtrigger: audio_extn_sound_trigger_update_stream_status: uc_info->id 1 of type 0 for Event 2, with Raise=0
11-12 05:31:14.209 793 793 D msm8974_platform: platform_split_snd_device: snd_device(2) num devices(0) new_snd_devices(0)
11-12 05:31:14.209 793 793 I msm8974_platform: platform_get_custom_mtmx_params: no matching param with id 0 ip_ch 2 op_ch 2 uc_id 1 snd_dev 2
11-12 05:31:14.209 793 793 D hardware_info: hw_info_append_hw_type : device_name = speaker
11-12 05:31:14.209 793 793 D audio_hw_primary: disable_snd_device: snd_device(2: speaker)
11-12 05:31:14.209 793 793 D msm8974_platform: platform_split_snd_device: snd_device(2) num devices(0) new_snd_devices(0)
11-12 05:31:14.210 793 793 I soundtrigger: audio_extn_sound_trigger_update_device_status: device 0x2 of type 0 for Event 0, with Raise=0
11-12 05:31:14.210 793 793 D audio_hw_primary: out_standby: exit
11-12 05:31:14.252 1481 5711 I wm_task_moved: [43,1,6]
11-12 05:31:14.255 1481 5711 I wm_focused_root_task: [0,0,43,229,RecentsAnimation.onAnimationFinished()]
11-12 05:31:14.256 1481 5711 D ActivityTrigger: ActivityTrigger activityPauseTrigger
11-12 05:31:14.256 16164 16164 I wm_on_top_resumed_lost_called: [179338184,com.android.settings.homepage.SettingsHomepageActivity,topStateChangedWhenResumed]
11-12 05:31:14.256 1481 5711 I wm_pause_activity: [0,179338184,com.android.settings/.homepage.SettingsHomepageActivity,userLeaving=false,pauseBackTasks]
11-12 05:31:14.258 1481 5711 I ActivityTaskManager: FOREGROUND_APPLICATION_CHANGED to com.android.launcher3.uioverrides.QuickstepLauncher
11-12 05:31:14.258 1481 5711 I wm_set_resumed_activity: [0,com.android.launcher3/.uioverrides.QuickstepLauncher,resumeTopActivityInnerLocked]
11-12 05:31:14.260 1481 5711 I wm_resume_activity: [0,35371080,44,com.android.launcher3/.uioverrides.QuickstepLauncher]
11-12 05:31:14.260 1481 5711 I wm_add_to_stopping: [0,179338184,com.android.settings/.homepage.SettingsHomepageActivity,makeInvisible]
11-12 05:31:14.261 2522 2522 I wm_on_resume_called: [35371080,com.android.launcher3.uioverrides.QuickstepLauncher,RESUME_ACTIVITY]
11-12 05:31:14.266 1481 1571 I input_focus: [Focus request 18adad5 com.android.launcher3/com.android.launcher3.uioverrides.QuickstepLauncher,reason=UpdateInputWindows]
11-12 05:31:14.267 1206 10079 I OMX-VENC: venc_dev: stats: avg. fps 53.60, bitrate 674891
11-12 05:31:14.267 1481 1570 I sysui_multi_action: [757,803,799,window_time_0,802,6]
11-12 05:31:14.270 1481 1570 I wm_stop_activity: [0,179338184,com.android.settings/.homepage.SettingsHomepageActivity]
11-12 05:31:14.273 16164 16164 I sysui_multi_action: [757,35,758,2,1089,5899]
11-12 05:31:14.275 1481 1570 I sysui_multi_action: [757,803,799,window_time_0,802,0]
11-12 05:31:14.279 16164 16164 I sysui_multi_action: [757,746,758,2,1089,5751]
11-12 05:31:14.279 2522 2522 I wm_on_top_resumed_gained_called: [35371080,com.android.launcher3.uioverrides.QuickstepLauncher,topStateChangedWhenResumed]
11-12 05:31:14.283 16164 16164 D BluetoothPan: Unbinding service...
11-12 05:31:14.286 1481 1680 I input_focus: [Focus leaving recents_animation_input_consumer (server),reason=NOT_VISIBLE]
11-12 05:31:14.286 1481 1680 I input_focus: [Focus entering 18adad5 com.android.launcher3/com.android.launcher3.uioverrides.QuickstepLauncher (server),reason=setFocusedWindow]
11-12 05:31:14.287 16164 16164 I wm_on_paused_called: [179338184,com.android.settings.homepage.SettingsHomepageActivity,performPause]
11-12 05:31:14.299 1481 1602 I am_pss : [16132,1000,com.qti.diagservices,6275072,3805184,0,94035968,0,10,6]
11-12 05:31:14.300 16164 16164 I TetheringManager: unregisterTetheringEventCallback caller:com.android.settings
11-12 05:31:14.303 16164 16164 I wm_on_stop_called: [179338184,com.android.settings.homepage.SettingsHomepageActivity,STOP_ACTIVITY_ITEM]
11-12 05:31:14.324 9573 10440 I GameMode_ActivityMonitoringService: onForegroundActivitiesChanged uid 1000 pid 16164 fg false
11-12 05:31:14.328 9573 9589 I GameMode_ActivityMonitoringService: Updating top task to: TaskInfoContainer [topActivity=ComponentInfo{com.android.launcher3/com.android.launcher3.uioverrides.QuickstepLauncher}, taskId=44, stackId=43, userId=0, displayId=0, position=6
11-12 05:31:14.329 9573 9589 I GameMode_ActivityMonitoringService: Notifying about top task: TaskInfoContainer [topActivity=ComponentInfo{com.android.launcher3/com.android.launcher3.uioverrides.QuickstepLauncher}, taskId=44, stackId=43, userId=0, displayId=0, position=6
11-12 05:31:14.329 9573 9589 E GameMode_ActivityMonitoringService: onActivityLaunch:com.android.launcher3
11-12 05:31:14.329 9573 9589 V GameMode_GameMode: judge isGame:com.android.launcher3
11-12 05:31:14.329 9573 9589 V GameMode_GpuUtils: fps:60
11-12 05:31:14.331 9573 9589 D GameMode_GameMode: Show GameMode entry by service!
11-12 05:31:14.331 9573 9589 W ContextImpl: Calling a method in the system process without a qualified user: android.app.ContextImpl.startService:1816 android.content.ContextWrapper.startService:774 com.thundercomm.gamemode.ingame.services.GameModeActionUtils.startGameModeService:93 com.thundercomm.gamemode.ingame.services.GameModeActionUtils.startGameModeEntry:21 com.thundercomm.gamemode.ingame.services.ActivityMonitoringService$1.onActivityLaunch:127
11-12 05:31:14.333 9573 9573 D GameMode_GameMode: type=hide_entry
11-12 05:31:14.333 9573 9589 D GameMode: getUriFor setting_content_uri_root = content://com.thundercomm.gamemode.api/gamemode_settings , name = gamemode_isgaming
11-12 05:31:14.336 1481 1481 I GameModeConfig: Current uri is uri = content://com.thundercomm.gamemode.api/gamemode_settings/gamemode_isgaming
11-12 05:31:14.336 1481 1481 D GameMode: getUriFor setting_content_uri_root = content://com.thundercomm.gamemode.api/gamemode_settings , name = gamemode_isgaming
11-12 05:31:14.338 9573 9589 D GameMode: gamemode_isgaming set to 0
11-12 05:31:14.339 1481 1481 I GameModeConfig: isGameModeOn = true
11-12 05:31:14.339 1481 1481 I GameModeConfig: isGaming = false
11-12 05:31:14.339 1481 1481 I GameModeConfig: isGameModeOn = true
11-12 05:31:14.339 1481 1481 I GameModeConfig: isGaming = false
11-12 05:31:14.340 1481 1481 I GameModeConfig: isDisableVoice = true
11-12 05:31:14.347 9573 9573 D GameMode_GameSettingsObserver: Game Data change!!!! uri = content://com.thundercomm.gamemode.api/gamemode_settings/gamemode_isgaming
11-12 05:31:14.347 9573 9573 D GameMode: getUriFor setting_content_uri_root = content://com.thundercomm.gamemode.api/gamemode_settings , name = gamemode_isgaming
11-12 05:31:14.350 9573 9573 D GameMode_GameMode:GameModeService: updateGlobalSettings = gamemode_isgaming
11-12 05:31:14.367 1481 5711 I wm_finish_activity: [0,179338184,229,com.android.settings/.homepage.SettingsHomepageActivity,recent-task-trimmed]
11-12 05:31:14.369 1481 5711 I wm_destroy_activity: [0,179338184,229,com.android.settings/.homepage.SettingsHomepageActivity,finish-imm:finishIfPossible]
11-12 05:31:14.373 1481 1570 I ActivityManager: Killing 16164:com.android.settings/1000 (adj 900): remove task
11-12 05:31:14.373 1481 1570 I am_kill : [0,16164,com.android.settings,900,remove task]
11-12 05:31:14.374 9573 10440 I GameMode_ActivityMonitoringService: onTaskStackChanged
11-12 05:31:14.377 1481 1570 I sysui_multi_action: [757,803,799,window_time_0,802,0]
11-12 05:31:14.377 1481 2729 E TaskPersister: File error accessing recents directory (directory doesn't exist?).
11-12 05:31:14.379 1481 1605 I libprocessgroup: Successfully killed process cgroup uid 1000 pid 16164 in 5ms
11-12 05:31:14.382 9573 9589 I GameMode_ActivityMonitoringService: Updating top task to: TaskInfoContainer [topActivity=ComponentInfo{com.android.launcher3/com.android.launcher3.uioverrides.QuickstepLauncher}, taskId=44, stackId=43, userId=0, displayId=0, position=6
11-12 05:31:14.383 9573 9589 I GameMode_ActivityMonitoringService: Notifying about top task: TaskInfoContainer [topActivity=ComponentInfo{com.android.launcher3/com.android.launcher3.uioverrides.QuickstepLauncher}, taskId=44, stackId=43, userId=0, displayId=0, position=6
11-12 05:31:14.383 9573 9589 E GameMode_ActivityMonitoringService: onActivityLaunch:com.android.launcher3
11-12 05:31:14.383 9573 9589 V GameMode_GameMode: judge isGame:com.android.launcher3
11-12 05:31:14.383 1481 2729 E TaskPersister: File error accessing recents directory (directory doesn't exist?).
11-12 05:31:14.383 9573 9589 V GameMode_GpuUtils: fps:60
11-12 05:31:14.386 9573 9589 D GameMode_GameMode: Show GameMode entry by service!
11-12 05:31:14.386 9573 9589 W ContextImpl: Calling a method in the system process without a qualified user: android.app.ContextImpl.startService:1816 android.content.ContextWrapper.startService:774 com.thundercomm.gamemode.ingame.services.GameModeActionUtils.startGameModeService:93 com.thundercomm.gamemode.ingame.services.GameModeActionUtils.startGameModeEntry:21 com.thundercomm.gamemode.ingame.services.ActivityMonitoringService$1.onActivityLaunch:127
11-12 05:31:14.389 9573 9573 D GameMode_GameMode: type=hide_entry
11-12 05:31:14.389 9573 9589 D GameMode: getUriFor setting_content_uri_root = content://com.thundercomm.gamemode.api/gamemode_settings , name = gamemode_isgaming
11-12 05:31:14.392 1481 1481 I GameModeConfig: Current uri is uri = content://com.thundercomm.gamemode.api/gamemode_settings/gamemode_isgaming
11-12 05:31:14.392 1481 1481 D GameMode: getUriFor setting_content_uri_root = content://com.thundercomm.gamemode.api/gamemode_settings , name = gamemode_isgaming
11-12 05:31:14.392 9573 9589 D GameMode: gamemode_isgaming set to 0
11-12 05:31:14.395 9573 9573 D GameMode_GameSettingsObserver: Game Data change!!!! uri = content://com.thundercomm.gamemode.api/gamemode_settings/gamemode_isgaming
11-12 05:31:14.395 9573 9573 D GameMode: getUriFor setting_content_uri_root = content://com.thundercomm.gamemode.api/gamemode_settings , name = gamemode_isgaming
11-12 05:31:14.396 1481 1481 I GameModeConfig: isGameModeOn = true
11-12 05:31:14.396 1481 1481 I GameModeConfig: isGaming = false
11-12 05:31:14.396 1481 1481 I GameModeConfig: isGameModeOn = true
11-12 05:31:14.396 1481 1481 I GameModeConfig: isGaming = false
11-12 05:31:14.396 1481 1481 I GameModeConfig: isDisableVoice = true
11-12 05:31:14.397 9573 9573 D GameMode_GameMode:GameModeService: updateGlobalSettings = gamemode_isgaming
11-12 05:31:14.401 1481 1680 I input_interaction: Interaction with: 18adad5 com.android.launcher3/com.android.launcher3.uioverrides.QuickstepLauncher (server), 7fba367 com.android.systemui.ImageWallpaper (server), swipe-up (server), edge-swipe (server), PointerEventDispatcher0 (server),
11-12 05:31:14.427 1481 1512 W System : A resource failed to call close.
11-12 05:31:14.428 1481 1512 W System : A resource failed to call close.
11-12 05:31:14.438 1481 2130 I WindowManager: WIN DEATH: Window{6b57e28 u0 com.android.settings/com.android.settings.homepage.SettingsHomepageActivity}
11-12 05:31:14.438 1481 2130 W InputManager-JNI: Input channel object '6b57e28 com.android.settings/com.android.settings.homepage.SettingsHomepageActivity (client)' was disposed without first being removed with the input manager!
11-12 05:31:14.440 664 664 I Zygote : Process 16164 exited due to signal 9 (Killed)
11-12 05:31:14.441 1481 1777 I am_proc_died: [0,16164,com.android.settings,900,18]
11-12 05:31:14.446 1481 1777 I wm_task_removed: [229,removeChild:removeChild last r=ActivityRecord{ab07bc8 u0 com.android.settings/.homepage.SettingsHomepageActivity t-1 f}} in t=Task{c83130c #229 type=standard A=1000:com.android.settings.root U=0 visible=false mode=fullscreen translucent=true sz=0}]
11-12 05:31:14.446 1481 1777 I wm_task_removed: [229,removeChild]
11-12 05:31:14.447 1481 1571 W ActivityTaskManager: Can't find TaskDisplayArea to determine support for multi window. Task id=229 attached=false
11-12 05:31:14.447 1481 1571 W ActivityTaskManager: Can't find TaskDisplayArea to determine support for multi window. Task id=229 attached=false
11-12 05:31:14.448 1481 1570 W ActivityManager: setHasOverlayUi called on unknown pid: 16164
11-12 05:31:14.448 1481 1602 W UsageStatsService: Unexpected activity event reported! (com.android.settings/com.android.settings.homepage.SettingsHomepageActivity event : 23 instanceId : 155260011)
11-12 05:31:14.451 1481 1570 D CompatibilityChangeReporter: Compat change id reported: 135634846; UID 1000; state: DISABLED
11-12 05:31:14.451 1481 1570 D CompatibilityChangeReporter: Compat change id reported: 177438394; UID 1000; state: DISABLED
11-12 05:31:14.451 1481 1570 D CompatibilityChangeReporter: Compat change id reported: 135772972; UID 1000; state: DISABLED
11-12 05:31:14.451 1481 1570 D CompatibilityChangeReporter: Compat change id reported: 135754954; UID 1000; state: ENABLED
11-12 05:31:14.453 2522 2522 D StateManager: goToState: Normal
11-12 05:31:14.453 2522 2522 D EditModeHelper: setHotseatVisibility: 0
11-12 05:31:14.457 664 664 D Zygote : Forked child process 16266
11-12 05:31:14.458 1481 1604 I am_proc_start: [0,16266,1000,com.android.settings,NULL,]
11-12 05:31:14.458 1481 1604 I ActivityManager: Start proc 16266:com.android.settings/1000 for null
11-12 05:31:14.461 2522 2522 D FreeWindowHelper: enterOrExitRecentTasks: isEnterRecentTasks=false,mExitFlag=0
11-12 05:31:14.473 9573 9587 I GameMode_ActivityMonitoringService: onTaskStackChanged
11-12 05:31:14.474 16266 16266 E ndroid.setting: Not starting debugger since process cannot load the jdwp agent.
11-12 05:31:14.477 9573 9589 I GameMode_ActivityMonitoringService: Updating top task to: TaskInfoContainer [topActivity=ComponentInfo{com.android.launcher3/com.android.launcher3.uioverrides.QuickstepLauncher}, taskId=44, stackId=43, userId=0, displayId=0, position=5
11-12 05:31:14.477 9573 9589 I GameMode_ActivityMonitoringService: Notifying about top task: TaskInfoContainer [topActivity=ComponentInfo{com.android.launcher3/com.android.launcher3.uioverrides.QuickstepLauncher}, taskId=44, stackId=43, userId=0, displayId=0, position=5
11-12 05:31:14.477 9573 9589 E GameMode_ActivityMonitoringService: onActivityLaunch:com.android.launcher3
11-12 05:31:14.477 9573 9589 V GameMode_GameMode: judge isGame:com.android.launcher3
11-12 05:31:14.477 9573 9589 V GameMode_GpuUtils: fps:60
11-12 05:31:14.478 16266 16266 D ProcessState: Binder ioctl to enable oneway spam detection failed: Invalid argument
11-12 05:31:14.479 9573 9589 D GameMode_GameMode: Show GameMode entry by service!
11-12 05:31:14.479 9573 9589 W ContextImpl: Calling a method in the system process without a qualified user: android.app.ContextImpl.startService:1816 android.content.ContextWrapper.startService:774 com.thundercomm.gamemode.ingame.services.GameModeActionUtils.startGameModeService:93 com.thundercomm.gamemode.ingame.services.GameModeActionUtils.startGameModeEntry:21 com.thundercomm.gamemode.ingame.services.ActivityMonitoringService$1.onActivityLaunch:127
11-12 05:31:14.482 9573 9589 D GameMode: getUriFor setting_content_uri_root = content://com.thundercomm.gamemode.api/gamemode_settings , name = gamemode_isgaming
11-12 05:31:14.482 9573 9573 D GameMode_GameMode: type=hide_entry
11-12 05:31:14.482 1481 1777 I am_proc_bound: [0,16266,com.android.settings]
11-12 05:31:14.483 1481 1777 D CompatibilityInfo: mCompatibilityFlags - 4
11-12 05:31:14.483 1481 1777 D CompatibilityInfo: applicationDensity - 240
11-12 05:31:14.483 1481 1777 D CompatibilityInfo: applicationScale - 1.0
11-12 05:31:14.484 1481 1481 I GameModeConfig: Current uri is uri = content://com.thundercomm.gamemode.api/gamemode_settings/gamemode_isgaming
11-12 05:31:14.484 1481 1481 D GameMode: getUriFor setting_content_uri_root = content://com.thundercomm.gamemode.api/gamemode_settings , name = gamemode_isgaming
11-12 05:31:14.484 9573 9589 D GameMode: gamemode_isgaming set to 0
11-12 05:31:14.485 1481 1481 I GameModeConfig: isGameModeOn = true
11-12 05:31:14.485 1481 1481 I GameModeConfig: isGaming = false
11-12 05:31:14.486 1481 1481 I GameModeConfig: isGameModeOn = true
11-12 05:31:14.486 1481 1481 I GameModeConfig: isGaming = false
11-12 05:31:14.486 1481 1481 I GameModeConfig: isDisableVoice = true
11-12 05:31:14.489 16266 16266 D CompatibilityChangeReporter: Compat change id reported: 171979766; UID 1000; state: ENABLED
11-12 05:31:14.492 9573 9573 D GameMode_GameSettingsObserver: Game Data change!!!! uri = content://com.thundercomm.gamemode.api/gamemode_settings/gamemode_isgaming
11-12 05:31:14.492 9573 9573 D GameMode: getUriFor setting_content_uri_root = content://com.thundercomm.gamemode.api/gamemode_settings , name = gamemode_isgaming
11-12 05:31:14.496 9573 9573 D GameMode_GameMode:GameModeService: updateGlobalSettings = gamemode_isgaming
11-12 05:31:14.512 16266 16266 I Perf : Connecting to perf service.
11-12 05:31:14.516 16266 16266 V GraphicsEnvironment: ANGLE Developer option for 'com.android.settings' set to: 'default'
11-12 05:31:14.517 16266 16266 V GraphicsEnvironment: ANGLE GameManagerService for com.android.settings: false
11-12 05:31:14.518 16266 16266 D NetworkSecurityConfig: No Network Security Config specified, using platform default
11-12 05:31:14.518 16266 16266 D NetworkSecurityConfig: No Network Security Config specified, using platform default
11-12 05:31:14.521 16266 16266 D SettingsSliceProvider: init
11-12 05:31:14.521 16266 16266 D SettingsSliceProvider: onCreateSliceProvider
11-12 05:31:14.825 1194 3251 D BufferPoolAccessor2.0: bufferpool2 0xe5ec0b68 : 0(0 size) total buffers - 0(0 size) used buffers - 95/103 (recycle/alloc) - 8/198 (fetch/transfer)
11-12 05:31:14.825 1194 3251 D BufferPoolAccessor2.0: evictor expired: 1, evicted: 1
11-12 05:31:14.827 1232 1767 D BufferPoolAccessor2.0: bufferpool2 0xb400007cd326e0c8 : 0(0 size) total buffers - 0(0 size) used buffers - 93/97 (recycle/alloc) - 4/96 (fetch/transfer)
11-12 05:31:14.828 1232 1767 D BufferPoolAccessor2.0: evictor expired: 1, evicted: 1
11-12 05:31:14.863 2522 2522 W OrientationEventListener: Cannot detect sensors. Invalid disable
11-12 05:31:14.889 643 658 I mpu_uart: [MSG-P:RECV]:No message received in 1000 ms
11-12 05:31:15.269 1206 10079 I OMX-VENC: venc_dev: stats: avg. fps 57.85, bitrate 3047782
11-12 05:31:15.592 1481 1680 I input_interaction: Interaction with: b3e52f6 StatusBar (server), swipe-up (server), edge-swipe (server), PointerEventDispatcher0 (server),
11-12 05:31:15.601 1971 1971 I sysui_multi_action: [757,803,799,panel_open,802,1]
11-12 05:31:15.602 1971 1971 I sysui_multi_action: [757,1328,758,4,1326,42,1327,1,1329,0]
11-12 05:31:15.698 1971 1971 D StatusBar: disable disable2
11-12 05:31:15.700 1481 1777 I sysui_multi_action: [757,127,758,1]
11-12 05:31:15.700 1481 1730 I GameModeConfig: isGameModeOn = true
11-12 05:31:15.701 1481 1730 I GameModeConfig: isGaming = false
11-12 05:31:15.701 1481 1730 I GameModeConfig: isGameModeOn = true
11-12 05:31:15.701 1481 1730 I GameModeConfig: isGaming = false
11-12 05:31:15.701 1481 1777 I sysui_multi_action: [757,804,799,note_load,801,2,802,1]
11-12 05:31:15.701 1481 1730 I GameModeConfig: isGameModeOn = true
11-12 05:31:15.701 1481 1730 I GameModeConfig: isGaming = false
11-12 05:31:15.701 1481 1730 I GameModeConfig: isGameModeOn = true
11-12 05:31:15.701 1481 1730 I GameModeConfig: isGaming = false
11-12 05:31:15.703 1481 1777 I notification_panel_revealed: 2
11-12 05:31:15.704 1481 1481 I notification_enqueue: [10082,1971,com.android.systemui,2048,NULL,0,Notification(channel=updateNotification shortcut=null contentView=null vibrate=null sound=null defaults=0x0 flags=0x0 color=0x00000000 vis=PRIVATE),1]
11-12 05:31:15.705 1971 1971 I sysui_multi_action: [757,111,758,2]
11-12 05:31:15.706 1971 1971 I sysui_multi_action: [757,111,758,2]
11-12 05:31:15.721 1971 16282 W RingtonePlayer: STOP command without a player
11-12 05:31:15.741 1481 1571 I input_focus: [Focus request 8e9fb15 NotificationShade,reason=UpdateInputWindows]
11-12 05:31:15.752 1971 1971 I sysui_multi_action: [757,111,758,1]
11-12 05:31:15.752 1971 1971 I sysui_multi_action: [757,126,758,1,759,126,927,0,928,0,1593,1]
11-12 05:31:15.752 1971 1971 I sysui_multi_action: [757,113,758,1,759,113,927,1,928,1,1593,1]
11-12 05:31:15.752 1971 1971 I sysui_multi_action: [757,0,758,1,759,0,927,2,928,0,1593,0]
11-12 05:31:15.752 1971 1971 I sysui_multi_action: [757,0,758,1,759,0,927,3,928,0,1593,0]
11-12 05:31:15.753 1971 1971 I sysui_multi_action: [757,491,758,1,759,491,927,4,928,0,1311,-1,1593,0]
11-12 05:31:15.753 1971 1971 I sysui_multi_action: [757,0,758,1,759,0,927,5,928,0,1593,0]
11-12 05:31:15.753 1971 1971 I sysui_multi_action: [757,111,758,1]
11-12 05:31:15.753 1971 1971 I sysui_multi_action: [757,126,758,1,759,126,927,0,928,0,1593,1]
11-12 05:31:15.753 1971 1971 I sysui_multi_action: [757,113,758,1,759,113,927,1,928,1,1593,1]
11-12 05:31:15.753 1971 1971 I sysui_multi_action: [757,0,758,1,759,0,927,2,928,0,1593,1]
11-12 05:31:15.753 1971 1971 I sysui_multi_action: [757,0,758,1,759,0,927,3,928,0,1593,1]
11-12 05:31:15.756 1971 1971 W View : requestLayout() improperly called by com.android.systemui.util.animation.UniqueObjectHostView{2e6e327 V.E...... ......ID 0,0-650,188} during layout: running second layout pass
11-12 05:31:15.769 1971 1971 I sysui_multi_action: [757,111,758,2]
11-12 05:31:15.769 1971 1971 I sysui_multi_action: [757,111,758,2]
11-12 05:31:15.769 1481 1481 I notification_enqueue: [10082,1971,com.android.systemui,2048,NULL,0,Notification(channel=updateNotification shortcut=null contentView=null vibrate=null sound=null defaults=0x0 flags=0x0 color=0x00000000 vis=PRIVATE),1]
11-12 05:31:15.769 1481 1680 I input_focus: [Focus leaving 18adad5 com.android.launcher3/com.android.launcher3.uioverrides.QuickstepLauncher (server),reason=Waiting for window because NOT_VISIBLE]
11-12 05:31:15.770 1481 1730 I GameModeConfig: isGameModeOn = true
11-12 05:31:15.770 1481 1730 I GameModeConfig: isGaming = false
