11-12 05:31:04.723 1481 1516 W WifiService: Attempt to retrieve OsuProviders with invalid scanResult List
11-12 05:31:04.727 16164 16164 I sysui_multi_action: [757,1729,758,4,854,isParalleledControllers:false,1089,45]
11-12 05:31:04.739 16164 16164 D BluetoothPan: Proxy object connected
11-12 05:31:04.741 16164 16164 D BluetoothPan: Proxy object connected
11-12 05:31:04.882 643 658 I mpu_uart: [MSG-P:RECV]:No message received in 1000 ms
11-12 05:31:04.962 1481 2114 W InputManager-JNI: Input channel object '1f406e3 Splash Screen com.android.settings (client)' was disposed without first being removed with the input manager!
11-12 05:31:04.993 1481 1570 I wm_stop_activity: [0,35371080,com.android.launcher3/.uioverrides.QuickstepLauncher]
11-12 05:31:05.030 2522 2522 D StateManager: goToState: Normal
11-12 05:31:05.032 2522 2522 I wm_on_stop_called: [35371080,com.android.launcher3.uioverrides.QuickstepLauncher,STOP_ACTIVITY_ITEM]
11-12 05:31:05.038 9573 10440 I GameMode_ActivityMonitoringService: onForegroundActivitiesChanged uid 10081 pid 2522 fg false
11-12 05:31:05.041 9573 9589 I GameMode_ActivityMonitoringService: Updating top task to: TaskInfoContainer [topActivity=ComponentInfo{com.android.settings/com.android.settings.Settings}, taskId=229, stackId=229, userId=0, displayId=0, position=6
11-12 05:31:05.042 9573 9589 I GameMode_ActivityMonitoringService: Notifying about top task: TaskInfoContainer [topActivity=ComponentInfo{com.android.settings/com.android.settings.Settings}, taskId=229, stackId=229, userId=0, displayId=0, position=6
11-12 05:31:05.042 9573 9589 E GameMode_ActivityMonitoringService: onActivityLaunch:com.android.settings
11-12 05:31:05.042 9573 9589 V GameMode_GameMode: judge isGame:com.android.settings
11-12 05:31:05.042 9573 9589 V GameMode_GpuUtils: fps:60
11-12 05:31:05.044 9573 9589 D GameMode_GameMode: Show GameMode entry by service!
11-12 05:31:05.044 9573 9589 W ContextImpl: Calling a method in the system process without a qualified user: android.app.ContextImpl.startService:1816 android.content.ContextWrapper.startService:774 com.thundercomm.gamemode.ingame.services.GameModeActionUtils.startGameModeService:93 com.thundercomm.gamemode.ingame.services.GameModeActionUtils.startGameModeEntry:21 com.thundercomm.gamemode.ingame.services.ActivityMonitoringService$1.onActivityLaunch:127
11-12 05:31:05.047 9573 9589 D GameMode: getUriFor setting_content_uri_root = content://com.thundercomm.gamemode.api/gamemode_settings , name = gamemode_isgaming
11-12 05:31:05.047 9573 9573 D GameMode_GameMode: type=hide_entry
11-12 05:31:05.049 1481 1481 I GameModeConfig: Current uri is uri = content://com.thundercomm.gamemode.api/gamemode_settings/gamemode_isgaming
11-12 05:31:05.049 1481 1481 D GameMode: getUriFor setting_content_uri_root = content://com.thundercomm.gamemode.api/gamemode_settings , name = gamemode_isgaming
11-12 05:31:05.049 9573 9589 D GameMode: gamemode_isgaming set to 0
11-12 05:31:05.051 1481 1481 I GameModeConfig: isGameModeOn = true
11-12 05:31:05.051 1481 1481 I GameModeConfig: isGaming = false
11-12 05:31:05.052 1481 1481 I GameModeConfig: isGameModeOn = true
11-12 05:31:05.052 1481 1481 I GameModeConfig: isGaming = false
11-12 05:31:05.052 1481 1481 I GameModeConfig: isDisableVoice = true
11-12 05:31:05.061 9573 9573 D GameMode_GameSettingsObserver: Game Data change!!!! uri = content://com.thundercomm.gamemode.api/gamemode_settings/gamemode_isgaming
11-12 05:31:05.062 9573 9573 D GameMode: getUriFor setting_content_uri_root = content://com.thundercomm.gamemode.api/gamemode_settings , name = gamemode_isgaming
11-12 05:31:05.064 9573 9573 D GameMode_GameMode:GameModeService: updateGlobalSettings = gamemode_isgaming
11-12 05:31:05.091 1206 10079 I OMX-VENC: venc_dev: stats: avg. fps 55.93, bitrate 2674340
11-12 05:31:05.186 1196 1250 I selfinstaller: create socket failed: Network is unreachable 101
11-12 05:31:05.545 801 12807 I vendor.qti.bluetooth@1.0-ibs_handler: DeviceSleep: TX Awake, Sending SLEEP_IND
11-12 05:31:05.546 801 12807 D vendor.qti.bluetooth@1.0-ibs_handler: SerialClockVote: vote for UART CLK OFF
11-12 05:31:05.630 2734 16128 I hpplay-java: [AsyncTask #747]:IM_AbstractBlockingClient:restart
11-12 05:31:05.630 2734 16128 I hpplay-java: [AsyncTask #747]:IM_AbstractBlockingClient:stopHeartBeat null
11-12 05:31:05.634 2734 2734 I hpplay-java: [main]:IM_IMEntrance:disconnect
11-12 05:31:05.634 2734 2734 I hpplay-java: [main]:IM_PublicCastClient:onRestart
11-12 05:31:05.634 2734 2734 I hpplay-java: [main]:IM_PublicCastClient:reconnect
11-12 05:31:05.634 2734 2734 I hpplay-java: [main]:IM_PublicCastClient:cs 1
11-12 05:31:05.634 2734 2734 I hpplay-java: [main]:IM_PublicCastClient:connect http://39.108.105.68 com.hpplay.sdk.sink.cloud.PublicCastClient@b02ad0c
11-12 05:31:05.639 2734 2734 W hpplay-java: [main]:IM_PublicCastClient:connect BSSID:02%3A00%3A00%3A00%3A00%3A00 / 02:00:00:00:00:00
11-12 05:31:05.639 2734 2734 W hpplay-java: [main]:IPManager:getActiveNets invalid networkInfo:null
11-12 05:31:05.639 2734 2734 I hpplay-java: [main]:IPManager:getActiveNets eth0:false wifi:false mobile:false ap:false
11-12 05:31:05.640 2734 2734 I hpplay-java: [main]:Preference:checkFeature none
11-12 05:31:05.640 2734 2734 I hpplay-java: [main]:Feature:isPlayListEnable :true
11-12 05:31:05.640 2734 2734 I hpplay-java: [main]:IM_PublicCastClient:connect capbilityBean.fe:11011100
11-12 05:31:05.640 2734 2734 I hpplay-java: [main]:IM_PublicCastClient:connect support youme
11-12 05:31:05.640 2734 2734 I hpplay-java: [main]:IM_IMEntrance:connect imUrl: http://39.108.105.68 uid: -9089104113376612067
11-12 05:31:05.646 2734 16215 W hpplay-java: [AsyncTask #749]:IM_AbstractBlockingClient:Client failure java.net.ConnectException: failed to connect to /39.108.105.68 (port 8080) from /:: (port 0): connect failed: ENETUNREACH (Network is unreachable)
11-12 05:31:05.646 2734 16215 W hpplay-java: [AsyncTask #749]:IM_AbstractBlockingClient:restart sRetryCount 54
11-12 05:31:05.696 801 12797 D vendor.qti.bluetooth@1.0-wake_lock: Release wakelock is released
11-12 05:31:05.882 643 658 I mpu_uart: [MSG-P:RECV]:No message received in 1000 ms
11-12 05:31:05.990 1481 1680 I input_interaction: Interaction with: b3e52f6 StatusBar (server), swipe-up (server), edge-swipe (server), PointerEventDispatcher0 (server),
11-12 05:31:05.999 1971 1971 I sysui_multi_action: [757,803,799,panel_open,802,1]
11-12 05:31:06.001 1971 1971 I sysui_multi_action: [757,1328,758,4,1326,39,1327,1,1329,0]
11-12 05:31:06.046 1481 5359 I sysui_multi_action: [757,127,758,1]
11-12 05:31:06.046 1481 5359 I sysui_multi_action: [757,804,799,note_load,801,2,802,1]
11-12 05:31:06.046 1481 5359 I notification_panel_revealed: 2
11-12 05:31:06.048 1971 1971 D StatusBar: disable disable2
11-12 05:31:06.050 1481 1730 I GameModeConfig: isGameModeOn = true
11-12 05:31:06.050 1481 1730 I GameModeConfig: isGaming = false
11-12 05:31:06.050 1481 1730 I GameModeConfig: isGameModeOn = true
11-12 05:31:06.050 1481 1730 I GameModeConfig: isGaming = false
11-12 05:31:06.050 1481 1730 I GameModeConfig: isGameModeOn = true
11-12 05:31:06.050 1481 1730 I GameModeConfig: isGaming = false
11-12 05:31:06.050 1481 1730 I GameModeConfig: isGameModeOn = true
11-12 05:31:06.050 1481 1730 I GameModeConfig: isGaming = false
11-12 05:31:06.052 1481 1481 I notification_enqueue: [10082,1971,com.android.systemui,2048,NULL,0,Notification(channel=updateNotification shortcut=null contentView=null vibrate=null sound=null defaults=0x0 flags=0x0 color=0x00000000 vis=PRIVATE),1]
11-12 05:31:06.054 1971 1971 I sysui_multi_action: [757,111,758,2]
11-12 05:31:06.054 1971 1971 I sysui_multi_action: [757,111,758,2]
11-12 05:31:06.068 1971 16216 W RingtonePlayer: STOP command without a player
11-12 05:31:06.084 1481 1571 I input_focus: [Focus request 8e9fb15 NotificationShade,reason=UpdateInputWindows]
11-12 05:31:06.086 1971 1971 I sysui_multi_action: [757,111,758,1]
11-12 05:31:06.086 1971 1971 I sysui_multi_action: [757,126,758,1,759,126,927,0,928,0,1593,1]
11-12 05:31:06.086 1971 1971 I sysui_multi_action: [757,113,758,1,759,113,927,1,928,1,1593,1]
11-12 05:31:06.086 1971 1971 I sysui_multi_action: [757,0,758,1,759,0,927,2,928,0,1593,1]
11-12 05:31:06.086 1971 1971 I sysui_multi_action: [757,0,758,1,759,0,927,3,928,0,1593,1]
11-12 05:31:06.086 1971 1971 I sysui_multi_action: [757,491,758,1,759,491,927,4,928,0,1311,-1,1593,0]
11-12 05:31:06.086 1971 1971 I sysui_multi_action: [757,0,758,1,759,0,927,5,928,0,1593,0]
11-12 05:31:06.086 1971 1971 I sysui_multi_action: [757,111,758,1]
11-12 05:31:06.087 1971 1971 I sysui_multi_action: [757,126,758,1,759,126,927,0,928,0,1593,1]
11-12 05:31:06.087 1971 1971 I sysui_multi_action: [757,113,758,1,759,113,927,1,928,1,1593,1]
11-12 05:31:06.087 1971 1971 I sysui_multi_action: [757,0,758,1,759,0,927,2,928,0,1593,1]
11-12 05:31:06.087 1971 1971 I sysui_multi_action: [757,0,758,1,759,0,927,3,928,0,1593,1]
11-12 05:31:06.089 1971 1971 W View : requestLayout() improperly called by com.android.systemui.util.animation.UniqueObjectHostView{2e6e327 V.E...... ......ID 0,0-650,188} during layout: running second layout pass
11-12 05:31:06.098 1481 1730 I GameModeConfig: isGameModeOn = true
11-12 05:31:06.098 1481 1730 I GameModeConfig: isGaming = false
11-12 05:31:06.098 1481 1730 I GameModeConfig: isGameModeOn = true
11-12 05:31:06.098 1481 1730 I GameModeConfig: isGaming = false
11-12 05:31:06.098 1481 1730 I GameModeConfig: isGameModeOn = true
11-12 05:31:06.098 1481 1730 I GameModeConfig: isGaming = false
11-12 05:31:06.099 1481 1730 I GameModeConfig: isGameModeOn = true
11-12 05:31:06.099 1481 1730 I GameModeConfig: isGaming = false
11-12 05:31:06.099 1971 1971 I sysui_multi_action: [757,111,758,2]
11-12 05:31:06.099 1971 1971 I sysui_multi_action: [757,111,758,2]
11-12 05:31:06.100 1481 1481 I notification_enqueue: [10082,1971,com.android.systemui,2048,NULL,0,Notification(channel=updateNotification shortcut=null contentView=null vibrate=null sound=null defaults=0x0 flags=0x0 color=0x00000000 vis=PRIVATE),1]
11-12 05:31:06.107 1971 1971 I sysui_multi_action: [757,111,758,1]
11-12 05:31:06.107 1971 1971 I sysui_multi_action: [757,126,758,1,759,126,927,0,928,0,1593,1]
11-12 05:31:06.107 1971 1971 I sysui_multi_action: [757,113,758,1,759,113,927,1,928,1,1593,1]
11-12 05:31:06.107 1971 1971 I sysui_multi_action: [757,0,758,1,759,0,927,2,928,0,1593,1]
11-12 05:31:06.107 1971 1971 I sysui_multi_action: [757,0,758,1,759,0,927,3,928,0,1593,1]
11-12 05:31:06.107 1971 1971 I sysui_multi_action: [757,491,758,1,759,491,927,4,928,0,1311,-1,1593,0]
11-12 05:31:06.108 1971 1971 I sysui_multi_action: [757,0,758,1,759,0,927,5,928,0,1593,0]
11-12 05:31:06.108 1971 1971 I sysui_multi_action: [757,111,758,1]
11-12 05:31:06.108 1971 1971 I sysui_multi_action: [757,126,758,1,759,126,927,0,928,0,1593,1]
11-12 05:31:06.108 1971 1971 I sysui_multi_action: [757,113,758,1,759,113,927,1,928,1,1593,1]
11-12 05:31:06.108 1971 1971 I sysui_multi_action: [757,0,758,1,759,0,927,2,928,0,1593,1]
11-12 05:31:06.108 1971 1971 I sysui_multi_action: [757,0,758,1,759,0,927,3,928,0,1593,1]
11-12 05:31:06.110 1971 1971 W View : requestLayout() improperly called by com.android.systemui.util.animation.UniqueObjectHostView{2e6e327 V.E...... ......ID 0,0-650,188} during layout: running second layout pass
11-12 05:31:06.112 1481 1680 I input_focus: [Focus leaving 31e9f7d com.android.settings/com.android.settings.Settings (server),reason=setFocusedWindow]
11-12 05:31:06.112 1481 1680 I input_focus: [Focus entering 8e9fb15 NotificationShade (server),reason=setFocusedWindow]
11-12 05:31:06.112 1206 10079 I OMX-VENC: venc_dev: stats: avg. fps 47.01, bitrate 252240
11-12 05:31:06.119 1481 1730 I GameModeConfig: isGameModeOn = true
11-12 05:31:06.119 1481 1730 I GameModeConfig: isGaming = false
11-12 05:31:06.119 1481 1730 I GameModeConfig: isGameModeOn = true
11-12 05:31:06.119 1481 1730 I GameModeConfig: isGaming = false
11-12 05:31:06.119 1481 1730 I GameModeConfig: isGameModeOn = true
11-12 05:31:06.119 1481 1730 I GameModeConfig: isGaming = false
11-12 05:31:06.119 1481 1730 I GameModeConfig: isGameModeOn = true
11-12 05:31:06.119 1481 1730 I GameModeConfig: isGaming = false
11-12 05:31:06.120 1971 1971 I sysui_multi_action: [757,111,758,2]
11-12 05:31:06.121 1971 1971 I sysui_multi_action: [757,111,758,2]
11-12 05:31:06.121 1481 1481 I notification_enqueue: [10082,1971,com.android.systemui,2048,NULL,0,Notification(channel=updateNotification shortcut=null contentView=null vibrate=null sound=null defaults=0x0 flags=0x0 color=0x00000000 vis=PRIVATE),1]
11-12 05:31:06.132 1971 1971 I sysui_multi_action: [757,111,758,1]
11-12 05:31:06.132 1971 1971 I sysui_multi_action: [757,126,758,1,759,126,927,0,928,0,1593,1]
11-12 05:31:06.132 1971 1971 I sysui_multi_action: [757,113,758,1,759,113,927,1,928,1,1593,1]
11-12 05:31:06.132 1971 1971 I sysui_multi_action: [757,0,758,1,759,0,927,2,928,0,1593,1]
11-12 05:31:06.132 1971 1971 I sysui_multi_action: [757,0,758,1,759,0,927,3,928,0,1593,1]
11-12 05:31:06.133 1971 1971 I sysui_multi_action: [757,491,758,1,759,491,927,4,928,0,1311,-1,1593,0]
11-12 05:31:06.133 1971 1971 I sysui_multi_action: [757,0,758,1,759,0,927,5,928,0,1593,0]
11-12 05:31:06.133 1971 1971 I sysui_multi_action: [757,111,758,1]
11-12 05:31:06.133 1971 1971 I sysui_multi_action: [757,126,758,1,759,126,927,0,928,0,1593,1]
11-12 05:31:06.133 1971 1971 I sysui_multi_action: [757,113,758,1,759,113,927,1,928,1,1593,1]
11-12 05:31:06.133 1971 1971 I sysui_multi_action: [757,0,758,1,759,0,927,2,928,0,1593,1]
11-12 05:31:06.133 1971 1971 I sysui_multi_action: [757,0,758,1,759,0,927,3,928,0,1593,1]
11-12 05:31:06.134 1971 1971 W View : requestLayout() improperly called by com.android.systemui.util.animation.UniqueObjectHostView{2e6e327 V.E...... ......ID 0,0-650,188} during layout: running second layout pass
11-12 05:31:06.142 1481 1730 I GameModeConfig: isGameModeOn = true
11-12 05:31:06.142 1481 1730 I GameModeConfig: isGaming = false
11-12 05:31:06.142 1481 1730 I GameModeConfig: isGameModeOn = true
11-12 05:31:06.142 1481 1730 I GameModeConfig: isGaming = false
11-12 05:31:06.142 1481 1730 I GameModeConfig: isGameModeOn = true
11-12 05:31:06.142 1481 1730 I GameModeConfig: isGaming = false
11-12 05:31:06.142 1481 1730 I GameModeConfig: isGameModeOn = true
11-12 05:31:06.142 1481 1730 I GameModeConfig: isGaming = false
11-12 05:31:06.143 1971 1971 I sysui_multi_action: [757,111,758,2]
11-12 05:31:06.143 1971 1971 I sysui_multi_action: [757,111,758,2]
11-12 05:31:06.143 1481 1481 I notification_enqueue: [10082,1971,com.android.systemui,2048,NULL,0,Notification(channel=updateNotification shortcut=null contentView=null vibrate=null sound=null defaults=0x0 flags=0x0 color=0x00000000 vis=PRIVATE),1]
11-12 05:31:06.152 1971 1971 I sysui_multi_action: [757,111,758,1]
11-12 05:31:06.152 1971 1971 I sysui_multi_action: [757,126,758,1,759,126,927,0,928,0,1593,1]
11-12 05:31:06.152 1971 1971 I sysui_multi_action: [757,113,758,1,759,113,927,1,928,1,1593,1]
11-12 05:31:06.153 1971 1971 I sysui_multi_action: [757,0,758,1,759,0,927,2,928,0,1593,1]
11-12 05:31:06.153 1971 1971 I sysui_multi_action: [757,0,758,1,759,0,927,3,928,0,1593,1]
11-12 05:31:06.153 1971 1971 I sysui_multi_action: [757,491,758,1,759,491,927,4,928,0,1311,-1,1593,0]
11-12 05:31:06.153 1971 1971 I sysui_multi_action: [757,0,758,1,759,0,927,5,928,0,1593,0]
11-12 05:31:06.153 1971 1971 I sysui_multi_action: [757,111,758,1]
11-12 05:31:06.153 1971 1971 I sysui_multi_action: [757,126,758,1,759,126,927,0,928,0,1593,1]
11-12 05:31:06.153 1971 1971 I sysui_multi_action: [757,113,758,1,759,113,927,1,928,1,1593,1]
11-12 05:31:06.153 1971 1971 I sysui_multi_action: [757,0,758,1,759,0,927,2,928,0,1593,1]
11-12 05:31:06.153 1971 1971 I sysui_multi_action: [757,0,758,1,759,0,927,3,928,0,1593,1]
11-12 05:31:06.155 1971 1971 W View : requestLayout() improperly called by com.android.systemui.util.animation.UniqueObjectHostView{2e6e327 V.E...... ......ID 0,0-650,188} during layout: running second layout pass
11-12 05:31:06.163 1481 1730 I GameModeConfig: isGameModeOn = true
11-12 05:31:06.163 1481 1730 I GameModeConfig: isGaming = false
11-12 05:31:06.163 1481 1730 I GameModeConfig: isGameModeOn = true
11-12 05:31:06.163 1481 1730 I GameModeConfig: isGaming = false
11-12 05:31:06.163 1481 1730 I GameModeConfig: isGameModeOn = true
11-12 05:31:06.163 1481 1730 I GameModeConfig: isGaming = false
11-12 05:31:06.163 1481 1730 I GameModeConfig: isGameModeOn = true
11-12 05:31:06.163 1481 1730 I GameModeConfig: isGaming = false
11-12 05:31:06.164 1971 1971 I sysui_multi_action: [757,111,758,2]
11-12 05:31:06.164 1971 1971 I sysui_multi_action: [757,111,758,2]
11-12 05:31:06.164 1481 1481 I notification_enqueue: [10082,1971,com.android.systemui,2048,NULL,0,Notification(channel=updateNotification shortcut=null contentView=null vibrate=null sound=null defaults=0x0 flags=0x0 color=0x00000000 vis=PRIVATE),1]
11-12 05:31:06.170 1971 1971 I sysui_multi_action: [757,111,758,1]
11-12 05:31:06.170 1971 1971 I sysui_multi_action: [757,126,758,1,759,126,927,0,928,0,1593,1]
11-12 05:31:06.170 1971 1971 I sysui_multi_action: [757,113,758,1,759,113,927,1,928,1,1593,1]
11-12 05:31:06.170 1971 1971 I sysui_multi_action: [757,0,758,1,759,0,927,2,928,0,1593,1]
11-12 05:31:06.170 1971 1971 I sysui_multi_action: [757,0,758,1,759,0,927,3,928,0,1593,1]
11-12 05:31:06.171 1971 1971 I sysui_multi_action: [757,491,758,1,759,491,927,4,928,0,1311,-1,1593,0]
11-12 05:31:06.171 1971 1971 I sysui_multi_action: [757,0,758,1,759,0,927,5,928,0,1593,0]
11-12 05:31:06.171 1971 1971 I sysui_multi_action: [757,111,758,1]
11-12 05:31:06.171 1971 1971 I sysui_multi_action: [757,126,758,1,759,126,927,0,928,0,1593,1]
11-12 05:31:06.171 1971 1971 I sysui_multi_action: [757,113,758,1,759,113,927,1,928,1,1593,1]
11-12 05:31:06.171 1971 1971 I sysui_multi_action: [757,0,758,1,759,0,927,2,928,0,1593,1]
11-12 05:31:06.171 1971 1971 I sysui_multi_action: [757,0,758,1,759,0,927,3,928,0,1593,1]
11-12 05:31:06.173 1971 1971 W View : requestLayout() improperly called by com.android.systemui.util.animation.UniqueObjectHostView{2e6e327 V.E...... ......ID 0,0-650,188} during layout: running second layout pass
11-12 05:31:06.183 1481 1730 I GameModeConfig: isGameModeOn = true
11-12 05:31:06.184 1481 1730 I GameModeConfig: isGaming = false
11-12 05:31:06.184 1971 1971 I sysui_multi_action: [757,111,758,2]
11-12 05:31:06.184 1971 1971 I sysui_multi_action: [757,111,758,2]
11-12 05:31:06.184 1481 1730 I GameModeConfig: isGameModeOn = true
11-12 05:31:06.184 1481 1730 I GameModeConfig: isGaming = false
11-12 05:31:06.184 1481 1730 I GameModeConfig: isGameModeOn = true
11-12 05:31:06.184 1481 1730 I GameModeConfig: isGaming = false
11-12 05:31:06.184 1481 1730 I GameModeConfig: isGameModeOn = true
11-12 05:31:06.184 1481 1730 I GameModeConfig: isGaming = false
11-12 05:31:06.186 1481 1481 I notification_enqueue: [10082,1971,com.android.systemui,2048,NULL,0,Notification(channel=updateNotification shortcut=null contentView=null vibrate=null sound=null defaults=0x0 flags=0x0 color=0x00000000 vis=PRIVATE),1]
11-12 05:31:06.191 1971 1971 I sysui_multi_action: [757,111,758,1]
11-12 05:31:06.191 1971 1971 I sysui_multi_action: [757,126,758,1,759,126,927,0,928,0,1593,1]
11-12 05:31:06.191 1971 1971 I sysui_multi_action: [757,113,758,1,759,113,927,1,928,1,1593,1]
11-12 05:31:06.191 1971 1971 I sysui_multi_action: [757,0,758,1,759,0,927,2,928,0,1593,1]
11-12 05:31:06.191 1971 1971 I sysui_multi_action: [757,0,758,1,759,0,927,3,928,0,1593,1]
11-12 05:31:06.191 1971 1971 I sysui_multi_action: [757,491,758,1,759,491,927,4,928,0,1311,-1,1593,0]
11-12 05:31:06.191 1971 1971 I sysui_multi_action: [757,0,758,1,759,0,927,5,928,0,1593,0]
11-12 05:31:06.191 1971 1971 I sysui_multi_action: [757,111,758,1]
11-12 05:31:06.191 1971 1971 I sysui_multi_action: [757,126,758,1,759,126,927,0,928,0,1593,1]
11-12 05:31:06.191 1971 1971 I sysui_multi_action: [757,113,758,1,759,113,927,1,928,1,1593,1]
11-12 05:31:06.191 1971 1971 I sysui_multi_action: [757,0,758,1,759,0,927,2,928,0,1593,1]
11-12 05:31:06.192 1971 1971 I sysui_multi_action: [757,0,758,1,759,0,927,3,928,0,1593,1]
11-12 05:31:06.193 1971 1971 W View : requestLayout() improperly called by com.android.systemui.util.animation.UniqueObjectHostView{2e6e327 V.E...... ......ID 0,0-650,188} during layout: running second layout pass
11-12 05:31:06.202 1481 1730 I GameModeConfig: isGameModeOn = true
11-12 05:31:06.202 1481 1730 I GameModeConfig: isGaming = false
11-12 05:31:06.202 1481 1730 I GameModeConfig: isGameModeOn = true
11-12 05:31:06.202 1481 1730 I GameModeConfig: isGaming = false
11-12 05:31:06.202 1481 1730 I GameModeConfig: isGameModeOn = true
11-12 05:31:06.202 1481 1730 I GameModeConfig: isGaming = false
11-12 05:31:06.202 1481 1730 I GameModeConfig: isGameModeOn = true
11-12 05:31:06.202 1481 1730 I GameModeConfig: isGaming = false
11-12 05:31:06.203 1971 1971 I sysui_multi_action: [757,111,758,2]
11-12 05:31:06.203 1971 1971 I sysui_multi_action: [757,111,758,2]
11-12 05:31:06.203 1481 1481 I notification_enqueue: [10082,1971,com.android.systemui,2048,NULL,0,Notification(channel=updateNotification shortcut=null contentView=null vibrate=null sound=null defaults=0x0 flags=0x0 color=0x00000000 vis=PRIVATE),1]
11-12 05:31:06.209 1971 1971 I sysui_multi_action: [757,111,758,1]
11-12 05:31:06.209 1971 1971 I sysui_multi_action: [757,126,758,1,759,126,927,0,928,0,1593,1]
11-12 05:31:06.209 1971 1971 I sysui_multi_action: [757,113,758,1,759,113,927,1,928,1,1593,1]
11-12 05:31:06.209 1971 1971 I sysui_multi_action: [757,0,758,1,759,0,927,2,928,0,1593,1]
11-12 05:31:06.210 1971 1971 I sysui_multi_action: [757,0,758,1,759,0,927,3,928,0,1593,1]
11-12 05:31:06.210 1971 1971 I sysui_multi_action: [757,491,758,1,759,491,927,4,928,0,1311,-1,1593,0]
11-12 05:31:06.210 1971 1971 I sysui_multi_action: [757,0,758,1,759,0,927,5,928,0,1593,0]
11-12 05:31:06.210 1971 1971 I sysui_multi_action: [757,111,758,1]
11-12 05:31:06.210 1971 1971 I sysui_multi_action: [757,126,758,1,759,126,927,0,928,0,1593,1]
11-12 05:31:06.210 1971 1971 I sysui_multi_action: [757,113,758,1,759,113,927,1,928,1,1593,1]
11-12 05:31:06.210 1971 1971 I sysui_multi_action: [757,0,758,1,759,0,927,2,928,0,1593,1]
11-12 05:31:06.210 1971 1971 I sysui_multi_action: [757,0,758,1,759,0,927,3,928,0,1593,1]
11-12 05:31:06.212 1971 1971 W View : requestLayout() improperly called by com.android.systemui.util.animation.UniqueObjectHostView{2e6e327 V.E...... ......ID 0,0-650,188} during layout: running second layout pass
11-12 05:31:06.220 1481 1730 I GameModeConfig: isGameModeOn = true
11-12 05:31:06.220 1481 1730 I GameModeConfig: isGaming = false
11-12 05:31:06.220 1481 1730 I GameModeConfig: isGameModeOn = true
11-12 05:31:06.220 1481 1730 I GameModeConfig: isGaming = false
11-12 05:31:06.220 1481 1730 I GameModeConfig: isGameModeOn = true
11-12 05:31:06.220 1481 1730 I GameModeConfig: isGaming = false
11-12 05:31:06.220 1481 1730 I GameModeConfig: isGameModeOn = true
11-12 05:31:06.220 1481 1730 I GameModeConfig: isGaming = false
11-12 05:31:06.221 1971 1971 I sysui_multi_action: [757,111,758,2]
11-12 05:31:06.221 1481 1481 I notification_enqueue: [10082,1971,com.android.systemui,2048,NULL,0,Notification(channel=updateNotification shortcut=null contentView=null vibrate=null sound=null defaults=0x0 flags=0x0 color=0x00000000 vis=PRIVATE),1]
11-12 05:31:06.221 1971 1971 I sysui_multi_action: [757,111,758,2]
11-12 05:31:06.228 1971 1971 I sysui_multi_action: [757,111,758,1]
11-12 05:31:06.228 1971 1971 I sysui_multi_action: [757,126,758,1,759,126,927,0,928,0,1593,1]
11-12 05:31:06.228 1971 1971 I sysui_multi_action: [757,113,758,1,759,113,927,1,928,1,1593,1]
11-12 05:31:06.228 1971 1971 I sysui_multi_action: [757,0,758,1,759,0,927,2,928,0,1593,1]
11-12 05:31:06.228 1971 1971 I sysui_multi_action: [757,0,758,1,759,0,927,3,928,0,1593,1]
11-12 05:31:06.228 1971 1971 I sysui_multi_action: [757,491,758,1,759,491,927,4,928,0,1311,-1,1593,0]
11-12 05:31:06.228 1971 1971 I sysui_multi_action: [757,0,758,1,759,0,927,5,928,0,1593,0]
11-12 05:31:06.229 1971 1971 I sysui_multi_action: [757,111,758,1]
11-12 05:31:06.229 1971 1971 I sysui_multi_action: [757,126,758,1,759,126,927,0,928,0,1593,1]
11-12 05:31:06.229 1971 1971 I sysui_multi_action: [757,113,758,1,759,113,927,1,928,1,1593,1]
11-12 05:31:06.229 1971 1971 I sysui_multi_action: [757,0,758,1,759,0,927,2,928,0,1593,1]
11-12 05:31:06.229 1971 1971 I sysui_multi_action: [757,0,758,1,759,0,927,3,928,0,1593,1]
11-12 05:31:06.230 1971 1971 W View : requestLayout() improperly called by com.android.systemui.util.animation.UniqueObjectHostView{2e6e327 V.E...... ......ID 0,0-650,188} during layout: running second layout pass
11-12 05:31:06.254 1481 1481 I GameModeConfig: isGameModeOn = true
11-12 05:31:06.254 1481 1481 I GameModeConfig: isGaming = false
11-12 05:31:06.255 1481 1481 I sysui_multi_action: [757,1501,758,1,793,15244399,794,0,795,203,796,2048,806,com.android.systemui,857,updateNotification,858,3,947,0,1500,0,1688,1]
11-12 05:31:06.255 1481 1481 I sysui_multi_action: [757,804,799,note_interruptive,801,0,802,1]
11-12 05:31:06.255 1481 1481 I sysui_multi_action: [757,199,758,1,759,2,793,15244400,794,0,795,204,796,2048,806,com.android.systemui,857,updateNotification,858,3,947,0,1500,1,1688,1]
11-12 05:31:06.255 1481 1481 I notification_alert: [0|com.android.systemui|2048|null|10082,0,1,0]
11-12 05:31:06.255 1481 1481 W NotificationHistory: Attempted to add notif for locked/gone/disabled user 0
11-12 05:31:06.259 9573 9573 V GameMode_GameMode: judge isGame:com.android.settings
11-12 05:31:06.259 9573 9573 E GameMode_GameModeNotificationListenerService: title :content :,PackageName:com.android.systemui,isGameModeOn:true,isBulletScreenOn:false,isBulletScreenPackage:false
11-12 05:31:06.266 2858 2947 W MediaProvider: Failed to fetch original file descriptor
11-12 05:31:06.266 2858 2947 W MediaProvider: java.io.IOException: stat failed: EACCES (Permission denied)
11-12 05:31:06.266 2858 2947 W MediaProvider: at com.android.providers.media.MediaProvider.getFileFromFileDescriptor(MediaProvider.java:5794)
11-12 05:31:06.266 2858 2947 W MediaProvider: at com.android.providers.media.MediaProvider.getOriginalMediaFormatFileDescriptor(MediaProvider.java:5711)
11-12 05:31:06.266 2858 2947 W MediaProvider: at com.android.providers.media.MediaProvider.openTypedAssetFileCommon(MediaProvider.java:7134)
11-12 05:31:06.266 2858 2947 W MediaProvider: at com.android.providers.media.MediaProvider.openTypedAssetFile(MediaProvider.java:7115)
11-12 05:31:06.266 2858 2947 W MediaProvider: at android.content.ContentProvider$Transport.openTypedAssetFile(ContentProvider.java:548)
11-12 05:31:06.266 2858 2947 W MediaProvider: at android.content.ContentProviderNative.onTransact(ContentProviderNative.java:327)
11-12 05:31:06.266 2858 2947 W MediaProvider: at android.os.Binder.execTransactInternal(Binder.java:1184)
11-12 05:31:06.266 2858 2947 W MediaProvider: at android.os.Binder.execTransact(Binder.java:1143)
11-12 05:31:06.266 2858 2947 W MediaProvider: Caused by: android.system.ErrnoException: stat failed: EACCES (Permission denied)
11-12 05:31:06.266 2858 2947 W MediaProvider: at libcore.io.Linux.stat(Native Method)
11-12 05:31:06.266 2858 2947 W MediaProvider: at libcore.io.ForwardingOs.stat(ForwardingOs.java:853)
11-12 05:31:06.266 2858 2947 W MediaProvider: at libcore.io.BlockGuardOs.stat(BlockGuardOs.java:420)
11-12 05:31:06.266 2858 2947 W MediaProvider: at libcore.io.ForwardingOs.stat(ForwardingOs.java:853)
11-12 05:31:06.266 2858 2947 W MediaProvider: at android.app.ActivityThread$AndroidOs.stat(ActivityThread.java:7780)
11-12 05:31:06.266 2858 2947 W MediaProvider: at android.system.Os.stat(Os.java:919)
11-12 05:31:06.266 2858 2947 W MediaProvider: at com.android.providers.media.MediaProvider.getFileFromFileDescriptor(MediaProvider.java:5788)
11-12 05:31:06.266 2858 2947 W MediaProvider: ... 7 more
11-12 05:31:06.266 1194 3311 D NuPlayerDriver: NuPlayerDriver(0xe69401f0) created, clientPid(1971)
11-12 05:31:06.266 12753 12816 D Avrcp_ext: AudioManager Player: AudioPlaybackConfiguration piid:71 deviceId:0 type:android.media.SoundPool u/pid:10082/1971 state:idle attr:AudioAttributes: usage=USAGE_ASSISTANCE_SONIFICATION content=CONTENT_TYPE_SONIFICATION flags=0x800 tags= bundle=null sessionId:0
11-12 05:31:06.267 12753 12816 D Avrcp_ext: AudioManager Player: AudioPlaybackConfiguration piid:63 deviceId:0 type:android.media.SoundPool u/pid:1000/1481 state:idle attr:AudioAttributes: usage=USAGE_ASSISTANCE_SONIFICATION content=CONTENT_TYPE_SONIFICATION flags=0x800 tags= bundle=null sessionId:0
11-12 05:31:06.267 12753 12816 D Avrcp_ext: AudioManager Player: AudioPlaybackConfiguration piid:767 deviceId:0 type:android.media.SoundPool u/pid:1000/9573 state:idle attr:AudioAttributes: usage=USAGE_ASSISTANCE_SONIFICATION content=CONTENT_TYPE_SONIFICATION flags=0x801 tags= bundle=null sessionId:0
11-12 05:31:06.267 12753 12816 D Avrcp_ext: AudioManager Player: AudioPlaybackConfiguration piid:1807 deviceId:0 type:android.media.MediaPlayer u/pid:10082/1971 state:idle attr:AudioAttributes: usage=USAGE_NOTIFICATION content=CONTENT_TYPE_SONIFICATION flags=0x800 tags= bundle=null sessionId:0
11-12 05:31:06.267 12753 12816 D Avrcp_ext: AudioManager isPlaying: false, mAudioPlaybackIsActive = false
11-12 05:31:06.267 12753 12816 D Avrcp_ext: AudioManager Reset Active Player
11-12 05:31:06.275 1194 3311 I ExtendedNuUtils: printFileName fd(8) -> /data/system_de/0/ringtones/notification_sound_cache
11-12 05:31:06.278 1194 16222 D GenericSource: FileSource remote
11-12 05:31:06.278 1971 1971 D InterruptionStateProvider: No bubble up: not allowed to bubble: 0|com.android.systemui|2048|null|10082
11-12 05:31:06.278 1971 1971 D InterruptionStateProvider: No heads up: unimportant notification: 0|com.android.systemui|2048|null|10082
11-12 05:31:06.281 1971 2459 D PeopleSpaceWidgetMgr: Sbn doesn't contain valid PeopleTileKey: null/0/com.android.systemui
11-12 05:31:06.281 1191 1772 I MMParserExtractor: Created(0xb40000728f29e1d0)
11-12 05:31:06.281 1191 1772 E MM_OSAL : FileSource::FileSource
11-12 05:31:06.281 1191 1772 E MM_OSAL : FileSource::FileSource m_bEveryThingOK 1
11-12 05:31:06.285 1191 1772 D MediaBufferGroup: creating MemoryDealer
11-12 05:31:06.288 1481 5359 I MediaFocusControl: requestAudioFocus() from uid/pid 10082/1971 AA=USAGE_NOTIFICATION/CONTENT_TYPE_SONIFICATION clientId=android.media.AudioManager@b0bb8 callingPack=com.android.systemui req=3 flags=0x0 sdk=31
11-12 05:31:06.288 1481 5359 I AudioService.FadeOutManager: unfadeOutUid() uid:10082
11-12 05:31:06.302 1481 1481 I GameModeConfig: isGameModeOn = true
11-12 05:31:06.302 1481 1481 I GameModeConfig: isGaming = false
11-12 05:31:06.303 1481 1481 E NotificationService: Muting recently noisy 0|com.android.systemui|2048|null|10082
11-12 05:31:06.305 9573 9573 V GameMode_GameMode: judge isGame:com.android.settings
11-12 05:31:06.305 9573 9573 E GameMode_GameModeNotificationListenerService: title :content :,PackageName:com.android.systemui,isGameModeOn:true,isBulletScreenOn:false,isBulletScreenPackage:false
11-12 05:31:06.323 1481 1481 I GameModeConfig: isGameModeOn = true
11-12 05:31:06.323 1481 1481 I GameModeConfig: isGaming = false
11-12 05:31:06.324 1481 1481 E NotificationService: Muting recently noisy 0|com.android.systemui|2048|null|10082
11-12 05:31:06.326 9573 9573 V GameMode_GameMode: judge isGame:com.android.settings
11-12 05:31:06.327 9573 9573 E GameMode_GameModeNotificationListenerService: title :content :,PackageName:com.android.systemui,isGameModeOn:true,isBulletScreenOn:false,isBulletScreenPackage:false
11-12 05:31:06.333 1971 1971 D InterruptionStateProvider: No bubble up: not allowed to bubble: 0|com.android.systemui|2048|null|10082
11-12 05:31:06.334 1971 1971 D InterruptionStateProvider: No heads up: unimportant notification: 0|com.android.systemui|2048|null|10082
11-12 05:31:06.339 1971 2459 D PeopleSpaceWidgetMgr: Sbn doesn't contain valid PeopleTileKey: null/0/com.android.systemui
11-12 05:31:06.346 1481 1481 I GameModeConfig: isGameModeOn = true
11-12 05:31:06.346 1481 1481 I GameModeConfig: isGaming = false
11-12 05:31:06.347 1481 1481 E NotificationService: Muting recently noisy 0|com.android.systemui|2048|null|10082
11-12 05:31:06.349 9573 9573 V GameMode_GameMode: judge isGame:com.android.settings
11-12 05:31:06.349 9573 9573 E GameMode_GameModeNotificationListenerService: title :content :,PackageName:com.android.systemui,isGameModeOn:true,isBulletScreenOn:false,isBulletScreenPackage:false
11-12 05:31:06.355 1971 1971 D InterruptionStateProvider: No bubble up: not allowed to bubble: 0|com.android.systemui|2048|null|10082
11-12 05:31:06.356 1971 1971 D InterruptionStateProvider: No heads up: unimportant notification: 0|com.android.systemui|2048|null|10082
11-12 05:31:06.361 1971 2459 D PeopleSpaceWidgetMgr: Sbn doesn't contain valid PeopleTileKey: null/0/com.android.systemui
11-12 05:31:06.366 1481 1481 I GameModeConfig: isGameModeOn = true
11-12 05:31:06.366 1481 1481 I GameModeConfig: isGaming = false
11-12 05:31:06.367 1481 1481 E NotificationService: Muting recently noisy 0|com.android.systemui|2048|null|10082
11-12 05:31:06.371 9573 9573 V GameMode_GameMode: judge isGame:com.android.settings
11-12 05:31:06.371 9573 9573 E GameMode_GameModeNotificationListenerService: title :content :,PackageName:com.android.systemui,isGameModeOn:true,isBulletScreenOn:false,isBulletScreenPackage:false
11-12 05:31:06.381 1971 1971 D InterruptionStateProvider: No bubble up: not allowed to bubble: 0|com.android.systemui|2048|null|10082
11-12 05:31:06.381 1971 1971 D InterruptionStateProvider: No heads up: unimportant notification: 0|com.android.systemui|2048|null|10082
11-12 05:31:06.388 1481 1481 I GameModeConfig: isGameModeOn = true
11-12 05:31:06.388 1481 1481 I GameModeConfig: isGaming = false
11-12 05:31:06.389 1971 2459 D PeopleSpaceWidgetMgr: Sbn doesn't contain valid PeopleTileKey: null/0/com.android.systemui
11-12 05:31:06.389 1481 1481 E NotificationService: Muting recently noisy 0|com.android.systemui|2048|null|10082
11-12 05:31:06.392 9573 9573 V GameMode_GameMode: judge isGame:com.android.settings
11-12 05:31:06.392 9573 9573 E GameMode_GameModeNotificationListenerService: title :content :,PackageName:com.android.systemui,isGameModeOn:true,isBulletScreenOn:false,isBulletScreenPackage:false
11-12 05:31:06.400 1971 1971 D InterruptionStateProvider: No bubble up: not allowed to bubble: 0|com.android.systemui|2048|null|10082
11-12 05:31:06.400 1971 1971 D InterruptionStateProvider: No heads up: unimportant notification: 0|com.android.systemui|2048|null|10082
11-12 05:31:06.404 1481 1481 I GameModeConfig: isGameModeOn = true
11-12 05:31:06.404 1481 1481 I GameModeConfig: isGaming = false
11-12 05:31:06.404 1481 1481 E NotificationService: Muting recently noisy 0|com.android.systemui|2048|null|10082
11-12 05:31:06.404 1971 2459 D PeopleSpaceWidgetMgr: Sbn doesn't contain valid PeopleTileKey: null/0/com.android.systemui
11-12 05:31:06.407 9573 9573 V GameMode_GameMode: judge isGame:com.android.settings
11-12 05:31:06.407 9573 9573 E GameMode_GameModeNotificationListenerService: title :content :,PackageName:com.android.systemui,isGameModeOn:true,isBulletScreenOn:false,isBulletScreenPackage:false
11-12 05:31:06.418 1971 1971 D InterruptionStateProvider: No bubble up: not allowed to bubble: 0|com.android.systemui|2048|null|10082
11-12 05:31:06.418 1971 1971 D InterruptionStateProvider: No heads up: unimportant notification: 0|com.android.systemui|2048|null|10082
11-12 05:31:06.422 1971 2459 D PeopleSpaceWidgetMgr: Sbn doesn't contain valid PeopleTileKey: null/0/com.android.systemui
11-12 05:31:06.423 1481 1481 I GameModeConfig: isGameModeOn = true
11-12 05:31:06.423 1481 1481 I GameModeConfig: isGaming = false
11-12 05:31:06.423 1481 1481 E NotificationService: Muting recently noisy 0|com.android.systemui|2048|null|10082
11-12 05:31:06.426 9573 9573 V GameMode_GameMode: judge isGame:com.android.settings
11-12 05:31:06.426 9573 9573 E GameMode_GameModeNotificationListenerService: title :content :,PackageName:com.android.systemui,isGameModeOn:true,isBulletScreenOn:false,isBulletScreenPackage:false
11-12 05:31:06.437 1971 1971 D InterruptionStateProvider: No bubble up: not allowed to bubble: 0|com.android.systemui|2048|null|10082
11-12 05:31:06.437 1971 1971 D InterruptionStateProvider: No heads up: unimportant notification: 0|com.android.systemui|2048|null|10082
11-12 05:31:06.441 1971 2459 D PeopleSpaceWidgetMgr: Sbn doesn't contain valid PeopleTileKey: null/0/com.android.systemui
11-12 05:31:06.453 1971 1971 D InterruptionStateProvider: No bubble up: not allowed to bubble: 0|com.android.systemui|2048|null|10082
11-12 05:31:06.454 1971 1971 D InterruptionStateProvider: No heads up: unimportant notification: 0|com.android.systemui|2048|null|10082
11-12 05:31:06.458 1971 2459 D PeopleSpaceWidgetMgr: Sbn doesn't contain valid PeopleTileKey: null/0/com.android.systemui
11-12 05:31:06.614 1481 1516 I sysui_multi_action: [757,128,758,1,793,2292394,794,0,795,2292394,796,26,798,0,806,android,857,DEVELOPER_IMPORTANT,858,4,947,0,1395,2,1500,2292180,1688,1]
11-12 05:31:06.614 1481 1516 I sysui_multi_action: [757,804,799,note_freshness,801,2292394,802,1]
11-12 05:31:06.615 1481 1516 I notification_visibility: [-1|android|26|null|1000,1,2292394,2292394,0,0]
11-12 05:31:06.615 1481 1516 I sysui_multi_action: [757,128,758,1,793,2292392,794,0,795,2292392,796,32,798,1,806,android,857,USB,858,1,947,0,1395,2,1500,2292180,1688,1]
11-12 05:31:06.615 1481 1516 I sysui_multi_action: [757,804,799,note_freshness,801,2292392,802,1]
11-12 05:31:06.615 1481 1516 I notification_visibility: [-1|android|32|null|1000,1,2292392,2292392,0,1]
11-12 05:31:06.789 1481 1516 W AudioIDCMicroNegotiator: idcm_warn: idcm control is not enable
11-12 05:31:06.790 1194 16221 I GenericSource: start
11-12 05:31:06.791 12753 12816 D Avrcp_ext: AudioManager Player: AudioPlaybackConfiguration piid:71 deviceId:0 type:android.media.SoundPool u/pid:10082/1971 state:idle attr:AudioAttributes: usage=USAGE_ASSISTANCE_SONIFICATION content=CONTENT_TYPE_SONIFICATION flags=0x800 tags= bundle=null sessionId:0
11-12 05:31:06.791 12753 12816 D Avrcp_ext: AudioManager Player: AudioPlaybackConfiguration piid:63 deviceId:0 type:android.media.SoundPool u/pid:1000/1481 state:idle attr:AudioAttributes: usage=USAGE_ASSISTANCE_SONIFICATION content=CONTENT_TYPE_SONIFICATION flags=0x800 tags= bundle=null sessionId:0
11-12 05:31:06.791 12753 12816 D Avrcp_ext: AudioManager Player: AudioPlaybackConfiguration piid:767 deviceId:0 type:android.media.SoundPool u/pid:1000/9573 state:idle attr:AudioAttributes: usage=USAGE_ASSISTANCE_SONIFICATION content=CONTENT_TYPE_SONIFICATION flags=0x801 tags= bundle=null sessionId:0
11-12 05:31:06.791 1194 16221 W Utils : track of type 'audio/vorbis' does not publish channel mask, channel count 1
11-12 05:31:06.791 12753 12816 D Avrcp_ext: AudioManager Player: AudioPlaybackConfiguration piid:1807 deviceId:0 type:android.media.MediaPlayer u/pid:10082/1971 state:started attr:AudioAttributes: usage=USAGE_NOTIFICATION content=CONTENT_TYPE_SONIFICATION flags=0x800 tags= bundle=null sessionId:0
11-12 05:31:06.793 12753 12816 D Avrcp_ext: AudioManager Player in started state: com.android.systemui
11-12 05:31:06.793 12753 12816 D Avrcp_ext: AudioManager Active Player: com.android.systemui
11-12 05:31:06.793 12753 12816 D Avrcp_ext: AudioManager isPlaying: true, mAudioPlaybackIsActive = false
11-12 05:31:06.794 12753 12816 V Avrcp_ext: updateCurrentMediaState: mMediaController: MediaController (com.android.systemui@d0b46d0) null
11-12 05:31:06.794 12753 12816 W Avrcp_ext: isMusicActive: false getBluetoothPlayState: 2 A2dp State: 11 mAudioPlaybackIsActive: true
11-12 05:31:06.794 12753 12816 D Avrcp_ext: isMusicActive = false mAudioPlaybackIsActive = true player state = null
11-12 05:31:06.794 12753 12816 I Avrcp_ext: Skipping update due to invalid playback state
11-12 05:31:06.794 12753 12816 V Avrcp_ext: updatePlaybackState, state: null device: null
11-12 05:31:06.795 12753 12816 V Avrcp_ext: Device: no name:
11-12 05:31:06.795 12753 12816 V Avrcp_ext: Device: no name:
11-12 05:31:06.795 12753 12816 V Avrcp_ext: Device: no name:
11-12 05:31:06.795 12753 12816 V Avrcp_ext: Device: no name:
11-12 05:31:06.795 12753 12816 V Avrcp_ext: Device: no name:
11-12 05:31:06.795 12753 12816 V Avrcp_ext: updatePlayerStateAndPosition, old=PlaybackState {state=2, position=10719, buffered position=0, speed=1.0, updated=14756802, actions=516, custom actions=[], active item id=-1, error=null}, state=null
11-12 05:31:06.795 12753 12816 I Avrcp_ext: updatePlayerStateAndPosition: device: state = null
11-12 05:31:06.797 1194 16221 W Utils : track of type 'audio/vorbis' does not publish channel mask, channel count 1
11-12 05:31:06.797 1971 1971 D MediaRouter: onRestoreRoute() : route=RouteInfo{ name=平板电脑, description=null, status=null, category=RouteCategory{ name=系统 types=ROUTE_TYPE_LIVE_AUDIO ROUTE_TYPE_LIVE_VIDEO groupable=false }, supportedTypes=ROUTE_TYPE_LIVE_AUDIO ROUTE_TYPE_LIVE_VIDEO , presentationDisplay=null }
11-12 05:31:06.797 1971 1971 V MediaRouter: Selecting route: RouteInfo{ name=平板电脑, description=null, status=null, category=RouteCategory{ name=系统 types=ROUTE_TYPE_LIVE_AUDIO ROUTE_TYPE_LIVE_VIDEO groupable=false }, supportedTypes=ROUTE_TYPE_LIVE_AUDIO ROUTE_TYPE_LIVE_VIDEO , presentationDisplay=null }
11-12 05:31:06.800 793 1792 D audio_hw_primary: adev_get_parameters:is_hw_dec_session_available
11-12 05:31:06.800 793 1792 D audio_hw_spkr_prot: fbsp_get_parameters: Speaker protection disabled
11-12 05:31:06.800 793 1792 D soundtrigger: audio_extn_sound_trigger_get_parameters input string
11-12 05:31:06.800 793 1792 D soundtrigger: extract_sm_handle input string param string
11-12 05:31:06.800 793 1792 D audio_hw_extn: audio_extn_fm_get_parameters: Enter
11-12 05:31:06.800 793 1792 D audio_hw_extn: audio_extn_get_parameters: returns
11-12 05:31:06.800 793 1792 D audio_hw_primary: adev_get_parameters: exit: returns -
11-12 05:31:06.801 969 7630 I hash_map_utils: system/bt/osi/src/hash_map_utils.cc:81 hash_map_utils_dump_string_keys_string_values: key: 'is_hw_dec_session_available' value: 'audio/vorbis'
11-12 05:31:06.804 1194 16227 D CCodec : allocate(c2.android.vorbis.decoder)
11-12 05:31:06.806 1194 16227 I CCodec : setting up 'default' as default (vendor) store
11-12 05:31:06.806 1232 2008 V C2Store : in init
11-12 05:31:06.806 1232 2008 V C2Store : loading dll
11-12 05:31:06.810 1194 16227 I CCodec : Created component [c2.android.vorbis.decoder]
11-12 05:31:06.810 1194 16227 D CCodecConfig: read media type: audio/vorbis
11-12 05:31:06.813 1194 16227 D ReflectedParamUpdater: extent() != 1 for single value type: algo.buffers.max-count.values
11-12 05:31:06.813 1194 16227 D ReflectedParamUpdater: extent() != 1 for single value type: output.subscribed-indices.values
11-12 05:31:06.814 1194 16227 D ReflectedParamUpdater: extent() != 1 for single value type: input.buffers.allocator-ids.values
11-12 05:31:06.814 1194 16227 D ReflectedParamUpdater: extent() != 1 for single value type: output.buffers.allocator-ids.values
11-12 05:31:06.814 1194 16227 D ReflectedParamUpdater: extent() != 1 for single value type: algo.buffers.allocator-ids.values
11-12 05:31:06.814 1194 16227 D ReflectedParamUpdater: extent() != 1 for single value type: output.buffers.pool-ids.values
11-12 05:31:06.814 1194 16227 D ReflectedParamUpdater: extent() != 1 for single value type: algo.buffers.pool-ids.values
11-12 05:31:06.816 1194 16227 I CCodecConfig: query failed after returning 7 values (BAD_INDEX)
11-12 05:31:06.817 1194 16227 D CCodecConfig: c2 config diff is Dict {
11-12 05:31:06.817 1194 16227 D CCodecConfig: c2::u32 coded.bitrate.value = 64000
11-12 05:31:06.817 1194 16227 D CCodecConfig: c2::u32 input.buffers.max-size.value = 32768
11-12 05:31:06.817 1194 16227 D CCodecConfig: c2::u32 input.delay.value = 0
11-12 05:31:06.817 1194 16227 D CCodecConfig: string input.media-type.value = "audio/vorbis"
11-12 05:31:06.817 1194 16227 D CCodecConfig: string output.media-type.value = "audio/raw"
11-12 05:31:06.817 1194 16227 D CCodecConfig: c2::u32 raw.channel-count.value = 1
11-12 05:31:06.817 1194 16227 D CCodecConfig: c2::u32 raw.sample-rate.value = 48000
11-12 05:31:06.817 1194 16227 D CCodecConfig: }
11-12 05:31:06.818 1194 16227 D CCodec : [c2.android.vorbis.decoder] buffers are bound to CCodec for this session
11-12 05:31:06.818 1194 16227 D CCodecConfig: no c2 equivalents for durationUs
11-12 05:31:06.818 1194 16227 D CCodecConfig: no c2 equivalents for csd-1
11-12 05:31:06.818 1194 16227 D CCodecConfig: no c2 equivalents for language
11-12 05:31:06.818 1194 16227 D CCodecConfig: no c2 equivalents for file-format
11-12 05:31:06.818 1194 16227 D CCodecConfig: no c2 equivalents for flags
11-12 05:31:06.818 1194 16227 D CCodecConfig: config failed => CORRUPTED
11-12 05:31:06.819 1194 16227 D CCodecConfig: c2 config diff is c2::u32 coded.bitrate.value = 70000
11-12 05:31:06.819 1194 16227 W Codec2Client: query -- param skipped: index = 1107298332.
11-12 05:31:06.819 1194 16227 D CCodec : setup formats input: AMessage(what = 0x00000000) = {
11-12 05:31:06.819 1194 16227 D CCodec : int32_t bitrate = 70000
11-12 05:31:06.819 1194 16227 D CCodec : int32_t channel-count = 1
11-12 05:31:06.819 1194 16227 D CCodec : int32_t max-input-size = 65307
11-12 05:31:06.819 1194 16227 D CCodec : string mime = "audio/vorbis"
11-12 05:31:06.819 1194 16227 D CCodec : int32_t sample-rate = 48000
11-12 05:31:06.819 1194 16227 D CCodec : }
11-12 05:31:06.819 1194 16227 D CCodec : setup formats output: AMessage(what = 0x00000000) = {
11-12 05:31:06.819 1194 16227 D CCodec : int32_t channel-count = 1
11-12 05:31:06.819 1194 16227 D CCodec : string mime = "audio/raw"
11-12 05:31:06.819 1194 16227 D CCodec : int32_t sample-rate = 48000
11-12 05:31:06.819 1194 16227 D CCodec : int32_t android._config-pcm-encoding = 2
11-12 05:31:06.819 1194 16227 D CCodec : }
11-12 05:31:06.820 1194 16227 I CCodecConfig: query failed after returning 7 values (BAD_INDEX)
11-12 05:31:06.820 1194 16227 I MediaCodec: MediaCodec will operate in async mode
11-12 05:31:06.821 1194 16226 D MediaCodec: keep callback message for reclaim
11-12 05:31:06.822 1194 16227 W Codec2Client: query -- param skipped: index = 1342179345.
11-12 05:31:06.822 1194 16227 W Codec2Client: query -- param skipped: index = 2415921170.
11-12 05:31:06.823 1194 16227 D CCodecBufferChannel: [c2.android.vorbis.decoder#432] Created input block pool with allocatorID 16 => poolID 189 - OK (0)
11-12 05:31:06.823 1232 2007 D BufferPoolAccessor2.0: bufferpool2 0xb400007cd3279528 : 0(0 size) total buffers - 0(0 size) used buffers - 93/97 (recycle/alloc) - 4/96 (fetch/transfer)
11-12 05:31:06.823 1232 2007 D BufferPoolAccessor2.0: Destruction - bufferpool2 0xb400007cd3279528 cached: 0/0M, 0/0% in use; allocs: 97, 96% recycled; transfers: 96, 96% unfetched
11-12 05:31:06.824 1194 1798 D BufferPoolAccessor2.0: bufferpool2 0xe5ec0928 : 0(0 size) total buffers - 0(0 size) used buffers - 95/103 (recycle/alloc) - 8/198 (fetch/transfer)
11-12 05:31:06.824 1194 1798 D BufferPoolAccessor2.0: Destruction - bufferpool2 0xe5ec0928 cached: 0/0M, 0/0% in use; allocs: 103, 92% recycled; transfers: 198, 96% unfetched
11-12 05:31:06.824 1194 16227 I CCodecBufferChannel: [c2.android.vorbis.decoder#432] Created output block pool with allocatorID 16 => poolID 201 - OK
11-12 05:31:06.824 1194 16227 D CCodecBufferChannel: [c2.android.vorbis.decoder#432] Configured output block pool ids 201 => OK
11-12 05:31:06.825 1194 16227 D CCodecBufferChannel: [c2.android.vorbis.decoder#432] start: updating output delay 0
11-12 05:31:06.825 1194 16227 I CCodecBufferChannel: pipelineRoom(3) is <= numClientBuffers(3). Not signalling any more buffers to client
11-12 05:31:06.826 1232 16228 D SimpleC2Component: Using output block pool with poolID 201 => got 201 - 0
11-12 05:31:06.827 1194 16227 I CCodecBufferChannel: pipelineRoom(2) is <= numClientBuffers(2). Not signalling any more buffers to client
11-12 05:31:06.827 1194 16227 I CCodecBufferChannel: pipelineRoom(1) is <= numClientBuffers(1). Not signalling any more buffers to client
11-12 05:31:06.834 1194 16226 I ExtendedNuUtils: Both src and dst missing for bit-width
11-12 05:31:06.834 1194 16226 I ExtendedNuUtils: Overriding durationUs: with 64 bit src value 1728000
11-12 05:31:06.834 1194 16226 I ExtendedNuUtils: Both src and dst missing for channel-mask
11-12 05:31:06.839 793 1792 D audio_hw_primary: adev_get_parameters:vr_audio_mode_on
11-12 05:31:06.839 793 1792 I audio_hw_primary: getting vr mode to 0
11-12 05:31:06.839 793 1792 D audio_hw_primary: adev_get_parameters: exit: returns - vr_audio_mode_on=false
11-12 05:31:06.839 969 1758 I hash_map_utils: system/bt/osi/src/hash_map_utils.cc:81 hash_map_utils_dump_string_keys_string_values: key: 'vr_audio_mode_on' value: ''
11-12 05:31:06.840 969 1758 D AudioFlinger: Client defaulted notificationFrames to 12000 for frameCount 24000
11-12 05:31:06.842 969 1758 D AF::TrackHandle: OpPlayAudio: track:230 usage:5 not muted
11-12 05:31:06.855 793 1792 I EffectsFactory: EffectCreate() create_effect
11-12 05:31:06.859 793 3333 E volume_listener: check_and_set_gain_dep_cal: Failed to set gain dep cal level
11-12 05:31:06.859 793 3272 D audio_hw_primary: start_output_stream: enter: stream(0xeeb021a0)usecase(1: low-latency-playback) devices(0x2) is_haptic_usecase(0)
11-12 05:31:06.859 860 860 E ANDR-PERF-TARGET: Error: Invalid logical cluster id 0
11-12 05:31:06.859 860 860 E ANDR-PERF-REQUEST: invalid request
11-12 05:31:06.859 860 860 E ANDR-PERF-MPCTL: invalid request, no optimizations performed
11-12 05:31:06.859 793 3272 E audio_hw_extn: audio_extn_perf_lock_acquire: Failed to acquire perf lock, err: -1
