11-12 05:30:53.020 9573 9589 D GameMode_GameMode: Show GameMode entry by service!
11-12 05:30:53.020 9573 9589 W ContextImpl: Calling a method in the system process without a qualified user: android.app.ContextImpl.startService:1816 android.content.ContextWrapper.startService:774 com.thundercomm.gamemode.ingame.services.GameModeActionUtils.startGameModeService:93 com.thundercomm.gamemode.ingame.services.GameModeActionUtils.startGameModeEntry:21 com.thundercomm.gamemode.ingame.services.ActivityMonitoringService$1.onActivityLaunch:127
11-12 05:30:53.022 1206 10079 I OMX-VENC: venc_dev: stats: avg. fps 0.20, bitrate 372
11-12 05:30:53.023 9573 9589 D GameMode: getUriFor setting_content_uri_root = content://com.thundercomm.gamemode.api/gamemode_settings , name = gamemode_isgaming
11-12 05:30:53.023 9573 9573 D GameMode_GameMode: type=hide_entry
11-12 05:30:53.030 9573 9589 D GameMode: gamemode_isgaming set to 0
11-12 05:30:53.031 1481 1481 I GameModeConfig: Current uri is uri = content://com.thundercomm.gamemode.api/gamemode_settings/gamemode_isgaming
11-12 05:30:53.031 1481 1481 D GameMode: getUriFor setting_content_uri_root = content://com.thundercomm.gamemode.api/gamemode_settings , name = gamemode_isgaming
11-12 05:30:53.031 1481 1481 I am_uid_active: 10066
11-12 05:30:53.037 1481 1481 I GameModeConfig: isGameModeOn = true
11-12 05:30:53.037 1481 1481 I GameModeConfig: isGaming = false
11-12 05:30:53.037 1481 1481 I GameModeConfig: isGameModeOn = true
11-12 05:30:53.037 1481 1481 I GameModeConfig: isGaming = false
11-12 05:30:53.037 1481 1481 I GameModeConfig: isDisableVoice = true
11-12 05:30:53.042 9573 9573 D GameMode_GameSettingsObserver: Game Data change!!!! uri = content://com.thundercomm.gamemode.api/gamemode_settings/gamemode_isgaming
11-12 05:30:53.042 9573 9573 D GameMode: getUriFor setting_content_uri_root = content://com.thundercomm.gamemode.api/gamemode_settings , name = gamemode_isgaming
11-12 05:30:53.045 1481 1680 I input_focus: [Focus entering 18adad5 com.android.launcher3/com.android.launcher3.uioverrides.QuickstepLauncher (server),reason=Window became focusable. Previous reason: NOT_VISIBLE]
11-12 05:30:53.047 9573 9573 D GameMode_GameMode:GameModeService: updateGlobalSettings = gamemode_isgaming
11-12 05:30:53.062 1481 1620 I PowerManagerService: Powering on display group fromDreaming (groupId=0, uid=1000, reason=WAKE_REASON_UNKNOWN, details=android.server.power:DREAM_FINISHED)...
11-12 05:30:53.062 1481 1620 I PowerManagerService: Waking up from Dreaming (uid=1000, reason=WAKE_REASON_UNKNOWN, details=android.server.power:DREAM_FINISHED)...
11-12 05:30:53.089 9573 10440 I GameMode_ActivityMonitoringService: onTaskStackChanged
11-12 05:30:53.094 9573 9589 I GameMode_ActivityMonitoringService: Updating top task to: TaskInfoContainer [topActivity=ComponentInfo{com.android.launcher3/com.android.launcher3.uioverrides.QuickstepLauncher}, taskId=44, stackId=43, userId=0, displayId=0, position=6
11-12 05:30:53.094 9573 9589 I GameMode_ActivityMonitoringService: Notifying about top task: TaskInfoContainer [topActivity=ComponentInfo{com.android.launcher3/com.android.launcher3.uioverrides.QuickstepLauncher}, taskId=44, stackId=43, userId=0, displayId=0, position=6
11-12 05:30:53.094 9573 9589 E GameMode_ActivityMonitoringService: onActivityLaunch:com.android.launcher3
11-12 05:30:53.094 9573 9589 V GameMode_GameMode: judge isGame:com.android.launcher3
11-12 05:30:53.095 9573 9589 V GameMode_GpuUtils: fps:60
11-12 05:30:53.097 9573 9589 D GameMode_GameMode: Show GameMode entry by service!
11-12 05:30:53.097 9573 9589 W ContextImpl: Calling a method in the system process without a qualified user: android.app.ContextImpl.startService:1816 android.content.ContextWrapper.startService:774 com.thundercomm.gamemode.ingame.services.GameModeActionUtils.startGameModeService:93 com.thundercomm.gamemode.ingame.services.GameModeActionUtils.startGameModeEntry:21 com.thundercomm.gamemode.ingame.services.ActivityMonitoringService$1.onActivityLaunch:127
11-12 05:30:53.100 9573 9589 D GameMode: getUriFor setting_content_uri_root = content://com.thundercomm.gamemode.api/gamemode_settings , name = gamemode_isgaming
11-12 05:30:53.100 9573 9573 D GameMode_GameMode: type=hide_entry
11-12 05:30:53.101 1481 1481 I GameModeConfig: Current uri is uri = content://com.thundercomm.gamemode.api/gamemode_settings/gamemode_isgaming
11-12 05:30:53.102 1481 1481 D GameMode: getUriFor setting_content_uri_root = content://com.thundercomm.gamemode.api/gamemode_settings , name = gamemode_isgaming
11-12 05:30:53.102 9573 9589 D GameMode: gamemode_isgaming set to 0
11-12 05:30:53.103 1481 1481 I GameModeConfig: isGameModeOn = true
11-12 05:30:53.103 1481 1481 I GameModeConfig: isGaming = false
11-12 05:30:53.104 1481 1481 I GameModeConfig: isGameModeOn = true
11-12 05:30:53.104 1481 1481 I GameModeConfig: isGaming = false
11-12 05:30:53.104 1481 1481 I GameModeConfig: isDisableVoice = true
11-12 05:30:53.106 9573 9573 D GameMode_GameSettingsObserver: Game Data change!!!! uri = content://com.thundercomm.gamemode.api/gamemode_settings/gamemode_isgaming
11-12 05:30:53.106 9573 9573 D GameMode: getUriFor setting_content_uri_root = content://com.thundercomm.gamemode.api/gamemode_settings , name = gamemode_isgaming
11-12 05:30:53.109 9573 9573 D GameMode_GameMode:GameModeService: updateGlobalSettings = gamemode_isgaming
11-12 05:30:53.283 1481 1570 I wm_destroy_activity: [0,88765604,228,com.thundercomm.screensaver/android.service.dreams.DreamActivity,finish-imm:idle]
11-12 05:30:53.286 9573 10440 I GameMode_ActivityMonitoringService: onForegroundActivitiesChanged uid 10051 pid 4169 fg false
11-12 05:30:53.292 9573 9589 I GameMode_ActivityMonitoringService: Updating top task to: TaskInfoContainer [topActivity=ComponentInfo{com.android.launcher3/com.android.launcher3.uioverrides.QuickstepLauncher}, taskId=44, stackId=43, userId=0, displayId=0, position=6
11-12 05:30:53.293 9573 9589 I GameMode_ActivityMonitoringService: Notifying about top task: TaskInfoContainer [topActivity=ComponentInfo{com.android.launcher3/com.android.launcher3.uioverrides.QuickstepLauncher}, taskId=44, stackId=43, userId=0, displayId=0, position=6
11-12 05:30:53.293 9573 9589 E GameMode_ActivityMonitoringService: onActivityLaunch:com.android.launcher3
11-12 05:30:53.293 9573 9589 V GameMode_GameMode: judge isGame:com.android.launcher3
11-12 05:30:53.293 9573 9589 V GameMode_GpuUtils: fps:60
11-12 05:30:53.297 9573 9589 D GameMode_GameMode: Show GameMode entry by service!
11-12 05:30:53.298 9573 9589 W ContextImpl: Calling a method in the system process without a qualified user: android.app.ContextImpl.startService:1816 android.content.ContextWrapper.startService:774 com.thundercomm.gamemode.ingame.services.GameModeActionUtils.startGameModeService:93 com.thundercomm.gamemode.ingame.services.GameModeActionUtils.startGameModeEntry:21 com.thundercomm.gamemode.ingame.services.ActivityMonitoringService$1.onActivityLaunch:127
11-12 05:30:53.303 9573 9589 D GameMode: getUriFor setting_content_uri_root = content://com.thundercomm.gamemode.api/gamemode_settings , name = gamemode_isgaming
11-12 05:30:53.304 9573 9573 D GameMode_GameMode: type=hide_entry
11-12 05:30:53.307 4169 4169 I wm_on_stop_called: [88765604,android.service.dreams.DreamActivity,LIFECYCLER_STOP_ACTIVITY]
11-12 05:30:53.308 4169 4169 I wm_on_destroy_called: [88765604,android.service.dreams.DreamActivity,performDestroy]
11-12 05:30:53.308 1481 1602 I am_pss : [16132,1000,com.qti.diagservices,6275072,3805184,0,94035968,0,10,8]
11-12 05:30:53.310 1481 1516 I DreamManagerService: Leaving dreamland.
11-12 05:30:53.311 1481 1567 I DreamManagerService: Performing gentle wake from dream.
11-12 05:30:53.311 1481 1567 I DreamController: Stopping dream: name=ComponentInfo{com.thundercomm.screensaver/com.thundercomm.saverclock.service.ClockScreensaver}, isTest=false, canDoze=false, userId=0, reason='finished self'(from 'finished self')
11-12 05:30:53.311 1481 1567 I sysui_multi_action: [757,222,758,2]
11-12 05:30:53.311 1481 1567 I sysui_multi_action: [757,804,799,dreaming_minutes,801,7,802,1]
11-12 05:30:53.315 1481 1481 I GameModeConfig: Current uri is uri = content://com.thundercomm.gamemode.api/gamemode_settings/gamemode_isgaming
11-12 05:30:53.315 1481 1481 D GameMode: getUriFor setting_content_uri_root = content://com.thundercomm.gamemode.api/gamemode_settings , name = gamemode_isgaming
11-12 05:30:53.316 9573 9589 D GameMode: gamemode_isgaming set to 0
11-12 05:30:53.318 1481 1481 I GameModeConfig: isGameModeOn = true
11-12 05:30:53.318 1481 1481 I GameModeConfig: isGaming = false
11-12 05:30:53.319 1481 1481 I GameModeConfig: isGameModeOn = true
11-12 05:30:53.319 1481 1481 I GameModeConfig: isGaming = false
11-12 05:30:53.319 1481 1481 I GameModeConfig: isDisableVoice = true
11-12 05:30:53.321 9573 9573 D GameMode_GameSettingsObserver: Game Data change!!!! uri = content://com.thundercomm.gamemode.api/gamemode_settings/gamemode_isgaming
11-12 05:30:53.321 9573 9573 D GameMode: getUriFor setting_content_uri_root = content://com.thundercomm.gamemode.api/gamemode_settings , name = gamemode_isgaming
11-12 05:30:53.322 1481 1516 W InputManager-JNI: Input channel object '40c3710 com.thundercomm.screensaver/android.service.dreams.DreamActivity (client)' was disposed without first being removed with the input manager!
11-12 05:30:53.324 9573 9573 D GameMode_GameMode:GameModeService: updateGlobalSettings = gamemode_isgaming
11-12 05:30:53.331 1481 1516 I wm_task_removed: [228,removeChild:removeChild last r=ActivityRecord{54a74a4 u0 com.thundercomm.screensaver/android.service.dreams.DreamActivity t-1 f}} in t=Task{d2aff79 #228 type=dream A=10051:android:com.thundercomm.screensaver/dream U=0 visible=false mode=fullscreen translucent=true sz=0}]
11-12 05:30:53.331 1481 1516 I wm_task_removed: [228,removeChild]
11-12 05:30:53.333 1481 1571 W ActivityTaskManager: Can't find TaskDisplayArea to determine support for multi window. Task id=228 attached=false
11-12 05:30:53.878 643 658 I mpu_uart: [MSG-P:RECV]:No message received in 1000 ms
11-12 05:30:54.105 1206 10079 I OMX-VENC: venc_dev: stats: avg. fps 35.07, bitrate 1211118
11-12 05:30:54.327 0 0 I auditd : type=1400 audit(0.0:16173): avc: denied { kill } for comm="swapper/2" capability=5 scontext=u:r:kernel:s0 tcontext=u:r:kernel:s0 tclass=capability permissive=0
11-12 05:30:54.327 0 0 W swapper/2: type=1400 audit(0.0:16173): avc: denied { kill } for capability=5 scontext=u:r:kernel:s0 tcontext=u:r:kernel:s0 tclass=capability permissive=0
11-12 05:30:54.630 1481 1680 I input_interaction: Interaction with: 18adad5 com.android.launcher3/com.android.launcher3.uioverrides.QuickstepLauncher (server), PointerEventDispatcher0 (server),
11-12 05:30:54.643 2522 2522 W SearchManager: No global search activity found.
11-12 05:30:54.644 2522 2522 D StateManager: goToState: Normal
11-12 05:30:54.878 643 658 I mpu_uart: [MSG-P:RECV]:No message received in 1000 ms
11-12 05:30:55.143 1206 10079 I OMX-VENC: venc_dev: stats: avg. fps 17.35, bitrate 792248
11-12 05:30:55.327 0 0 I auditd : type=1400 audit(0.0:16174): avc: denied { kill } for comm="swapper/2" capability=5 scontext=u:r:kernel:s0 tcontext=u:r:kernel:s0 tclass=capability permissive=0
11-12 05:30:55.327 0 0 W swapper/2: type=1400 audit(0.0:16174): avc: denied { kill } for capability=5 scontext=u:r:kernel:s0 tcontext=u:r:kernel:s0 tclass=capability permissive=0
11-12 05:30:55.705 643 657 I mpu_uart: [MSG-P:R]:recv sync frame timeout
11-12 05:30:55.878 643 658 I mpu_uart: [MSG-P:RECV]:No message received in 1000 ms
11-12 05:30:56.327 0 0 I auditd : type=1400 audit(0.0:16175): avc: denied { kill } for comm="swapper/2" capability=5 scontext=u:r:kernel:s0 tcontext=u:r:kernel:s0 tclass=capability permissive=0
11-12 05:30:56.327 0 0 W swapper/2: type=1400 audit(0.0:16175): avc: denied { kill } for capability=5 scontext=u:r:kernel:s0 tcontext=u:r:kernel:s0 tclass=capability permissive=0
11-12 05:30:56.879 643 658 I mpu_uart: [MSG-P:RECV]:No message received in 1000 ms
11-12 05:30:57.327 0 0 I auditd : type=1400 audit(0.0:16176): avc: denied { kill } for comm="swapper/2" capability=5 scontext=u:r:kernel:s0 tcontext=u:r:kernel:s0 tclass=capability permissive=0
11-12 05:30:57.327 0 0 W swapper/2: type=1400 audit(0.0:16176): avc: denied { kill } for capability=5 scontext=u:r:kernel:s0 tcontext=u:r:kernel:s0 tclass=capability permissive=0
11-12 05:30:57.879 643 658 I mpu_uart: [MSG-P:RECV]:No message received in 1000 ms
11-12 05:30:58.327 0 0 I auditd : type=1400 audit(0.0:16177): avc: denied { kill } for comm="swapper/2" capability=5 scontext=u:r:kernel:s0 tcontext=u:r:kernel:s0 tclass=capability permissive=0
11-12 05:30:58.327 0 0 W swapper/2: type=1400 audit(0.0:16177): avc: denied { kill } for capability=5 scontext=u:r:kernel:s0 tcontext=u:r:kernel:s0 tclass=capability permissive=0
11-12 05:30:58.708 643 657 I mpu_uart: [MSG-P:R]:recv sync frame timeout
11-12 05:30:58.879 643 658 I mpu_uart: [MSG-P:RECV]:No message received in 1000 ms
11-12 05:30:59.327 0 0 I auditd : type=1400 audit(0.0:16178): avc: denied { kill } for comm="swapper/2" capability=5 scontext=u:r:kernel:s0 tcontext=u:r:kernel:s0 tclass=capability permissive=0
11-12 05:30:59.327 0 0 W swapper/2: type=1400 audit(0.0:16178): avc: denied { kill } for capability=5 scontext=u:r:kernel:s0 tcontext=u:r:kernel:s0 tclass=capability permissive=0
11-12 05:30:59.879 643 658 I mpu_uart: [MSG-P:RECV]:No message received in 1000 ms
11-12 05:31:00.002 1971 1971 D KeyguardUpdateMonitor: received broadcast android.intent.action.TIME_TICK
11-12 05:31:00.002 1971 1971 D KeyguardUpdateMonitor: handleTimeUpdate
11-12 05:31:00.061 1206 10079 I OMX-VENC: venc_dev: stats: avg. fps 1.63, bitrate 32531
11-12 05:31:00.327 0 0 I auditd : type=1400 audit(0.0:16179): avc: denied { kill } for comm="swapper/2" capability=5 scontext=u:r:kernel:s0 tcontext=u:r:kernel:s0 tclass=capability permissive=0
11-12 05:31:00.327 0 0 W swapper/2: type=1400 audit(0.0:16179): avc: denied { kill } for capability=5 scontext=u:r:kernel:s0 tcontext=u:r:kernel:s0 tclass=capability permissive=0
11-12 05:31:00.879 643 658 I mpu_uart: [MSG-P:RECV]:No message received in 1000 ms
11-12 05:31:01.067 1206 10079 I OMX-VENC: venc_dev: stats: avg. fps 9.95, bitrate 188970
11-12 05:31:01.327 0 0 I auditd : type=1400 audit(0.0:16180): avc: denied { kill } for comm="swapper/2" capability=5 scontext=u:r:kernel:s0 tcontext=u:r:kernel:s0 tclass=capability permissive=0
11-12 05:31:01.327 0 0 W swapper/2: type=1400 audit(0.0:16180): avc: denied { kill } for capability=5 scontext=u:r:kernel:s0 tcontext=u:r:kernel:s0 tclass=capability permissive=0
11-12 05:31:01.442 1481 1680 I input_interaction: Interaction with: 18adad5 com.android.launcher3/com.android.launcher3.uioverrides.QuickstepLauncher (server), 7fba367 com.android.systemui.ImageWallpaper (server), swipe-up (server), edge-swipe (server), PointerEventDispatcher0 (server),
11-12 05:31:01.563 2522 2522 D EditModeHelper: setHotseatVisibility: 8
11-12 05:31:01.568 2522 2522 D FreeWindowContainer: reloadTask: null
11-12 05:31:01.597 1481 7454 I InputDispatcher: Monitor swipe-up (server) is stealing touch from [18adad5 com.android.launcher3/com.android.launcher3.uioverrides.QuickstepLauncher (server), 7fba367 com.android.systemui.ImageWallpaper (server), ]
11-12 05:31:01.600 2522 2522 I view_enqueue_input_event: [Motion - Cancel,com.android.launcher3/com.android.launcher3.uioverrides.QuickstepLauncher]
11-12 05:31:01.601 1971 1971 V ShadeControllerImpl: NotificationShadeWindow: com.android.systemui.statusbar.phone.NotificationShadeWindowView{f70c3c7 I.E...... ......ID 0,0-2560,1080} canPanelBeCollapsed(): false
11-12 05:31:01.607 1481 1680 I input_interaction: Interaction with: swipe-up (server), edge-swipe (server), PointerEventDispatcher0 (server),
11-12 05:31:01.610 1481 4058 D libEGL : MSAA-->msaa:4 gamemode:0 4x_msaa:0
11-12 05:31:01.611 1481 4058 D libEGL : MSAA-->msaa:4 gamemode:0 4x_msaa:0
11-12 05:31:01.611 1481 4058 D libEGL : MSAA-->msaa:4 gamemode:0 4x_msaa:0
11-12 05:31:01.711 643 657 I mpu_uart: [MSG-P:R]:recv sync frame timeout
11-12 05:31:01.721 893 893 D vendor.qti.vibrator: Vibrator perform effect 0
11-12 05:31:01.722 893 893 D vendor.qti.vibrator: Vibrator on for timeoutMs: 10
11-12 05:31:01.723 893 16162 D vendor.qti.vibrator: Starting on on another thread
11-12 05:31:01.730 893 893 D vendor.qti.vibrator: QTI Vibrator off
11-12 05:31:01.733 893 16162 D vendor.qti.vibrator: Notifying on complete
11-12 05:31:01.751 893 893 D vendor.qti.vibrator: Vibrator on for timeoutMs: 30
11-12 05:31:01.751 893 16163 D vendor.qti.vibrator: Starting on on another thread
11-12 05:31:01.776 1481 1668 I commit_sys_config_file: [settings-1-0,10]
11-12 05:31:01.781 893 16163 D vendor.qti.vibrator: Notifying on complete
11-12 05:31:01.782 893 893 D vendor.qti.vibrator: QTI Vibrator off
11-12 05:31:01.880 643 658 I mpu_uart: [MSG-P:RECV]:No message received in 1000 ms
11-12 05:31:01.926 2522 2522 D EditModeHelper: setHotseatVisibility: 0
11-12 05:31:02.074 1206 10079 I OMX-VENC: venc_dev: stats: avg. fps 23.82, bitrate 1709869
11-12 05:31:02.138 1481 1668 I commit_sys_config_file: [settings-1-0,8]
11-12 05:31:02.249 2522 2522 D StateManager: goToState: Overview
11-12 05:31:02.249 2522 2522 D FreeWindowHelper: enterOrExitRecentTasks: isEnterRecentTasks=true,mExitFlag=0
11-12 05:31:02.251 2522 2522 D FreeWindowContainer: reloadTask: null
11-12 05:31:02.265 2522 2522 D EditModeHelper: setHotseatVisibility: 0
11-12 05:31:02.327 0 0 I auditd : type=1400 audit(0.0:16181): avc: denied { kill } for comm="swapper/2" capability=5 scontext=u:r:kernel:s0 tcontext=u:r:kernel:s0 tclass=capability permissive=0
11-12 05:31:02.327 0 0 W swapper/2: type=1400 audit(0.0:16181): avc: denied { kill } for capability=5 scontext=u:r:kernel:s0 tcontext=u:r:kernel:s0 tclass=capability permissive=0
11-12 05:31:02.858 1481 1680 I input_interaction: Interaction with: 18adad5 com.android.launcher3/com.android.launcher3.uioverrides.QuickstepLauncher (server), 7fba367 com.android.systemui.ImageWallpaper (server), swipe-up (server), edge-swipe (server), PointerEventDispatcher0 (server),
11-12 05:31:02.880 643 658 I mpu_uart: [MSG-P:RECV]:No message received in 1000 ms
11-12 05:31:03.087 1206 10079 I OMX-VENC: venc_dev: stats: avg. fps 59.26, bitrate 1612044
11-12 05:31:03.327 0 0 I auditd : type=1400 audit(0.0:16182): avc: denied { kill } for comm="swapper/2" capability=5 scontext=u:r:kernel:s0 tcontext=u:r:kernel:s0 tclass=capability permissive=0
11-12 05:31:03.327 0 0 W swapper/2: type=1400 audit(0.0:16182): avc: denied { kill } for capability=5 scontext=u:r:kernel:s0 tcontext=u:r:kernel:s0 tclass=capability permissive=0
11-12 05:31:03.452 1481 7454 I wm_finish_activity: [0,266142521,221,com.android.settings/.homepage.SettingsHomepageActivity,recent-task-trimmed]
11-12 05:31:03.454 1481 7454 I wm_destroy_activity: [0,266142521,221,com.android.settings/.homepage.SettingsHomepageActivity,finish-imm:finishIfPossible]
11-12 05:31:03.457 1481 7454 W ActivityTaskManager: Request to remove task ignored for non-existent task 227
11-12 05:31:03.460 1481 1570 I ActivityManager: Killing 15738:com.android.settings/1000 (adj 900): remove task
11-12 05:31:03.461 1481 1570 I am_kill : [0,15738,com.android.settings,900,remove task]
11-12 05:31:03.467 1481 1605 I libprocessgroup: Successfully killed process cgroup uid 1000 pid 15738 in 0ms
11-12 05:31:03.470 1481 1570 I sysui_multi_action: [757,803,799,window_time_0,802,10]
11-12 05:31:03.474 1481 2729 E TaskPersister: File error accessing recents directory (directory doesn't exist?).
11-12 05:31:03.477 1481 2729 E TaskPersister: File error accessing recents directory (directory doesn't exist?).
11-12 05:31:03.529 1481 7454 I am_proc_died: [0,15738,com.android.settings,900,18]
11-12 05:31:03.529 1481 2114 I WindowManager: WIN DEATH: Window{dadea65 u0 com.android.settings/com.android.settings.homepage.SettingsHomepageActivity}
11-12 05:31:03.530 1481 2114 W InputManager-JNI: Input channel object 'dadea65 com.android.settings/com.android.settings.homepage.SettingsHomepageActivity (client)' was disposed without first being removed with the input manager!
11-12 05:31:03.531 664 664 I Zygote : Process 15738 exited due to signal 9 (Killed)
11-12 05:31:03.535 1481 7454 I wm_task_removed: [221,removeChild:removeChild last r=ActivityRecord{fdd0339 u0 com.android.settings/.homepage.SettingsHomepageActivity t-1 f}} in t=Task{a1c1bff #221 type=standard A=1000:com.android.settings.root U=0 visible=false mode=fullscreen translucent=true sz=0}]
11-12 05:31:03.535 1481 7454 I wm_task_removed: [221,removeChild]
11-12 05:31:03.538 1481 1571 W ActivityTaskManager: Can't find TaskDisplayArea to determine support for multi window. Task id=221 attached=false
11-12 05:31:03.538 1481 1571 W ActivityTaskManager: Can't find TaskDisplayArea to determine support for multi window. Task id=221 attached=false
11-12 05:31:03.545 1481 1570 W ActivityManager: setHasOverlayUi called on unknown pid: 15738
11-12 05:31:03.545 1481 1602 W UsageStatsService: Unexpected activity event reported! (com.android.settings/com.android.settings.homepage.SettingsHomepageActivity event : 23 instanceId : 47202048)
11-12 05:31:03.551 1481 1570 D CompatibilityChangeReporter: Compat change id reported: 135634846; UID 1000; state: DISABLED
11-12 05:31:03.551 1481 1570 D CompatibilityChangeReporter: Compat change id reported: 177438394; UID 1000; state: DISABLED
11-12 05:31:03.551 1481 1570 D CompatibilityChangeReporter: Compat change id reported: 135772972; UID 1000; state: DISABLED
11-12 05:31:03.551 1481 1570 D CompatibilityChangeReporter: Compat change id reported: 135754954; UID 1000; state: ENABLED
11-12 05:31:03.556 9573 10440 I GameMode_ActivityMonitoringService: onTaskStackChanged
11-12 05:31:03.560 9573 9589 I GameMode_ActivityMonitoringService: Updating top task to: TaskInfoContainer [topActivity=ComponentInfo{com.android.launcher3/com.android.launcher3.uioverrides.QuickstepLauncher}, taskId=44, stackId=43, userId=0, displayId=0, position=5
11-12 05:31:03.561 9573 9589 I GameMode_ActivityMonitoringService: Notifying about top task: TaskInfoContainer [topActivity=ComponentInfo{com.android.launcher3/com.android.launcher3.uioverrides.QuickstepLauncher}, taskId=44, stackId=43, userId=0, displayId=0, position=5
11-12 05:31:03.561 9573 9589 E GameMode_ActivityMonitoringService: onActivityLaunch:com.android.launcher3
11-12 05:31:03.561 9573 9589 V GameMode_GameMode: judge isGame:com.android.launcher3
11-12 05:31:03.561 9573 9589 V GameMode_GpuUtils: fps:60
11-12 05:31:03.567 9573 9589 D GameMode_GameMode: Show GameMode entry by service!
11-12 05:31:03.567 9573 9589 W ContextImpl: Calling a method in the system process without a qualified user: android.app.ContextImpl.startService:1816 android.content.ContextWrapper.startService:774 com.thundercomm.gamemode.ingame.services.GameModeActionUtils.startGameModeService:93 com.thundercomm.gamemode.ingame.services.GameModeActionUtils.startGameModeEntry:21 com.thundercomm.gamemode.ingame.services.ActivityMonitoringService$1.onActivityLaunch:127
11-12 05:31:03.569 9573 9589 D GameMode: getUriFor setting_content_uri_root = content://com.thundercomm.gamemode.api/gamemode_settings , name = gamemode_isgaming
11-12 05:31:03.571 9573 9573 D GameMode_GameMode: type=hide_entry
11-12 05:31:03.572 1481 1481 I GameModeConfig: Current uri is uri = content://com.thundercomm.gamemode.api/gamemode_settings/gamemode_isgaming
11-12 05:31:03.573 1481 1481 D GameMode: getUriFor setting_content_uri_root = content://com.thundercomm.gamemode.api/gamemode_settings , name = gamemode_isgaming
11-12 05:31:03.573 9573 9589 D GameMode: gamemode_isgaming set to 0
11-12 05:31:03.576 1481 1481 I GameModeConfig: isGameModeOn = true
11-12 05:31:03.576 1481 1481 I GameModeConfig: isGaming = false
11-12 05:31:03.576 1481 1481 I GameModeConfig: isGameModeOn = true
11-12 05:31:03.576 1481 1481 I GameModeConfig: isGaming = false
11-12 05:31:03.576 1481 1481 I GameModeConfig: isDisableVoice = true
11-12 05:31:03.577 9573 9573 D GameMode_GameSettingsObserver: Game Data change!!!! uri = content://com.thundercomm.gamemode.api/gamemode_settings/gamemode_isgaming
11-12 05:31:03.577 9573 9573 D GameMode: getUriFor setting_content_uri_root = content://com.thundercomm.gamemode.api/gamemode_settings , name = gamemode_isgaming
11-12 05:31:03.579 9573 9573 D GameMode_GameMode:GameModeService: updateGlobalSettings = gamemode_isgaming
11-12 05:31:03.580 664 664 D Zygote : Forked child process 16164
11-12 05:31:03.580 1481 1604 I am_proc_start: [0,16164,1000,com.android.settings,NULL,]
11-12 05:31:03.580 1481 1604 I ActivityManager: Start proc 16164:com.android.settings/1000 for null
11-12 05:31:03.609 16164 16164 E ndroid.setting: Not starting debugger since process cannot load the jdwp agent.
11-12 05:31:03.613 16164 16164 D ProcessState: Binder ioctl to enable oneway spam detection failed: Invalid argument
11-12 05:31:03.624 1481 1777 I am_proc_bound: [0,16164,com.android.settings]
11-12 05:31:03.626 1481 1777 D CompatibilityChangeReporter: Compat change id reported: 168419799; UID 1000; state: DISABLED
11-12 05:31:03.626 1481 1777 D CompatibilityInfo: mCompatibilityFlags - 4
11-12 05:31:03.626 1481 1777 D CompatibilityInfo: applicationDensity - 240
11-12 05:31:03.626 1481 1777 D CompatibilityInfo: applicationScale - 1.0
11-12 05:31:03.631 16164 16164 D CompatibilityChangeReporter: Compat change id reported: 171979766; UID 1000; state: ENABLED
11-12 05:31:03.655 16164 16164 I Perf : Connecting to perf service.
11-12 05:31:03.659 16164 16164 V GraphicsEnvironment: ANGLE Developer option for 'com.android.settings' set to: 'default'
11-12 05:31:03.659 16164 16164 V GraphicsEnvironment: ANGLE GameManagerService for com.android.settings: false
11-12 05:31:03.661 16164 16164 D NetworkSecurityConfig: No Network Security Config specified, using platform default
11-12 05:31:03.661 16164 16164 D NetworkSecurityConfig: No Network Security Config specified, using platform default
11-12 05:31:03.665 16164 16164 D SettingsSliceProvider: init
11-12 05:31:03.665 16164 16164 D SettingsSliceProvider: onCreateSliceProvider
11-12 05:31:03.710 2522 2522 D StateManager: goToState: Normal
11-12 05:31:03.712 2522 2522 D EditModeHelper: setHotseatVisibility: 0
11-12 05:31:03.720 2522 2522 D FreeWindowHelper: enterOrExitRecentTasks: isEnterRecentTasks=false,mExitFlag=0
11-12 05:31:03.880 643 658 I mpu_uart: [MSG-P:RECV]:No message received in 1000 ms
11-12 05:31:04.090 1206 10079 I OMX-VENC: venc_dev: stats: avg. fps 41.87, bitrate 1419721
11-12 05:31:04.327 0 0 I auditd : type=1400 audit(0.0:16183): avc: denied { kill } for comm="swapper/2" capability=5 scontext=u:r:kernel:s0 tcontext=u:r:kernel:s0 tclass=capability permissive=0
11-12 05:31:04.327 0 0 W swapper/2: type=1400 audit(0.0:16183): avc: denied { kill } for capability=5 scontext=u:r:kernel:s0 tcontext=u:r:kernel:s0 tclass=capability permissive=0
11-12 05:31:04.361 1481 2114 I ActivityTaskManager: START u0 {act=android.intent.action.MAIN cat=[android.intent.category.LAUNCHER] flg=0x10200000 cmp=com.android.settings/.Settings bnds=[2233,723][2408,906]} from uid 10081
11-12 05:31:04.362 1481 1570 I EventSequenceValidator: inc AccIntentStartedEvents to 2
11-12 05:31:04.366 1481 2114 E ANDR-PERF-JNI: com_qualcomm_qtiperformance_native_perf_io_prefetch_start
11-12 05:31:04.368 1481 2114 I wm_task_created: [229,-1]
11-12 05:31:04.368 1481 2114 W ActivityTaskManager: Can't find TaskDisplayArea to determine support for multi window. Task id=229 attached=false
11-12 05:31:04.376 858 3127 E ANDR-IOP: io prefetch is disabled
11-12 05:31:04.378 1481 2114 D CompatibilityChangeReporter: Compat change id reported: 174042980; UID 1000; state: DISABLED
11-12 05:31:04.379 1481 2114 I wm_task_moved: [229,1,6]
11-12 05:31:04.380 1481 2114 I wm_task_to_front: [0,229]
11-12 05:31:04.380 1481 2114 I wm_create_task: [0,229]
11-12 05:31:04.380 1481 2114 I wm_create_activity: [0,131174045,229,com.android.settings/.Settings,android.intent.action.MAIN,NULL,NULL,270532608]
11-12 05:31:04.380 1481 2114 I wm_task_moved: [229,1,6]
11-12 05:31:04.381 1481 2114 D CompatibilityInfo: mCompatibilityFlags - 4
11-12 05:31:04.381 1481 2114 D CompatibilityInfo: applicationDensity - 240
11-12 05:31:04.381 1481 2114 D CompatibilityInfo: applicationScale - 1.0
11-12 05:31:04.383 1481 2114 D ActivityTrigger: ActivityTrigger activityPauseTrigger
11-12 05:31:04.384 1481 2114 I wm_pause_activity: [0,35371080,com.android.launcher3/.uioverrides.QuickstepLauncher,userLeaving=true,pauseBackTasks]
11-12 05:31:04.391 2522 2522 I wm_on_top_resumed_lost_called: [35371080,com.android.launcher3.uioverrides.QuickstepLauncher,topStateChangedWhenResumed]
11-12 05:31:04.395 2522 2522 I wm_on_paused_called: [35371080,com.android.launcher3.uioverrides.QuickstepLauncher,performPause]
11-12 05:31:04.396 1481 1777 I ActivityTaskManager: FOREGROUND_APPLICATION_CHANGED to com.android.settings.homepage.SettingsHomepageActivity
11-12 05:31:04.397 1481 1777 I ActivityTaskManager: The Process com.android.settings Already Exists in BG. So sending its PID: 16164
11-12 05:31:04.398 1481 1777 I wm_add_to_stopping: [0,35371080,com.android.launcher3/.uioverrides.QuickstepLauncher,makeInvisible]
11-12 05:31:04.399 1481 1777 D CompatibilityChangeReporter: Compat change id reported: 181136395; UID 1000; state: DISABLED
11-12 05:31:04.400 1481 1777 D CompatibilityChangeReporter: Compat change id reported: 174042936; UID 1000; state: DISABLED
11-12 05:31:04.400 1481 1777 I wm_restart_activity: [0,131174045,229,com.android.settings/.Settings]
11-12 05:31:04.400 1481 1777 D CompatibilityInfo: mCompatibilityFlags - 4
11-12 05:31:04.400 1481 1777 D CompatibilityInfo: applicationDensity - 240
11-12 05:31:04.400 1481 1777 D CompatibilityInfo: applicationScale - 1.0
11-12 05:31:04.405 1481 1777 I wm_set_resumed_activity: [0,com.android.settings/.Settings,minimalResumeActivityLocked]
11-12 05:31:04.417 1481 1570 I sysui_multi_action: [757,803,799,window_time_0,802,1]
11-12 05:31:04.417 9573 9585 I GameMode_ActivityMonitoringService: onForegroundActivitiesChanged uid 1000 pid 16164 fg true
11-12 05:31:04.421 9573 9589 I GameMode_ActivityMonitoringService: Updating top task to: TaskInfoContainer [topActivity=ComponentInfo{com.android.settings/com.android.settings.Settings}, taskId=229, stackId=229, userId=0, displayId=0, position=6
11-12 05:31:04.421 9573 9589 I GameMode_ActivityMonitoringService: Notifying about top task: TaskInfoContainer [topActivity=ComponentInfo{com.android.settings/com.android.settings.Settings}, taskId=229, stackId=229, userId=0, displayId=0, position=6
11-12 05:31:04.421 9573 9589 E GameMode_ActivityMonitoringService: onActivityLaunch:com.android.settings
11-12 05:31:04.421 9573 9589 V GameMode_GameMode: judge isGame:com.android.settings
11-12 05:31:04.421 9573 9589 V GameMode_GpuUtils: fps:60
11-12 05:31:04.422 1481 1680 I input_focus: [Focus leaving 18adad5 com.android.launcher3/com.android.launcher3.uioverrides.QuickstepLauncher (server),reason=NO_WINDOW]
11-12 05:31:04.422 2522 2522 I view_enqueue_input_event: [Key - Cancel,com.android.launcher3/com.android.launcher3.uioverrides.QuickstepLauncher]
11-12 05:31:04.423 16164 16164 I SettingsHomepageActivity: SettingsHomepageActivity: onCreate
11-12 05:31:04.423 2522 2522 W ViewRootImpl[QuickstepLauncher]: Cancelling event (no window focus):KeyEvent { action=ACTION_UP, keyCode=KEYCODE_G, scanCode=0, metaState=0, flags=0x20, repeatCount=0, eventTime=15263906, downTime=15254111, deviceId=-1, source=0x101, displayId=-1 }
11-12 05:31:04.423 2522 2522 W ViewRootImpl[QuickstepLauncher]: Cancelling event (no window focus):KeyEvent { action=ACTION_UP, keyCode=KEYCODE_G, scanCode=0, metaState=0, flags=0x20, repeatCount=0, eventTime=15263906, downTime=15254111, deviceId=-1, source=0x101, displayId=-1 }
11-12 05:31:04.423 2522 2522 W ViewRootImpl[QuickstepLauncher]: Cancelling event (no window focus):KeyEvent { action=ACTION_UP, keyCode=KEYCODE_G, scanCode=0, metaState=0, flags=0x20, repeatCount=0, eventTime=15263906, downTime=15254111, deviceId=-1, source=0x101, displayId=-1 }
11-12 05:31:04.423 2522 2522 W ViewRootImpl[QuickstepLauncher]: Cancelling event (no window focus):KeyEvent { action=ACTION_UP, keyCode=KEYCODE_G, scanCode=0, metaState=0, flags=0x20, repeatCount=0, eventTime=15263906, downTime=15254111, deviceId=-1, source=0x101, displayId=-1 }
11-12 05:31:04.423 2522 2522 W ViewRootImpl[QuickstepLauncher]: Cancelling event (no window focus):KeyEvent { action=ACTION_UP, keyCode=KEYCODE_G, scanCode=0, metaState=0, flags=0x20, repeatCount=0, eventTime=15263906, downTime=15254111, deviceId=-1, source=0x101, displayId=-1 }
11-12 05:31:04.423 2522 2522 W ViewRootImpl[QuickstepLauncher]: Cancelling event (no window focus):KeyEvent { action=ACTION_UP, keyCode=KEYCODE_G, scanCode=0, metaState=0, flags=0x20, repeatCount=0, eventTime=15263906, downTime=15254111, deviceId=-1, source=0x101, displayId=-1 }
11-12 05:31:04.430 9573 9589 D GameMode_GameMode: Show GameMode entry by service!
11-12 05:31:04.430 9573 9589 W ContextImpl: Calling a method in the system process without a qualified user: android.app.ContextImpl.startService:1816 android.content.ContextWrapper.startService:774 com.thundercomm.gamemode.ingame.services.GameModeActionUtils.startGameModeService:93 com.thundercomm.gamemode.ingame.services.GameModeActionUtils.startGameModeEntry:21 com.thundercomm.gamemode.ingame.services.ActivityMonitoringService$1.onActivityLaunch:127
11-12 05:31:04.432 9573 9589 D GameMode: getUriFor setting_content_uri_root = content://com.thundercomm.gamemode.api/gamemode_settings , name = gamemode_isgaming
11-12 05:31:04.433 9573 9573 D GameMode_GameMode: type=hide_entry
11-12 05:31:04.433 16164 16164 E ThemeUtils: View class androidx.appcompat.widget.AppCompatImageView is an AppCompat widget that can only be used with a Theme.AppCompat theme (or descendant).
11-12 05:31:04.434 9573 9589 D GameMode: gamemode_isgaming set to 0
11-12 05:31:04.435 1481 1481 I GameModeConfig: Current uri is uri = content://com.thundercomm.gamemode.api/gamemode_settings/gamemode_isgaming
11-12 05:31:04.435 1481 1481 D GameMode: getUriFor setting_content_uri_root = content://com.thundercomm.gamemode.api/gamemode_settings , name = gamemode_isgaming
11-12 05:31:04.438 1481 1481 I GameModeConfig: isGameModeOn = true
11-12 05:31:04.438 1481 1481 I GameModeConfig: isGaming = false
11-12 05:31:04.439 1481 1481 I GameModeConfig: isGameModeOn = true
11-12 05:31:04.439 1481 1481 I GameModeConfig: isGaming = false
11-12 05:31:04.439 1481 1481 I GameModeConfig: isDisableVoice = true
11-12 05:31:04.441 16164 16164 D CompatibilityChangeReporter: Compat change id reported: 171228096; UID 1000; state: ENABLED
11-12 05:31:04.448 1481 1980 I am_uid_active: 10089
11-12 05:31:04.449 16164 16164 D AvatarViewMixin: Feature disabled by config. Skipping
11-12 05:31:04.449 10569 10582 D QCCAuthMgr: SMQContentProvider query uri: content://com.qti.smq.Feedback.provider/smq_settings, selection: key=?, uri_matcher: 1
11-12 05:31:04.449 10569 10582 D QCCAuthMgr: SMQContentProvider query tableName: smq_settings
11-12 05:31:04.452 16164 16164 I wm_on_create_called: [131174045,com.android.settings.Settings,performCreate]
11-12 05:31:04.453 9573 9573 D GameMode_GameSettingsObserver: Game Data change!!!! uri = content://com.thundercomm.gamemode.api/gamemode_settings/gamemode_isgaming
11-12 05:31:04.454 16164 16164 D PrefCtrlListHelper: Could not find Context-only controller for pref: com.android.settings.network.TopLevelNetworkEntryPreferenceController
11-12 05:31:04.454 9573 9573 D GameMode: getUriFor setting_content_uri_root = content://com.thundercomm.gamemode.api/gamemode_settings , name = gamemode_isgaming
11-12 05:31:04.455 16164 16164 D PrefCtrlListHelper: Could not find Context-only controller for pref: com.android.settings.connecteddevice.TopLevelConnectedDevicesPreferenceController
11-12 05:31:04.455 16164 16164 D PrefCtrlListHelper: Could not find Context-only controller for pref: com.android.settings.fuelgauge.TopLevelBatteryPreferenceController
11-12 05:31:04.455 16164 16164 D PrefCtrlListHelper: Could not find Context-only controller for pref: com.android.settings.deviceinfo.TopLevelStoragePreferenceController
11-12 05:31:04.455 16164 16164 D PrefCtrlListHelper: Could not find Context-only controller for pref: com.android.settings.display.TopLevelDisplayPreferenceController
11-12 05:31:04.455 16164 16164 D PrefCtrlListHelper: Could not find Context-only controller for pref: com.android.settings.display.TopLevelWallpaperPreferenceController
11-12 05:31:04.455 16164 16164 D PrefCtrlListHelper: Could not find Context-only controller for pref: com.android.settings.accessibility.TopLevelAccessibilityPreferenceController
11-12 05:31:04.455 16164 16164 D PrefCtrlListHelper: Could not find Context-only controller for pref: com.android.settings.security.TopLevelSecurityEntryPreferenceController
11-12 05:31:04.456 16164 16164 D PrefCtrlListHelper: Could not find Context-only controller for pref: com.android.settings.location.TopLevelLocationPreferenceController
11-12 05:31:04.457 16164 16164 D PrefCtrlListHelper: Could not find Context-only controller for pref: com.android.settings.accounts.TopLevelAccountEntryPreferenceController
11-12 05:31:04.457 16164 16164 D PrefCtrlListHelper: Could not find Context-only controller for pref: com.android.settings.deviceinfo.aboutphone.TopLevelAboutDevicePreferenceController
11-12 05:31:04.457 16164 16164 D PrefCtrlListHelper: Could not find Context-only controller for pref: com.android.settings.support.SupportPreferenceController
11-12 05:31:04.459 1481 2114 E UserRestrictionsUtils: Unknown restriction queried by uid 1000 (com.thundercomm.tchttpserver et al): null
11-12 05:31:04.459 1481 2114 E UserRestrictionsUtils: Unknown restriction queried by uid 1000 (com.thundercomm.tchttpserver et al): null
11-12 05:31:04.460 1481 2114 E UserRestrictionsUtils: Unknown restriction queried by uid 1000 (com.thundercomm.tchttpserver et al): null
11-12 05:31:04.460 1481 2114 E UserRestrictionsUtils: Unknown restriction queried by uid 1000 (com.thundercomm.tchttpserver et al): null
11-12 05:31:04.460 9573 9573 D GameMode_GameMode:GameModeService: updateGlobalSettings = gamemode_isgaming
11-12 05:31:04.460 1481 2114 E UserRestrictionsUtils: Unknown restriction queried by uid 1000 (com.thundercomm.tchttpserver et al): null
11-12 05:31:04.460 1481 2114 E UserRestrictionsUtils: Unknown restriction queried by uid 1000 (com.thundercomm.tchttpserver et al): null
11-12 05:31:04.460 1481 2114 E UserRestrictionsUtils: Unknown restriction queried by uid 1000 (com.thundercomm.tchttpserver et al): null
11-12 05:31:04.460 1481 2114 E UserRestrictionsUtils: Unknown restriction queried by uid 1000 (com.thundercomm.tchttpserver et al): null
11-12 05:31:04.461 1481 2114 E UserRestrictionsUtils: Unknown restriction queried by uid 1000 (com.thundercomm.tchttpserver et al): null
11-12 05:31:04.461 1481 2114 E UserRestrictionsUtils: Unknown restriction queried by uid 1000 (com.thundercomm.tchttpserver et al): null
11-12 05:31:04.461 1481 2114 E UserRestrictionsUtils: Unknown restriction queried by uid 1000 (com.thundercomm.tchttpserver et al): null
11-12 05:31:04.461 1481 2114 E UserRestrictionsUtils: Unknown restriction queried by uid 1000 (com.thundercomm.tchttpserver et al): null
11-12 05:31:04.461 1481 2114 E UserRestrictionsUtils: Unknown restriction queried by uid 1000 (com.thundercomm.tchttpserver et al): null
11-12 05:31:04.461 1481 2114 E UserRestrictionsUtils: Unknown restriction queried by uid 1000 (com.thundercomm.tchttpserver et al): null
11-12 05:31:04.461 1481 2114 E UserRestrictionsUtils: Unknown restriction queried by uid 1000 (com.thundercomm.tchttpserver et al): null
11-12 05:31:04.462 1481 2114 E UserRestrictionsUtils: Unknown restriction queried by uid 1000 (com.thundercomm.tchttpserver et al): null
11-12 05:31:04.462 1481 2114 E UserRestrictionsUtils: Unknown restriction queried by uid 1000 (com.thundercomm.tchttpserver et al): null
11-12 05:31:04.462 1481 2114 E UserRestrictionsUtils: Unknown restriction queried by uid 1000 (com.thundercomm.tchttpserver et al): null
11-12 05:31:04.462 16164 16164 W InstrumentedPrefFrag: Screen title missing for fragment com.android.settings.homepage.TopLevelSettings
11-12 05:31:04.466 16164 16164 D TopLevelSettings: NO dashboard tiles for TopLevelSettings
11-12 05:31:04.466 16164 16164 D TopLevelSettings: All preferences added, reporting fully drawn
11-12 05:31:04.479 16164 16164 W BatteryBroadcastRcvr: Problem reading the battery meter.
11-12 05:31:04.480 16164 16164 I wm_on_start_called: [131174045,com.android.settings.Settings,handleStartActivity]
11-12 05:31:04.481 16164 16164 I snet_event_log: [120484087,-1,]
11-12 05:31:04.481 16164 16164 I TopLevelSettings: TopLevelSettings: TopLevelSettings::com.android.settings.network.NetworkDashboardFragment
11-12 05:31:04.481 16164 16164 I wm_on_resume_called: [131174045,com.android.settings.Settings,RESUME_ACTIVITY]
11-12 05:31:04.482 1481 1610 W BatteryExternalStatsWorker: error reading modem stats:ERROR_PHONE_NOT_AVAILABLE
11-12 05:31:04.482 16164 16164 I sysui_multi_action: [757,35,758,1,833,0,1089,29]
11-12 05:31:04.483 801 801 D vendor.qti.bluetooth@1.0-ibs_handler: SerialClockVote: vote for UART CLK ON
11-12 05:31:04.483 801 801 D vendor.qti.bluetooth@1.0-wake_lock: Acquire wakelock is acquired
11-12 05:31:04.483 801 801 I vendor.qti.bluetooth@1.0-ibs_handler: DeviceWakeUp: Writing IBS_WAKE_IND
11-12 05:31:04.485 16164 16190 D UsageGraph: No enabled state changed, skipping updateCategory call
11-12 05:31:04.485 16164 16164 W UnsafeUtil: platform method missing - proto runtime falling back to safer methods: java.lang.NoSuchMethodException: sun.misc.Unsafe.copyMemory [class java.lang.Object, long, class java.lang.Object, long, long]
11-12 05:31:04.488 16164 16164 I sysui_multi_action: [757,1729,758,4,854,isParalleledControllers:false,1089,35]
11-12 05:31:04.490 801 12802 I vendor.qti.bluetooth@1.0-ibs_handler: ProcessIbsCmd: Received IBS_WAKE_ACK: 0xFC
11-12 05:31:04.490 801 12802 I vendor.qti.bluetooth@1.0-ibs_handler: ProcessIbsCmd: Signal wack_cond_
11-12 05:31:04.490 801 801 D vendor.qti.bluetooth@1.0-ibs_handler: DeviceWakeUp: Unblocked from waiting for FC, pthread_cond_timedwait ret = 0
11-12 05:31:04.492 801 12802 I vendor.qti.bluetooth@1.0-ibs_handler: ProcessIbsCmd: Received IBS_WAKE_IND: 0xFD
11-12 05:31:04.492 801 12802 I vendor.qti.bluetooth@1.0-ibs_handler: ProcessIbsCmd: Writing IBS_WAKE_ACK
11-12 05:31:04.495 16164 16164 I wm_on_top_resumed_gained_called: [131174045,com.android.settings.Settings,topStateChangedWhenResumed]
11-12 05:31:04.495 16164 16164 W BatteryBroadcastRcvr: Problem reading the battery meter.
11-12 05:31:04.509 9573 10440 I GameMode_ActivityMonitoringService: onTaskStackChanged
11-12 05:31:04.510 1481 1610 E KernelCpuSpeedReader: Failed to read cpu-freq: /sys/devices/system/cpu/cpu4/cpufreq/stats/time_in_state: open failed: ENOENT (No such file or directory)
11-12 05:31:04.507 567 567 I auditd : type=1400 audit(0.0:16184): avc: denied { read } for comm="Binder:567_2" name="wakeup58" dev="sysfs" ino=71811 scontext=u:r:system_suspend:s0 tcontext=u:object_r:sysfs:s0 tclass=dir permissive=0
11-12 05:31:04.510 1481 1610 E KernelCpuSpeedReader: Failed to read cpu-freq: /sys/devices/system/cpu/cpu0/cpufreq/stats/time_in_state: open failed: ENOENT (No such file or directory)
11-12 05:31:04.511 567 576 E android.system.suspend@1.0-service: Error opening kernel wakelock stats for: wakeup58: Permission denied
11-12 05:31:04.512 567 576 E android.system.suspend@1.0-service: Error opening kernel wakelock stats for: wakeup48: Permission denied
11-12 05:31:04.512 567 576 E android.system.suspend@1.0-service: Error opening kernel wakelock stats for: wakeup4: Permission denied
11-12 05:31:04.512 567 576 E android.system.suspend@1.0-service: Error opening kernel wakelock stats for: wakeup76: Permission denied
11-12 05:31:04.513 567 576 E android.system.suspend@1.0-service: Error opening kernel wakelock stats for: wakeup28: Permission denied
11-12 05:31:04.513 567 576 E android.system.suspend@1.0-service: Error opening kernel wakelock stats for: wakeup56: Permission denied
11-12 05:31:04.507 567 567 W Binder:567_2: type=1400 audit(0.0:16184): avc: denied { read } for name="wakeup58" dev="sysfs" ino=71811 scontext=u:r:system_suspend:s0 tcontext=u:object_r:sysfs:s0 tclass=dir permissive=0
11-12 05:31:04.511 567 567 I auditd : type=1400 audit(0.0:16185): avc: denied { read } for comm="Binder:567_2" name="wakeup48" dev="sysfs" ino=67156 scontext=u:r:system_suspend:s0 tcontext=u:object_r:sysfs:s0 tclass=dir permissive=0
11-12 05:31:04.511 567 567 W Binder:567_2: type=1400 audit(0.0:16185): avc: denied { read } for name="wakeup48" dev="sysfs" ino=67156 scontext=u:r:system_suspend:s0 tcontext=u:object_r:sysfs:s0 tclass=dir permissive=0
11-12 05:31:04.511 567 567 I auditd : type=1400 audit(0.0:16186): avc: denied { read } for comm="Binder:567_2" name="wakeup4" dev="sysfs" ino=47028 scontext=u:r:system_suspend:s0 tcontext=u:object_r:sysfs:s0 tclass=dir permissive=0
11-12 05:31:04.511 567 567 W Binder:567_2: type=1400 audit(0.0:16186): avc: denied { read } for name="wakeup4" dev="sysfs" ino=47028 scontext=u:r:system_suspend:s0 tcontext=u:object_r:sysfs:s0 tclass=dir permissive=0
11-12 05:31:04.514 567 576 E android.system.suspend@1.0-service: Error opening kernel wakelock stats for: wakeup2: Permission denied
11-12 05:31:04.514 567 576 E android.system.suspend@1.0-service: Error opening kernel wakelock stats for: wakeup36: Permission denied
11-12 05:31:04.514 567 576 E android.system.suspend@1.0-service: Error opening kernel wakelock stats for: wakeup54: Permission denied
11-12 05:31:04.515 9573 9589 I GameMode_ActivityMonitoringService: Updating top task to: TaskInfoContainer [topActivity=ComponentInfo{com.android.settings/com.android.settings.Settings}, taskId=229, stackId=229, userId=0, displayId=0, position=6
11-12 05:31:04.515 567 576 E android.system.suspend@1.0-service: Error opening kernel wakelock stats for: wakeup44: Permission denied
11-12 05:31:04.515 567 576 E android.system.suspend@1.0-service: Error opening kernel wakelock stats for: wakeup0: Permission denied
11-12 05:31:04.515 9573 9589 I GameMode_ActivityMonitoringService: Notifying about top task: TaskInfoContainer [topActivity=ComponentInfo{com.android.settings/com.android.settings.Settings}, taskId=229, stackId=229, userId=0, displayId=0, position=6
11-12 05:31:04.515 9573 9589 E GameMode_ActivityMonitoringService: onActivityLaunch:com.android.settings
11-12 05:31:04.515 9573 9589 V GameMode_GameMode: judge isGame:com.android.settings
11-12 05:31:04.515 9573 9589 V GameMode_GpuUtils: fps:60
11-12 05:31:04.516 567 576 E android.system.suspend@1.0-service: Error opening kernel wakelock stats for: wakeup62: Permission denied
11-12 05:31:04.516 567 576 E android.system.suspend@1.0-service: Error opening kernel wakelock stats for: wakeup52: Permission denied
11-12 05:31:04.516 567 576 E android.system.suspend@1.0-service: Error opening kernel wakelock stats for: wakeup9: Permission denied
11-12 05:31:04.517 567 576 E android.system.suspend@1.0-service: Error opening kernel wakelock stats for: wakeup32: Permission denied
11-12 05:31:04.517 567 576 E android.system.suspend@1.0-service: Error opening kernel wakelock stats for: wakeup60: Permission denied
11-12 05:31:04.517 567 576 E android.system.suspend@1.0-service: Error opening kernel wakelock stats for: wakeup50: Permission denied
11-12 05:31:04.517 567 576 E android.system.suspend@1.0-service: Error opening kernel wakelock stats for: wakeup7: Permission denied
11-12 05:31:04.518 567 576 E android.system.suspend@1.0-service: Error opening kernel wakelock stats for: wakeup40: Permission denied
11-12 05:31:04.511 567 567 I auditd : type=1400 audit(0.0:16187): avc: denied { read } for comm="Binder:567_2" name="wakeup76" dev="sysfs" ino=76813 scontext=u:r:system_suspend:s0 tcontext=u:object_r:sysfs:s0 tclass=dir permissive=0
11-12 05:31:04.511 567 567 W Binder:567_2: type=1400 audit(0.0:16187): avc: denied { read } for name="wakeup76" dev="sysfs" ino=76813 scontext=u:r:system_suspend:s0 tcontext=u:object_r:sysfs:s0 tclass=dir permissive=0
11-12 05:31:04.511 567 567 I auditd : type=1400 audit(0.0:16188): avc: denied { read } for comm="Binder:567_2" name="wakeup28" dev="sysfs" ino=53093 scontext=u:r:system_suspend:s0 tcontext=u:object_r:sysfs:s0 tclass=dir permissive=0
11-12 05:31:04.511 567 567 W Binder:567_2: type=1400 audit(0.0:16188): avc: denied { read } for name="wakeup28" dev="sysfs" ino=53093 scontext=u:r:system_suspend:s0 tcontext=u:object_r:sysfs:s0 tclass=dir permissive=0
11-12 05:31:04.511 567 567 I auditd : type=1400 audit(0.0:16189): avc: denied { read } for comm="Binder:567_2" name="wakeup56" dev="sysfs" ino=71739 scontext=u:r:system_suspend:s0 tcontext=u:object_r:sysfs:s0 tclass=dir permissive=0
11-12 05:31:04.511 567 567 W Binder:567_2: type=1400 audit(0.0:16189): avc: denied { read } for name="wakeup56" dev="sysfs" ino=71739 scontext=u:r:system_suspend:s0 tcontext=u:object_r:sysfs:s0 tclass=dir permissive=0
11-12 05:31:04.520 9573 9589 D GameMode_GameMode: Show GameMode entry by service!
11-12 05:31:04.521 9573 9589 W ContextImpl: Calling a method in the system process without a qualified user: android.app.ContextImpl.startService:1816 android.content.ContextWrapper.startService:774 com.thundercomm.gamemode.ingame.services.GameModeActionUtils.startGameModeService:93 com.thundercomm.gamemode.ingame.services.GameModeActionUtils.startGameModeEntry:21 com.thundercomm.gamemode.ingame.services.ActivityMonitoringService$1.onActivityLaunch:127
