11-12 05:31:16.509 793 3272 D audio_hw_primary: select_devices: done
11-12 05:31:16.510 12753 12816 D Avrcp_ext: AudioManager Player: AudioPlaybackConfiguration piid:71 deviceId:0 type:android.media.SoundPool u/pid:10082/1971 state:idle attr:AudioAttributes: usage=USAGE_ASSISTANCE_SONIFICATION content=CONTENT_TYPE_SONIFICATION flags=0x800 tags= bundle=null sessionId:0
11-12 05:31:16.510 12753 12816 D Avrcp_ext: AudioManager Player: AudioPlaybackConfiguration piid:63 deviceId:0 type:android.media.SoundPool u/pid:1000/1481 state:idle attr:AudioAttributes: usage=USAGE_ASSISTANCE_SONIFICATION content=CONTENT_TYPE_SONIFICATION flags=0x800 tags= bundle=null sessionId:0
11-12 05:31:16.510 12753 12816 D Avrcp_ext: AudioManager Player: AudioPlaybackConfiguration piid:767 deviceId:0 type:android.media.SoundPool u/pid:1000/9573 state:idle attr:AudioAttributes: usage=USAGE_ASSISTANCE_SONIFICATION content=CONTENT_TYPE_SONIFICATION flags=0x801 tags= bundle=null sessionId:0
11-12 05:31:16.510 12753 12816 D Avrcp_ext: AudioManager Player: AudioPlaybackConfiguration piid:1823 deviceId:3 type:android.media.MediaPlayer u/pid:10082/1971 state:started attr:AudioAttributes: usage=USAGE_NOTIFICATION content=CONTENT_TYPE_SONIFICATION flags=0x800 tags= bundle=null sessionId:0
11-12 05:31:16.511 12753 12816 D Avrcp_ext: AudioManager Player in started state: com.android.systemui
11-12 05:31:16.511 12753 12816 D Avrcp_ext: AudioManager Active Player: com.android.systemui
11-12 05:31:16.511 12753 12816 D Avrcp_ext: AudioManager isPlaying: true, mAudioPlaybackIsActive = true
11-12 05:31:16.535 793 3272 D msm8974_platform: platform_set_channel_map mixer_ctl_name:Playback Channel Map9
11-12 05:31:16.535 793 3272 D msm8974_platform: platform_set_channel_map: set mapping(1 2 0 0 0 0 0 0) for channel:2
11-12 05:31:16.536 793 3272 E audio_hw_extn: audio_extn_perf_lock_release: Perf lock release error
11-12 05:31:16.536 793 3272 D audio_hw_primary: start_output_stream: exit
11-12 05:31:16.536 793 3272 D audio_hw_primary: out_write: retry previous failed cal level set
11-12 05:31:16.536 793 3272 D msm8974_platform: platform_split_snd_device: snd_device(2) num devices(1) new_snd_devices(0)
11-12 05:31:16.536 793 3272 D ACDB-LOADER: ACDB -> send_audvoltable
11-12 05:31:16.536 793 3272 D ACDB-LOADER: ACDB -> ACDB_CMD_GET_AUDPROC_INSTANCE_GAIN_DEP_STEP_TABLE_SIZE
11-12 05:31:16.536 793 3272 D ACDB-LOADER: ACDB -> ACDB_CMD_GET_AUDPROC_INSTANCE_GAIN_DEP_STEP_TABLE, vol index 5
11-12 05:31:16.536 793 3272 D ACDB-LOADER: ACDB -> AUDIO_SET_VOL_CAL cal type = 40
11-12 05:31:16.547 1194 16290 D AudioTrack: getTimestamp_l(224): device stall time corrected using current time 15276031749014
11-12 05:31:16.547 793 793 D audio_hw_primary: out_set_parameters: enter: usecase(1: low-latency-playback) kvpairs: suspend_playback=true
11-12 05:31:16.547 793 793 D audio_hw_extn: audio_extn_fm_set_parameters: Enter
11-12 05:31:16.556 793 793 D audio_hw_primary: out_set_parameters: enter: usecase(1: low-latency-playback) kvpairs: suspend_playback=false
11-12 05:31:16.556 793 793 D audio_hw_extn: audio_extn_fm_set_parameters: Enter
11-12 05:31:16.556 793 1667 D msm8974_platform: platform_split_snd_device: snd_device(2) num devices(1) new_snd_devices(0)
11-12 05:31:16.556 793 1667 D ACDB-LOADER: ACDB -> send_audvoltable
11-12 05:31:16.556 793 1667 D ACDB-LOADER: ACDB -> ACDB_CMD_GET_AUDPROC_INSTANCE_GAIN_DEP_STEP_TABLE_SIZE
11-12 05:31:16.556 793 1667 D ACDB-LOADER: ACDB -> ACDB_CMD_GET_AUDPROC_INSTANCE_GAIN_DEP_STEP_TABLE, vol index 4
11-12 05:31:16.556 793 1667 D ACDB-LOADER: ACDB -> AUDIO_SET_VOL_CAL cal type = 40
11-12 05:31:16.724 643 657 I mpu_uart: [MSG-P:R]:recv sync frame timeout
11-12 05:31:16.890 643 658 I mpu_uart: [MSG-P:RECV]:No message received in 1000 ms
11-12 05:31:17.311 1206 10079 I OMX-VENC: venc_dev: stats: avg. fps 49.91, bitrate 1238552
11-12 05:31:17.327 0 0 I auditd : type=1400 audit(0.0:16287): avc: denied { kill } for comm="swapper/1" capability=5 scontext=u:r:kernel:s0 tcontext=u:r:kernel:s0 tclass=capability permissive=0
11-12 05:31:17.327 0 0 W swapper/1: type=1400 audit(0.0:16287): avc: denied { kill } for capability=5 scontext=u:r:kernel:s0 tcontext=u:r:kernel:s0 tclass=capability permissive=0
11-12 05:31:17.371 1481 1680 I input_interaction: Interaction with: 8e9fb15 NotificationShade (server), swipe-up (server), edge-swipe (server), PointerEventDispatcher0 (server),
11-12 05:31:17.450 1481 2729 E TaskPersister: File error accessing recents directory (directory doesn't exist?).
11-12 05:31:17.465 1971 9799 D ActivityLaunchAnimator: Starting intent with a launch animation
11-12 05:31:17.470 1481 2130 I ActivityTaskManager: START u0 {act=android.settings.NOTIFICATION_SETTINGS flg=0x1000c000 cmp=com.android.settings/.Settings$ConfigureNotificationSettingsActivity} from uid 10082
11-12 05:31:17.471 1481 1570 I EventSequenceValidator: inc AccIntentStartedEvents to 2
11-12 05:31:17.479 1481 2130 E ANDR-PERF-JNI: com_qualcomm_qtiperformance_native_perf_io_prefetch_start
11-12 05:31:17.484 1481 2130 I wm_task_created: [231,-1]
11-12 05:31:17.484 1481 2130 W ActivityTaskManager: Can't find TaskDisplayArea to determine support for multi window. Task id=231 attached=false
11-12 05:31:17.484 858 3127 E ANDR-IOP: io prefetch is disabled
11-12 05:31:17.490 1481 2130 I wm_task_moved: [43,1,6]
11-12 05:31:17.490 1481 2130 I wm_set_resumed_activity: [0,com.android.launcher3/.uioverrides.QuickstepLauncher,positionChildAt]
11-12 05:31:17.491 1481 2130 I wm_focused_root_task: [0,0,43,231,reuseOrNewTask returnToHome]
11-12 05:31:17.491 1481 2130 I wm_task_moved: [231,1,6]
11-12 05:31:17.491 1481 2130 I wm_task_to_front: [0,231]
11-12 05:31:17.497 1481 2130 I wm_focused_root_task: [0,0,231,43,reuseOrNewTask]
11-12 05:31:17.497 1481 2130 I wm_create_task: [0,231]
11-12 05:31:17.497 1481 2130 I wm_create_activity: [0,177493080,231,com.android.settings/.Settings$ConfigureNotificationSettingsActivity,android.settings.NOTIFICATION_SETTINGS,NULL,NULL,268484608]
11-12 05:31:17.497 1481 2130 I wm_task_moved: [43,1,6]
11-12 05:31:17.497 1481 2130 I wm_set_resumed_activity: [0,com.android.launcher3/.uioverrides.QuickstepLauncher,positionChildAt]
11-12 05:31:17.497 1481 2130 I wm_focused_root_task: [0,0,43,231,positionChildAtTop returnToHome]
11-12 05:31:17.497 1481 2130 I wm_task_moved: [231,1,6]
11-12 05:31:17.497 2522 2522 I wm_on_top_resumed_lost_called: [35371080,com.android.launcher3.uioverrides.QuickstepLauncher,topStateChangedWhenResumed]
11-12 05:31:17.497 1481 2130 I wm_focused_root_task: [0,0,231,43,positionChildAtTop]
11-12 05:31:17.498 1481 2130 D CompatibilityInfo: mCompatibilityFlags - 4
11-12 05:31:17.498 1481 2130 D CompatibilityInfo: applicationDensity - 240
11-12 05:31:17.498 1481 2130 D CompatibilityInfo: applicationScale - 1.0
11-12 05:31:17.499 1481 2130 D ActivityTrigger: ActivityTrigger activityPauseTrigger
11-12 05:31:17.500 1481 2130 I wm_pause_activity: [0,35371080,com.android.launcher3/.uioverrides.QuickstepLauncher,userLeaving=true,pauseBackTasks]
11-12 05:31:17.503 1971 9799 D ActivityLaunchAnimator: launchResult=0 willAnimate=true isOnKeyguard=false
11-12 05:31:17.505 2522 2522 I wm_on_paused_called: [35371080,com.android.launcher3.uioverrides.QuickstepLauncher,performPause]
11-12 05:31:17.506 1481 6898 I ActivityTaskManager: FOREGROUND_APPLICATION_CHANGED to com.android.settings.Settings$ConfigureNotificationSettingsActivity
11-12 05:31:17.512 1481 6898 I ActivityTaskManager: The Process com.android.settings Already Exists in BG. So sending its PID: 16266
11-12 05:31:17.513 1481 6898 I wm_add_to_stopping: [0,35371080,com.android.launcher3/.uioverrides.QuickstepLauncher,makeInvisible]
11-12 05:31:17.514 1481 6898 I wm_restart_activity: [0,177493080,231,com.android.settings/.Settings$ConfigureNotificationSettingsActivity]
11-12 05:31:17.514 1481 6898 D CompatibilityInfo: mCompatibilityFlags - 4
11-12 05:31:17.514 1481 6898 D CompatibilityInfo: applicationDensity - 240
11-12 05:31:17.514 1481 6898 D CompatibilityInfo: applicationScale - 1.0
11-12 05:31:17.516 1481 6898 I wm_set_resumed_activity: [0,com.android.settings/.Settings$ConfigureNotificationSettingsActivity,minimalResumeActivityLocked]
11-12 05:31:17.522 9573 9587 I GameMode_ActivityMonitoringService: onForegroundActivitiesChanged uid 1000 pid 16266 fg true
11-12 05:31:17.539 9573 9589 I GameMode_ActivityMonitoringService: Updating top task to: TaskInfoContainer [topActivity=ComponentInfo{com.android.settings/com.android.settings.Settings$ConfigureNotificationSettingsActivity}, taskId=231, stackId=231, userId=0, displayId=0, position=6
11-12 05:31:17.539 9573 9589 I GameMode_ActivityMonitoringService: Notifying about top task: TaskInfoContainer [topActivity=ComponentInfo{com.android.settings/com.android.settings.Settings$ConfigureNotificationSettingsActivity}, taskId=231, stackId=231, userId=0, displayId=0, position=6
11-12 05:31:17.539 9573 9589 E GameMode_ActivityMonitoringService: onActivityLaunch:com.android.settings
11-12 05:31:17.539 9573 9589 V GameMode_GameMode: judge isGame:com.android.settings
11-12 05:31:17.540 9573 9589 V GameMode_GpuUtils: fps:60
11-12 05:31:17.541 1481 1570 I sysui_multi_action: [757,803,799,window_time_0,802,4]
11-12 05:31:17.550 1971 1971 D ActivityLaunchAnimator: Remote animation started
11-12 05:31:17.551 1971 1971 D ActivityLaunchAnimator: Animation started
11-12 05:31:17.551 9573 9589 D GameMode_GameMode: Show GameMode entry by service!
11-12 05:31:17.551 9573 9589 W ContextImpl: Calling a method in the system process without a qualified user: android.app.ContextImpl.startService:1816 android.content.ContextWrapper.startService:774 com.thundercomm.gamemode.ingame.services.GameModeActionUtils.startGameModeService:93 com.thundercomm.gamemode.ingame.services.GameModeActionUtils.startGameModeEntry:21 com.thundercomm.gamemode.ingame.services.ActivityMonitoringService$1.onActivityLaunch:127
11-12 05:31:17.554 9573 9589 D GameMode: getUriFor setting_content_uri_root = content://com.thundercomm.gamemode.api/gamemode_settings , name = gamemode_isgaming
11-12 05:31:17.554 9573 9573 D GameMode_GameMode: type=hide_entry
11-12 05:31:17.559 1481 1481 I GameModeConfig: Current uri is uri = content://com.thundercomm.gamemode.api/gamemode_settings/gamemode_isgaming
11-12 05:31:17.559 1481 1481 D GameMode: getUriFor setting_content_uri_root = content://com.thundercomm.gamemode.api/gamemode_settings , name = gamemode_isgaming
11-12 05:31:17.560 9573 9589 D GameMode: gamemode_isgaming set to 0
11-12 05:31:17.561 1481 1481 I GameModeConfig: isGameModeOn = true
11-12 05:31:17.561 1481 1481 I GameModeConfig: isGaming = false
11-12 05:31:17.561 1481 1481 I GameModeConfig: isGameModeOn = true
11-12 05:31:17.562 1481 1481 I GameModeConfig: isGaming = false
11-12 05:31:17.562 1481 1481 I GameModeConfig: isDisableVoice = true
11-12 05:31:17.562 969 1758 D AF::TrackHandle: OpPlayAudio: track:232 usage:5 not muted
11-12 05:31:17.563 969 1758 D AF::TrackHandle: OpPlayAudio: track:232 usage:5 not muted
11-12 05:31:17.563 969 1758 D AF::TrackHandle: OpPlayAudio: track:232 usage:5 not muted
11-12 05:31:17.563 16266 16266 D SettingsActivity: Starting onCreate
11-12 05:31:17.563 969 1758 D AF::TrackHandle: OpPlayAudio: track:232 usage:5 not muted
11-12 05:31:17.564 969 1305 D AF::TrackHandle: OpPlayAudio: track:232 usage:5 not muted
11-12 05:31:17.564 969 1758 D AF::TrackHandle: OpPlayAudio: track:232 usage:5 not muted
11-12 05:31:17.564 969 1758 D AF::TrackHandle: OpPlayAudio: track:232 usage:5 not muted
11-12 05:31:17.564 969 1758 D AF::TrackHandle: OpPlayAudio: track:232 usage:5 not muted
11-12 05:31:17.565 969 1758 D AF::TrackHandle: OpPlayAudio: track:232 usage:5 not muted
11-12 05:31:17.565 969 1758 D AF::TrackHandle: OpPlayAudio: track:232 usage:5 not muted
11-12 05:31:17.565 969 1758 D AF::TrackHandle: OpPlayAudio: track:232 usage:5 not muted
11-12 05:31:17.565 969 1758 D AF::TrackHandle: OpPlayAudio: track:232 usage:5 not muted
11-12 05:31:17.565 969 1305 D AF::TrackHandle: OpPlayAudio: track:232 usage:5 not muted
11-12 05:31:17.566 969 1305 D AF::TrackHandle: OpPlayAudio: track:232 usage:5 not muted
11-12 05:31:17.566 969 1305 D AF::TrackHandle: OpPlayAudio: track:232 usage:5 not muted
11-12 05:31:17.566 969 1305 D AF::TrackHandle: OpPlayAudio: track:232 usage:5 not muted
11-12 05:31:17.567 9573 9573 D GameMode_GameSettingsObserver: Game Data change!!!! uri = content://com.thundercomm.gamemode.api/gamemode_settings/gamemode_isgaming
11-12 05:31:17.567 9573 9573 D GameMode: getUriFor setting_content_uri_root = content://com.thundercomm.gamemode.api/gamemode_settings , name = gamemode_isgaming
11-12 05:31:17.569 10569 10586 D QCCAuthMgr: SMQContentProvider query uri: content://com.qti.smq.Feedback.provider/smq_settings, selection: key=?, uri_matcher: 1
11-12 05:31:17.569 10569 10586 D QCCAuthMgr: SMQContentProvider query tableName: smq_settings
11-12 05:31:17.570 9573 9573 D GameMode_GameMode:GameModeService: updateGlobalSettings = gamemode_isgaming
11-12 05:31:17.573 16266 16266 D SettingsActivity: Starting to set activity title
11-12 05:31:17.574 1481 2130 I ActivityTaskManager: START u0 {act=android.settings.NOTIFICATION_SETTINGS flg=0x1000c000 cmp=com.android.settings/.homepage.SettingsHomepageActivity (has extras)} from uid 1000
11-12 05:31:17.575 1481 2130 E ANDR-PERF-JNI: com_qualcomm_qtiperformance_native_perf_io_prefetch_start
11-12 05:31:17.575 1481 2130 I wm_task_created: [232,-1]
11-12 05:31:17.575 1481 2130 W ActivityTaskManager: Can't find TaskDisplayArea to determine support for multi window. Task id=232 attached=false
11-12 05:31:17.577 1481 2130 I wm_task_moved: [43,1,7]
11-12 05:31:17.577 1481 2130 I wm_focused_root_task: [0,0,43,232,reuseOrNewTask returnToHome]
11-12 05:31:17.577 1481 2130 I wm_task_moved: [232,1,7]
11-12 05:31:17.577 1481 2130 I wm_task_to_front: [0,232]
11-12 05:31:17.577 1481 2130 I wm_focused_root_task: [0,0,232,43,reuseOrNewTask]
11-12 05:31:17.577 1481 2130 I wm_create_task: [0,232]
11-12 05:31:17.577 1481 2130 I wm_create_activity: [0,225012124,232,com.android.settings/.homepage.SettingsHomepageActivity,android.settings.NOTIFICATION_SETTINGS,NULL,NULL,268484608]
11-12 05:31:17.577 1481 2130 I wm_task_moved: [43,1,7]
11-12 05:31:17.577 1481 2130 I wm_focused_root_task: [0,0,43,232,positionChildAtTop returnToHome]
11-12 05:31:17.577 1481 2130 I wm_task_moved: [232,1,7]
11-12 05:31:17.577 1481 2130 I wm_focused_root_task: [0,0,232,43,positionChildAtTop]
11-12 05:31:17.577 1481 2130 D CompatibilityInfo: mCompatibilityFlags - 4
11-12 05:31:17.577 1481 2130 D CompatibilityInfo: applicationDensity - 240
11-12 05:31:17.577 1481 2130 D CompatibilityInfo: applicationScale - 1.0
11-12 05:31:17.577 1481 2130 D ActivityTrigger: ActivityTrigger activityPauseTrigger
11-12 05:31:17.578 1481 2130 I wm_pause_activity: [0,177493080,com.android.settings/.Settings$ConfigureNotificationSettingsActivity,userLeaving=true,pauseBackTasks]
11-12 05:31:17.579 858 3127 E ANDR-IOP: io prefetch is disabled
11-12 05:31:17.582 1481 6898 I wm_finish_activity: [0,177493080,231,com.android.settings/.Settings$ConfigureNotificationSettingsActivity,app-request]
11-12 05:31:17.582 16266 16266 I wm_on_create_called: [177493080,com.android.settings.Settings$ConfigureNotificationSettingsActivity,performCreate]
11-12 05:31:17.583 1481 2130 I wm_add_to_stopping: [0,177493080,com.android.settings/.Settings$ConfigureNotificationSettingsActivity,completeFinishing]
11-12 05:31:17.584 1481 2130 I ActivityTaskManager: FOREGROUND_APPLICATION_CHANGED to com.android.settings.homepage.SettingsHomepageActivity
11-12 05:31:17.584 1481 2130 I ActivityTaskManager: The Process com.android.settings Already Exists in BG. So sending its PID: 16266
11-12 05:31:17.584 1481 2130 W ActivityTaskManager: Tried to set launchTime (0) < mLastActivityLaunchTime (15276998)
11-12 05:31:17.585 1481 2130 I wm_restart_activity: [0,225012124,232,com.android.settings/.homepage.SettingsHomepageActivity]
11-12 05:31:17.585 1481 2130 D CompatibilityInfo: mCompatibilityFlags - 4
11-12 05:31:17.585 1481 2130 D CompatibilityInfo: applicationDensity - 240
11-12 05:31:17.585 1481 2130 D CompatibilityInfo: applicationScale - 1.0
11-12 05:31:17.586 1481 2130 I wm_set_resumed_activity: [0,com.android.settings/.homepage.SettingsHomepageActivity,minimalResumeActivityLocked]
11-12 05:31:17.593 1481 1570 I sysui_multi_action: [757,803,799,window_time_0,802,0]
11-12 05:31:17.593 16266 16266 I SettingsHomepageActivity: SettingsHomepageActivity: onCreate
11-12 05:31:17.601 16266 16266 E ThemeUtils: View class androidx.appcompat.widget.AppCompatImageView is an AppCompat widget that can only be used with a Theme.AppCompat theme (or descendant).
11-12 05:31:17.607 16266 16266 D CompatibilityChangeReporter: Compat change id reported: 171228096; UID 1000; state: ENABLED
11-12 05:31:17.611 1481 1777 W InputManager-JNI: Input channel object '51f9e96 Splash Screen com.android.settings (client)' was disposed without first being removed with the input manager!
11-12 05:31:17.615 16266 16266 D AvatarViewMixin: Feature disabled by config. Skipping
11-12 05:31:17.617 10569 13170 D QCCAuthMgr: SMQContentProvider query uri: content://com.qti.smq.Feedback.provider/smq_settings, selection: key=?, uri_matcher: 1
11-12 05:31:17.617 10569 13170 D QCCAuthMgr: SMQContentProvider query tableName: smq_settings
11-12 05:31:17.618 16266 16266 I wm_on_create_called: [225012124,com.android.settings.homepage.SettingsHomepageActivity,performCreate]
11-12 05:31:17.621 16266 16266 D PrefCtrlListHelper: Could not find Context-only controller for pref: com.android.settings.network.TopLevelNetworkEntryPreferenceController
11-12 05:31:17.621 16266 16266 D PrefCtrlListHelper: Could not find Context-only controller for pref: com.android.settings.connecteddevice.TopLevelConnectedDevicesPreferenceController
11-12 05:31:17.622 16266 16266 D PrefCtrlListHelper: Could not find Context-only controller for pref: com.android.settings.fuelgauge.TopLevelBatteryPreferenceController
11-12 05:31:17.622 16266 16266 D PrefCtrlListHelper: Could not find Context-only controller for pref: com.android.settings.deviceinfo.TopLevelStoragePreferenceController
11-12 05:31:17.622 16266 16266 D PrefCtrlListHelper: Could not find Context-only controller for pref: com.android.settings.display.TopLevelDisplayPreferenceController
11-12 05:31:17.622 16266 16266 D PrefCtrlListHelper: Could not find Context-only controller for pref: com.android.settings.display.TopLevelWallpaperPreferenceController
11-12 05:31:17.622 16266 16266 D PrefCtrlListHelper: Could not find Context-only controller for pref: com.android.settings.accessibility.TopLevelAccessibilityPreferenceController
11-12 05:31:17.622 16266 16266 D PrefCtrlListHelper: Could not find Context-only controller for pref: com.android.settings.security.TopLevelSecurityEntryPreferenceController
11-12 05:31:17.622 16266 16266 D PrefCtrlListHelper: Could not find Context-only controller for pref: com.android.settings.location.TopLevelLocationPreferenceController
11-12 05:31:17.624 16266 16266 D PrefCtrlListHelper: Could not find Context-only controller for pref: com.android.settings.accounts.TopLevelAccountEntryPreferenceController
11-12 05:31:17.625 16266 16266 D PrefCtrlListHelper: Could not find Context-only controller for pref: com.android.settings.deviceinfo.aboutphone.TopLevelAboutDevicePreferenceController
11-12 05:31:17.625 16266 16266 D PrefCtrlListHelper: Could not find Context-only controller for pref: com.android.settings.support.SupportPreferenceController
11-12 05:31:17.627 1481 1777 E UserRestrictionsUtils: Unknown restriction queried by uid 1000 (com.thundercomm.tchttpserver et al): null
11-12 05:31:17.627 1481 1777 E UserRestrictionsUtils: Unknown restriction queried by uid 1000 (com.thundercomm.tchttpserver et al): null
11-12 05:31:17.627 1481 1777 E UserRestrictionsUtils: Unknown restriction queried by uid 1000 (com.thundercomm.tchttpserver et al): null
11-12 05:31:17.628 1481 1777 E UserRestrictionsUtils: Unknown restriction queried by uid 1000 (com.thundercomm.tchttpserver et al): null
11-12 05:31:17.628 1481 1777 E UserRestrictionsUtils: Unknown restriction queried by uid 1000 (com.thundercomm.tchttpserver et al): null
11-12 05:31:17.628 1481 1777 E UserRestrictionsUtils: Unknown restriction queried by uid 1000 (com.thundercomm.tchttpserver et al): null
11-12 05:31:17.628 1481 1777 E UserRestrictionsUtils: Unknown restriction queried by uid 1000 (com.thundercomm.tchttpserver et al): null
11-12 05:31:17.628 1481 1777 E UserRestrictionsUtils: Unknown restriction queried by uid 1000 (com.thundercomm.tchttpserver et al): null
11-12 05:31:17.628 1481 1777 E UserRestrictionsUtils: Unknown restriction queried by uid 1000 (com.thundercomm.tchttpserver et al): null
11-12 05:31:17.628 1481 1777 E UserRestrictionsUtils: Unknown restriction queried by uid 1000 (com.thundercomm.tchttpserver et al): null
11-12 05:31:17.629 1481 1777 E UserRestrictionsUtils: Unknown restriction queried by uid 1000 (com.thundercomm.tchttpserver et al): null
11-12 05:31:17.629 1481 1777 E UserRestrictionsUtils: Unknown restriction queried by uid 1000 (com.thundercomm.tchttpserver et al): null
11-12 05:31:17.629 1481 1777 E UserRestrictionsUtils: Unknown restriction queried by uid 1000 (com.thundercomm.tchttpserver et al): null
11-12 05:31:17.629 1481 1777 E UserRestrictionsUtils: Unknown restriction queried by uid 1000 (com.thundercomm.tchttpserver et al): null
11-12 05:31:17.629 1481 1777 E UserRestrictionsUtils: Unknown restriction queried by uid 1000 (com.thundercomm.tchttpserver et al): null
11-12 05:31:17.629 1481 1777 E UserRestrictionsUtils: Unknown restriction queried by uid 1000 (com.thundercomm.tchttpserver et al): null
11-12 05:31:17.630 1481 1777 E UserRestrictionsUtils: Unknown restriction queried by uid 1000 (com.thundercomm.tchttpserver et al): null
11-12 05:31:17.630 1481 1777 E UserRestrictionsUtils: Unknown restriction queried by uid 1000 (com.thundercomm.tchttpserver et al): null
11-12 05:31:17.630 16266 16266 W InstrumentedPrefFrag: Screen title missing for fragment com.android.settings.homepage.TopLevelSettings
11-12 05:31:17.634 16266 16266 D TopLevelSettings: NO dashboard tiles for TopLevelSettings
11-12 05:31:17.634 16266 16266 D TopLevelSettings: All preferences added, reporting fully drawn
11-12 05:31:17.636 1971 1971 D StatusBar: disable disable2
11-12 05:31:17.648 16266 16266 W BatteryBroadcastRcvr: Problem reading the battery meter.
11-12 05:31:17.649 16266 16266 I wm_on_start_called: [225012124,com.android.settings.homepage.SettingsHomepageActivity,handleStartActivity]
11-12 05:31:17.649 16266 16266 I snet_event_log: [120484087,-1,]
11-12 05:31:17.650 16266 16266 I TopLevelSettings: TopLevelSettings: TopLevelSettings::com.android.settings.network.NetworkDashboardFragment
11-12 05:31:17.650 16266 16266 I wm_on_resume_called: [225012124,com.android.settings.homepage.SettingsHomepageActivity,RESUME_ACTIVITY]
11-12 05:31:17.651 16266 16266 I sysui_multi_action: [757,35,758,1,833,0,1089,31]
11-12 05:31:17.654 16266 16266 W UnsafeUtil: platform method missing - proto runtime falling back to safer methods: java.lang.NoSuchMethodException: sun.misc.Unsafe.copyMemory [class java.lang.Object, long, class java.lang.Object, long, long]
11-12 05:31:17.654 16266 16300 D BatteryInfo: time for getStats: 0ms
11-12 05:31:17.655 16266 16311 D UsageGraph: No enabled state changed, skipping updateCategory call
11-12 05:31:17.656 16266 16300 D BatteryInfo: time for regular BatteryInfo: 1ms
11-12 05:31:17.657 16266 16310 D BatteryTipLoader: BatteryInfoLoader post query: 1ms
11-12 05:31:17.657 16266 16310 D BatteryInfo: time for getBatteryInfo: 0ms
11-12 05:31:17.657 16266 16310 D BatteryTipLoader: BatteryInfoLoader.loadInBackground: 1ms
11-12 05:31:17.657 16266 16300 D BatteryInfo: time for getBatteryInfo: 1ms
11-12 05:31:17.659 16266 16266 I sysui_multi_action: [757,1729,758,4,854,isParalleledControllers:false,1089,38]
11-12 05:31:17.666 16266 16266 I wm_on_top_resumed_gained_called: [225012124,com.android.settings.homepage.SettingsHomepageActivity,topStateChangedWhenResumed]
11-12 05:31:17.666 16266 16266 W BatteryBroadcastRcvr: Problem reading the battery meter.
11-12 05:31:17.667 16266 16266 D BatteryInfo: time for callback: 0ms
11-12 05:31:17.674 16266 16311 D BatteryInfo: time for getStats: 0ms
11-12 05:31:17.675 16266 16311 D BatteryInfo: time for regular BatteryInfo: 1ms
11-12 05:31:17.675 16266 16311 D BatteryInfo: time for getBatteryInfo: 0ms
11-12 05:31:17.678 16266 16318 D BatteryTipLoader: BatteryInfoLoader post query: 0ms
11-12 05:31:17.678 16266 16318 D BatteryInfo: time for getBatteryInfo: 0ms
11-12 05:31:17.678 16266 16318 D BatteryTipLoader: BatteryInfoLoader.loadInBackground: 0ms
11-12 05:31:17.687 9573 9587 I GameMode_ActivityMonitoringService: onTaskStackChanged
11-12 05:31:17.691 16266 16295 I AdrenoGLES-0: QUALCOMM build : 47421dbee6, I139f36ad46
11-12 05:31:17.691 16266 16295 I AdrenoGLES-0: Build Date : 02/18/22
11-12 05:31:17.691 16266 16295 I AdrenoGLES-0: OpenGL ES Shader Compiler Version: EV031.32.02.17
11-12 05:31:17.691 16266 16295 I AdrenoGLES-0: Local Branch :
11-12 05:31:17.691 16266 16295 I AdrenoGLES-0: Remote Branch :
11-12 05:31:17.691 16266 16295 I AdrenoGLES-0: Remote Branch :
11-12 05:31:17.691 16266 16295 I AdrenoGLES-0: Reconstruct Branch :
11-12 05:31:17.691 16266 16295 I AdrenoGLES-0: Build Config : S P 10.0.7 AArch64
11-12 05:31:17.691 16266 16295 I AdrenoGLES-0: Driver Path : /vendor/lib64/egl/libGLESv2_adreno.so
11-12 05:31:17.693 504 504 I hwservicemanager: getTransport: Cannot find entry android.hardware.graphics.mapper@4.0::IMapper/default in either framework or device VINTF manifest.
11-12 05:31:17.696 16266 16295 I AdrenoGLES-0: PFP: 0x016dd093, ME: 0x00000000
11-12 05:31:17.697 9573 9589 I GameMode_ActivityMonitoringService: Updating top task to: TaskInfoContainer [topActivity=ComponentInfo{com.android.settings/com.android.settings.homepage.SettingsHomepageActivity}, taskId=232, stackId=232, userId=0, displayId=0, position=7
11-12 05:31:17.697 9573 9589 I GameMode_ActivityMonitoringService: Notifying about top task: TaskInfoContainer [topActivity=ComponentInfo{com.android.settings/com.android.settings.homepage.SettingsHomepageActivity}, taskId=232, stackId=232, userId=0, displayId=0, position=7
11-12 05:31:17.697 9573 9589 E GameMode_ActivityMonitoringService: onActivityLaunch:com.android.settings
11-12 05:31:17.697 9573 9589 V GameMode_GameMode: judge isGame:com.android.settings
11-12 05:31:17.697 9573 9589 V GameMode_GpuUtils: fps:60
11-12 05:31:17.699 9573 9589 D GameMode_GameMode: Show GameMode entry by service!
11-12 05:31:17.699 9573 9589 W ContextImpl: Calling a method in the system process without a qualified user: android.app.ContextImpl.startService:1816 android.content.ContextWrapper.startService:774 com.thundercomm.gamemode.ingame.services.GameModeActionUtils.startGameModeService:93 com.thundercomm.gamemode.ingame.services.GameModeActionUtils.startGameModeEntry:21 com.thundercomm.gamemode.ingame.services.ActivityMonitoringService$1.onActivityLaunch:127
11-12 05:31:17.702 16266 16295 D libEGL : MSAA-->msaa:4 gamemode:0 4x_msaa:0
11-12 05:31:17.702 16266 16295 D libEGL : MSAA-->msaa:4 gamemode:0 4x_msaa:0
11-12 05:31:17.702 16266 16295 D libEGL : MSAA-->msaa:4 gamemode:0 4x_msaa:0
11-12 05:31:17.702 9573 9573 D GameMode_GameMode: type=hide_entry
11-12 05:31:17.702 9573 9589 D GameMode: getUriFor setting_content_uri_root = content://com.thundercomm.gamemode.api/gamemode_settings , name = gamemode_isgaming
11-12 05:31:17.704 1481 1481 I GameModeConfig: Current uri is uri = content://com.thundercomm.gamemode.api/gamemode_settings/gamemode_isgaming
11-12 05:31:17.705 1481 1481 D GameMode: getUriFor setting_content_uri_root = content://com.thundercomm.gamemode.api/gamemode_settings , name = gamemode_isgaming
11-12 05:31:17.705 9573 9589 D GameMode: gamemode_isgaming set to 0
11-12 05:31:17.706 1481 1481 I GameModeConfig: isGameModeOn = true
11-12 05:31:17.706 1481 1481 I GameModeConfig: isGaming = false
11-12 05:31:17.707 1481 1481 I GameModeConfig: isGameModeOn = true
11-12 05:31:17.707 1481 1481 I GameModeConfig: isGaming = false
11-12 05:31:17.707 1481 1481 I GameModeConfig: isDisableVoice = true
11-12 05:31:17.709 834 1078 I SDM : HWCDisplay::GetColorModeCount: Supported color mode count = 1
11-12 05:31:17.709 834 1078 I SDM : HWCDisplay::GetColorModes: Color mode = 0 is supported
11-12 05:31:17.710 995 1059 E HWComposer: getSupportedContentTypes: getSupportedContentTypes failed for display 4630946816427681409: Unsupported (8)
11-12 05:31:17.710 16266 16295 D hw-ProcessState: Binder ioctl to enable oneway spam detection failed: Invalid argument
11-12 05:31:17.712 9573 9573 D GameMode_GameSettingsObserver: Game Data change!!!! uri = content://com.thundercomm.gamemode.api/gamemode_settings/gamemode_isgaming
11-12 05:31:17.712 9573 9573 D GameMode: getUriFor setting_content_uri_root = content://com.thundercomm.gamemode.api/gamemode_settings , name = gamemode_isgaming
11-12 05:31:17.713 504 504 I hwservicemanager: getTransport: Cannot find entry android.hardware.graphics.mapper@4.0::IMapper/default in either framework or device VINTF manifest.
11-12 05:31:17.713 16266 16319 I Gralloc4: mapper 4.x is not supported
11-12 05:31:17.713 969 1305 D AF::TrackHandle: OpPlayAudio: track:232 usage:5 not muted
11-12 05:31:17.714 9573 9573 D GameMode_GameMode:GameModeService: updateGlobalSettings = gamemode_isgaming
11-12 05:31:17.714 969 1305 D AF::TrackHandle: OpPlayAudio: track:232 usage:5 not muted
11-12 05:31:17.714 969 1305 D AF::TrackHandle: OpPlayAudio: track:232 usage:5 not muted
11-12 05:31:17.715 504 504 I hwservicemanager: getTransport: Cannot find entry android.hardware.graphics.allocator@4.0::IAllocator/default in either framework or device VINTF manifest.
11-12 05:31:17.715 16266 16319 W Gralloc4: allocator 4.x is not supported
11-12 05:31:17.715 969 1305 D AF::TrackHandle: OpPlayAudio: track:232 usage:5 not muted
11-12 05:31:17.715 969 1305 D AF::TrackHandle: OpPlayAudio: track:232 usage:5 not muted
11-12 05:31:17.715 969 1305 D AF::TrackHandle: OpPlayAudio: track:232 usage:5 not muted
11-12 05:31:17.715 969 1305 D AF::TrackHandle: OpPlayAudio: track:232 usage:5 not muted
11-12 05:31:17.716 969 1305 D AF::TrackHandle: OpPlayAudio: track:232 usage:5 not muted
11-12 05:31:17.716 969 1305 D AF::TrackHandle: OpPlayAudio: track:232 usage:5 not muted
11-12 05:31:17.716 969 1305 D AF::TrackHandle: OpPlayAudio: track:232 usage:5 not muted
11-12 05:31:17.716 969 1305 D AF::TrackHandle: OpPlayAudio: track:232 usage:5 not muted
11-12 05:31:17.716 969 1305 D AF::TrackHandle: OpPlayAudio: track:232 usage:5 not muted
11-12 05:31:17.717 969 1305 D AF::TrackHandle: OpPlayAudio: track:232 usage:5 not muted
11-12 05:31:17.717 969 1305 D AF::TrackHandle: OpPlayAudio: track:232 usage:5 not muted
11-12 05:31:17.717 969 1305 D AF::TrackHandle: OpPlayAudio: track:232 usage:5 not muted
11-12 05:31:17.717 969 1305 D AF::TrackHandle: OpPlayAudio: track:232 usage:5 not muted
11-12 05:31:17.727 1481 1571 I sysui_multi_action: [324,1,757,1090,758,12,806,com.android.settings,871,com.android.settings.homepage.SettingsHomepageActivity,1091,257]
11-12 05:31:17.728 16266 16266 D BatteryInfo: time for callback: 0ms
11-12 05:31:17.730 1481 1570 I EventSequenceValidator: dec AccIntentStartedEvents to 1
11-12 05:31:17.732 1481 1567 I sysui_multi_action: [319,77,321,75,322,257,325,15276,757,761,758,8,759,1,806,com.android.settings,871,com.android.settings.homepage.SettingsHomepageActivity,904,com.android.settings,905,0,1320,8,1321,5]
11-12 05:31:17.734 1481 1567 I wm_activity_launch_time: [0,225012124,com.android.settings/.homepage.SettingsHomepageActivity,257]
11-12 05:31:17.735 1481 1567 I ActivityTaskManager: Displayed com.android.settings/.homepage.SettingsHomepageActivity: +257ms
11-12 05:31:17.735 1481 1567 I ActivityTaskManager: Fully drawn com.android.settings/.homepage.SettingsHomepageActivity: +257ms
11-12 05:31:17.757 16266 16266 I TetheringManager: registerTetheringEventCallback:com.android.settings
11-12 05:31:17.757 16266 16266 D PrefCtrlListHelper: Could not find Context-only controller for pref: com.android.settings.network.MultiNetworkHeaderController
11-12 05:31:17.758 16266 16266 D PrefCtrlListHelper: Could not find Context-only controller for pref: com.android.settings.network.AirplaneModePreferenceController
11-12 05:31:17.758 16266 16266 D PrefCtrlListHelper: Could not find Context-only controller for pref: com.android.settings.network.AllInOneTetherPreferenceController
11-12 05:31:17.758 16266 16266 D PrefCtrlListHelper: Could not find Context-only controller for pref: com.android.settings.network.AdaptiveConnectivityPreferenceController
11-12 05:31:17.761 16266 16266 W CarrierConfigManager: Error getting config for subId -1 ICarrierConfigLoader is null
11-12 05:31:17.761 16266 16266 D MobilePlanPrefContr: onCreate: mMobilePlanDialogMessage=null
11-12 05:31:17.762 16266 16266 D BluetoothPan: Binding service...
11-12 05:31:17.764 1481 1777 E UserRestrictionsUtils: Unknown restriction queried by uid 1000 (com.thundercomm.tchttpserver et al): null
11-12 05:31:17.772 16266 16266 D NetworkDashboardFrag: NO dashboard tiles for NetworkDashboardFrag
11-12 05:31:17.772 16266 16266 D NetworkDashboardFrag: All preferences added, reporting fully drawn
11-12 05:31:17.780 1481 1777 D ConnectivityService: requestNetwork for uid/pid:1000/16266 activeRequest: null callbackRequest: 806 [NetworkRequest [ REQUEST id=807, [ Capabilities: INTERNET&NOT_RESTRICTED&TRUSTED&NOT_VCN_MANAGED Uid: 1000 RequestorUid: 1000 RequestorPkg: com.android.settings] ]] callback flags: 0 priority: 2147483647
11-12 05:31:17.780 1481 1725 D ConnectivityService: NetReassign [no changes]
11-12 05:31:17.781 1481 1777 D ConnectivityService: requestNetwork for uid/pid:1000/16266 activeRequest: null callbackRequest: 809 [NetworkRequest [ REQUEST id=810, [ Capabilities: INTERNET&NOT_RESTRICTED&TRUSTED&NOT_VCN_MANAGED Uid: 1000 RequestorUid: 1000 RequestorPkg: com.android.settings] ]] callback flags: 0 priority: 2147483647
11-12 05:31:17.781 1481 1888 D Ethernet: got request NetworkRequest [ REQUEST id=807, [ Capabilities: INTERNET&NOT_RESTRICTED&TRUSTED&NOT_VCN_MANAGED Uid: 1000 RequestorUid: 1000 RequestorPkg: com.android.settings] ]
11-12 05:31:17.781 1481 1707 D WifiNetworkFactory: got request NetworkRequest [ REQUEST id=807, [ Capabilities: INTERNET&NOT_RESTRICTED&TRUSTED&NOT_VCN_MANAGED Uid: 1000 RequestorUid: 1000 RequestorPkg: com.android.settings] ]
11-12 05:31:17.781 1481 1888 D EthernetNetworkFactory: acceptRequest, request: NetworkRequest [ REQUEST id=807, [ Capabilities: INTERNET&NOT_RESTRICTED&TRUSTED&NOT_VCN_MANAGED Uid: 1000 RequestorUid: 1000 RequestorPkg: com.android.settings] ]
11-12 05:31:17.781 1481 1888 I EthernetNetworkFactory: networkForRequest, request: NetworkRequest [ REQUEST id=807, [ Capabilities: INTERNET&NOT_RESTRICTED&TRUSTED&NOT_VCN_MANAGED Uid: 1000 RequestorUid: 1000 RequestorPkg: com.android.settings] ], network: null
11-12 05:31:17.781 1481 1707 D UntrustedWifiNetworkFactory: got request NetworkRequest [ REQUEST id=807, [ Capabilities: INTERNET&NOT_RESTRICTED&TRUSTED&NOT_VCN_MANAGED Uid: 1000 RequestorUid: 1000 RequestorPkg: com.android.settings] ]
11-12 05:31:17.782 1481 1707 D OemPaidWifiNetworkFactory: got request NetworkRequest [ REQUEST id=807, [ Capabilities: INTERNET&NOT_RESTRICTED&TRUSTED&NOT_VCN_MANAGED Uid: 1000 RequestorUid: 1000 RequestorPkg: com.android.settings] ]
11-12 05:31:17.782 16266 16266 I TetheringManager: registerTetheringEventCallback caller:com.android.settings
11-12 05:31:17.782 1481 1725 D ConnectivityService: NetReassign [no changes]
11-12 05:31:17.784 1481 1725 D ConnectivityService: NetReassign [no changes]
11-12 05:31:17.784 1481 1888 D Ethernet: got request NetworkRequest [ REQUEST id=810, [ Capabilities: INTERNET&NOT_RESTRICTED&TRUSTED&NOT_VCN_MANAGED Uid: 1000 RequestorUid: 1000 RequestorPkg: com.android.settings] ]
11-12 05:31:17.784 1481 1707 D WifiNetworkFactory: got request NetworkRequest [ REQUEST id=810, [ Capabilities: INTERNET&NOT_RESTRICTED&TRUSTED&NOT_VCN_MANAGED Uid: 1000 RequestorUid: 1000 RequestorPkg: com.android.settings] ]
11-12 05:31:17.784 1481 1888 D EthernetNetworkFactory: acceptRequest, request: NetworkRequest [ REQUEST id=810, [ Capabilities: INTERNET&NOT_RESTRICTED&TRUSTED&NOT_VCN_MANAGED Uid: 1000 RequestorUid: 1000 RequestorPkg: com.android.settings] ]
11-12 05:31:17.784 1481 1888 I EthernetNetworkFactory: networkForRequest, request: NetworkRequest [ REQUEST id=810, [ Capabilities: INTERNET&NOT_RESTRICTED&TRUSTED&NOT_VCN_MANAGED Uid: 1000 RequestorUid: 1000 RequestorPkg: com.android.settings] ], network: null
11-12 05:31:17.785 1481 1707 D UntrustedWifiNetworkFactory: got request NetworkRequest [ REQUEST id=810, [ Capabilities: INTERNET&NOT_RESTRICTED&TRUSTED&NOT_VCN_MANAGED Uid: 1000 RequestorUid: 1000 RequestorPkg: com.android.settings] ]
11-12 05:31:17.785 1481 1707 D OemPaidWifiNetworkFactory: got request NetworkRequest [ REQUEST id=810, [ Capabilities: INTERNET&NOT_RESTRICTED&TRUSTED&NOT_VCN_MANAGED Uid: 1000 RequestorUid: 1000 RequestorPkg: com.android.settings] ]
11-12 05:31:17.786 1481 1777 D ConnectivityService: requestNetwork for uid/pid:1000/16266 activeRequest: null callbackRequest: 812 [NetworkRequest [ REQUEST id=813, [ Capabilities: INTERNET&NOT_RESTRICTED&TRUSTED&NOT_VCN_MANAGED Uid: 1000 RequestorUid: 1000 RequestorPkg: com.android.settings] ]] callback flags: 1 priority: 2147483647
11-12 05:31:17.786 1481 1725 D ConnectivityService: NetReassign [no changes]
11-12 05:31:17.786 1481 1725 D ConnectivityService: NetReassign [no changes]
11-12 05:31:17.787 1481 1888 D Ethernet: got request NetworkRequest [ REQUEST id=813, [ Capabilities: INTERNET&NOT_RESTRICTED&TRUSTED&NOT_VCN_MANAGED Uid: 1000 RequestorUid: 1000 RequestorPkg: com.android.settings] ]
11-12 05:31:17.787 1481 1888 D EthernetNetworkFactory: acceptRequest, request: NetworkRequest [ REQUEST id=813, [ Capabilities: INTERNET&NOT_RESTRICTED&TRUSTED&NOT_VCN_MANAGED Uid: 1000 RequestorUid: 1000 RequestorPkg: com.android.settings] ]
11-12 05:31:17.787 16266 16266 D BluetoothPan: Binding service...
11-12 05:31:17.788 1481 1725 D ConnectivityService: NetReassign [no changes]
11-12 05:31:17.788 1481 1888 I EthernetNetworkFactory: networkForRequest, request: NetworkRequest [ REQUEST id=813, [ Capabilities: INTERNET&NOT_RESTRICTED&TRUSTED&NOT_VCN_MANAGED Uid: 1000 RequestorUid: 1000 RequestorPkg: com.android.settings] ], network: null
11-12 05:31:17.788 1481 1707 D WifiNetworkFactory: got request NetworkRequest [ REQUEST id=813, [ Capabilities: INTERNET&NOT_RESTRICTED&TRUSTED&NOT_VCN_MANAGED Uid: 1000 RequestorUid: 1000 RequestorPkg: com.android.settings] ]
11-12 05:31:17.789 1481 1707 D UntrustedWifiNetworkFactory: got request NetworkRequest [ REQUEST id=813, [ Capabilities: INTERNET&NOT_RESTRICTED&TRUSTED&NOT_VCN_MANAGED Uid: 1000 RequestorUid: 1000 RequestorPkg: com.android.settings] ]
11-12 05:31:17.789 1481 1707 D OemPaidWifiNetworkFactory: got request NetworkRequest [ REQUEST id=813, [ Capabilities: INTERNET&NOT_RESTRICTED&TRUSTED&NOT_VCN_MANAGED Uid: 1000 RequestorUid: 1000 RequestorPkg: com.android.settings] ]
11-12 05:31:17.789 16266 16266 I sysui_multi_action: [757,746,758,1,833,0,1089,38]
11-12 05:31:17.789 16266 16266 D SubscriptionsChangeListener: Start
11-12 05:31:17.790 1481 1777 D TelephonyRegistry: listen oscl: mHasNotifySubscriptionInfoChangedOccurred==false no callback
11-12 05:31:17.791 16266 16266 D MobileNetworkSummaryStatus: network summary query
11-12 05:31:17.792 16266 16326 W MobileNetworkUtils: EuiccManager is not enabled.
11-12 05:31:17.793 16266 16329 E TelephonyManager: Error in getUiccCardsInfo: unable to connect to Telephony service.
11-12 05:31:17.793 1481 1777 W ScanResultUtil: Empty or null ScanResult list
11-12 05:31:17.793 1481 1777 W WifiService: Attempt to retrieve WifiConfiguration with invalid scanResult List
11-12 05:31:17.793 1481 1777 W ScanResultUtil: Empty or null ScanResult list
11-12 05:31:17.793 1481 1777 E WifiService: Attempt to retrieve passpoint with invalid scanResult List
11-12 05:31:17.793 16266 16266 W SelectableSubscriptions: Fail to request subIdList
11-12 05:31:17.793 16266 16266 W SelectableSubscriptions: java.lang.NullPointerException: Attempt to invoke interface method 'int java.util.List.size()' on a null object reference
11-12 05:31:17.793 16266 16266 W SelectableSubscriptions: at com.android.settings.network.helper.SelectableSubscriptions.call(SelectableSubscriptions.java:128)
11-12 05:31:17.793 16266 16266 W SelectableSubscriptions: at com.android.settings.network.MobileNetworkSummaryStatus.getSubscriptions(MobileNetworkSummaryStatus.java:158)
11-12 05:31:17.793 16266 16266 W SelectableSubscriptions: at com.android.settings.network.MobileNetworkSummaryStatus.update(MobileNetworkSummaryStatus.java:88)
11-12 05:31:17.793 16266 16266 W SelectableSubscriptions: at com.android.settings.network.MobileNetworkSummaryController.update(MobileNetworkSummaryController.java:170)
11-12 05:31:17.793 16266 16266 W SelectableSubscriptions: at com.android.settings.network.MobileNetworkSummaryController.onResume(MobileNetworkSummaryController.java:95)
11-12 05:31:17.793 16266 16266 W SelectableSubscriptions: at java.lang.reflect.Method.invoke(Native Method)
11-12 05:31:17.793 16266 16266 W SelectableSubscriptions: at androidx.lifecycle.ClassesInfoCache$MethodReference.invokeCallback(ClassesInfoCache.java:216)
11-12 05:31:17.793 16266 16266 W SelectableSubscriptions: at androidx.lifecycle.ClassesInfoCache$CallbackInfo.invokeMethodsForEvent(ClassesInfoCache.java:194)
11-12 05:31:17.793 16266 16266 W SelectableSubscriptions: at androidx.lifecycle.ClassesInfoCache$CallbackInfo.invokeCallbacks(ClassesInfoCache.java:185)
11-12 05:31:17.793 16266 16266 W SelectableSubscriptions: at androidx.lifecycle.ReflectiveGenericLifecycleObserver.onStateChanged(ReflectiveGenericLifecycleObserver.java:37)
11-12 05:31:17.793 16266 16266 W SelectableSubscriptions: at androidx.lifecycle.LifecycleRegistry$ObserverWithState.dispatchEvent(LifecycleRegistry.java:354)
11-12 05:31:17.793 16266 16266 W SelectableSubscriptions: at androidx.lifecycle.LifecycleRegistry.forwardPass(LifecycleRegistry.java:265)
11-12 05:31:17.793 16266 16266 W SelectableSubscriptions: at androidx.lifecycle.LifecycleRegistry.sync(LifecycleRegistry.java:307)
11-12 05:31:17.793 16266 16266 W SelectableSubscriptions: at androidx.lifecycle.LifecycleRegistry.moveToState(LifecycleRegistry.java:148)
11-12 05:31:17.793 16266 16266 W SelectableSubscriptions: at androidx.lifecycle.LifecycleRegistry.handleLifecycleEvent(LifecycleRegistry.java:134)
11-12 05:31:17.793 16266 16266 W SelectableSubscriptions: at com.android.settingslib.core.lifecycle.ObservablePreferenceFragment.onResume(ObservablePreferenceFragment.java:87)
11-12 05:31:17.793 16266 16266 W SelectableSubscriptions: at com.android.settings.core.InstrumentedPreferenceFragment.onResume(InstrumentedPreferenceFragment.java:77)
11-12 05:31:17.793 16266 16266 W SelectableSubscriptions: at com.android.settings.SettingsPreferenceFragment.onResume(SettingsPreferenceFragment.java:198)
11-12 05:31:17.793 16266 16266 W SelectableSubscriptions: at com.android.settings.dashboard.DashboardFragment.onResume(DashboardFragment.java:219)
11-12 05:31:17.793 16266 16266 W SelectableSubscriptions: at androidx.fragment.app.Fragment.performResume(Fragment.java:3029)
11-12 05:31:17.793 16266 16266 W SelectableSubscriptions: at androidx.fragment.app.FragmentStateManager.resume(FragmentStateManager.java:583)
11-12 05:31:17.793 16266 16266 W SelectableSubscriptions: at androidx.fragment.app.FragmentStateManager.moveToExpectedState(FragmentStateManager.java:282)
11-12 05:31:17.793 16266 16266 W SelectableSubscriptions: at androidx.fragment.app.SpecialEffectsController$FragmentStateManagerOperation.complete(SpecialEffectsController.java:742)
11-12 05:31:17.793 16266 16266 W SelectableSubscriptions: at androidx.fragment.app.SpecialEffectsController$Operation.completeSpecialEffect(SpecialEffectsController.java:669)
11-12 05:31:17.793 16266 16266 W SelectableSubscriptions: at androidx.fragment.app.DefaultSpecialEffectsController$SpecialEffectsInfo.completeSpecialEffect(DefaultSpecialEffectsController.java:755)
11-12 05:31:17.793 16266 16266 W SelectableSubscriptions: at androidx.fragment.app.DefaultSpecialEffectsController.startAnimations(DefaultSpecialEffectsController.java:147)
11-12 05:31:17.793 16266 16266 W SelectableSubscriptions: at androidx.fragment.app.DefaultSpecialEffectsController.executeOperations(DefaultSpecialEffectsController.java:120)
11-12 05:31:17.793 16266 16266 W SelectableSubscriptions: at androidx.fragment.app.SpecialEffectsController.executePendingOperations(SpecialEffectsController.java:294)
11-12 05:31:17.793 16266 16266 W SelectableSubscriptions: at androidx.fragment.app.FragmentManager.executeOpsTogether(FragmentManager.java:2222)
11-12 05:31:17.793 16266 16266 W SelectableSubscriptions: at androidx.fragment.app.FragmentManager.removeRedundantOperationsAndExecute(FragmentManager.java:2120)
11-12 05:31:17.793 16266 16266 W SelectableSubscriptions: at androidx.fragment.app.FragmentManager.execPendingActions(FragmentManager.java:2022)
11-12 05:31:17.793 16266 16266 W SelectableSubscriptions: at androidx.fragment.app.FragmentManager.executePendingTransactions(FragmentManager.java:603)
11-12 05:31:17.793 16266 16266 W SelectableSubscriptions: at com.android.settings.homepage.SettingsHomepageActivity.addFragment(SettingsHomepageActivity.java:445)
11-12 05:31:17.793 16266 16266 W SelectableSubscriptions: at com.android.settings.homepage.SettingsHomepageActivity.lambda$changeSettingsDetailsFragment$5(SettingsHomepageActivity.java:421)
11-12 05:31:17.793 16266 16266 W SelectableSubscriptions: at com.android.settings.homepage.SettingsHomepageActivity.$r8$lambda$ovL0LP5AA5-Z3MZSBVit2VRFalA(Unknown Source:0)
11-12 05:31:17.793 16266 16266 W SelectableSubscriptions: at com.android.settings.homepage.SettingsHomepageActivity$$ExternalSyntheticLambda3.run(Unknown Source:10)
11-12 05:31:17.793 16266 16266 W SelectableSubscriptions: at android.os.Handler.handleCallback(Handler.java:938)
11-12 05:31:17.793 16266 16266 W SelectableSubscriptions: at android.os.Handler.dispatchMessage(Handler.java:99)
11-12 05:31:17.793 16266 16266 W SelectableSubscriptions: at android.os.Looper.loopOnce(Looper.java:201)
11-12 05:31:17.793 16266 16266 W SelectableSubscriptions: at android.os.Looper.loop(Looper.java:288)
11-12 05:31:17.793 16266 16266 W SelectableSubscriptions: at android.app.ActivityThread.main(ActivityThread.java:7880)
11-12 05:31:17.793 16266 16266 W SelectableSubscriptions: at java.lang.reflect.Method.invoke(Native Method)
11-12 05:31:17.793 16266 16266 W SelectableSubscriptions: at com.android.internal.os.RuntimeInit$MethodAndArgsCaller.run(RuntimeInit.java:548)
11-12 05:31:17.793 16266 16266 W SelectableSubscriptions: at com.android.internal.os.ZygoteInit.main(ZygoteInit.java:1009)
11-12 05:31:17.794 16266 16266 D MobileNetworkSummaryStatus: network summary query ignored
11-12 05:31:17.794 16266 16266 D SubscriptionsChangeListener: Start
11-12 05:31:17.794 1481 1777 W ScanResultUtil: Empty or null ScanResult list
11-12 05:31:17.794 1481 1777 W WifiService: Attempt to retrieve OsuProviders with invalid scanResult List
11-12 05:31:17.794 1481 6339 D TelephonyRegistry: listen oscl: mHasNotifySubscriptionInfoChangedOccurred==false no callback
11-12 05:31:17.795 1481 1725 D ConnectivityService: NetReassign [no changes]
11-12 05:31:17.799 16266 16266 I sysui_multi_action: [757,1729,758,4,854,isParalleledControllers:false,1089,48]
11-12 05:31:17.800 1481 1777 W ScanResultUtil: Empty or null ScanResult list
11-12 05:31:17.800 1481 1777 W WifiService: Attempt to retrieve WifiConfiguration with invalid scanResult List
11-12 05:31:17.801 1481 1777 W ScanResultUtil: Empty or null ScanResult list
11-12 05:31:17.801 1481 1777 E WifiService: Attempt to retrieve passpoint with invalid scanResult List
11-12 05:31:17.801 1481 1777 W ScanResultUtil: Empty or null ScanResult list
11-12 05:31:17.801 1481 1777 W WifiService: Attempt to retrieve OsuProviders with invalid scanResult List
11-12 05:31:17.813 16266 16266 D BluetoothPan: Proxy object connected
11-12 05:31:17.816 16266 16266 D BluetoothPan: Proxy object connected
11-12 05:31:17.830 16266 16266 I sysui_multi_action: [757,746,758,2,1089,41]
11-12 05:31:17.831 16266 16266 D BluetoothPan: Unbinding service...
11-12 05:31:17.832 16266 16266 I TetheringManager: unregisterTetheringEventCallback caller:com.android.settings
11-12 05:31:17.835 16266 16266 D BluetoothPan: Unbinding service...
11-12 05:31:17.837 16266 16266 D PrefCtrlListHelper: Could not find Context-only controller for pref: com.android.settings.notification.ConversationListSummaryPreferenceController
11-12 05:31:17.838 16266 16266 D PrefCtrlListHelper: Could not find Context-only controller for pref: com.android.settings.notification.BubbleSummaryNotificationPreferenceController
11-12 05:31:17.838 16266 16266 D PrefCtrlListHelper: Could not find Context-only controller for pref: com.android.settings.applications.specialaccess.notificationaccess.NotificationAccessController
11-12 05:31:17.838 16266 16266 D PrefCtrlListHelper: Could not find Context-only controller for pref: com.android.settings.notification.RedactNotificationPreferenceController
11-12 05:31:17.838 16266 16266 D PrefCtrlListHelper: Could not find Context-only controller for pref: com.android.settings.biometrics.face.FaceSettingsLockscreenBypassPreferenceController
11-12 05:31:17.839 16266 16266 D PrefCtrlListHelper: Could not find Context-only controller for pref: com.android.settings.notification.zen.ZenModePreferenceController
