11-12 05:05:22.265 1481 1680 I input_interaction: Interaction with: 18adad5 com.android.launcher3/com.android.launcher3.uioverrides.QuickstepLauncher (server), swipe-up (server), edge-swipe (server), PointerEventDispatcher0 (server),
11-12 05:05:22.327 0 0 I auditd : type=1400 audit(0.0:14514): avc: denied { kill } for comm="swapper/1" capability=5 scontext=u:r:kernel:s0 tcontext=u:r:kernel:s0 tclass=capability permissive=0
11-12 05:05:22.696 1481 8123 I wm_task_moved: [43,1,6]
11-12 05:05:22.700 1481 8123 I wm_focused_root_task: [0,0,43,188,RecentsAnimation.onAnimationFinished()]
11-12 05:05:22.700 13484 13484 I wm_on_top_resumed_lost_called: [222512953,com.android.music.VideoBrowserActivity,topStateChangedWhenResumed]
11-12 05:05:22.703 1481 8123 I wm_pause_activity: [0,222512953,com.android.music/.VideoBrowserActivity,userLeaving=false,pauseBackTasks]
11-12 05:05:22.707 1481 8123 I wm_set_resumed_activity: [0,com.android.launcher3/.uioverrides.QuickstepLauncher,resumeTopActivityInnerLocked]
11-12 05:05:22.710 1481 8123 I wm_resume_activity: [0,35371080,44,com.android.launcher3/.uioverrides.QuickstepLauncher]
11-12 05:05:22.710 1481 8123 I wm_add_to_stopping: [0,222512953,com.android.music/.VideoBrowserActivity,makeInvisible]
11-12 05:05:22.712 2522 2522 I wm_on_resume_called: [35371080,com.android.launcher3.uioverrides.QuickstepLauncher,RESUME_ACTIVITY]
11-12 05:05:22.724 1481 1571 I input_focus: [Focus request 18adad5 com.android.launcher3/com.android.launcher3.uioverrides.QuickstepLauncher,reason=UpdateInputWindows]
11-12 05:05:22.725 13484 13484 I wm_on_paused_called: [222512953,com.android.music.VideoBrowserActivity,performPause]
11-12 05:05:22.731 1481 1570 I sysui_multi_action: [757,803,799,window_time_0,802,4]
11-12 05:05:22.732 2522 2522 I wm_on_top_resumed_gained_called: [35371080,com.android.launcher3.uioverrides.QuickstepLauncher,topStateChangedWhenResumed]
11-12 05:05:22.733 1481 6567 I wm_stop_activity: [0,222512953,com.android.music/.VideoBrowserActivity]
11-12 05:05:22.736 1481 1680 I input_focus: [Focus leaving recents_animation_input_consumer (server),reason=NOT_VISIBLE]
11-12 05:05:22.737 1481 1680 I input_focus: [Focus entering 18adad5 com.android.launcher3/com.android.launcher3.uioverrides.QuickstepLauncher (server),reason=setFocusedWindow]
11-12 05:05:22.744 1481 1570 I sysui_multi_action: [757,803,799,window_time_0,802,0]
11-12 05:05:22.748 13484 13484 I wm_on_stop_called: [222512953,com.android.music.VideoBrowserActivity,STOP_ACTIVITY_ITEM]
11-12 05:05:22.803 1481 1680 I input_interaction: Interaction with: 18adad5 com.android.launcher3/com.android.launcher3.uioverrides.QuickstepLauncher (server), 7fba367 com.android.systemui.ImageWallpaper (server), swipe-up (server), edge-swipe (server), PointerEventDispatcher0 (server),
11-12 05:05:22.824 1481 1980 I wm_finish_activity: [0,222512953,188,com.android.music/.VideoBrowserActivity,recent-task-trimmed]
11-12 05:05:22.824 1481 1980 I wm_destroy_activity: [0,222512953,188,com.android.music/.VideoBrowserActivity,finish-imm:finishIfPossible]
11-12 05:05:22.826 1481 1570 I am_kill : [0,13484,com.android.music,900,remove task]
11-12 05:05:22.826 1481 1570 I sysui_multi_action: [757,803,799,window_time_0,802,0]
11-12 05:05:22.870 1481 8968 I am_proc_died: [0,13484,com.android.music,900,18]
11-12 05:05:22.879 1481 8968 I am_uid_stopped: 10084
11-12 05:05:22.882 1481 8968 I wm_task_removed: [188,removeChild:removeChild last r=ActivityRecord{d434739 u0 com.android.music/.VideoBrowserActivity t-1 f}} in t=Task{a933c30 #188 type=standard A=10084:android.task.video U=0 visible=false mode=fullscreen translucent=true sz=0}]
11-12 05:05:22.882 1481 8968 I wm_task_removed: [188,removeChild]
11-12 05:05:22.890 1481 1570 I am_uid_running: 10084
11-12 05:05:22.902 1481 1604 I am_proc_start: [0,14097,10084,com.android.music,NULL,]
11-12 05:05:22.934 1481 8968 I am_proc_bound: [0,14097,com.android.music]
11-12 05:05:23.327 0 0 I auditd : type=1400 audit(0.0:14515): avc: denied { kill } for comm="swapper/1" capability=5 scontext=u:r:kernel:s0 tcontext=u:r:kernel:s0 tclass=capability permissive=0
11-12 05:05:24.327 0 0 I auditd : type=1400 audit(0.0:14516): avc: denied { kill } for comm="swapper/1" capability=5 scontext=u:r:kernel:s0 tcontext=u:r:kernel:s0 tclass=capability permissive=0
11-12 05:05:25.327 0 0 I auditd : type=1400 audit(0.0:14517): avc: denied { kill } for comm="swapper/1" capability=5 scontext=u:r:kernel:s0 tcontext=u:r:kernel:s0 tclass=capability permissive=0
11-12 05:05:26.327 0 0 I auditd : type=1400 audit(0.0:14518): avc: denied { kill } for comm="swapper/1" capability=5 scontext=u:r:kernel:s0 tcontext=u:r:kernel:s0 tclass=capability permissive=0
11-12 05:05:27.327 0 0 I auditd : type=1400 audit(0.0:14519): avc: denied { kill } for comm="swapper/1" capability=5 scontext=u:r:kernel:s0 tcontext=u:r:kernel:s0 tclass=capability permissive=0
11-12 05:05:28.327 0 0 I auditd : type=1400 audit(0.0:14520): avc: denied { kill } for comm="swapper/1" capability=5 scontext=u:r:kernel:s0 tcontext=u:r:kernel:s0 tclass=capability permissive=0
11-12 05:05:29.327 0 0 I auditd : type=1400 audit(0.0:14521): avc: denied { kill } for comm="swapper/1" capability=5 scontext=u:r:kernel:s0 tcontext=u:r:kernel:s0 tclass=capability permissive=0
11-12 05:05:30.327 0 0 I auditd : type=1400 audit(0.0:14522): avc: denied { kill } for comm="swapper/1" capability=5 scontext=u:r:kernel:s0 tcontext=u:r:kernel:s0 tclass=capability permissive=0
11-12 05:05:31.327 0 0 I auditd : type=1400 audit(0.0:14523): avc: denied { kill } for comm="swapper/1" capability=5 scontext=u:r:kernel:s0 tcontext=u:r:kernel:s0 tclass=capability permissive=0
11-12 05:05:32.327 0 0 I auditd : type=1400 audit(0.0:14524): avc: denied { kill } for comm="swapper/1" capability=5 scontext=u:r:kernel:s0 tcontext=u:r:kernel:s0 tclass=capability permissive=0
11-12 05:05:33.327 0 0 I auditd : type=1400 audit(0.0:14525): avc: denied { kill } for comm="swapper/1" capability=5 scontext=u:r:kernel:s0 tcontext=u:r:kernel:s0 tclass=capability permissive=0
11-12 05:05:34.327 0 0 I auditd : type=1400 audit(0.0:14526): avc: denied { kill } for comm="swapper/1" capability=5 scontext=u:r:kernel:s0 tcontext=u:r:kernel:s0 tclass=capability permissive=0
11-12 05:05:35.327 0 0 I auditd : type=1400 audit(0.0:14527): avc: denied { kill } for comm="swapper/1" capability=5 scontext=u:r:kernel:s0 tcontext=u:r:kernel:s0 tclass=capability permissive=0
11-12 05:05:36.327 0 0 I auditd : type=1400 audit(0.0:14528): avc: denied { kill } for comm="swapper/1" capability=5 scontext=u:r:kernel:s0 tcontext=u:r:kernel:s0 tclass=capability permissive=0
11-12 05:05:37.327 0 0 I auditd : type=1400 audit(0.0:14529): avc: denied { kill } for comm="swapper/1" capability=5 scontext=u:r:kernel:s0 tcontext=u:r:kernel:s0 tclass=capability permissive=0
11-12 05:05:38.327 0 0 I auditd : type=1400 audit(0.0:14530): avc: denied { kill } for comm="swapper/1" capability=5 scontext=u:r:kernel:s0 tcontext=u:r:kernel:s0 tclass=capability permissive=0
11-12 05:05:39.327 0 0 I auditd : type=1400 audit(0.0:14531): avc: denied { kill } for comm="swapper/1" capability=5 scontext=u:r:kernel:s0 tcontext=u:r:kernel:s0 tclass=capability permissive=0
11-12 05:05:40.327 0 0 I auditd : type=1400 audit(0.0:14532): avc: denied { kill } for comm="swapper/1" capability=5 scontext=u:r:kernel:s0 tcontext=u:r:kernel:s0 tclass=capability permissive=0
11-12 05:05:41.327 0 0 I auditd : type=1400 audit(0.0:14533): avc: denied { kill } for comm="swapper/1" capability=5 scontext=u:r:kernel:s0 tcontext=u:r:kernel:s0 tclass=capability permissive=0
11-12 05:05:42.327 0 0 I auditd : type=1400 audit(0.0:14534): avc: denied { kill } for comm="swapper/1" capability=5 scontext=u:r:kernel:s0 tcontext=u:r:kernel:s0 tclass=capability permissive=0
11-12 05:05:43.327 0 0 I auditd : type=1400 audit(0.0:14535): avc: denied { kill } for comm="swapper/1" capability=5 scontext=u:r:kernel:s0 tcontext=u:r:kernel:s0 tclass=capability permissive=0
11-12 05:05:44.327 0 0 I auditd : type=1400 audit(0.0:14536): avc: denied { kill } for comm="swapper/1" capability=5 scontext=u:r:kernel:s0 tcontext=u:r:kernel:s0 tclass=capability permissive=0
11-12 05:05:45.327 0 0 I auditd : type=1400 audit(0.0:14537): avc: denied { kill } for comm="swapper/1" capability=5 scontext=u:r:kernel:s0 tcontext=u:r:kernel:s0 tclass=capability permissive=0
11-12 05:05:46.327 0 0 I auditd : type=1400 audit(0.0:14538): avc: denied { kill } for comm="swapper/1" capability=5 scontext=u:r:kernel:s0 tcontext=u:r:kernel:s0 tclass=capability permissive=0
11-12 05:05:47.327 0 0 I auditd : type=1400 audit(0.0:14539): avc: denied { kill } for comm="swapper/1" capability=5 scontext=u:r:kernel:s0 tcontext=u:r:kernel:s0 tclass=capability permissive=0
11-12 05:05:48.327 0 0 I auditd : type=1400 audit(0.0:14540): avc: denied { kill } for comm="swapper/1" capability=5 scontext=u:r:kernel:s0 tcontext=u:r:kernel:s0 tclass=capability permissive=0
11-12 05:05:49.327 0 0 I auditd : type=1400 audit(0.0:14541): avc: denied { kill } for comm="swapper/1" capability=5 scontext=u:r:kernel:s0 tcontext=u:r:kernel:s0 tclass=capability permissive=0
11-12 05:05:50.248 1481 1603 I am_uid_idle: 10051
11-12 05:05:50.327 0 0 I auditd : type=1400 audit(0.0:14542): avc: denied { kill } for comm="swapper/1" capability=5 scontext=u:r:kernel:s0 tcontext=u:r:kernel:s0 tclass=capability permissive=0
11-12 05:05:51.327 0 0 I auditd : type=1400 audit(0.0:14543): avc: denied { kill } for comm="swapper/1" capability=5 scontext=u:r:kernel:s0 tcontext=u:r:kernel:s0 tclass=capability permissive=0
11-12 05:05:52.327 0 0 I auditd : type=1400 audit(0.0:14544): avc: denied { kill } for comm="swapper/1" capability=5 scontext=u:r:kernel:s0 tcontext=u:r:kernel:s0 tclass=capability permissive=0
11-12 05:05:53.327 0 0 I auditd : type=1400 audit(0.0:14545): avc: denied { kill } for comm="swapper/1" capability=5 scontext=u:r:kernel:s0 tcontext=u:r:kernel:s0 tclass=capability permissive=0
11-12 05:05:53.907 1481 1603 I am_uid_idle: 10063
11-12 05:05:54.327 0 0 I auditd : type=1400 audit(0.0:14546): avc: denied { kill } for comm="swapper/1" capability=5 scontext=u:r:kernel:s0 tcontext=u:r:kernel:s0 tclass=capability permissive=0
11-12 05:05:55.327 0 0 I auditd : type=1400 audit(0.0:14547): avc: denied { kill } for comm="swapper/1" capability=5 scontext=u:r:kernel:s0 tcontext=u:r:kernel:s0 tclass=capability permissive=0
11-12 05:05:56.327 0 0 I auditd : type=1400 audit(0.0:14548): avc: denied { kill } for comm="swapper/1" capability=5 scontext=u:r:kernel:s0 tcontext=u:r:kernel:s0 tclass=capability permissive=0
11-12 05:05:57.327 0 0 I auditd : type=1400 audit(0.0:14549): avc: denied { kill } for comm="swapper/1" capability=5 scontext=u:r:kernel:s0 tcontext=u:r:kernel:s0 tclass=capability permissive=0
11-12 05:05:58.327 0 0 I auditd : type=1400 audit(0.0:14550): avc: denied { kill } for comm="swapper/1" capability=5 scontext=u:r:kernel:s0 tcontext=u:r:kernel:s0 tclass=capability permissive=0
11-12 05:05:59.327 0 0 I auditd : type=1400 audit(0.0:14551): avc: denied { kill } for comm="swapper/1" capability=5 scontext=u:r:kernel:s0 tcontext=u:r:kernel:s0 tclass=capability permissive=0
11-12 05:06:00.327 0 0 I auditd : type=1400 audit(0.0:14552): avc: denied { kill } for comm="swapper/1" capability=5 scontext=u:r:kernel:s0 tcontext=u:r:kernel:s0 tclass=capability permissive=0
11-12 05:06:01.327 0 0 I auditd : type=1400 audit(0.0:14553): avc: denied { kill } for comm="swapper/1" capability=5 scontext=u:r:kernel:s0 tcontext=u:r:kernel:s0 tclass=capability permissive=0
11-12 05:06:02.327 0 0 I auditd : type=1400 audit(0.0:14554): avc: denied { kill } for comm="swapper/1" capability=5 scontext=u:r:kernel:s0 tcontext=u:r:kernel:s0 tclass=capability permissive=0
11-12 05:06:03.327 0 0 I auditd : type=1400 audit(0.0:14555): avc: denied { kill } for comm="swapper/1" capability=5 scontext=u:r:kernel:s0 tcontext=u:r:kernel:s0 tclass=capability permissive=0
11-12 05:06:04.327 0 0 I auditd : type=1400 audit(0.0:14556): avc: denied { kill } for comm="swapper/1" capability=5 scontext=u:r:kernel:s0 tcontext=u:r:kernel:s0 tclass=capability permissive=0
11-12 05:06:05.327 0 0 I auditd : type=1400 audit(0.0:14557): avc: denied { kill } for comm="swapper/1" capability=5 scontext=u:r:kernel:s0 tcontext=u:r:kernel:s0 tclass=capability permissive=0
11-12 05:06:06.327 0 0 I auditd : type=1400 audit(0.0:14558): avc: denied { kill } for comm="swapper/1" capability=5 scontext=u:r:kernel:s0 tcontext=u:r:kernel:s0 tclass=capability permissive=0
11-12 05:06:07.327 0 0 I auditd : type=1400 audit(0.0:14559): avc: denied { kill } for comm="swapper/1" capability=5 scontext=u:r:kernel:s0 tcontext=u:r:kernel:s0 tclass=capability permissive=0
11-12 05:06:08.327 0 0 I auditd : type=1400 audit(0.0:14560): avc: denied { kill } for comm="swapper/1" capability=5 scontext=u:r:kernel:s0 tcontext=u:r:kernel:s0 tclass=capability permissive=0
11-12 05:06:09.327 0 0 I auditd : type=1400 audit(0.0:14561): avc: denied { kill } for comm="swapper/1" capability=5 scontext=u:r:kernel:s0 tcontext=u:r:kernel:s0 tclass=capability permissive=0
11-12 05:06:10.327 0 0 I auditd : type=1400 audit(0.0:14562): avc: denied { kill } for comm="swapper/1" capability=5 scontext=u:r:kernel:s0 tcontext=u:r:kernel:s0 tclass=capability permissive=0
11-12 05:06:11.327 0 0 I auditd : type=1400 audit(0.0:14563): avc: denied { kill } for comm="swapper/1" capability=5 scontext=u:r:kernel:s0 tcontext=u:r:kernel:s0 tclass=capability permissive=0
11-12 05:06:12.327 0 0 I auditd : type=1400 audit(0.0:14564): avc: denied { kill } for comm="swapper/1" capability=5 scontext=u:r:kernel:s0 tcontext=u:r:kernel:s0 tclass=capability permissive=0
11-12 05:06:13.327 0 0 I auditd : type=1400 audit(0.0:14565): avc: denied { kill } for comm="swapper/1" capability=5 scontext=u:r:kernel:s0 tcontext=u:r:kernel:s0 tclass=capability permissive=0
11-12 05:06:14.327 0 0 I auditd : type=1400 audit(0.0:14566): avc: denied { kill } for comm="swapper/1" capability=5 scontext=u:r:kernel:s0 tcontext=u:r:kernel:s0 tclass=capability permissive=0
11-12 05:06:15.327 0 0 I auditd : type=1400 audit(0.0:14567): avc: denied { kill } for comm="swapper/1" capability=5 scontext=u:r:kernel:s0 tcontext=u:r:kernel:s0 tclass=capability permissive=0
11-12 05:06:15.813 1481 1620 I sysui_multi_action: [757,1696,758,6,759,2]
11-12 05:06:15.824 1481 1603 I am_wtf : [0,1481,system_server,-1,DisplayDeviceConfig,requesting nits when no mapping exists.]
11-12 05:06:15.827 1481 1603 I am_wtf : [0,1481,system_server,-1,DisplayDeviceConfig,requesting nits when no mapping exists.]
11-12 05:06:15.839 1481 1603 I am_wtf : [0,1481,system_server,-1,DisplayDeviceConfig,requesting nits when no mapping exists.]
11-12 05:06:15.841 1481 1603 I am_wtf : [0,1481,system_server,-1,DisplayDeviceConfig,requesting nits when no mapping exists.]
11-12 05:06:15.843 1481 1603 I am_wtf : [0,1481,system_server,-1,DisplayDeviceConfig,requesting nits when no mapping exists.]
11-12 05:06:15.845 1481 1603 I am_wtf : [0,1481,system_server,-1,DisplayDeviceConfig,requesting nits when no mapping exists.]
11-12 05:06:15.859 1481 1603 I am_wtf : [0,1481,system_server,-1,DisplayDeviceConfig,requesting nits when no mapping exists.]
11-12 05:06:15.860 1481 1603 I am_wtf : [0,1481,system_server,-1,DisplayDeviceConfig,requesting nits when no mapping exists.]
11-12 05:06:15.877 1481 1603 I am_wtf : [0,1481,system_server,-1,DisplayDeviceConfig,requesting nits when no mapping exists.]
11-12 05:06:15.878 1481 1603 I am_wtf : [0,1481,system_server,-1,DisplayDeviceConfig,requesting nits when no mapping exists.]
11-12 05:06:15.894 1481 1603 I am_wtf : [0,1481,system_server,-1,DisplayDeviceConfig,requesting nits when no mapping exists.]
11-12 05:06:15.895 1481 1603 I am_wtf : [0,1481,system_server,-1,DisplayDeviceConfig,requesting nits when no mapping exists.]
11-12 05:06:15.911 1481 1603 I am_wtf : [0,1481,system_server,-1,DisplayDeviceConfig,requesting nits when no mapping exists.]
11-12 05:06:15.912 1481 1603 I am_wtf : [0,1481,system_server,-1,DisplayDeviceConfig,requesting nits when no mapping exists.]
11-12 05:06:15.928 1481 1603 I am_wtf : [0,1481,system_server,-1,DisplayDeviceConfig,requesting nits when no mapping exists.]
11-12 05:06:15.929 1481 1603 I am_wtf : [0,1481,system_server,-1,DisplayDeviceConfig,requesting nits when no mapping exists.]
11-12 05:06:15.944 1481 1603 I am_wtf : [0,1481,system_server,-1,DisplayDeviceConfig,requesting nits when no mapping exists.]
11-12 05:06:15.945 1481 1603 I am_wtf : [0,1481,system_server,-1,DisplayDeviceConfig,requesting nits when no mapping exists.]
11-12 05:06:15.961 1481 1603 I am_wtf : [0,1481,system_server,-1,DisplayDeviceConfig,requesting nits when no mapping exists.]
11-12 05:06:15.962 1481 1603 I am_wtf : [0,1481,system_server,-1,DisplayDeviceConfig,requesting nits when no mapping exists.]
11-12 05:06:15.978 1481 1603 I am_wtf : [0,1481,system_server,-1,DisplayDeviceConfig,requesting nits when no mapping exists.]
11-12 05:06:15.978 1481 1603 I am_wtf : [0,1481,system_server,-1,DisplayDeviceConfig,requesting nits when no mapping exists.]
11-12 05:06:15.994 1481 1603 I am_wtf : [0,1481,system_server,-1,DisplayDeviceConfig,requesting nits when no mapping exists.]
11-12 05:06:15.995 1481 1603 I am_wtf : [0,1481,system_server,-1,DisplayDeviceConfig,requesting nits when no mapping exists.]
11-12 05:06:16.011 1481 1603 I am_wtf : [0,1481,system_server,-1,DisplayDeviceConfig,requesting nits when no mapping exists.]
11-12 05:06:16.012 1481 1603 I am_wtf : [0,1481,system_server,-1,DisplayDeviceConfig,requesting nits when no mapping exists.]
11-12 05:06:16.027 1481 1603 I am_wtf : [0,1481,system_server,-1,DisplayDeviceConfig,requesting nits when no mapping exists.]
11-12 05:06:16.028 1481 1603 I am_wtf : [0,1481,system_server,-1,DisplayDeviceConfig,requesting nits when no mapping exists.]
11-12 05:06:16.044 1481 1603 I am_wtf : [0,1481,system_server,-1,DisplayDeviceConfig,requesting nits when no mapping exists.]
11-12 05:06:16.045 1481 1603 I am_wtf : [0,1481,system_server,-1,DisplayDeviceConfig,requesting nits when no mapping exists.]
11-12 05:06:16.061 1481 1603 I am_wtf : [0,1481,system_server,-1,DisplayDeviceConfig,requesting nits when no mapping exists.]
11-12 05:06:16.062 1481 1603 I service_manager_stats: [100,104,80660]
11-12 05:06:16.062 1481 1603 I am_wtf : [0,1481,system_server,-1,DisplayDeviceConfig,requesting nits when no mapping exists.]
11-12 05:06:16.078 1481 1603 I am_wtf : [0,1481,system_server,-1,DisplayDeviceConfig,requesting nits when no mapping exists.]
11-12 05:06:16.079 1481 1603 I am_wtf : [0,1481,system_server,-1,DisplayDeviceConfig,requesting nits when no mapping exists.]
11-12 05:06:16.094 1481 1603 I am_wtf : [0,1481,system_server,-1,DisplayDeviceConfig,requesting nits when no mapping exists.]
11-12 05:06:16.095 1481 1603 I am_wtf : [0,1481,system_server,-1,DisplayDeviceConfig,requesting nits when no mapping exists.]
11-12 05:06:16.111 1481 1603 I am_wtf : [0,1481,system_server,-1,DisplayDeviceConfig,requesting nits when no mapping exists.]
11-12 05:06:16.112 1481 1603 I am_wtf : [0,1481,system_server,-1,DisplayDeviceConfig,requesting nits when no mapping exists.]
11-12 05:06:16.128 1481 1603 I am_wtf : [0,1481,system_server,-1,DisplayDeviceConfig,requesting nits when no mapping exists.]
11-12 05:06:16.129 1481 1603 I am_wtf : [0,1481,system_server,-1,DisplayDeviceConfig,requesting nits when no mapping exists.]
11-12 05:06:16.145 1481 1603 I am_wtf : [0,1481,system_server,-1,DisplayDeviceConfig,requesting nits when no mapping exists.]
11-12 05:06:16.146 1481 1603 I am_wtf : [0,1481,system_server,-1,DisplayDeviceConfig,requesting nits when no mapping exists.]
11-12 05:06:16.161 1481 1603 I am_wtf : [0,1481,system_server,-1,DisplayDeviceConfig,requesting nits when no mapping exists.]
11-12 05:06:16.162 1481 1603 I am_wtf : [0,1481,system_server,-1,DisplayDeviceConfig,requesting nits when no mapping exists.]
11-12 05:06:16.178 1481 1603 I am_wtf : [0,1481,system_server,-1,DisplayDeviceConfig,requesting nits when no mapping exists.]
11-12 05:06:16.178 1481 1603 I am_wtf : [0,1481,system_server,-1,DisplayDeviceConfig,requesting nits when no mapping exists.]
11-12 05:06:16.194 1481 1603 I am_wtf : [0,1481,system_server,-1,DisplayDeviceConfig,requesting nits when no mapping exists.]
11-12 05:06:16.195 1481 1603 I am_wtf : [0,1481,system_server,-1,DisplayDeviceConfig,requesting nits when no mapping exists.]
11-12 05:06:16.211 1481 1603 I am_wtf : [0,1481,system_server,-1,DisplayDeviceConfig,requesting nits when no mapping exists.]
11-12 05:06:16.212 1481 1603 I am_wtf : [0,1481,system_server,-1,DisplayDeviceConfig,requesting nits when no mapping exists.]
11-12 05:06:16.229 1481 1603 I am_wtf : [0,1481,system_server,-1,DisplayDeviceConfig,requesting nits when no mapping exists.]
11-12 05:06:16.230 1481 1603 I am_wtf : [0,1481,system_server,-1,DisplayDeviceConfig,requesting nits when no mapping exists.]
11-12 05:06:16.245 1481 1603 I am_wtf : [0,1481,system_server,-1,DisplayDeviceConfig,requesting nits when no mapping exists.]
11-12 05:06:16.246 1481 1603 I am_wtf : [0,1481,system_server,-1,DisplayDeviceConfig,requesting nits when no mapping exists.]
11-12 05:06:16.269 1481 1603 I am_wtf : [0,1481,system_server,-1,DisplayDeviceConfig,requesting nits when no mapping exists.]
11-12 05:06:16.270 1481 1603 I am_wtf : [0,1481,system_server,-1,DisplayDeviceConfig,requesting nits when no mapping exists.]
11-12 05:06:16.278 1481 1603 I am_wtf : [0,1481,system_server,-1,DisplayDeviceConfig,requesting nits when no mapping exists.]
11-12 05:06:16.280 1481 1603 I am_wtf : [0,1481,system_server,-1,DisplayDeviceConfig,requesting nits when no mapping exists.]
11-12 05:06:16.295 1481 1603 I am_wtf : [0,1481,system_server,-1,DisplayDeviceConfig,requesting nits when no mapping exists.]
11-12 05:06:16.296 1481 1603 I am_wtf : [0,1481,system_server,-1,DisplayDeviceConfig,requesting nits when no mapping exists.]
11-12 05:06:16.311 1481 1603 I am_wtf : [0,1481,system_server,-1,DisplayDeviceConfig,requesting nits when no mapping exists.]
11-12 05:06:16.311 1481 1603 I am_wtf : [0,1481,system_server,-1,DisplayDeviceConfig,requesting nits when no mapping exists.]
11-12 05:06:16.328 1481 1603 I am_wtf : [0,1481,system_server,-1,DisplayDeviceConfig,requesting nits when no mapping exists.]
11-12 05:06:16.327 0 0 I auditd : type=1400 audit(0.0:14568): avc: denied { kill } for comm="swapper/1" capability=5 scontext=u:r:kernel:s0 tcontext=u:r:kernel:s0 tclass=capability permissive=0
11-12 05:06:16.329 1481 1603 I am_wtf : [0,1481,system_server,-1,DisplayDeviceConfig,requesting nits when no mapping exists.]
11-12 05:06:16.345 1481 1603 I am_wtf : [0,1481,system_server,-1,DisplayDeviceConfig,requesting nits when no mapping exists.]
11-12 05:06:16.346 1481 1603 I am_wtf : [0,1481,system_server,-1,DisplayDeviceConfig,requesting nits when no mapping exists.]
11-12 05:06:16.361 1481 1603 I am_wtf : [0,1481,system_server,-1,DisplayDeviceConfig,requesting nits when no mapping exists.]
11-12 05:06:16.362 1481 1603 I am_wtf : [0,1481,system_server,-1,DisplayDeviceConfig,requesting nits when no mapping exists.]
11-12 05:06:16.378 1481 1603 I am_wtf : [0,1481,system_server,-1,DisplayDeviceConfig,requesting nits when no mapping exists.]
11-12 05:06:16.379 1481 1603 I am_wtf : [0,1481,system_server,-1,DisplayDeviceConfig,requesting nits when no mapping exists.]
11-12 05:06:16.395 1481 1603 I am_wtf : [0,1481,system_server,-1,DisplayDeviceConfig,requesting nits when no mapping exists.]
11-12 05:06:16.396 1481 1603 I am_wtf : [0,1481,system_server,-1,DisplayDeviceConfig,requesting nits when no mapping exists.]
11-12 05:06:16.412 1481 1603 I am_wtf : [0,1481,system_server,-1,DisplayDeviceConfig,requesting nits when no mapping exists.]
11-12 05:06:16.412 1481 1603 I am_wtf : [0,1481,system_server,-1,DisplayDeviceConfig,requesting nits when no mapping exists.]
11-12 05:06:16.429 1481 1603 I am_wtf : [0,1481,system_server,-1,DisplayDeviceConfig,requesting nits when no mapping exists.]
11-12 05:06:16.431 1481 1603 I am_wtf : [0,1481,system_server,-1,DisplayDeviceConfig,requesting nits when no mapping exists.]
11-12 05:06:16.445 1481 1603 I am_wtf : [0,1481,system_server,-1,DisplayDeviceConfig,requesting nits when no mapping exists.]
11-12 05:06:16.446 1481 1603 I am_wtf : [0,1481,system_server,-1,DisplayDeviceConfig,requesting nits when no mapping exists.]
11-12 05:06:16.461 1481 1603 I am_wtf : [0,1481,system_server,-1,DisplayDeviceConfig,requesting nits when no mapping exists.]
11-12 05:06:16.462 1481 1603 I am_wtf : [0,1481,system_server,-1,DisplayDeviceConfig,requesting nits when no mapping exists.]
11-12 05:06:16.479 1481 1603 I am_wtf : [0,1481,system_server,-1,DisplayDeviceConfig,requesting nits when no mapping exists.]
11-12 05:06:16.480 1481 1603 I am_wtf : [0,1481,system_server,-1,DisplayDeviceConfig,requesting nits when no mapping exists.]
11-12 05:06:16.495 1481 1603 I am_wtf : [0,1481,system_server,-1,DisplayDeviceConfig,requesting nits when no mapping exists.]
11-12 05:06:16.496 1481 1603 I am_wtf : [0,1481,system_server,-1,DisplayDeviceConfig,requesting nits when no mapping exists.]
11-12 05:06:16.517 1481 1603 I am_wtf : [0,1481,system_server,-1,DisplayDeviceConfig,requesting nits when no mapping exists.]
11-12 05:06:16.518 1481 1603 I am_wtf : [0,1481,system_server,-1,DisplayDeviceConfig,requesting nits when no mapping exists.]
11-12 05:06:16.529 1481 1603 I am_wtf : [0,1481,system_server,-1,DisplayDeviceConfig,requesting nits when no mapping exists.]
11-12 05:06:16.530 1481 1603 I am_wtf : [0,1481,system_server,-1,DisplayDeviceConfig,requesting nits when no mapping exists.]
11-12 05:06:16.545 1481 1603 I am_wtf : [0,1481,system_server,-1,DisplayDeviceConfig,requesting nits when no mapping exists.]
11-12 05:06:16.546 1481 1603 I am_wtf : [0,1481,system_server,-1,DisplayDeviceConfig,requesting nits when no mapping exists.]
11-12 05:06:16.562 1481 1603 I am_wtf : [0,1481,system_server,-1,DisplayDeviceConfig,requesting nits when no mapping exists.]
11-12 05:06:16.562 1481 1603 I am_wtf : [0,1481,system_server,-1,DisplayDeviceConfig,requesting nits when no mapping exists.]
11-12 05:06:16.580 1481 1603 I am_wtf : [0,1481,system_server,-1,DisplayDeviceConfig,requesting nits when no mapping exists.]
11-12 05:06:16.581 1481 1603 I am_wtf : [0,1481,system_server,-1,DisplayDeviceConfig,requesting nits when no mapping exists.]
11-12 05:06:16.596 1481 1603 I am_wtf : [0,1481,system_server,-1,DisplayDeviceConfig,requesting nits when no mapping exists.]
11-12 05:06:16.596 1481 1603 I am_wtf : [0,1481,system_server,-1,DisplayDeviceConfig,requesting nits when no mapping exists.]
11-12 05:06:16.612 1481 1603 I am_wtf : [0,1481,system_server,-1,DisplayDeviceConfig,requesting nits when no mapping exists.]
11-12 05:06:16.613 1481 1603 I am_wtf : [0,1481,system_server,-1,DisplayDeviceConfig,requesting nits when no mapping exists.]
11-12 05:06:16.630 1481 1603 I am_wtf : [0,1481,system_server,-1,DisplayDeviceConfig,requesting nits when no mapping exists.]
11-12 05:06:16.631 1481 1603 I am_wtf : [0,1481,system_server,-1,DisplayDeviceConfig,requesting nits when no mapping exists.]
11-12 05:06:16.646 1481 1603 I am_wtf : [0,1481,system_server,-1,DisplayDeviceConfig,requesting nits when no mapping exists.]
11-12 05:06:16.648 1481 1603 I am_wtf : [0,1481,system_server,-1,DisplayDeviceConfig,requesting nits when no mapping exists.]
11-12 05:06:16.663 1481 1603 I am_wtf : [0,1481,system_server,-1,DisplayDeviceConfig,requesting nits when no mapping exists.]
11-12 05:06:16.665 1481 1603 I am_wtf : [0,1481,system_server,-1,DisplayDeviceConfig,requesting nits when no mapping exists.]
11-12 05:06:16.681 1481 1603 I am_wtf : [0,1481,system_server,-1,DisplayDeviceConfig,requesting nits when no mapping exists.]
11-12 05:06:16.683 1481 1603 I am_wtf : [0,1481,system_server,-1,DisplayDeviceConfig,requesting nits when no mapping exists.]
11-12 05:06:16.695 1481 1603 I am_wtf : [0,1481,system_server,-1,DisplayDeviceConfig,requesting nits when no mapping exists.]
11-12 05:06:16.696 1481 1603 I am_wtf : [0,1481,system_server,-1,DisplayDeviceConfig,requesting nits when no mapping exists.]
11-12 05:06:16.713 1481 1603 I am_wtf : [0,1481,system_server,-1,DisplayDeviceConfig,requesting nits when no mapping exists.]
11-12 05:06:16.714 1481 1603 I am_wtf : [0,1481,system_server,-1,DisplayDeviceConfig,requesting nits when no mapping exists.]
11-12 05:06:16.729 1481 1603 I am_wtf : [0,1481,system_server,-1,DisplayDeviceConfig,requesting nits when no mapping exists.]
11-12 05:06:16.730 1481 1603 I am_wtf : [0,1481,system_server,-1,DisplayDeviceConfig,requesting nits when no mapping exists.]
11-12 05:06:16.746 1481 1603 I am_wtf : [0,1481,system_server,-1,DisplayDeviceConfig,requesting nits when no mapping exists.]
11-12 05:06:16.747 1481 1603 I am_wtf : [0,1481,system_server,-1,DisplayDeviceConfig,requesting nits when no mapping exists.]
11-12 05:06:16.763 1481 1603 I am_wtf : [0,1481,system_server,-1,DisplayDeviceConfig,requesting nits when no mapping exists.]
11-12 05:06:16.764 1481 1603 I am_wtf : [0,1481,system_server,-1,DisplayDeviceConfig,requesting nits when no mapping exists.]
11-12 05:06:17.327 0 0 I auditd : type=1400 audit(0.0:14569): avc: denied { kill } for comm="swapper/1" capability=5 scontext=u:r:kernel:s0 tcontext=u:r:kernel:s0 tclass=capability permissive=0
11-12 05:06:18.087 1481 1703 I netstats_mobile_sample: [0,0,0,0,0,0,0,0,0,0,0,0,1668200778086]
11-12 05:06:18.087 1481 1703 I netstats_wifi_sample: [462359002,1054323,160160484,361301,462359002,1054323,160160484,361301,698301477,1935857,80399471,183805,1668200778086]
11-12 05:06:18.327 0 0 I auditd : type=1400 audit(0.0:14570): avc: denied { kill } for comm="swapper/1" capability=5 scontext=u:r:kernel:s0 tcontext=u:r:kernel:s0 tclass=capability permissive=0
11-12 05:06:18.634 1481 1603 I am_uid_idle: 10089
11-12 05:06:19.327 0 0 I auditd : type=1400 audit(0.0:14571): avc: denied { kill } for comm="swapper/1" capability=5 scontext=u:r:kernel:s0 tcontext=u:r:kernel:s0 tclass=capability permissive=0
11-12 05:06:20.327 0 0 I auditd : type=1400 audit(0.0:14572): avc: denied { kill } for comm="swapper/1" capability=5 scontext=u:r:kernel:s0 tcontext=u:r:kernel:s0 tclass=capability permissive=0
11-12 05:06:21.327 0 0 I auditd : type=1400 audit(0.0:14573): avc: denied { kill } for comm="swapper/1" capability=5 scontext=u:r:kernel:s0 tcontext=u:r:kernel:s0 tclass=capability permissive=0
11-12 05:06:22.327 0 0 I auditd : type=1400 audit(0.0:14574): avc: denied { kill } for comm="swapper/1" capability=5 scontext=u:r:kernel:s0 tcontext=u:r:kernel:s0 tclass=capability permissive=0
11-12 05:06:22.823 1481 1567 I sysui_multi_action: [757,222,758,1]
11-12 05:06:22.826 1481 1567 I am_uid_active: 10051
11-12 05:06:22.830 1481 1602 I am_pss : [14097,10084,com.android.music,6654976,4743168,0,91975680,0,19,10]
11-12 05:06:22.852 1481 2072 I wm_task_created: [189,-1]
11-12 05:06:22.855 1481 2072 I wm_task_moved: [189,1,6]
11-12 05:06:22.855 1481 2072 I wm_task_to_front: [0,189]
11-12 05:06:22.855 1481 2072 I wm_create_task: [0,189]
11-12 05:06:22.856 1481 2072 I wm_create_activity: [0,197765732,189,com.thundercomm.screensaver/android.service.dreams.DreamActivity,NULL,NULL,NULL,276824064]
11-12 05:06:22.856 1481 2072 I wm_task_moved: [189,1,6]
11-12 05:06:22.856 2522 2522 I wm_on_top_resumed_lost_called: [35371080,com.android.launcher3.uioverrides.QuickstepLauncher,topStateChangedWhenResumed]
11-12 05:06:22.858 1481 2072 I wm_pause_activity: [0,35371080,com.android.launcher3/.uioverrides.QuickstepLauncher,userLeaving=true,pauseBackTasks]
11-12 05:06:22.862 2522 2522 I wm_on_paused_called: [35371080,com.android.launcher3.uioverrides.QuickstepLauncher,performPause]
11-12 05:06:22.867 1481 2072 I wm_add_to_stopping: [0,35371080,com.android.launcher3/.uioverrides.QuickstepLauncher,makeInvisible]
11-12 05:06:22.868 1481 2072 I wm_restart_activity: [0,197765732,189,com.thundercomm.screensaver/android.service.dreams.DreamActivity]
11-12 05:06:22.870 1481 2072 I wm_set_resumed_activity: [0,com.thundercomm.screensaver/android.service.dreams.DreamActivity,minimalResumeActivityLocked]
11-12 05:06:22.884 4169 4169 I wm_on_create_called: [197765732,android.service.dreams.DreamActivity,performCreate]
11-12 05:06:22.884 4169 4169 I wm_on_start_called: [197765732,android.service.dreams.DreamActivity,handleStartActivity]
11-12 05:06:22.885 4169 4169 I wm_on_resume_called: [197765732,android.service.dreams.DreamActivity,RESUME_ACTIVITY]
11-12 05:06:22.890 4169 4169 I wm_on_top_resumed_gained_called: [197765732,android.service.dreams.DreamActivity,topStateChangedWhenResumed]
11-12 05:06:22.890 1481 1570 I sysui_multi_action: [757,803,799,window_time_0,802,60]
11-12 05:06:22.897 1481 1680 I input_focus: [Focus leaving 18adad5 com.android.launcher3/com.android.launcher3.uioverrides.QuickstepLauncher (server),reason=NO_WINDOW]
11-12 05:06:22.910 1481 1571 I input_focus: [Focus request 55b2182 com.thundercomm.screensaver/android.service.dreams.DreamActivity,reason=UpdateInputWindows]
11-12 05:06:22.915 1481 1481 I notification_enqueue: [10082,1971,com.android.systemui,2048,NULL,0,Notification(channel=updateNotification shortcut=null contentView=null vibrate=null sound=null defaults=0x0 flags=0x0 color=0x00000000 vis=PRIVATE),1]
11-12 05:06:22.916 1971 1971 I sysui_multi_action: [757,111,758,2]
11-12 05:06:22.916 1971 1971 I sysui_multi_action: [757,111,758,2]
11-12 05:06:22.922 1481 1620 I sysui_multi_action: [757,1696,758,6,759,3]
11-12 05:06:22.924 1481 1567 I sysui_multi_action: [319,71,322,71,325,13782,757,761,758,8,759,2,806,com.thundercomm.screensaver,871,android.service.dreams.DreamActivity,904,com.thundercomm.screensaver,905,0,1320,4,1321,2]
11-12 05:06:22.925 1481 1567 I wm_activity_launch_time: [0,197765732,com.thundercomm.screensaver/android.service.dreams.DreamActivity,71]
11-12 05:06:22.936 1481 1603 I am_wtf : [0,1481,system_server,-1,DisplayDeviceConfig,requesting nits when no mapping exists.]
11-12 05:06:22.937 1481 1603 I am_wtf : [0,1481,system_server,-1,DisplayDeviceConfig,requesting nits when no mapping exists.]
11-12 05:06:22.940 1971 1971 I sysui_multi_action: [757,111,758,1]
11-12 05:06:22.941 1971 1971 I sysui_multi_action: [757,126,758,1,759,126,927,0,928,1,1593,1]
11-12 05:06:22.941 1971 1971 I sysui_multi_action: [757,113,758,1,759,113,927,1,928,1,1593,1]
11-12 05:06:22.941 1971 1971 I sysui_multi_action: [757,0,758,1,759,0,927,2,928,0,1593,1]
11-12 05:06:22.941 1971 1971 I sysui_multi_action: [757,0,758,1,759,0,927,3,928,0,1593,1]
11-12 05:06:22.941 1971 1971 I sysui_multi_action: [757,491,758,1,759,491,927,4,928,0,1311,-1,1593,0]
11-12 05:06:22.941 1971 1971 I sysui_multi_action: [757,0,758,1,759,0,927,5,928,0,1593,0]
11-12 05:06:22.941 1971 1971 I sysui_multi_action: [757,111,758,1]
11-12 05:06:22.941 1971 1971 I sysui_multi_action: [757,126,758,1,759,126,927,0,928,1,1593,1]
11-12 05:06:22.941 1971 1971 I sysui_multi_action: [757,113,758,1,759,113,927,1,928,1,1593,1]
11-12 05:06:22.941 1971 1971 I sysui_multi_action: [757,0,758,1,759,0,927,2,928,0,1593,1]
11-12 05:06:22.941 1971 1971 I sysui_multi_action: [757,0,758,1,759,0,927,3,928,0,1593,1]
11-12 05:06:22.948 1481 1603 I am_wtf : [0,1481,system_server,-1,DisplayDeviceConfig,requesting nits when no mapping exists.]
11-12 05:06:22.951 1481 1603 I am_wtf : [0,1481,system_server,-1,DisplayDeviceConfig,requesting nits when no mapping exists.]
11-12 05:06:22.964 1481 1603 I am_wtf : [0,1481,system_server,-1,DisplayDeviceConfig,requesting nits when no mapping exists.]
11-12 05:06:22.964 1481 1680 I input_focus: [Focus entering 55b2182 com.thundercomm.screensaver/android.service.dreams.DreamActivity (server),reason=Window became focusable. Previous reason: NOT_VISIBLE]
11-12 05:06:22.968 1481 1603 I service_manager_stats: [100,57,6906]
11-12 05:06:22.969 1481 1603 I am_wtf : [0,1481,system_server,-1,DisplayDeviceConfig,requesting nits when no mapping exists.]
11-12 05:06:22.982 1481 1603 I am_wtf : [0,1481,system_server,-1,DisplayDeviceConfig,requesting nits when no mapping exists.]
11-12 05:06:22.983 1481 1603 I am_wtf : [0,1481,system_server,-1,DisplayDeviceConfig,requesting nits when no mapping exists.]
11-12 05:06:22.997 1481 1603 I am_wtf : [0,1481,system_server,-1,DisplayDeviceConfig,requesting nits when no mapping exists.]
11-12 05:06:23.003 1481 1603 I am_wtf : [0,1481,system_server,-1,DisplayDeviceConfig,requesting nits when no mapping exists.]
11-12 05:06:23.014 1481 1603 I am_wtf : [0,1481,system_server,-1,DisplayDeviceConfig,requesting nits when no mapping exists.]
11-12 05:06:23.014 1481 1603 I am_wtf : [0,1481,system_server,-1,DisplayDeviceConfig,requesting nits when no mapping exists.]
11-12 05:06:23.031 1481 1603 I am_wtf : [0,1481,system_server,-1,DisplayDeviceConfig,requesting nits when no mapping exists.]
11-12 05:06:23.032 1481 1603 I am_wtf : [0,1481,system_server,-1,DisplayDeviceConfig,requesting nits when no mapping exists.]
11-12 05:06:23.047 1481 1603 I am_wtf : [0,1481,system_server,-1,DisplayDeviceConfig,requesting nits when no mapping exists.]
11-12 05:06:23.052 1481 1603 I am_wtf : [0,1481,system_server,-1,DisplayDeviceConfig,requesting nits when no mapping exists.]
11-12 05:06:23.065 1481 1603 I am_wtf : [0,1481,system_server,-1,DisplayDeviceConfig,requesting nits when no mapping exists.]
11-12 05:06:23.066 1481 1603 I am_wtf : [0,1481,system_server,-1,DisplayDeviceConfig,requesting nits when no mapping exists.]
11-12 05:06:23.080 1481 1603 I am_wtf : [0,1481,system_server,-1,DisplayDeviceConfig,requesting nits when no mapping exists.]
11-12 05:06:23.081 1481 1603 I am_wtf : [0,1481,system_server,-1,DisplayDeviceConfig,requesting nits when no mapping exists.]
11-12 05:06:23.097 1481 1603 I am_wtf : [0,1481,system_server,-1,DisplayDeviceConfig,requesting nits when no mapping exists.]
11-12 05:06:23.098 1481 1603 I am_wtf : [0,1481,system_server,-1,DisplayDeviceConfig,requesting nits when no mapping exists.]
11-12 05:06:23.114 1481 1603 I am_wtf : [0,1481,system_server,-1,DisplayDeviceConfig,requesting nits when no mapping exists.]
11-12 05:06:23.114 1481 1603 I am_wtf : [0,1481,system_server,-1,DisplayDeviceConfig,requesting nits when no mapping exists.]
11-12 05:06:23.117 1481 1481 I sysui_multi_action: [757,1501,758,1,793,13761262,794,0,795,205,796,2048,806,com.android.systemui,857,updateNotification,858,3,947,0,1500,0,1688,1]
11-12 05:06:23.117 1481 1481 I sysui_multi_action: [757,804,799,note_interruptive,801,0,802,1]
11-12 05:06:23.117 1481 1481 I sysui_multi_action: [757,199,758,1,759,2,793,13761262,794,0,795,205,796,2048,806,com.android.systemui,857,updateNotification,858,3,947,0,1500,0,1688,1]
11-12 05:06:23.117 1481 1481 I notification_alert: [0|com.android.systemui|2048|null|10082,0,1,0]
11-12 05:06:23.136 1481 1603 I am_wtf : [0,1481,system_server,-1,DisplayDeviceConfig,requesting nits when no mapping exists.]
11-12 05:06:23.136 1481 1603 I am_wtf : [0,1481,system_server,-1,DisplayDeviceConfig,requesting nits when no mapping exists.]
11-12 05:06:23.147 1481 1603 I am_wtf : [0,1481,system_server,-1,DisplayDeviceConfig,requesting nits when no mapping exists.]
11-12 05:06:23.148 1481 1603 I am_wtf : [0,1481,system_server,-1,DisplayDeviceConfig,requesting nits when no mapping exists.]
11-12 05:06:23.165 1481 1603 I am_wtf : [0,1481,system_server,-1,DisplayDeviceConfig,requesting nits when no mapping exists.]
11-12 05:06:23.166 1481 1603 I am_wtf : [0,1481,system_server,-1,DisplayDeviceConfig,requesting nits when no mapping exists.]
11-12 05:06:23.180 1481 1603 I am_wtf : [0,1481,system_server,-1,DisplayDeviceConfig,requesting nits when no mapping exists.]
11-12 05:06:23.182 1481 1603 I am_wtf : [0,1481,system_server,-1,DisplayDeviceConfig,requesting nits when no mapping exists.]
11-12 05:06:23.198 1481 1603 I am_wtf : [0,1481,system_server,-1,DisplayDeviceConfig,requesting nits when no mapping exists.]
11-12 05:06:23.199 1481 1603 I am_wtf : [0,1481,system_server,-1,DisplayDeviceConfig,requesting nits when no mapping exists.]
11-12 05:06:23.215 1481 1603 I am_wtf : [0,1481,system_server,-1,DisplayDeviceConfig,requesting nits when no mapping exists.]
11-12 05:06:23.217 1481 1603 I am_wtf : [0,1481,system_server,-1,DisplayDeviceConfig,requesting nits when no mapping exists.]
11-12 05:06:23.218 1481 1570 I wm_stop_activity: [0,35371080,com.android.launcher3/.uioverrides.QuickstepLauncher]
11-12 05:06:23.230 1481 1603 I am_wtf : [0,1481,system_server,-1,DisplayDeviceConfig,requesting nits when no mapping exists.]
11-12 05:06:23.233 1481 1603 I am_wtf : [0,1481,system_server,-1,DisplayDeviceConfig,requesting nits when no mapping exists.]
11-12 05:06:23.251 1481 1603 I am_wtf : [0,1481,system_server,-1,DisplayDeviceConfig,requesting nits when no mapping exists.]
11-12 05:06:23.252 1481 1603 I am_wtf : [0,1481,system_server,-1,DisplayDeviceConfig,requesting nits when no mapping exists.]
11-12 05:06:23.260 2522 2522 I wm_on_stop_called: [35371080,com.android.launcher3.uioverrides.QuickstepLauncher,STOP_ACTIVITY_ITEM]
11-12 05:06:23.268 1481 1603 I am_wtf : [0,1481,system_server,-1,DisplayDeviceConfig,requesting nits when no mapping exists.]
11-12 05:06:23.269 1481 1603 I am_wtf : [0,1481,system_server,-1,DisplayDeviceConfig,requesting nits when no mapping exists.]
11-12 05:06:23.280 1481 1603 I am_wtf : [0,1481,system_server,-1,DisplayDeviceConfig,requesting nits when no mapping exists.]
11-12 05:06:23.281 1481 1603 I am_wtf : [0,1481,system_server,-1,DisplayDeviceConfig,requesting nits when no mapping exists.]
11-12 05:06:23.295 1481 1603 I am_wtf : [0,1481,system_server,-1,DisplayDeviceConfig,requesting nits when no mapping exists.]
11-12 05:06:23.295 1481 1603 I am_wtf : [0,1481,system_server,-1,DisplayDeviceConfig,requesting nits when no mapping exists.]
11-12 05:06:23.311 1481 1603 I am_wtf : [0,1481,system_server,-1,DisplayDeviceConfig,requesting nits when no mapping exists.]
11-12 05:06:23.312 1481 1603 I am_wtf : [0,1481,system_server,-1,DisplayDeviceConfig,requesting nits when no mapping exists.]
11-12 05:06:23.328 1481 1603 I am_wtf : [0,1481,system_server,-1,DisplayDeviceConfig,requesting nits when no mapping exists.]
11-12 05:06:23.327 0 0 I auditd : type=1400 audit(0.0:14575): avc: denied { kill } for comm="swapper/1" capability=5 scontext=u:r:kernel:s0 tcontext=u:r:kernel:s0 tclass=capability permissive=0
11-12 05:06:23.329 1481 1603 I am_wtf : [0,1481,system_server,-1,DisplayDeviceConfig,requesting nits when no mapping exists.]
11-12 05:06:23.345 1481 1603 I am_wtf : [0,1481,system_server,-1,DisplayDeviceConfig,requesting nits when no mapping exists.]
11-12 05:06:23.346 1481 1603 I am_wtf : [0,1481,system_server,-1,DisplayDeviceConfig,requesting nits when no mapping exists.]
11-12 05:06:23.361 1481 1603 I am_wtf : [0,1481,system_server,-1,DisplayDeviceConfig,requesting nits when no mapping exists.]
11-12 05:06:23.363 1481 1603 I am_wtf : [0,1481,system_server,-1,DisplayDeviceConfig,requesting nits when no mapping exists.]
11-12 05:06:23.379 1481 1603 I am_wtf : [0,1481,system_server,-1,DisplayDeviceConfig,requesting nits when no mapping exists.]
11-12 05:06:23.380 1481 1603 I am_wtf : [0,1481,system_server,-1,DisplayDeviceConfig,requesting nits when no mapping exists.]
11-12 05:06:23.395 1481 1603 I am_wtf : [0,1481,system_server,-1,DisplayDeviceConfig,requesting nits when no mapping exists.]
11-12 05:06:23.396 1481 1603 I am_wtf : [0,1481,system_server,-1,DisplayDeviceConfig,requesting nits when no mapping exists.]
11-12 05:06:23.412 1481 1603 I am_wtf : [0,1481,system_server,-1,DisplayDeviceConfig,requesting nits when no mapping exists.]
11-12 05:06:23.413 1481 1603 I am_wtf : [0,1481,system_server,-1,DisplayDeviceConfig,requesting nits when no mapping exists.]
11-12 05:06:23.429 1481 1603 I am_wtf : [0,1481,system_server,-1,DisplayDeviceConfig,requesting nits when no mapping exists.]
11-12 05:06:23.430 1481 1603 I am_wtf : [0,1481,system_server,-1,DisplayDeviceConfig,requesting nits when no mapping exists.]
11-12 05:06:23.446 1481 1603 I am_wtf : [0,1481,system_server,-1,DisplayDeviceConfig,requesting nits when no mapping exists.]
11-12 05:06:23.447 1481 1603 I am_wtf : [0,1481,system_server,-1,DisplayDeviceConfig,requesting nits when no mapping exists.]
11-12 05:06:23.462 1481 1603 I am_wtf : [0,1481,system_server,-1,DisplayDeviceConfig,requesting nits when no mapping exists.]
11-12 05:06:23.463 1481 1603 I am_wtf : [0,1481,system_server,-1,DisplayDeviceConfig,requesting nits when no mapping exists.]
11-12 05:06:23.479 1481 1603 I am_wtf : [0,1481,system_server,-1,DisplayDeviceConfig,requesting nits when no mapping exists.]
11-12 05:06:23.480 1481 1603 I am_wtf : [0,1481,system_server,-1,DisplayDeviceConfig,requesting nits when no mapping exists.]
11-12 05:06:23.496 1481 1603 I am_wtf : [0,1481,system_server,-1,DisplayDeviceConfig,requesting nits when no mapping exists.]
11-12 05:06:23.497 1481 1603 I am_wtf : [0,1481,system_server,-1,DisplayDeviceConfig,requesting nits when no mapping exists.]
11-12 05:06:23.512 1481 1603 I am_wtf : [0,1481,system_server,-1,DisplayDeviceConfig,requesting nits when no mapping exists.]
11-12 05:06:23.513 1481 1603 I am_wtf : [0,1481,system_server,-1,DisplayDeviceConfig,requesting nits when no mapping exists.]
11-12 05:06:23.529 1481 1603 I am_wtf : [0,1481,system_server,-1,DisplayDeviceConfig,requesting nits when no mapping exists.]
11-12 05:06:23.530 1481 1603 I am_wtf : [0,1481,system_server,-1,DisplayDeviceConfig,requesting nits when no mapping exists.]
11-12 05:06:23.546 1481 1603 I am_wtf : [0,1481,system_server,-1,DisplayDeviceConfig,requesting nits when no mapping exists.]
11-12 05:06:23.547 1481 1603 I am_wtf : [0,1481,system_server,-1,DisplayDeviceConfig,requesting nits when no mapping exists.]
11-12 05:06:23.563 1481 1603 I am_wtf : [0,1481,system_server,-1,DisplayDeviceConfig,requesting nits when no mapping exists.]
11-12 05:06:23.564 1481 1603 I am_wtf : [0,1481,system_server,-1,DisplayDeviceConfig,requesting nits when no mapping exists.]
11-12 05:06:23.579 1481 1603 I am_wtf : [0,1481,system_server,-1,DisplayDeviceConfig,requesting nits when no mapping exists.]
11-12 05:06:23.580 1481 1603 I am_wtf : [0,1481,system_server,-1,DisplayDeviceConfig,requesting nits when no mapping exists.]
11-12 05:06:23.596 1481 1603 I am_wtf : [0,1481,system_server,-1,DisplayDeviceConfig,requesting nits when no mapping exists.]
11-12 05:06:23.597 1481 1603 I am_wtf : [0,1481,system_server,-1,DisplayDeviceConfig,requesting nits when no mapping exists.]
11-12 05:06:23.613 1481 1603 I am_wtf : [0,1481,system_server,-1,DisplayDeviceConfig,requesting nits when no mapping exists.]
11-12 05:06:23.614 1481 1603 I am_wtf : [0,1481,system_server,-1,DisplayDeviceConfig,requesting nits when no mapping exists.]
11-12 05:06:23.629 1481 1603 I am_wtf : [0,1481,system_server,-1,DisplayDeviceConfig,requesting nits when no mapping exists.]
11-12 05:06:23.631 1481 1603 I am_wtf : [0,1481,system_server,-1,DisplayDeviceConfig,requesting nits when no mapping exists.]
11-12 05:06:23.646 1481 1603 I am_wtf : [0,1481,system_server,-1,DisplayDeviceConfig,requesting nits when no mapping exists.]
11-12 05:06:23.647 1481 1603 I am_wtf : [0,1481,system_server,-1,DisplayDeviceConfig,requesting nits when no mapping exists.]
11-12 05:06:23.663 1481 1603 I am_wtf : [0,1481,system_server,-1,DisplayDeviceConfig,requesting nits when no mapping exists.]
11-12 05:06:23.669 1481 1603 I am_wtf : [0,1481,system_server,-1,DisplayDeviceConfig,requesting nits when no mapping exists.]
11-12 05:06:23.679 1481 1603 I am_wtf : [0,1481,system_server,-1,DisplayDeviceConfig,requesting nits when no mapping exists.]
11-12 05:06:23.680 1481 1603 I am_wtf : [0,1481,system_server,-1,DisplayDeviceConfig,requesting nits when no mapping exists.]
11-12 05:06:23.696 1481 1603 I am_wtf : [0,1481,system_server,-1,DisplayDeviceConfig,requesting nits when no mapping exists.]
11-12 05:06:23.697 1481 1603 I am_wtf : [0,1481,system_server,-1,DisplayDeviceConfig,requesting nits when no mapping exists.]
11-12 05:06:23.713 1481 1603 I am_wtf : [0,1481,system_server,-1,DisplayDeviceConfig,requesting nits when no mapping exists.]
11-12 05:06:23.714 1481 1603 I am_wtf : [0,1481,system_server,-1,DisplayDeviceConfig,requesting nits when no mapping exists.]
11-12 05:06:23.735 1481 1603 I am_wtf : [0,1481,system_server,-1,DisplayDeviceConfig,requesting nits when no mapping exists.]
11-12 05:06:23.736 1481 1603 I am_wtf : [0,1481,system_server,-1,DisplayDeviceConfig,requesting nits when no mapping exists.]
11-12 05:06:23.747 1481 1603 I am_wtf : [0,1481,system_server,-1,DisplayDeviceConfig,requesting nits when no mapping exists.]
11-12 05:06:23.748 1481 1603 I am_wtf : [0,1481,system_server,-1,DisplayDeviceConfig,requesting nits when no mapping exists.]
11-12 05:06:23.762 1481 1603 I am_wtf : [0,1481,system_server,-1,DisplayDeviceConfig,requesting nits when no mapping exists.]
11-12 05:06:23.763 1481 1603 I am_wtf : [0,1481,system_server,-1,DisplayDeviceConfig,requesting nits when no mapping exists.]
11-12 05:06:23.780 1481 1603 I am_wtf : [0,1481,system_server,-1,DisplayDeviceConfig,requesting nits when no mapping exists.]
11-12 05:06:23.781 1481 1603 I am_wtf : [0,1481,system_server,-1,DisplayDeviceConfig,requesting nits when no mapping exists.]
11-12 05:06:23.798 1481 1603 I am_wtf : [0,1481,system_server,-1,DisplayDeviceConfig,requesting nits when no mapping exists.]
11-12 05:06:23.799 1481 1603 I am_wtf : [0,1481,system_server,-1,DisplayDeviceConfig,requesting nits when no mapping exists.]
11-12 05:06:23.822 1481 1603 I am_wtf : [0,1481,system_server,-1,DisplayDeviceConfig,requesting nits when no mapping exists.]
11-12 05:06:23.823 1481 1603 I am_wtf : [0,1481,system_server,-1,DisplayDeviceConfig,requesting nits when no mapping exists.]
