11-12 05:14:18.141 1481 1603 I am_wtf : [0,1481,system_server,-1,DisplayDeviceConfig,requesting nits when no mapping exists.]
11-12 05:14:18.142 1481 1603 I am_wtf : [0,1481,system_server,-1,DisplayDeviceConfig,requesting nits when no mapping exists.]
11-12 05:14:18.157 1481 1603 I am_wtf : [0,1481,system_server,-1,DisplayDeviceConfig,requesting nits when no mapping exists.]
11-12 05:14:18.158 1481 1603 I am_wtf : [0,1481,system_server,-1,DisplayDeviceConfig,requesting nits when no mapping exists.]
11-12 05:14:18.172 1481 1603 I am_wtf : [0,1481,system_server,-1,DisplayDeviceConfig,requesting nits when no mapping exists.]
11-12 05:14:18.178 1481 1603 I am_wtf : [0,1481,system_server,-1,DisplayDeviceConfig,requesting nits when no mapping exists.]
11-12 05:14:18.190 1481 1603 I am_wtf : [0,1481,system_server,-1,DisplayDeviceConfig,requesting nits when no mapping exists.]
11-12 05:14:18.194 1481 1603 I am_wtf : [0,1481,system_server,-1,DisplayDeviceConfig,requesting nits when no mapping exists.]
11-12 05:14:18.204 1481 1603 I am_wtf : [0,1481,system_server,-1,DisplayDeviceConfig,requesting nits when no mapping exists.]
11-12 05:14:18.211 1481 1603 I am_wtf : [0,1481,system_server,-1,DisplayDeviceConfig,requesting nits when no mapping exists.]
11-12 05:14:18.232 1481 1603 I am_wtf : [0,1481,system_server,-1,DisplayDeviceConfig,requesting nits when no mapping exists.]
11-12 05:14:18.234 1481 1603 I am_wtf : [0,1481,system_server,-1,DisplayDeviceConfig,requesting nits when no mapping exists.]
11-12 05:14:18.240 1481 1603 I am_wtf : [0,1481,system_server,-1,DisplayDeviceConfig,requesting nits when no mapping exists.]
11-12 05:14:18.242 1481 1603 I am_wtf : [0,1481,system_server,-1,DisplayDeviceConfig,requesting nits when no mapping exists.]
11-12 05:14:18.260 1481 1603 I am_wtf : [0,1481,system_server,-1,DisplayDeviceConfig,requesting nits when no mapping exists.]
11-12 05:14:18.262 1481 1603 I am_wtf : [0,1481,system_server,-1,DisplayDeviceConfig,requesting nits when no mapping exists.]
11-12 05:14:18.272 1481 1603 I am_wtf : [0,1481,system_server,-1,DisplayDeviceConfig,requesting nits when no mapping exists.]
11-12 05:14:18.278 1481 1603 I am_wtf : [0,1481,system_server,-1,DisplayDeviceConfig,requesting nits when no mapping exists.]
11-12 05:14:18.288 1481 1603 I am_wtf : [0,1481,system_server,-1,DisplayDeviceConfig,requesting nits when no mapping exists.]
11-12 05:14:18.288 1481 1603 I am_wtf : [0,1481,system_server,-1,DisplayDeviceConfig,requesting nits when no mapping exists.]
11-12 05:14:18.305 1481 1603 I am_wtf : [0,1481,system_server,-1,DisplayDeviceConfig,requesting nits when no mapping exists.]
11-12 05:14:18.305 1481 1603 I am_wtf : [0,1481,system_server,-1,DisplayDeviceConfig,requesting nits when no mapping exists.]
11-12 05:14:18.323 1481 1603 I am_wtf : [0,1481,system_server,-1,DisplayDeviceConfig,requesting nits when no mapping exists.]
11-12 05:14:18.324 1481 1603 I am_wtf : [0,1481,system_server,-1,DisplayDeviceConfig,requesting nits when no mapping exists.]
11-12 05:14:18.327 0 0 I auditd : type=1400 audit(0.0:15111): avc: denied { kill } for comm="swapper/1" capability=5 scontext=u:r:kernel:s0 tcontext=u:r:kernel:s0 tclass=capability permissive=0
11-12 05:14:18.344 1481 1603 I am_wtf : [0,1481,system_server,-1,DisplayDeviceConfig,requesting nits when no mapping exists.]
11-12 05:14:18.345 1481 1603 I am_wtf : [0,1481,system_server,-1,DisplayDeviceConfig,requesting nits when no mapping exists.]
11-12 05:14:18.358 1481 1603 I am_wtf : [0,1481,system_server,-1,DisplayDeviceConfig,requesting nits when no mapping exists.]
11-12 05:14:18.359 1481 1603 I am_wtf : [0,1481,system_server,-1,DisplayDeviceConfig,requesting nits when no mapping exists.]
11-12 05:14:18.377 1481 1570 I wm_stop_activity: [0,85391846,com.android.settings/.homepage.SettingsHomepageActivity]
11-12 05:14:18.388 1481 1603 I am_wtf : [0,1481,system_server,-1,DisplayDeviceConfig,requesting nits when no mapping exists.]
11-12 05:14:18.391 1481 1603 I am_wtf : [0,1481,system_server,-1,DisplayDeviceConfig,requesting nits when no mapping exists.]
11-12 05:14:18.402 1481 1603 I am_wtf : [0,1481,system_server,-1,DisplayDeviceConfig,requesting nits when no mapping exists.]
11-12 05:14:18.403 1481 1603 I am_wtf : [0,1481,system_server,-1,DisplayDeviceConfig,requesting nits when no mapping exists.]
11-12 05:14:18.406 1481 1603 I am_wtf : [0,1481,system_server,-1,DisplayDeviceConfig,requesting nits when no mapping exists.]
11-12 05:14:18.406 1481 1603 I am_wtf : [0,1481,system_server,-1,DisplayDeviceConfig,requesting nits when no mapping exists.]
11-12 05:14:18.414 13502 13502 I wm_on_stop_called: [85391846,com.android.settings.homepage.SettingsHomepageActivity,STOP_ACTIVITY_ITEM]
11-12 05:14:18.425 1481 1603 I am_wtf : [0,1481,system_server,-1,DisplayDeviceConfig,requesting nits when no mapping exists.]
11-12 05:14:18.426 1481 1603 I am_wtf : [0,1481,system_server,-1,DisplayDeviceConfig,requesting nits when no mapping exists.]
11-12 05:14:18.440 1481 1603 I am_wtf : [0,1481,system_server,-1,DisplayDeviceConfig,requesting nits when no mapping exists.]
11-12 05:14:18.441 1481 1603 I am_wtf : [0,1481,system_server,-1,DisplayDeviceConfig,requesting nits when no mapping exists.]
11-12 05:14:18.452 1481 1603 I am_wtf : [0,1481,system_server,-1,DisplayDeviceConfig,requesting nits when no mapping exists.]
11-12 05:14:18.454 1481 1603 I am_wtf : [0,1481,system_server,-1,DisplayDeviceConfig,requesting nits when no mapping exists.]
11-12 05:14:18.469 1481 1603 I am_wtf : [0,1481,system_server,-1,DisplayDeviceConfig,requesting nits when no mapping exists.]
11-12 05:14:18.470 1481 1603 I am_wtf : [0,1481,system_server,-1,DisplayDeviceConfig,requesting nits when no mapping exists.]
11-12 05:14:18.488 1481 1603 I am_wtf : [0,1481,system_server,-1,DisplayDeviceConfig,requesting nits when no mapping exists.]
11-12 05:14:18.489 1481 1603 I am_wtf : [0,1481,system_server,-1,DisplayDeviceConfig,requesting nits when no mapping exists.]
11-12 05:14:18.503 1481 1603 I am_wtf : [0,1481,system_server,-1,DisplayDeviceConfig,requesting nits when no mapping exists.]
11-12 05:14:18.504 1481 1603 I am_wtf : [0,1481,system_server,-1,DisplayDeviceConfig,requesting nits when no mapping exists.]
11-12 05:14:18.520 1481 1603 I am_wtf : [0,1481,system_server,-1,DisplayDeviceConfig,requesting nits when no mapping exists.]
11-12 05:14:18.521 1481 1603 I am_wtf : [0,1481,system_server,-1,DisplayDeviceConfig,requesting nits when no mapping exists.]
11-12 05:14:18.536 1481 1603 I am_wtf : [0,1481,system_server,-1,DisplayDeviceConfig,requesting nits when no mapping exists.]
11-12 05:14:18.538 1481 1603 I am_wtf : [0,1481,system_server,-1,DisplayDeviceConfig,requesting nits when no mapping exists.]
11-12 05:14:18.554 1481 1603 I am_wtf : [0,1481,system_server,-1,DisplayDeviceConfig,requesting nits when no mapping exists.]
11-12 05:14:18.555 1481 1603 I am_wtf : [0,1481,system_server,-1,DisplayDeviceConfig,requesting nits when no mapping exists.]
11-12 05:14:18.571 1481 1603 I am_wtf : [0,1481,system_server,-1,DisplayDeviceConfig,requesting nits when no mapping exists.]
11-12 05:14:18.571 1481 1603 I am_wtf : [0,1481,system_server,-1,DisplayDeviceConfig,requesting nits when no mapping exists.]
11-12 05:14:18.587 1481 1603 I am_wtf : [0,1481,system_server,-1,DisplayDeviceConfig,requesting nits when no mapping exists.]
11-12 05:14:18.588 1481 1603 I am_wtf : [0,1481,system_server,-1,DisplayDeviceConfig,requesting nits when no mapping exists.]
11-12 05:14:18.606 1481 1603 I am_wtf : [0,1481,system_server,-1,DisplayDeviceConfig,requesting nits when no mapping exists.]
11-12 05:14:18.606 1481 1603 I am_wtf : [0,1481,system_server,-1,DisplayDeviceConfig,requesting nits when no mapping exists.]
11-12 05:14:18.621 1481 1603 I am_wtf : [0,1481,system_server,-1,DisplayDeviceConfig,requesting nits when no mapping exists.]
11-12 05:14:18.622 1481 1603 I am_wtf : [0,1481,system_server,-1,DisplayDeviceConfig,requesting nits when no mapping exists.]
11-12 05:14:18.641 1481 1603 I am_wtf : [0,1481,system_server,-1,DisplayDeviceConfig,requesting nits when no mapping exists.]
11-12 05:14:18.644 1481 1603 I am_wtf : [0,1481,system_server,-1,DisplayDeviceConfig,requesting nits when no mapping exists.]
11-12 05:14:18.654 1481 1603 I am_wtf : [0,1481,system_server,-1,DisplayDeviceConfig,requesting nits when no mapping exists.]
11-12 05:14:18.655 1481 1603 I am_wtf : [0,1481,system_server,-1,DisplayDeviceConfig,requesting nits when no mapping exists.]
11-12 05:14:18.674 1481 1603 I am_wtf : [0,1481,system_server,-1,DisplayDeviceConfig,requesting nits when no mapping exists.]
11-12 05:14:18.675 1481 1603 I am_wtf : [0,1481,system_server,-1,DisplayDeviceConfig,requesting nits when no mapping exists.]
11-12 05:14:18.694 1481 1603 I am_wtf : [0,1481,system_server,-1,DisplayDeviceConfig,requesting nits when no mapping exists.]
11-12 05:14:18.695 1481 1603 I am_wtf : [0,1481,system_server,-1,DisplayDeviceConfig,requesting nits when no mapping exists.]
11-12 05:14:18.710 1481 1603 I am_wtf : [0,1481,system_server,-1,DisplayDeviceConfig,requesting nits when no mapping exists.]
11-12 05:14:18.711 1481 1603 I am_wtf : [0,1481,system_server,-1,DisplayDeviceConfig,requesting nits when no mapping exists.]
11-12 05:14:18.730 1481 1603 I am_wtf : [0,1481,system_server,-1,DisplayDeviceConfig,requesting nits when no mapping exists.]
11-12 05:14:18.731 1481 1603 I am_wtf : [0,1481,system_server,-1,DisplayDeviceConfig,requesting nits when no mapping exists.]
11-12 05:14:18.745 1481 1603 I am_wtf : [0,1481,system_server,-1,DisplayDeviceConfig,requesting nits when no mapping exists.]
11-12 05:14:18.745 1481 1603 I am_wtf : [0,1481,system_server,-1,DisplayDeviceConfig,requesting nits when no mapping exists.]
11-12 05:14:18.756 1481 1603 I am_wtf : [0,1481,system_server,-1,DisplayDeviceConfig,requesting nits when no mapping exists.]
11-12 05:14:18.757 1481 1603 I am_wtf : [0,1481,system_server,-1,DisplayDeviceConfig,requesting nits when no mapping exists.]
11-12 05:14:18.770 1481 1603 I am_wtf : [0,1481,system_server,-1,DisplayDeviceConfig,requesting nits when no mapping exists.]
11-12 05:14:18.771 1481 1603 I am_wtf : [0,1481,system_server,-1,DisplayDeviceConfig,requesting nits when no mapping exists.]
11-12 05:14:18.787 1481 1603 I am_wtf : [0,1481,system_server,-1,DisplayDeviceConfig,requesting nits when no mapping exists.]
11-12 05:14:18.789 1481 1603 I am_wtf : [0,1481,system_server,-1,DisplayDeviceConfig,requesting nits when no mapping exists.]
11-12 05:14:18.805 1481 1603 I am_wtf : [0,1481,system_server,-1,DisplayDeviceConfig,requesting nits when no mapping exists.]
11-12 05:14:18.807 1481 1603 I am_wtf : [0,1481,system_server,-1,DisplayDeviceConfig,requesting nits when no mapping exists.]
11-12 05:14:18.823 1481 1603 I am_wtf : [0,1481,system_server,-1,DisplayDeviceConfig,requesting nits when no mapping exists.]
11-12 05:14:18.825 1481 1603 I am_wtf : [0,1481,system_server,-1,DisplayDeviceConfig,requesting nits when no mapping exists.]
11-12 05:14:18.838 1481 1603 I am_wtf : [0,1481,system_server,-1,DisplayDeviceConfig,requesting nits when no mapping exists.]
11-12 05:14:18.839 1481 1603 I am_wtf : [0,1481,system_server,-1,DisplayDeviceConfig,requesting nits when no mapping exists.]
11-12 05:14:19.327 0 0 I auditd : type=1400 audit(0.0:15112): avc: denied { kill } for comm="swapper/1" capability=5 scontext=u:r:kernel:s0 tcontext=u:r:kernel:s0 tclass=capability permissive=0
11-12 05:14:20.327 0 0 I auditd : type=1400 audit(0.0:15113): avc: denied { kill } for comm="swapper/1" capability=5 scontext=u:r:kernel:s0 tcontext=u:r:kernel:s0 tclass=capability permissive=0
11-12 05:14:21.327 0 0 I auditd : type=1400 audit(0.0:15114): avc: denied { kill } for comm="swapper/1" capability=5 scontext=u:r:kernel:s0 tcontext=u:r:kernel:s0 tclass=capability permissive=0
11-12 05:14:21.867 1481 1603 I am_uid_idle: 10089
11-12 05:14:22.327 0 0 I auditd : type=1400 audit(0.0:15115): avc: denied { kill } for comm="swapper/1" capability=5 scontext=u:r:kernel:s0 tcontext=u:r:kernel:s0 tclass=capability permissive=0
11-12 05:14:23.327 0 0 I auditd : type=1400 audit(0.0:15116): avc: denied { kill } for comm="swapper/1" capability=5 scontext=u:r:kernel:s0 tcontext=u:r:kernel:s0 tclass=capability permissive=0
11-12 05:14:24.327 0 0 I auditd : type=1400 audit(0.0:15117): avc: denied { kill } for comm="swapper/1" capability=5 scontext=u:r:kernel:s0 tcontext=u:r:kernel:s0 tclass=capability permissive=0
11-12 05:14:25.327 0 0 I auditd : type=1400 audit(0.0:15118): avc: denied { kill } for comm="swapper/1" capability=5 scontext=u:r:kernel:s0 tcontext=u:r:kernel:s0 tclass=capability permissive=0
11-12 05:14:26.327 0 0 I auditd : type=1400 audit(0.0:15119): avc: denied { kill } for comm="swapper/1" capability=5 scontext=u:r:kernel:s0 tcontext=u:r:kernel:s0 tclass=capability permissive=0
11-12 05:14:27.327 0 0 I auditd : type=1400 audit(0.0:15120): avc: denied { kill } for comm="swapper/1" capability=5 scontext=u:r:kernel:s0 tcontext=u:r:kernel:s0 tclass=capability permissive=0
11-12 05:14:28.327 0 0 I auditd : type=1400 audit(0.0:15121): avc: denied { kill } for comm="swapper/1" capability=5 scontext=u:r:kernel:s0 tcontext=u:r:kernel:s0 tclass=capability permissive=0
11-12 05:14:29.327 0 0 I auditd : type=1400 audit(0.0:15122): avc: denied { kill } for comm="swapper/1" capability=5 scontext=u:r:kernel:s0 tcontext=u:r:kernel:s0 tclass=capability permissive=0
11-12 05:14:30.327 0 0 I auditd : type=1400 audit(0.0:15123): avc: denied { kill } for comm="swapper/1" capability=5 scontext=u:r:kernel:s0 tcontext=u:r:kernel:s0 tclass=capability permissive=0
11-12 05:14:31.327 0 0 I auditd : type=1400 audit(0.0:15124): avc: denied { kill } for comm="swapper/1" capability=5 scontext=u:r:kernel:s0 tcontext=u:r:kernel:s0 tclass=capability permissive=0
11-12 05:14:32.327 0 0 I auditd : type=1400 audit(0.0:15125): avc: denied { kill } for comm="swapper/1" capability=5 scontext=u:r:kernel:s0 tcontext=u:r:kernel:s0 tclass=capability permissive=0
11-12 05:14:33.327 0 0 I auditd : type=1400 audit(0.0:15126): avc: denied { kill } for comm="swapper/1" capability=5 scontext=u:r:kernel:s0 tcontext=u:r:kernel:s0 tclass=capability permissive=0
11-12 05:14:34.327 0 0 I auditd : type=1400 audit(0.0:15127): avc: denied { kill } for comm="swapper/1" capability=5 scontext=u:r:kernel:s0 tcontext=u:r:kernel:s0 tclass=capability permissive=0
11-12 05:14:35.327 0 0 I auditd : type=1400 audit(0.0:15128): avc: denied { kill } for comm="swapper/1" capability=5 scontext=u:r:kernel:s0 tcontext=u:r:kernel:s0 tclass=capability permissive=0
11-12 05:14:36.327 0 0 I auditd : type=1400 audit(0.0:15129): avc: denied { kill } for comm="swapper/1" capability=5 scontext=u:r:kernel:s0 tcontext=u:r:kernel:s0 tclass=capability permissive=0
11-12 05:14:36.748 1481 1680 I input_interaction: Interaction with: 1e2f83d com.thundercomm.screensaver/android.service.dreams.DreamActivity (server), swipe-up (server), edge-swipe (server), PointerEventDispatcher0 (server),
11-12 05:14:36.753 1481 2147 I wm_finish_activity: [0,130780417,196,com.thundercomm.screensaver/android.service.dreams.DreamActivity,finish-activity]
11-12 05:14:36.753 1481 2147 I wm_task_moved: [43,1,6]
11-12 05:14:36.755 1481 2147 I wm_focused_root_task: [0,0,43,196,finish-top adjustFocusToNextFocusableTask returnToHome]
11-12 05:14:36.755 1481 2147 I wm_task_moved: [192,1,6]
11-12 05:14:36.755 1481 2147 I wm_task_to_front: [0,192]
11-12 05:14:36.755 1481 2147 I wm_focused_root_task: [0,0,192,43,finish-top adjustFocusToNextFocusableTask]
11-12 05:14:36.757 1481 2147 I wm_pause_activity: [0,130780417,com.thundercomm.screensaver/android.service.dreams.DreamActivity,userLeaving=false,finish]
11-12 05:14:36.767 1481 1570 I sysui_multi_action: [757,803,799,window_time_0,802,19]
11-12 05:14:36.770 4169 4169 I wm_on_top_resumed_lost_called: [130780417,android.service.dreams.DreamActivity,topStateChangedWhenResumed]
11-12 05:14:36.771 4169 4169 I wm_on_paused_called: [130780417,android.service.dreams.DreamActivity,performPause]
11-12 05:14:36.772 1481 5711 I wm_add_to_stopping: [0,130780417,com.thundercomm.screensaver/android.service.dreams.DreamActivity,completeFinishing]
11-12 05:14:36.777 1481 5711 I wm_set_resumed_activity: [0,com.android.settings/.homepage.SettingsHomepageActivity,resumeTopActivityInnerLocked]
11-12 05:14:36.779 1481 5711 I wm_resume_activity: [0,85391846,192,com.android.settings/.homepage.SettingsHomepageActivity]
11-12 05:14:36.787 1481 1570 I sysui_multi_action: [757,803,799,window_time_0,802,0]
11-12 05:14:36.800 1481 1680 I input_focus: [Focus leaving 1e2f83d com.thundercomm.screensaver/android.service.dreams.DreamActivity (server),reason=NO_WINDOW]
11-12 05:14:36.801 4169 4169 I view_enqueue_input_event: [Motion - Cancel,com.thundercomm.screensaver/android.service.dreams.DreamActivity]
11-12 05:14:36.801 13502 13502 I wm_on_restart_called: [85391846,com.android.settings.homepage.SettingsHomepageActivity,performRestartActivity]
11-12 05:14:36.816 13502 13502 I wm_on_start_called: [85391846,com.android.settings.homepage.SettingsHomepageActivity,handleStartActivity]
11-12 05:14:36.817 13502 13502 I snet_event_log: [120484087,-1,]
11-12 05:14:36.818 13502 13502 I wm_on_resume_called: [85391846,com.android.settings.homepage.SettingsHomepageActivity,RESUME_ACTIVITY]
11-12 05:14:36.818 13502 13502 I sysui_multi_action: [757,35,758,1,833,0,1089,0]
11-12 05:14:36.828 13502 13502 I sysui_multi_action: [757,746,758,1,833,0,1089,0]
11-12 05:14:36.829 1481 5877 D TelephonyRegistry: listen oscl: mHasNotifySubscriptionInfoChangedOccurred==false no callback
11-12 05:14:36.831 1481 5711 D TelephonyRegistry: listen oscl: mHasNotifySubscriptionInfoChangedOccurred==false no callback
11-12 05:14:36.837 13502 13502 I wm_on_top_resumed_gained_called: [85391846,com.android.settings.homepage.SettingsHomepageActivity,topWhenResuming]
11-12 05:14:36.842 1481 1571 I input_focus: [Focus request b2c907 com.android.settings/com.android.settings.homepage.SettingsHomepageActivity,reason=UpdateInputWindows]
11-12 05:14:36.870 1481 1680 I input_focus: [Focus entering b2c907 com.android.settings/com.android.settings.homepage.SettingsHomepageActivity (server),reason=setFocusedWindow]
11-12 05:14:37.327 0 0 I auditd : type=1400 audit(0.0:15130): avc: denied { kill } for comm="swapper/1" capability=5 scontext=u:r:kernel:s0 tcontext=u:r:kernel:s0 tclass=capability permissive=0
11-12 05:14:37.374 1481 1570 I wm_destroy_activity: [0,130780417,196,com.thundercomm.screensaver/android.service.dreams.DreamActivity,finish-imm:idle]
11-12 05:14:37.397 4169 4169 I wm_on_stop_called: [130780417,android.service.dreams.DreamActivity,LIFECYCLER_STOP_ACTIVITY]
11-12 05:14:37.398 4169 4169 I wm_on_destroy_called: [130780417,android.service.dreams.DreamActivity,performDestroy]
11-12 05:14:37.407 1481 1567 I sysui_multi_action: [757,222,758,2]
11-12 05:14:37.407 1481 1567 I sysui_multi_action: [757,804,799,dreaming_minutes,801,0,802,1]
11-12 05:14:37.415 1481 5877 I wm_task_removed: [196,removeChild:removeChild last r=ActivityRecord{7cb8d01 u0 com.thundercomm.screensaver/android.service.dreams.DreamActivity t-1 f}} in t=Task{d5751e2 #196 type=dream A=10051:android:com.thundercomm.screensaver/dream U=0 visible=false mode=fullscreen translucent=true sz=0}]
11-12 05:14:37.415 1481 5877 I wm_task_removed: [196,removeChild]
11-12 05:14:37.541 1481 1680 I input_interaction: Interaction with: b2c907 com.android.settings/com.android.settings.homepage.SettingsHomepageActivity (server), swipe-up (server), edge-swipe (server), PointerEventDispatcher0 (server),
11-12 05:14:37.563 1481 5877 I wm_task_moved: [43,0,0]
11-12 05:14:37.564 1481 5877 I wm_task_moved: [43,0,5]
11-12 05:14:37.588 2522 2522 I wm_on_restart_called: [35371080,com.android.launcher3.uioverrides.QuickstepLauncher,performRestartActivity]
11-12 05:14:37.614 2522 2522 I wm_on_start_called: [35371080,com.android.launcher3.uioverrides.QuickstepLauncher,handleStartActivity]
11-12 05:14:37.616 1481 1680 I input_interaction: Interaction with: swipe-up (server), edge-swipe (server), PointerEventDispatcher0 (server),
11-12 05:14:37.617 13502 13502 I view_enqueue_input_event: [Motion - Cancel,com.android.settings/com.android.settings.homepage.SettingsHomepageActivity]
11-12 05:14:37.618 1481 1571 I input_focus: [Focus request recents_animation_input_consumer,reason=UpdateInputWindows]
11-12 05:14:37.625 2522 2522 I sysui_latency: [1,85]
11-12 05:14:37.635 1481 1680 I input_focus: [Focus leaving b2c907 com.android.settings/com.android.settings.homepage.SettingsHomepageActivity (server),reason=NOT_FOCUSABLE]
11-12 05:14:37.635 1481 1680 I input_focus: [Focus entering recents_animation_input_consumer (server),reason=setFocusedWindow]
11-12 05:14:37.648 1481 1567 I sysui_multi_action: [319,14,322,78,325,14277,757,761,758,9,759,5,806,com.android.launcher3,871,com.android.launcher3.uioverrides.QuickstepLauncher,904,com.android.launcher3,905,0,1320,8,1321,5]
11-12 05:14:37.817 1481 1668 I commit_sys_config_file: [settings-1-0,4]
11-12 05:14:37.942 1481 1602 I sysui_latency: [8,96]
11-12 05:14:38.327 0 0 I auditd : type=1400 audit(0.0:15131): avc: denied { kill } for comm="swapper/1" capability=5 scontext=u:r:kernel:s0 tcontext=u:r:kernel:s0 tclass=capability permissive=0
11-12 05:14:38.362 1481 2147 I wm_task_moved: [43,1,6]
11-12 05:14:38.363 1481 2147 I wm_task_moved: [44,1,2147483647]
11-12 05:14:38.363 1481 2147 I wm_task_to_front: [0,44]
11-12 05:14:38.363 13502 13502 I wm_on_top_resumed_lost_called: [85391846,com.android.settings.homepage.SettingsHomepageActivity,topStateChangedWhenResumed]
11-12 05:14:38.363 1481 2147 I wm_focused_root_task: [0,0,43,192,RecentsAnimation.onAnimationFinished()]
11-12 05:14:38.363 1481 2147 I wm_set_resumed_activity: [0,com.android.launcher3/.uioverrides.QuickstepLauncher,RecentsAnimation.onAnimationFinished()]
11-12 05:14:38.366 1481 2147 I wm_pause_activity: [0,85391846,com.android.settings/.homepage.SettingsHomepageActivity,userLeaving=true,pauseBackTasks]
11-12 05:14:38.368 1481 2147 I wm_add_to_stopping: [0,85391846,com.android.settings/.homepage.SettingsHomepageActivity,makeInvisible]
11-12 05:14:38.370 1481 2147 I wm_set_resumed_activity: [0,com.android.launcher3/.uioverrides.QuickstepLauncher,resumeTopActivityInnerLocked]
11-12 05:14:38.372 1481 2147 I wm_resume_activity: [0,35371080,44,com.android.launcher3/.uioverrides.QuickstepLauncher]
11-12 05:14:38.373 2522 2522 I wm_on_resume_called: [35371080,com.android.launcher3.uioverrides.QuickstepLauncher,RESUME_ACTIVITY]
11-12 05:14:38.380 1481 1571 I input_focus: [Focus request 18adad5 com.android.launcher3/com.android.launcher3.uioverrides.QuickstepLauncher,reason=UpdateInputWindows]
11-12 05:14:38.382 13502 13502 I sysui_multi_action: [757,35,758,2,1089,1564]
11-12 05:14:38.383 2522 2522 I wm_on_top_resumed_gained_called: [35371080,com.android.launcher3.uioverrides.QuickstepLauncher,topStateChangedWhenResumed]
11-12 05:14:38.386 13502 13502 I sysui_multi_action: [757,746,758,2,1089,1558]
11-12 05:14:38.388 1481 1680 I input_focus: [Focus leaving recents_animation_input_consumer (server),reason=NOT_VISIBLE]
11-12 05:14:38.388 1481 5877 I wm_stop_activity: [0,85391846,com.android.settings/.homepage.SettingsHomepageActivity]
11-12 05:14:38.389 1481 1680 I input_focus: [Focus entering 18adad5 com.android.launcher3/com.android.launcher3.uioverrides.QuickstepLauncher (server),reason=setFocusedWindow]
11-12 05:14:38.395 13502 13502 I wm_on_paused_called: [85391846,com.android.settings.homepage.SettingsHomepageActivity,performPause]
11-12 05:14:38.401 1481 1570 I sysui_multi_action: [757,803,799,window_time_0,802,1]
11-12 05:14:38.403 13502 13502 I wm_on_stop_called: [85391846,com.android.settings.homepage.SettingsHomepageActivity,STOP_ACTIVITY_ITEM]
11-12 05:14:38.406 1481 1570 I sysui_multi_action: [757,803,799,window_time_0,802,0]
11-12 05:14:38.435 1481 1680 I input_interaction: Interaction with: 18adad5 com.android.launcher3/com.android.launcher3.uioverrides.QuickstepLauncher (server), 7fba367 com.android.systemui.ImageWallpaper (server), swipe-up (server), edge-swipe (server), PointerEventDispatcher0 (server),
11-12 05:14:39.327 0 0 I auditd : type=1400 audit(0.0:15132): avc: denied { kill } for comm="swapper/1" capability=5 scontext=u:r:kernel:s0 tcontext=u:r:kernel:s0 tclass=capability permissive=0
11-12 05:14:40.327 0 0 I auditd : type=1400 audit(0.0:15133): avc: denied { kill } for comm="swapper/1" capability=5 scontext=u:r:kernel:s0 tcontext=u:r:kernel:s0 tclass=capability permissive=0
11-12 05:14:41.327 0 0 I auditd : type=1400 audit(0.0:15134): avc: denied { kill } for comm="swapper/1" capability=5 scontext=u:r:kernel:s0 tcontext=u:r:kernel:s0 tclass=capability permissive=0
11-12 05:14:42.327 0 0 I auditd : type=1400 audit(0.0:15135): avc: denied { kill } for comm="swapper/1" capability=5 scontext=u:r:kernel:s0 tcontext=u:r:kernel:s0 tclass=capability permissive=0
11-12 05:14:43.327 0 0 I auditd : type=1400 audit(0.0:15136): avc: denied { kill } for comm="swapper/1" capability=5 scontext=u:r:kernel:s0 tcontext=u:r:kernel:s0 tclass=capability permissive=0
11-12 05:14:44.327 0 0 I auditd : type=1400 audit(0.0:15137): avc: denied { kill } for comm="swapper/1" capability=5 scontext=u:r:kernel:s0 tcontext=u:r:kernel:s0 tclass=capability permissive=0
11-12 05:14:45.327 0 0 I auditd : type=1400 audit(0.0:15138): avc: denied { kill } for comm="swapper/1" capability=5 scontext=u:r:kernel:s0 tcontext=u:r:kernel:s0 tclass=capability permissive=0
11-12 05:14:46.327 0 0 I auditd : type=1400 audit(0.0:15139): avc: denied { kill } for comm="swapper/1" capability=5 scontext=u:r:kernel:s0 tcontext=u:r:kernel:s0 tclass=capability permissive=0
11-12 05:14:46.601 2522 2522 I view_enqueue_input_event: [Motion - Cancel,com.android.launcher3/com.android.launcher3.uioverrides.QuickstepLauncher]
11-12 05:14:46.606 1481 1680 I input_interaction: Interaction with: swipe-up (server), edge-swipe (server), PointerEventDispatcher0 (server),
11-12 05:14:46.761 1481 1668 I commit_sys_config_file: [settings-1-0,5]
11-12 05:14:47.082 1481 1668 I commit_sys_config_file: [settings-1-0,4]
11-12 05:14:47.732 1481 1680 I input_interaction: Interaction with: 18adad5 com.android.launcher3/com.android.launcher3.uioverrides.QuickstepLauncher (server), 7fba367 com.android.systemui.ImageWallpaper (server), swipe-up (server), edge-swipe (server), PointerEventDispatcher0 (server),
11-12 05:14:48.084 1481 1481 I service_manager_stats: [100,66,29959]
11-12 05:14:48.227 1481 6802 I wm_finish_activity: [0,85391846,192,com.android.settings/.homepage.SettingsHomepageActivity,recent-task-trimmed]
11-12 05:14:48.229 1481 6802 I wm_destroy_activity: [0,85391846,192,com.android.settings/.homepage.SettingsHomepageActivity,finish-imm:finishIfPossible]
11-12 05:14:48.238 1481 1570 I am_kill : [0,13502,com.android.settings,900,remove task]
11-12 05:14:48.239 1481 1570 I sysui_multi_action: [757,803,799,window_time_0,802,10]
11-12 05:14:48.305 1481 5877 I am_proc_died: [0,13502,com.android.settings,900,18]
11-12 05:14:48.311 1481 5877 I wm_task_removed: [192,removeChild:removeChild last r=ActivityRecord{516f9e6 u0 com.android.settings/.homepage.SettingsHomepageActivity t-1 f}} in t=Task{e397e1f #192 type=standard A=1000:com.android.settings.root U=0 visible=false mode=fullscreen translucent=true sz=0}]
11-12 05:14:48.311 1481 5877 I wm_task_removed: [192,removeChild]
11-12 05:14:48.327 0 0 I auditd : type=1400 audit(0.0:15140): avc: denied { kill } for comm="swapper/2" capability=5 scontext=u:r:kernel:s0 tcontext=u:r:kernel:s0 tclass=capability permissive=0
11-12 05:14:48.357 1481 1604 I am_proc_start: [0,14554,1000,com.android.settings,NULL,]
11-12 05:14:48.395 1481 6239 I am_proc_bound: [0,14554,com.android.settings]
11-12 05:14:49.176 1481 1680 I input_interaction: Interaction with: b3e52f6 StatusBar (server), swipe-up (server), edge-swipe (server), PointerEventDispatcher0 (server),
11-12 05:14:49.182 1971 1971 I sysui_multi_action: [757,803,799,panel_open,802,1]
11-12 05:14:49.184 1971 1971 I sysui_multi_action: [757,1328,758,4,1326,50,1327,1,1329,0]
11-12 05:14:49.286 1481 6239 I sysui_multi_action: [757,127,758,1]
11-12 05:14:49.287 1481 6239 I sysui_multi_action: [757,804,799,note_load,801,2,802,1]
11-12 05:14:49.287 1481 6239 I notification_panel_revealed: 2
11-12 05:14:49.291 1481 1481 I notification_enqueue: [10082,1971,com.android.systemui,2048,NULL,0,Notification(channel=updateNotification shortcut=null contentView=null vibrate=null sound=null defaults=0x0 flags=0x0 color=0x00000000 vis=PRIVATE),1]
11-12 05:14:49.293 1971 1971 I sysui_multi_action: [757,111,758,2]
11-12 05:14:49.293 1971 1971 I sysui_multi_action: [757,111,758,2]
11-12 05:14:49.308 1481 1571 I input_focus: [Focus request 8e9fb15 NotificationShade,reason=UpdateInputWindows]
11-12 05:14:49.314 1971 1971 I sysui_multi_action: [757,111,758,1]
11-12 05:14:49.314 1971 1971 I sysui_multi_action: [757,126,758,1,759,126,927,0,928,0,1593,1]
11-12 05:14:49.314 1971 1971 I sysui_multi_action: [757,113,758,1,759,113,927,1,928,1,1593,1]
11-12 05:14:49.314 1971 1971 I sysui_multi_action: [757,0,758,1,759,0,927,2,928,0,1593,1]
11-12 05:14:49.315 1971 1971 I sysui_multi_action: [757,0,758,1,759,0,927,3,928,0,1593,1]
11-12 05:14:49.315 1971 1971 I sysui_multi_action: [757,491,758,1,759,491,927,4,928,0,1311,-1,1593,0]
11-12 05:14:49.315 1971 1971 I sysui_multi_action: [757,0,758,1,759,0,927,5,928,0,1593,0]
11-12 05:14:49.315 1971 1971 I sysui_multi_action: [757,111,758,1]
11-12 05:14:49.315 1971 1971 I sysui_multi_action: [757,126,758,1,759,126,927,0,928,0,1593,1]
11-12 05:14:49.315 1971 1971 I sysui_multi_action: [757,113,758,1,759,113,927,1,928,1,1593,1]
11-12 05:14:49.316 1971 1971 I sysui_multi_action: [757,0,758,1,759,0,927,2,928,0,1593,1]
11-12 05:14:49.316 1971 1971 I sysui_multi_action: [757,0,758,1,759,0,927,3,928,0,1593,1]
11-12 05:14:49.333 1481 1680 I input_focus: [Focus leaving 18adad5 com.android.launcher3/com.android.launcher3.uioverrides.QuickstepLauncher (server),reason=Waiting for window because NOT_VISIBLE]
11-12 05:14:49.350 1481 1680 I input_focus: [Focus entering 8e9fb15 NotificationShade (server),reason=Window became focusable. Previous reason: NOT_VISIBLE]
11-12 05:14:49.495 1481 1481 I sysui_multi_action: [757,1501,758,1,793,14267640,794,0,795,206,796,2048,806,com.android.systemui,857,updateNotification,858,3,947,0,1500,0,1688,1]
11-12 05:14:49.496 1481 1481 I sysui_multi_action: [757,804,799,note_interruptive,801,0,802,1]
11-12 05:14:49.496 1481 1481 I sysui_multi_action: [757,199,758,1,759,2,793,14267641,794,0,795,207,796,2048,806,com.android.systemui,857,updateNotification,858,3,947,0,1500,1,1688,1]
11-12 05:14:49.496 1481 1481 I notification_alert: [0|com.android.systemui|2048|null|10082,0,1,0]
11-12 05:14:49.836 1481 5890 I sysui_multi_action: [757,128,758,1,793,1315615,794,0,795,1315615,796,26,798,0,806,android,857,DEVELOPER_IMPORTANT,858,4,947,0,1395,2,1500,1315401,1688,1]
11-12 05:14:49.837 1481 5890 I sysui_multi_action: [757,804,799,note_freshness,801,1315615,802,1]
11-12 05:14:49.837 1481 5890 I notification_visibility: [-1|android|26|null|1000,1,1315615,1315615,0,0]
11-12 05:14:49.838 1481 5890 I sysui_multi_action: [757,128,758,1,793,1315615,794,0,795,1315615,796,32,798,1,806,android,857,USB,858,1,947,0,1395,2,1500,1315403,1688,1]
11-12 05:14:49.838 1481 5890 I sysui_multi_action: [757,804,799,note_freshness,801,1315615,802,1]
11-12 05:14:49.839 1481 5890 I notification_visibility: [-1|android|32|null|1000,1,1315615,1315615,0,1]
11-12 05:14:50.327 0 0 I auditd : type=1400 audit(0.0:15141): avc: denied { kill } for comm="swapper/2" capability=5 scontext=u:r:kernel:s0 tcontext=u:r:kernel:s0 tclass=capability permissive=0
11-12 05:14:50.459 1481 1680 I input_interaction: Interaction with: 8e9fb15 NotificationShade (server), swipe-up (server), edge-swipe (server), PointerEventDispatcher0 (server),
11-12 05:14:50.568 1481 5890 I wm_task_created: [197,-1]
11-12 05:14:50.573 1481 5890 I wm_task_moved: [43,1,6]
11-12 05:14:50.573 1481 5890 I wm_set_resumed_activity: [0,com.android.launcher3/.uioverrides.QuickstepLauncher,positionChildAt]
11-12 05:14:50.573 1481 5890 I wm_focused_root_task: [0,0,43,197,reuseOrNewTask returnToHome]
11-12 05:14:50.573 1481 5890 I wm_task_moved: [197,1,6]
11-12 05:14:50.573 1481 5890 I wm_task_to_front: [0,197]
11-12 05:14:50.574 1481 5890 I wm_focused_root_task: [0,0,197,43,reuseOrNewTask]
11-12 05:14:50.574 1481 5890 I wm_create_task: [0,197]
11-12 05:14:50.574 1481 5890 I wm_create_activity: [0,46301591,197,com.android.settings/.Settings$ConfigureNotificationSettingsActivity,android.settings.NOTIFICATION_SETTINGS,NULL,NULL,268484608]
11-12 05:14:50.574 1481 5890 I wm_task_moved: [43,1,6]
11-12 05:14:50.575 1481 5890 I wm_set_resumed_activity: [0,com.android.launcher3/.uioverrides.QuickstepLauncher,positionChildAt]
11-12 05:14:50.575 1481 5890 I wm_focused_root_task: [0,0,43,197,positionChildAtTop returnToHome]
11-12 05:14:50.575 1481 5890 I wm_task_moved: [197,1,6]
11-12 05:14:50.575 2522 2522 I wm_on_top_resumed_lost_called: [35371080,com.android.launcher3.uioverrides.QuickstepLauncher,topStateChangedWhenResumed]
11-12 05:14:50.575 1481 5890 I wm_focused_root_task: [0,0,197,43,positionChildAtTop]
11-12 05:14:50.579 1481 5890 I wm_pause_activity: [0,35371080,com.android.launcher3/.uioverrides.QuickstepLauncher,userLeaving=true,pauseBackTasks]
11-12 05:14:50.592 2522 2522 I wm_on_paused_called: [35371080,com.android.launcher3.uioverrides.QuickstepLauncher,performPause]
11-12 05:14:50.598 1481 5877 I wm_add_to_stopping: [0,35371080,com.android.launcher3/.uioverrides.QuickstepLauncher,makeInvisible]
11-12 05:14:50.599 1481 5877 I wm_restart_activity: [0,46301591,197,com.android.settings/.Settings$ConfigureNotificationSettingsActivity]
11-12 05:14:50.601 1481 5877 I wm_set_resumed_activity: [0,com.android.settings/.Settings$ConfigureNotificationSettingsActivity,minimalResumeActivityLocked]
11-12 05:14:50.624 1481 1570 I sysui_multi_action: [757,803,799,window_time_0,802,3]
11-12 05:14:50.635 1481 1602 I am_pss : [13753,10064,com.android.deskclock,10808320,8052736,0,98693120,0,19,5]
11-12 05:14:50.678 1481 6239 I am_uid_active: 10089
11-12 05:14:50.690 1481 5877 I wm_task_created: [198,-1]
11-12 05:14:50.692 1481 5877 I wm_task_moved: [43,1,7]
11-12 05:14:50.692 1481 5877 I wm_focused_root_task: [0,0,43,198,reuseOrNewTask returnToHome]
11-12 05:14:50.692 1481 5877 I wm_task_moved: [198,1,7]
11-12 05:14:50.692 1481 5877 I wm_task_to_front: [0,198]
11-12 05:14:50.692 1481 5877 I wm_focused_root_task: [0,0,198,43,reuseOrNewTask]
11-12 05:14:50.692 1481 5877 I wm_create_task: [0,198]
11-12 05:14:50.692 1481 5877 I wm_create_activity: [0,48172282,198,com.android.settings/.homepage.SettingsHomepageActivity,android.settings.NOTIFICATION_SETTINGS,NULL,NULL,268484608]
11-12 05:14:50.692 1481 5877 I wm_task_moved: [43,1,7]
11-12 05:14:50.692 1481 5877 I wm_focused_root_task: [0,0,43,198,positionChildAtTop returnToHome]
11-12 05:14:50.692 1481 5877 I wm_task_moved: [198,1,7]
11-12 05:14:50.692 1481 5877 I wm_focused_root_task: [0,0,198,43,positionChildAtTop]
11-12 05:14:50.693 1481 5877 I wm_pause_activity: [0,46301591,com.android.settings/.Settings$ConfigureNotificationSettingsActivity,userLeaving=true,pauseBackTasks]
11-12 05:14:50.697 1481 5877 I wm_finish_activity: [0,46301591,197,com.android.settings/.Settings$ConfigureNotificationSettingsActivity,app-request]
11-12 05:14:50.697 14554 14554 I wm_on_create_called: [46301591,com.android.settings.Settings$ConfigureNotificationSettingsActivity,performCreate]
11-12 05:14:50.699 1481 6239 I wm_add_to_stopping: [0,46301591,com.android.settings/.Settings$ConfigureNotificationSettingsActivity,completeFinishing]
11-12 05:14:50.701 1481 6239 I wm_restart_activity: [0,48172282,198,com.android.settings/.homepage.SettingsHomepageActivity]
11-12 05:14:50.701 1481 6239 I wm_set_resumed_activity: [0,com.android.settings/.homepage.SettingsHomepageActivity,minimalResumeActivityLocked]
11-12 05:14:50.711 1481 1570 I sysui_multi_action: [757,803,799,window_time_0,802,0]
11-12 05:14:50.741 14554 14554 I wm_on_create_called: [48172282,com.android.settings.homepage.SettingsHomepageActivity,performCreate]
11-12 05:14:50.775 14554 14554 I wm_on_start_called: [48172282,com.android.settings.homepage.SettingsHomepageActivity,handleStartActivity]
11-12 05:14:50.775 14554 14554 I snet_event_log: [120484087,-1,]
11-12 05:14:50.776 14554 14554 I wm_on_resume_called: [48172282,com.android.settings.homepage.SettingsHomepageActivity,RESUME_ACTIVITY]
11-12 05:14:50.777 14554 14554 I sysui_multi_action: [757,35,758,1,833,0,1089,35]
11-12 05:14:50.785 14554 14554 I sysui_multi_action: [757,1729,758,4,854,isParalleledControllers:false,1089,43]
11-12 05:14:50.791 14554 14554 I wm_on_top_resumed_gained_called: [48172282,com.android.settings.homepage.SettingsHomepageActivity,topStateChangedWhenResumed]
11-12 05:14:50.855 1481 1571 I sysui_multi_action: [324,1,757,1090,758,12,806,com.android.settings,871,com.android.settings.homepage.SettingsHomepageActivity,1091,292]
11-12 05:14:50.860 1481 1567 I sysui_multi_action: [319,77,321,68,322,292,325,14290,757,761,758,8,759,1,806,com.android.settings,871,com.android.settings.homepage.SettingsHomepageActivity,904,com.android.settings,905,0,1320,8,1321,5]
11-12 05:14:50.862 1481 1567 I wm_activity_launch_time: [0,48172282,com.android.settings/.homepage.SettingsHomepageActivity,292]
11-12 05:14:50.890 14554 14554 W CarrierConfigManager: Error getting config for subId -1 ICarrierConfigLoader is null
11-12 05:14:50.923 14554 14554 I sysui_multi_action: [757,746,758,1,833,0,1089,47]
11-12 05:14:50.924 1481 5890 D TelephonyRegistry: listen oscl: mHasNotifySubscriptionInfoChangedOccurred==false no callback
11-12 05:14:50.927 1481 5890 D TelephonyRegistry: listen oscl: mHasNotifySubscriptionInfoChangedOccurred==false no callback
11-12 05:14:50.933 14554 14554 I sysui_multi_action: [757,1729,758,4,854,isParalleledControllers:false,1089,57]
11-12 05:14:50.963 14554 14554 I sysui_multi_action: [757,746,758,2,1089,40]
11-12 05:14:50.981 14554 14554 I sysui_multi_action: [757,337,758,1,833,0,1089,12]
11-12 05:14:50.982 14554 14554 I sysui_multi_action: [757,1729,758,4,854,isParalleledControllers:false,1089,13]
11-12 05:14:51.163 1481 1570 I wm_stop_activity: [0,35371080,com.android.launcher3/.uioverrides.QuickstepLauncher]
11-12 05:14:51.163 1971 1971 I sysui_multi_action: [757,111,758,2]
11-12 05:14:51.163 1971 1971 I sysui_multi_action: [757,111,758,2]
11-12 05:14:51.164 1481 1481 I notification_enqueue: [10082,1971,com.android.systemui,2048,NULL,0,Notification(channel=updateNotification shortcut=null contentView=null vibrate=null sound=null defaults=0x0 flags=0x0 color=0x00000000 vis=PRIVATE),1]
11-12 05:14:51.176 1481 1571 I input_focus: [Focus request 80c380 com.android.settings/com.android.settings.homepage.SettingsHomepageActivity,reason=UpdateInputWindows]
11-12 05:14:51.179 1971 1971 I sysui_multi_action: [757,111,758,1]
11-12 05:14:51.179 1971 1971 I sysui_multi_action: [757,126,758,1,759,126,927,0,928,0,1593,1]
11-12 05:14:51.180 1971 1971 I sysui_multi_action: [757,113,758,1,759,113,927,1,928,1,1593,1]
11-12 05:14:51.180 1971 1971 I sysui_multi_action: [757,0,758,1,759,0,927,2,928,0,1593,1]
11-12 05:14:51.180 1971 1971 I sysui_multi_action: [757,0,758,1,759,0,927,3,928,0,1593,1]
11-12 05:14:51.180 1971 1971 I sysui_multi_action: [757,491,758,1,759,491,927,4,928,0,1311,-1,1593,0]
11-12 05:14:51.180 1971 1971 I sysui_multi_action: [757,0,758,1,759,0,927,5,928,0,1593,0]
11-12 05:14:51.180 1971 1971 I sysui_multi_action: [757,111,758,1]
11-12 05:14:51.180 1971 1971 I sysui_multi_action: [757,126,758,1,759,126,927,0,928,0,1593,1]
11-12 05:14:51.181 1971 1971 I sysui_multi_action: [757,113,758,1,759,113,927,1,928,1,1593,1]
11-12 05:14:51.181 1971 1971 I sysui_multi_action: [757,0,758,1,759,0,927,2,928,0,1593,1]
11-12 05:14:51.181 1971 1971 I sysui_multi_action: [757,0,758,1,759,0,927,3,928,0,1593,1]
11-12 05:14:51.191 2522 2522 I wm_on_stop_called: [35371080,com.android.launcher3.uioverrides.QuickstepLauncher,STOP_ACTIVITY_ITEM]
11-12 05:14:51.191 1481 5877 I sysui_multi_action: [757,128,758,2,793,1316971,794,1356,795,1316971,796,26,798,0,806,android,857,DEVELOPER_IMPORTANT,858,4,947,0,1395,2,1500,1316757,1688,1]
11-12 05:14:51.192 1481 5877 I notification_visibility: [-1|android|26|null|1000,0,1316971,1316971,0,0]
11-12 05:14:51.192 1481 5877 I sysui_multi_action: [757,128,758,2,793,1316969,794,1354,795,1316969,796,32,798,1,806,android,857,USB,858,1,947,0,1395,2,1500,1316757,1688,1]
11-12 05:14:51.192 1481 5877 I notification_visibility: [-1|android|32|null|1000,0,1316969,1316969,0,1]
11-12 05:14:51.196 1971 1971 I sysui_multi_action: [757,111,758,2]
11-12 05:14:51.196 1481 1481 I notification_enqueue: [10082,1971,com.android.systemui,2048,NULL,0,Notification(channel=updateNotification shortcut=null contentView=null vibrate=null sound=null defaults=0x0 flags=0x0 color=0x00000000 vis=PRIVATE),1]
11-12 05:14:51.196 1971 1971 I sysui_multi_action: [757,111,758,2]
11-12 05:14:51.198 1481 5877 I sysui_multi_action: [757,127,758,2]
11-12 05:14:51.198 1481 5877 I notification_panel_hidden:
11-12 05:14:51.203 1481 1680 I input_focus: [Focus leaving 8e9fb15 NotificationShade (server),reason=NOT_FOCUSABLE]
11-12 05:14:51.203 1481 1680 I input_focus: [Focus entering 80c380 com.android.settings/com.android.settings.homepage.SettingsHomepageActivity (server),reason=setFocusedWindow]
11-12 05:14:51.220 1971 1971 I sysui_multi_action: [757,111,758,1]
11-12 05:14:51.220 1971 1971 I sysui_multi_action: [757,126,758,1,759,126,927,0,928,0,1593,1]
11-12 05:14:51.220 1971 1971 I sysui_multi_action: [757,113,758,1,759,113,927,1,928,1,1593,1]
11-12 05:14:51.220 1971 1971 I sysui_multi_action: [757,0,758,1,759,0,927,2,928,0,1593,1]
11-12 05:14:51.220 1971 1971 I sysui_multi_action: [757,0,758,1,759,0,927,3,928,0,1593,1]
11-12 05:14:51.220 1971 1971 I sysui_multi_action: [757,491,758,1,759,491,927,4,928,0,1311,-1,1593,0]
11-12 05:14:51.220 1971 1971 I sysui_multi_action: [757,0,758,1,759,0,927,5,928,0,1593,0]
11-12 05:14:51.220 1971 1971 I sysui_multi_action: [757,111,758,1]
11-12 05:14:51.221 1971 1971 I sysui_multi_action: [757,126,758,1,759,126,927,0,928,0,1593,1]
11-12 05:14:51.221 1971 1971 I sysui_multi_action: [757,113,758,1,759,113,927,1,928,1,1593,1]
11-12 05:14:51.221 1971 1971 I sysui_multi_action: [757,0,758,1,759,0,927,2,928,0,1593,1]
11-12 05:14:51.221 1971 1971 I sysui_multi_action: [757,0,758,1,759,0,927,3,928,0,1593,1]
11-12 05:14:51.228 1481 1570 I wm_destroy_activity: [0,46301591,197,com.android.settings/.Settings$ConfigureNotificationSettingsActivity,finish-imm:idle]
11-12 05:14:51.235 14554 14554 I wm_on_destroy_called: [46301591,com.android.settings.Settings$ConfigureNotificationSettingsActivity,performDestroy]
11-12 05:14:51.237 1481 5877 I wm_task_removed: [197,removeChild:removeChild last r=ActivityRecord{2c28197 u0 com.android.settings/.Settings$ConfigureNotificationSettingsActivity t-1 f}} in t=Task{e1d7969 #197 type=standard A=1000:com.android.settings U=0 visible=false mode=fullscreen translucent=true sz=0}]
11-12 05:14:51.237 1481 5877 I wm_task_removed: [197,removeChild]
11-12 05:14:51.368 1481 1481 I sysui_multi_action: [757,1501,758,1,793,14269513,794,0,795,206,796,2048,806,com.android.systemui,857,updateNotification,858,3,947,0,1500,0,1688,1]
11-12 05:14:51.368 1481 1481 I sysui_multi_action: [757,804,799,note_interruptive,801,0,802,1]
11-12 05:14:51.369 1481 1481 I sysui_multi_action: [757,199,758,1,759,2,793,14269514,794,0,795,207,796,2048,806,com.android.systemui,857,updateNotification,858,3,947,0,1500,1,1688,1]
11-12 05:14:51.369 1481 1481 I notification_alert: [0|com.android.systemui|2048|null|10082,0,1,0]
11-12 05:14:52.029 1481 1680 I input_interaction: Interaction with: 80c380 com.android.settings/com.android.settings.homepage.SettingsHomepageActivity (server), swipe-up (server), edge-swipe (server), PointerEventDispatcher0 (server),
11-12 05:14:52.132 1481 2154 I wm_task_moved: [198,0,0]
11-12 05:14:52.136 1481 2154 I wm_focused_root_task: [0,0,43,198,moveTaskToBackLocked]
11-12 05:14:52.141 1481 2154 I wm_add_to_stopping: [0,48172282,com.android.settings/.homepage.SettingsHomepageActivity,makeInvisible]
11-12 05:14:52.144 1481 2154 I wm_pause_activity: [0,48172282,com.android.settings/.homepage.SettingsHomepageActivity,userLeaving=false,pauseBackTasks]
11-12 05:14:52.148 1481 2154 I wm_set_resumed_activity: [0,com.android.launcher3/.uioverrides.QuickstepLauncher,resumeTopActivityInnerLocked]
11-12 05:14:52.150 1481 2154 I wm_resume_activity: [0,35371080,44,com.android.launcher3/.uioverrides.QuickstepLauncher]
11-12 05:14:52.153 14554 14554 I wm_on_top_resumed_lost_called: [48172282,com.android.settings.homepage.SettingsHomepageActivity,topStateChangedWhenResumed]
11-12 05:14:52.162 1481 1570 I sysui_multi_action: [757,803,799,window_time_0,802,1]
11-12 05:14:52.164 2522 2522 I wm_on_restart_called: [35371080,com.android.launcher3.uioverrides.QuickstepLauncher,performRestartActivity]
11-12 05:14:52.165 2522 2522 I wm_on_start_called: [35371080,com.android.launcher3.uioverrides.QuickstepLauncher,handleStartActivity]
11-12 05:14:52.165 14554 14554 I sysui_multi_action: [757,35,758,2,1089,1387]
11-12 05:14:52.165 14554 14554 I sysui_multi_action: [757,337,758,2,1089,1184]
11-12 05:14:52.165 2522 2522 I wm_on_resume_called: [35371080,com.android.launcher3.uioverrides.QuickstepLauncher,RESUME_ACTIVITY]
11-12 05:14:52.167 14554 14554 I wm_on_paused_called: [48172282,com.android.settings.homepage.SettingsHomepageActivity,performPause]
11-12 05:14:52.170 1481 1680 I input_focus: [Focus leaving 80c380 com.android.settings/com.android.settings.homepage.SettingsHomepageActivity (server),reason=NO_WINDOW]
11-12 05:14:52.177 1481 1571 I input_focus: [Focus request 18adad5 com.android.launcher3/com.android.launcher3.uioverrides.QuickstepLauncher,reason=UpdateInputWindows]
11-12 05:14:52.181 2522 2522 I wm_on_top_resumed_gained_called: [35371080,com.android.launcher3.uioverrides.QuickstepLauncher,topStateChangedWhenResumed]
11-12 05:14:52.203 1481 1680 I input_focus: [Focus entering 18adad5 com.android.launcher3/com.android.launcher3.uioverrides.QuickstepLauncher (server),reason=Window became focusable. Previous reason: NOT_VISIBLE]
11-12 05:14:52.579 1481 1570 I wm_stop_activity: [0,48172282,com.android.settings/.homepage.SettingsHomepageActivity]
11-12 05:14:52.615 14554 14554 I wm_on_stop_called: [48172282,com.android.settings.homepage.SettingsHomepageActivity,STOP_ACTIVITY_ITEM]
11-12 05:14:53.327 0 0 I auditd : type=1400 audit(0.0:15142): avc: denied { kill } for comm="swapper/2" capability=5 scontext=u:r:kernel:s0 tcontext=u:r:kernel:s0 tclass=capability permissive=0
11-12 05:14:53.353 1481 1680 I input_interaction: Interaction with: b3e52f6 StatusBar (server), swipe-up (server), edge-swipe (server), PointerEventDispatcher0 (server),
11-12 05:14:53.361 1971 1971 I sysui_multi_action: [757,803,799,panel_open,802,1]
11-12 05:14:53.363 1971 1971 I sysui_multi_action: [757,1328,758,4,1326,38,1327,0,1329,0]
11-12 05:14:53.617 1481 5890 I sysui_multi_action: [757,127,758,1]
11-12 05:14:53.618 1481 5890 I sysui_multi_action: [757,804,799,note_load,801,2,802,1]
11-12 05:14:53.618 1481 5890 I notification_panel_revealed: 2
11-12 05:14:53.622 1971 1971 I sysui_multi_action: [757,111,758,2]
11-12 05:14:53.622 1481 1481 I notification_enqueue: [10082,1971,com.android.systemui,2048,NULL,0,Notification(channel=updateNotification shortcut=null contentView=null vibrate=null sound=null defaults=0x0 flags=0x0 color=0x00000000 vis=PRIVATE),1]
11-12 05:14:53.622 1971 1971 I sysui_multi_action: [757,111,758,2]
11-12 05:14:53.639 1481 1571 I input_focus: [Focus request 8e9fb15 NotificationShade,reason=UpdateInputWindows]
11-12 05:14:53.642 1971 1971 I sysui_multi_action: [757,111,758,1]
11-12 05:14:53.642 1971 1971 I sysui_multi_action: [757,126,758,1,759,126,927,0,928,0,1593,0]
11-12 05:14:53.644 1971 1971 I sysui_multi_action: [757,113,758,1,759,113,927,1,928,1,1593,0]
11-12 05:14:53.645 1971 1971 I sysui_multi_action: [757,0,758,1,759,0,927,2,928,0,1593,0]
11-12 05:14:53.645 1971 1971 I sysui_multi_action: [757,0,758,1,759,0,927,3,928,0,1593,0]
11-12 05:14:53.645 1971 1971 I sysui_multi_action: [757,491,758,1,759,491,927,4,928,0,1311,-1,1593,0]
11-12 05:14:53.645 1971 1971 I sysui_multi_action: [757,0,758,1,759,0,927,5,928,0,1593,0]
11-12 05:14:53.646 1971 1971 I sysui_multi_action: [757,111,758,1]
11-12 05:14:53.646 1971 1971 I sysui_multi_action: [757,126,758,1,759,126,927,0,928,0,1593,0]
11-12 05:14:53.646 1971 1971 I sysui_multi_action: [757,113,758,1,759,113,927,1,928,1,1593,0]
11-12 05:14:53.646 1971 1971 I sysui_multi_action: [757,0,758,1,759,0,927,2,928,0,1593,0]
11-12 05:14:53.646 1971 1971 I sysui_multi_action: [757,0,758,1,759,0,927,3,928,0,1593,0]
11-12 05:14:53.661 1481 1680 I input_focus: [Focus leaving 18adad5 com.android.launcher3/com.android.launcher3.uioverrides.QuickstepLauncher (server),reason=setFocusedWindow]
11-12 05:14:53.661 1481 1680 I input_focus: [Focus entering 8e9fb15 NotificationShade (server),reason=setFocusedWindow]
11-12 05:14:53.662 1971 1971 I sysui_multi_action: [757,111,758,2]
11-12 05:14:53.662 1971 1971 I sysui_multi_action: [757,111,758,2]
11-12 05:14:53.662 1481 1481 I notification_enqueue: [10082,1971,com.android.systemui,2048,NULL,0,Notification(channel=updateNotification shortcut=null contentView=null vibrate=null sound=null defaults=0x0 flags=0x0 color=0x00000000 vis=PRIVATE),1]
11-12 05:14:53.665 1971 1971 I sysui_multi_action: [757,111,758,1]
11-12 05:14:53.665 1971 1971 I sysui_multi_action: [757,126,758,1,759,126,927,0,928,0,1593,1]
11-12 05:14:53.665 1971 1971 I sysui_multi_action: [757,113,758,1,759,113,927,1,928,1,1593,1]
