11-12 05:19:10.542 1971 1971 I sysui_multi_action: [757,113,758,1,759,113,927,1,928,1,1593,1]
11-12 05:19:10.542 1971 1971 I sysui_multi_action: [757,0,758,1,759,0,927,2,928,0,1593,1]
11-12 05:19:10.543 1971 1971 I sysui_multi_action: [757,0,758,1,759,0,927,3,928,0,1593,1]
11-12 05:19:10.543 1971 1971 I sysui_multi_action: [757,491,758,1,759,491,927,4,928,0,1311,-1,1593,0]
11-12 05:19:10.543 1971 1971 I sysui_multi_action: [757,0,758,1,759,0,927,5,928,0,1593,0]
11-12 05:19:10.543 1971 1971 I sysui_multi_action: [757,111,758,1]
11-12 05:19:10.543 1971 1971 I sysui_multi_action: [757,126,758,1,759,126,927,0,928,0,1593,1]
11-12 05:19:10.543 1971 1971 I sysui_multi_action: [757,113,758,1,759,113,927,1,928,1,1593,1]
11-12 05:19:10.543 1971 1971 I sysui_multi_action: [757,0,758,1,759,0,927,2,928,0,1593,1]
11-12 05:19:10.543 1971 1971 I sysui_multi_action: [757,0,758,1,759,0,927,3,928,0,1593,1]
11-12 05:19:10.555 1971 1971 I sysui_multi_action: [757,111,758,2]
11-12 05:19:10.556 1481 1481 I notification_enqueue: [10082,1971,com.android.systemui,2048,NULL,0,Notification(channel=updateNotification shortcut=null contentView=null vibrate=null sound=null defaults=0x0 flags=0x0 color=0x00000000 vis=PRIVATE),1]
11-12 05:19:10.556 1971 1971 I sysui_multi_action: [757,111,758,2]
11-12 05:19:10.559 1971 1971 I sysui_multi_action: [757,111,758,1]
11-12 05:19:10.559 1971 1971 I sysui_multi_action: [757,126,758,1,759,126,927,0,928,0,1593,1]
11-12 05:19:10.559 1971 1971 I sysui_multi_action: [757,113,758,1,759,113,927,1,928,1,1593,1]
11-12 05:19:10.559 1971 1971 I sysui_multi_action: [757,0,758,1,759,0,927,2,928,0,1593,1]
11-12 05:19:10.559 1971 1971 I sysui_multi_action: [757,0,758,1,759,0,927,3,928,0,1593,1]
11-12 05:19:10.559 1971 1971 I sysui_multi_action: [757,491,758,1,759,491,927,4,928,0,1311,-1,1593,0]
11-12 05:19:10.560 1971 1971 I sysui_multi_action: [757,0,758,1,759,0,927,5,928,0,1593,0]
11-12 05:19:10.560 1971 1971 I sysui_multi_action: [757,111,758,1]
11-12 05:19:10.560 1971 1971 I sysui_multi_action: [757,126,758,1,759,126,927,0,928,0,1593,1]
11-12 05:19:10.560 1971 1971 I sysui_multi_action: [757,113,758,1,759,113,927,1,928,1,1593,1]
11-12 05:19:10.560 1971 1971 I sysui_multi_action: [757,0,758,1,759,0,927,2,928,0,1593,1]
11-12 05:19:10.560 1971 1971 I sysui_multi_action: [757,0,758,1,759,0,927,3,928,0,1593,1]
11-12 05:19:10.572 1971 1971 I sysui_multi_action: [757,111,758,2]
11-12 05:19:10.572 1971 1971 I sysui_multi_action: [757,111,758,2]
11-12 05:19:10.572 1481 1481 I notification_enqueue: [10082,1971,com.android.systemui,2048,NULL,0,Notification(channel=updateNotification shortcut=null contentView=null vibrate=null sound=null defaults=0x0 flags=0x0 color=0x00000000 vis=PRIVATE),1]
11-12 05:19:10.575 1971 1971 I sysui_multi_action: [757,111,758,1]
11-12 05:19:10.575 1971 1971 I sysui_multi_action: [757,126,758,1,759,126,927,0,928,0,1593,0]
11-12 05:19:10.575 1971 1971 I sysui_multi_action: [757,113,758,1,759,113,927,1,928,1,1593,0]
11-12 05:19:10.575 1971 1971 I sysui_multi_action: [757,0,758,1,759,0,927,2,928,0,1593,1]
11-12 05:19:10.575 1971 1971 I sysui_multi_action: [757,0,758,1,759,0,927,3,928,0,1593,1]
11-12 05:19:10.575 1971 1971 I sysui_multi_action: [757,491,758,1,759,491,927,4,928,0,1311,-1,1593,0]
11-12 05:19:10.576 1971 1971 I sysui_multi_action: [757,0,758,1,759,0,927,5,928,0,1593,0]
11-12 05:19:10.576 1971 1971 I sysui_multi_action: [757,111,758,1]
11-12 05:19:10.576 1971 1971 I sysui_multi_action: [757,126,758,1,759,126,927,0,928,0,1593,1]
11-12 05:19:10.576 1971 1971 I sysui_multi_action: [757,113,758,1,759,113,927,1,928,1,1593,1]
11-12 05:19:10.576 1971 1971 I sysui_multi_action: [757,0,758,1,759,0,927,2,928,0,1593,1]
11-12 05:19:10.576 1971 1971 I sysui_multi_action: [757,0,758,1,759,0,927,3,928,0,1593,1]
11-12 05:19:10.589 1971 1971 I sysui_multi_action: [757,111,758,2]
11-12 05:19:10.589 1971 1971 I sysui_multi_action: [757,111,758,2]
11-12 05:19:10.589 1481 1481 I notification_enqueue: [10082,1971,com.android.systemui,2048,NULL,0,Notification(channel=updateNotification shortcut=null contentView=null vibrate=null sound=null defaults=0x0 flags=0x0 color=0x00000000 vis=PRIVATE),1]
11-12 05:19:10.592 1971 1971 I sysui_multi_action: [757,111,758,1]
11-12 05:19:10.592 1971 1971 I sysui_multi_action: [757,126,758,1,759,126,927,0,928,0,1593,1]
11-12 05:19:10.592 1971 1971 I sysui_multi_action: [757,113,758,1,759,113,927,1,928,1,1593,1]
11-12 05:19:10.592 1971 1971 I sysui_multi_action: [757,0,758,1,759,0,927,2,928,0,1593,1]
11-12 05:19:10.592 1971 1971 I sysui_multi_action: [757,0,758,1,759,0,927,3,928,0,1593,1]
11-12 05:19:10.593 1971 1971 I sysui_multi_action: [757,491,758,1,759,491,927,4,928,0,1311,-1,1593,0]
11-12 05:19:10.593 1971 1971 I sysui_multi_action: [757,0,758,1,759,0,927,5,928,0,1593,0]
11-12 05:19:10.593 1971 1971 I sysui_multi_action: [757,111,758,1]
11-12 05:19:10.593 1971 1971 I sysui_multi_action: [757,126,758,1,759,126,927,0,928,0,1593,1]
11-12 05:19:10.593 1971 1971 I sysui_multi_action: [757,113,758,1,759,113,927,1,928,1,1593,1]
11-12 05:19:10.593 1971 1971 I sysui_multi_action: [757,0,758,1,759,0,927,2,928,0,1593,1]
11-12 05:19:10.593 1971 1971 I sysui_multi_action: [757,0,758,1,759,0,927,3,928,0,1593,1]
11-12 05:19:10.607 1971 1971 I sysui_multi_action: [757,111,758,2]
11-12 05:19:10.607 1481 1481 I notification_enqueue: [10082,1971,com.android.systemui,2048,NULL,0,Notification(channel=updateNotification shortcut=null contentView=null vibrate=null sound=null defaults=0x0 flags=0x0 color=0x00000000 vis=PRIVATE),1]
11-12 05:19:10.607 1971 1971 I sysui_multi_action: [757,111,758,2]
11-12 05:19:10.610 1971 1971 I sysui_multi_action: [757,111,758,1]
11-12 05:19:10.610 1971 1971 I sysui_multi_action: [757,126,758,1,759,126,927,0,928,0,1593,1]
11-12 05:19:10.610 1971 1971 I sysui_multi_action: [757,113,758,1,759,113,927,1,928,1,1593,1]
11-12 05:19:10.610 1971 1971 I sysui_multi_action: [757,0,758,1,759,0,927,2,928,0,1593,1]
11-12 05:19:10.610 1971 1971 I sysui_multi_action: [757,0,758,1,759,0,927,3,928,0,1593,1]
11-12 05:19:10.611 1971 1971 I sysui_multi_action: [757,491,758,1,759,491,927,4,928,0,1311,-1,1593,0]
11-12 05:19:10.611 1971 1971 I sysui_multi_action: [757,0,758,1,759,0,927,5,928,0,1593,0]
11-12 05:19:10.611 1971 1971 I sysui_multi_action: [757,111,758,1]
11-12 05:19:10.611 1971 1971 I sysui_multi_action: [757,126,758,1,759,126,927,0,928,0,1593,1]
11-12 05:19:10.611 1971 1971 I sysui_multi_action: [757,113,758,1,759,113,927,1,928,1,1593,1]
11-12 05:19:10.611 1971 1971 I sysui_multi_action: [757,0,758,1,759,0,927,2,928,0,1593,1]
11-12 05:19:10.611 1971 1971 I sysui_multi_action: [757,0,758,1,759,0,927,3,928,0,1593,1]
11-12 05:19:10.622 1971 1971 I sysui_multi_action: [757,111,758,2]
11-12 05:19:10.622 1481 1481 I notification_enqueue: [10082,1971,com.android.systemui,2048,NULL,0,Notification(channel=updateNotification shortcut=null contentView=null vibrate=null sound=null defaults=0x0 flags=0x0 color=0x00000000 vis=PRIVATE),1]
11-12 05:19:10.622 1971 1971 I sysui_multi_action: [757,111,758,2]
11-12 05:19:10.626 1971 1971 I sysui_multi_action: [757,111,758,1]
11-12 05:19:10.626 1971 1971 I sysui_multi_action: [757,126,758,1,759,126,927,0,928,0,1593,1]
11-12 05:19:10.626 1971 1971 I sysui_multi_action: [757,113,758,1,759,113,927,1,928,1,1593,1]
11-12 05:19:10.626 1971 1971 I sysui_multi_action: [757,0,758,1,759,0,927,2,928,0,1593,1]
11-12 05:19:10.626 1971 1971 I sysui_multi_action: [757,0,758,1,759,0,927,3,928,0,1593,1]
11-12 05:19:10.627 1971 1971 I sysui_multi_action: [757,491,758,1,759,491,927,4,928,0,1311,-1,1593,0]
11-12 05:19:10.627 1971 1971 I sysui_multi_action: [757,0,758,1,759,0,927,5,928,0,1593,0]
11-12 05:19:10.627 1971 1971 I sysui_multi_action: [757,111,758,1]
11-12 05:19:10.627 1971 1971 I sysui_multi_action: [757,126,758,1,759,126,927,0,928,0,1593,1]
11-12 05:19:10.627 1971 1971 I sysui_multi_action: [757,113,758,1,759,113,927,1,928,1,1593,1]
11-12 05:19:10.627 1971 1971 I sysui_multi_action: [757,0,758,1,759,0,927,2,928,0,1593,1]
11-12 05:19:10.627 1971 1971 I sysui_multi_action: [757,0,758,1,759,0,927,3,928,0,1593,1]
11-12 05:19:10.639 1971 1971 I sysui_multi_action: [757,111,758,2]
11-12 05:19:10.639 1971 1971 I sysui_multi_action: [757,111,758,2]
11-12 05:19:10.639 1481 1481 I notification_enqueue: [10082,1971,com.android.systemui,2048,NULL,0,Notification(channel=updateNotification shortcut=null contentView=null vibrate=null sound=null defaults=0x0 flags=0x0 color=0x00000000 vis=PRIVATE),1]
11-12 05:19:10.642 1971 1971 I sysui_multi_action: [757,111,758,1]
11-12 05:19:10.643 1971 1971 I sysui_multi_action: [757,126,758,1,759,126,927,0,928,0,1593,0]
11-12 05:19:10.643 1971 1971 I sysui_multi_action: [757,113,758,1,759,113,927,1,928,1,1593,0]
11-12 05:19:10.643 1971 1971 I sysui_multi_action: [757,0,758,1,759,0,927,2,928,0,1593,0]
11-12 05:19:10.643 1971 1971 I sysui_multi_action: [757,0,758,1,759,0,927,3,928,0,1593,0]
11-12 05:19:10.643 1971 1971 I sysui_multi_action: [757,491,758,1,759,491,927,4,928,0,1311,-1,1593,0]
11-12 05:19:10.643 1971 1971 I sysui_multi_action: [757,0,758,1,759,0,927,5,928,0,1593,0]
11-12 05:19:10.643 1971 1971 I sysui_multi_action: [757,111,758,1]
11-12 05:19:10.643 1971 1971 I sysui_multi_action: [757,126,758,1,759,126,927,0,928,0,1593,0]
11-12 05:19:10.643 1971 1971 I sysui_multi_action: [757,113,758,1,759,113,927,1,928,1,1593,0]
11-12 05:19:10.643 1971 1971 I sysui_multi_action: [757,0,758,1,759,0,927,2,928,0,1593,0]
11-12 05:19:10.644 1971 1971 I sysui_multi_action: [757,0,758,1,759,0,927,3,928,0,1593,0]
11-12 05:19:10.657 1971 1971 I sysui_multi_action: [757,111,758,2]
11-12 05:19:10.657 1481 1481 I notification_enqueue: [10082,1971,com.android.systemui,2048,NULL,0,Notification(channel=updateNotification shortcut=null contentView=null vibrate=null sound=null defaults=0x0 flags=0x0 color=0x00000000 vis=PRIVATE),1]
11-12 05:19:10.657 1971 1971 I sysui_multi_action: [757,111,758,2]
11-12 05:19:10.660 1971 1971 I sysui_multi_action: [757,111,758,1]
11-12 05:19:10.661 1971 1971 I sysui_multi_action: [757,126,758,1,759,126,927,0,928,0,1593,1]
11-12 05:19:10.661 1971 1971 I sysui_multi_action: [757,113,758,1,759,113,927,1,928,1,1593,1]
11-12 05:19:10.661 1971 1971 I sysui_multi_action: [757,0,758,1,759,0,927,2,928,0,1593,1]
11-12 05:19:10.661 1971 1971 I sysui_multi_action: [757,0,758,1,759,0,927,3,928,0,1593,1]
11-12 05:19:10.661 1971 1971 I sysui_multi_action: [757,491,758,1,759,491,927,4,928,0,1311,-1,1593,0]
11-12 05:19:10.661 1971 1971 I sysui_multi_action: [757,0,758,1,759,0,927,5,928,0,1593,0]
11-12 05:19:10.661 1971 1971 I sysui_multi_action: [757,111,758,1]
11-12 05:19:10.661 1971 1971 I sysui_multi_action: [757,126,758,1,759,126,927,0,928,0,1593,1]
11-12 05:19:10.661 1971 1971 I sysui_multi_action: [757,113,758,1,759,113,927,1,928,1,1593,1]
11-12 05:19:10.662 1971 1971 I sysui_multi_action: [757,0,758,1,759,0,927,2,928,0,1593,1]
11-12 05:19:10.662 1971 1971 I sysui_multi_action: [757,0,758,1,759,0,927,3,928,0,1593,1]
11-12 05:19:10.674 1971 1971 I sysui_multi_action: [757,111,758,2]
11-12 05:19:10.674 1481 1481 I notification_enqueue: [10082,1971,com.android.systemui,2048,NULL,0,Notification(channel=updateNotification shortcut=null contentView=null vibrate=null sound=null defaults=0x0 flags=0x0 color=0x00000000 vis=PRIVATE),1]
11-12 05:19:10.675 1971 1971 I sysui_multi_action: [757,111,758,2]
11-12 05:19:10.676 1481 1481 I sysui_multi_action: [757,1501,758,1,793,14528821,794,0,795,205,796,2048,806,com.android.systemui,857,updateNotification,858,3,947,0,1500,0,1688,1]
11-12 05:19:10.676 1481 1481 I sysui_multi_action: [757,804,799,note_interruptive,801,0,802,1]
11-12 05:19:10.677 1481 1481 I sysui_multi_action: [757,199,758,1,759,2,793,14528822,794,0,795,206,796,2048,806,com.android.systemui,857,updateNotification,858,3,947,0,1500,1,1688,1]
11-12 05:19:10.677 1481 1481 I notification_alert: [0|com.android.systemui|2048|null|10082,0,1,0]
11-12 05:19:10.678 1971 1971 I sysui_multi_action: [757,111,758,1]
11-12 05:19:10.678 1971 1971 I sysui_multi_action: [757,126,758,1,759,126,927,0,928,0,1593,0]
11-12 05:19:10.678 1971 1971 I sysui_multi_action: [757,113,758,1,759,113,927,1,928,1,1593,0]
11-12 05:19:10.678 1971 1971 I sysui_multi_action: [757,0,758,1,759,0,927,2,928,0,1593,0]
11-12 05:19:10.679 1971 1971 I sysui_multi_action: [757,0,758,1,759,0,927,3,928,0,1593,1]
11-12 05:19:10.679 1971 1971 I sysui_multi_action: [757,491,758,1,759,491,927,4,928,0,1311,-1,1593,0]
11-12 05:19:10.679 1971 1971 I sysui_multi_action: [757,0,758,1,759,0,927,5,928,0,1593,0]
11-12 05:19:10.679 1971 1971 I sysui_multi_action: [757,111,758,1]
11-12 05:19:10.679 1971 1971 I sysui_multi_action: [757,126,758,1,759,126,927,0,928,0,1593,1]
11-12 05:19:10.679 1971 1971 I sysui_multi_action: [757,113,758,1,759,113,927,1,928,1,1593,1]
11-12 05:19:10.679 1971 1971 I sysui_multi_action: [757,0,758,1,759,0,927,2,928,0,1593,1]
11-12 05:19:10.679 1971 1971 I sysui_multi_action: [757,0,758,1,759,0,927,3,928,0,1593,1]
11-12 05:19:10.693 1971 1971 I sysui_multi_action: [757,111,758,2]
11-12 05:19:10.693 1971 1971 I sysui_multi_action: [757,111,758,2]
11-12 05:19:10.696 1481 1481 I notification_enqueue: [10082,1971,com.android.systemui,2048,NULL,0,Notification(channel=updateNotification shortcut=null contentView=null vibrate=null sound=null defaults=0x0 flags=0x0 color=0x00000000 vis=PRIVATE),1]
11-12 05:19:10.697 1971 1971 I sysui_multi_action: [757,111,758,1]
11-12 05:19:10.697 1971 1971 I sysui_multi_action: [757,126,758,1,759,126,927,0,928,0,1593,1]
11-12 05:19:10.697 1971 1971 I sysui_multi_action: [757,113,758,1,759,113,927,1,928,1,1593,1]
11-12 05:19:10.697 1971 1971 I sysui_multi_action: [757,0,758,1,759,0,927,2,928,0,1593,1]
11-12 05:19:10.697 1971 1971 I sysui_multi_action: [757,0,758,1,759,0,927,3,928,0,1593,1]
11-12 05:19:10.698 1971 1971 I sysui_multi_action: [757,491,758,1,759,491,927,4,928,0,1311,-1,1593,0]
11-12 05:19:10.698 1971 1971 I sysui_multi_action: [757,0,758,1,759,0,927,5,928,0,1593,0]
11-12 05:19:10.698 1971 1971 I sysui_multi_action: [757,111,758,1]
11-12 05:19:10.698 1971 1971 I sysui_multi_action: [757,126,758,1,759,126,927,0,928,0,1593,1]
11-12 05:19:10.698 1971 1971 I sysui_multi_action: [757,113,758,1,759,113,927,1,928,1,1593,1]
11-12 05:19:10.698 1971 1971 I sysui_multi_action: [757,0,758,1,759,0,927,2,928,0,1593,1]
11-12 05:19:10.698 1971 1971 I sysui_multi_action: [757,0,758,1,759,0,927,3,928,0,1593,1]
11-12 05:19:10.711 1971 1971 I sysui_multi_action: [757,111,758,2]
11-12 05:19:10.711 1971 1971 I sysui_multi_action: [757,111,758,2]
11-12 05:19:10.714 1971 1971 I sysui_multi_action: [757,111,758,1]
11-12 05:19:10.714 1971 1971 I sysui_multi_action: [757,126,758,1,759,126,927,0,928,0,1593,1]
11-12 05:19:10.714 1971 1971 I sysui_multi_action: [757,113,758,1,759,113,927,1,928,1,1593,1]
11-12 05:19:10.714 1971 1971 I sysui_multi_action: [757,0,758,1,759,0,927,2,928,0,1593,1]
11-12 05:19:10.714 1971 1971 I sysui_multi_action: [757,0,758,1,759,0,927,3,928,0,1593,1]
11-12 05:19:10.715 1971 1971 I sysui_multi_action: [757,491,758,1,759,491,927,4,928,0,1311,-1,1593,0]
11-12 05:19:10.715 1971 1971 I sysui_multi_action: [757,0,758,1,759,0,927,5,928,0,1593,0]
11-12 05:19:10.715 1971 1971 I sysui_multi_action: [757,111,758,1]
11-12 05:19:10.715 1971 1971 I sysui_multi_action: [757,126,758,1,759,126,927,0,928,0,1593,1]
11-12 05:19:10.715 1971 1971 I sysui_multi_action: [757,113,758,1,759,113,927,1,928,1,1593,1]
11-12 05:19:10.715 1971 1971 I sysui_multi_action: [757,0,758,1,759,0,927,2,928,0,1593,1]
11-12 05:19:10.715 1971 1971 I sysui_multi_action: [757,0,758,1,759,0,927,3,928,0,1593,1]
11-12 05:19:10.717 1481 1481 I notification_enqueue: [10082,1971,com.android.systemui,2048,NULL,0,Notification(channel=updateNotification shortcut=null contentView=null vibrate=null sound=null defaults=0x0 flags=0x0 color=0x00000000 vis=PRIVATE),1]
11-12 05:19:10.726 1971 1971 I sysui_multi_action: [757,111,758,2]
11-12 05:19:10.726 1971 1971 I sysui_multi_action: [757,111,758,2]
11-12 05:19:10.726 1481 1481 I notification_enqueue: [10082,1971,com.android.systemui,2048,NULL,0,Notification(channel=updateNotification shortcut=null contentView=null vibrate=null sound=null defaults=0x0 flags=0x0 color=0x00000000 vis=PRIVATE),1]
11-12 05:19:10.728 1971 1971 I sysui_multi_action: [757,111,758,1]
11-12 05:19:10.728 1971 1971 I sysui_multi_action: [757,126,758,1,759,126,927,0,928,0,1593,1]
11-12 05:19:10.729 1971 1971 I sysui_multi_action: [757,113,758,1,759,113,927,1,928,1,1593,1]
11-12 05:19:10.729 1971 1971 I sysui_multi_action: [757,0,758,1,759,0,927,2,928,0,1593,1]
11-12 05:19:10.729 1971 1971 I sysui_multi_action: [757,0,758,1,759,0,927,3,928,0,1593,1]
11-12 05:19:10.729 1971 1971 I sysui_multi_action: [757,491,758,1,759,491,927,4,928,0,1311,-1,1593,0]
11-12 05:19:10.729 1971 1971 I sysui_multi_action: [757,0,758,1,759,0,927,5,928,0,1593,0]
11-12 05:19:10.729 1971 1971 I sysui_multi_action: [757,111,758,1]
11-12 05:19:10.729 1971 1971 I sysui_multi_action: [757,126,758,1,759,126,927,0,928,0,1593,1]
11-12 05:19:10.729 1971 1971 I sysui_multi_action: [757,113,758,1,759,113,927,1,928,1,1593,1]
11-12 05:19:10.729 1971 1971 I sysui_multi_action: [757,0,758,1,759,0,927,2,928,0,1593,1]
11-12 05:19:10.729 1971 1971 I sysui_multi_action: [757,0,758,1,759,0,927,3,928,0,1593,1]
11-12 05:19:10.739 1971 1971 I sysui_multi_action: [757,111,758,2]
11-12 05:19:10.739 1481 1481 I notification_enqueue: [10082,1971,com.android.systemui,2048,NULL,0,Notification(channel=updateNotification shortcut=null contentView=null vibrate=null sound=null defaults=0x0 flags=0x0 color=0x00000000 vis=PRIVATE),1]
11-12 05:19:10.739 1971 1971 I sysui_multi_action: [757,111,758,2]
11-12 05:19:10.748 1971 1971 I sysui_multi_action: [757,111,758,1]
11-12 05:19:10.748 1971 1971 I sysui_multi_action: [757,126,758,1,759,126,927,0,928,0,1593,1]
11-12 05:19:10.749 1971 1971 I sysui_multi_action: [757,113,758,1,759,113,927,1,928,1,1593,1]
11-12 05:19:10.749 1971 1971 I sysui_multi_action: [757,0,758,1,759,0,927,2,928,0,1593,1]
11-12 05:19:10.749 1971 1971 I sysui_multi_action: [757,0,758,1,759,0,927,3,928,0,1593,1]
11-12 05:19:10.749 1971 1971 I sysui_multi_action: [757,491,758,1,759,491,927,4,928,0,1311,-1,1593,0]
11-12 05:19:10.749 1971 1971 I sysui_multi_action: [757,0,758,1,759,0,927,5,928,0,1593,0]
11-12 05:19:10.749 1971 1971 I sysui_multi_action: [757,111,758,1]
11-12 05:19:10.749 1971 1971 I sysui_multi_action: [757,126,758,1,759,126,927,0,928,0,1593,1]
11-12 05:19:10.749 1971 1971 I sysui_multi_action: [757,113,758,1,759,113,927,1,928,1,1593,1]
11-12 05:19:10.749 1971 1971 I sysui_multi_action: [757,0,758,1,759,0,927,2,928,0,1593,1]
11-12 05:19:10.749 1971 1971 I sysui_multi_action: [757,0,758,1,759,0,927,3,928,0,1593,1]
11-12 05:19:10.761 1971 1971 I sysui_multi_action: [757,111,758,2]
11-12 05:19:10.761 1971 1971 I sysui_multi_action: [757,111,758,2]
11-12 05:19:10.761 1481 1481 I notification_enqueue: [10082,1971,com.android.systemui,2048,NULL,0,Notification(channel=updateNotification shortcut=null contentView=null vibrate=null sound=null defaults=0x0 flags=0x0 color=0x00000000 vis=PRIVATE),1]
11-12 05:19:10.769 1971 1971 I sysui_multi_action: [757,111,758,1]
11-12 05:19:10.769 1971 1971 I sysui_multi_action: [757,126,758,1,759,126,927,0,928,0,1593,1]
11-12 05:19:10.769 1971 1971 I sysui_multi_action: [757,113,758,1,759,113,927,1,928,1,1593,1]
11-12 05:19:10.769 1971 1971 I sysui_multi_action: [757,0,758,1,759,0,927,2,928,0,1593,1]
11-12 05:19:10.769 1971 1971 I sysui_multi_action: [757,0,758,1,759,0,927,3,928,0,1593,1]
11-12 05:19:10.769 1971 1971 I sysui_multi_action: [757,491,758,1,759,491,927,4,928,0,1311,-1,1593,0]
11-12 05:19:10.769 1971 1971 I sysui_multi_action: [757,0,758,1,759,0,927,5,928,0,1593,0]
11-12 05:19:10.769 1971 1971 I sysui_multi_action: [757,111,758,1]
11-12 05:19:10.770 1971 1971 I sysui_multi_action: [757,126,758,1,759,126,927,0,928,0,1593,1]
11-12 05:19:10.770 1971 1971 I sysui_multi_action: [757,113,758,1,759,113,927,1,928,1,1593,1]
11-12 05:19:10.770 1971 1971 I sysui_multi_action: [757,0,758,1,759,0,927,2,928,0,1593,1]
11-12 05:19:10.770 1971 1971 I sysui_multi_action: [757,0,758,1,759,0,927,3,928,0,1593,1]
11-12 05:19:11.503 1481 1680 I input_interaction: Interaction with: 3051942 com.android.settings/com.android.settings.homepage.SettingsHomepageActivity (server), swipe-up (server), edge-swipe (server), PointerEventDispatcher0 (server),
11-12 05:19:11.620 1481 6802 I wm_task_moved: [210,0,0]
11-12 05:19:11.625 1481 6802 I wm_focused_root_task: [0,0,43,210,moveTaskToBackLocked]
11-12 05:19:11.626 1481 6802 I wm_add_to_stopping: [0,18340525,com.android.settings/.homepage.SettingsHomepageActivity,makeInvisible]
11-12 05:19:11.628 1481 6802 I wm_pause_activity: [0,18340525,com.android.settings/.homepage.SettingsHomepageActivity,userLeaving=false,pauseBackTasks]
11-12 05:19:11.631 1481 6802 I wm_set_resumed_activity: [0,com.android.launcher3/.uioverrides.QuickstepLauncher,resumeTopActivityInnerLocked]
11-12 05:19:11.635 1481 6802 I wm_resume_activity: [0,35371080,44,com.android.launcher3/.uioverrides.QuickstepLauncher]
11-12 05:19:11.636 15162 15162 I wm_on_top_resumed_lost_called: [18340525,com.android.settings.homepage.SettingsHomepageActivity,topStateChangedWhenResumed]
11-12 05:19:11.640 15162 15162 I sysui_multi_action: [757,35,758,2,1089,1519]
11-12 05:19:11.641 15162 15162 I sysui_multi_action: [757,103,758,2,1089,1279]
11-12 05:19:11.642 15162 15162 I wm_on_paused_called: [18340525,com.android.settings.homepage.SettingsHomepageActivity,performPause]
11-12 05:19:11.646 1481 1680 I input_focus: [Focus leaving 3051942 com.android.settings/com.android.settings.homepage.SettingsHomepageActivity (server),reason=NO_WINDOW]
11-12 05:19:11.648 2522 2522 I wm_on_restart_called: [35371080,com.android.launcher3.uioverrides.QuickstepLauncher,performRestartActivity]
11-12 05:19:11.648 2522 2522 I wm_on_start_called: [35371080,com.android.launcher3.uioverrides.QuickstepLauncher,handleStartActivity]
11-12 05:19:11.649 1481 1570 I sysui_multi_action: [757,803,799,window_time_0,802,2]
11-12 05:19:11.649 2522 2522 I wm_on_resume_called: [35371080,com.android.launcher3.uioverrides.QuickstepLauncher,RESUME_ACTIVITY]
11-12 05:19:11.649 2522 2522 I wm_on_top_resumed_gained_called: [35371080,com.android.launcher3.uioverrides.QuickstepLauncher,topStateChangedWhenResumed]
11-12 05:19:11.666 1481 1571 I input_focus: [Focus request 18adad5 com.android.launcher3/com.android.launcher3.uioverrides.QuickstepLauncher,reason=UpdateInputWindows]
11-12 05:19:11.711 1481 1680 I input_focus: [Focus entering 18adad5 com.android.launcher3/com.android.launcher3.uioverrides.QuickstepLauncher (server),reason=Window became focusable. Previous reason: NOT_VISIBLE]
11-12 05:19:12.051 1481 1570 I wm_stop_activity: [0,18340525,com.android.settings/.homepage.SettingsHomepageActivity]
11-12 05:19:12.082 15162 15162 I wm_on_stop_called: [18340525,com.android.settings.homepage.SettingsHomepageActivity,STOP_ACTIVITY_ITEM]
11-12 05:19:13.327 0 0 I auditd : type=1400 audit(0.0:15418): avc: denied { kill } for comm="swapper/1" capability=5 scontext=u:r:kernel:s0 tcontext=u:r:kernel:s0 tclass=capability permissive=0
11-12 05:19:14.145 1481 1680 I input_interaction: Interaction with: 18adad5 com.android.launcher3/com.android.launcher3.uioverrides.QuickstepLauncher (server), 7fba367 com.android.systemui.ImageWallpaper (server), swipe-up (server), edge-swipe (server), PointerEventDispatcher0 (server),
11-12 05:19:14.264 1481 4393 I wm_task_moved: [210,1,6]
11-12 05:19:14.264 1481 4393 I wm_task_to_front: [0,210]
11-12 05:19:14.265 1481 4393 I wm_focused_root_task: [0,0,210,43,bringingFoundTaskToFront]
11-12 05:19:14.266 1481 4393 I wm_set_resumed_activity: [0,com.android.settings/.homepage.SettingsHomepageActivity,bringingFoundTaskToFront]
11-12 05:19:14.266 1481 4393 I wm_new_intent: [0,18340525,210,com.android.settings/.homepage.SettingsHomepageActivity,android.settings.NOTIFICATION_SETTINGS,NULL,NULL,272678912]
11-12 05:19:14.269 1481 4393 I wm_pause_activity: [0,35371080,com.android.launcher3/.uioverrides.QuickstepLauncher,userLeaving=true,pauseBackTasks]
11-12 05:19:14.280 2522 2522 I wm_on_top_resumed_lost_called: [35371080,com.android.launcher3.uioverrides.QuickstepLauncher,topStateChangedWhenResumed]
11-12 05:19:14.282 2522 2522 I wm_on_paused_called: [35371080,com.android.launcher3.uioverrides.QuickstepLauncher,performPause]
11-12 05:19:14.290 1481 4393 I wm_set_resumed_activity: [0,com.android.settings/.homepage.SettingsHomepageActivity,resumeTopActivityInnerLocked]
11-12 05:19:14.290 1481 4393 I wm_add_to_stopping: [0,35371080,com.android.launcher3/.uioverrides.QuickstepLauncher,makeInvisible]
11-12 05:19:14.291 1481 4393 I wm_resume_activity: [0,18340525,210,com.android.settings/.homepage.SettingsHomepageActivity]
11-12 05:19:14.308 1481 1570 I sysui_multi_action: [757,803,799,window_time_0,802,2]
11-12 05:19:14.311 15162 15162 I wm_on_restart_called: [18340525,com.android.settings.homepage.SettingsHomepageActivity,performRestartActivity]
11-12 05:19:14.317 1481 1680 I input_focus: [Focus leaving 18adad5 com.android.launcher3/com.android.launcher3.uioverrides.QuickstepLauncher (server),reason=NO_WINDOW]
11-12 05:19:14.324 15162 15162 I wm_on_start_called: [18340525,com.android.settings.homepage.SettingsHomepageActivity,handleStartActivity]
11-12 05:19:14.324 15162 15162 I snet_event_log: [120484087,-1,]
11-12 05:19:14.325 15162 15162 I wm_on_resume_called: [18340525,com.android.settings.homepage.SettingsHomepageActivity,RESUME_ACTIVITY]
11-12 05:19:14.325 15162 15162 I sysui_multi_action: [757,35,758,1,833,0,1089,0]
11-12 05:19:14.327 15162 15162 I sysui_multi_action: [757,103,758,1,833,0,1089,0]
11-12 05:19:14.329 15162 15162 I wm_on_top_resumed_gained_called: [18340525,com.android.settings.homepage.SettingsHomepageActivity,topWhenResuming]
11-12 05:19:14.335 1481 1571 I input_focus: [Focus request 3051942 com.android.settings/com.android.settings.homepage.SettingsHomepageActivity,reason=UpdateInputWindows]
11-12 05:19:14.354 1481 1567 I sysui_multi_action: [319,40,321,37,322,86,325,14553,757,761,758,9,759,4,806,com.android.settings,871,com.android.settings.homepage.SettingsHomepageActivity,904,com.android.settings,905,0,1320,8,1321,5]
11-12 05:19:14.366 1481 1680 I input_focus: [Focus entering 3051942 com.android.settings/com.android.settings.homepage.SettingsHomepageActivity (server),reason=Window became focusable. Previous reason: NOT_VISIBLE]
11-12 05:19:14.844 1481 1570 I wm_stop_activity: [0,35371080,com.android.launcher3/.uioverrides.QuickstepLauncher]
11-12 05:19:14.882 2522 2522 I wm_on_stop_called: [35371080,com.android.launcher3.uioverrides.QuickstepLauncher,STOP_ACTIVITY_ITEM]
11-12 05:19:15.327 0 0 I auditd : type=1400 audit(0.0:15419): avc: denied { kill } for comm="swapper/1" capability=5 scontext=u:r:kernel:s0 tcontext=u:r:kernel:s0 tclass=capability permissive=0
11-12 05:19:15.647 1481 1680 I input_interaction: Interaction with: b3e52f6 StatusBar (server), swipe-up (server), edge-swipe (server), PointerEventDispatcher0 (server),
11-12 05:19:15.656 1971 1971 I sysui_multi_action: [757,803,799,panel_open,802,1]
11-12 05:19:15.658 1971 1971 I sysui_multi_action: [757,1328,758,4,1326,50,1327,1,1329,0]
11-12 05:19:15.710 1481 7529 I sysui_multi_action: [757,127,758,1]
11-12 05:19:15.710 1481 7529 I sysui_multi_action: [757,804,799,note_load,801,2,802,1]
11-12 05:19:15.710 1481 7529 I notification_panel_revealed: 2
11-12 05:19:15.717 1481 1481 I notification_enqueue: [10082,1971,com.android.systemui,2048,NULL,0,Notification(channel=updateNotification shortcut=null contentView=null vibrate=null sound=null defaults=0x0 flags=0x0 color=0x00000000 vis=PRIVATE),1]
11-12 05:19:15.720 1971 1971 I sysui_multi_action: [757,111,758,2]
11-12 05:19:15.720 1971 1971 I sysui_multi_action: [757,111,758,2]
11-12 05:19:15.734 1481 1571 I input_focus: [Focus request 8e9fb15 NotificationShade,reason=UpdateInputWindows]
11-12 05:19:15.737 1971 1971 I sysui_multi_action: [757,111,758,1]
11-12 05:19:15.738 1971 1971 I sysui_multi_action: [757,126,758,1,759,126,927,0,928,0,1593,0]
11-12 05:19:15.738 1971 1971 I sysui_multi_action: [757,113,758,1,759,113,927,1,928,1,1593,0]
11-12 05:19:15.738 1971 1971 I sysui_multi_action: [757,0,758,1,759,0,927,2,928,0,1593,0]
11-12 05:19:15.738 1971 1971 I sysui_multi_action: [757,0,758,1,759,0,927,3,928,0,1593,0]
11-12 05:19:15.739 1971 1971 I sysui_multi_action: [757,491,758,1,759,491,927,4,928,0,1311,-1,1593,0]
11-12 05:19:15.739 1971 1971 I sysui_multi_action: [757,0,758,1,759,0,927,5,928,0,1593,0]
11-12 05:19:15.739 1971 1971 I sysui_multi_action: [757,111,758,1]
11-12 05:19:15.739 1971 1971 I sysui_multi_action: [757,126,758,1,759,126,927,0,928,0,1593,0]
11-12 05:19:15.739 1971 1971 I sysui_multi_action: [757,113,758,1,759,113,927,1,928,1,1593,0]
11-12 05:19:15.740 1971 1971 I sysui_multi_action: [757,0,758,1,759,0,927,2,928,0,1593,0]
11-12 05:19:15.740 1971 1971 I sysui_multi_action: [757,0,758,1,759,0,927,3,928,0,1593,0]
11-12 05:19:15.753 1971 1971 I sysui_multi_action: [757,111,758,2]
11-12 05:19:15.753 1971 1971 I sysui_multi_action: [757,111,758,2]
11-12 05:19:15.753 1481 1481 I notification_enqueue: [10082,1971,com.android.systemui,2048,NULL,0,Notification(channel=updateNotification shortcut=null contentView=null vibrate=null sound=null defaults=0x0 flags=0x0 color=0x00000000 vis=PRIVATE),1]
11-12 05:19:15.757 1971 1971 I sysui_multi_action: [757,111,758,1]
11-12 05:19:15.757 1971 1971 I sysui_multi_action: [757,126,758,1,759,126,927,0,928,0,1593,0]
11-12 05:19:15.757 1971 1971 I sysui_multi_action: [757,113,758,1,759,113,927,1,928,1,1593,0]
11-12 05:19:15.757 1971 1971 I sysui_multi_action: [757,0,758,1,759,0,927,2,928,0,1593,0]
11-12 05:19:15.757 1971 1971 I sysui_multi_action: [757,0,758,1,759,0,927,3,928,0,1593,0]
11-12 05:19:15.758 1971 1971 I sysui_multi_action: [757,491,758,1,759,491,927,4,928,0,1311,-1,1593,0]
11-12 05:19:15.758 1971 1971 I sysui_multi_action: [757,0,758,1,759,0,927,5,928,0,1593,0]
11-12 05:19:15.758 1971 1971 I sysui_multi_action: [757,111,758,1]
11-12 05:19:15.758 1971 1971 I sysui_multi_action: [757,126,758,1,759,126,927,0,928,0,1593,0]
11-12 05:19:15.758 1971 1971 I sysui_multi_action: [757,113,758,1,759,113,927,1,928,1,1593,0]
11-12 05:19:15.758 1971 1971 I sysui_multi_action: [757,0,758,1,759,0,927,2,928,0,1593,0]
11-12 05:19:15.758 1971 1971 I sysui_multi_action: [757,0,758,1,759,0,927,3,928,0,1593,0]
11-12 05:19:15.759 1481 1680 I input_focus: [Focus leaving 3051942 com.android.settings/com.android.settings.homepage.SettingsHomepageActivity (server),reason=setFocusedWindow]
11-12 05:19:15.759 1481 1680 I input_focus: [Focus entering 8e9fb15 NotificationShade (server),reason=setFocusedWindow]
11-12 05:19:15.773 1971 1971 I sysui_multi_action: [757,111,758,2]
11-12 05:19:15.773 1481 1481 I notification_enqueue: [10082,1971,com.android.systemui,2048,NULL,0,Notification(channel=updateNotification shortcut=null contentView=null vibrate=null sound=null defaults=0x0 flags=0x0 color=0x00000000 vis=PRIVATE),1]
11-12 05:19:15.773 1971 1971 I sysui_multi_action: [757,111,758,2]
11-12 05:19:15.778 1971 1971 I sysui_multi_action: [757,111,758,1]
11-12 05:19:15.778 1971 1971 I sysui_multi_action: [757,126,758,1,759,126,927,0,928,0,1593,0]
11-12 05:19:15.778 1971 1971 I sysui_multi_action: [757,113,758,1,759,113,927,1,928,1,1593,0]
11-12 05:19:15.778 1971 1971 I sysui_multi_action: [757,0,758,1,759,0,927,2,928,0,1593,0]
11-12 05:19:15.778 1971 1971 I sysui_multi_action: [757,0,758,1,759,0,927,3,928,0,1593,0]
11-12 05:19:15.779 1971 1971 I sysui_multi_action: [757,491,758,1,759,491,927,4,928,0,1311,-1,1593,0]
11-12 05:19:15.779 1971 1971 I sysui_multi_action: [757,0,758,1,759,0,927,5,928,0,1593,0]
11-12 05:19:15.779 1971 1971 I sysui_multi_action: [757,111,758,1]
11-12 05:19:15.779 1971 1971 I sysui_multi_action: [757,126,758,1,759,126,927,0,928,0,1593,0]
11-12 05:19:15.779 1971 1971 I sysui_multi_action: [757,113,758,1,759,113,927,1,928,1,1593,0]
11-12 05:19:15.779 1971 1971 I sysui_multi_action: [757,0,758,1,759,0,927,2,928,0,1593,0]
11-12 05:19:15.779 1971 1971 I sysui_multi_action: [757,0,758,1,759,0,927,3,928,0,1593,0]
11-12 05:19:15.921 1481 1481 I sysui_multi_action: [757,1501,758,1,793,14534066,794,0,795,206,796,2048,806,com.android.systemui,857,updateNotification,858,3,947,0,1500,0,1688,1]
11-12 05:19:15.921 1481 1481 I sysui_multi_action: [757,804,799,note_interruptive,801,0,802,1]
11-12 05:19:15.922 1481 1481 I sysui_multi_action: [757,199,758,1,759,2,793,14534067,794,0,795,207,796,2048,806,com.android.systemui,857,updateNotification,858,3,947,0,1500,1,1688,1]
11-12 05:19:15.922 1481 1481 I notification_alert: [0|com.android.systemui|2048|null|10082,0,1,0]
11-12 05:19:16.258 1481 7529 I sysui_multi_action: [757,128,758,1,793,1582037,794,0,795,1582037,796,26,798,0,806,android,857,DEVELOPER_IMPORTANT,858,4,947,0,1395,2,1500,1581823,1688,1]
11-12 05:19:16.258 1481 7529 I sysui_multi_action: [757,804,799,note_freshness,801,1582037,802,1]
11-12 05:19:16.258 1481 7529 I notification_visibility: [-1|android|26|null|1000,1,1582037,1582037,0,0]
11-12 05:19:16.258 1481 7529 I sysui_multi_action: [757,128,758,1,793,1582035,794,0,795,1582035,796,32,798,1,806,android,857,USB,858,1,947,0,1395,2,1500,1581823,1688,1]
11-12 05:19:16.258 1481 7529 I sysui_multi_action: [757,804,799,note_freshness,801,1582035,802,1]
11-12 05:19:16.259 1481 7529 I notification_visibility: [-1|android|32|null|1000,1,1582035,1582035,0,1]
11-12 05:19:16.327 0 0 I auditd : type=1400 audit(0.0:15420): avc: denied { kill } for comm="swapper/1" capability=5 scontext=u:r:kernel:s0 tcontext=u:r:kernel:s0 tclass=capability permissive=0
11-12 05:19:17.539 1481 1680 I input_interaction: Interaction with: 8e9fb15 NotificationShade (server), swipe-up (server), edge-swipe (server), PointerEventDispatcher0 (server),
11-12 05:19:17.948 1971 1971 I sysui_multi_action: [757,366,758,4,759,491,927,4,928,0,1311,-1,1592,0,1593,1]
11-12 05:19:17.962 1481 6802 I wm_task_created: [219,-1]
11-12 05:19:17.966 1481 6802 I wm_task_moved: [219,1,7]
11-12 05:19:17.966 1481 6802 I wm_task_to_front: [0,219]
11-12 05:19:17.967 1481 6802 I wm_create_task: [0,219]
11-12 05:19:17.967 1481 6802 I wm_create_activity: [0,63481734,219,com.android.settings/.Settings$NightDisplaySettingsActivity,android.settings.NIGHT_DISPLAY_SETTINGS,NULL,NULL,335544320]
11-12 05:19:17.967 1481 6802 I wm_task_moved: [219,1,7]
11-12 05:19:17.967 15162 15162 I wm_on_top_resumed_lost_called: [18340525,com.android.settings.homepage.SettingsHomepageActivity,topStateChangedWhenResumed]
11-12 05:19:17.969 1481 6802 I wm_pause_activity: [0,18340525,com.android.settings/.homepage.SettingsHomepageActivity,userLeaving=true,pauseBackTasks]
11-12 05:19:17.978 15162 15162 I sysui_multi_action: [757,35,758,2,1089,3653]
11-12 05:19:17.979 15162 15162 I sysui_multi_action: [757,103,758,2,1089,3652]
11-12 05:19:17.980 15162 15162 I wm_on_paused_called: [18340525,com.android.settings.homepage.SettingsHomepageActivity,performPause]
11-12 05:19:17.984 1481 7529 I wm_add_to_stopping: [0,18340525,com.android.settings/.homepage.SettingsHomepageActivity,makeInvisible]
11-12 05:19:17.985 1481 7529 I wm_restart_activity: [0,63481734,219,com.android.settings/.Settings$NightDisplaySettingsActivity]
11-12 05:19:17.987 1481 7529 I wm_set_resumed_activity: [0,com.android.settings/.Settings$NightDisplaySettingsActivity,minimalResumeActivityLocked]
11-12 05:19:17.994 1481 1570 I sysui_multi_action: [757,803,799,window_time_0,802,4]
11-12 05:19:18.011 1481 4393 I wm_task_moved: [210,1,7]
11-12 05:19:18.011 1481 4393 I wm_task_to_front: [0,210]
11-12 05:19:18.011 1481 4393 I wm_focused_root_task: [0,0,210,219,bringingFoundTaskToFront]
11-12 05:19:18.011 1481 4393 I wm_set_resumed_activity: [0,com.android.settings/.homepage.SettingsHomepageActivity,bringingFoundTaskToFront]
11-12 05:19:18.011 1481 4393 I wm_new_intent: [0,18340525,210,com.android.settings/.homepage.SettingsHomepageActivity,android.settings.NOTIFICATION_SETTINGS,NULL,NULL,272678912]
11-12 05:19:18.012 1481 4393 I wm_pause_activity: [0,63481734,com.android.settings/.Settings$NightDisplaySettingsActivity,userLeaving=true,pauseBackTasks]
11-12 05:19:18.019 1481 6802 I wm_finish_activity: [0,63481734,219,com.android.settings/.Settings$NightDisplaySettingsActivity,app-request]
11-12 05:19:18.020 15162 15162 I wm_on_create_called: [63481734,com.android.settings.Settings$NightDisplaySettingsActivity,performCreate]
11-12 05:19:18.023 1481 4393 I wm_add_to_stopping: [0,63481734,com.android.settings/.Settings$NightDisplaySettingsActivity,completeFinishing]
11-12 05:19:18.026 1481 4393 I wm_set_resumed_activity: [0,com.android.settings/.homepage.SettingsHomepageActivity,resumeTopActivityInnerLocked]
11-12 05:19:18.027 1481 4393 I wm_resume_activity: [0,18340525,210,com.android.settings/.homepage.SettingsHomepageActivity]
11-12 05:19:18.037 1481 1570 I wm_destroy_activity: [0,63481734,219,com.android.settings/.Settings$NightDisplaySettingsActivity,finish-imm:idle]
11-12 05:19:18.038 1481 1570 I sysui_multi_action: [757,803,799,window_time_0,802,0]
11-12 05:19:18.040 1481 6802 I sysui_multi_action: [757,128,758,2,793,1583820,794,1783,795,1583820,796,26,798,0,806,android,857,DEVELOPER_IMPORTANT,858,4,947,0,1395,2,1500,1583606,1688,1]
11-12 05:19:18.041 1481 6802 I notification_visibility: [-1|android|26|null|1000,0,1583820,1583820,0,0]
11-12 05:19:18.041 1481 6802 I sysui_multi_action: [757,128,758,2,793,1583818,794,1783,795,1583818,796,32,798,1,806,android,857,USB,858,1,947,0,1395,2,1500,1583606,1688,1]
11-12 05:19:18.041 1481 6802 I notification_visibility: [-1|android|32|null|1000,0,1583818,1583818,0,1]
11-12 05:19:18.042 1481 4393 I sysui_multi_action: [757,127,758,2]
11-12 05:19:18.042 1481 4393 I notification_panel_hidden:
11-12 05:19:18.047 15162 15162 I wm_on_resume_called: [18340525,com.android.settings.homepage.SettingsHomepageActivity,RESUME_ACTIVITY]
11-12 05:19:18.047 15162 15162 I sysui_multi_action: [757,35,758,1,833,0,1089,0]
11-12 05:19:18.051 1481 1571 I input_focus: [Focus request 3051942 com.android.settings/com.android.settings.homepage.SettingsHomepageActivity,reason=UpdateInputWindows]
11-12 05:19:18.052 15162 15162 I sysui_multi_action: [757,103,758,1,833,0,1089,0]
11-12 05:19:18.056 15162 15162 I wm_on_top_resumed_gained_called: [18340525,com.android.settings.homepage.SettingsHomepageActivity,topWhenResuming]
11-12 05:19:18.056 15162 15162 I wm_on_destroy_called: [63481734,com.android.settings.Settings$NightDisplaySettingsActivity,performDestroy]
11-12 05:19:18.060 1481 1680 I input_focus: [Focus leaving 8e9fb15 NotificationShade (server),reason=NOT_FOCUSABLE]
11-12 05:19:18.060 1481 4393 I wm_task_removed: [219,removeChild:removeChild last r=ActivityRecord{3c8a786 u0 com.android.settings/.Settings$NightDisplaySettingsActivity t-1 f}} in t=Task{a6097e0 #219 type=standard A=1000:com.android.settings U=0 visible=false mode=fullscreen translucent=true sz=0}]
11-12 05:19:18.060 1481 4393 I wm_task_removed: [219,removeChild]
11-12 05:19:18.061 1481 1680 I input_focus: [Focus entering 3051942 com.android.settings/com.android.settings.homepage.SettingsHomepageActivity (server),reason=setFocusedWindow]
11-12 05:19:18.226 15162 15162 I sysui_multi_action: [757,103,758,2,1089,174]
11-12 05:19:18.259 15162 15162 I sysui_multi_action: [757,488,758,1,833,0,1089,26]
11-12 05:19:18.261 15162 15162 I sysui_multi_action: [757,1729,758,4,854,isParalleledControllers:false,1089,29]
11-12 05:19:18.397 1971 1971 I sysui_multi_action: [757,111,758,2]
11-12 05:19:18.398 1481 1481 I notification_enqueue: [10082,1971,com.android.systemui,2048,NULL,0,Notification(channel=updateNotification shortcut=null contentView=null vibrate=null sound=null defaults=0x0 flags=0x0 color=0x00000000 vis=PRIVATE),1]
11-12 05:19:18.398 1971 1971 I sysui_multi_action: [757,111,758,2]
11-12 05:19:18.402 1971 1971 I sysui_multi_action: [757,111,758,1]
11-12 05:19:18.402 1971 1971 I sysui_multi_action: [757,126,758,1,759,126,927,0,928,0,1593,1]
11-12 05:19:18.402 1971 1971 I sysui_multi_action: [757,113,758,1,759,113,927,1,928,1,1593,1]
11-12 05:19:18.403 1971 1971 I sysui_multi_action: [757,0,758,1,759,0,927,2,928,0,1593,1]
11-12 05:19:18.403 1971 1971 I sysui_multi_action: [757,0,758,1,759,0,927,3,928,0,1593,1]
11-12 05:19:18.403 1971 1971 I sysui_multi_action: [757,491,758,1,759,491,927,4,928,0,1311,-1,1593,0]
11-12 05:19:18.403 1971 1971 I sysui_multi_action: [757,0,758,1,759,0,927,5,928,0,1593,0]
11-12 05:19:18.404 1971 1971 I sysui_multi_action: [757,111,758,1]
11-12 05:19:18.404 1971 1971 I sysui_multi_action: [757,126,758,1,759,126,927,0,928,0,1593,1]
11-12 05:19:18.404 1971 1971 I sysui_multi_action: [757,113,758,1,759,113,927,1,928,1,1593,1]
11-12 05:19:18.404 1971 1971 I sysui_multi_action: [757,0,758,1,759,0,927,2,928,0,1593,1]
11-12 05:19:18.404 1971 1971 I sysui_multi_action: [757,0,758,1,759,0,927,3,928,0,1593,1]
11-12 05:19:18.415 1971 1971 I sysui_multi_action: [757,111,758,2]
11-12 05:19:18.415 1971 1971 I sysui_multi_action: [757,111,758,2]
11-12 05:19:18.415 1481 1481 I notification_enqueue: [10082,1971,com.android.systemui,2048,NULL,0,Notification(channel=updateNotification shortcut=null contentView=null vibrate=null sound=null defaults=0x0 flags=0x0 color=0x00000000 vis=PRIVATE),1]
11-12 05:19:18.419 1971 1971 I sysui_multi_action: [757,111,758,1]
11-12 05:19:18.419 1971 1971 I sysui_multi_action: [757,126,758,1,759,126,927,0,928,0,1593,0]
11-12 05:19:18.419 1971 1971 I sysui_multi_action: [757,113,758,1,759,113,927,1,928,1,1593,0]
11-12 05:19:18.419 1971 1971 I sysui_multi_action: [757,0,758,1,759,0,927,2,928,0,1593,0]
11-12 05:19:18.419 1971 1971 I sysui_multi_action: [757,0,758,1,759,0,927,3,928,0,1593,0]
11-12 05:19:18.420 1971 1971 I sysui_multi_action: [757,491,758,1,759,491,927,4,928,0,1311,-1,1593,0]
11-12 05:19:18.420 1971 1971 I sysui_multi_action: [757,0,758,1,759,0,927,5,928,0,1593,0]
11-12 05:19:18.420 1971 1971 I sysui_multi_action: [757,111,758,1]
11-12 05:19:18.420 1971 1971 I sysui_multi_action: [757,126,758,1,759,126,927,0,928,0,1593,0]
11-12 05:19:18.420 1971 1971 I sysui_multi_action: [757,113,758,1,759,113,927,1,928,1,1593,0]
11-12 05:19:18.420 1971 1971 I sysui_multi_action: [757,0,758,1,759,0,927,2,928,0,1593,0]
11-12 05:19:18.420 1971 1971 I sysui_multi_action: [757,0,758,1,759,0,927,3,928,0,1593,0]
11-12 05:19:18.432 1971 1971 I sysui_multi_action: [757,111,758,2]
11-12 05:19:18.432 1971 1971 I sysui_multi_action: [757,111,758,2]
11-12 05:19:18.433 1481 1481 I notification_enqueue: [10082,1971,com.android.systemui,2048,NULL,0,Notification(channel=updateNotification shortcut=null contentView=null vibrate=null sound=null defaults=0x0 flags=0x0 color=0x00000000 vis=PRIVATE),1]
11-12 05:19:18.436 1971 1971 I sysui_multi_action: [757,111,758,1]
11-12 05:19:18.436 1971 1971 I sysui_multi_action: [757,126,758,1,759,126,927,0,928,0,1593,1]
11-12 05:19:18.436 1971 1971 I sysui_multi_action: [757,113,758,1,759,113,927,1,928,1,1593,1]
11-12 05:19:18.436 1971 1971 I sysui_multi_action: [757,0,758,1,759,0,927,2,928,0,1593,1]
11-12 05:19:18.437 1971 1971 I sysui_multi_action: [757,0,758,1,759,0,927,3,928,0,1593,1]
11-12 05:19:18.437 1971 1971 I sysui_multi_action: [757,491,758,1,759,491,927,4,928,0,1311,-1,1593,0]
11-12 05:19:18.437 1971 1971 I sysui_multi_action: [757,0,758,1,759,0,927,5,928,0,1593,0]
11-12 05:19:18.437 1971 1971 I sysui_multi_action: [757,111,758,1]
11-12 05:19:18.437 1971 1971 I sysui_multi_action: [757,126,758,1,759,126,927,0,928,0,1593,1]
11-12 05:19:18.437 1971 1971 I sysui_multi_action: [757,113,758,1,759,113,927,1,928,1,1593,1]
11-12 05:19:18.437 1971 1971 I sysui_multi_action: [757,0,758,1,759,0,927,2,928,0,1593,1]
11-12 05:19:18.438 1971 1971 I sysui_multi_action: [757,0,758,1,759,0,927,3,928,0,1593,1]
11-12 05:19:18.446 1971 1971 I sysui_multi_action: [757,111,758,2]
11-12 05:19:18.447 1481 1481 I notification_enqueue: [10082,1971,com.android.systemui,2048,NULL,0,Notification(channel=updateNotification shortcut=null contentView=null vibrate=null sound=null defaults=0x0 flags=0x0 color=0x00000000 vis=PRIVATE),1]
11-12 05:19:18.447 1971 1971 I sysui_multi_action: [757,111,758,2]
11-12 05:19:18.450 1971 1971 I sysui_multi_action: [757,111,758,1]
11-12 05:19:18.450 1971 1971 I sysui_multi_action: [757,126,758,1,759,126,927,0,928,0,1593,1]
11-12 05:19:18.450 1971 1971 I sysui_multi_action: [757,113,758,1,759,113,927,1,928,1,1593,1]
11-12 05:19:18.450 1971 1971 I sysui_multi_action: [757,0,758,1,759,0,927,2,928,0,1593,1]
11-12 05:19:18.450 1971 1971 I sysui_multi_action: [757,0,758,1,759,0,927,3,928,0,1593,1]
11-12 05:19:18.451 1971 1971 I sysui_multi_action: [757,491,758,1,759,491,927,4,928,0,1311,-1,1593,0]
11-12 05:19:18.451 1971 1971 I sysui_multi_action: [757,0,758,1,759,0,927,5,928,0,1593,0]
11-12 05:19:18.451 1971 1971 I sysui_multi_action: [757,111,758,1]
11-12 05:19:18.451 1971 1971 I sysui_multi_action: [757,126,758,1,759,126,927,0,928,0,1593,1]
11-12 05:19:18.451 1971 1971 I sysui_multi_action: [757,113,758,1,759,113,927,1,928,1,1593,1]
11-12 05:19:18.451 1971 1971 I sysui_multi_action: [757,0,758,1,759,0,927,2,928,0,1593,1]
11-12 05:19:18.451 1971 1971 I sysui_multi_action: [757,0,758,1,759,0,927,3,928,0,1593,1]
11-12 05:19:18.459 1971 1971 I sysui_multi_action: [757,111,758,2]
11-12 05:19:18.459 1481 1481 I notification_enqueue: [10082,1971,com.android.systemui,2048,NULL,0,Notification(channel=updateNotification shortcut=null contentView=null vibrate=null sound=null defaults=0x0 flags=0x0 color=0x00000000 vis=PRIVATE),1]
11-12 05:19:18.460 1971 1971 I sysui_multi_action: [757,111,758,2]
11-12 05:19:18.462 1971 1971 I sysui_multi_action: [757,111,758,1]
11-12 05:19:18.462 1971 1971 I sysui_multi_action: [757,126,758,1,759,126,927,0,928,0,1593,0]
11-12 05:19:18.462 1971 1971 I sysui_multi_action: [757,113,758,1,759,113,927,1,928,1,1593,1]
11-12 05:19:18.462 1971 1971 I sysui_multi_action: [757,0,758,1,759,0,927,2,928,0,1593,1]
11-12 05:19:18.462 1971 1971 I sysui_multi_action: [757,0,758,1,759,0,927,3,928,0,1593,1]
11-12 05:19:18.463 1971 1971 I sysui_multi_action: [757,491,758,1,759,491,927,4,928,0,1311,-1,1593,0]
11-12 05:19:18.463 1971 1971 I sysui_multi_action: [757,0,758,1,759,0,927,5,928,0,1593,0]
11-12 05:19:18.463 1971 1971 I sysui_multi_action: [757,111,758,1]
11-12 05:19:18.463 1971 1971 I sysui_multi_action: [757,126,758,1,759,126,927,0,928,0,1593,1]
11-12 05:19:18.463 1971 1971 I sysui_multi_action: [757,113,758,1,759,113,927,1,928,1,1593,1]
11-12 05:19:18.463 1971 1971 I sysui_multi_action: [757,0,758,1,759,0,927,2,928,0,1593,1]
11-12 05:19:18.463 1971 1971 I sysui_multi_action: [757,0,758,1,759,0,927,3,928,0,1593,1]
11-12 05:19:18.476 1971 1971 I sysui_multi_action: [757,111,758,2]
11-12 05:19:18.476 1481 1481 I notification_enqueue: [10082,1971,com.android.systemui,2048,NULL,0,Notification(channel=updateNotification shortcut=null contentView=null vibrate=null sound=null defaults=0x0 flags=0x0 color=0x00000000 vis=PRIVATE),1]
11-12 05:19:18.476 1971 1971 I sysui_multi_action: [757,111,758,2]
11-12 05:19:18.480 1971 1971 I sysui_multi_action: [757,111,758,1]
11-12 05:19:18.480 1971 1971 I sysui_multi_action: [757,126,758,1,759,126,927,0,928,0,1593,1]
11-12 05:19:18.480 1971 1971 I sysui_multi_action: [757,113,758,1,759,113,927,1,928,1,1593,1]
11-12 05:19:18.480 1971 1971 I sysui_multi_action: [757,0,758,1,759,0,927,2,928,0,1593,1]
11-12 05:19:18.480 1971 1971 I sysui_multi_action: [757,0,758,1,759,0,927,3,928,0,1593,1]
11-12 05:19:18.480 1971 1971 I sysui_multi_action: [757,491,758,1,759,491,927,4,928,0,1311,-1,1593,0]
11-12 05:19:18.481 1971 1971 I sysui_multi_action: [757,0,758,1,759,0,927,5,928,0,1593,0]
11-12 05:19:18.481 1971 1971 I sysui_multi_action: [757,111,758,1]
11-12 05:19:18.481 1971 1971 I sysui_multi_action: [757,126,758,1,759,126,927,0,928,0,1593,1]
11-12 05:19:18.481 1971 1971 I sysui_multi_action: [757,113,758,1,759,113,927,1,928,1,1593,1]
11-12 05:19:18.481 1971 1971 I sysui_multi_action: [757,0,758,1,759,0,927,2,928,0,1593,1]
11-12 05:19:18.481 1971 1971 I sysui_multi_action: [757,0,758,1,759,0,927,3,928,0,1593,1]
11-12 05:19:18.494 1971 1971 I sysui_multi_action: [757,111,758,2]
11-12 05:19:18.494 1971 1971 I sysui_multi_action: [757,111,758,2]
11-12 05:19:18.496 1481 1481 I notification_enqueue: [10082,1971,com.android.systemui,2048,NULL,0,Notification(channel=updateNotification shortcut=null contentView=null vibrate=null sound=null defaults=0x0 flags=0x0 color=0x00000000 vis=PRIVATE),1]
11-12 05:19:18.497 1971 1971 I sysui_multi_action: [757,111,758,1]
11-12 05:19:18.498 1971 1971 I sysui_multi_action: [757,126,758,1,759,126,927,0,928,0,1593,1]
11-12 05:19:18.498 1971 1971 I sysui_multi_action: [757,113,758,1,759,113,927,1,928,1,1593,1]
11-12 05:19:18.498 1971 1971 I sysui_multi_action: [757,0,758,1,759,0,927,2,928,0,1593,1]
11-12 05:19:18.498 1971 1971 I sysui_multi_action: [757,0,758,1,759,0,927,3,928,0,1593,1]
11-12 05:19:18.498 1971 1971 I sysui_multi_action: [757,491,758,1,759,491,927,4,928,0,1311,-1,1593,0]
11-12 05:19:18.498 1971 1971 I sysui_multi_action: [757,0,758,1,759,0,927,5,928,0,1593,0]
11-12 05:19:18.498 1971 1971 I sysui_multi_action: [757,111,758,1]
11-12 05:19:18.498 1971 1971 I sysui_multi_action: [757,126,758,1,759,126,927,0,928,0,1593,1]
11-12 05:19:18.499 1971 1971 I sysui_multi_action: [757,113,758,1,759,113,927,1,928,1,1593,1]
11-12 05:19:18.499 1971 1971 I sysui_multi_action: [757,0,758,1,759,0,927,2,928,0,1593,1]
11-12 05:19:18.499 1971 1971 I sysui_multi_action: [757,0,758,1,759,0,927,3,928,0,1593,1]
11-12 05:19:18.510 1971 1971 I sysui_multi_action: [757,111,758,2]
