11-12 05:08:07.215 1481 1603 I am_wtf : [0,1481,system_server,-1,DisplayDeviceConfig,requesting nits when no mapping exists.]
11-12 05:08:07.216 1481 1603 I am_wtf : [0,1481,system_server,-1,DisplayDeviceConfig,requesting nits when no mapping exists.]
11-12 05:08:07.231 1481 1603 I am_wtf : [0,1481,system_server,-1,DisplayDeviceConfig,requesting nits when no mapping exists.]
11-12 05:08:07.232 1481 1680 I input_focus: [Focus entering 7d39457 com.thundercomm.screensaver/android.service.dreams.DreamActivity (server),reason=Window became focusable. Previous reason: NOT_VISIBLE]
11-12 05:08:07.233 1481 1603 I am_wtf : [0,1481,system_server,-1,DisplayDeviceConfig,requesting nits when no mapping exists.]
11-12 05:08:07.244 1481 1481 I am_uid_active: 10066
11-12 05:08:07.248 1481 1603 I am_wtf : [0,1481,system_server,-1,DisplayDeviceConfig,requesting nits when no mapping exists.]
11-12 05:08:07.248 1481 1603 I am_wtf : [0,1481,system_server,-1,DisplayDeviceConfig,requesting nits when no mapping exists.]
11-12 05:08:07.263 1481 1603 I am_wtf : [0,1481,system_server,-1,DisplayDeviceConfig,requesting nits when no mapping exists.]
11-12 05:08:07.265 1481 1603 I am_wtf : [0,1481,system_server,-1,DisplayDeviceConfig,requesting nits when no mapping exists.]
11-12 05:08:07.281 1481 1603 I am_wtf : [0,1481,system_server,-1,DisplayDeviceConfig,requesting nits when no mapping exists.]
11-12 05:08:07.282 1971 1971 I sysui_multi_action: [757,111,758,2]
11-12 05:08:07.282 1481 1603 I am_wtf : [0,1481,system_server,-1,DisplayDeviceConfig,requesting nits when no mapping exists.]
11-12 05:08:07.282 1481 1481 I notification_enqueue: [10082,1971,com.android.systemui,2048,NULL,0,Notification(channel=updateNotification shortcut=null contentView=null vibrate=null sound=null defaults=0x0 flags=0x0 color=0x00000000 vis=PRIVATE),1]
11-12 05:08:07.282 1971 1971 I sysui_multi_action: [757,111,758,2]
11-12 05:08:07.288 1971 1971 I sysui_multi_action: [757,111,758,1]
11-12 05:08:07.288 1971 1971 I sysui_multi_action: [757,126,758,1,759,126,927,0,928,0,1593,1]
11-12 05:08:07.289 1971 1971 I sysui_multi_action: [757,113,758,1,759,113,927,1,928,1,1593,1]
11-12 05:08:07.289 1971 1971 I sysui_multi_action: [757,0,758,1,759,0,927,2,928,0,1593,1]
11-12 05:08:07.289 1971 1971 I sysui_multi_action: [757,0,758,1,759,0,927,3,928,0,1593,1]
11-12 05:08:07.289 1971 1971 I sysui_multi_action: [757,491,758,1,759,491,927,4,928,0,1311,-1,1593,0]
11-12 05:08:07.290 1971 1971 I sysui_multi_action: [757,0,758,1,759,0,927,5,928,0,1593,0]
11-12 05:08:07.290 1971 1971 I sysui_multi_action: [757,111,758,1]
11-12 05:08:07.290 1971 1971 I sysui_multi_action: [757,126,758,1,759,126,927,0,928,0,1593,1]
11-12 05:08:07.290 1971 1971 I sysui_multi_action: [757,113,758,1,759,113,927,1,928,1,1593,1]
11-12 05:08:07.290 1971 1971 I sysui_multi_action: [757,0,758,1,759,0,927,2,928,0,1593,1]
11-12 05:08:07.290 1971 1971 I sysui_multi_action: [757,0,758,1,759,0,927,3,928,0,1593,1]
11-12 05:08:07.303 1481 1603 I am_wtf : [0,1481,system_server,-1,DisplayDeviceConfig,requesting nits when no mapping exists.]
11-12 05:08:07.306 1481 1603 I am_wtf : [0,1481,system_server,-1,DisplayDeviceConfig,requesting nits when no mapping exists.]
11-12 05:08:07.310 1971 1971 I sysui_multi_action: [757,111,758,2]
11-12 05:08:07.310 1481 1481 I notification_enqueue: [10082,1971,com.android.systemui,2048,NULL,0,Notification(channel=updateNotification shortcut=null contentView=null vibrate=null sound=null defaults=0x0 flags=0x0 color=0x00000000 vis=PRIVATE),1]
11-12 05:08:07.310 1971 1971 I sysui_multi_action: [757,111,758,2]
11-12 05:08:07.315 1481 1603 I am_wtf : [0,1481,system_server,-1,DisplayDeviceConfig,requesting nits when no mapping exists.]
11-12 05:08:07.316 1481 1603 I am_wtf : [0,1481,system_server,-1,DisplayDeviceConfig,requesting nits when no mapping exists.]
11-12 05:08:07.321 1971 1971 I sysui_multi_action: [757,111,758,1]
11-12 05:08:07.321 1971 1971 I sysui_multi_action: [757,126,758,1,759,126,927,0,928,0,1593,1]
11-12 05:08:07.321 1971 1971 I sysui_multi_action: [757,113,758,1,759,113,927,1,928,1,1593,1]
11-12 05:08:07.321 1971 1971 I sysui_multi_action: [757,0,758,1,759,0,927,2,928,0,1593,1]
11-12 05:08:07.321 1971 1971 I sysui_multi_action: [757,0,758,1,759,0,927,3,928,0,1593,1]
11-12 05:08:07.321 1971 1971 I sysui_multi_action: [757,491,758,1,759,491,927,4,928,0,1311,-1,1593,0]
11-12 05:08:07.321 1971 1971 I sysui_multi_action: [757,0,758,1,759,0,927,5,928,0,1593,0]
11-12 05:08:07.321 1971 1971 I sysui_multi_action: [757,111,758,1]
11-12 05:08:07.321 1971 1971 I sysui_multi_action: [757,126,758,1,759,126,927,0,928,0,1593,1]
11-12 05:08:07.322 1971 1971 I sysui_multi_action: [757,113,758,1,759,113,927,1,928,1,1593,1]
11-12 05:08:07.322 1971 1971 I sysui_multi_action: [757,0,758,1,759,0,927,2,928,0,1593,1]
11-12 05:08:07.322 1971 1971 I sysui_multi_action: [757,0,758,1,759,0,927,3,928,0,1593,1]
11-12 05:08:07.332 1481 1603 I am_wtf : [0,1481,system_server,-1,DisplayDeviceConfig,requesting nits when no mapping exists.]
11-12 05:08:07.332 1481 1603 I am_wtf : [0,1481,system_server,-1,DisplayDeviceConfig,requesting nits when no mapping exists.]
11-12 05:08:07.339 1971 1971 I sysui_multi_action: [757,111,758,2]
11-12 05:08:07.340 1971 1971 I sysui_multi_action: [757,111,758,2]
11-12 05:08:07.340 1481 1481 I notification_enqueue: [10082,1971,com.android.systemui,2048,NULL,0,Notification(channel=updateNotification shortcut=null contentView=null vibrate=null sound=null defaults=0x0 flags=0x0 color=0x00000000 vis=PRIVATE),1]
11-12 05:08:07.346 1971 1971 I sysui_multi_action: [757,111,758,1]
11-12 05:08:07.346 1971 1971 I sysui_multi_action: [757,126,758,1,759,126,927,0,928,0,1593,0]
11-12 05:08:07.346 1971 1971 I sysui_multi_action: [757,113,758,1,759,113,927,1,928,1,1593,0]
11-12 05:08:07.346 1971 1971 I sysui_multi_action: [757,0,758,1,759,0,927,2,928,0,1593,0]
11-12 05:08:07.346 1971 1971 I sysui_multi_action: [757,0,758,1,759,0,927,3,928,0,1593,0]
11-12 05:08:07.347 1971 1971 I sysui_multi_action: [757,491,758,1,759,491,927,4,928,0,1311,-1,1593,0]
11-12 05:08:07.347 1481 1603 I am_wtf : [0,1481,system_server,-1,DisplayDeviceConfig,requesting nits when no mapping exists.]
11-12 05:08:07.347 1971 1971 I sysui_multi_action: [757,0,758,1,759,0,927,5,928,0,1593,0]
11-12 05:08:07.347 1971 1971 I sysui_multi_action: [757,111,758,1]
11-12 05:08:07.347 1971 1971 I sysui_multi_action: [757,126,758,1,759,126,927,0,928,0,1593,1]
11-12 05:08:07.347 1971 1971 I sysui_multi_action: [757,113,758,1,759,113,927,1,928,1,1593,1]
11-12 05:08:07.347 1971 1971 I sysui_multi_action: [757,0,758,1,759,0,927,2,928,0,1593,1]
11-12 05:08:07.347 1971 1971 I sysui_multi_action: [757,0,758,1,759,0,927,3,928,0,1593,1]
11-12 05:08:07.347 1481 1603 I am_wtf : [0,1481,system_server,-1,DisplayDeviceConfig,requesting nits when no mapping exists.]
11-12 05:08:07.358 1971 1971 I sysui_multi_action: [757,111,758,2]
11-12 05:08:07.359 1971 1971 I sysui_multi_action: [757,111,758,2]
11-12 05:08:07.359 1481 1481 I notification_enqueue: [10082,1971,com.android.systemui,2048,NULL,0,Notification(channel=updateNotification shortcut=null contentView=null vibrate=null sound=null defaults=0x0 flags=0x0 color=0x00000000 vis=PRIVATE),1]
11-12 05:08:07.364 1481 1603 I am_wtf : [0,1481,system_server,-1,DisplayDeviceConfig,requesting nits when no mapping exists.]
11-12 05:08:07.365 1481 1603 I am_wtf : [0,1481,system_server,-1,DisplayDeviceConfig,requesting nits when no mapping exists.]
11-12 05:08:07.365 1971 1971 I sysui_multi_action: [757,111,758,1]
11-12 05:08:07.365 1971 1971 I sysui_multi_action: [757,126,758,1,759,126,927,0,928,0,1593,0]
11-12 05:08:07.365 1971 1971 I sysui_multi_action: [757,113,758,1,759,113,927,1,928,1,1593,1]
11-12 05:08:07.365 1971 1971 I sysui_multi_action: [757,0,758,1,759,0,927,2,928,0,1593,1]
11-12 05:08:07.365 1971 1971 I sysui_multi_action: [757,0,758,1,759,0,927,3,928,0,1593,1]
11-12 05:08:07.366 1971 1971 I sysui_multi_action: [757,491,758,1,759,491,927,4,928,0,1311,-1,1593,0]
11-12 05:08:07.366 1971 1971 I sysui_multi_action: [757,0,758,1,759,0,927,5,928,0,1593,0]
11-12 05:08:07.366 1971 1971 I sysui_multi_action: [757,111,758,1]
11-12 05:08:07.366 1971 1971 I sysui_multi_action: [757,126,758,1,759,126,927,0,928,0,1593,1]
11-12 05:08:07.366 1971 1971 I sysui_multi_action: [757,113,758,1,759,113,927,1,928,1,1593,1]
11-12 05:08:07.366 1971 1971 I sysui_multi_action: [757,0,758,1,759,0,927,2,928,0,1593,1]
11-12 05:08:07.366 1971 1971 I sysui_multi_action: [757,0,758,1,759,0,927,3,928,0,1593,1]
11-12 05:08:07.373 1481 1481 I sysui_multi_action: [757,1501,758,1,793,13865515,794,0,795,205,796,2048,806,com.android.systemui,857,updateNotification,858,3,947,0,1500,0,1688,1]
11-12 05:08:07.373 1481 1481 I sysui_multi_action: [757,804,799,note_interruptive,801,0,802,1]
11-12 05:08:07.373 1481 1481 I sysui_multi_action: [757,199,758,1,759,2,793,13865518,794,0,795,208,796,2048,806,com.android.systemui,857,updateNotification,858,3,947,0,1500,3,1688,1]
11-12 05:08:07.373 1481 1481 I notification_alert: [0|com.android.systemui|2048|null|10082,0,1,0]
11-12 05:08:07.378 1971 1971 I sysui_multi_action: [757,111,758,2]
11-12 05:08:07.378 1971 1971 I sysui_multi_action: [757,111,758,2]
11-12 05:08:07.378 1481 1481 I notification_enqueue: [10082,1971,com.android.systemui,2048,NULL,0,Notification(channel=updateNotification shortcut=null contentView=null vibrate=null sound=null defaults=0x0 flags=0x0 color=0x00000000 vis=PRIVATE),1]
11-12 05:08:07.381 1481 1603 I am_wtf : [0,1481,system_server,-1,DisplayDeviceConfig,requesting nits when no mapping exists.]
11-12 05:08:07.381 1481 1603 I am_wtf : [0,1481,system_server,-1,DisplayDeviceConfig,requesting nits when no mapping exists.]
11-12 05:08:07.386 1971 1971 I sysui_multi_action: [757,111,758,1]
11-12 05:08:07.386 1971 1971 I sysui_multi_action: [757,126,758,1,759,126,927,0,928,0,1593,1]
11-12 05:08:07.386 1971 1971 I sysui_multi_action: [757,113,758,1,759,113,927,1,928,1,1593,1]
11-12 05:08:07.386 1971 1971 I sysui_multi_action: [757,0,758,1,759,0,927,2,928,0,1593,1]
11-12 05:08:07.386 1971 1971 I sysui_multi_action: [757,0,758,1,759,0,927,3,928,0,1593,1]
11-12 05:08:07.387 1971 1971 I sysui_multi_action: [757,491,758,1,759,491,927,4,928,0,1311,-1,1593,1]
11-12 05:08:07.387 1971 1971 I sysui_multi_action: [757,0,758,1,759,0,927,5,928,0,1593,1]
11-12 05:08:07.387 1971 1971 I sysui_multi_action: [757,111,758,1]
11-12 05:08:07.387 1971 1971 I sysui_multi_action: [757,126,758,1,759,126,927,0,928,0,1593,1]
11-12 05:08:07.387 1971 1971 I sysui_multi_action: [757,113,758,1,759,113,927,1,928,1,1593,1]
11-12 05:08:07.387 1971 1971 I sysui_multi_action: [757,0,758,1,759,0,927,2,928,0,1593,1]
11-12 05:08:07.387 1971 1971 I sysui_multi_action: [757,0,758,1,759,0,927,3,928,0,1593,1]
11-12 05:08:07.398 1971 1971 I sysui_multi_action: [757,111,758,2]
11-12 05:08:07.398 1481 1481 I notification_enqueue: [10082,1971,com.android.systemui,2048,NULL,0,Notification(channel=updateNotification shortcut=null contentView=null vibrate=null sound=null defaults=0x0 flags=0x0 color=0x00000000 vis=PRIVATE),1]
11-12 05:08:07.398 1971 1971 I sysui_multi_action: [757,111,758,2]
11-12 05:08:07.399 1481 1603 I am_wtf : [0,1481,system_server,-1,DisplayDeviceConfig,requesting nits when no mapping exists.]
11-12 05:08:07.399 1481 1603 I am_wtf : [0,1481,system_server,-1,DisplayDeviceConfig,requesting nits when no mapping exists.]
11-12 05:08:07.404 1971 1971 I sysui_multi_action: [757,111,758,1]
11-12 05:08:07.404 1971 1971 I sysui_multi_action: [757,126,758,1,759,126,927,0,928,0,1593,1]
11-12 05:08:07.404 1971 1971 I sysui_multi_action: [757,113,758,1,759,113,927,1,928,1,1593,1]
11-12 05:08:07.404 1971 1971 I sysui_multi_action: [757,0,758,1,759,0,927,2,928,0,1593,1]
11-12 05:08:07.404 1971 1971 I sysui_multi_action: [757,0,758,1,759,0,927,3,928,0,1593,1]
11-12 05:08:07.405 1971 1971 I sysui_multi_action: [757,491,758,1,759,491,927,4,928,0,1311,-1,1593,0]
11-12 05:08:07.405 1971 1971 I sysui_multi_action: [757,0,758,1,759,0,927,5,928,0,1593,0]
11-12 05:08:07.405 1971 1971 I sysui_multi_action: [757,111,758,1]
11-12 05:08:07.405 1971 1971 I sysui_multi_action: [757,126,758,1,759,126,927,0,928,0,1593,1]
11-12 05:08:07.405 1971 1971 I sysui_multi_action: [757,113,758,1,759,113,927,1,928,1,1593,1]
11-12 05:08:07.405 1971 1971 I sysui_multi_action: [757,0,758,1,759,0,927,2,928,0,1593,1]
11-12 05:08:07.405 1971 1971 I sysui_multi_action: [757,0,758,1,759,0,927,3,928,0,1593,1]
11-12 05:08:07.419 1481 1603 I am_wtf : [0,1481,system_server,-1,DisplayDeviceConfig,requesting nits when no mapping exists.]
11-12 05:08:07.419 1971 1971 I sysui_multi_action: [757,111,758,2]
11-12 05:08:07.419 1971 1971 I sysui_multi_action: [757,111,758,2]
11-12 05:08:07.419 1481 1481 I notification_enqueue: [10082,1971,com.android.systemui,2048,NULL,0,Notification(channel=updateNotification shortcut=null contentView=null vibrate=null sound=null defaults=0x0 flags=0x0 color=0x00000000 vis=PRIVATE),1]
11-12 05:08:07.420 1481 1603 I am_wtf : [0,1481,system_server,-1,DisplayDeviceConfig,requesting nits when no mapping exists.]
11-12 05:08:07.425 1971 1971 I sysui_multi_action: [757,111,758,1]
11-12 05:08:07.425 1971 1971 I sysui_multi_action: [757,126,758,1,759,126,927,0,928,0,1593,1]
11-12 05:08:07.425 1971 1971 I sysui_multi_action: [757,113,758,1,759,113,927,1,928,1,1593,1]
11-12 05:08:07.425 1971 1971 I sysui_multi_action: [757,0,758,1,759,0,927,2,928,0,1593,1]
11-12 05:08:07.426 1971 1971 I sysui_multi_action: [757,0,758,1,759,0,927,3,928,0,1593,1]
11-12 05:08:07.426 1971 1971 I sysui_multi_action: [757,491,758,1,759,491,927,4,928,0,1311,-1,1593,0]
11-12 05:08:07.426 1971 1971 I sysui_multi_action: [757,0,758,1,759,0,927,5,928,0,1593,0]
11-12 05:08:07.426 1971 1971 I sysui_multi_action: [757,111,758,1]
11-12 05:08:07.426 1971 1971 I sysui_multi_action: [757,126,758,1,759,126,927,0,928,0,1593,1]
11-12 05:08:07.426 1971 1971 I sysui_multi_action: [757,113,758,1,759,113,927,1,928,1,1593,1]
11-12 05:08:07.426 1971 1971 I sysui_multi_action: [757,0,758,1,759,0,927,2,928,0,1593,1]
11-12 05:08:07.426 1971 1971 I sysui_multi_action: [757,0,758,1,759,0,927,3,928,0,1593,1]
11-12 05:08:07.430 1481 1603 I am_wtf : [0,1481,system_server,-1,DisplayDeviceConfig,requesting nits when no mapping exists.]
11-12 05:08:07.431 1481 1603 I am_wtf : [0,1481,system_server,-1,DisplayDeviceConfig,requesting nits when no mapping exists.]
11-12 05:08:07.438 1971 1971 I sysui_multi_action: [757,111,758,2]
11-12 05:08:07.438 1971 1971 I sysui_multi_action: [757,111,758,2]
11-12 05:08:07.438 1481 1481 I notification_enqueue: [10082,1971,com.android.systemui,2048,NULL,0,Notification(channel=updateNotification shortcut=null contentView=null vibrate=null sound=null defaults=0x0 flags=0x0 color=0x00000000 vis=PRIVATE),1]
11-12 05:08:07.444 1971 1971 I sysui_multi_action: [757,111,758,1]
11-12 05:08:07.444 1971 1971 I sysui_multi_action: [757,126,758,1,759,126,927,0,928,0,1593,1]
11-12 05:08:07.444 1971 1971 I sysui_multi_action: [757,113,758,1,759,113,927,1,928,1,1593,1]
11-12 05:08:07.444 1971 1971 I sysui_multi_action: [757,0,758,1,759,0,927,2,928,0,1593,1]
11-12 05:08:07.444 1971 1971 I sysui_multi_action: [757,0,758,1,759,0,927,3,928,0,1593,1]
11-12 05:08:07.444 1971 1971 I sysui_multi_action: [757,491,758,1,759,491,927,4,928,0,1311,-1,1593,0]
11-12 05:08:07.444 1971 1971 I sysui_multi_action: [757,0,758,1,759,0,927,5,928,0,1593,0]
11-12 05:08:07.444 1971 1971 I sysui_multi_action: [757,111,758,1]
11-12 05:08:07.444 1971 1971 I sysui_multi_action: [757,126,758,1,759,126,927,0,928,0,1593,1]
11-12 05:08:07.444 1971 1971 I sysui_multi_action: [757,113,758,1,759,113,927,1,928,1,1593,1]
11-12 05:08:07.444 1971 1971 I sysui_multi_action: [757,0,758,1,759,0,927,2,928,0,1593,1]
11-12 05:08:07.444 1971 1971 I sysui_multi_action: [757,0,758,1,759,0,927,3,928,0,1593,1]
11-12 05:08:07.453 1481 1603 I am_wtf : [0,1481,system_server,-1,DisplayDeviceConfig,requesting nits when no mapping exists.]
11-12 05:08:07.456 1481 1603 I am_wtf : [0,1481,system_server,-1,DisplayDeviceConfig,requesting nits when no mapping exists.]
11-12 05:08:07.458 1971 1971 I sysui_multi_action: [757,111,758,2]
11-12 05:08:07.458 1971 1971 I sysui_multi_action: [757,111,758,2]
11-12 05:08:07.458 1481 1481 I notification_enqueue: [10082,1971,com.android.systemui,2048,NULL,0,Notification(channel=updateNotification shortcut=null contentView=null vibrate=null sound=null defaults=0x0 flags=0x0 color=0x00000000 vis=PRIVATE),1]
11-12 05:08:07.464 1481 1603 I am_wtf : [0,1481,system_server,-1,DisplayDeviceConfig,requesting nits when no mapping exists.]
11-12 05:08:07.464 1971 1971 I sysui_multi_action: [757,111,758,1]
11-12 05:08:07.465 1971 1971 I sysui_multi_action: [757,126,758,1,759,126,927,0,928,0,1593,1]
11-12 05:08:07.465 1481 1603 I am_wtf : [0,1481,system_server,-1,DisplayDeviceConfig,requesting nits when no mapping exists.]
11-12 05:08:07.465 1971 1971 I sysui_multi_action: [757,113,758,1,759,113,927,1,928,1,1593,1]
11-12 05:08:07.465 1971 1971 I sysui_multi_action: [757,0,758,1,759,0,927,2,928,0,1593,1]
11-12 05:08:07.465 1971 1971 I sysui_multi_action: [757,0,758,1,759,0,927,3,928,0,1593,1]
11-12 05:08:07.465 1971 1971 I sysui_multi_action: [757,491,758,1,759,491,927,4,928,0,1311,-1,1593,0]
11-12 05:08:07.465 1971 1971 I sysui_multi_action: [757,0,758,1,759,0,927,5,928,0,1593,0]
11-12 05:08:07.465 1971 1971 I sysui_multi_action: [757,111,758,1]
11-12 05:08:07.465 1971 1971 I sysui_multi_action: [757,126,758,1,759,126,927,0,928,0,1593,1]
11-12 05:08:07.465 1971 1971 I sysui_multi_action: [757,113,758,1,759,113,927,1,928,1,1593,1]
11-12 05:08:07.465 1971 1971 I sysui_multi_action: [757,0,758,1,759,0,927,2,928,0,1593,1]
11-12 05:08:07.465 1971 1971 I sysui_multi_action: [757,0,758,1,759,0,927,3,928,0,1593,1]
11-12 05:08:07.477 1971 1971 I sysui_multi_action: [757,111,758,2]
11-12 05:08:07.477 1971 1971 I sysui_multi_action: [757,111,758,2]
11-12 05:08:07.478 1481 1481 I notification_enqueue: [10082,1971,com.android.systemui,2048,NULL,0,Notification(channel=updateNotification shortcut=null contentView=null vibrate=null sound=null defaults=0x0 flags=0x0 color=0x00000000 vis=PRIVATE),1]
11-12 05:08:07.482 1481 1603 I am_wtf : [0,1481,system_server,-1,DisplayDeviceConfig,requesting nits when no mapping exists.]
11-12 05:08:07.482 1481 1603 I am_wtf : [0,1481,system_server,-1,DisplayDeviceConfig,requesting nits when no mapping exists.]
11-12 05:08:07.484 1971 1971 I sysui_multi_action: [757,111,758,1]
11-12 05:08:07.484 1971 1971 I sysui_multi_action: [757,126,758,1,759,126,927,0,928,0,1593,1]
11-12 05:08:07.484 1971 1971 I sysui_multi_action: [757,113,758,1,759,113,927,1,928,1,1593,1]
11-12 05:08:07.484 1971 1971 I sysui_multi_action: [757,0,758,1,759,0,927,2,928,0,1593,1]
11-12 05:08:07.484 1971 1971 I sysui_multi_action: [757,0,758,1,759,0,927,3,928,0,1593,1]
11-12 05:08:07.484 1971 1971 I sysui_multi_action: [757,491,758,1,759,491,927,4,928,0,1311,-1,1593,0]
11-12 05:08:07.484 1971 1971 I sysui_multi_action: [757,0,758,1,759,0,927,5,928,0,1593,0]
11-12 05:08:07.484 1971 1971 I sysui_multi_action: [757,111,758,1]
11-12 05:08:07.484 1971 1971 I sysui_multi_action: [757,126,758,1,759,126,927,0,928,0,1593,1]
11-12 05:08:07.484 1971 1971 I sysui_multi_action: [757,113,758,1,759,113,927,1,928,1,1593,1]
11-12 05:08:07.485 1971 1971 I sysui_multi_action: [757,0,758,1,759,0,927,2,928,0,1593,1]
11-12 05:08:07.485 1971 1971 I sysui_multi_action: [757,0,758,1,759,0,927,3,928,0,1593,1]
11-12 05:08:07.495 1971 1971 I sysui_multi_action: [757,111,758,2]
11-12 05:08:07.495 1971 1971 I sysui_multi_action: [757,111,758,2]
11-12 05:08:07.495 1481 1481 I notification_enqueue: [10082,1971,com.android.systemui,2048,NULL,0,Notification(channel=updateNotification shortcut=null contentView=null vibrate=null sound=null defaults=0x0 flags=0x0 color=0x00000000 vis=PRIVATE),1]
11-12 05:08:07.497 1481 1603 I am_wtf : [0,1481,system_server,-1,DisplayDeviceConfig,requesting nits when no mapping exists.]
11-12 05:08:07.498 1481 1603 I am_wtf : [0,1481,system_server,-1,DisplayDeviceConfig,requesting nits when no mapping exists.]
11-12 05:08:07.501 1971 1971 I sysui_multi_action: [757,111,758,1]
11-12 05:08:07.501 1971 1971 I sysui_multi_action: [757,126,758,1,759,126,927,0,928,0,1593,1]
11-12 05:08:07.501 1971 1971 I sysui_multi_action: [757,113,758,1,759,113,927,1,928,1,1593,1]
11-12 05:08:07.501 1971 1971 I sysui_multi_action: [757,0,758,1,759,0,927,2,928,0,1593,1]
11-12 05:08:07.501 1971 1971 I sysui_multi_action: [757,0,758,1,759,0,927,3,928,0,1593,1]
11-12 05:08:07.501 1971 1971 I sysui_multi_action: [757,491,758,1,759,491,927,4,928,0,1311,-1,1593,0]
11-12 05:08:07.501 1971 1971 I sysui_multi_action: [757,0,758,1,759,0,927,5,928,0,1593,0]
11-12 05:08:07.501 1971 1971 I sysui_multi_action: [757,111,758,1]
11-12 05:08:07.501 1971 1971 I sysui_multi_action: [757,126,758,1,759,126,927,0,928,0,1593,1]
11-12 05:08:07.501 1971 1971 I sysui_multi_action: [757,113,758,1,759,113,927,1,928,1,1593,1]
11-12 05:08:07.501 1971 1971 I sysui_multi_action: [757,0,758,1,759,0,927,2,928,0,1593,1]
11-12 05:08:07.501 1971 1971 I sysui_multi_action: [757,0,758,1,759,0,927,3,928,0,1593,1]
11-12 05:08:07.512 1971 1971 I sysui_multi_action: [757,111,758,2]
11-12 05:08:07.512 1971 1971 I sysui_multi_action: [757,111,758,2]
11-12 05:08:07.514 1481 1603 I am_wtf : [0,1481,system_server,-1,DisplayDeviceConfig,requesting nits when no mapping exists.]
11-12 05:08:07.514 1481 1481 I notification_enqueue: [10082,1971,com.android.systemui,2048,NULL,0,Notification(channel=updateNotification shortcut=null contentView=null vibrate=null sound=null defaults=0x0 flags=0x0 color=0x00000000 vis=PRIVATE),1]
11-12 05:08:07.515 1481 1603 I am_wtf : [0,1481,system_server,-1,DisplayDeviceConfig,requesting nits when no mapping exists.]
11-12 05:08:07.518 1971 1971 I sysui_multi_action: [757,111,758,1]
11-12 05:08:07.518 1971 1971 I sysui_multi_action: [757,126,758,1,759,126,927,0,928,0,1593,1]
11-12 05:08:07.518 1971 1971 I sysui_multi_action: [757,113,758,1,759,113,927,1,928,1,1593,1]
11-12 05:08:07.518 1971 1971 I sysui_multi_action: [757,0,758,1,759,0,927,2,928,0,1593,1]
11-12 05:08:07.518 1971 1971 I sysui_multi_action: [757,0,758,1,759,0,927,3,928,0,1593,1]
11-12 05:08:07.518 1971 1971 I sysui_multi_action: [757,491,758,1,759,491,927,4,928,0,1311,-1,1593,0]
11-12 05:08:07.518 1971 1971 I sysui_multi_action: [757,0,758,1,759,0,927,5,928,0,1593,0]
11-12 05:08:07.519 1971 1971 I sysui_multi_action: [757,111,758,1]
11-12 05:08:07.519 1971 1971 I sysui_multi_action: [757,126,758,1,759,126,927,0,928,0,1593,1]
11-12 05:08:07.519 1971 1971 I sysui_multi_action: [757,113,758,1,759,113,927,1,928,1,1593,1]
11-12 05:08:07.519 1971 1971 I sysui_multi_action: [757,0,758,1,759,0,927,2,928,0,1593,1]
11-12 05:08:07.519 1971 1971 I sysui_multi_action: [757,0,758,1,759,0,927,3,928,0,1593,1]
11-12 05:08:07.531 1481 1603 I am_wtf : [0,1481,system_server,-1,DisplayDeviceConfig,requesting nits when no mapping exists.]
11-12 05:08:07.531 1971 1971 I sysui_multi_action: [757,111,758,2]
11-12 05:08:07.531 1971 1971 I sysui_multi_action: [757,111,758,2]
11-12 05:08:07.532 1481 1603 I am_wtf : [0,1481,system_server,-1,DisplayDeviceConfig,requesting nits when no mapping exists.]
11-12 05:08:07.538 1971 1971 I sysui_multi_action: [757,111,758,1]
11-12 05:08:07.538 1971 1971 I sysui_multi_action: [757,126,758,1,759,126,927,0,928,0,1593,1]
11-12 05:08:07.538 1971 1971 I sysui_multi_action: [757,113,758,1,759,113,927,1,928,1,1593,1]
11-12 05:08:07.538 1971 1971 I sysui_multi_action: [757,0,758,1,759,0,927,2,928,0,1593,1]
11-12 05:08:07.538 1971 1971 I sysui_multi_action: [757,0,758,1,759,0,927,3,928,0,1593,1]
11-12 05:08:07.538 1971 1971 I sysui_multi_action: [757,491,758,1,759,491,927,4,928,0,1311,-1,1593,0]
11-12 05:08:07.538 1971 1971 I sysui_multi_action: [757,0,758,1,759,0,927,5,928,0,1593,0]
11-12 05:08:07.538 1971 1971 I sysui_multi_action: [757,111,758,1]
11-12 05:08:07.538 1971 1971 I sysui_multi_action: [757,126,758,1,759,126,927,0,928,0,1593,1]
11-12 05:08:07.538 1971 1971 I sysui_multi_action: [757,113,758,1,759,113,927,1,928,1,1593,1]
11-12 05:08:07.538 1971 1971 I sysui_multi_action: [757,0,758,1,759,0,927,2,928,0,1593,1]
11-12 05:08:07.538 1971 1971 I sysui_multi_action: [757,0,758,1,759,0,927,3,928,0,1593,1]
11-12 05:08:07.539 1481 1481 I notification_enqueue: [10082,1971,com.android.systemui,2048,NULL,0,Notification(channel=updateNotification shortcut=null contentView=null vibrate=null sound=null defaults=0x0 flags=0x0 color=0x00000000 vis=PRIVATE),1]
11-12 05:08:07.548 1481 1603 I am_wtf : [0,1481,system_server,-1,DisplayDeviceConfig,requesting nits when no mapping exists.]
11-12 05:08:07.549 1481 1603 I am_wtf : [0,1481,system_server,-1,DisplayDeviceConfig,requesting nits when no mapping exists.]
11-12 05:08:07.550 1971 1971 I sysui_multi_action: [757,111,758,2]
11-12 05:08:07.550 1971 1971 I sysui_multi_action: [757,111,758,2]
11-12 05:08:07.550 1481 1481 I notification_enqueue: [10082,1971,com.android.systemui,2048,NULL,0,Notification(channel=updateNotification shortcut=null contentView=null vibrate=null sound=null defaults=0x0 flags=0x0 color=0x00000000 vis=PRIVATE),1]
11-12 05:08:07.556 1971 1971 I sysui_multi_action: [757,111,758,1]
11-12 05:08:07.557 1971 1971 I sysui_multi_action: [757,126,758,1,759,126,927,0,928,0,1593,1]
11-12 05:08:07.557 1971 1971 I sysui_multi_action: [757,113,758,1,759,113,927,1,928,1,1593,1]
11-12 05:08:07.557 1971 1971 I sysui_multi_action: [757,0,758,1,759,0,927,2,928,0,1593,1]
11-12 05:08:07.557 1971 1971 I sysui_multi_action: [757,0,758,1,759,0,927,3,928,0,1593,1]
11-12 05:08:07.557 1971 1971 I sysui_multi_action: [757,491,758,1,759,491,927,4,928,0,1311,-1,1593,0]
11-12 05:08:07.557 1971 1971 I sysui_multi_action: [757,0,758,1,759,0,927,5,928,0,1593,0]
11-12 05:08:07.557 1971 1971 I sysui_multi_action: [757,111,758,1]
11-12 05:08:07.557 1971 1971 I sysui_multi_action: [757,126,758,1,759,126,927,0,928,0,1593,1]
11-12 05:08:07.557 1971 1971 I sysui_multi_action: [757,113,758,1,759,113,927,1,928,1,1593,1]
11-12 05:08:07.557 1971 1971 I sysui_multi_action: [757,0,758,1,759,0,927,2,928,0,1593,1]
11-12 05:08:07.557 1971 1971 I sysui_multi_action: [757,0,758,1,759,0,927,3,928,0,1593,1]
11-12 05:08:07.565 1481 1603 I am_wtf : [0,1481,system_server,-1,DisplayDeviceConfig,requesting nits when no mapping exists.]
11-12 05:08:07.566 1481 1603 I am_wtf : [0,1481,system_server,-1,DisplayDeviceConfig,requesting nits when no mapping exists.]
11-12 05:08:07.573 1971 1971 I sysui_multi_action: [757,111,758,2]
11-12 05:08:07.573 1971 1971 I sysui_multi_action: [757,111,758,2]
11-12 05:08:07.573 1481 1481 I notification_enqueue: [10082,1971,com.android.systemui,2048,NULL,0,Notification(channel=updateNotification shortcut=null contentView=null vibrate=null sound=null defaults=0x0 flags=0x0 color=0x00000000 vis=PRIVATE),1]
11-12 05:08:07.579 1971 1971 I sysui_multi_action: [757,111,758,1]
11-12 05:08:07.579 1971 1971 I sysui_multi_action: [757,126,758,1,759,126,927,0,928,0,1593,1]
11-12 05:08:07.579 1971 1971 I sysui_multi_action: [757,113,758,1,759,113,927,1,928,1,1593,1]
11-12 05:08:07.579 1971 1971 I sysui_multi_action: [757,0,758,1,759,0,927,2,928,0,1593,1]
11-12 05:08:07.579 1971 1971 I sysui_multi_action: [757,0,758,1,759,0,927,3,928,0,1593,1]
11-12 05:08:07.580 1971 1971 I sysui_multi_action: [757,491,758,1,759,491,927,4,928,0,1311,-1,1593,0]
11-12 05:08:07.580 1971 1971 I sysui_multi_action: [757,0,758,1,759,0,927,5,928,0,1593,0]
11-12 05:08:07.580 1971 1971 I sysui_multi_action: [757,111,758,1]
11-12 05:08:07.580 1971 1971 I sysui_multi_action: [757,126,758,1,759,126,927,0,928,0,1593,1]
11-12 05:08:07.580 1971 1971 I sysui_multi_action: [757,113,758,1,759,113,927,1,928,1,1593,1]
11-12 05:08:07.580 1971 1971 I sysui_multi_action: [757,0,758,1,759,0,927,2,928,0,1593,1]
11-12 05:08:07.580 1971 1971 I sysui_multi_action: [757,0,758,1,759,0,927,3,928,0,1593,1]
11-12 05:08:07.587 1481 1603 I am_wtf : [0,1481,system_server,-1,DisplayDeviceConfig,requesting nits when no mapping exists.]
11-12 05:08:07.588 1481 1603 I am_wtf : [0,1481,system_server,-1,DisplayDeviceConfig,requesting nits when no mapping exists.]
11-12 05:08:07.593 1971 1971 I sysui_multi_action: [757,111,758,2]
11-12 05:08:07.593 1971 1971 I sysui_multi_action: [757,111,758,2]
11-12 05:08:07.593 1481 1481 I notification_enqueue: [10082,1971,com.android.systemui,2048,NULL,0,Notification(channel=updateNotification shortcut=null contentView=null vibrate=null sound=null defaults=0x0 flags=0x0 color=0x00000000 vis=PRIVATE),1]
11-12 05:08:07.599 1481 1603 I am_wtf : [0,1481,system_server,-1,DisplayDeviceConfig,requesting nits when no mapping exists.]
11-12 05:08:07.599 1481 1603 I am_wtf : [0,1481,system_server,-1,DisplayDeviceConfig,requesting nits when no mapping exists.]
11-12 05:08:07.599 1971 1971 I sysui_multi_action: [757,111,758,1]
11-12 05:08:07.599 1971 1971 I sysui_multi_action: [757,126,758,1,759,126,927,0,928,0,1593,1]
11-12 05:08:07.599 1971 1971 I sysui_multi_action: [757,113,758,1,759,113,927,1,928,1,1593,1]
11-12 05:08:07.600 1971 1971 I sysui_multi_action: [757,0,758,1,759,0,927,2,928,0,1593,1]
11-12 05:08:07.600 1971 1971 I sysui_multi_action: [757,0,758,1,759,0,927,3,928,0,1593,1]
11-12 05:08:07.600 1971 1971 I sysui_multi_action: [757,491,758,1,759,491,927,4,928,0,1311,-1,1593,0]
11-12 05:08:07.600 1971 1971 I sysui_multi_action: [757,0,758,1,759,0,927,5,928,0,1593,0]
11-12 05:08:07.600 1971 1971 I sysui_multi_action: [757,111,758,1]
11-12 05:08:07.600 1971 1971 I sysui_multi_action: [757,126,758,1,759,126,927,0,928,0,1593,1]
11-12 05:08:07.600 1971 1971 I sysui_multi_action: [757,113,758,1,759,113,927,1,928,1,1593,1]
11-12 05:08:07.600 1971 1971 I sysui_multi_action: [757,0,758,1,759,0,927,2,928,0,1593,1]
11-12 05:08:07.600 1971 1971 I sysui_multi_action: [757,0,758,1,759,0,927,3,928,0,1593,1]
11-12 05:08:07.611 1971 1971 I sysui_multi_action: [757,111,758,2]
11-12 05:08:07.611 1971 1971 I sysui_multi_action: [757,111,758,2]
11-12 05:08:07.611 1481 1481 I notification_enqueue: [10082,1971,com.android.systemui,2048,NULL,0,Notification(channel=updateNotification shortcut=null contentView=null vibrate=null sound=null defaults=0x0 flags=0x0 color=0x00000000 vis=PRIVATE),1]
11-12 05:08:07.614 1481 1603 I am_wtf : [0,1481,system_server,-1,DisplayDeviceConfig,requesting nits when no mapping exists.]
11-12 05:08:07.615 1481 1603 I am_wtf : [0,1481,system_server,-1,DisplayDeviceConfig,requesting nits when no mapping exists.]
11-12 05:08:07.630 1971 1971 I sysui_multi_action: [757,111,758,1]
11-12 05:08:07.630 1971 1971 I sysui_multi_action: [757,126,758,1,759,126,927,0,928,0,1593,0]
11-12 05:08:07.630 1971 1971 I sysui_multi_action: [757,113,758,1,759,113,927,1,928,1,1593,0]
11-12 05:08:07.630 1971 1971 I sysui_multi_action: [757,0,758,1,759,0,927,2,928,0,1593,0]
11-12 05:08:07.630 1971 1971 I sysui_multi_action: [757,0,758,1,759,0,927,3,928,0,1593,0]
11-12 05:08:07.630 1971 1971 I sysui_multi_action: [757,491,758,1,759,491,927,4,928,0,1311,-1,1593,0]
11-12 05:08:07.630 1971 1971 I sysui_multi_action: [757,0,758,1,759,0,927,5,928,0,1593,0]
11-12 05:08:07.630 1971 1971 I sysui_multi_action: [757,111,758,1]
11-12 05:08:07.630 1971 1971 I sysui_multi_action: [757,126,758,1,759,126,927,0,928,0,1593,0]
11-12 05:08:07.630 1971 1971 I sysui_multi_action: [757,113,758,1,759,113,927,1,928,1,1593,0]
11-12 05:08:07.630 1971 1971 I sysui_multi_action: [757,0,758,1,759,0,927,2,928,0,1593,0]
11-12 05:08:07.630 1971 1971 I sysui_multi_action: [757,0,758,1,759,0,927,3,928,0,1593,0]
11-12 05:08:07.631 1481 1603 I am_wtf : [0,1481,system_server,-1,DisplayDeviceConfig,requesting nits when no mapping exists.]
11-12 05:08:07.633 1481 1603 I am_wtf : [0,1481,system_server,-1,DisplayDeviceConfig,requesting nits when no mapping exists.]
11-12 05:08:07.648 1971 1971 I sysui_multi_action: [757,111,758,2]
11-12 05:08:07.648 1971 1971 I sysui_multi_action: [757,111,758,2]
11-12 05:08:07.649 1481 1481 I notification_enqueue: [10082,1971,com.android.systemui,2048,NULL,0,Notification(channel=updateNotification shortcut=null contentView=null vibrate=null sound=null defaults=0x0 flags=0x0 color=0x00000000 vis=PRIVATE),1]
11-12 05:08:07.650 1481 1603 I am_wtf : [0,1481,system_server,-1,DisplayDeviceConfig,requesting nits when no mapping exists.]
11-12 05:08:07.650 1481 6802 I sysui_multi_action: [757,128,758,2,793,913430,794,67410,795,913430,796,26,798,0,806,android,857,DEVELOPER_IMPORTANT,858,4,947,0,1395,2,1500,913216,1688,1]
11-12 05:08:07.650 1481 6802 I notification_visibility: [-1|android|26|null|1000,0,913430,913430,0,0]
11-12 05:08:07.650 1481 6802 I sysui_multi_action: [757,128,758,2,793,913427,794,67410,795,913427,796,32,798,1,806,android,857,USB,858,1,947,0,1395,2,1500,913215,1688,1]
11-12 05:08:07.650 1481 6802 I notification_visibility: [-1|android|32|null|1000,0,913427,913427,0,1]
11-12 05:08:07.650 1481 6802 I sysui_multi_action: [757,127,758,2]
11-12 05:08:07.651 1481 6802 I notification_panel_hidden:
11-12 05:08:07.651 1481 1603 I am_wtf : [0,1481,system_server,-1,DisplayDeviceConfig,requesting nits when no mapping exists.]
11-12 05:08:07.667 1481 1603 I am_wtf : [0,1481,system_server,-1,DisplayDeviceConfig,requesting nits when no mapping exists.]
11-12 05:08:07.667 1481 1603 I am_wtf : [0,1481,system_server,-1,DisplayDeviceConfig,requesting nits when no mapping exists.]
11-12 05:08:07.676 1971 1971 I sysui_multi_action: [757,111,758,1]
11-12 05:08:07.676 1971 1971 I sysui_multi_action: [757,126,758,1,759,126,927,0,928,0,1593,0]
11-12 05:08:07.676 1971 1971 I sysui_multi_action: [757,113,758,1,759,113,927,1,928,1,1593,0]
11-12 05:08:07.676 1971 1971 I sysui_multi_action: [757,0,758,1,759,0,927,2,928,0,1593,0]
11-12 05:08:07.676 1971 1971 I sysui_multi_action: [757,0,758,1,759,0,927,3,928,0,1593,0]
11-12 05:08:07.677 1971 1971 I sysui_multi_action: [757,491,758,1,759,491,927,4,928,0,1311,-1,1593,0]
11-12 05:08:07.677 1971 1971 I sysui_multi_action: [757,0,758,1,759,0,927,5,928,0,1593,0]
11-12 05:08:07.677 1971 1971 I sysui_multi_action: [757,111,758,1]
11-12 05:08:07.677 1971 1971 I sysui_multi_action: [757,126,758,1,759,126,927,0,928,0,1593,0]
11-12 05:08:07.677 1971 1971 I sysui_multi_action: [757,113,758,1,759,113,927,1,928,1,1593,0]
11-12 05:08:07.677 1971 1971 I sysui_multi_action: [757,0,758,1,759,0,927,2,928,0,1593,0]
11-12 05:08:07.677 1971 1971 I sysui_multi_action: [757,0,758,1,759,0,927,3,928,0,1593,0]
11-12 05:08:07.684 1481 1570 I wm_stop_activity: [0,239964455,com.android.settings/.Settings]
11-12 05:08:07.686 1481 1603 I am_wtf : [0,1481,system_server,-1,DisplayDeviceConfig,requesting nits when no mapping exists.]
11-12 05:08:07.687 1481 1603 I am_wtf : [0,1481,system_server,-1,DisplayDeviceConfig,requesting nits when no mapping exists.]
11-12 05:08:07.701 1481 1603 I am_wtf : [0,1481,system_server,-1,DisplayDeviceConfig,requesting nits when no mapping exists.]
11-12 05:08:07.701 1481 1603 I am_wtf : [0,1481,system_server,-1,DisplayDeviceConfig,requesting nits when no mapping exists.]
11-12 05:08:07.713 13502 13502 I wm_on_stop_called: [239964455,com.android.settings.Settings,STOP_ACTIVITY_ITEM]
11-12 05:08:07.714 1481 1603 I am_wtf : [0,1481,system_server,-1,DisplayDeviceConfig,requesting nits when no mapping exists.]
11-12 05:08:07.715 1481 1603 I am_wtf : [0,1481,system_server,-1,DisplayDeviceConfig,requesting nits when no mapping exists.]
11-12 05:08:07.731 1481 1603 I am_wtf : [0,1481,system_server,-1,DisplayDeviceConfig,requesting nits when no mapping exists.]
11-12 05:08:07.732 1481 1603 I am_wtf : [0,1481,system_server,-1,DisplayDeviceConfig,requesting nits when no mapping exists.]
11-12 05:08:07.751 1481 1603 I am_wtf : [0,1481,system_server,-1,DisplayDeviceConfig,requesting nits when no mapping exists.]
11-12 05:08:07.754 1481 1603 I am_wtf : [0,1481,system_server,-1,DisplayDeviceConfig,requesting nits when no mapping exists.]
11-12 05:08:07.763 1481 1603 I am_wtf : [0,1481,system_server,-1,DisplayDeviceConfig,requesting nits when no mapping exists.]
11-12 05:08:07.764 1481 1603 I am_wtf : [0,1481,system_server,-1,DisplayDeviceConfig,requesting nits when no mapping exists.]
11-12 05:08:07.779 1481 1603 I am_wtf : [0,1481,system_server,-1,DisplayDeviceConfig,requesting nits when no mapping exists.]
11-12 05:08:07.779 1481 1603 I am_wtf : [0,1481,system_server,-1,DisplayDeviceConfig,requesting nits when no mapping exists.]
11-12 05:08:07.796 1481 1603 I am_wtf : [0,1481,system_server,-1,DisplayDeviceConfig,requesting nits when no mapping exists.]
11-12 05:08:07.797 1481 1603 I am_wtf : [0,1481,system_server,-1,DisplayDeviceConfig,requesting nits when no mapping exists.]
11-12 05:08:07.814 1481 1603 I am_wtf : [0,1481,system_server,-1,DisplayDeviceConfig,requesting nits when no mapping exists.]
11-12 05:08:07.819 1481 1603 I am_wtf : [0,1481,system_server,-1,DisplayDeviceConfig,requesting nits when no mapping exists.]
11-12 05:08:07.831 1481 1603 I am_wtf : [0,1481,system_server,-1,DisplayDeviceConfig,requesting nits when no mapping exists.]
11-12 05:08:07.832 1481 1603 I am_wtf : [0,1481,system_server,-1,DisplayDeviceConfig,requesting nits when no mapping exists.]
11-12 05:08:07.846 1481 1603 I am_wtf : [0,1481,system_server,-1,DisplayDeviceConfig,requesting nits when no mapping exists.]
11-12 05:08:07.847 1481 1603 I am_wtf : [0,1481,system_server,-1,DisplayDeviceConfig,requesting nits when no mapping exists.]
11-12 05:08:07.862 1481 1603 I am_wtf : [0,1481,system_server,-1,DisplayDeviceConfig,requesting nits when no mapping exists.]
11-12 05:08:07.863 1481 1603 I am_wtf : [0,1481,system_server,-1,DisplayDeviceConfig,requesting nits when no mapping exists.]
11-12 05:08:07.879 1481 1603 I am_wtf : [0,1481,system_server,-1,DisplayDeviceConfig,requesting nits when no mapping exists.]
11-12 05:08:07.880 1481 1603 I am_wtf : [0,1481,system_server,-1,DisplayDeviceConfig,requesting nits when no mapping exists.]
11-12 05:08:07.896 1481 1603 I am_wtf : [0,1481,system_server,-1,DisplayDeviceConfig,requesting nits when no mapping exists.]
11-12 05:08:07.901 1481 1603 I am_wtf : [0,1481,system_server,-1,DisplayDeviceConfig,requesting nits when no mapping exists.]
11-12 05:08:07.913 1481 1603 I am_wtf : [0,1481,system_server,-1,DisplayDeviceConfig,requesting nits when no mapping exists.]
11-12 05:08:07.914 1481 1603 I am_wtf : [0,1481,system_server,-1,DisplayDeviceConfig,requesting nits when no mapping exists.]
11-12 05:08:07.930 1481 1603 I am_wtf : [0,1481,system_server,-1,DisplayDeviceConfig,requesting nits when no mapping exists.]
11-12 05:08:07.931 1481 1603 I am_wtf : [0,1481,system_server,-1,DisplayDeviceConfig,requesting nits when no mapping exists.]
11-12 05:08:07.949 1481 1603 I am_wtf : [0,1481,system_server,-1,DisplayDeviceConfig,requesting nits when no mapping exists.]
11-12 05:08:07.955 1481 1603 I am_wtf : [0,1481,system_server,-1,DisplayDeviceConfig,requesting nits when no mapping exists.]
11-12 05:08:07.966 1481 1603 I am_wtf : [0,1481,system_server,-1,DisplayDeviceConfig,requesting nits when no mapping exists.]
11-12 05:08:07.968 1481 1603 I am_wtf : [0,1481,system_server,-1,DisplayDeviceConfig,requesting nits when no mapping exists.]
11-12 05:08:07.980 1481 1603 I am_wtf : [0,1481,system_server,-1,DisplayDeviceConfig,requesting nits when no mapping exists.]
11-12 05:08:07.981 1481 1603 I am_wtf : [0,1481,system_server,-1,DisplayDeviceConfig,requesting nits when no mapping exists.]
11-12 05:08:07.996 1481 1603 I am_wtf : [0,1481,system_server,-1,DisplayDeviceConfig,requesting nits when no mapping exists.]
11-12 05:08:07.997 1481 1603 I am_wtf : [0,1481,system_server,-1,DisplayDeviceConfig,requesting nits when no mapping exists.]
11-12 05:08:08.013 1481 1603 I am_wtf : [0,1481,system_server,-1,DisplayDeviceConfig,requesting nits when no mapping exists.]
11-12 05:08:08.014 1481 1603 I am_wtf : [0,1481,system_server,-1,DisplayDeviceConfig,requesting nits when no mapping exists.]
11-12 05:08:08.029 1481 1603 I am_wtf : [0,1481,system_server,-1,DisplayDeviceConfig,requesting nits when no mapping exists.]
11-12 05:08:08.030 1481 1603 I am_wtf : [0,1481,system_server,-1,DisplayDeviceConfig,requesting nits when no mapping exists.]
11-12 05:08:08.047 1481 1603 I am_wtf : [0,1481,system_server,-1,DisplayDeviceConfig,requesting nits when no mapping exists.]
11-12 05:08:08.048 1481 1603 I am_wtf : [0,1481,system_server,-1,DisplayDeviceConfig,requesting nits when no mapping exists.]
11-12 05:08:08.063 1481 1603 I am_wtf : [0,1481,system_server,-1,DisplayDeviceConfig,requesting nits when no mapping exists.]
11-12 05:08:08.065 1481 1603 I am_wtf : [0,1481,system_server,-1,DisplayDeviceConfig,requesting nits when no mapping exists.]
11-12 05:08:08.081 1481 1603 I am_wtf : [0,1481,system_server,-1,DisplayDeviceConfig,requesting nits when no mapping exists.]
11-12 05:08:08.082 1481 1603 I am_wtf : [0,1481,system_server,-1,DisplayDeviceConfig,requesting nits when no mapping exists.]
11-12 05:08:08.097 1481 1603 I am_wtf : [0,1481,system_server,-1,DisplayDeviceConfig,requesting nits when no mapping exists.]
11-12 05:08:08.098 1481 1603 I am_wtf : [0,1481,system_server,-1,DisplayDeviceConfig,requesting nits when no mapping exists.]
11-12 05:08:08.114 1481 1603 I am_wtf : [0,1481,system_server,-1,DisplayDeviceConfig,requesting nits when no mapping exists.]
11-12 05:08:08.115 1481 1603 I am_wtf : [0,1481,system_server,-1,DisplayDeviceConfig,requesting nits when no mapping exists.]
11-12 05:08:08.130 1481 1603 I am_wtf : [0,1481,system_server,-1,DisplayDeviceConfig,requesting nits when no mapping exists.]
11-12 05:08:08.132 1481 1603 I am_wtf : [0,1481,system_server,-1,DisplayDeviceConfig,requesting nits when no mapping exists.]
11-12 05:08:09.327 0 0 I auditd : type=1400 audit(0.0:14661): avc: denied { kill } for comm="swapper/1" capability=5 scontext=u:r:kernel:s0 tcontext=u:r:kernel:s0 tclass=capability permissive=0
11-12 05:08:10.327 0 0 I auditd : type=1400 audit(0.0:14662): avc: denied { kill } for comm="swapper/1" capability=5 scontext=u:r:kernel:s0 tcontext=u:r:kernel:s0 tclass=capability permissive=0
11-12 05:08:11.327 0 0 I auditd : type=1400 audit(0.0:14663): avc: denied { kill } for comm="swapper/1" capability=5 scontext=u:r:kernel:s0 tcontext=u:r:kernel:s0 tclass=capability permissive=0
11-12 05:08:12.327 0 0 I auditd : type=1400 audit(0.0:14664): avc: denied { kill } for comm="swapper/1" capability=5 scontext=u:r:kernel:s0 tcontext=u:r:kernel:s0 tclass=capability permissive=0
11-12 05:08:13.327 0 0 I auditd : type=1400 audit(0.0:14665): avc: denied { kill } for comm="swapper/1" capability=5 scontext=u:r:kernel:s0 tcontext=u:r:kernel:s0 tclass=capability permissive=0
11-12 05:08:14.327 0 0 I auditd : type=1400 audit(0.0:14666): avc: denied { kill } for comm="swapper/1" capability=5 scontext=u:r:kernel:s0 tcontext=u:r:kernel:s0 tclass=capability permissive=0
11-12 05:08:15.327 0 0 I auditd : type=1400 audit(0.0:14667): avc: denied { kill } for comm="swapper/1" capability=5 scontext=u:r:kernel:s0 tcontext=u:r:kernel:s0 tclass=capability permissive=0
11-12 05:08:16.327 0 0 I auditd : type=1400 audit(0.0:14668): avc: denied { kill } for comm="swapper/1" capability=5 scontext=u:r:kernel:s0 tcontext=u:r:kernel:s0 tclass=capability permissive=0
11-12 05:08:17.327 0 0 I auditd : type=1400 audit(0.0:14669): avc: denied { kill } for comm="swapper/1" capability=5 scontext=u:r:kernel:s0 tcontext=u:r:kernel:s0 tclass=capability permissive=0
11-12 05:08:18.327 0 0 I auditd : type=1400 audit(0.0:14670): avc: denied { kill } for comm="swapper/1" capability=5 scontext=u:r:kernel:s0 tcontext=u:r:kernel:s0 tclass=capability permissive=0
11-12 05:08:19.327 0 0 I auditd : type=1400 audit(0.0:14671): avc: denied { kill } for comm="swapper/1" capability=5 scontext=u:r:kernel:s0 tcontext=u:r:kernel:s0 tclass=capability permissive=0
11-12 05:08:20.327 0 0 I auditd : type=1400 audit(0.0:14672): avc: denied { kill } for comm="swapper/1" capability=5 scontext=u:r:kernel:s0 tcontext=u:r:kernel:s0 tclass=capability permissive=0
11-12 05:08:21.327 0 0 I auditd : type=1400 audit(0.0:14673): avc: denied { kill } for comm="swapper/1" capability=5 scontext=u:r:kernel:s0 tcontext=u:r:kernel:s0 tclass=capability permissive=0
11-12 05:08:22.327 0 0 I auditd : type=1400 audit(0.0:14674): avc: denied { kill } for comm="swapper/1" capability=5 scontext=u:r:kernel:s0 tcontext=u:r:kernel:s0 tclass=capability permissive=0
11-12 05:08:23.327 0 0 I auditd : type=1400 audit(0.0:14675): avc: denied { kill } for comm="swapper/1" capability=5 scontext=u:r:kernel:s0 tcontext=u:r:kernel:s0 tclass=capability permissive=0
11-12 05:08:24.327 0 0 I auditd : type=1400 audit(0.0:14676): avc: denied { kill } for comm="swapper/1" capability=5 scontext=u:r:kernel:s0 tcontext=u:r:kernel:s0 tclass=capability permissive=0
11-12 05:08:25.327 0 0 I auditd : type=1400 audit(0.0:14677): avc: denied { kill } for comm="swapper/1" capability=5 scontext=u:r:kernel:s0 tcontext=u:r:kernel:s0 tclass=capability permissive=0
11-12 05:08:26.327 0 0 I auditd : type=1400 audit(0.0:14678): avc: denied { kill } for comm="swapper/1" capability=5 scontext=u:r:kernel:s0 tcontext=u:r:kernel:s0 tclass=capability permissive=0
11-12 05:08:27.327 0 0 I auditd : type=1400 audit(0.0:14679): avc: denied { kill } for comm="swapper/1" capability=5 scontext=u:r:kernel:s0 tcontext=u:r:kernel:s0 tclass=capability permissive=0
11-12 05:08:28.327 0 0 I auditd : type=1400 audit(0.0:14680): avc: denied { kill } for comm="swapper/1" capability=5 scontext=u:r:kernel:s0 tcontext=u:r:kernel:s0 tclass=capability permissive=0
11-12 05:08:29.327 0 0 I auditd : type=1400 audit(0.0:14681): avc: denied { kill } for comm="swapper/1" capability=5 scontext=u:r:kernel:s0 tcontext=u:r:kernel:s0 tclass=capability permissive=0
11-12 05:08:29.693 1481 1669 I am_freeze: [12589,com.android.certinstaller]
11-12 05:08:29.696 1481 1669 I am_kill : [0,12589,com.android.certinstaller,955,Unable to freeze binder interface]
11-12 05:08:29.742 1481 5374 I am_proc_died: [0,12589,com.android.certinstaller,955,19]
11-12 05:08:29.742 1481 5374 I am_uid_stopped: 10046
11-12 05:08:29.757 1481 1602 I am_pss : [13502,1000,com.android.settings,55791616,42946560,0,188817408,0,15,9]
11-12 05:08:30.044 1481 1669 I am_freeze: [12610,com.android.documentsui]
11-12 05:08:30.047 1481 1669 I am_freeze: [12683,com.android.externalstorage]
11-12 05:08:30.050 1481 1669 I am_freeze: [12649,android.process.media]
11-12 05:08:30.053 1481 1669 I am_freeze: [12667,com.android.traceur]
11-12 05:08:30.054 1481 1669 I am_kill : [0,12610,com.android.documentsui,945,Unable to freeze binder interface]
11-12 05:08:30.056 1481 1669 I am_kill : [0,12683,com.android.externalstorage,955,Unable to freeze binder interface]
11-12 05:08:30.057 1481 1669 I am_kill : [0,12649,android.process.media,965,Unable to freeze binder interface]
11-12 05:08:30.058 1481 1669 I am_kill : [0,12667,com.android.traceur,965,Unable to freeze binder interface]
11-12 05:08:30.078 1481 7040 I am_proc_died: [0,12667,com.android.traceur,965,19]
11-12 05:08:30.079 1481 7040 I am_uid_stopped: 10021
11-12 05:08:30.082 1481 5374 I am_proc_died: [0,12649,android.process.media,965,19]
11-12 05:08:30.082 1481 5374 I am_uid_stopped: 10020
11-12 05:08:30.088 1481 5374 I am_proc_died: [0,12683,com.android.externalstorage,955,19]
11-12 05:08:30.088 1481 5374 I am_uid_stopped: 10023
11-12 05:08:30.105 1481 7040 I am_proc_died: [0,12610,com.android.documentsui,945,19]
11-12 05:08:30.106 1481 7040 I am_uid_stopped: 10019
11-12 05:08:30.327 0 0 I auditd : type=1400 audit(0.0:14682): avc: denied { kill } for comm="swapper/1" capability=5 scontext=u:r:kernel:s0 tcontext=u:r:kernel:s0 tclass=capability permissive=0
11-12 05:08:31.327 0 0 I auditd : type=1400 audit(0.0:14683): avc: denied { kill } for comm="swapper/1" capability=5 scontext=u:r:kernel:s0 tcontext=u:r:kernel:s0 tclass=capability permissive=0
11-12 05:08:32.327 0 0 I auditd : type=1400 audit(0.0:14684): avc: denied { kill } for comm="swapper/1" capability=5 scontext=u:r:kernel:s0 tcontext=u:r:kernel:s0 tclass=capability permissive=0
11-12 05:08:33.327 0 0 I auditd : type=1400 audit(0.0:14685): avc: denied { kill } for comm="swapper/1" capability=5 scontext=u:r:kernel:s0 tcontext=u:r:kernel:s0 tclass=capability permissive=0
11-12 05:08:34.327 0 0 I auditd : type=1400 audit(0.0:14686): avc: denied { kill } for comm="swapper/1" capability=5 scontext=u:r:kernel:s0 tcontext=u:r:kernel:s0 tclass=capability permissive=0
11-12 05:08:35.327 0 0 I auditd : type=1400 audit(0.0:14687): avc: denied { kill } for comm="swapper/1" capability=5 scontext=u:r:kernel:s0 tcontext=u:r:kernel:s0 tclass=capability permissive=0
11-12 05:08:36.327 0 0 I auditd : type=1400 audit(0.0:14688): avc: denied { kill } for comm="swapper/1" capability=5 scontext=u:r:kernel:s0 tcontext=u:r:kernel:s0 tclass=capability permissive=0
11-12 05:08:37.327 0 0 I auditd : type=1400 audit(0.0:14689): avc: denied { kill } for comm="swapper/1" capability=5 scontext=u:r:kernel:s0 tcontext=u:r:kernel:s0 tclass=capability permissive=0
11-12 05:08:38.327 0 0 I auditd : type=1400 audit(0.0:14690): avc: denied { kill } for comm="swapper/1" capability=5 scontext=u:r:kernel:s0 tcontext=u:r:kernel:s0 tclass=capability permissive=0
11-12 05:08:39.327 0 0 I auditd : type=1400 audit(0.0:14691): avc: denied { kill } for comm="swapper/1" capability=5 scontext=u:r:kernel:s0 tcontext=u:r:kernel:s0 tclass=capability permissive=0
11-12 05:08:40.327 0 0 I auditd : type=1400 audit(0.0:14692): avc: denied { kill } for comm="swapper/1" capability=5 scontext=u:r:kernel:s0 tcontext=u:r:kernel:s0 tclass=capability permissive=0
11-12 05:08:41.327 0 0 I auditd : type=1400 audit(0.0:14693): avc: denied { kill } for comm="swapper/1" capability=5 scontext=u:r:kernel:s0 tcontext=u:r:kernel:s0 tclass=capability permissive=0
