11-12 05:15:25.155 1481 1980 I wm_task_moved: [206,1,6]
11-12 05:15:25.155 1481 1980 I wm_focused_root_task: [0,0,206,43,positionChildAtTop]
11-12 05:15:25.156 2522 2522 I wm_on_top_resumed_lost_called: [35371080,com.android.launcher3.uioverrides.QuickstepLauncher,topStateChangedWhenResumed]
11-12 05:15:25.157 1481 1980 I wm_pause_activity: [0,35371080,com.android.launcher3/.uioverrides.QuickstepLauncher,userLeaving=true,pauseBackTasks]
11-12 05:15:25.162 2522 2522 I wm_on_paused_called: [35371080,com.android.launcher3.uioverrides.QuickstepLauncher,performPause]
11-12 05:15:25.165 1481 6335 I wm_add_to_stopping: [0,35371080,com.android.launcher3/.uioverrides.QuickstepLauncher,makeInvisible]
11-12 05:15:25.166 1481 6335 I wm_restart_activity: [0,117587309,206,com.android.settings/.Settings$ConfigureNotificationSettingsActivity]
11-12 05:15:25.167 1481 6335 I wm_set_resumed_activity: [0,com.android.settings/.Settings$ConfigureNotificationSettingsActivity,minimalResumeActivityLocked]
11-12 05:15:25.197 1481 1570 I sysui_multi_action: [757,803,799,window_time_0,802,3]
11-12 05:15:25.227 1481 6335 I wm_task_created: [207,-1]
11-12 05:15:25.228 1481 6335 I wm_task_moved: [43,1,7]
11-12 05:15:25.229 1481 6335 I wm_focused_root_task: [0,0,43,207,reuseOrNewTask returnToHome]
11-12 05:15:25.229 1481 6335 I wm_task_moved: [207,1,7]
11-12 05:15:25.229 1481 6335 I wm_task_to_front: [0,207]
11-12 05:15:25.229 1481 6335 I wm_focused_root_task: [0,0,207,43,reuseOrNewTask]
11-12 05:15:25.229 1481 6335 I wm_create_task: [0,207]
11-12 05:15:25.229 1481 6335 I wm_create_activity: [0,22410913,207,com.android.settings/.homepage.SettingsHomepageActivity,android.settings.NOTIFICATION_SETTINGS,NULL,NULL,268484608]
11-12 05:15:25.229 1481 6335 I wm_task_moved: [43,1,7]
11-12 05:15:25.229 1481 6335 I wm_focused_root_task: [0,0,43,207,positionChildAtTop returnToHome]
11-12 05:15:25.229 1481 6335 I wm_task_moved: [207,1,7]
11-12 05:15:25.229 1481 6335 I wm_focused_root_task: [0,0,207,43,positionChildAtTop]
11-12 05:15:25.230 1481 6335 I wm_pause_activity: [0,117587309,com.android.settings/.Settings$ConfigureNotificationSettingsActivity,userLeaving=true,pauseBackTasks]
11-12 05:15:25.233 1481 2130 I wm_finish_activity: [0,117587309,206,com.android.settings/.Settings$ConfigureNotificationSettingsActivity,app-request]
11-12 05:15:25.234 14999 14999 I wm_on_create_called: [117587309,com.android.settings.Settings$ConfigureNotificationSettingsActivity,performCreate]
11-12 05:15:25.235 1481 1980 I wm_add_to_stopping: [0,117587309,com.android.settings/.Settings$ConfigureNotificationSettingsActivity,completeFinishing]
11-12 05:15:25.237 1481 1980 I wm_restart_activity: [0,22410913,207,com.android.settings/.homepage.SettingsHomepageActivity]
11-12 05:15:25.237 1481 1980 I wm_set_resumed_activity: [0,com.android.settings/.homepage.SettingsHomepageActivity,minimalResumeActivityLocked]
11-12 05:15:25.242 1481 1570 I sysui_multi_action: [757,803,799,window_time_0,802,0]
11-12 05:15:25.263 14999 14999 I wm_on_create_called: [22410913,com.android.settings.homepage.SettingsHomepageActivity,performCreate]
11-12 05:15:25.297 14999 14999 I wm_on_start_called: [22410913,com.android.settings.homepage.SettingsHomepageActivity,handleStartActivity]
11-12 05:15:25.298 14999 14999 I snet_event_log: [120484087,-1,]
11-12 05:15:25.299 14999 14999 I wm_on_resume_called: [22410913,com.android.settings.homepage.SettingsHomepageActivity,RESUME_ACTIVITY]
11-12 05:15:25.300 14999 14999 I sysui_multi_action: [757,35,758,1,833,0,1089,35]
11-12 05:15:25.307 14999 14999 I sysui_multi_action: [757,1729,758,4,854,isParalleledControllers:false,1089,43]
11-12 05:15:25.321 14999 14999 I wm_on_top_resumed_gained_called: [22410913,com.android.settings.homepage.SettingsHomepageActivity,topStateChangedWhenResumed]
11-12 05:15:25.327 0 0 I auditd : type=1400 audit(0.0:15167): avc: denied { kill } for comm="swapper/0" capability=5 scontext=u:r:kernel:s0 tcontext=u:r:kernel:s0 tclass=capability permissive=0
11-12 05:15:25.393 1481 1571 I sysui_multi_action: [324,1,757,1090,758,12,806,com.android.settings,871,com.android.settings.homepage.SettingsHomepageActivity,1091,246]
11-12 05:15:25.403 1481 1567 I sysui_multi_action: [319,45,321,41,322,246,325,14324,757,761,758,8,759,1,806,com.android.settings,871,com.android.settings.homepage.SettingsHomepageActivity,904,com.android.settings,905,0,1320,8,1321,5]
11-12 05:15:25.404 1481 1567 I wm_activity_launch_time: [0,22410913,com.android.settings/.homepage.SettingsHomepageActivity,246]
11-12 05:15:25.412 14999 14999 W CarrierConfigManager: Error getting config for subId -1 ICarrierConfigLoader is null
11-12 05:15:25.439 14999 14999 I sysui_multi_action: [757,746,758,1,833,0,1089,39]
11-12 05:15:25.439 1481 1777 D TelephonyRegistry: listen oscl: mHasNotifySubscriptionInfoChangedOccurred==false no callback
11-12 05:15:25.444 1481 5877 D TelephonyRegistry: listen oscl: mHasNotifySubscriptionInfoChangedOccurred==false no callback
11-12 05:15:25.453 14999 14999 I sysui_multi_action: [757,1729,758,4,854,isParalleledControllers:false,1089,54]
11-12 05:15:25.503 14999 14999 I sysui_multi_action: [757,746,758,2,1089,65]
11-12 05:15:25.530 14999 14999 I sysui_multi_action: [757,337,758,1,833,0,1089,14]
11-12 05:15:25.531 14999 14999 I sysui_multi_action: [757,1729,758,4,854,isParalleledControllers:false,1089,16]
11-12 05:15:25.726 1481 1570 I wm_stop_activity: [0,35371080,com.android.launcher3/.uioverrides.QuickstepLauncher]
11-12 05:15:25.729 1971 1971 I sysui_multi_action: [757,111,758,2]
11-12 05:15:25.730 1971 1971 I sysui_multi_action: [757,111,758,2]
11-12 05:15:25.730 1481 1481 I notification_enqueue: [10082,1971,com.android.systemui,2048,NULL,0,Notification(channel=updateNotification shortcut=null contentView=null vibrate=null sound=null defaults=0x0 flags=0x0 color=0x00000000 vis=PRIVATE),1]
11-12 05:15:25.744 1481 1571 I input_focus: [Focus request 5aabb5f com.android.settings/com.android.settings.homepage.SettingsHomepageActivity,reason=UpdateInputWindows]
11-12 05:15:25.745 1971 1971 I sysui_multi_action: [757,111,758,1]
11-12 05:15:25.746 1971 1971 I sysui_multi_action: [757,126,758,1,759,126,927,0,928,0,1593,1]
11-12 05:15:25.746 1971 1971 I sysui_multi_action: [757,113,758,1,759,113,927,1,928,1,1593,1]
11-12 05:15:25.746 1971 1971 I sysui_multi_action: [757,0,758,1,759,0,927,2,928,0,1593,1]
11-12 05:15:25.746 1971 1971 I sysui_multi_action: [757,0,758,1,759,0,927,3,928,0,1593,1]
11-12 05:15:25.746 1971 1971 I sysui_multi_action: [757,491,758,1,759,491,927,4,928,0,1311,-1,1593,0]
11-12 05:15:25.747 1971 1971 I sysui_multi_action: [757,0,758,1,759,0,927,5,928,0,1593,0]
11-12 05:15:25.747 1971 1971 I sysui_multi_action: [757,111,758,1]
11-12 05:15:25.747 1971 1971 I sysui_multi_action: [757,126,758,1,759,126,927,0,928,0,1593,1]
11-12 05:15:25.747 1971 1971 I sysui_multi_action: [757,113,758,1,759,113,927,1,928,1,1593,1]
11-12 05:15:25.747 1971 1971 I sysui_multi_action: [757,0,758,1,759,0,927,2,928,0,1593,1]
11-12 05:15:25.747 1971 1971 I sysui_multi_action: [757,0,758,1,759,0,927,3,928,0,1593,1]
11-12 05:15:25.752 2522 2522 I wm_on_stop_called: [35371080,com.android.launcher3.uioverrides.QuickstepLauncher,STOP_ACTIVITY_ITEM]
11-12 05:15:25.755 1481 1570 I wm_destroy_activity: [0,117587309,206,com.android.settings/.Settings$ConfigureNotificationSettingsActivity,finish-imm:idle]
11-12 05:15:25.755 14999 14999 I wm_on_destroy_called: [117587309,com.android.settings.Settings$ConfigureNotificationSettingsActivity,performDestroy]
11-12 05:15:25.757 1481 1777 I wm_task_removed: [206,removeChild:removeChild last r=ActivityRecord{7023d6d u0 com.android.settings/.Settings$ConfigureNotificationSettingsActivity t-1 f}} in t=Task{924369 #206 type=standard A=1000:com.android.settings U=0 visible=false mode=fullscreen translucent=true sz=0}]
11-12 05:15:25.757 1481 1777 I wm_task_removed: [206,removeChild]
11-12 05:15:25.762 1481 5877 I sysui_multi_action: [757,128,758,2,793,1351542,794,1210,795,1351542,796,26,798,0,806,android,857,DEVELOPER_IMPORTANT,858,4,947,0,1395,2,1500,1351328,1688,1]
11-12 05:15:25.762 1481 5877 I notification_visibility: [-1|android|26|null|1000,0,1351542,1351542,0,0]
11-12 05:15:25.763 1481 5877 I sysui_multi_action: [757,128,758,2,793,1351540,794,1210,795,1351540,796,32,798,1,806,android,857,USB,858,1,947,0,1395,2,1500,1351328,1688,1]
11-12 05:15:25.763 1481 5877 I notification_visibility: [-1|android|32|null|1000,0,1351540,1351540,0,1]
11-12 05:15:25.767 1971 1971 I sysui_multi_action: [757,111,758,2]
11-12 05:15:25.767 1481 1481 I notification_enqueue: [10082,1971,com.android.systemui,2048,NULL,0,Notification(channel=updateNotification shortcut=null contentView=null vibrate=null sound=null defaults=0x0 flags=0x0 color=0x00000000 vis=PRIVATE),1]
11-12 05:15:25.767 1971 1971 I sysui_multi_action: [757,111,758,2]
11-12 05:15:25.769 1481 5877 I sysui_multi_action: [757,127,758,2]
11-12 05:15:25.769 1481 5877 I notification_panel_hidden:
11-12 05:15:25.772 1481 1680 I input_focus: [Focus leaving 8e9fb15 NotificationShade (server),reason=NOT_FOCUSABLE]
11-12 05:15:25.772 1481 1680 I input_focus: [Focus entering 5aabb5f com.android.settings/com.android.settings.homepage.SettingsHomepageActivity (server),reason=setFocusedWindow]
11-12 05:15:25.795 1971 1971 I sysui_multi_action: [757,111,758,1]
11-12 05:15:25.795 1971 1971 I sysui_multi_action: [757,126,758,1,759,126,927,0,928,0,1593,1]
11-12 05:15:25.795 1971 1971 I sysui_multi_action: [757,113,758,1,759,113,927,1,928,1,1593,1]
11-12 05:15:25.795 1971 1971 I sysui_multi_action: [757,0,758,1,759,0,927,2,928,0,1593,1]
11-12 05:15:25.795 1971 1971 I sysui_multi_action: [757,0,758,1,759,0,927,3,928,0,1593,1]
11-12 05:15:25.796 1971 1971 I sysui_multi_action: [757,491,758,1,759,491,927,4,928,0,1311,-1,1593,0]
11-12 05:15:25.796 1971 1971 I sysui_multi_action: [757,0,758,1,759,0,927,5,928,0,1593,0]
11-12 05:15:25.796 1971 1971 I sysui_multi_action: [757,111,758,1]
11-12 05:15:25.796 1971 1971 I sysui_multi_action: [757,126,758,1,759,126,927,0,928,0,1593,1]
11-12 05:15:25.796 1971 1971 I sysui_multi_action: [757,113,758,1,759,113,927,1,928,1,1593,1]
11-12 05:15:25.796 1971 1971 I sysui_multi_action: [757,0,758,1,759,0,927,2,928,0,1593,1]
11-12 05:15:25.796 1971 1971 I sysui_multi_action: [757,0,758,1,759,0,927,3,928,0,1593,1]
11-12 05:15:25.933 1481 1481 I sysui_multi_action: [757,1501,758,1,793,14304078,794,0,795,208,796,2048,806,com.android.systemui,857,updateNotification,858,3,947,0,1500,0,1688,1]
11-12 05:15:25.934 1481 1481 I sysui_multi_action: [757,804,799,note_interruptive,801,0,802,1]
11-12 05:15:25.934 1481 1481 I sysui_multi_action: [757,199,758,1,759,2,793,14304079,794,0,795,209,796,2048,806,com.android.systemui,857,updateNotification,858,3,947,0,1500,1,1688,1]
11-12 05:15:25.934 1481 1481 I notification_alert: [0|com.android.systemui|2048|null|10082,0,1,0]
11-12 05:15:26.327 0 0 I auditd : type=1400 audit(0.0:15168): avc: denied { kill } for comm="swapper/0" capability=5 scontext=u:r:kernel:s0 tcontext=u:r:kernel:s0 tclass=capability permissive=0
11-12 05:15:26.398 1481 1680 I input_interaction: Interaction with: 5aabb5f com.android.settings/com.android.settings.homepage.SettingsHomepageActivity (server), swipe-up (server), edge-swipe (server), PointerEventDispatcher0 (server),
11-12 05:15:26.488 1481 6335 I wm_task_moved: [207,0,0]
11-12 05:15:26.496 1481 6335 I wm_focused_root_task: [0,0,43,207,moveTaskToBackLocked]
11-12 05:15:26.496 1481 6335 I wm_add_to_stopping: [0,22410913,com.android.settings/.homepage.SettingsHomepageActivity,makeInvisible]
11-12 05:15:26.498 1481 6335 I wm_pause_activity: [0,22410913,com.android.settings/.homepage.SettingsHomepageActivity,userLeaving=false,pauseBackTasks]
11-12 05:15:26.500 1481 6335 I wm_set_resumed_activity: [0,com.android.launcher3/.uioverrides.QuickstepLauncher,resumeTopActivityInnerLocked]
11-12 05:15:26.501 1481 6335 I wm_resume_activity: [0,35371080,44,com.android.launcher3/.uioverrides.QuickstepLauncher]
11-12 05:15:26.502 14999 14999 I wm_on_top_resumed_lost_called: [22410913,com.android.settings.homepage.SettingsHomepageActivity,topStateChangedWhenResumed]
11-12 05:15:26.516 14999 14999 I sysui_multi_action: [757,35,758,2,1089,1216]
11-12 05:15:26.516 14999 14999 I sysui_multi_action: [757,337,758,2,1089,987]
11-12 05:15:26.518 14999 14999 I wm_on_paused_called: [22410913,com.android.settings.homepage.SettingsHomepageActivity,performPause]
11-12 05:15:26.522 1481 1680 I input_focus: [Focus leaving 5aabb5f com.android.settings/com.android.settings.homepage.SettingsHomepageActivity (server),reason=NO_WINDOW]
11-12 05:15:26.526 2522 2522 I wm_on_restart_called: [35371080,com.android.launcher3.uioverrides.QuickstepLauncher,performRestartActivity]
11-12 05:15:26.526 2522 2522 I wm_on_start_called: [35371080,com.android.launcher3.uioverrides.QuickstepLauncher,handleStartActivity]
11-12 05:15:26.527 2522 2522 I wm_on_resume_called: [35371080,com.android.launcher3.uioverrides.QuickstepLauncher,RESUME_ACTIVITY]
11-12 05:15:26.528 2522 2522 I wm_on_top_resumed_gained_called: [35371080,com.android.launcher3.uioverrides.QuickstepLauncher,topStateChangedWhenResumed]
11-12 05:15:26.532 1481 1570 I sysui_multi_action: [757,803,799,window_time_0,802,2]
11-12 05:15:26.544 1481 1571 I input_focus: [Focus request 18adad5 com.android.launcher3/com.android.launcher3.uioverrides.QuickstepLauncher,reason=UpdateInputWindows]
11-12 05:15:26.571 1481 1680 I input_focus: [Focus entering 18adad5 com.android.launcher3/com.android.launcher3.uioverrides.QuickstepLauncher (server),reason=Window became focusable. Previous reason: NOT_VISIBLE]
11-12 05:15:26.943 1481 1570 I wm_stop_activity: [0,22410913,com.android.settings/.homepage.SettingsHomepageActivity]
11-12 05:15:26.973 14999 14999 I wm_on_stop_called: [22410913,com.android.settings.homepage.SettingsHomepageActivity,STOP_ACTIVITY_ITEM]
11-12 05:15:27.327 0 0 I auditd : type=1400 audit(0.0:15169): avc: denied { kill } for comm="swapper/0" capability=5 scontext=u:r:kernel:s0 tcontext=u:r:kernel:s0 tclass=capability permissive=0
11-12 05:15:28.327 0 0 I auditd : type=1400 audit(0.0:15170): avc: denied { kill } for comm="swapper/0" capability=5 scontext=u:r:kernel:s0 tcontext=u:r:kernel:s0 tclass=capability permissive=0
11-12 05:15:28.555 1481 1680 I input_interaction: Interaction with: 18adad5 com.android.launcher3/com.android.launcher3.uioverrides.QuickstepLauncher (server), 7fba367 com.android.systemui.ImageWallpaper (server), swipe-up (server), edge-swipe (server), PointerEventDispatcher0 (server),
11-12 05:15:28.652 1481 1980 I wm_task_moved: [207,1,6]
11-12 05:15:28.652 1481 1980 I wm_task_to_front: [0,207]
11-12 05:15:28.654 1481 1980 I wm_focused_root_task: [0,0,207,43,bringingFoundTaskToFront]
11-12 05:15:28.654 1481 1980 I wm_set_resumed_activity: [0,com.android.settings/.homepage.SettingsHomepageActivity,bringingFoundTaskToFront]
11-12 05:15:28.655 1481 1980 I wm_new_intent: [0,22410913,207,com.android.settings/.homepage.SettingsHomepageActivity,android.settings.NOTIFICATION_SETTINGS,NULL,NULL,268468224]
11-12 05:15:28.658 1481 1980 I wm_pause_activity: [0,35371080,com.android.launcher3/.uioverrides.QuickstepLauncher,userLeaving=true,pauseBackTasks]
11-12 05:15:28.668 2522 2522 I wm_on_top_resumed_lost_called: [35371080,com.android.launcher3.uioverrides.QuickstepLauncher,topStateChangedWhenResumed]
11-12 05:15:28.676 2522 2522 I wm_on_paused_called: [35371080,com.android.launcher3.uioverrides.QuickstepLauncher,performPause]
11-12 05:15:28.678 1481 1777 I wm_set_resumed_activity: [0,com.android.settings/.homepage.SettingsHomepageActivity,resumeTopActivityInnerLocked]
11-12 05:15:28.679 1481 1777 I wm_add_to_stopping: [0,35371080,com.android.launcher3/.uioverrides.QuickstepLauncher,makeInvisible]
11-12 05:15:28.680 1481 1777 I wm_resume_activity: [0,22410913,207,com.android.settings/.homepage.SettingsHomepageActivity]
11-12 05:15:28.686 1481 1570 I sysui_multi_action: [757,803,799,window_time_0,802,2]
11-12 05:15:28.687 14999 14999 I wm_on_restart_called: [22410913,com.android.settings.homepage.SettingsHomepageActivity,performRestartActivity]
11-12 05:15:28.691 14999 14999 I wm_on_start_called: [22410913,com.android.settings.homepage.SettingsHomepageActivity,handleStartActivity]
11-12 05:15:28.692 14999 14999 I snet_event_log: [120484087,-1,]
11-12 05:15:28.692 14999 14999 I wm_on_resume_called: [22410913,com.android.settings.homepage.SettingsHomepageActivity,RESUME_ACTIVITY]
11-12 05:15:28.693 14999 14999 I sysui_multi_action: [757,35,758,1,833,0,1089,0]
11-12 05:15:28.693 1481 1680 I input_focus: [Focus leaving 18adad5 com.android.launcher3/com.android.launcher3.uioverrides.QuickstepLauncher (server),reason=NO_WINDOW]
11-12 05:15:28.696 14999 14999 I sysui_multi_action: [757,337,758,1,833,0,1089,0]
11-12 05:15:28.699 14999 14999 I wm_on_top_resumed_gained_called: [22410913,com.android.settings.homepage.SettingsHomepageActivity,topWhenResuming]
11-12 05:15:28.712 1481 1571 I input_focus: [Focus request 5aabb5f com.android.settings/com.android.settings.homepage.SettingsHomepageActivity,reason=UpdateInputWindows]
11-12 05:15:28.725 1481 1680 I input_focus: [Focus entering 5aabb5f com.android.settings/com.android.settings.homepage.SettingsHomepageActivity (server),reason=setFocusedWindow]
11-12 05:15:28.737 1481 1567 I sysui_multi_action: [319,47,321,40,322,74,325,14328,757,761,758,9,759,4,806,com.android.settings,871,com.android.settings.homepage.SettingsHomepageActivity,904,com.android.settings,905,0,1320,8,1321,5]
11-12 05:15:29.237 1481 1570 I wm_stop_activity: [0,35371080,com.android.launcher3/.uioverrides.QuickstepLauncher]
11-12 05:15:29.274 2522 2522 I wm_on_stop_called: [35371080,com.android.launcher3.uioverrides.QuickstepLauncher,STOP_ACTIVITY_ITEM]
11-12 05:15:29.327 351 351 I auditd : type=1400 audit(0.0:15171): avc: denied { kill } for comm="irq/382-atmel_m" capability=5 scontext=u:r:kernel:s0 tcontext=u:r:kernel:s0 tclass=capability permissive=0
11-12 05:15:30.206 1481 1680 I input_interaction: Interaction with: b3e52f6 StatusBar (server), swipe-up (server), edge-swipe (server), PointerEventDispatcher0 (server),
11-12 05:15:30.211 1971 1971 I sysui_multi_action: [757,803,799,panel_open,802,1]
11-12 05:15:30.214 1971 1971 I sysui_multi_action: [757,1328,758,4,1326,43,1327,2,1329,0]
11-12 05:15:30.283 1481 5877 I sysui_multi_action: [757,127,758,1]
11-12 05:15:30.283 1481 5877 I sysui_multi_action: [757,804,799,note_load,801,2,802,1]
11-12 05:15:30.283 1481 5877 I notification_panel_revealed: 2
11-12 05:15:30.289 1971 1971 I sysui_multi_action: [757,111,758,2]
11-12 05:15:30.289 1971 1971 I sysui_multi_action: [757,111,758,2]
11-12 05:15:30.289 1481 1481 I notification_enqueue: [10082,1971,com.android.systemui,2048,NULL,0,Notification(channel=updateNotification shortcut=null contentView=null vibrate=null sound=null defaults=0x0 flags=0x0 color=0x00000000 vis=PRIVATE),1]
11-12 05:15:30.302 1481 1571 I input_focus: [Focus request 8e9fb15 NotificationShade,reason=UpdateInputWindows]
11-12 05:15:30.304 1971 1971 I sysui_multi_action: [757,111,758,1]
11-12 05:15:30.305 1971 1971 I sysui_multi_action: [757,126,758,1,759,126,927,0,928,0,1593,1]
11-12 05:15:30.305 1971 1971 I sysui_multi_action: [757,113,758,1,759,113,927,1,928,1,1593,1]
11-12 05:15:30.305 1971 1971 I sysui_multi_action: [757,0,758,1,759,0,927,2,928,0,1593,1]
11-12 05:15:30.305 1971 1971 I sysui_multi_action: [757,0,758,1,759,0,927,3,928,0,1593,1]
11-12 05:15:30.306 1971 1971 I sysui_multi_action: [757,491,758,1,759,491,927,4,928,0,1311,-1,1593,0]
11-12 05:15:30.306 1971 1971 I sysui_multi_action: [757,0,758,1,759,0,927,5,928,0,1593,0]
11-12 05:15:30.306 1971 1971 I sysui_multi_action: [757,111,758,1]
11-12 05:15:30.306 1971 1971 I sysui_multi_action: [757,126,758,1,759,126,927,0,928,0,1593,1]
11-12 05:15:30.306 1971 1971 I sysui_multi_action: [757,113,758,1,759,113,927,1,928,1,1593,1]
11-12 05:15:30.307 1971 1971 I sysui_multi_action: [757,0,758,1,759,0,927,2,928,0,1593,1]
11-12 05:15:30.307 1971 1971 I sysui_multi_action: [757,0,758,1,759,0,927,3,928,0,1593,1]
11-12 05:15:30.319 1971 1971 I sysui_multi_action: [757,111,758,2]
11-12 05:15:30.320 1971 1971 I sysui_multi_action: [757,111,758,2]
11-12 05:15:30.320 1481 1481 I notification_enqueue: [10082,1971,com.android.systemui,2048,NULL,0,Notification(channel=updateNotification shortcut=null contentView=null vibrate=null sound=null defaults=0x0 flags=0x0 color=0x00000000 vis=PRIVATE),1]
11-12 05:15:30.324 1971 1971 I sysui_multi_action: [757,111,758,1]
11-12 05:15:30.324 1971 1971 I sysui_multi_action: [757,126,758,1,759,126,927,0,928,0,1593,1]
11-12 05:15:30.324 1971 1971 I sysui_multi_action: [757,113,758,1,759,113,927,1,928,1,1593,1]
11-12 05:15:30.324 1971 1971 I sysui_multi_action: [757,0,758,1,759,0,927,2,928,0,1593,1]
11-12 05:15:30.324 1971 1971 I sysui_multi_action: [757,0,758,1,759,0,927,3,928,0,1593,1]
11-12 05:15:30.325 1971 1971 I sysui_multi_action: [757,491,758,1,759,491,927,4,928,0,1311,-1,1593,1]
11-12 05:15:30.325 1971 1971 I sysui_multi_action: [757,0,758,1,759,0,927,5,928,0,1593,1]
11-12 05:15:30.325 1971 1971 I sysui_multi_action: [757,111,758,1]
11-12 05:15:30.325 1971 1971 I sysui_multi_action: [757,126,758,1,759,126,927,0,928,0,1593,1]
11-12 05:15:30.325 1971 1971 I sysui_multi_action: [757,113,758,1,759,113,927,1,928,1,1593,1]
11-12 05:15:30.325 1971 1971 I sysui_multi_action: [757,0,758,1,759,0,927,2,928,0,1593,1]
11-12 05:15:30.325 1971 1971 I sysui_multi_action: [757,0,758,1,759,0,927,3,928,0,1593,1]
11-12 05:15:30.327 0 0 I auditd : type=1400 audit(0.0:15172): avc: denied { kill } for comm="swapper/0" capability=5 scontext=u:r:kernel:s0 tcontext=u:r:kernel:s0 tclass=capability permissive=0
11-12 05:15:30.338 1481 1680 I input_focus: [Focus leaving 5aabb5f com.android.settings/com.android.settings.homepage.SettingsHomepageActivity (server),reason=setFocusedWindow]
11-12 05:15:30.338 1481 1680 I input_focus: [Focus entering 8e9fb15 NotificationShade (server),reason=setFocusedWindow]
11-12 05:15:30.339 1971 1971 I sysui_multi_action: [757,111,758,2]
11-12 05:15:30.339 1971 1971 I sysui_multi_action: [757,111,758,2]
11-12 05:15:30.339 1481 1481 I notification_enqueue: [10082,1971,com.android.systemui,2048,NULL,0,Notification(channel=updateNotification shortcut=null contentView=null vibrate=null sound=null defaults=0x0 flags=0x0 color=0x00000000 vis=PRIVATE),1]
11-12 05:15:30.344 1971 1971 I sysui_multi_action: [757,111,758,1]
11-12 05:15:30.344 1971 1971 I sysui_multi_action: [757,126,758,1,759,126,927,0,928,0,1593,1]
11-12 05:15:30.344 1971 1971 I sysui_multi_action: [757,113,758,1,759,113,927,1,928,1,1593,1]
11-12 05:15:30.344 1971 1971 I sysui_multi_action: [757,0,758,1,759,0,927,2,928,0,1593,1]
11-12 05:15:30.344 1971 1971 I sysui_multi_action: [757,0,758,1,759,0,927,3,928,0,1593,1]
11-12 05:15:30.344 1971 1971 I sysui_multi_action: [757,491,758,1,759,491,927,4,928,0,1311,-1,1593,1]
11-12 05:15:30.345 1971 1971 I sysui_multi_action: [757,0,758,1,759,0,927,5,928,0,1593,1]
11-12 05:15:30.345 1971 1971 I sysui_multi_action: [757,111,758,1]
11-12 05:15:30.345 1971 1971 I sysui_multi_action: [757,126,758,1,759,126,927,0,928,0,1593,1]
11-12 05:15:30.345 1971 1971 I sysui_multi_action: [757,113,758,1,759,113,927,1,928,1,1593,1]
11-12 05:15:30.345 1971 1971 I sysui_multi_action: [757,0,758,1,759,0,927,2,928,0,1593,1]
11-12 05:15:30.345 1971 1971 I sysui_multi_action: [757,0,758,1,759,0,927,3,928,0,1593,1]
11-12 05:15:30.356 1971 1971 I sysui_multi_action: [757,111,758,2]
11-12 05:15:30.356 1481 1481 I notification_enqueue: [10082,1971,com.android.systemui,2048,NULL,0,Notification(channel=updateNotification shortcut=null contentView=null vibrate=null sound=null defaults=0x0 flags=0x0 color=0x00000000 vis=PRIVATE),1]
11-12 05:15:30.356 1971 1971 I sysui_multi_action: [757,111,758,2]
11-12 05:15:30.363 1971 1971 I sysui_multi_action: [757,111,758,1]
11-12 05:15:30.363 1971 1971 I sysui_multi_action: [757,126,758,1,759,126,927,0,928,0,1593,1]
11-12 05:15:30.363 1971 1971 I sysui_multi_action: [757,113,758,1,759,113,927,1,928,1,1593,1]
11-12 05:15:30.363 1971 1971 I sysui_multi_action: [757,0,758,1,759,0,927,2,928,0,1593,1]
11-12 05:15:30.363 1971 1971 I sysui_multi_action: [757,0,758,1,759,0,927,3,928,0,1593,1]
11-12 05:15:30.363 1971 1971 I sysui_multi_action: [757,491,758,1,759,491,927,4,928,0,1311,-1,1593,0]
11-12 05:15:30.363 1971 1971 I sysui_multi_action: [757,0,758,1,759,0,927,5,928,0,1593,0]
11-12 05:15:30.363 1971 1971 I sysui_multi_action: [757,111,758,1]
11-12 05:15:30.364 1971 1971 I sysui_multi_action: [757,126,758,1,759,126,927,0,928,0,1593,1]
11-12 05:15:30.364 1971 1971 I sysui_multi_action: [757,113,758,1,759,113,927,1,928,1,1593,1]
11-12 05:15:30.364 1971 1971 I sysui_multi_action: [757,0,758,1,759,0,927,2,928,0,1593,1]
11-12 05:15:30.364 1971 1971 I sysui_multi_action: [757,0,758,1,759,0,927,3,928,0,1593,1]
11-12 05:15:30.492 1481 1481 I sysui_multi_action: [757,1501,758,1,793,14308637,794,0,795,205,796,2048,806,com.android.systemui,857,updateNotification,858,3,947,0,1500,0,1688,1]
11-12 05:15:30.492 1481 1481 I sysui_multi_action: [757,804,799,note_interruptive,801,0,802,1]
11-12 05:15:30.492 1481 1481 I sysui_multi_action: [757,199,758,1,759,2,793,14308637,794,0,795,205,796,2048,806,com.android.systemui,857,updateNotification,858,3,947,0,1500,0,1688,1]
11-12 05:15:30.493 1481 1481 I notification_alert: [0|com.android.systemui|2048|null|10082,0,1,0]
11-12 05:15:30.833 1481 2130 I sysui_multi_action: [757,128,758,1,793,1356613,794,0,795,1356613,796,26,798,0,806,android,857,DEVELOPER_IMPORTANT,858,4,947,0,1395,2,1500,1356399,1688,1]
11-12 05:15:30.833 1481 2130 I sysui_multi_action: [757,804,799,note_freshness,801,1356613,802,1]
11-12 05:15:30.833 1481 2130 I notification_visibility: [-1|android|26|null|1000,1,1356613,1356613,0,0]
11-12 05:15:30.833 1481 2130 I sysui_multi_action: [757,128,758,1,793,1356610,794,0,795,1356610,796,32,798,1,806,android,857,USB,858,1,947,0,1395,2,1500,1356398,1688,1]
11-12 05:15:30.834 1481 2130 I sysui_multi_action: [757,804,799,note_freshness,801,1356610,802,1]
11-12 05:15:30.834 1481 2130 I notification_visibility: [-1|android|32|null|1000,1,1356610,1356610,0,1]
11-12 05:15:31.160 1481 1680 I input_interaction: Interaction with: 8e9fb15 NotificationShade (server), swipe-up (server), edge-swipe (server), PointerEventDispatcher0 (server),
11-12 05:15:31.285 1481 1980 I wm_task_created: [208,-1]
11-12 05:15:31.291 1481 1980 I wm_task_moved: [43,1,7]
11-12 05:15:31.292 1481 1980 I wm_focused_root_task: [0,0,43,208,reuseOrNewTask returnToHome]
11-12 05:15:31.293 1481 1980 I wm_task_moved: [208,1,7]
11-12 05:15:31.293 1481 1980 I wm_task_to_front: [0,208]
11-12 05:15:31.293 14999 14999 I wm_on_top_resumed_lost_called: [22410913,com.android.settings.homepage.SettingsHomepageActivity,topStateChangedWhenResumed]
11-12 05:15:31.293 1481 1980 I wm_focused_root_task: [0,0,208,43,reuseOrNewTask]
11-12 05:15:31.293 1481 1980 I wm_create_task: [0,208]
11-12 05:15:31.293 1481 1980 I wm_create_activity: [0,90710998,208,com.android.settings/.Settings$ConfigureNotificationSettingsActivity,android.settings.NOTIFICATION_SETTINGS,NULL,NULL,268484608]
11-12 05:15:31.293 1481 1980 I wm_task_moved: [43,1,7]
11-12 05:15:31.293 1481 1980 I wm_focused_root_task: [0,0,43,208,positionChildAtTop returnToHome]
11-12 05:15:31.293 1481 1980 I wm_task_moved: [208,1,7]
11-12 05:15:31.294 1481 1980 I wm_focused_root_task: [0,0,208,43,positionChildAtTop]
11-12 05:15:31.297 1481 1980 I wm_pause_activity: [0,22410913,com.android.settings/.homepage.SettingsHomepageActivity,userLeaving=true,pauseBackTasks]
11-12 05:15:31.303 14999 14999 I sysui_multi_action: [757,35,758,2,1089,2611]
11-12 05:15:31.304 14999 14999 I sysui_multi_action: [757,337,758,2,1089,2608]
11-12 05:15:31.306 14999 14999 I wm_on_paused_called: [22410913,com.android.settings.homepage.SettingsHomepageActivity,performPause]
11-12 05:15:31.313 1481 2130 I wm_add_to_stopping: [0,22410913,com.android.settings/.homepage.SettingsHomepageActivity,makeInvisible]
11-12 05:15:31.314 1481 2130 I wm_restart_activity: [0,90710998,208,com.android.settings/.Settings$ConfigureNotificationSettingsActivity]
11-12 05:15:31.315 1481 2130 I wm_set_resumed_activity: [0,com.android.settings/.Settings$ConfigureNotificationSettingsActivity,minimalResumeActivityLocked]
11-12 05:15:31.327 1481 1570 I sysui_multi_action: [757,803,799,window_time_0,802,2]
11-12 05:15:31.350 1481 2130 I wm_task_moved: [43,1,7]
11-12 05:15:31.351 1481 2130 I wm_focused_root_task: [0,0,43,208,bringingFoundTaskToFront returnToHome]
11-12 05:15:31.351 1481 2130 I wm_task_moved: [207,1,7]
11-12 05:15:31.351 1481 2130 I wm_task_to_front: [0,207]
11-12 05:15:31.352 1481 2130 I wm_focused_root_task: [0,0,207,43,bringingFoundTaskToFront]
11-12 05:15:31.352 1481 2130 I wm_set_resumed_activity: [0,com.android.settings/.homepage.SettingsHomepageActivity,bringingFoundTaskToFront]
11-12 05:15:31.352 1481 2130 I wm_finish_activity: [0,22410913,207,com.android.settings/.homepage.SettingsHomepageActivity,clear-task-all]
11-12 05:15:31.353 1481 2130 I wm_add_to_stopping: [0,90710998,com.android.settings/.Settings$ConfigureNotificationSettingsActivity,makeInvisible]
11-12 05:15:31.356 1481 2130 I wm_task_moved: [43,1,7]
11-12 05:15:31.357 1481 2130 I wm_focused_root_task: [0,0,43,207,reuseOrNewTask returnToHome]
11-12 05:15:31.357 1481 2130 I wm_task_moved: [207,1,7]
11-12 05:15:31.357 1481 2130 I wm_focused_root_task: [0,0,207,43,reuseOrNewTask]
11-12 05:15:31.357 1481 2130 I wm_create_activity: [0,8378286,207,com.android.settings/.homepage.SettingsHomepageActivity,android.settings.NOTIFICATION_SETTINGS,NULL,NULL,272678912]
11-12 05:15:31.359 1481 2130 I wm_pause_activity: [0,90710998,com.android.settings/.Settings$ConfigureNotificationSettingsActivity,userLeaving=true,pauseBackTasks]
11-12 05:15:31.363 1481 2130 I wm_finish_activity: [0,90710998,208,com.android.settings/.Settings$ConfigureNotificationSettingsActivity,app-request]
11-12 05:15:31.364 14999 14999 I wm_on_create_called: [90710998,com.android.settings.Settings$ConfigureNotificationSettingsActivity,performCreate]
11-12 05:15:31.371 2522 2522 I wm_on_restart_called: [35371080,com.android.launcher3.uioverrides.QuickstepLauncher,performRestartActivity]
11-12 05:15:31.371 2522 2522 I wm_on_start_called: [35371080,com.android.launcher3.uioverrides.QuickstepLauncher,handleStartActivity]
11-12 05:15:31.377 1481 1777 I wm_add_to_stopping: [0,35371080,com.android.launcher3/.uioverrides.QuickstepLauncher,makeInvisible]
11-12 05:15:31.377 1481 1777 I wm_restart_activity: [0,8378286,207,com.android.settings/.homepage.SettingsHomepageActivity]
11-12 05:15:31.378 1481 1777 I wm_set_resumed_activity: [0,com.android.settings/.homepage.SettingsHomepageActivity,minimalResumeActivityLocked]
11-12 05:15:31.380 1481 1570 I wm_stop_activity: [0,35371080,com.android.launcher3/.uioverrides.QuickstepLauncher]
11-12 05:15:31.399 1481 1570 I sysui_multi_action: [757,803,799,window_time_0,802,0]
11-12 05:15:31.412 14999 14999 I wm_on_create_called: [8378286,com.android.settings.homepage.SettingsHomepageActivity,performCreate]
11-12 05:15:31.422 14999 14999 I wm_on_start_called: [8378286,com.android.settings.homepage.SettingsHomepageActivity,handleStartActivity]
11-12 05:15:31.422 14999 14999 I snet_event_log: [120484087,-1,]
11-12 05:15:31.423 14999 14999 I wm_on_resume_called: [8378286,com.android.settings.homepage.SettingsHomepageActivity,RESUME_ACTIVITY]
11-12 05:15:31.423 14999 14999 I sysui_multi_action: [757,35,758,1,833,0,1089,11]
11-12 05:15:31.426 14999 14999 I sysui_multi_action: [757,1729,758,4,854,isParalleledControllers:false,1089,14]
11-12 05:15:31.429 14999 14999 I wm_on_top_resumed_gained_called: [8378286,com.android.settings.homepage.SettingsHomepageActivity,topStateChangedWhenResumed]
11-12 05:15:31.435 1971 1971 I sysui_multi_action: [757,111,758,2]
11-12 05:15:31.436 1971 1971 I sysui_multi_action: [757,111,758,2]
11-12 05:15:31.436 1481 1481 I notification_enqueue: [10082,1971,com.android.systemui,2048,NULL,0,Notification(channel=updateNotification shortcut=null contentView=null vibrate=null sound=null defaults=0x0 flags=0x0 color=0x00000000 vis=PRIVATE),1]
11-12 05:15:31.446 1971 1971 I sysui_multi_action: [757,111,758,1]
11-12 05:15:31.447 1971 1971 I sysui_multi_action: [757,126,758,1,759,126,927,0,928,0,1593,0]
11-12 05:15:31.447 1971 1971 I sysui_multi_action: [757,113,758,1,759,113,927,1,928,1,1593,0]
11-12 05:15:31.447 1971 1971 I sysui_multi_action: [757,0,758,1,759,0,927,2,928,0,1593,0]
11-12 05:15:31.447 1971 1971 I sysui_multi_action: [757,0,758,1,759,0,927,3,928,0,1593,1]
11-12 05:15:31.447 1971 1971 I sysui_multi_action: [757,491,758,1,759,491,927,4,928,0,1311,-1,1593,0]
11-12 05:15:31.447 1971 1971 I sysui_multi_action: [757,0,758,1,759,0,927,5,928,0,1593,0]
11-12 05:15:31.447 1971 1971 I sysui_multi_action: [757,111,758,1]
11-12 05:15:31.447 1971 1971 I sysui_multi_action: [757,126,758,1,759,126,927,0,928,0,1593,1]
11-12 05:15:31.447 1971 1971 I sysui_multi_action: [757,113,758,1,759,113,927,1,928,1,1593,1]
11-12 05:15:31.447 1971 1971 I sysui_multi_action: [757,0,758,1,759,0,927,2,928,0,1593,1]
11-12 05:15:31.448 1971 1971 I sysui_multi_action: [757,0,758,1,759,0,927,3,928,0,1593,1]
11-12 05:15:31.449 1481 1571 I input_focus: [Focus request cb4c50e com.android.settings/com.android.settings.homepage.SettingsHomepageActivity,reason=UpdateInputWindows]
11-12 05:15:31.451 2522 2522 I wm_on_stop_called: [35371080,com.android.launcher3.uioverrides.QuickstepLauncher,STOP_ACTIVITY_ITEM]
11-12 05:15:31.457 1971 1971 I sysui_multi_action: [757,111,758,2]
11-12 05:15:31.457 1971 1971 I sysui_multi_action: [757,111,758,2]
11-12 05:15:31.458 1481 1481 I notification_enqueue: [10082,1971,com.android.systemui,2048,NULL,0,Notification(channel=updateNotification shortcut=null contentView=null vibrate=null sound=null defaults=0x0 flags=0x0 color=0x00000000 vis=PRIVATE),1]
11-12 05:15:31.460 1481 5877 I sysui_multi_action: [757,128,758,2,793,1357240,794,627,795,1357240,796,26,798,0,806,android,857,DEVELOPER_IMPORTANT,858,4,947,0,1395,2,1500,1357026,1688,1]
11-12 05:15:31.460 1481 5877 I notification_visibility: [-1|android|26|null|1000,0,1357240,1357240,0,0]
11-12 05:15:31.460 1481 5877 I sysui_multi_action: [757,128,758,2,793,1357237,794,627,795,1357237,796,32,798,1,806,android,857,USB,858,1,947,0,1395,2,1500,1357025,1688,1]
11-12 05:15:31.460 1481 5877 I notification_visibility: [-1|android|32|null|1000,0,1357237,1357237,0,1]
11-12 05:15:31.461 1481 5877 I sysui_multi_action: [757,127,758,2]
11-12 05:15:31.461 1481 5877 I notification_panel_hidden:
11-12 05:15:31.465 1481 1567 I wm_activity_launch_time: [0,8378286,com.android.settings/.homepage.SettingsHomepageActivity,186]
11-12 05:15:31.465 1481 1680 I input_focus: [Focus leaving 8e9fb15 NotificationShade (server),reason=NOT_FOCUSABLE]
11-12 05:15:31.469 1971 1971 I sysui_multi_action: [757,111,758,1]
11-12 05:15:31.469 1971 1971 I sysui_multi_action: [757,126,758,1,759,126,927,0,928,0,1593,0]
11-12 05:15:31.470 1971 1971 I sysui_multi_action: [757,113,758,1,759,113,927,1,928,1,1593,0]
11-12 05:15:31.470 1971 1971 I sysui_multi_action: [757,0,758,1,759,0,927,2,928,0,1593,1]
11-12 05:15:31.470 1971 1971 I sysui_multi_action: [757,0,758,1,759,0,927,3,928,0,1593,1]
11-12 05:15:31.470 1971 1971 I sysui_multi_action: [757,491,758,1,759,491,927,4,928,0,1311,-1,1593,0]
11-12 05:15:31.470 1971 1971 I sysui_multi_action: [757,0,758,1,759,0,927,5,928,0,1593,0]
11-12 05:15:31.470 1971 1971 I sysui_multi_action: [757,111,758,1]
11-12 05:15:31.470 1971 1971 I sysui_multi_action: [757,126,758,1,759,126,927,0,928,0,1593,1]
11-12 05:15:31.470 1971 1971 I sysui_multi_action: [757,113,758,1,759,113,927,1,928,1,1593,1]
11-12 05:15:31.470 1971 1971 I sysui_multi_action: [757,0,758,1,759,0,927,2,928,0,1593,1]
11-12 05:15:31.470 1971 1971 I sysui_multi_action: [757,0,758,1,759,0,927,3,928,0,1593,1]
11-12 05:15:31.482 1481 1680 I input_focus: [Focus entering cb4c50e com.android.settings/com.android.settings.homepage.SettingsHomepageActivity (server),reason=Window became focusable. Previous reason: NOT_VISIBLE]
11-12 05:15:31.528 14999 14999 W CarrierConfigManager: Error getting config for subId -1 ICarrierConfigLoader is null
11-12 05:15:31.561 14999 14999 I sysui_multi_action: [757,746,758,1,833,0,1089,38]
11-12 05:15:31.561 1481 1980 D TelephonyRegistry: listen oscl: mHasNotifySubscriptionInfoChangedOccurred==false no callback
11-12 05:15:31.564 1481 5877 D TelephonyRegistry: listen oscl: mHasNotifySubscriptionInfoChangedOccurred==false no callback
11-12 05:15:31.573 14999 14999 I sysui_multi_action: [757,1729,758,4,854,isParalleledControllers:false,1089,50]
11-12 05:15:31.634 14999 14999 I sysui_multi_action: [757,337,758,1,833,0,1089,19]
11-12 05:15:31.636 14999 14999 I sysui_multi_action: [757,1729,758,4,854,isParalleledControllers:false,1089,21]
11-12 05:15:31.639 1481 1481 I sysui_multi_action: [757,1501,758,1,793,14309784,794,0,795,222,796,2048,806,com.android.systemui,857,updateNotification,858,3,947,0,1500,0,1688,1]
11-12 05:15:31.640 1481 1481 I sysui_multi_action: [757,804,799,note_interruptive,801,0,802,1]
11-12 05:15:31.640 1481 1481 I sysui_multi_action: [757,199,758,1,759,2,793,14309785,794,0,795,223,796,2048,806,com.android.systemui,857,updateNotification,858,3,947,0,1500,1,1688,1]
11-12 05:15:31.640 1481 1481 I notification_alert: [0|com.android.systemui|2048|null|10082,0,1,0]
11-12 05:15:31.917 1481 1570 I wm_destroy_activity: [0,90710998,208,com.android.settings/.Settings$ConfigureNotificationSettingsActivity,finish-imm:idle]
11-12 05:15:31.918 1481 1570 I wm_destroy_activity: [0,22410913,207,com.android.settings/.homepage.SettingsHomepageActivity,finish-imm:idle]
11-12 05:15:31.921 14999 14999 I wm_on_destroy_called: [90710998,com.android.settings.Settings$ConfigureNotificationSettingsActivity,performDestroy]
11-12 05:15:31.923 1481 5890 I wm_task_removed: [208,removeChild:removeChild last r=ActivityRecord{56823d6 u0 com.android.settings/.Settings$ConfigureNotificationSettingsActivity t-1 f}} in t=Task{d2550f3 #208 type=standard A=1000:com.android.settings U=0 visible=false mode=fullscreen translucent=true sz=0}]
11-12 05:15:31.923 1481 5890 I wm_task_removed: [208,removeChild]
11-12 05:15:31.925 14999 14999 I wm_on_stop_called: [22410913,com.android.settings.homepage.SettingsHomepageActivity,LIFECYCLER_STOP_ACTIVITY]
11-12 05:15:31.938 14999 14999 I wm_on_destroy_called: [22410913,com.android.settings.homepage.SettingsHomepageActivity,performDestroy]
11-12 05:15:32.327 0 0 I auditd : type=1400 audit(0.0:15173): avc: denied { kill } for comm="swapper/0" capability=5 scontext=u:r:kernel:s0 tcontext=u:r:kernel:s0 tclass=capability permissive=0
11-12 05:15:32.507 1481 1680 I input_interaction: Interaction with: cb4c50e com.android.settings/com.android.settings.homepage.SettingsHomepageActivity (server), swipe-up (server), edge-swipe (server), PointerEventDispatcher0 (server),
11-12 05:15:32.590 14999 14999 I sysui_multi_action: [757,337,758,2,1089,955]
11-12 05:15:34.327 0 0 I auditd : type=1400 audit(0.0:15174): avc: denied { kill } for comm="swapper/0" capability=5 scontext=u:r:kernel:s0 tcontext=u:r:kernel:s0 tclass=capability permissive=0
11-12 05:15:35.327 0 0 I auditd : type=1400 audit(0.0:15175): avc: denied { kill } for comm="swapper/0" capability=5 scontext=u:r:kernel:s0 tcontext=u:r:kernel:s0 tclass=capability permissive=0
11-12 05:15:36.327 0 0 I auditd : type=1400 audit(0.0:15176): avc: denied { kill } for comm="swapper/0" capability=5 scontext=u:r:kernel:s0 tcontext=u:r:kernel:s0 tclass=capability permissive=0
11-12 05:15:37.327 0 0 I auditd : type=1400 audit(0.0:15177): avc: denied { kill } for comm="swapper/0" capability=5 scontext=u:r:kernel:s0 tcontext=u:r:kernel:s0 tclass=capability permissive=0
11-12 05:15:37.412 1481 1603 I am_uid_idle: 10051
11-12 05:15:38.327 0 0 I auditd : type=1400 audit(0.0:15178): avc: denied { kill } for comm="swapper/0" capability=5 scontext=u:r:kernel:s0 tcontext=u:r:kernel:s0 tclass=capability permissive=0
11-12 05:15:39.327 0 0 I auditd : type=1400 audit(0.0:15179): avc: denied { kill } for comm="swapper/0" capability=5 scontext=u:r:kernel:s0 tcontext=u:r:kernel:s0 tclass=capability permissive=0
11-12 05:15:40.327 351 351 I auditd : type=1400 audit(0.0:15180): avc: denied { kill } for comm="irq/382-atmel_m" capability=5 scontext=u:r:kernel:s0 tcontext=u:r:kernel:s0 tclass=capability permissive=0
11-12 05:15:40.620 1481 5711 I wm_task_moved: [43,0,0]
11-12 05:15:40.623 1481 5711 I wm_task_moved: [43,0,5]
11-12 05:15:40.635 2522 2522 I wm_on_restart_called: [35371080,com.android.launcher3.uioverrides.QuickstepLauncher,performRestartActivity]
11-12 05:15:40.661 2522 2522 I wm_on_start_called: [35371080,com.android.launcher3.uioverrides.QuickstepLauncher,handleStartActivity]
11-12 05:15:40.672 14999 14999 I view_enqueue_input_event: [Motion - Cancel,com.android.settings/com.android.settings.homepage.SettingsHomepageActivity]
11-12 05:15:40.673 2522 2522 I sysui_latency: [1,72]
11-12 05:15:40.678 1481 1571 I input_focus: [Focus request recents_animation_input_consumer,reason=UpdateInputWindows]
11-12 05:15:40.686 1481 1680 I input_interaction: Interaction with: swipe-up (server), edge-swipe (server), PointerEventDispatcher0 (server),
11-12 05:15:40.689 1481 1567 I sysui_multi_action: [319,15,322,56,325,14340,757,761,758,9,759,5,806,com.android.launcher3,871,com.android.launcher3.uioverrides.QuickstepLauncher,904,com.android.launcher3,905,0,1320,8,1321,5]
11-12 05:15:40.703 1481 1680 I input_focus: [Focus leaving cb4c50e com.android.settings/com.android.settings.homepage.SettingsHomepageActivity (server),reason=NOT_FOCUSABLE]
11-12 05:15:40.703 1481 1680 I input_focus: [Focus entering recents_animation_input_consumer (server),reason=setFocusedWindow]
11-12 05:15:40.864 1481 1668 I commit_sys_config_file: [settings-1-0,4]
11-12 05:15:40.978 1481 1602 I sysui_latency: [8,72]
11-12 05:15:41.327 351 351 I auditd : type=1400 audit(0.0:15181): avc: denied { kill } for comm="irq/382-atmel_m" capability=5 scontext=u:r:kernel:s0 tcontext=u:r:kernel:s0 tclass=capability permissive=0
11-12 05:15:41.716 1481 1668 I commit_sys_config_file: [settings-1-0,4]
11-12 05:15:42.327 351 351 I auditd : type=1400 audit(0.0:15182): avc: denied { kill } for comm="irq/382-atmel_m" capability=5 scontext=u:r:kernel:s0 tcontext=u:r:kernel:s0 tclass=capability permissive=0
11-12 05:15:42.710 1481 1680 I input_interaction: Interaction with: 18adad5 com.android.launcher3/com.android.launcher3.uioverrides.QuickstepLauncher (server), swipe-up (server), edge-swipe (server), PointerEventDispatcher0 (server),
11-12 05:15:43.170 1481 5711 I wm_task_moved: [43,1,6]
11-12 05:15:43.173 1481 5711 I wm_focused_root_task: [0,0,43,207,RecentsAnimation.onAnimationFinished()]
11-12 05:15:43.175 1481 5711 I wm_pause_activity: [0,8378286,com.android.settings/.homepage.SettingsHomepageActivity,userLeaving=false,pauseBackTasks]
11-12 05:15:43.177 14999 14999 I wm_on_top_resumed_lost_called: [8378286,com.android.settings.homepage.SettingsHomepageActivity,topStateChangedWhenResumed]
11-12 05:15:43.177 1481 5711 I wm_set_resumed_activity: [0,com.android.launcher3/.uioverrides.QuickstepLauncher,resumeTopActivityInnerLocked]
11-12 05:15:43.178 1481 5711 I wm_resume_activity: [0,35371080,44,com.android.launcher3/.uioverrides.QuickstepLauncher]
11-12 05:15:43.179 1481 5711 I wm_add_to_stopping: [0,8378286,com.android.settings/.homepage.SettingsHomepageActivity,makeInvisible]
11-12 05:15:43.182 2522 2522 I wm_on_resume_called: [35371080,com.android.launcher3.uioverrides.QuickstepLauncher,RESUME_ACTIVITY]
11-12 05:15:43.189 1481 1571 I input_focus: [Focus request 18adad5 com.android.launcher3/com.android.launcher3.uioverrides.QuickstepLauncher,reason=UpdateInputWindows]
11-12 05:15:43.191 1481 1570 I sysui_multi_action: [757,803,799,window_time_0,802,12]
11-12 05:15:43.193 1481 1680 I input_focus: [Focus leaving recents_animation_input_consumer (server),reason=NOT_VISIBLE]
11-12 05:15:43.194 1481 5877 I wm_stop_activity: [0,8378286,com.android.settings/.homepage.SettingsHomepageActivity]
11-12 05:15:43.195 14999 14999 I sysui_multi_action: [757,35,758,2,1089,11772]
11-12 05:15:43.196 2522 2522 I wm_on_top_resumed_gained_called: [35371080,com.android.launcher3.uioverrides.QuickstepLauncher,topStateChangedWhenResumed]
11-12 05:15:43.199 14999 14999 I sysui_multi_action: [757,746,758,2,1089,11638]
11-12 05:15:43.203 1481 1570 I sysui_multi_action: [757,803,799,window_time_0,802,0]
11-12 05:15:43.206 14999 14999 I wm_on_paused_called: [8378286,com.android.settings.homepage.SettingsHomepageActivity,performPause]
11-12 05:15:43.210 1481 1680 I input_focus: [Focus entering 18adad5 com.android.launcher3/com.android.launcher3.uioverrides.QuickstepLauncher (server),reason=setFocusedWindow]
11-12 05:15:43.221 14999 14999 I wm_on_stop_called: [8378286,com.android.settings.homepage.SettingsHomepageActivity,STOP_ACTIVITY_ITEM]
11-12 05:15:43.222 1481 1602 I am_pss : [15014,10084,com.android.music,7209984,4788224,0,91971584,0,19,5]
11-12 05:15:43.234 1481 1602 I am_pss : [14665,10070,com.android.gallery3d,8742912,6496256,0,94334976,0,19,6]
11-12 05:15:43.291 1481 5711 I wm_finish_activity: [0,8378286,207,com.android.settings/.homepage.SettingsHomepageActivity,recent-task-trimmed]
11-12 05:15:43.292 1481 5711 I wm_destroy_activity: [0,8378286,207,com.android.settings/.homepage.SettingsHomepageActivity,finish-imm:finishIfPossible]
11-12 05:15:43.293 1481 1570 I am_kill : [0,14999,com.android.settings,900,remove task]
11-12 05:15:43.303 1481 1570 I sysui_multi_action: [757,803,799,window_time_0,802,0]
11-12 05:15:43.327 0 0 I auditd : type=1400 audit(0.0:15183): avc: denied { kill } for comm="swapper/0" capability=5 scontext=u:r:kernel:s0 tcontext=u:r:kernel:s0 tclass=capability permissive=0
11-12 05:15:43.343 1481 5711 I am_proc_died: [0,14999,com.android.settings,900,18]
11-12 05:15:43.348 1481 5711 I wm_task_removed: [207,removeChild:removeChild last r=ActivityRecord{7fd7ae u0 com.android.settings/.homepage.SettingsHomepageActivity t-1 f}} in t=Task{2c4a352 #207 type=standard A=1000:com.android.settings.root U=0 visible=false mode=fullscreen translucent=true sz=0}]
11-12 05:15:43.348 1481 5711 I wm_task_removed: [207,removeChild]
11-12 05:15:43.362 1481 1604 I am_proc_start: [0,15162,1000,com.android.settings,NULL,]
11-12 05:15:43.391 1481 5711 I am_proc_bound: [0,15162,com.android.settings]
11-12 05:15:43.463 1481 1680 I input_interaction: Interaction with: 18adad5 com.android.launcher3/com.android.launcher3.uioverrides.QuickstepLauncher (server), 7fba367 com.android.systemui.ImageWallpaper (server), swipe-up (server), edge-swipe (server), PointerEventDispatcher0 (server),
11-12 05:15:44.960 1481 1680 I input_interaction: Interaction with: b3e52f6 StatusBar (server), swipe-up (server), edge-swipe (server), PointerEventDispatcher0 (server),
11-12 05:15:44.971 1971 1971 I sysui_multi_action: [757,803,799,panel_open,802,1]
11-12 05:15:44.976 1971 1971 I sysui_multi_action: [757,1328,758,4,1326,59,1327,2,1329,0]
11-12 05:15:45.072 1971 1971 I sysui_multi_action: [757,111,758,2]
11-12 05:15:45.072 1481 1481 I notification_enqueue: [10082,1971,com.android.systemui,2048,NULL,0,Notification(channel=updateNotification shortcut=null contentView=null vibrate=null sound=null defaults=0x0 flags=0x0 color=0x00000000 vis=PRIVATE),1]
11-12 05:15:45.073 1971 1971 I sysui_multi_action: [757,111,758,2]
11-12 05:15:45.078 1481 5711 I sysui_multi_action: [757,127,758,1]
11-12 05:15:45.078 1481 5711 I sysui_multi_action: [757,804,799,note_load,801,2,802,1]
11-12 05:15:45.080 1481 5711 I notification_panel_revealed: 2
11-12 05:15:45.092 1481 1571 I input_focus: [Focus request 8e9fb15 NotificationShade,reason=UpdateInputWindows]
11-12 05:15:45.097 1971 1971 I sysui_multi_action: [757,111,758,1]
11-12 05:15:45.097 1971 1971 I sysui_multi_action: [757,126,758,1,759,126,927,0,928,0,1593,1]
11-12 05:15:45.097 1971 1971 I sysui_multi_action: [757,113,758,1,759,113,927,1,928,1,1593,1]
11-12 05:15:45.097 1971 1971 I sysui_multi_action: [757,0,758,1,759,0,927,2,928,0,1593,1]
11-12 05:15:45.097 1971 1971 I sysui_multi_action: [757,0,758,1,759,0,927,3,928,0,1593,1]
11-12 05:15:45.098 1971 1971 I sysui_multi_action: [757,491,758,1,759,491,927,4,928,0,1311,-1,1593,0]
11-12 05:15:45.098 1971 1971 I sysui_multi_action: [757,0,758,1,759,0,927,5,928,0,1593,0]
11-12 05:15:45.098 1971 1971 I sysui_multi_action: [757,111,758,1]
11-12 05:15:45.098 1971 1971 I sysui_multi_action: [757,126,758,1,759,126,927,0,928,0,1593,1]
11-12 05:15:45.098 1971 1971 I sysui_multi_action: [757,113,758,1,759,113,927,1,928,1,1593,1]
11-12 05:15:45.098 1971 1971 I sysui_multi_action: [757,0,758,1,759,0,927,2,928,0,1593,1]
11-12 05:15:45.098 1971 1971 I sysui_multi_action: [757,0,758,1,759,0,927,3,928,0,1593,1]
11-12 05:15:45.114 1971 1971 I sysui_multi_action: [757,111,758,2]
11-12 05:15:45.114 1481 1481 I notification_enqueue: [10082,1971,com.android.systemui,2048,NULL,0,Notification(channel=updateNotification shortcut=null contentView=null vibrate=null sound=null defaults=0x0 flags=0x0 color=0x00000000 vis=PRIVATE),1]
11-12 05:15:45.114 1971 1971 I sysui_multi_action: [757,111,758,2]
11-12 05:15:45.117 1481 1680 I input_focus: [Focus leaving 18adad5 com.android.launcher3/com.android.launcher3.uioverrides.QuickstepLauncher (server),reason=setFocusedWindow]
11-12 05:15:45.118 1481 1680 I input_focus: [Focus entering 8e9fb15 NotificationShade (server),reason=setFocusedWindow]
11-12 05:15:45.119 1971 1971 I sysui_multi_action: [757,111,758,1]
11-12 05:15:45.119 1971 1971 I sysui_multi_action: [757,126,758,1,759,126,927,0,928,0,1593,0]
11-12 05:15:45.119 1971 1971 I sysui_multi_action: [757,113,758,1,759,113,927,1,928,1,1593,0]
