--------- beginning of radio
11-12 01:16:50.214 1481 1481 D TelephonyRegistry: listen oscl: mHasNotifySubscriptionInfoChangedOccurred==false no callback
11-12 01:16:50.811 1481 1703 D TelephonyRegistry: listen oscl: mHasNotifySubscriptionInfoChangedOccurred==false no callback
11-12 01:16:50.833 1481 1704 D TelephonyRegistry: listen oscl: mHasNotifySubscriptionInfoChangedOccurred==false no callback
11-12 01:16:50.840 1481 1481 D TelephonyRegistry: listen oscl: mHasNotifySubscriptionInfoChangedOccurred==false no callback
11-12 01:16:50.871 1481 1481 D TelephonyRegistry: listen oscl: mHasNotifySubscriptionInfoChangedOccurred==false no callback
11-12 01:16:50.881 1481 1567 W CarrierConfigManager: Error getting config for subId -1 ICarrierConfigLoader is null
11-12 01:16:50.911 1481 1481 D TelephonyRegistry: systemRunning register for intents
11-12 01:16:51.067 1481 1602 D TelephonyRegistry: listen oscl: mHasNotifySubscriptionInfoChangedOccurred==false no callback
11-12 01:16:51.333 1481 1777 D TelephonyRegistry: listen oscl: mHasNotifySubscriptionInfoChangedOccurred==false no callback
11-12 01:16:51.462 1481 1481 D TelephonyRegistry: listen oscl: mHasNotifySubscriptionInfoChangedOccurred==false no callback
11-12 01:16:51.468 1481 1481 D TelephonyRegistry: notifyCellLocationForSubscriber: subId=2147483647 cellIdentity=null
11-12 01:16:51.533 1971 1971 W CarrierConfigManager: Error getting config for subId -1 ICarrierConfigLoader is null
11-12 01:16:51.538 1481 1515 D TelephonyRegistry: listen oscl: mHasNotifySubscriptionInfoChangedOccurred==false no callback
11-12 01:16:52.604 1481 2154 D TelephonyRegistry: listen oscl: mHasNotifySubscriptionInfoChangedOccurred==false no callback
11-12 01:16:52.716 1481 2069 D TelephonyRegistry: listen oscl: mHasNotifySubscriptionInfoChangedOccurred==false no callback
11-12 01:16:52.971 1481 1980 D TelephonyRegistry: listen oscl: mHasNotifySubscriptionInfoChangedOccurred==false no callback
11-12 01:16:56.238 3627 3627 D CAT : BootCompletedReceiver: [ACTION_BOOT_COMPLETED]
11-12 01:16:56.243 3627 3627 D CAT : StkAppService: onCreate()+
11-12 01:16:56.244 3627 3627 D CAT : StkAppService: simCount: 1
11-12 01:16:56.244 3627 3627 D CAT : StkAppService: slotId: 0
11-12 01:16:56.245 3627 3627 D CAT : StkAppService: onStart sim id: 0, op: 5, *****
11-12 01:16:56.245 3627 3627 D CAT : StkAppService: mStkService is: -1
11-12 01:16:56.248 3627 3627 D CAT : StkAppService: onDestroy()
11-12 01:33:10.199 1481 2154 D TelephonyRegistry: listen oscl: mHasNotifySubscriptionInfoChangedOccurred==false no callback
11-12 01:33:10.200 1971 1971 W CarrierConfigManager: Error getting config for subId -1 ICarrierConfigLoader is null
11-12 01:33:12.119 4443 4443 W CarrierConfigManager: Error getting config for subId -1 ICarrierConfigLoader is null
11-12 01:33:12.169 1481 2154 D TelephonyRegistry: listen oscl: mHasNotifySubscriptionInfoChangedOccurred==false no callback
11-12 01:33:12.173 1481 2147 D TelephonyRegistry: listen oscl: mHasNotifySubscriptionInfoChangedOccurred==false no callback
11-12 01:33:14.993 4443 4443 W CarrierConfigManager: Error getting config for subId -1 ICarrierConfigLoader is null
11-12 01:33:15.185 1481 2130 D TelephonyRegistry: listen oscl: mHasNotifySubscriptionInfoChangedOccurred==false no callback
11-12 01:33:15.190 1481 2130 D TelephonyRegistry: listen oscl: mHasNotifySubscriptionInfoChangedOccurred==false no callback
11-12 01:33:15.279 4443 4443 W CarrierConfigManager: Error getting config for subId -1 ICarrierConfigLoader is null
11-12 01:33:15.423 1481 1515 D TelephonyRegistry: listen oscl: mHasNotifySubscriptionInfoChangedOccurred==false no callback
11-12 01:33:15.427 1481 2114 D TelephonyRegistry: listen oscl: mHasNotifySubscriptionInfoChangedOccurred==false no callback
11-12 01:33:24.624 1481 2114 D TelephonyRegistry: listen oscl: mHasNotifySubscriptionInfoChangedOccurred==false no callback
11-12 01:33:24.628 1971 1971 W CarrierConfigManager: Error getting config for subId -1 ICarrierConfigLoader is null
11-12 01:33:26.599 1481 1980 D TelephonyRegistry: listen oscl: mHasNotifySubscriptionInfoChangedOccurred==false no callback
11-12 01:33:26.603 1481 1980 D TelephonyRegistry: listen oscl: mHasNotifySubscriptionInfoChangedOccurred==false no callback
11-12 01:33:29.525 4443 4443 W CarrierConfigManager: Error getting config for subId -1 ICarrierConfigLoader is null
11-12 01:33:29.563 1481 1515 D TelephonyRegistry: listen oscl: mHasNotifySubscriptionInfoChangedOccurred==false no callback
11-12 01:33:29.565 1481 3102 D TelephonyRegistry: listen oscl: mHasNotifySubscriptionInfoChangedOccurred==false no callback
11-12 01:33:29.618 4443 4443 W CarrierConfigManager: Error getting config for subId -1 ICarrierConfigLoader is null
11-12 01:33:29.651 1481 1516 D TelephonyRegistry: listen oscl: mHasNotifySubscriptionInfoChangedOccurred==false no callback
11-12 01:33:29.653 1481 1516 D TelephonyRegistry: listen oscl: mHasNotifySubscriptionInfoChangedOccurred==false no callback
11-12 01:36:42.807 1481 2119 D TelephonyRegistry: listen oscl: mHasNotifySubscriptionInfoChangedOccurred==false no callback
11-12 01:36:42.809 1481 1980 D TelephonyRegistry: listen oscl: mHasNotifySubscriptionInfoChangedOccurred==false no callback
11-12 01:36:54.562 1481 2114 D TelephonyRegistry: listen oscl: mHasNotifySubscriptionInfoChangedOccurred==false no callback
11-12 01:36:54.567 1481 2154 D TelephonyRegistry: listen oscl: mHasNotifySubscriptionInfoChangedOccurred==false no callback
11-12 01:37:09.097 4443 4443 W CarrierConfigManager: Error getting config for subId -1 ICarrierConfigLoader is null
11-12 01:37:09.151 1481 3102 D TelephonyRegistry: listen oscl: mHasNotifySubscriptionInfoChangedOccurred==false no callback
11-12 01:37:09.155 1481 3102 D TelephonyRegistry: listen oscl: mHasNotifySubscriptionInfoChangedOccurred==false no callback
11-12 01:37:15.057 4443 5319 W CarrierConfigManager: Error getting config for subId -1 ICarrierConfigLoader is null
11-12 01:37:15.073 4443 5319 W CarrierConfigManager: Error getting config for subId -1 ICarrierConfigLoader is null
11-12 01:37:15.073 4443 5319 W CarrierConfigManager: Error getting config for subId -1 ICarrierConfigLoader is null
11-12 01:37:15.074 4443 5319 W CarrierConfigManager: Error getting config for subId -1 ICarrierConfigLoader is null
11-12 01:37:15.074 4443 5319 W CarrierConfigManager: Error getting config for subId -1 ICarrierConfigLoader is null
11-12 01:37:15.075 4443 5319 W CarrierConfigManager: Error getting config for subId -1 ICarrierConfigLoader is null
11-12 01:37:15.075 4443 5319 W CarrierConfigManager: Error getting config for subId -1 ICarrierConfigLoader is null
11-12 01:37:15.075 4443 5319 W CarrierConfigManager: Error getting config for subId -1 ICarrierConfigLoader is null
11-12 01:37:15.076 4443 5319 W CarrierConfigManager: Error getting config for subId -1 ICarrierConfigLoader is null
11-12 01:37:15.076 4443 5319 W CarrierConfigManager: Error getting config for subId -1 ICarrierConfigLoader is null
11-12 01:37:21.434 4443 4443 W CarrierConfigManager: Error getting config for subId -1 ICarrierConfigLoader is null
11-12 01:37:21.483 1481 1516 D TelephonyRegistry: listen oscl: mHasNotifySubscriptionInfoChangedOccurred==false no callback
11-12 01:37:21.486 1481 1516 D TelephonyRegistry: listen oscl: mHasNotifySubscriptionInfoChangedOccurred==false no callback
11-12 01:37:24.068 4443 4443 W CarrierConfigManager: Error getting config for subId -1 ICarrierConfigLoader is null
11-12 01:37:24.106 1481 5374 D TelephonyRegistry: listen oscl: mHasNotifySubscriptionInfoChangedOccurred==false no callback
11-12 01:37:24.110 1481 5374 D TelephonyRegistry: listen oscl: mHasNotifySubscriptionInfoChangedOccurred==false no callback
11-12 01:37:29.859 4443 4443 W CarrierConfigManager: Error getting config for subId -1 ICarrierConfigLoader is null
11-12 01:37:29.915 1481 5374 D TelephonyRegistry: listen oscl: mHasNotifySubscriptionInfoChangedOccurred==false no callback
11-12 01:37:29.917 1481 5374 D TelephonyRegistry: listen oscl: mHasNotifySubscriptionInfoChangedOccurred==false no callback
11-12 01:37:32.428 4443 4443 W CarrierConfigManager: Error getting config for subId -1 ICarrierConfigLoader is null
11-12 01:37:32.470 1481 1516 D TelephonyRegistry: listen oscl: mHasNotifySubscriptionInfoChangedOccurred==false no callback
11-12 01:37:32.473 1481 1516 D TelephonyRegistry: listen oscl: mHasNotifySubscriptionInfoChangedOccurred==false no callback
11-12 02:02:21.406 6549 6549 W CarrierConfigManager: Error getting config for subId -1 ICarrierConfigLoader is null
11-12 02:02:21.447 1481 2072 D TelephonyRegistry: listen oscl: mHasNotifySubscriptionInfoChangedOccurred==false no callback
11-12 02:02:21.458 1481 6567 D TelephonyRegistry: listen oscl: mHasNotifySubscriptionInfoChangedOccurred==false no callback
11-12 02:02:21.619 1481 5890 D TelephonyRegistry: listen oscl: mHasNotifySubscriptionInfoChangedOccurred==false no callback
11-12 02:02:26.122 6549 6549 W CarrierConfigManager: Error getting config for subId -1 ICarrierConfigLoader is null
11-12 02:02:26.158 1481 6239 D TelephonyRegistry: listen oscl: mHasNotifySubscriptionInfoChangedOccurred==false no callback
11-12 02:02:26.160 1481 5890 D TelephonyRegistry: listen oscl: mHasNotifySubscriptionInfoChangedOccurred==false no callback
11-12 02:08:42.057 6804 6804 W CarrierConfigManager: Error getting config for subId -1 ICarrierConfigLoader is null
11-12 02:08:42.095 1481 5359 D TelephonyRegistry: listen oscl: mHasNotifySubscriptionInfoChangedOccurred==false no callback
11-12 02:08:42.099 1481 5359 D TelephonyRegistry: listen oscl: mHasNotifySubscriptionInfoChangedOccurred==false no callback
11-12 02:08:42.230 1481 5359 D TelephonyRegistry: listen oscl: mHasNotifySubscriptionInfoChangedOccurred==false no callback
11-12 02:10:23.794 7530 7530 W CarrierConfigManager: Error getting config for subId -1 ICarrierConfigLoader is null
11-12 02:10:23.833 1481 2069 D TelephonyRegistry: listen oscl: mHasNotifySubscriptionInfoChangedOccurred==false no callback
11-12 02:10:23.844 1481 2119 D TelephonyRegistry: listen oscl: mHasNotifySubscriptionInfoChangedOccurred==false no callback
11-12 02:10:23.945 7530 7530 W CarrierConfigManager: Error getting config for subId -1 ICarrierConfigLoader is null
11-12 02:10:23.982 1481 5189 D TelephonyRegistry: listen oscl: mHasNotifySubscriptionInfoChangedOccurred==false no callback
11-12 02:10:23.984 1481 5189 D TelephonyRegistry: listen oscl: mHasNotifySubscriptionInfoChangedOccurred==false no callback
11-12 02:14:42.003 7733 7733 W CarrierConfigManager: Error getting config for subId -1 ICarrierConfigLoader is null
11-12 02:14:42.043 1481 2130 D TelephonyRegistry: listen oscl: mHasNotifySubscriptionInfoChangedOccurred==false no callback
11-12 02:14:42.050 1481 2130 D TelephonyRegistry: listen oscl: mHasNotifySubscriptionInfoChangedOccurred==false no callback
11-12 02:14:42.157 7733 7733 W CarrierConfigManager: Error getting config for subId -1 ICarrierConfigLoader is null
11-12 02:14:42.186 1481 2069 D TelephonyRegistry: listen oscl: mHasNotifySubscriptionInfoChangedOccurred==false no callback
11-12 02:14:42.188 1481 2069 D TelephonyRegistry: listen oscl: mHasNotifySubscriptionInfoChangedOccurred==false no callback
11-12 04:43:31.595 10546 10546 W CarrierConfigManager: Error getting config for subId -1 ICarrierConfigLoader is null
11-12 04:43:31.631 1481 7529 D TelephonyRegistry: listen oscl: mHasNotifySubscriptionInfoChangedOccurred==false no callback
11-12 04:43:31.634 1481 5890 D TelephonyRegistry: listen oscl: mHasNotifySubscriptionInfoChangedOccurred==false no callback
11-12 04:43:31.679 10546 10546 W CarrierConfigManager: Error getting config for subId -1 ICarrierConfigLoader is null
11-12 04:43:31.709 1481 7529 D TelephonyRegistry: listen oscl: mHasNotifySubscriptionInfoChangedOccurred==false no callback
11-12 04:43:31.712 1481 7529 D TelephonyRegistry: listen oscl: mHasNotifySubscriptionInfoChangedOccurred==false no callback
11-12 04:43:35.822 1481 2114 D TelephonyRegistry: listen oscl: mHasNotifySubscriptionInfoChangedOccurred==false no callback
11-12 04:43:35.827 1481 2114 D TelephonyRegistry: listen oscl: mHasNotifySubscriptionInfoChangedOccurred==false no callback
11-12 04:43:37.912 1481 3102 D TelephonyRegistry: listen oscl: mHasNotifySubscriptionInfoChangedOccurred==false no callback
11-12 04:43:37.917 1481 1980 D TelephonyRegistry: listen oscl: mHasNotifySubscriptionInfoChangedOccurred==false no callback
11-12 04:43:46.028 1481 8968 D TelephonyRegistry: listen oscl: mHasNotifySubscriptionInfoChangedOccurred==false no callback
11-12 04:43:58.072 10546 10546 W FeatureConnector: [ImsConnector, 0] connect: not supported.
11-12 04:44:00.673 10546 10546 W FeatureConnector: [ImsConnector, 0] connect: not supported.
11-12 04:45:04.574 10655 10655 W CarrierConfigManager: Error getting config for subId -1 ICarrierConfigLoader is null
11-12 04:45:04.611 1481 6898 D TelephonyRegistry: listen oscl: mHasNotifySubscriptionInfoChangedOccurred==false no callback
11-12 04:45:04.614 1481 1516 D TelephonyRegistry: listen oscl: mHasNotifySubscriptionInfoChangedOccurred==false no callback
11-12 04:45:04.721 1481 6802 D TelephonyRegistry: listen oscl: mHasNotifySubscriptionInfoChangedOccurred==false no callback
11-12 04:45:04.723 1481 6802 D TelephonyRegistry: listen oscl: mHasNotifySubscriptionInfoChangedOccurred==false no callback
11-12 04:45:12.808 10763 10763 W CarrierConfigManager: Error getting config for subId -1 ICarrierConfigLoader is null
11-12 04:45:12.836 1481 2154 D TelephonyRegistry: listen oscl: mHasNotifySubscriptionInfoChangedOccurred==false no callback
11-12 04:45:12.841 1481 5359 D TelephonyRegistry: listen oscl: mHasNotifySubscriptionInfoChangedOccurred==false no callback
11-12 04:51:34.412 1481 2114 D TelephonyRegistry: listen oscl: mHasNotifySubscriptionInfoChangedOccurred==false no callback
11-12 04:51:34.413 1971 1971 W CarrierConfigManager: Error getting config for subId -1 ICarrierConfigLoader is null
11-12 04:51:43.771 10848 10848 W CarrierConfigManager: Error getting config for subId -1 ICarrierConfigLoader is null
11-12 04:51:43.812 1481 8123 D TelephonyRegistry: listen oscl: mHasNotifySubscriptionInfoChangedOccurred==false no callback
11-12 04:51:43.815 1481 6802 D TelephonyRegistry: listen oscl: mHasNotifySubscriptionInfoChangedOccurred==false no callback
11-12 04:51:43.863 10848 10848 W CarrierConfigManager: Error getting config for subId -1 ICarrierConfigLoader is null
11-12 04:51:43.900 1481 2130 D TelephonyRegistry: listen oscl: mHasNotifySubscriptionInfoChangedOccurred==false no callback
11-12 04:51:43.902 1481 5800 D TelephonyRegistry: listen oscl: mHasNotifySubscriptionInfoChangedOccurred==false no callback
11-12 04:51:46.193 1481 5800 D TelephonyRegistry: listen oscl: mHasNotifySubscriptionInfoChangedOccurred==false no callback
11-12 04:51:46.200 1971 1971 W CarrierConfigManager: Error getting config for subId -1 ICarrierConfigLoader is null
11-12 04:52:05.378 10848 10848 W CarrierConfigManager: Error getting config for subId -1 ICarrierConfigLoader is null
11-12 04:52:05.440 1481 6802 D TelephonyRegistry: listen oscl: mHasNotifySubscriptionInfoChangedOccurred==false no callback
11-12 04:52:05.443 1481 6802 D TelephonyRegistry: listen oscl: mHasNotifySubscriptionInfoChangedOccurred==false no callback
11-12 04:57:45.917 12121 12121 W CarrierConfigManager: Error getting config for subId -1 ICarrierConfigLoader is null
11-12 04:57:45.948 1481 6898 D TelephonyRegistry: listen oscl: mHasNotifySubscriptionInfoChangedOccurred==false no callback
11-12 04:57:45.951 1481 6239 D TelephonyRegistry: listen oscl: mHasNotifySubscriptionInfoChangedOccurred==false no callback
11-12 04:57:46.001 12121 12121 W CarrierConfigManager: Error getting config for subId -1 ICarrierConfigLoader is null
11-12 04:57:46.023 1481 6239 D TelephonyRegistry: listen oscl: mHasNotifySubscriptionInfoChangedOccurred==false no callback
11-12 04:57:46.025 1481 6898 D TelephonyRegistry: listen oscl: mHasNotifySubscriptionInfoChangedOccurred==false no callback
11-12 04:58:12.280 1481 1980 D TelephonyRegistry: listen oscl: mHasNotifySubscriptionInfoChangedOccurred==false no callback
11-12 04:58:44.681 1481 2069 D TelephonyRegistry: listen oscl: mHasNotifySubscriptionInfoChangedOccurred==false no callback
11-12 05:00:20.354 12121 12121 W CarrierConfigManager: Error getting config for subId -1 ICarrierConfigLoader is null
11-12 05:00:20.394 1481 1516 D TelephonyRegistry: listen oscl: mHasNotifySubscriptionInfoChangedOccurred==false no callback
11-12 05:00:20.400 1481 1516 D TelephonyRegistry: listen oscl: mHasNotifySubscriptionInfoChangedOccurred==false no callback
11-12 05:00:23.256 12121 12121 W CarrierConfigManager: Error getting config for subId -1 ICarrierConfigLoader is null
11-12 05:00:23.300 1481 2130 D TelephonyRegistry: listen oscl: mHasNotifySubscriptionInfoChangedOccurred==false no callback
11-12 05:00:23.305 1481 7529 D TelephonyRegistry: listen oscl: mHasNotifySubscriptionInfoChangedOccurred==false no callback
11-12 05:00:30.455 1481 6898 D TelephonyRegistry: listen oscl: mHasNotifySubscriptionInfoChangedOccurred==false no callback
11-12 05:00:30.460 1481 2069 D TelephonyRegistry: listen oscl: mHasNotifySubscriptionInfoChangedOccurred==false no callback
11-12 05:01:17.932 13229 13229 W CarrierConfigManager: Error getting config for subId -1 ICarrierConfigLoader is null
11-12 05:01:17.975 1481 8123 D TelephonyRegistry: listen oscl: mHasNotifySubscriptionInfoChangedOccurred==false no callback
11-12 05:01:17.979 1481 8123 D TelephonyRegistry: listen oscl: mHasNotifySubscriptionInfoChangedOccurred==false no callback
11-12 05:01:18.092 1481 7454 D TelephonyRegistry: listen oscl: mHasNotifySubscriptionInfoChangedOccurred==false no callback
11-12 05:01:18.093 1481 7454 D TelephonyRegistry: listen oscl: mHasNotifySubscriptionInfoChangedOccurred==false no callback --------- beginning of events
11-12 05:04:49.907 4169 4169 I view_enqueue_input_event: [Motion - Cancel,com.thundercomm.screensaver/android.service.dreams.DreamActivity]
11-12 05:04:49.908 2522 2522 I wm_on_restart_called: [35371080,com.android.launcher3.uioverrides.QuickstepLauncher,performRestartActivity]
11-12 05:04:49.908 2522 2522 I wm_on_start_called: [35371080,com.android.launcher3.uioverrides.QuickstepLauncher,handleStartActivity]
11-12 05:04:49.909 2522 2522 I wm_on_resume_called: [35371080,com.android.launcher3.uioverrides.QuickstepLauncher,RESUME_ACTIVITY]
11-12 05:04:49.909 2522 2522 I wm_on_top_resumed_gained_called: [35371080,com.android.launcher3.uioverrides.QuickstepLauncher,topWhenResuming]
11-12 05:04:49.928 1481 1571 I input_focus: [Focus request 18adad5 com.android.launcher3/com.android.launcher3.uioverrides.QuickstepLauncher,reason=UpdateInputWindows]
11-12 05:04:49.958 1481 1680 I input_focus: [Focus entering 18adad5 com.android.launcher3/com.android.launcher3.uioverrides.QuickstepLauncher (server),reason=setFocusedWindow]
11-12 05:04:50.196 1481 1570 I wm_destroy_activity: [0,55003249,183,com.thundercomm.screensaver/android.service.dreams.DreamActivity,finish-imm:idle]
11-12 05:04:50.219 4169 4169 I wm_on_stop_called: [55003249,android.service.dreams.DreamActivity,LIFECYCLER_STOP_ACTIVITY]
11-12 05:04:50.227 4169 4169 I wm_on_destroy_called: [55003249,android.service.dreams.DreamActivity,performDestroy]
11-12 05:04:50.231 1481 1567 I sysui_multi_action: [757,222,758,2]
11-12 05:04:50.231 1481 1567 I sysui_multi_action: [757,804,799,dreaming_minutes,801,0,802,1]
11-12 05:04:50.239 1481 1515 I wm_task_removed: [183,removeChild:removeChild last r=ActivityRecord{3474871 u0 com.thundercomm.screensaver/android.service.dreams.DreamActivity t-1 f}} in t=Task{fb04792 #183 type=dream A=10051:android:com.thundercomm.screensaver/dream U=0 visible=false mode=fullscreen translucent=true sz=0}]
11-12 05:04:50.239 1481 1515 I wm_task_removed: [183,removeChild]
11-12 05:04:51.327 0 0 I auditd : type=1400 audit(0.0:14383): avc: denied { kill } for comm="swapper/3" capability=5 scontext=u:r:kernel:s0 tcontext=u:r:kernel:s0 tclass=capability permissive=0
11-12 05:04:51.463 1481 1680 I input_interaction: Interaction with: 18adad5 com.android.launcher3/com.android.launcher3.uioverrides.QuickstepLauncher (server), 7fba367 com.android.systemui.ImageWallpaper (server), swipe-up (server), edge-swipe (server), PointerEventDispatcher0 (server),
11-12 05:04:52.327 0 0 I auditd : type=1400 audit(0.0:14384): avc: denied { kill } for comm="swapper/3" capability=5 scontext=u:r:kernel:s0 tcontext=u:r:kernel:s0 tclass=capability permissive=0
11-12 05:04:53.327 0 0 I auditd : type=1400 audit(0.0:14385): avc: denied { kill } for comm="swapper/3" capability=5 scontext=u:r:kernel:s0 tcontext=u:r:kernel:s0 tclass=capability permissive=0
11-12 05:04:53.889 1481 1515 I am_uid_active: 10063
11-12 05:04:55.327 0 0 I auditd : type=1400 audit(0.0:14386): avc: denied { kill } for comm="swapper/3" capability=5 scontext=u:r:kernel:s0 tcontext=u:r:kernel:s0 tclass=capability permissive=0
11-12 05:04:55.402 1481 1481 I service_manager_stats: [100,64,6414]
11-12 05:04:56.327 0 0 I auditd : type=1400 audit(0.0:14387): avc: denied { kill } for comm="swapper/3" capability=5 scontext=u:r:kernel:s0 tcontext=u:r:kernel:s0 tclass=capability permissive=0
11-12 05:04:57.327 0 0 I auditd : type=1400 audit(0.0:14388): avc: denied { kill } for comm="swapper/3" capability=5 scontext=u:r:kernel:s0 tcontext=u:r:kernel:s0 tclass=capability permissive=0
11-12 05:04:58.327 287 287 I auditd : type=1400 audit(0.0:14389): avc: denied { kill } for comm="kgsl_worker_thr" capability=5 scontext=u:r:kernel:s0 tcontext=u:r:kernel:s0 tclass=capability permissive=0
11-12 05:04:59.327 0 0 I auditd : type=1400 audit(0.0:14390): avc: denied { kill } for comm="swapper/3" capability=5 scontext=u:r:kernel:s0 tcontext=u:r:kernel:s0 tclass=capability permissive=0
11-12 05:04:59.892 1481 1680 I input_interaction: Interaction with: b3e52f6 StatusBar (server), swipe-up (server), edge-swipe (server), PointerEventDispatcher0 (server),
11-12 05:04:59.899 1971 1971 I sysui_multi_action: [757,803,799,panel_open,802,1]
11-12 05:04:59.901 1971 1971 I sysui_multi_action: [757,1328,758,4,1326,51,1327,2,1329,0]
11-12 05:04:59.969 1481 6567 I sysui_multi_action: [757,127,758,1]
11-12 05:04:59.970 1481 6567 I sysui_multi_action: [757,804,799,note_load,801,2,802,1]
11-12 05:04:59.971 1481 6567 I notification_panel_revealed: 2
11-12 05:04:59.973 1971 1971 I sysui_multi_action: [757,111,758,2]
11-12 05:04:59.973 1971 1971 I sysui_multi_action: [757,111,758,2]
11-12 05:04:59.974 1481 1481 I notification_enqueue: [10082,1971,com.android.systemui,2048,NULL,0,Notification(channel=updateNotification shortcut=null contentView=null vibrate=null sound=null defaults=0x0 flags=0x0 color=0x00000000 vis=PRIVATE),1]
11-12 05:05:00.007 1481 1571 I input_focus: [Focus request 8e9fb15 NotificationShade,reason=UpdateInputWindows]
11-12 05:05:00.021 1971 1971 I sysui_multi_action: [757,111,758,1]
11-12 05:05:00.021 1971 1971 I sysui_multi_action: [757,126,758,1,759,126,927,0,928,1,1593,0]
11-12 05:05:00.021 1971 1971 I sysui_multi_action: [757,113,758,1,759,113,927,1,928,1,1593,0]
11-12 05:05:00.022 1971 1971 I sysui_multi_action: [757,0,758,1,759,0,927,2,928,0,1593,0]
11-12 05:05:00.022 1971 1971 I sysui_multi_action: [757,0,758,1,759,0,927,3,928,0,1593,0]
11-12 05:05:00.022 1481 1680 I input_focus: [Focus leaving 18adad5 com.android.launcher3/com.android.launcher3.uioverrides.QuickstepLauncher (server),reason=Waiting for window because NOT_VISIBLE]
11-12 05:05:00.022 1971 1971 I sysui_multi_action: [757,491,758,1,759,491,927,4,928,0,1311,-1,1593,0]
11-12 05:05:00.022 1971 1971 I sysui_multi_action: [757,0,758,1,759,0,927,5,928,0,1593,0]
11-12 05:05:00.022 1971 1971 I sysui_multi_action: [757,111,758,1]
11-12 05:05:00.023 1971 1971 I sysui_multi_action: [757,126,758,1,759,126,927,0,928,1,1593,0]
11-12 05:05:00.023 1971 1971 I sysui_multi_action: [757,113,758,1,759,113,927,1,928,1,1593,0]
11-12 05:05:00.023 1971 1971 I sysui_multi_action: [757,0,758,1,759,0,927,2,928,0,1593,0]
11-12 05:05:00.023 1971 1971 I sysui_multi_action: [757,0,758,1,759,0,927,3,928,0,1593,0]
11-12 05:05:00.044 1971 1971 I sysui_multi_action: [757,111,758,2]
11-12 05:05:00.044 1971 1971 I sysui_multi_action: [757,111,758,2]
11-12 05:05:00.045 1481 1481 I notification_enqueue: [10082,1971,com.android.systemui,2048,NULL,0,Notification(channel=updateNotification shortcut=null contentView=null vibrate=null sound=null defaults=0x0 flags=0x0 color=0x00000000 vis=PRIVATE),1]
11-12 05:05:00.050 1481 1680 I input_focus: [Focus entering 8e9fb15 NotificationShade (server),reason=Window became focusable. Previous reason: NOT_VISIBLE]
11-12 05:05:00.056 1971 1971 I sysui_multi_action: [757,111,758,1]
11-12 05:05:00.056 1971 1971 I sysui_multi_action: [757,126,758,1,759,126,927,0,928,1,1593,1]
11-12 05:05:00.056 1971 1971 I sysui_multi_action: [757,113,758,1,759,113,927,1,928,1,1593,1]
11-12 05:05:00.057 1971 1971 I sysui_multi_action: [757,0,758,1,759,0,927,2,928,0,1593,1]
11-12 05:05:00.057 1971 1971 I sysui_multi_action: [757,0,758,1,759,0,927,3,928,0,1593,1]
11-12 05:05:00.057 1971 1971 I sysui_multi_action: [757,491,758,1,759,491,927,4,928,0,1311,-1,1593,0]
11-12 05:05:00.057 1971 1971 I sysui_multi_action: [757,0,758,1,759,0,927,5,928,0,1593,0]
11-12 05:05:00.057 1971 1971 I sysui_multi_action: [757,111,758,1]
11-12 05:05:00.057 1971 1971 I sysui_multi_action: [757,126,758,1,759,126,927,0,928,1,1593,1]
11-12 05:05:00.057 1971 1971 I sysui_multi_action: [757,113,758,1,759,113,927,1,928,1,1593,1]
11-12 05:05:00.057 1971 1971 I sysui_multi_action: [757,0,758,1,759,0,927,2,928,0,1593,1]
11-12 05:05:00.057 1971 1971 I sysui_multi_action: [757,0,758,1,759,0,927,3,928,0,1593,1]
11-12 05:05:00.076 1971 1971 I sysui_multi_action: [757,111,758,2]
11-12 05:05:00.077 1971 1971 I sysui_multi_action: [757,111,758,2]
11-12 05:05:00.077 1481 1481 I notification_enqueue: [10082,1971,com.android.systemui,2048,NULL,0,Notification(channel=updateNotification shortcut=null contentView=null vibrate=null sound=null defaults=0x0 flags=0x0 color=0x00000000 vis=PRIVATE),1]
11-12 05:05:00.090 1971 1971 I sysui_multi_action: [757,111,758,1]
11-12 05:05:00.090 1971 1971 I sysui_multi_action: [757,126,758,1,759,126,927,0,928,1,1593,0]
11-12 05:05:00.090 1971 1971 I sysui_multi_action: [757,113,758,1,759,113,927,1,928,1,1593,1]
11-12 05:05:00.090 1971 1971 I sysui_multi_action: [757,0,758,1,759,0,927,2,928,0,1593,1]
11-12 05:05:00.091 1971 1971 I sysui_multi_action: [757,0,758,1,759,0,927,3,928,0,1593,1]
11-12 05:05:00.091 1971 1971 I sysui_multi_action: [757,491,758,1,759,491,927,4,928,0,1311,-1,1593,0]
11-12 05:05:00.091 1971 1971 I sysui_multi_action: [757,0,758,1,759,0,927,5,928,0,1593,0]
11-12 05:05:00.091 1971 1971 I sysui_multi_action: [757,111,758,1]
11-12 05:05:00.091 1971 1971 I sysui_multi_action: [757,126,758,1,759,126,927,0,928,1,1593,1]
11-12 05:05:00.091 1971 1971 I sysui_multi_action: [757,113,758,1,759,113,927,1,928,1,1593,1]
11-12 05:05:00.091 1971 1971 I sysui_multi_action: [757,0,758,1,759,0,927,2,928,0,1593,1]
11-12 05:05:00.091 1971 1971 I sysui_multi_action: [757,0,758,1,759,0,927,3,928,0,1593,1]
11-12 05:05:00.103 1971 1971 I sysui_multi_action: [757,111,758,2]
11-12 05:05:00.103 1971 1971 I sysui_multi_action: [757,111,758,2]
11-12 05:05:00.109 1481 1481 I notification_enqueue: [10082,1971,com.android.systemui,2048,NULL,0,Notification(channel=updateNotification shortcut=null contentView=null vibrate=null sound=null defaults=0x0 flags=0x0 color=0x00000000 vis=PRIVATE),1]
11-12 05:05:00.113 1971 1971 I sysui_multi_action: [757,111,758,1]
11-12 05:05:00.113 1971 1971 I sysui_multi_action: [757,126,758,1,759,126,927,0,928,1,1593,1]
11-12 05:05:00.113 1971 1971 I sysui_multi_action: [757,113,758,1,759,113,927,1,928,1,1593,1]
11-12 05:05:00.113 1971 1971 I sysui_multi_action: [757,0,758,1,759,0,927,2,928,0,1593,1]
11-12 05:05:00.113 1971 1971 I sysui_multi_action: [757,0,758,1,759,0,927,3,928,0,1593,1]
11-12 05:05:00.113 1971 1971 I sysui_multi_action: [757,491,758,1,759,491,927,4,928,0,1311,-1,1593,0]
11-12 05:05:00.113 1971 1971 I sysui_multi_action: [757,0,758,1,759,0,927,5,928,0,1593,0]
11-12 05:05:00.113 1971 1971 I sysui_multi_action: [757,111,758,1]
11-12 05:05:00.113 1971 1971 I sysui_multi_action: [757,126,758,1,759,126,927,0,928,1,1593,1]
11-12 05:05:00.113 1971 1971 I sysui_multi_action: [757,113,758,1,759,113,927,1,928,1,1593,1]
11-12 05:05:00.114 1971 1971 I sysui_multi_action: [757,0,758,1,759,0,927,2,928,0,1593,1]
11-12 05:05:00.114 1971 1971 I sysui_multi_action: [757,0,758,1,759,0,927,3,928,0,1593,1]
11-12 05:05:00.126 1971 1971 I sysui_multi_action: [757,111,758,2]
11-12 05:05:00.126 1971 1971 I sysui_multi_action: [757,111,758,2]
11-12 05:05:00.126 1481 1481 I notification_enqueue: [10082,1971,com.android.systemui,2048,NULL,0,Notification(channel=updateNotification shortcut=null contentView=null vibrate=null sound=null defaults=0x0 flags=0x0 color=0x00000000 vis=PRIVATE),1]
11-12 05:05:00.132 1971 1971 I sysui_multi_action: [757,111,758,1]
11-12 05:05:00.132 1971 1971 I sysui_multi_action: [757,126,758,1,759,126,927,0,928,1,1593,1]
11-12 05:05:00.132 1971 1971 I sysui_multi_action: [757,113,758,1,759,113,927,1,928,1,1593,0]
11-12 05:05:00.132 1971 1971 I sysui_multi_action: [757,0,758,1,759,0,927,2,928,0,1593,0]
11-12 05:05:00.132 1971 1971 I sysui_multi_action: [757,0,758,1,759,0,927,3,928,0,1593,0]
11-12 05:05:00.132 1971 1971 I sysui_multi_action: [757,491,758,1,759,491,927,4,928,0,1311,-1,1593,0]
11-12 05:05:00.132 1971 1971 I sysui_multi_action: [757,0,758,1,759,0,927,5,928,0,1593,0]
11-12 05:05:00.132 1971 1971 I sysui_multi_action: [757,111,758,1]
11-12 05:05:00.133 1971 1971 I sysui_multi_action: [757,126,758,1,759,126,927,0,928,1,1593,1]
11-12 05:05:00.133 1971 1971 I sysui_multi_action: [757,113,758,1,759,113,927,1,928,1,1593,1]
11-12 05:05:00.133 1971 1971 I sysui_multi_action: [757,0,758,1,759,0,927,2,928,0,1593,1]
11-12 05:05:00.133 1971 1971 I sysui_multi_action: [757,0,758,1,759,0,927,3,928,0,1593,1]
11-12 05:05:00.146 1971 1971 I sysui_multi_action: [757,111,758,2]
11-12 05:05:00.146 1971 1971 I sysui_multi_action: [757,111,758,2]
11-12 05:05:00.146 1481 1481 I notification_enqueue: [10082,1971,com.android.systemui,2048,NULL,0,Notification(channel=updateNotification shortcut=null contentView=null vibrate=null sound=null defaults=0x0 flags=0x0 color=0x00000000 vis=PRIVATE),1]
11-12 05:05:00.152 1971 1971 I sysui_multi_action: [757,111,758,1]
11-12 05:05:00.152 1971 1971 I sysui_multi_action: [757,126,758,1,759,126,927,0,928,1,1593,0]
11-12 05:05:00.152 1971 1971 I sysui_multi_action: [757,113,758,1,759,113,927,1,928,1,1593,0]
11-12 05:05:00.152 1971 1971 I sysui_multi_action: [757,0,758,1,759,0,927,2,928,0,1593,0]
11-12 05:05:00.152 1971 1971 I sysui_multi_action: [757,0,758,1,759,0,927,3,928,0,1593,0]
11-12 05:05:00.152 1971 1971 I sysui_multi_action: [757,491,758,1,759,491,927,4,928,0,1311,-1,1593,0]
11-12 05:05:00.152 1971 1971 I sysui_multi_action: [757,0,758,1,759,0,927,5,928,0,1593,0]
11-12 05:05:00.152 1971 1971 I sysui_multi_action: [757,111,758,1]
11-12 05:05:00.153 1971 1971 I sysui_multi_action: [757,126,758,1,759,126,927,0,928,1,1593,1]
11-12 05:05:00.153 1971 1971 I sysui_multi_action: [757,113,758,1,759,113,927,1,928,1,1593,1]
11-12 05:05:00.153 1971 1971 I sysui_multi_action: [757,0,758,1,759,0,927,2,928,0,1593,1]
11-12 05:05:00.153 1971 1971 I sysui_multi_action: [757,0,758,1,759,0,927,3,928,0,1593,1]
11-12 05:05:00.177 1481 1481 I sysui_multi_action: [757,1501,758,1,793,13678322,794,0,795,206,796,2048,806,com.android.systemui,857,updateNotification,858,3,947,0,1500,0,1688,1]
11-12 05:05:00.178 1481 1481 I sysui_multi_action: [757,804,799,note_interruptive,801,0,802,1]
11-12 05:05:00.178 1481 1481 I sysui_multi_action: [757,199,758,1,759,2,793,13678323,794,0,795,207,796,2048,806,com.android.systemui,857,updateNotification,858,3,947,0,1500,1,1688,1]
11-12 05:05:00.178 1481 1481 I notification_alert: [0|com.android.systemui|2048|null|10082,0,1,0]
11-12 05:05:00.572 1481 7529 I sysui_multi_action: [757,128,758,1,793,726352,794,0,795,726352,796,26,798,0,806,android,857,DEVELOPER_IMPORTANT,858,4,947,0,1395,2,1500,726138,1688,1]
11-12 05:05:00.572 1481 7529 I sysui_multi_action: [757,804,799,note_freshness,801,726352,802,1]
11-12 05:05:00.572 1481 7529 I notification_visibility: [-1|android|26|null|1000,1,726352,726352,0,0]
11-12 05:05:00.573 1481 7529 I sysui_multi_action: [757,128,758,1,793,726350,794,0,795,726350,796,32,798,1,806,android,857,USB,858,1,947,0,1395,2,1500,726138,1688,1]
11-12 05:05:00.573 1481 7529 I sysui_multi_action: [757,804,799,note_freshness,801,726350,802,1]
11-12 05:05:00.573 1481 7529 I notification_visibility: [-1|android|32|null|1000,1,726350,726350,0,1]
11-12 05:05:01.202 1481 1680 I input_interaction: Interaction with: 8e9fb15 NotificationShade (server), swipe-up (server), edge-swipe (server), PointerEventDispatcher0 (server),
11-12 05:05:01.327 0 0 I auditd : type=1400 audit(0.0:14391): avc: denied { kill } for comm="swapper/2" capability=5 scontext=u:r:kernel:s0 tcontext=u:r:kernel:s0 tclass=capability permissive=0
11-12 05:05:01.385 1971 1971 I sysui_multi_action: [757,407,758,4,759,1]
11-12 05:05:01.585 1481 6239 I sysui_multi_action: [757,128,758,3,793,727362,794,1012,795,727362,796,32,806,android,857,USB,858,1,947,0,1500,727150,1688,1]
11-12 05:05:02.185 1481 1515 I wm_task_created: [184,-1]
11-12 05:05:02.197 1481 1515 I wm_task_moved: [184,1,6]
11-12 05:05:02.198 1481 1515 I wm_task_to_front: [0,184]
11-12 05:05:02.198 1481 1515 I wm_create_task: [0,184]
11-12 05:05:02.198 1481 1515 I wm_create_activity: [0,19271303,184,com.android.settings/.Settings$UsbDetailsActivity,android.intent.action.MAIN,NULL,NULL,276856832]
11-12 05:05:02.198 1481 1515 I wm_task_moved: [184,1,6]
11-12 05:05:02.199 2522 2522 I wm_on_top_resumed_lost_called: [35371080,com.android.launcher3.uioverrides.QuickstepLauncher,topStateChangedWhenResumed]
11-12 05:05:02.202 1481 1515 I wm_pause_activity: [0,35371080,com.android.launcher3/.uioverrides.QuickstepLauncher,userLeaving=true,pauseBackTasks]
11-12 05:05:02.209 2522 2522 I wm_on_paused_called: [35371080,com.android.launcher3.uioverrides.QuickstepLauncher,performPause]
11-12 05:05:02.210 1481 6239 I sysui_multi_action: [757,128,758,4,793,727987,794,1637,795,727987,796,32,798,3,806,android,857,USB,858,1,947,0,1395,2,1500,727775,1688,1]
11-12 05:05:02.210 1481 6239 I notification_clicked: [-1|android|32|null|1000,727987,727987,1637,3,2]
11-12 05:05:02.211 1481 1481 I sysui_multi_action: [757,804,799,note_click_longevity,801,12,802,1]
11-12 05:05:02.212 1481 1515 I wm_add_to_stopping: [0,35371080,com.android.launcher3/.uioverrides.QuickstepLauncher,makeInvisible]
11-12 05:05:02.220 1481 1515 I wm_restart_activity: [0,19271303,184,com.android.settings/.Settings$UsbDetailsActivity]
11-12 05:05:02.222 1481 1515 I wm_set_resumed_activity: [0,com.android.settings/.Settings$UsbDetailsActivity,minimalResumeActivityLocked]
11-12 05:05:02.246 1481 1570 I sysui_multi_action: [757,803,799,window_time_0,802,12]
11-12 05:05:02.278 1481 1515 I am_uid_active: 10089
11-12 05:05:02.289 1481 1515 I wm_task_created: [185,-1]
11-12 05:05:02.290 1481 1515 I wm_task_moved: [185,1,7]
11-12 05:05:02.290 1481 1515 I wm_task_to_front: [0,185]
11-12 05:05:02.290 1481 1515 I wm_create_task: [0,185]
11-12 05:05:02.290 1481 1515 I wm_create_activity: [0,26467483,185,com.android.settings/.homepage.SettingsHomepageActivity,android.intent.action.MAIN,NULL,NULL,276856832]
11-12 05:05:02.290 1481 1515 I wm_task_moved: [185,1,7]
11-12 05:05:02.291 1481 1515 I wm_pause_activity: [0,19271303,com.android.settings/.Settings$UsbDetailsActivity,userLeaving=true,pauseBackTasks]
11-12 05:05:02.293 1481 1515 I wm_finish_activity: [0,19271303,184,com.android.settings/.Settings$UsbDetailsActivity,app-request]
11-12 05:05:02.294 13502 13502 I wm_on_create_called: [19271303,com.android.settings.Settings$UsbDetailsActivity,performCreate]
11-12 05:05:02.295 1481 6567 I wm_add_to_stopping: [0,19271303,com.android.settings/.Settings$UsbDetailsActivity,completeFinishing]
11-12 05:05:02.296 1481 6567 I wm_restart_activity: [0,26467483,185,com.android.settings/.homepage.SettingsHomepageActivity]
11-12 05:05:02.297 1481 6567 I wm_set_resumed_activity: [0,com.android.settings/.homepage.SettingsHomepageActivity,minimalResumeActivityLocked]
11-12 05:05:02.299 1481 1570 I sysui_multi_action: [757,803,799,window_time_0,802,0]
11-12 05:05:02.327 0 0 I auditd : type=1400 audit(0.0:14392): avc: denied { kill } for comm="swapper/1" capability=5 scontext=u:r:kernel:s0 tcontext=u:r:kernel:s0 tclass=capability permissive=0
11-12 05:05:02.329 13502 13502 I wm_on_create_called: [26467483,com.android.settings.homepage.SettingsHomepageActivity,performCreate]
11-12 05:05:02.361 13502 13502 I wm_on_start_called: [26467483,com.android.settings.homepage.SettingsHomepageActivity,handleStartActivity]
11-12 05:05:02.361 13502 13502 I snet_event_log: [120484087,-1,]
11-12 05:05:02.362 13502 13502 I wm_on_resume_called: [26467483,com.android.settings.homepage.SettingsHomepageActivity,RESUME_ACTIVITY]
11-12 05:05:02.363 13502 13502 I sysui_multi_action: [757,35,758,1,833,0,1089,32]
11-12 05:05:02.377 13502 13502 I sysui_multi_action: [757,1729,758,4,854,isParalleledControllers:false,1089,46]
11-12 05:05:02.383 13502 13502 I wm_on_top_resumed_gained_called: [26467483,com.android.settings.homepage.SettingsHomepageActivity,topStateChangedWhenResumed]
11-12 05:05:02.423 567 567 I auditd : type=1400 audit(0.0:14393): avc: denied { read } for comm="Binder:567_2" name="wakeup58" dev="sysfs" ino=71811 scontext=u:r:system_suspend:s0 tcontext=u:object_r:sysfs:s0 tclass=dir permissive=0
11-12 05:05:02.423 567 567 I auditd : type=1400 audit(0.0:14394): avc: denied { read } for comm="Binder:567_2" name="wakeup48" dev="sysfs" ino=67156 scontext=u:r:system_suspend:s0 tcontext=u:object_r:sysfs:s0 tclass=dir permissive=0
11-12 05:05:02.423 567 567 I auditd : type=1400 audit(0.0:14395): avc: denied { read } for comm="Binder:567_2" name="wakeup4" dev="sysfs" ino=47028 scontext=u:r:system_suspend:s0 tcontext=u:object_r:sysfs:s0 tclass=dir permissive=0
11-12 05:05:02.423 567 567 I auditd : type=1400 audit(0.0:14396): avc: denied { read } for comm="Binder:567_2" name="wakeup76" dev="sysfs" ino=76813 scontext=u:r:system_suspend:s0 tcontext=u:object_r:sysfs:s0 tclass=dir permissive=0
11-12 05:05:02.423 567 567 I auditd : type=1400 audit(0.0:14397): avc: denied { read } for comm="Binder:567_2" name="wakeup28" dev="sysfs" ino=53093 scontext=u:r:system_suspend:s0 tcontext=u:object_r:sysfs:s0 tclass=dir permissive=0
11-12 05:05:02.448 1481 1571 I sysui_multi_action: [324,1,757,1090,758,12,806,com.android.settings,871,com.android.settings.homepage.SettingsHomepageActivity,1091,277]
11-12 05:05:02.452 1481 1567 I sysui_multi_action: [319,84,321,80,322,277,325,13701,757,761,758,8,759,1,806,com.android.settings,871,com.android.settings.homepage.SettingsHomepageActivity,904,com.android.settings,905,0,1320,8,1321,5]
11-12 05:05:02.453 1481 1567 I wm_activity_launch_time: [0,26467483,com.android.settings/.homepage.SettingsHomepageActivity,277]
11-12 05:05:02.471 13502 13502 W CarrierConfigManager: Error getting config for subId -1 ICarrierConfigLoader is null
11-12 05:05:02.503 13502 13502 I sysui_multi_action: [757,746,758,1,833,0,1089,40]
11-12 05:05:02.505 1481 6802 D TelephonyRegistry: listen oscl: mHasNotifySubscriptionInfoChangedOccurred==false no callback
11-12 05:05:02.511 1481 6567 D TelephonyRegistry: listen oscl: mHasNotifySubscriptionInfoChangedOccurred==false no callback
11-12 05:05:02.517 13502 13502 I sysui_multi_action: [757,1729,758,4,854,isParalleledControllers:false,1089,54]
11-12 05:05:02.551 13502 13502 I sysui_multi_action: [757,746,758,2,1089,47]
11-12 05:05:02.580 13502 13502 I sysui_multi_action: [757,1291,758,1,833,0,1089,24]
11-12 05:05:02.581 13502 13502 I sysui_multi_action: [757,1729,758,4,854,isParalleledControllers:false,1089,25]
11-12 05:05:02.585 1481 7529 I sysui_multi_action: [757,128,758,2,793,728362,794,2012,795,728362,796,32,798,1,806,android,857,USB,858,1,947,0,1395,2,1500,728150,1688,1]
11-12 05:05:02.585 1481 7529 I notification_visibility: [-1|android|32|null|1000,0,728362,728362,0,1]
11-12 05:05:02.773 1481 1570 I wm_stop_activity: [0,35371080,com.android.launcher3/.uioverrides.QuickstepLauncher]
11-12 05:05:02.776 1971 1971 I sysui_multi_action: [757,111,758,2]
11-12 05:05:02.777 1971 1971 I sysui_multi_action: [757,111,758,2]
11-12 05:05:02.777 1481 1481 I notification_enqueue: [10082,1971,com.android.systemui,2048,NULL,0,Notification(channel=updateNotification shortcut=null contentView=null vibrate=null sound=null defaults=0x0 flags=0x0 color=0x00000000 vis=PRIVATE),1]
11-12 05:05:02.799 1481 1571 I input_focus: [Focus request c247aae com.android.settings/com.android.settings.homepage.SettingsHomepageActivity,reason=UpdateInputWindows]
11-12 05:05:02.801 2522 2522 I wm_on_stop_called: [35371080,com.android.launcher3.uioverrides.QuickstepLauncher,STOP_ACTIVITY_ITEM]
11-12 05:05:02.807 1481 1680 I input_focus: [Focus leaving 8e9fb15 NotificationShade (server),reason=NOT_FOCUSABLE]
11-12 05:05:02.807 1481 1680 I input_focus: [Focus entering c247aae com.android.settings/com.android.settings.homepage.SettingsHomepageActivity (server),reason=setFocusedWindow]
11-12 05:05:02.810 1971 1971 I sysui_multi_action: [757,111,758,1]
11-12 05:05:02.810 1971 1971 I sysui_multi_action: [757,126,758,1,759,126,927,0,928,1,1593,1]
11-12 05:05:02.810 1971 1971 I sysui_multi_action: [757,113,758,1,759,113,927,1,928,1,1593,1]
11-12 05:05:02.810 1971 1971 I sysui_multi_action: [757,0,758,1,759,0,927,2,928,0,1593,1]
11-12 05:05:02.811 1971 1971 I sysui_multi_action: [757,0,758,1,759,0,927,3,928,0,1593,1]
11-12 05:05:02.811 1971 1971 I sysui_multi_action: [757,491,758,1,759,491,927,4,928,0,1311,-1,1593,0]
11-12 05:05:02.811 1971 1971 I sysui_multi_action: [757,0,758,1,759,0,927,5,928,0,1593,0]
11-12 05:05:02.811 1971 1971 I sysui_multi_action: [757,111,758,1]
11-12 05:05:02.812 1971 1971 I sysui_multi_action: [757,126,758,1,759,126,927,0,928,1,1593,1]
11-12 05:05:02.812 1971 1971 I sysui_multi_action: [757,113,758,1,759,113,927,1,928,1,1593,1]
11-12 05:05:02.812 1971 1971 I sysui_multi_action: [757,0,758,1,759,0,927,2,928,0,1593,1]
11-12 05:05:02.812 1971 1971 I sysui_multi_action: [757,0,758,1,759,0,927,3,928,0,1593,1]
11-12 05:05:02.824 1481 1570 I wm_destroy_activity: [0,19271303,184,com.android.settings/.Settings$UsbDetailsActivity,finish-imm:idle]
11-12 05:05:02.834 1971 1971 I sysui_multi_action: [757,111,758,2]
11-12 05:05:02.834 1971 1971 I sysui_multi_action: [757,111,758,2]
11-12 05:05:02.834 1481 1481 I notification_enqueue: [10082,1971,com.android.systemui,2048,NULL,0,Notification(channel=updateNotification shortcut=null contentView=null vibrate=null sound=null defaults=0x0 flags=0x0 color=0x00000000 vis=PRIVATE),1]
11-12 05:05:02.838 13502 13502 I wm_on_destroy_called: [19271303,com.android.settings.Settings$UsbDetailsActivity,performDestroy]
11-12 05:05:02.839 1481 2154 I wm_task_removed: [184,removeChild:removeChild last r=ActivityRecord{1260e87 u0 com.android.settings/.Settings$UsbDetailsActivity t-1 f}} in t=Task{d38477f #184 type=standard A=1000:com.android.settings U=0 visible=false mode=fullscreen translucent=true sz=0}]
11-12 05:05:02.839 1481 2154 I wm_task_removed: [184,removeChild]
11-12 05:05:02.840 1481 7529 I sysui_multi_action: [757,128,758,2,793,728620,794,2268,795,728620,796,26,798,0,806,android,857,DEVELOPER_IMPORTANT,858,4,947,0,1395,2,1500,728406,1688,1]
11-12 05:05:02.840 1481 7529 I notification_visibility: [-1|android|26|null|1000,0,728620,728620,0,0]
11-12 05:05:02.842 1481 6802 I sysui_multi_action: [757,127,758,2]
11-12 05:05:02.842 1481 6802 I notification_panel_hidden:
11-12 05:05:02.860 1971 1971 I sysui_multi_action: [757,111,758,1]
11-12 05:05:02.860 1971 1971 I sysui_multi_action: [757,126,758,1,759,126,927,0,928,1,1593,1]
11-12 05:05:02.860 1971 1971 I sysui_multi_action: [757,113,758,1,759,113,927,1,928,1,1593,1]
11-12 05:05:02.860 1971 1971 I sysui_multi_action: [757,0,758,1,759,0,927,2,928,0,1593,1]
11-12 05:05:02.860 1971 1971 I sysui_multi_action: [757,0,758,1,759,0,927,3,928,0,1593,1]
11-12 05:05:02.860 1971 1971 I sysui_multi_action: [757,491,758,1,759,491,927,4,928,0,1311,-1,1593,0]
11-12 05:05:02.860 1971 1971 I sysui_multi_action: [757,0,758,1,759,0,927,5,928,0,1593,0]
11-12 05:05:02.860 1971 1971 I sysui_multi_action: [757,111,758,1]
11-12 05:05:02.861 1971 1971 I sysui_multi_action: [757,126,758,1,759,126,927,0,928,1,1593,1]
11-12 05:05:02.861 1971 1971 I sysui_multi_action: [757,113,758,1,759,113,927,1,928,1,1593,1]
11-12 05:05:02.861 1971 1971 I sysui_multi_action: [757,0,758,1,759,0,927,2,928,0,1593,1]
11-12 05:05:02.861 1971 1971 I sysui_multi_action: [757,0,758,1,759,0,927,3,928,0,1593,1]
11-12 05:05:02.981 1481 1481 I sysui_multi_action: [757,1501,758,1,793,13681126,794,0,795,206,796,2048,806,com.android.systemui,857,updateNotification,858,3,947,0,1500,0,1688,1]
11-12 05:05:02.982 1481 1481 I sysui_multi_action: [757,804,799,note_interruptive,801,0,802,1]
11-12 05:05:02.982 1481 1481 I sysui_multi_action: [757,199,758,1,759,2,793,13681127,794,0,795,207,796,2048,806,com.android.systemui,857,updateNotification,858,3,947,0,1500,1,1688,1]
11-12 05:05:02.982 1481 1481 I notification_alert: [0|com.android.systemui|2048|null|10082,0,1,0]
11-12 05:05:04.327 11111 11111 I auditd : type=1400 audit(0.0:14492): avc: denied { kill } for comm="kworker/u16:13" capability=5 scontext=u:r:kernel:s0 tcontext=u:r:kernel:s0 tclass=capability permissive=0
11-12 05:05:04.450 1269 12498 I liblog : 20
11-12 05:05:04.802 1481 1680 I input_interaction: Interaction with: c247aae com.android.settings/com.android.settings.homepage.SettingsHomepageActivity (server), swipe-up (server), edge-swipe (server), PointerEventDispatcher0 (server),
11-12 05:05:04.832 1481 6802 I wm_task_moved: [43,0,0]
11-12 05:05:04.832 1481 6802 I wm_task_moved: [43,0,5]
11-12 05:05:04.841 2522 2522 I wm_on_restart_called: [35371080,com.android.launcher3.uioverrides.QuickstepLauncher,performRestartActivity]
11-12 05:05:04.858 2522 2522 I wm_on_start_called: [35371080,com.android.launcher3.uioverrides.QuickstepLauncher,handleStartActivity]
11-12 05:05:04.877 13502 13502 I view_enqueue_input_event: [Motion - Cancel,com.android.settings/com.android.settings.homepage.SettingsHomepageActivity]
11-12 05:05:04.877 2522 2522 I sysui_latency: [1,71]
11-12 05:05:04.887 1481 1680 I input_interaction: Interaction with: swipe-up (server), edge-swipe (server), PointerEventDispatcher0 (server),
11-12 05:05:04.889 1481 1571 I input_focus: [Focus request recents_animation_input_consumer,reason=UpdateInputWindows]
11-12 05:05:04.890 1481 1567 I sysui_multi_action: [319,16,322,49,325,13704,757,761,758,9,759,5,806,com.android.launcher3,871,com.android.launcher3.uioverrides.QuickstepLauncher,904,com.android.launcher3,905,0,1320,8,1321,5]
11-12 05:05:04.893 1481 1680 I input_focus: [Focus leaving c247aae com.android.settings/com.android.settings.homepage.SettingsHomepageActivity (server),reason=NOT_FOCUSABLE]
11-12 05:05:04.894 1481 1680 I input_focus: [Focus entering recents_animation_input_consumer (server),reason=setFocusedWindow]
11-12 05:05:05.072 1481 1668 I commit_sys_config_file: [settings-1-0,16]
11-12 05:05:05.183 1481 1602 I sysui_latency: [8,69]
11-12 05:05:05.327 0 0 I auditd : type=1400 audit(0.0:14493): avc: denied { kill } for comm="swapper/1" capability=5 scontext=u:r:kernel:s0 tcontext=u:r:kernel:s0 tclass=capability permissive=0
11-12 05:05:05.789 1481 1668 I commit_sys_config_file: [settings-1-0,6]
11-12 05:05:07.327 0 0 I auditd : type=1400 audit(0.0:14494): avc: denied { kill } for comm="swapper/1" capability=5 scontext=u:r:kernel:s0 tcontext=u:r:kernel:s0 tclass=capability permissive=0
11-12 05:05:08.326 1481 1680 I input_interaction: Interaction with: 18adad5 com.android.launcher3/com.android.launcher3.uioverrides.QuickstepLauncher (server), swipe-up (server), edge-swipe (server), PointerEventDispatcher0 (server),
11-12 05:05:08.327 0 0 I auditd : type=1400 audit(0.0:14495): avc: denied { kill } for comm="swapper/1" capability=5 scontext=u:r:kernel:s0 tcontext=u:r:kernel:s0 tclass=capability permissive=0
11-12 05:05:08.436 1481 2154 I wm_task_created: [186,-1]
11-12 05:05:08.446 1481 2154 I wm_task_moved: [186,1,7]
11-12 05:05:08.446 1481 2154 I wm_task_to_front: [0,186]
11-12 05:05:08.447 1481 2154 I wm_create_task: [0,186]
11-12 05:05:08.447 1481 2154 I wm_create_activity: [0,141640692,186,com.android.music/.MusicBrowserActivity,NULL,NULL,NULL,268468224]
11-12 05:05:08.447 1481 2154 I wm_task_moved: [186,1,7]
11-12 05:05:08.448 13502 13502 I wm_on_top_resumed_lost_called: [26467483,com.android.settings.homepage.SettingsHomepageActivity,topStateChangedWhenResumed]
11-12 05:05:08.454 1481 2154 I wm_restart_activity: [0,141640692,186,com.android.music/.MusicBrowserActivity]
11-12 05:05:08.455 1481 2154 I wm_set_resumed_activity: [0,com.android.music/.MusicBrowserActivity,minimalResumeActivityLocked]
11-12 05:05:08.462 1481 1570 I am_uid_active: 10084
11-12 05:05:08.489 13484 13484 I wm_on_create_called: [141640692,com.android.music.MusicBrowserActivity,performCreate]
11-12 05:05:08.495 13484 13484 I wm_on_start_called: [141640692,com.android.music.MusicBrowserActivity,handleStartActivity]
11-12 05:05:08.496 13484 13484 I wm_on_resume_called: [141640692,com.android.music.MusicBrowserActivity,RESUME_ACTIVITY]
11-12 05:05:08.499 13484 13484 I wm_on_top_resumed_gained_called: [141640692,com.android.music.MusicBrowserActivity,topStateChangedWhenResumed]
11-12 05:05:08.511 1481 7529 I sysui_multi_action: [757,856,758,1,806,com.android.music,857,Channel-music,858,2]
