11-12 05:19:28.995 1971 1971 I sysui_multi_action: [757,0,758,1,759,0,927,3,928,0,1593,1]
11-12 05:19:29.004 1481 1680 I input_focus: [Focus leaving c9ed494 com.android.settings/com.android.settings.Settings (server),reason=setFocusedWindow]
11-12 05:19:29.005 1481 1680 I input_focus: [Focus entering 8e9fb15 NotificationShade (server),reason=setFocusedWindow]
11-12 05:19:29.161 1481 1481 I sysui_multi_action: [757,1501,758,1,793,14547306,794,0,795,205,796,2048,806,com.android.systemui,857,updateNotification,858,3,947,0,1500,0,1688,1]
11-12 05:19:29.162 1481 1481 I sysui_multi_action: [757,804,799,note_interruptive,801,0,802,1]
11-12 05:19:29.162 1481 1481 I sysui_multi_action: [757,199,758,1,759,2,793,14547307,794,0,795,206,796,2048,806,com.android.systemui,857,updateNotification,858,3,947,0,1500,1,1688,1]
11-12 05:19:29.162 1481 1481 I notification_alert: [0|com.android.systemui|2048|null|10082,0,1,0]
11-12 05:19:29.506 1481 6239 I sysui_multi_action: [757,128,758,1,793,1595285,794,0,795,1595285,796,26,798,0,806,android,857,DEVELOPER_IMPORTANT,858,4,947,0,1395,2,1500,1595071,1688,1]
11-12 05:19:29.506 1481 6239 I sysui_multi_action: [757,804,799,note_freshness,801,1595285,802,1]
11-12 05:19:29.506 1481 6239 I notification_visibility: [-1|android|26|null|1000,1,1595285,1595285,0,0]
11-12 05:19:29.506 1481 6239 I sysui_multi_action: [757,128,758,1,793,1595283,794,0,795,1595283,796,32,798,1,806,android,857,USB,858,1,947,0,1395,2,1500,1595071,1688,1]
11-12 05:19:29.506 1481 6239 I sysui_multi_action: [757,804,799,note_freshness,801,1595283,802,1]
11-12 05:19:29.506 1481 6239 I notification_visibility: [-1|android|32|null|1000,1,1595283,1595283,0,1]
11-12 05:19:29.784 1481 1680 I input_interaction: Interaction with: 8e9fb15 NotificationShade (server), swipe-up (server), edge-swipe (server), PointerEventDispatcher0 (server),
11-12 05:19:30.190 1971 1971 I sysui_multi_action: [757,366,758,4,759,491,927,4,928,0,1311,-1,1592,0,1593,1]
11-12 05:19:30.201 1481 6239 I wm_task_created: [222,-1]
11-12 05:19:30.205 1481 6239 I wm_task_moved: [222,1,7]
11-12 05:19:30.206 1481 6239 I wm_task_to_front: [0,222]
11-12 05:19:30.206 1481 6239 I wm_create_task: [0,222]
11-12 05:19:30.206 1481 6239 I wm_create_activity: [0,37746265,222,com.android.settings/.Settings$NightDisplaySettingsActivity,android.settings.NIGHT_DISPLAY_SETTINGS,NULL,NULL,335544320]
11-12 05:19:30.206 1481 6239 I wm_task_moved: [222,1,7]
11-12 05:19:30.208 15738 15738 I wm_on_top_resumed_lost_called: [40523078,com.android.settings.Settings,topStateChangedWhenResumed]
11-12 05:19:30.209 1481 6239 I wm_pause_activity: [0,40523078,com.android.settings/.Settings,userLeaving=true,pauseBackTasks]
11-12 05:19:30.217 15738 15738 I sysui_multi_action: [757,35,758,2,1089,2301]
11-12 05:19:30.221 15738 15738 I sysui_multi_action: [757,746,758,2,1089,2083]
11-12 05:19:30.225 15738 15738 I wm_on_paused_called: [40523078,com.android.settings.Settings,performPause]
11-12 05:19:30.226 1481 1515 I wm_add_to_stopping: [0,40523078,com.android.settings/.Settings,makeInvisible]
11-12 05:19:30.227 1481 1515 I wm_restart_activity: [0,37746265,222,com.android.settings/.Settings$NightDisplaySettingsActivity]
11-12 05:19:30.228 1481 1515 I wm_set_resumed_activity: [0,com.android.settings/.Settings$NightDisplaySettingsActivity,minimalResumeActivityLocked]
11-12 05:19:30.236 1481 1570 I sysui_multi_action: [757,803,799,window_time_0,802,2]
11-12 05:19:30.258 1481 1515 I wm_task_moved: [221,1,7]
11-12 05:19:30.258 1481 1515 I wm_task_to_front: [0,221]
11-12 05:19:30.258 1481 1515 I wm_focused_root_task: [0,0,221,222,bringingFoundTaskToFront]
11-12 05:19:30.258 1481 1515 I wm_set_resumed_activity: [0,com.android.settings/.Settings,bringingFoundTaskToFront]
11-12 05:19:30.258 1481 1515 I wm_new_intent: [0,40523078,221,com.android.settings/.Settings,android.intent.action.MAIN,NULL,NULL,270532608]
11-12 05:19:30.259 1481 1515 I wm_pause_activity: [0,37746265,com.android.settings/.Settings$NightDisplaySettingsActivity,userLeaving=true,pauseBackTasks]
11-12 05:19:30.261 1481 1515 I wm_finish_activity: [0,37746265,222,com.android.settings/.Settings$NightDisplaySettingsActivity,app-request]
11-12 05:19:30.261 15738 15738 I wm_on_create_called: [37746265,com.android.settings.Settings$NightDisplaySettingsActivity,performCreate]
11-12 05:19:30.263 1481 5359 I wm_add_to_stopping: [0,37746265,com.android.settings/.Settings$NightDisplaySettingsActivity,completeFinishing]
11-12 05:19:30.264 1481 5359 I wm_set_resumed_activity: [0,com.android.settings/.Settings,resumeTopActivityInnerLocked]
11-12 05:19:30.265 1481 5359 I wm_resume_activity: [0,40523078,221,com.android.settings/.Settings]
11-12 05:19:30.273 1971 1971 I sysui_multi_action: [757,111,758,2]
11-12 05:19:30.273 1971 1971 I sysui_multi_action: [757,111,758,2]
11-12 05:19:30.274 1481 1481 I notification_enqueue: [10082,1971,com.android.systemui,2048,NULL,0,Notification(channel=updateNotification shortcut=null contentView=null vibrate=null sound=null defaults=0x0 flags=0x0 color=0x00000000 vis=PRIVATE),1]
11-12 05:19:30.277 1481 1570 I sysui_multi_action: [757,803,799,window_time_0,802,0]
11-12 05:19:30.283 15738 15738 I wm_on_resume_called: [40523078,com.android.settings.Settings,RESUME_ACTIVITY]
11-12 05:19:30.283 15738 15738 I sysui_multi_action: [757,35,758,1,833,0,1089,0]
11-12 05:19:30.295 1481 1571 I input_focus: [Focus request c9ed494 com.android.settings/com.android.settings.Settings,reason=UpdateInputWindows]
11-12 05:19:30.297 1971 1971 I sysui_multi_action: [757,111,758,1]
11-12 05:19:30.297 1971 1971 I sysui_multi_action: [757,126,758,1,759,126,927,0,928,0,1593,1]
11-12 05:19:30.297 1971 1971 I sysui_multi_action: [757,113,758,1,759,113,927,1,928,1,1593,1]
11-12 05:19:30.297 1971 1971 I sysui_multi_action: [757,0,758,1,759,0,927,2,928,0,1593,1]
11-12 05:19:30.297 1971 1971 I sysui_multi_action: [757,0,758,1,759,0,927,3,928,0,1593,1]
11-12 05:19:30.297 1971 1971 I sysui_multi_action: [757,491,758,1,759,491,927,4,928,0,1311,-1,1593,0]
11-12 05:19:30.297 1971 1971 I sysui_multi_action: [757,0,758,1,759,0,927,5,928,0,1593,0]
11-12 05:19:30.297 1971 1971 I sysui_multi_action: [757,111,758,1]
11-12 05:19:30.297 1971 1971 I sysui_multi_action: [757,126,758,1,759,126,927,0,928,0,1593,1]
11-12 05:19:30.297 1971 1971 I sysui_multi_action: [757,113,758,1,759,113,927,1,928,1,1593,1]
11-12 05:19:30.297 1971 1971 I sysui_multi_action: [757,0,758,1,759,0,927,2,928,0,1593,1]
11-12 05:19:30.297 1971 1971 I sysui_multi_action: [757,0,758,1,759,0,927,3,928,0,1593,1]
11-12 05:19:30.298 15738 15738 I sysui_multi_action: [757,746,758,1,833,0,1089,0]
11-12 05:19:30.298 1481 7040 D TelephonyRegistry: listen oscl: mHasNotifySubscriptionInfoChangedOccurred==false no callback
11-12 05:19:30.301 1481 1515 D TelephonyRegistry: listen oscl: mHasNotifySubscriptionInfoChangedOccurred==false no callback
11-12 05:19:30.305 1971 1971 I sysui_multi_action: [757,111,758,2]
11-12 05:19:30.305 1971 1971 I sysui_multi_action: [757,111,758,2]
11-12 05:19:30.305 1481 1481 I notification_enqueue: [10082,1971,com.android.systemui,2048,NULL,0,Notification(channel=updateNotification shortcut=null contentView=null vibrate=null sound=null defaults=0x0 flags=0x0 color=0x00000000 vis=PRIVATE),1]
11-12 05:19:30.307 1481 1515 I sysui_multi_action: [757,128,758,2,793,1596087,794,802,795,1596087,796,26,798,0,806,android,857,DEVELOPER_IMPORTANT,858,4,947,0,1395,2,1500,1595873,1688,1]
11-12 05:19:30.307 1481 1515 I notification_visibility: [-1|android|26|null|1000,0,1596087,1596087,0,0]
11-12 05:19:30.307 1481 1515 I sysui_multi_action: [757,128,758,2,793,1596084,794,801,795,1596084,796,32,798,1,806,android,857,USB,858,1,947,0,1395,2,1500,1595872,1688,1]
11-12 05:19:30.307 1481 1515 I notification_visibility: [-1|android|32|null|1000,0,1596084,1596084,0,1]
11-12 05:19:30.307 1481 1680 I input_focus: [Focus leaving 8e9fb15 NotificationShade (server),reason=NOT_FOCUSABLE]
11-12 05:19:30.307 1481 1515 I sysui_multi_action: [757,127,758,2]
11-12 05:19:30.307 1481 1515 I notification_panel_hidden:
11-12 05:19:30.308 1481 1680 I input_focus: [Focus entering c9ed494 com.android.settings/com.android.settings.Settings (server),reason=setFocusedWindow]
11-12 05:19:30.314 15738 15738 I wm_on_top_resumed_gained_called: [40523078,com.android.settings.Settings,topWhenResuming]
11-12 05:19:30.319 1971 1971 I sysui_multi_action: [757,111,758,1]
11-12 05:19:30.319 1971 1971 I sysui_multi_action: [757,126,758,1,759,126,927,0,928,0,1593,1]
11-12 05:19:30.319 1971 1971 I sysui_multi_action: [757,113,758,1,759,113,927,1,928,1,1593,1]
11-12 05:19:30.319 1971 1971 I sysui_multi_action: [757,0,758,1,759,0,927,2,928,0,1593,1]
11-12 05:19:30.319 1971 1971 I sysui_multi_action: [757,0,758,1,759,0,927,3,928,0,1593,1]
11-12 05:19:30.320 1971 1971 I sysui_multi_action: [757,491,758,1,759,491,927,4,928,0,1311,-1,1593,0]
11-12 05:19:30.320 1971 1971 I sysui_multi_action: [757,0,758,1,759,0,927,5,928,0,1593,0]
11-12 05:19:30.320 1971 1971 I sysui_multi_action: [757,111,758,1]
11-12 05:19:30.320 1971 1971 I sysui_multi_action: [757,126,758,1,759,126,927,0,928,0,1593,1]
11-12 05:19:30.320 1971 1971 I sysui_multi_action: [757,113,758,1,759,113,927,1,928,1,1593,1]
11-12 05:19:30.320 1971 1971 I sysui_multi_action: [757,0,758,1,759,0,927,2,928,0,1593,1]
11-12 05:19:30.320 1971 1971 I sysui_multi_action: [757,0,758,1,759,0,927,3,928,0,1593,1]
11-12 05:19:30.324 1971 1971 I view_enqueue_input_event: [Motion - Cancel,NotificationShade]
11-12 05:19:30.467 15738 15738 I sysui_multi_action: [757,746,758,2,1089,169]
11-12 05:19:30.477 1481 1481 I sysui_multi_action: [757,1501,758,1,793,14548622,794,0,795,205,796,2048,806,com.android.systemui,857,updateNotification,858,3,947,0,1500,0,1688,1]
11-12 05:19:30.478 1481 1481 I sysui_multi_action: [757,804,799,note_interruptive,801,0,802,1]
11-12 05:19:30.478 1481 1481 I sysui_multi_action: [757,199,758,1,759,2,793,14548623,794,0,795,206,796,2048,806,com.android.systemui,857,updateNotification,858,3,947,0,1500,1,1688,1]
11-12 05:19:30.478 1481 1481 I notification_alert: [0|com.android.systemui|2048|null|10082,0,1,0]
11-12 05:19:30.498 15738 15738 I sysui_multi_action: [757,488,758,1,833,0,1089,20]
11-12 05:19:30.499 15738 15738 I sysui_multi_action: [757,1729,758,4,854,isParalleledControllers:false,1089,22]
11-12 05:19:30.760 1481 1570 I wm_destroy_activity: [0,37746265,222,com.android.settings/.Settings$NightDisplaySettingsActivity,finish-imm:idle]
11-12 05:19:30.761 15738 15738 I wm_on_destroy_called: [37746265,com.android.settings.Settings$NightDisplaySettingsActivity,performDestroy]
11-12 05:19:30.764 1481 1515 I wm_task_removed: [222,removeChild:removeChild last r=ActivityRecord{23ff659 u0 com.android.settings/.Settings$NightDisplaySettingsActivity t-1 f}} in t=Task{a390db8 #222 type=standard A=1000:com.android.settings U=0 visible=false mode=fullscreen translucent=true sz=0}]
11-12 05:19:30.764 1481 1515 I wm_task_removed: [222,removeChild]
11-12 05:19:31.327 0 0 I auditd : type=1400 audit(0.0:15427): avc: denied { kill } for comm="swapper/2" capability=5 scontext=u:r:kernel:s0 tcontext=u:r:kernel:s0 tclass=capability permissive=0
11-12 05:19:31.733 1481 1680 I input_interaction: Interaction with: c9ed494 com.android.settings/com.android.settings.Settings (server), swipe-up (server), edge-swipe (server), PointerEventDispatcher0 (server),
11-12 05:19:31.899 1481 6339 I wm_task_moved: [221,0,0]
11-12 05:19:31.905 1481 6339 I wm_focused_root_task: [0,0,43,221,moveTaskToBackLocked]
11-12 05:19:31.906 1481 6339 I wm_add_to_stopping: [0,40523078,com.android.settings/.Settings,makeInvisible]
11-12 05:19:31.909 1481 6339 I wm_pause_activity: [0,40523078,com.android.settings/.Settings,userLeaving=false,pauseBackTasks]
11-12 05:19:31.922 1481 6339 I wm_set_resumed_activity: [0,com.android.launcher3/.uioverrides.QuickstepLauncher,resumeTopActivityInnerLocked]
11-12 05:19:31.925 1481 6339 I wm_resume_activity: [0,35371080,44,com.android.launcher3/.uioverrides.QuickstepLauncher]
11-12 05:19:31.931 15738 15738 I wm_on_top_resumed_lost_called: [40523078,com.android.settings.Settings,topStateChangedWhenResumed]
11-12 05:19:31.932 1481 1570 I sysui_multi_action: [757,1144,758,8,806,com.android.settings,871,com.android.settings.Settings]
11-12 05:19:31.933 2522 2522 I wm_on_restart_called: [35371080,com.android.launcher3.uioverrides.QuickstepLauncher,performRestartActivity]
11-12 05:19:31.934 2522 2522 I wm_on_start_called: [35371080,com.android.launcher3.uioverrides.QuickstepLauncher,handleStartActivity]
11-12 05:19:31.934 2522 2522 I wm_on_resume_called: [35371080,com.android.launcher3.uioverrides.QuickstepLauncher,RESUME_ACTIVITY]
11-12 05:19:31.935 15738 15738 I sysui_multi_action: [757,35,758,2,1089,1651]
11-12 05:19:31.936 15738 15738 I sysui_multi_action: [757,488,758,2,1089,1438]
11-12 05:19:31.936 15738 15738 I wm_on_paused_called: [40523078,com.android.settings.Settings,performPause]
11-12 05:19:31.945 1481 1680 I input_focus: [Focus leaving c9ed494 com.android.settings/com.android.settings.Settings (server),reason=NO_WINDOW]
11-12 05:19:31.947 1481 1571 I input_focus: [Focus request 18adad5 com.android.launcher3/com.android.launcher3.uioverrides.QuickstepLauncher,reason=UpdateInputWindows]
11-12 05:19:31.951 1481 1570 I sysui_multi_action: [757,803,799,window_time_0,802,2]
11-12 05:19:31.953 2522 2522 I wm_on_top_resumed_gained_called: [35371080,com.android.launcher3.uioverrides.QuickstepLauncher,topStateChangedWhenResumed]
11-12 05:19:31.976 1481 1680 I input_focus: [Focus entering 18adad5 com.android.launcher3/com.android.launcher3.uioverrides.QuickstepLauncher (server),reason=Window became focusable. Previous reason: NOT_VISIBLE]
11-12 05:19:32.327 0 0 I auditd : type=1400 audit(0.0:15428): avc: denied { kill } for comm="swapper/2" capability=5 scontext=u:r:kernel:s0 tcontext=u:r:kernel:s0 tclass=capability permissive=0
11-12 05:19:32.346 1481 1570 I wm_stop_activity: [0,40523078,com.android.settings/.Settings]
11-12 05:19:32.385 15738 15738 I wm_on_stop_called: [40523078,com.android.settings.Settings,STOP_ACTIVITY_ITEM]
11-12 05:19:33.327 0 0 I auditd : type=1400 audit(0.0:15429): avc: denied { kill } for comm="swapper/2" capability=5 scontext=u:r:kernel:s0 tcontext=u:r:kernel:s0 tclass=capability permissive=0
11-12 05:19:34.327 0 0 I auditd : type=1400 audit(0.0:15430): avc: denied { kill } for comm="swapper/2" capability=5 scontext=u:r:kernel:s0 tcontext=u:r:kernel:s0 tclass=capability permissive=0
11-12 05:19:35.327 0 0 I auditd : type=1400 audit(0.0:15431): avc: denied { kill } for comm="swapper/2" capability=5 scontext=u:r:kernel:s0 tcontext=u:r:kernel:s0 tclass=capability permissive=0
11-12 05:19:36.327 0 0 I auditd : type=1400 audit(0.0:15432): avc: denied { kill } for comm="swapper/2" capability=5 scontext=u:r:kernel:s0 tcontext=u:r:kernel:s0 tclass=capability permissive=0
11-12 05:19:37.327 0 0 I auditd : type=1400 audit(0.0:15433): avc: denied { kill } for comm="swapper/2" capability=5 scontext=u:r:kernel:s0 tcontext=u:r:kernel:s0 tclass=capability permissive=0
11-12 05:19:38.327 0 0 I auditd : type=1400 audit(0.0:15434): avc: denied { kill } for comm="swapper/2" capability=5 scontext=u:r:kernel:s0 tcontext=u:r:kernel:s0 tclass=capability permissive=0
11-12 05:19:39.327 0 0 I auditd : type=1400 audit(0.0:15435): avc: denied { kill } for comm="swapper/2" capability=5 scontext=u:r:kernel:s0 tcontext=u:r:kernel:s0 tclass=capability permissive=0
11-12 05:19:40.327 0 0 I auditd : type=1400 audit(0.0:15436): avc: denied { kill } for comm="swapper/2" capability=5 scontext=u:r:kernel:s0 tcontext=u:r:kernel:s0 tclass=capability permissive=0
11-12 05:19:41.327 0 0 I auditd : type=1400 audit(0.0:15437): avc: denied { kill } for comm="swapper/2" capability=5 scontext=u:r:kernel:s0 tcontext=u:r:kernel:s0 tclass=capability permissive=0
11-12 05:19:42.327 0 0 I auditd : type=1400 audit(0.0:15438): avc: denied { kill } for comm="swapper/2" capability=5 scontext=u:r:kernel:s0 tcontext=u:r:kernel:s0 tclass=capability permissive=0
11-12 05:19:43.327 0 0 I auditd : type=1400 audit(0.0:15439): avc: denied { kill } for comm="swapper/2" capability=5 scontext=u:r:kernel:s0 tcontext=u:r:kernel:s0 tclass=capability permissive=0
11-12 05:19:44.327 0 0 I auditd : type=1400 audit(0.0:15440): avc: denied { kill } for comm="swapper/2" capability=5 scontext=u:r:kernel:s0 tcontext=u:r:kernel:s0 tclass=capability permissive=0
11-12 05:19:45.327 0 0 I auditd : type=1400 audit(0.0:15441): avc: denied { kill } for comm="swapper/2" capability=5 scontext=u:r:kernel:s0 tcontext=u:r:kernel:s0 tclass=capability permissive=0
11-12 05:19:46.327 0 0 I auditd : type=1400 audit(0.0:15442): avc: denied { kill } for comm="swapper/2" capability=5 scontext=u:r:kernel:s0 tcontext=u:r:kernel:s0 tclass=capability permissive=0
11-12 05:19:47.327 0 0 I auditd : type=1400 audit(0.0:15443): avc: denied { kill } for comm="swapper/2" capability=5 scontext=u:r:kernel:s0 tcontext=u:r:kernel:s0 tclass=capability permissive=0
11-12 05:19:48.327 0 0 I auditd : type=1400 audit(0.0:15444): avc: denied { kill } for comm="swapper/2" capability=5 scontext=u:r:kernel:s0 tcontext=u:r:kernel:s0 tclass=capability permissive=0
11-12 05:19:49.327 0 0 I auditd : type=1400 audit(0.0:15445): avc: denied { kill } for comm="swapper/2" capability=5 scontext=u:r:kernel:s0 tcontext=u:r:kernel:s0 tclass=capability permissive=0
11-12 05:19:50.327 0 0 I auditd : type=1400 audit(0.0:15446): avc: denied { kill } for comm="swapper/2" capability=5 scontext=u:r:kernel:s0 tcontext=u:r:kernel:s0 tclass=capability permissive=0
11-12 05:19:51.327 0 0 I auditd : type=1400 audit(0.0:15447): avc: denied { kill } for comm="swapper/2" capability=5 scontext=u:r:kernel:s0 tcontext=u:r:kernel:s0 tclass=capability permissive=0
11-12 05:19:52.327 0 0 I auditd : type=1400 audit(0.0:15448): avc: denied { kill } for comm="swapper/2" capability=5 scontext=u:r:kernel:s0 tcontext=u:r:kernel:s0 tclass=capability permissive=0
11-12 05:19:53.327 0 0 I auditd : type=1400 audit(0.0:15449): avc: denied { kill } for comm="swapper/2" capability=5 scontext=u:r:kernel:s0 tcontext=u:r:kernel:s0 tclass=capability permissive=0
11-12 05:19:54.327 0 0 I auditd : type=1400 audit(0.0:15450): avc: denied { kill } for comm="swapper/2" capability=5 scontext=u:r:kernel:s0 tcontext=u:r:kernel:s0 tclass=capability permissive=0
11-12 05:19:55.327 0 0 I auditd : type=1400 audit(0.0:15451): avc: denied { kill } for comm="swapper/2" capability=5 scontext=u:r:kernel:s0 tcontext=u:r:kernel:s0 tclass=capability permissive=0
11-12 05:19:56.327 0 0 I auditd : type=1400 audit(0.0:15452): avc: denied { kill } for comm="swapper/2" capability=5 scontext=u:r:kernel:s0 tcontext=u:r:kernel:s0 tclass=capability permissive=0
11-12 05:19:57.327 0 0 I auditd : type=1400 audit(0.0:15453): avc: denied { kill } for comm="swapper/2" capability=5 scontext=u:r:kernel:s0 tcontext=u:r:kernel:s0 tclass=capability permissive=0
11-12 05:19:58.327 0 0 I auditd : type=1400 audit(0.0:15454): avc: denied { kill } for comm="swapper/2" capability=5 scontext=u:r:kernel:s0 tcontext=u:r:kernel:s0 tclass=capability permissive=0
11-12 05:19:59.327 0 0 I auditd : type=1400 audit(0.0:15455): avc: denied { kill } for comm="swapper/2" capability=5 scontext=u:r:kernel:s0 tcontext=u:r:kernel:s0 tclass=capability permissive=0
11-12 05:20:00.327 0 0 I auditd : type=1400 audit(0.0:15456): avc: denied { kill } for comm="swapper/2" capability=5 scontext=u:r:kernel:s0 tcontext=u:r:kernel:s0 tclass=capability permissive=0
11-12 05:20:01.327 0 0 I auditd : type=1400 audit(0.0:15457): avc: denied { kill } for comm="swapper/2" capability=5 scontext=u:r:kernel:s0 tcontext=u:r:kernel:s0 tclass=capability permissive=0
11-12 05:20:02.327 0 0 I auditd : type=1400 audit(0.0:15458): avc: denied { kill } for comm="swapper/2" capability=5 scontext=u:r:kernel:s0 tcontext=u:r:kernel:s0 tclass=capability permissive=0
11-12 05:20:03.327 0 0 I auditd : type=1400 audit(0.0:15459): avc: denied { kill } for comm="swapper/2" capability=5 scontext=u:r:kernel:s0 tcontext=u:r:kernel:s0 tclass=capability permissive=0
11-12 05:20:04.327 0 0 I auditd : type=1400 audit(0.0:15460): avc: denied { kill } for comm="swapper/2" capability=5 scontext=u:r:kernel:s0 tcontext=u:r:kernel:s0 tclass=capability permissive=0
11-12 05:20:05.327 0 0 I auditd : type=1400 audit(0.0:15461): avc: denied { kill } for comm="swapper/2" capability=5 scontext=u:r:kernel:s0 tcontext=u:r:kernel:s0 tclass=capability permissive=0
11-12 05:20:06.327 0 0 I auditd : type=1400 audit(0.0:15462): avc: denied { kill } for comm="swapper/2" capability=5 scontext=u:r:kernel:s0 tcontext=u:r:kernel:s0 tclass=capability permissive=0
11-12 05:20:07.327 0 0 I auditd : type=1400 audit(0.0:15463): avc: denied { kill } for comm="swapper/2" capability=5 scontext=u:r:kernel:s0 tcontext=u:r:kernel:s0 tclass=capability permissive=0
11-12 05:20:08.327 0 0 I auditd : type=1400 audit(0.0:15464): avc: denied { kill } for comm="swapper/2" capability=5 scontext=u:r:kernel:s0 tcontext=u:r:kernel:s0 tclass=capability permissive=0
11-12 05:20:09.327 0 0 I auditd : type=1400 audit(0.0:15465): avc: denied { kill } for comm="swapper/2" capability=5 scontext=u:r:kernel:s0 tcontext=u:r:kernel:s0 tclass=capability permissive=0
11-12 05:20:10.327 0 0 I auditd : type=1400 audit(0.0:15466): avc: denied { kill } for comm="swapper/2" capability=5 scontext=u:r:kernel:s0 tcontext=u:r:kernel:s0 tclass=capability permissive=0
11-12 05:20:11.327 0 0 I auditd : type=1400 audit(0.0:15467): avc: denied { kill } for comm="swapper/2" capability=5 scontext=u:r:kernel:s0 tcontext=u:r:kernel:s0 tclass=capability permissive=0
11-12 05:20:12.327 0 0 I auditd : type=1400 audit(0.0:15468): avc: denied { kill } for comm="swapper/2" capability=5 scontext=u:r:kernel:s0 tcontext=u:r:kernel:s0 tclass=capability permissive=0
11-12 05:20:13.327 0 0 I auditd : type=1400 audit(0.0:15469): avc: denied { kill } for comm="swapper/2" capability=5 scontext=u:r:kernel:s0 tcontext=u:r:kernel:s0 tclass=capability permissive=0
11-12 05:20:14.327 0 0 I auditd : type=1400 audit(0.0:15470): avc: denied { kill } for comm="swapper/2" capability=5 scontext=u:r:kernel:s0 tcontext=u:r:kernel:s0 tclass=capability permissive=0
11-12 05:20:15.327 0 0 I auditd : type=1400 audit(0.0:15471): avc: denied { kill } for comm="swapper/2" capability=5 scontext=u:r:kernel:s0 tcontext=u:r:kernel:s0 tclass=capability permissive=0
11-12 05:20:16.327 0 0 I auditd : type=1400 audit(0.0:15472): avc: denied { kill } for comm="swapper/2" capability=5 scontext=u:r:kernel:s0 tcontext=u:r:kernel:s0 tclass=capability permissive=0
11-12 05:20:17.327 0 0 I auditd : type=1400 audit(0.0:15473): avc: denied { kill } for comm="swapper/2" capability=5 scontext=u:r:kernel:s0 tcontext=u:r:kernel:s0 tclass=capability permissive=0
11-12 05:20:18.327 0 0 I auditd : type=1400 audit(0.0:15474): avc: denied { kill } for comm="swapper/2" capability=5 scontext=u:r:kernel:s0 tcontext=u:r:kernel:s0 tclass=capability permissive=0
11-12 05:20:19.327 0 0 I auditd : type=1400 audit(0.0:15475): avc: denied { kill } for comm="swapper/2" capability=5 scontext=u:r:kernel:s0 tcontext=u:r:kernel:s0 tclass=capability permissive=0
11-12 05:20:20.327 0 0 I auditd : type=1400 audit(0.0:15476): avc: denied { kill } for comm="swapper/2" capability=5 scontext=u:r:kernel:s0 tcontext=u:r:kernel:s0 tclass=capability permissive=0
11-12 05:20:21.327 0 0 I auditd : type=1400 audit(0.0:15477): avc: denied { kill } for comm="swapper/2" capability=5 scontext=u:r:kernel:s0 tcontext=u:r:kernel:s0 tclass=capability permissive=0
11-12 05:20:22.327 0 0 I auditd : type=1400 audit(0.0:15478): avc: denied { kill } for comm="swapper/2" capability=5 scontext=u:r:kernel:s0 tcontext=u:r:kernel:s0 tclass=capability permissive=0
11-12 05:20:23.327 0 0 I auditd : type=1400 audit(0.0:15479): avc: denied { kill } for comm="swapper/2" capability=5 scontext=u:r:kernel:s0 tcontext=u:r:kernel:s0 tclass=capability permissive=0
11-12 05:20:24.327 0 0 I auditd : type=1400 audit(0.0:15480): avc: denied { kill } for comm="swapper/2" capability=5 scontext=u:r:kernel:s0 tcontext=u:r:kernel:s0 tclass=capability permissive=0
11-12 05:20:24.889 1481 1620 I sysui_multi_action: [757,1696,758,6,759,2]
11-12 05:20:24.892 1481 1603 I am_wtf : [0,1481,system_server,-1,DisplayDeviceConfig,requesting nits when no mapping exists.]
11-12 05:20:24.896 1481 1603 I am_wtf : [0,1481,system_server,-1,DisplayDeviceConfig,requesting nits when no mapping exists.]
11-12 05:20:24.907 1481 1603 I am_wtf : [0,1481,system_server,-1,DisplayDeviceConfig,requesting nits when no mapping exists.]
11-12 05:20:24.909 1481 1603 I am_wtf : [0,1481,system_server,-1,DisplayDeviceConfig,requesting nits when no mapping exists.]
11-12 05:20:24.924 1481 1603 I am_wtf : [0,1481,system_server,-1,DisplayDeviceConfig,requesting nits when no mapping exists.]
11-12 05:20:24.926 1481 1603 I am_wtf : [0,1481,system_server,-1,DisplayDeviceConfig,requesting nits when no mapping exists.]
11-12 05:20:24.933 1481 1603 I am_wtf : [0,1481,system_server,-1,DisplayDeviceConfig,requesting nits when no mapping exists.]
11-12 05:20:24.934 1481 1603 I am_wtf : [0,1481,system_server,-1,DisplayDeviceConfig,requesting nits when no mapping exists.]
11-12 05:20:24.950 1481 1603 I am_wtf : [0,1481,system_server,-1,DisplayDeviceConfig,requesting nits when no mapping exists.]
11-12 05:20:24.951 1481 1603 I am_wtf : [0,1481,system_server,-1,DisplayDeviceConfig,requesting nits when no mapping exists.]
11-12 05:20:24.966 1481 1603 I am_wtf : [0,1481,system_server,-1,DisplayDeviceConfig,requesting nits when no mapping exists.]
11-12 05:20:24.967 1481 1603 I am_wtf : [0,1481,system_server,-1,DisplayDeviceConfig,requesting nits when no mapping exists.]
11-12 05:20:24.983 1481 1603 I am_wtf : [0,1481,system_server,-1,DisplayDeviceConfig,requesting nits when no mapping exists.]
11-12 05:20:24.984 1481 1603 I am_wtf : [0,1481,system_server,-1,DisplayDeviceConfig,requesting nits when no mapping exists.]
11-12 05:20:24.999 1481 1603 I am_wtf : [0,1481,system_server,-1,DisplayDeviceConfig,requesting nits when no mapping exists.]
11-12 05:20:25.001 1481 1603 I am_wtf : [0,1481,system_server,-1,DisplayDeviceConfig,requesting nits when no mapping exists.]
11-12 05:20:25.017 1481 1603 I am_wtf : [0,1481,system_server,-1,DisplayDeviceConfig,requesting nits when no mapping exists.]
11-12 05:20:25.018 1481 1603 I am_wtf : [0,1481,system_server,-1,DisplayDeviceConfig,requesting nits when no mapping exists.]
11-12 05:20:25.034 1481 1603 I am_wtf : [0,1481,system_server,-1,DisplayDeviceConfig,requesting nits when no mapping exists.]
11-12 05:20:25.036 1481 1603 I am_wtf : [0,1481,system_server,-1,DisplayDeviceConfig,requesting nits when no mapping exists.]
11-12 05:20:25.050 1481 1603 I am_wtf : [0,1481,system_server,-1,DisplayDeviceConfig,requesting nits when no mapping exists.]
11-12 05:20:25.051 1481 1603 I am_wtf : [0,1481,system_server,-1,DisplayDeviceConfig,requesting nits when no mapping exists.]
11-12 05:20:25.067 1481 1603 I am_wtf : [0,1481,system_server,-1,DisplayDeviceConfig,requesting nits when no mapping exists.]
11-12 05:20:25.068 1481 1603 I am_wtf : [0,1481,system_server,-1,DisplayDeviceConfig,requesting nits when no mapping exists.]
11-12 05:20:25.083 1481 1603 I am_wtf : [0,1481,system_server,-1,DisplayDeviceConfig,requesting nits when no mapping exists.]
11-12 05:20:25.085 1481 1603 I am_wtf : [0,1481,system_server,-1,DisplayDeviceConfig,requesting nits when no mapping exists.]
11-12 05:20:25.100 1481 1603 I am_wtf : [0,1481,system_server,-1,DisplayDeviceConfig,requesting nits when no mapping exists.]
11-12 05:20:25.102 1481 1603 I am_wtf : [0,1481,system_server,-1,DisplayDeviceConfig,requesting nits when no mapping exists.]
11-12 05:20:25.117 1481 1603 I am_wtf : [0,1481,system_server,-1,DisplayDeviceConfig,requesting nits when no mapping exists.]
11-12 05:20:25.118 1481 1603 I am_wtf : [0,1481,system_server,-1,DisplayDeviceConfig,requesting nits when no mapping exists.]
11-12 05:20:25.133 1481 1603 I am_wtf : [0,1481,system_server,-1,DisplayDeviceConfig,requesting nits when no mapping exists.]
11-12 05:20:25.134 1481 1603 I am_wtf : [0,1481,system_server,-1,DisplayDeviceConfig,requesting nits when no mapping exists.]
11-12 05:20:25.150 1481 1603 I am_wtf : [0,1481,system_server,-1,DisplayDeviceConfig,requesting nits when no mapping exists.]
11-12 05:20:25.151 1481 1603 I am_wtf : [0,1481,system_server,-1,DisplayDeviceConfig,requesting nits when no mapping exists.]
11-12 05:20:25.167 1481 1603 I am_wtf : [0,1481,system_server,-1,DisplayDeviceConfig,requesting nits when no mapping exists.]
11-12 05:20:25.169 1481 1603 I am_wtf : [0,1481,system_server,-1,DisplayDeviceConfig,requesting nits when no mapping exists.]
11-12 05:20:25.184 1481 1603 I am_wtf : [0,1481,system_server,-1,DisplayDeviceConfig,requesting nits when no mapping exists.]
11-12 05:20:25.186 1481 1603 I am_wtf : [0,1481,system_server,-1,DisplayDeviceConfig,requesting nits when no mapping exists.]
11-12 05:20:25.201 1481 1603 I am_wtf : [0,1481,system_server,-1,DisplayDeviceConfig,requesting nits when no mapping exists.]
11-12 05:20:25.202 1481 1603 I am_wtf : [0,1481,system_server,-1,DisplayDeviceConfig,requesting nits when no mapping exists.]
11-12 05:20:25.218 1481 1603 I am_wtf : [0,1481,system_server,-1,DisplayDeviceConfig,requesting nits when no mapping exists.]
11-12 05:20:25.219 1481 1603 I am_wtf : [0,1481,system_server,-1,DisplayDeviceConfig,requesting nits when no mapping exists.]
11-12 05:20:25.234 1481 1603 I am_wtf : [0,1481,system_server,-1,DisplayDeviceConfig,requesting nits when no mapping exists.]
11-12 05:20:25.236 1481 1603 I am_wtf : [0,1481,system_server,-1,DisplayDeviceConfig,requesting nits when no mapping exists.]
11-12 05:20:25.251 1481 1603 I am_wtf : [0,1481,system_server,-1,DisplayDeviceConfig,requesting nits when no mapping exists.]
11-12 05:20:25.252 1481 1603 I am_wtf : [0,1481,system_server,-1,DisplayDeviceConfig,requesting nits when no mapping exists.]
11-12 05:20:25.267 1481 1603 I am_wtf : [0,1481,system_server,-1,DisplayDeviceConfig,requesting nits when no mapping exists.]
11-12 05:20:25.268 1481 1603 I am_wtf : [0,1481,system_server,-1,DisplayDeviceConfig,requesting nits when no mapping exists.]
11-12 05:20:25.284 1481 1603 I am_wtf : [0,1481,system_server,-1,DisplayDeviceConfig,requesting nits when no mapping exists.]
11-12 05:20:25.285 1481 1603 I am_wtf : [0,1481,system_server,-1,DisplayDeviceConfig,requesting nits when no mapping exists.]
11-12 05:20:25.300 1481 1603 I am_wtf : [0,1481,system_server,-1,DisplayDeviceConfig,requesting nits when no mapping exists.]
11-12 05:20:25.302 1481 1603 I am_wtf : [0,1481,system_server,-1,DisplayDeviceConfig,requesting nits when no mapping exists.]
11-12 05:20:25.317 1481 1603 I am_wtf : [0,1481,system_server,-1,DisplayDeviceConfig,requesting nits when no mapping exists.]
11-12 05:20:25.318 1481 1603 I am_wtf : [0,1481,system_server,-1,DisplayDeviceConfig,requesting nits when no mapping exists.]
11-12 05:20:25.327 0 0 I auditd : type=1400 audit(0.0:15481): avc: denied { kill } for comm="swapper/2" capability=5 scontext=u:r:kernel:s0 tcontext=u:r:kernel:s0 tclass=capability permissive=0
11-12 05:20:25.334 1481 1603 I am_wtf : [0,1481,system_server,-1,DisplayDeviceConfig,requesting nits when no mapping exists.]
11-12 05:20:25.335 1481 1603 I service_manager_stats: [100,73,76770]
11-12 05:20:25.336 1481 1603 I am_wtf : [0,1481,system_server,-1,DisplayDeviceConfig,requesting nits when no mapping exists.]
11-12 05:20:25.351 1481 1603 I am_wtf : [0,1481,system_server,-1,DisplayDeviceConfig,requesting nits when no mapping exists.]
11-12 05:20:25.352 1481 1603 I am_wtf : [0,1481,system_server,-1,DisplayDeviceConfig,requesting nits when no mapping exists.]
11-12 05:20:25.368 1481 1603 I am_wtf : [0,1481,system_server,-1,DisplayDeviceConfig,requesting nits when no mapping exists.]
11-12 05:20:25.369 1481 1603 I am_wtf : [0,1481,system_server,-1,DisplayDeviceConfig,requesting nits when no mapping exists.]
11-12 05:20:25.384 1481 1603 I am_wtf : [0,1481,system_server,-1,DisplayDeviceConfig,requesting nits when no mapping exists.]
11-12 05:20:25.386 1481 1603 I am_wtf : [0,1481,system_server,-1,DisplayDeviceConfig,requesting nits when no mapping exists.]
11-12 05:20:25.401 1481 1603 I am_wtf : [0,1481,system_server,-1,DisplayDeviceConfig,requesting nits when no mapping exists.]
11-12 05:20:25.402 1481 1603 I am_wtf : [0,1481,system_server,-1,DisplayDeviceConfig,requesting nits when no mapping exists.]
11-12 05:20:25.418 1481 1603 I am_wtf : [0,1481,system_server,-1,DisplayDeviceConfig,requesting nits when no mapping exists.]
11-12 05:20:25.419 1481 1603 I am_wtf : [0,1481,system_server,-1,DisplayDeviceConfig,requesting nits when no mapping exists.]
11-12 05:20:25.435 1481 1603 I am_wtf : [0,1481,system_server,-1,DisplayDeviceConfig,requesting nits when no mapping exists.]
11-12 05:20:25.436 1481 1603 I am_wtf : [0,1481,system_server,-1,DisplayDeviceConfig,requesting nits when no mapping exists.]
11-12 05:20:25.451 1481 1603 I am_wtf : [0,1481,system_server,-1,DisplayDeviceConfig,requesting nits when no mapping exists.]
11-12 05:20:25.452 1481 1603 I am_wtf : [0,1481,system_server,-1,DisplayDeviceConfig,requesting nits when no mapping exists.]
11-12 05:20:25.468 1481 1603 I am_wtf : [0,1481,system_server,-1,DisplayDeviceConfig,requesting nits when no mapping exists.]
11-12 05:20:25.469 1481 1603 I am_wtf : [0,1481,system_server,-1,DisplayDeviceConfig,requesting nits when no mapping exists.]
11-12 05:20:25.485 1481 1603 I am_wtf : [0,1481,system_server,-1,DisplayDeviceConfig,requesting nits when no mapping exists.]
11-12 05:20:25.486 1481 1603 I am_wtf : [0,1481,system_server,-1,DisplayDeviceConfig,requesting nits when no mapping exists.]
11-12 05:20:25.501 1481 1603 I am_wtf : [0,1481,system_server,-1,DisplayDeviceConfig,requesting nits when no mapping exists.]
11-12 05:20:25.502 1481 1603 I am_wtf : [0,1481,system_server,-1,DisplayDeviceConfig,requesting nits when no mapping exists.]
11-12 05:20:25.518 1481 1603 I am_wtf : [0,1481,system_server,-1,DisplayDeviceConfig,requesting nits when no mapping exists.]
11-12 05:20:25.519 1481 1603 I am_wtf : [0,1481,system_server,-1,DisplayDeviceConfig,requesting nits when no mapping exists.]
11-12 05:20:25.535 1481 1603 I am_wtf : [0,1481,system_server,-1,DisplayDeviceConfig,requesting nits when no mapping exists.]
11-12 05:20:25.536 1481 1603 I am_wtf : [0,1481,system_server,-1,DisplayDeviceConfig,requesting nits when no mapping exists.]
11-12 05:20:25.551 1481 1603 I am_wtf : [0,1481,system_server,-1,DisplayDeviceConfig,requesting nits when no mapping exists.]
11-12 05:20:25.552 1481 1603 I am_wtf : [0,1481,system_server,-1,DisplayDeviceConfig,requesting nits when no mapping exists.]
11-12 05:20:25.568 1481 1603 I am_wtf : [0,1481,system_server,-1,DisplayDeviceConfig,requesting nits when no mapping exists.]
11-12 05:20:25.569 1481 1603 I am_wtf : [0,1481,system_server,-1,DisplayDeviceConfig,requesting nits when no mapping exists.]
11-12 05:20:25.585 1481 1603 I am_wtf : [0,1481,system_server,-1,DisplayDeviceConfig,requesting nits when no mapping exists.]
11-12 05:20:25.586 1481 1603 I am_wtf : [0,1481,system_server,-1,DisplayDeviceConfig,requesting nits when no mapping exists.]
11-12 05:20:25.601 1481 1603 I am_wtf : [0,1481,system_server,-1,DisplayDeviceConfig,requesting nits when no mapping exists.]
11-12 05:20:25.602 1481 1603 I am_wtf : [0,1481,system_server,-1,DisplayDeviceConfig,requesting nits when no mapping exists.]
11-12 05:20:25.618 1481 1603 I am_wtf : [0,1481,system_server,-1,DisplayDeviceConfig,requesting nits when no mapping exists.]
11-12 05:20:25.619 1481 1603 I am_wtf : [0,1481,system_server,-1,DisplayDeviceConfig,requesting nits when no mapping exists.]
11-12 05:20:25.634 1481 1603 I am_wtf : [0,1481,system_server,-1,DisplayDeviceConfig,requesting nits when no mapping exists.]
11-12 05:20:25.635 1481 1603 I am_wtf : [0,1481,system_server,-1,DisplayDeviceConfig,requesting nits when no mapping exists.]
11-12 05:20:25.652 1481 1603 I am_wtf : [0,1481,system_server,-1,DisplayDeviceConfig,requesting nits when no mapping exists.]
11-12 05:20:25.653 1481 1603 I am_wtf : [0,1481,system_server,-1,DisplayDeviceConfig,requesting nits when no mapping exists.]
11-12 05:20:25.669 1481 1603 I am_wtf : [0,1481,system_server,-1,DisplayDeviceConfig,requesting nits when no mapping exists.]
11-12 05:20:25.670 1481 1603 I am_wtf : [0,1481,system_server,-1,DisplayDeviceConfig,requesting nits when no mapping exists.]
11-12 05:20:25.685 1481 1603 I am_wtf : [0,1481,system_server,-1,DisplayDeviceConfig,requesting nits when no mapping exists.]
11-12 05:20:25.687 1481 1603 I am_wtf : [0,1481,system_server,-1,DisplayDeviceConfig,requesting nits when no mapping exists.]
11-12 05:20:25.702 1481 1603 I am_wtf : [0,1481,system_server,-1,DisplayDeviceConfig,requesting nits when no mapping exists.]
11-12 05:20:25.703 1481 1603 I am_wtf : [0,1481,system_server,-1,DisplayDeviceConfig,requesting nits when no mapping exists.]
11-12 05:20:25.718 1481 1603 I am_wtf : [0,1481,system_server,-1,DisplayDeviceConfig,requesting nits when no mapping exists.]
11-12 05:20:25.720 1481 1603 I am_wtf : [0,1481,system_server,-1,DisplayDeviceConfig,requesting nits when no mapping exists.]
11-12 05:20:25.735 1481 1603 I am_wtf : [0,1481,system_server,-1,DisplayDeviceConfig,requesting nits when no mapping exists.]
11-12 05:20:25.737 1481 1603 I am_wtf : [0,1481,system_server,-1,DisplayDeviceConfig,requesting nits when no mapping exists.]
11-12 05:20:25.751 1481 1603 I am_wtf : [0,1481,system_server,-1,DisplayDeviceConfig,requesting nits when no mapping exists.]
11-12 05:20:25.753 1481 1603 I am_wtf : [0,1481,system_server,-1,DisplayDeviceConfig,requesting nits when no mapping exists.]
11-12 05:20:25.769 1481 1603 I am_wtf : [0,1481,system_server,-1,DisplayDeviceConfig,requesting nits when no mapping exists.]
11-12 05:20:25.770 1481 1603 I am_wtf : [0,1481,system_server,-1,DisplayDeviceConfig,requesting nits when no mapping exists.]
11-12 05:20:25.785 1481 1603 I am_wtf : [0,1481,system_server,-1,DisplayDeviceConfig,requesting nits when no mapping exists.]
11-12 05:20:25.787 1481 1603 I am_wtf : [0,1481,system_server,-1,DisplayDeviceConfig,requesting nits when no mapping exists.]
11-12 05:20:25.802 1481 1603 I am_wtf : [0,1481,system_server,-1,DisplayDeviceConfig,requesting nits when no mapping exists.]
11-12 05:20:25.804 1481 1603 I am_wtf : [0,1481,system_server,-1,DisplayDeviceConfig,requesting nits when no mapping exists.]
11-12 05:20:25.819 1481 1603 I am_wtf : [0,1481,system_server,-1,DisplayDeviceConfig,requesting nits when no mapping exists.]
11-12 05:20:25.820 1481 1603 I am_wtf : [0,1481,system_server,-1,DisplayDeviceConfig,requesting nits when no mapping exists.]
11-12 05:20:25.835 1481 1603 I am_wtf : [0,1481,system_server,-1,DisplayDeviceConfig,requesting nits when no mapping exists.]
11-12 05:20:25.837 1481 1603 I am_wtf : [0,1481,system_server,-1,DisplayDeviceConfig,requesting nits when no mapping exists.]
11-12 05:20:25.852 1481 1603 I am_wtf : [0,1481,system_server,-1,DisplayDeviceConfig,requesting nits when no mapping exists.]
11-12 05:20:25.853 1481 1603 I am_wtf : [0,1481,system_server,-1,DisplayDeviceConfig,requesting nits when no mapping exists.]
11-12 05:20:26.327 0 0 I auditd : type=1400 audit(0.0:15482): avc: denied { kill } for comm="swapper/2" capability=5 scontext=u:r:kernel:s0 tcontext=u:r:kernel:s0 tclass=capability permissive=0
11-12 05:20:27.327 0 0 I auditd : type=1400 audit(0.0:15483): avc: denied { kill } for comm="swapper/2" capability=5 scontext=u:r:kernel:s0 tcontext=u:r:kernel:s0 tclass=capability permissive=0
11-12 05:20:28.327 0 0 I auditd : type=1400 audit(0.0:15484): avc: denied { kill } for comm="swapper/2" capability=5 scontext=u:r:kernel:s0 tcontext=u:r:kernel:s0 tclass=capability permissive=0
11-12 05:20:29.327 0 0 I auditd : type=1400 audit(0.0:15485): avc: denied { kill } for comm="swapper/2" capability=5 scontext=u:r:kernel:s0 tcontext=u:r:kernel:s0 tclass=capability permissive=0
11-12 05:20:30.327 0 0 I auditd : type=1400 audit(0.0:15486): avc: denied { kill } for comm="swapper/2" capability=5 scontext=u:r:kernel:s0 tcontext=u:r:kernel:s0 tclass=capability permissive=0
11-12 05:20:31.327 0 0 I auditd : type=1400 audit(0.0:15487): avc: denied { kill } for comm="swapper/2" capability=5 scontext=u:r:kernel:s0 tcontext=u:r:kernel:s0 tclass=capability permissive=0
11-12 05:20:31.898 1481 1567 I sysui_multi_action: [757,222,758,1]
11-12 05:20:31.900 1481 1567 I am_uid_active: 10051
11-12 05:20:31.909 1481 1602 I am_pss : [15738,1000,com.android.settings,48737280,35938304,0,175312896,0,15,17]
11-12 05:20:31.918 1481 5359 I wm_task_created: [223,-1]
11-12 05:20:31.921 1481 5359 I wm_task_moved: [223,1,7]
11-12 05:20:31.921 1481 5359 I wm_task_to_front: [0,223]
11-12 05:20:31.922 1481 5359 I wm_create_task: [0,223]
11-12 05:20:31.922 1481 5359 I wm_create_activity: [0,234380555,223,com.thundercomm.screensaver/android.service.dreams.DreamActivity,NULL,NULL,NULL,276824064]
11-12 05:20:31.922 1481 5359 I wm_task_moved: [223,1,7]
11-12 05:20:31.922 2522 2522 I wm_on_top_resumed_lost_called: [35371080,com.android.launcher3.uioverrides.QuickstepLauncher,topStateChangedWhenResumed]
11-12 05:20:31.924 1481 5359 I wm_pause_activity: [0,35371080,com.android.launcher3/.uioverrides.QuickstepLauncher,userLeaving=true,pauseBackTasks]
11-12 05:20:31.929 2522 2522 I wm_on_paused_called: [35371080,com.android.launcher3.uioverrides.QuickstepLauncher,performPause]
11-12 05:20:31.934 1481 1515 I wm_add_to_stopping: [0,35371080,com.android.launcher3/.uioverrides.QuickstepLauncher,makeInvisible]
11-12 05:20:31.935 1481 1515 I wm_restart_activity: [0,234380555,223,com.thundercomm.screensaver/android.service.dreams.DreamActivity]
11-12 05:20:31.937 1481 1515 I wm_set_resumed_activity: [0,com.thundercomm.screensaver/android.service.dreams.DreamActivity,minimalResumeActivityLocked]
11-12 05:20:31.953 1481 1680 I input_focus: [Focus leaving 18adad5 com.android.launcher3/com.android.launcher3.uioverrides.QuickstepLauncher (server),reason=NO_WINDOW]
11-12 05:20:31.957 4169 4169 I wm_on_create_called: [234380555,android.service.dreams.DreamActivity,performCreate]
11-12 05:20:31.958 4169 4169 I wm_on_start_called: [234380555,android.service.dreams.DreamActivity,handleStartActivity]
11-12 05:20:31.958 1481 1570 I sysui_multi_action: [757,803,799,window_time_0,802,60]
11-12 05:20:31.962 4169 4169 I wm_on_resume_called: [234380555,android.service.dreams.DreamActivity,RESUME_ACTIVITY]
11-12 05:20:31.971 4169 4169 I wm_on_top_resumed_gained_called: [234380555,android.service.dreams.DreamActivity,topStateChangedWhenResumed]
11-12 05:20:31.991 1481 1571 I input_focus: [Focus request 24dbee7 com.thundercomm.screensaver/android.service.dreams.DreamActivity,reason=UpdateInputWindows]
11-12 05:20:31.999 1971 1971 I sysui_multi_action: [757,111,758,2]
11-12 05:20:31.999 1971 1971 I sysui_multi_action: [757,111,758,2]
11-12 05:20:32.000 1481 1481 I notification_enqueue: [10082,1971,com.android.systemui,2048,NULL,0,Notification(channel=updateNotification shortcut=null contentView=null vibrate=null sound=null defaults=0x0 flags=0x0 color=0x00000000 vis=PRIVATE),1]
11-12 05:20:32.010 1481 1620 I sysui_multi_action: [757,1696,758,6,759,3]
11-12 05:20:32.011 1481 1567 I sysui_multi_action: [319,90,322,89,325,14631,757,761,758,8,759,2,806,com.thundercomm.screensaver,871,android.service.dreams.DreamActivity,904,com.thundercomm.screensaver,905,0,1320,4,1321,2]
11-12 05:20:32.011 1971 1971 I sysui_multi_action: [757,111,758,1]
11-12 05:20:32.011 1971 1971 I sysui_multi_action: [757,126,758,1,759,126,927,0,928,0,1593,0]
11-12 05:20:32.011 1971 1971 I sysui_multi_action: [757,113,758,1,759,113,927,1,928,1,1593,0]
11-12 05:20:32.011 1971 1971 I sysui_multi_action: [757,0,758,1,759,0,927,2,928,0,1593,0]
11-12 05:20:32.011 1971 1971 I sysui_multi_action: [757,0,758,1,759,0,927,3,928,0,1593,0]
11-12 05:20:32.012 1971 1971 I sysui_multi_action: [757,491,758,1,759,491,927,4,928,0,1311,-1,1593,0]
11-12 05:20:32.012 1971 1971 I sysui_multi_action: [757,0,758,1,759,0,927,5,928,0,1593,0]
11-12 05:20:32.012 1971 1971 I sysui_multi_action: [757,111,758,1]
11-12 05:20:32.012 1971 1971 I sysui_multi_action: [757,126,758,1,759,126,927,0,928,0,1593,0]
11-12 05:20:32.012 1481 1567 I wm_activity_launch_time: [0,234380555,com.thundercomm.screensaver/android.service.dreams.DreamActivity,89]
11-12 05:20:32.012 1971 1971 I sysui_multi_action: [757,113,758,1,759,113,927,1,928,1,1593,0]
11-12 05:20:32.012 1971 1971 I sysui_multi_action: [757,0,758,1,759,0,927,2,928,0,1593,0]
11-12 05:20:32.012 1971 1971 I sysui_multi_action: [757,0,758,1,759,0,927,3,928,0,1593,0]
11-12 05:20:32.021 1481 1603 I am_wtf : [0,1481,system_server,-1,DisplayDeviceConfig,requesting nits when no mapping exists.]
11-12 05:20:32.022 1481 1603 I am_wtf : [0,1481,system_server,-1,DisplayDeviceConfig,requesting nits when no mapping exists.]
11-12 05:20:32.036 1481 1603 I am_wtf : [0,1481,system_server,-1,DisplayDeviceConfig,requesting nits when no mapping exists.]
11-12 05:20:32.037 1481 1603 I am_wtf : [0,1481,system_server,-1,DisplayDeviceConfig,requesting nits when no mapping exists.]
11-12 05:20:32.040 1481 1680 I input_focus: [Focus entering 24dbee7 com.thundercomm.screensaver/android.service.dreams.DreamActivity (server),reason=Window became focusable. Previous reason: NOT_VISIBLE]
11-12 05:20:32.057 1481 1603 I am_wtf : [0,1481,system_server,-1,DisplayDeviceConfig,requesting nits when no mapping exists.]
11-12 05:20:32.058 1481 1603 I am_wtf : [0,1481,system_server,-1,DisplayDeviceConfig,requesting nits when no mapping exists.]
11-12 05:20:32.071 1481 1603 I am_wtf : [0,1481,system_server,-1,DisplayDeviceConfig,requesting nits when no mapping exists.]
11-12 05:20:32.071 1481 1603 I am_wtf : [0,1481,system_server,-1,DisplayDeviceConfig,requesting nits when no mapping exists.]
11-12 05:20:32.087 1481 1603 I am_wtf : [0,1481,system_server,-1,DisplayDeviceConfig,requesting nits when no mapping exists.]
11-12 05:20:32.088 1481 1603 I am_wtf : [0,1481,system_server,-1,DisplayDeviceConfig,requesting nits when no mapping exists.]
11-12 05:20:32.104 1481 1603 I am_wtf : [0,1481,system_server,-1,DisplayDeviceConfig,requesting nits when no mapping exists.]
11-12 05:20:32.105 1481 1603 I am_wtf : [0,1481,system_server,-1,DisplayDeviceConfig,requesting nits when no mapping exists.]
11-12 05:20:32.120 1481 1603 I am_wtf : [0,1481,system_server,-1,DisplayDeviceConfig,requesting nits when no mapping exists.]
11-12 05:20:32.121 1481 1603 I am_wtf : [0,1481,system_server,-1,DisplayDeviceConfig,requesting nits when no mapping exists.]
11-12 05:20:32.137 1481 1603 I am_wtf : [0,1481,system_server,-1,DisplayDeviceConfig,requesting nits when no mapping exists.]
11-12 05:20:32.142 1481 1603 I am_wtf : [0,1481,system_server,-1,DisplayDeviceConfig,requesting nits when no mapping exists.]
11-12 05:20:32.159 1481 1603 I am_wtf : [0,1481,system_server,-1,DisplayDeviceConfig,requesting nits when no mapping exists.]
11-12 05:20:32.160 1481 1603 I am_wtf : [0,1481,system_server,-1,DisplayDeviceConfig,requesting nits when no mapping exists.]
11-12 05:20:32.171 1481 1603 I am_wtf : [0,1481,system_server,-1,DisplayDeviceConfig,requesting nits when no mapping exists.]
11-12 05:20:32.171 1481 1603 I am_wtf : [0,1481,system_server,-1,DisplayDeviceConfig,requesting nits when no mapping exists.]
11-12 05:20:32.188 1481 1603 I am_wtf : [0,1481,system_server,-1,DisplayDeviceConfig,requesting nits when no mapping exists.]
11-12 05:20:32.189 1481 1603 I am_wtf : [0,1481,system_server,-1,DisplayDeviceConfig,requesting nits when no mapping exists.]
11-12 05:20:32.203 1481 1481 I sysui_multi_action: [757,1501,758,1,793,14610348,794,0,795,207,796,2048,806,com.android.systemui,857,updateNotification,858,3,947,0,1500,0,1688,1]
11-12 05:20:32.203 1481 1481 I sysui_multi_action: [757,804,799,note_interruptive,801,0,802,1]
11-12 05:20:32.204 1481 1481 I sysui_multi_action: [757,199,758,1,759,2,793,14610349,794,0,795,208,796,2048,806,com.android.systemui,857,updateNotification,858,3,947,0,1500,1,1688,1]
11-12 05:20:32.204 1481 1481 I notification_alert: [0|com.android.systemui|2048|null|10082,0,1,0]
11-12 05:20:32.205 1481 1603 I am_wtf : [0,1481,system_server,-1,DisplayDeviceConfig,requesting nits when no mapping exists.]
11-12 05:20:32.208 1481 1603 I am_wtf : [0,1481,system_server,-1,DisplayDeviceConfig,requesting nits when no mapping exists.]
11-12 05:20:32.219 1481 1603 I am_wtf : [0,1481,system_server,-1,DisplayDeviceConfig,requesting nits when no mapping exists.]
11-12 05:20:32.220 1481 1603 I am_wtf : [0,1481,system_server,-1,DisplayDeviceConfig,requesting nits when no mapping exists.]
11-12 05:20:32.236 1481 1603 I am_wtf : [0,1481,system_server,-1,DisplayDeviceConfig,requesting nits when no mapping exists.]
11-12 05:20:32.237 1481 1603 I am_wtf : [0,1481,system_server,-1,DisplayDeviceConfig,requesting nits when no mapping exists.]
11-12 05:20:32.255 1481 1603 I am_wtf : [0,1481,system_server,-1,DisplayDeviceConfig,requesting nits when no mapping exists.]
11-12 05:20:32.256 1481 1603 I am_wtf : [0,1481,system_server,-1,DisplayDeviceConfig,requesting nits when no mapping exists.]
11-12 05:20:32.271 1481 1603 I am_wtf : [0,1481,system_server,-1,DisplayDeviceConfig,requesting nits when no mapping exists.]
11-12 05:20:32.276 1481 1603 I am_wtf : [0,1481,system_server,-1,DisplayDeviceConfig,requesting nits when no mapping exists.]
11-12 05:20:32.288 1481 1603 I am_wtf : [0,1481,system_server,-1,DisplayDeviceConfig,requesting nits when no mapping exists.]
11-12 05:20:32.290 1481 1603 I am_wtf : [0,1481,system_server,-1,DisplayDeviceConfig,requesting nits when no mapping exists.]
