11-12 05:22:56.327 0 0 I auditd : type=1400 audit(0.0:15711): avc: denied { kill } for comm="swapper/3" capability=5 scontext=u:r:kernel:s0 tcontext=u:r:kernel:s0 tclass=capability permissive=0
11-12 05:22:57.327 0 0 I auditd : type=1400 audit(0.0:15712): avc: denied { kill } for comm="swapper/3" capability=5 scontext=u:r:kernel:s0 tcontext=u:r:kernel:s0 tclass=capability permissive=0
11-12 05:22:58.327 0 0 I auditd : type=1400 audit(0.0:15713): avc: denied { kill } for comm="swapper/3" capability=5 scontext=u:r:kernel:s0 tcontext=u:r:kernel:s0 tclass=capability permissive=0
11-12 05:22:59.327 0 0 I auditd : type=1400 audit(0.0:15714): avc: denied { kill } for comm="swapper/3" capability=5 scontext=u:r:kernel:s0 tcontext=u:r:kernel:s0 tclass=capability permissive=0
11-12 05:23:00.327 0 0 I auditd : type=1400 audit(0.0:15715): avc: denied { kill } for comm="swapper/3" capability=5 scontext=u:r:kernel:s0 tcontext=u:r:kernel:s0 tclass=capability permissive=0
11-12 05:23:01.327 0 0 I auditd : type=1400 audit(0.0:15716): avc: denied { kill } for comm="swapper/3" capability=5 scontext=u:r:kernel:s0 tcontext=u:r:kernel:s0 tclass=capability permissive=0
11-12 05:23:02.327 0 0 I auditd : type=1400 audit(0.0:15717): avc: denied { kill } for comm="swapper/3" capability=5 scontext=u:r:kernel:s0 tcontext=u:r:kernel:s0 tclass=capability permissive=0
11-12 05:23:03.327 0 0 I auditd : type=1400 audit(0.0:15718): avc: denied { kill } for comm="swapper/3" capability=5 scontext=u:r:kernel:s0 tcontext=u:r:kernel:s0 tclass=capability permissive=0
11-12 05:23:04.327 0 0 I auditd : type=1400 audit(0.0:15719): avc: denied { kill } for comm="swapper/3" capability=5 scontext=u:r:kernel:s0 tcontext=u:r:kernel:s0 tclass=capability permissive=0
11-12 05:23:05.327 0 0 I auditd : type=1400 audit(0.0:15720): avc: denied { kill } for comm="swapper/3" capability=5 scontext=u:r:kernel:s0 tcontext=u:r:kernel:s0 tclass=capability permissive=0
11-12 05:23:06.327 0 0 I auditd : type=1400 audit(0.0:15721): avc: denied { kill } for comm="swapper/3" capability=5 scontext=u:r:kernel:s0 tcontext=u:r:kernel:s0 tclass=capability permissive=0
11-12 05:23:07.327 0 0 I auditd : type=1400 audit(0.0:15722): avc: denied { kill } for comm="swapper/3" capability=5 scontext=u:r:kernel:s0 tcontext=u:r:kernel:s0 tclass=capability permissive=0
11-12 05:23:08.327 0 0 I auditd : type=1400 audit(0.0:15723): avc: denied { kill } for comm="swapper/3" capability=5 scontext=u:r:kernel:s0 tcontext=u:r:kernel:s0 tclass=capability permissive=0
11-12 05:23:09.327 0 0 I auditd : type=1400 audit(0.0:15724): avc: denied { kill } for comm="swapper/3" capability=5 scontext=u:r:kernel:s0 tcontext=u:r:kernel:s0 tclass=capability permissive=0
11-12 05:23:10.327 0 0 I auditd : type=1400 audit(0.0:15725): avc: denied { kill } for comm="swapper/3" capability=5 scontext=u:r:kernel:s0 tcontext=u:r:kernel:s0 tclass=capability permissive=0
11-12 05:23:11.327 0 0 I auditd : type=1400 audit(0.0:15726): avc: denied { kill } for comm="swapper/3" capability=5 scontext=u:r:kernel:s0 tcontext=u:r:kernel:s0 tclass=capability permissive=0
11-12 05:23:12.327 0 0 I auditd : type=1400 audit(0.0:15727): avc: denied { kill } for comm="swapper/3" capability=5 scontext=u:r:kernel:s0 tcontext=u:r:kernel:s0 tclass=capability permissive=0
11-12 05:23:13.327 0 0 I auditd : type=1400 audit(0.0:15728): avc: denied { kill } for comm="swapper/3" capability=5 scontext=u:r:kernel:s0 tcontext=u:r:kernel:s0 tclass=capability permissive=0
11-12 05:23:14.327 0 0 I auditd : type=1400 audit(0.0:15729): avc: denied { kill } for comm="swapper/3" capability=5 scontext=u:r:kernel:s0 tcontext=u:r:kernel:s0 tclass=capability permissive=0
11-12 05:23:15.327 0 0 I auditd : type=1400 audit(0.0:15730): avc: denied { kill } for comm="swapper/3" capability=5 scontext=u:r:kernel:s0 tcontext=u:r:kernel:s0 tclass=capability permissive=0
11-12 05:23:16.327 0 0 I auditd : type=1400 audit(0.0:15731): avc: denied { kill } for comm="swapper/3" capability=5 scontext=u:r:kernel:s0 tcontext=u:r:kernel:s0 tclass=capability permissive=0
11-12 05:23:17.327 0 0 I auditd : type=1400 audit(0.0:15732): avc: denied { kill } for comm="swapper/3" capability=5 scontext=u:r:kernel:s0 tcontext=u:r:kernel:s0 tclass=capability permissive=0
11-12 05:23:18.327 0 0 I auditd : type=1400 audit(0.0:15733): avc: denied { kill } for comm="swapper/3" capability=5 scontext=u:r:kernel:s0 tcontext=u:r:kernel:s0 tclass=capability permissive=0
11-12 05:23:18.866 1481 1603 I am_uid_idle: 10051
11-12 05:23:19.327 0 0 I auditd : type=1400 audit(0.0:15734): avc: denied { kill } for comm="swapper/3" capability=5 scontext=u:r:kernel:s0 tcontext=u:r:kernel:s0 tclass=capability permissive=0
11-12 05:23:20.327 0 0 I auditd : type=1400 audit(0.0:15735): avc: denied { kill } for comm="swapper/3" capability=5 scontext=u:r:kernel:s0 tcontext=u:r:kernel:s0 tclass=capability permissive=0
11-12 05:23:21.327 0 0 I auditd : type=1400 audit(0.0:15736): avc: denied { kill } for comm="swapper/3" capability=5 scontext=u:r:kernel:s0 tcontext=u:r:kernel:s0 tclass=capability permissive=0
11-12 05:23:22.327 0 0 I auditd : type=1400 audit(0.0:15737): avc: denied { kill } for comm="swapper/3" capability=5 scontext=u:r:kernel:s0 tcontext=u:r:kernel:s0 tclass=capability permissive=0
11-12 05:23:23.327 0 0 I auditd : type=1400 audit(0.0:15738): avc: denied { kill } for comm="swapper/3" capability=5 scontext=u:r:kernel:s0 tcontext=u:r:kernel:s0 tclass=capability permissive=0
11-12 05:23:24.327 0 0 I auditd : type=1400 audit(0.0:15739): avc: denied { kill } for comm="swapper/3" capability=5 scontext=u:r:kernel:s0 tcontext=u:r:kernel:s0 tclass=capability permissive=0
11-12 05:23:24.435 1481 1603 I am_uid_idle: 10089
11-12 05:23:25.327 0 0 I auditd : type=1400 audit(0.0:15740): avc: denied { kill } for comm="swapper/3" capability=5 scontext=u:r:kernel:s0 tcontext=u:r:kernel:s0 tclass=capability permissive=0
11-12 05:23:26.327 0 0 I auditd : type=1400 audit(0.0:15741): avc: denied { kill } for comm="swapper/3" capability=5 scontext=u:r:kernel:s0 tcontext=u:r:kernel:s0 tclass=capability permissive=0
11-12 05:23:27.327 0 0 I auditd : type=1400 audit(0.0:15742): avc: denied { kill } for comm="swapper/3" capability=5 scontext=u:r:kernel:s0 tcontext=u:r:kernel:s0 tclass=capability permissive=0
11-12 05:23:28.327 0 0 I auditd : type=1400 audit(0.0:15743): avc: denied { kill } for comm="swapper/3" capability=5 scontext=u:r:kernel:s0 tcontext=u:r:kernel:s0 tclass=capability permissive=0
11-12 05:23:29.327 0 0 I auditd : type=1400 audit(0.0:15744): avc: denied { kill } for comm="swapper/3" capability=5 scontext=u:r:kernel:s0 tcontext=u:r:kernel:s0 tclass=capability permissive=0
11-12 05:23:30.327 0 0 I auditd : type=1400 audit(0.0:15745): avc: denied { kill } for comm="swapper/3" capability=5 scontext=u:r:kernel:s0 tcontext=u:r:kernel:s0 tclass=capability permissive=0
11-12 05:23:31.327 0 0 I auditd : type=1400 audit(0.0:15746): avc: denied { kill } for comm="swapper/3" capability=5 scontext=u:r:kernel:s0 tcontext=u:r:kernel:s0 tclass=capability permissive=0
11-12 05:23:32.266 1481 1620 I sysui_multi_action: [757,1696,758,6,759,2]
11-12 05:23:32.273 1481 1603 I am_wtf : [0,1481,system_server,-1,DisplayDeviceConfig,requesting nits when no mapping exists.]
11-12 05:23:32.277 1481 1603 I am_wtf : [0,1481,system_server,-1,DisplayDeviceConfig,requesting nits when no mapping exists.]
11-12 05:23:32.289 1481 1603 I am_wtf : [0,1481,system_server,-1,DisplayDeviceConfig,requesting nits when no mapping exists.]
11-12 05:23:32.290 1481 1603 I am_wtf : [0,1481,system_server,-1,DisplayDeviceConfig,requesting nits when no mapping exists.]
11-12 05:23:32.299 1481 1603 I am_wtf : [0,1481,system_server,-1,DisplayDeviceConfig,requesting nits when no mapping exists.]
11-12 05:23:32.302 1481 1603 I am_wtf : [0,1481,system_server,-1,DisplayDeviceConfig,requesting nits when no mapping exists.]
11-12 05:23:32.316 1481 1603 I am_wtf : [0,1481,system_server,-1,DisplayDeviceConfig,requesting nits when no mapping exists.]
11-12 05:23:32.317 1481 1603 I am_wtf : [0,1481,system_server,-1,DisplayDeviceConfig,requesting nits when no mapping exists.]
11-12 05:23:32.327 0 0 I auditd : type=1400 audit(0.0:15747): avc: denied { kill } for comm="swapper/3" capability=5 scontext=u:r:kernel:s0 tcontext=u:r:kernel:s0 tclass=capability permissive=0
11-12 05:23:32.332 1481 1603 I am_wtf : [0,1481,system_server,-1,DisplayDeviceConfig,requesting nits when no mapping exists.]
11-12 05:23:32.333 1481 1603 I am_wtf : [0,1481,system_server,-1,DisplayDeviceConfig,requesting nits when no mapping exists.]
11-12 05:23:32.350 1481 1603 I am_wtf : [0,1481,system_server,-1,DisplayDeviceConfig,requesting nits when no mapping exists.]
11-12 05:23:32.352 1481 1603 I am_wtf : [0,1481,system_server,-1,DisplayDeviceConfig,requesting nits when no mapping exists.]
11-12 05:23:32.366 1481 1603 I am_wtf : [0,1481,system_server,-1,DisplayDeviceConfig,requesting nits when no mapping exists.]
11-12 05:23:32.367 1481 1603 I am_wtf : [0,1481,system_server,-1,DisplayDeviceConfig,requesting nits when no mapping exists.]
11-12 05:23:32.382 1481 1603 I am_wtf : [0,1481,system_server,-1,DisplayDeviceConfig,requesting nits when no mapping exists.]
11-12 05:23:32.383 1481 1603 I am_wtf : [0,1481,system_server,-1,DisplayDeviceConfig,requesting nits when no mapping exists.]
11-12 05:23:32.400 1481 1603 I am_wtf : [0,1481,system_server,-1,DisplayDeviceConfig,requesting nits when no mapping exists.]
11-12 05:23:32.401 1481 1603 I am_wtf : [0,1481,system_server,-1,DisplayDeviceConfig,requesting nits when no mapping exists.]
11-12 05:23:32.417 1481 1603 I am_wtf : [0,1481,system_server,-1,DisplayDeviceConfig,requesting nits when no mapping exists.]
11-12 05:23:32.418 1481 1603 I am_wtf : [0,1481,system_server,-1,DisplayDeviceConfig,requesting nits when no mapping exists.]
11-12 05:23:32.433 1481 1603 I am_wtf : [0,1481,system_server,-1,DisplayDeviceConfig,requesting nits when no mapping exists.]
11-12 05:23:32.434 1481 1603 I am_wtf : [0,1481,system_server,-1,DisplayDeviceConfig,requesting nits when no mapping exists.]
11-12 05:23:32.450 1481 1603 I am_wtf : [0,1481,system_server,-1,DisplayDeviceConfig,requesting nits when no mapping exists.]
11-12 05:23:32.451 1481 1603 I am_wtf : [0,1481,system_server,-1,DisplayDeviceConfig,requesting nits when no mapping exists.]
11-12 05:23:32.467 1481 1603 I am_wtf : [0,1481,system_server,-1,DisplayDeviceConfig,requesting nits when no mapping exists.]
11-12 05:23:32.467 1481 1603 I am_wtf : [0,1481,system_server,-1,DisplayDeviceConfig,requesting nits when no mapping exists.]
11-12 05:23:32.484 1481 1603 I am_wtf : [0,1481,system_server,-1,DisplayDeviceConfig,requesting nits when no mapping exists.]
11-12 05:23:32.485 1481 1603 I am_wtf : [0,1481,system_server,-1,DisplayDeviceConfig,requesting nits when no mapping exists.]
11-12 05:23:32.500 1481 1603 I am_wtf : [0,1481,system_server,-1,DisplayDeviceConfig,requesting nits when no mapping exists.]
11-12 05:23:32.501 1481 1603 I am_wtf : [0,1481,system_server,-1,DisplayDeviceConfig,requesting nits when no mapping exists.]
11-12 05:23:32.517 1481 1603 I am_wtf : [0,1481,system_server,-1,DisplayDeviceConfig,requesting nits when no mapping exists.]
11-12 05:23:32.518 1481 1603 I am_wtf : [0,1481,system_server,-1,DisplayDeviceConfig,requesting nits when no mapping exists.]
11-12 05:23:32.533 1481 1603 I am_wtf : [0,1481,system_server,-1,DisplayDeviceConfig,requesting nits when no mapping exists.]
11-12 05:23:32.534 1481 1603 I am_wtf : [0,1481,system_server,-1,DisplayDeviceConfig,requesting nits when no mapping exists.]
11-12 05:23:32.550 1481 1603 I am_wtf : [0,1481,system_server,-1,DisplayDeviceConfig,requesting nits when no mapping exists.]
11-12 05:23:32.551 1481 1603 I am_wtf : [0,1481,system_server,-1,DisplayDeviceConfig,requesting nits when no mapping exists.]
11-12 05:23:32.567 1481 1603 I am_wtf : [0,1481,system_server,-1,DisplayDeviceConfig,requesting nits when no mapping exists.]
11-12 05:23:32.568 1481 1603 I am_wtf : [0,1481,system_server,-1,DisplayDeviceConfig,requesting nits when no mapping exists.]
11-12 05:23:32.583 1481 1603 I am_wtf : [0,1481,system_server,-1,DisplayDeviceConfig,requesting nits when no mapping exists.]
11-12 05:23:32.584 1481 1603 I am_wtf : [0,1481,system_server,-1,DisplayDeviceConfig,requesting nits when no mapping exists.]
11-12 05:23:32.601 1481 1603 I am_wtf : [0,1481,system_server,-1,DisplayDeviceConfig,requesting nits when no mapping exists.]
11-12 05:23:32.601 1481 1603 I am_wtf : [0,1481,system_server,-1,DisplayDeviceConfig,requesting nits when no mapping exists.]
11-12 05:23:32.617 1481 1603 I am_wtf : [0,1481,system_server,-1,DisplayDeviceConfig,requesting nits when no mapping exists.]
11-12 05:23:32.618 1481 1603 I am_wtf : [0,1481,system_server,-1,DisplayDeviceConfig,requesting nits when no mapping exists.]
11-12 05:23:32.634 1481 1603 I am_wtf : [0,1481,system_server,-1,DisplayDeviceConfig,requesting nits when no mapping exists.]
11-12 05:23:32.635 1481 1603 I am_wtf : [0,1481,system_server,-1,DisplayDeviceConfig,requesting nits when no mapping exists.]
11-12 05:23:32.652 1481 1603 I am_wtf : [0,1481,system_server,-1,DisplayDeviceConfig,requesting nits when no mapping exists.]
11-12 05:23:32.653 1481 1603 I am_wtf : [0,1481,system_server,-1,DisplayDeviceConfig,requesting nits when no mapping exists.]
11-12 05:23:32.667 1481 1603 I am_wtf : [0,1481,system_server,-1,DisplayDeviceConfig,requesting nits when no mapping exists.]
11-12 05:23:32.668 1481 1603 I am_wtf : [0,1481,system_server,-1,DisplayDeviceConfig,requesting nits when no mapping exists.]
11-12 05:23:32.684 1481 1603 I am_wtf : [0,1481,system_server,-1,DisplayDeviceConfig,requesting nits when no mapping exists.]
11-12 05:23:32.685 1481 1603 I am_wtf : [0,1481,system_server,-1,DisplayDeviceConfig,requesting nits when no mapping exists.]
11-12 05:23:32.701 1481 1603 I am_wtf : [0,1481,system_server,-1,DisplayDeviceConfig,requesting nits when no mapping exists.]
11-12 05:23:32.702 1481 1603 I am_wtf : [0,1481,system_server,-1,DisplayDeviceConfig,requesting nits when no mapping exists.]
11-12 05:23:32.717 1481 1603 I am_wtf : [0,1481,system_server,-1,DisplayDeviceConfig,requesting nits when no mapping exists.]
11-12 05:23:32.718 1481 1603 I am_wtf : [0,1481,system_server,-1,DisplayDeviceConfig,requesting nits when no mapping exists.]
11-12 05:23:32.734 1481 1603 I am_wtf : [0,1481,system_server,-1,DisplayDeviceConfig,requesting nits when no mapping exists.]
11-12 05:23:32.735 1481 1603 I am_wtf : [0,1481,system_server,-1,DisplayDeviceConfig,requesting nits when no mapping exists.]
11-12 05:23:32.751 1481 1603 I am_wtf : [0,1481,system_server,-1,DisplayDeviceConfig,requesting nits when no mapping exists.]
11-12 05:23:32.752 1481 1603 I am_wtf : [0,1481,system_server,-1,DisplayDeviceConfig,requesting nits when no mapping exists.]
11-12 05:23:32.768 1481 1603 I am_wtf : [0,1481,system_server,-1,DisplayDeviceConfig,requesting nits when no mapping exists.]
11-12 05:23:32.769 1481 1603 I am_wtf : [0,1481,system_server,-1,DisplayDeviceConfig,requesting nits when no mapping exists.]
11-12 05:23:32.784 1481 1603 I am_wtf : [0,1481,system_server,-1,DisplayDeviceConfig,requesting nits when no mapping exists.]
11-12 05:23:32.785 1481 1603 I am_wtf : [0,1481,system_server,-1,DisplayDeviceConfig,requesting nits when no mapping exists.]
11-12 05:23:32.786 1481 1603 I service_manager_stats: [100,60,71102]
11-12 05:23:32.801 1481 1603 I am_wtf : [0,1481,system_server,-1,DisplayDeviceConfig,requesting nits when no mapping exists.]
11-12 05:23:32.802 1481 1603 I am_wtf : [0,1481,system_server,-1,DisplayDeviceConfig,requesting nits when no mapping exists.]
11-12 05:23:32.818 1481 1603 I am_wtf : [0,1481,system_server,-1,DisplayDeviceConfig,requesting nits when no mapping exists.]
11-12 05:23:32.819 1481 1603 I am_wtf : [0,1481,system_server,-1,DisplayDeviceConfig,requesting nits when no mapping exists.]
11-12 05:23:32.834 1481 1603 I am_wtf : [0,1481,system_server,-1,DisplayDeviceConfig,requesting nits when no mapping exists.]
11-12 05:23:32.835 1481 1603 I am_wtf : [0,1481,system_server,-1,DisplayDeviceConfig,requesting nits when no mapping exists.]
11-12 05:23:32.851 1481 1603 I am_wtf : [0,1481,system_server,-1,DisplayDeviceConfig,requesting nits when no mapping exists.]
11-12 05:23:32.852 1481 1603 I am_wtf : [0,1481,system_server,-1,DisplayDeviceConfig,requesting nits when no mapping exists.]
11-12 05:23:32.869 1481 1603 I am_wtf : [0,1481,system_server,-1,DisplayDeviceConfig,requesting nits when no mapping exists.]
11-12 05:23:32.871 1481 1603 I am_wtf : [0,1481,system_server,-1,DisplayDeviceConfig,requesting nits when no mapping exists.]
11-12 05:23:32.885 1481 1603 I am_wtf : [0,1481,system_server,-1,DisplayDeviceConfig,requesting nits when no mapping exists.]
11-12 05:23:32.886 1481 1603 I am_wtf : [0,1481,system_server,-1,DisplayDeviceConfig,requesting nits when no mapping exists.]
11-12 05:23:32.901 1481 1603 I am_wtf : [0,1481,system_server,-1,DisplayDeviceConfig,requesting nits when no mapping exists.]
11-12 05:23:32.902 1481 1603 I am_wtf : [0,1481,system_server,-1,DisplayDeviceConfig,requesting nits when no mapping exists.]
11-12 05:23:32.918 1481 1603 I am_wtf : [0,1481,system_server,-1,DisplayDeviceConfig,requesting nits when no mapping exists.]
11-12 05:23:32.919 1481 1603 I am_wtf : [0,1481,system_server,-1,DisplayDeviceConfig,requesting nits when no mapping exists.]
11-12 05:23:32.934 1481 1603 I am_wtf : [0,1481,system_server,-1,DisplayDeviceConfig,requesting nits when no mapping exists.]
11-12 05:23:32.935 1481 1603 I am_wtf : [0,1481,system_server,-1,DisplayDeviceConfig,requesting nits when no mapping exists.]
11-12 05:23:32.951 1481 1603 I am_wtf : [0,1481,system_server,-1,DisplayDeviceConfig,requesting nits when no mapping exists.]
11-12 05:23:32.952 1481 1603 I am_wtf : [0,1481,system_server,-1,DisplayDeviceConfig,requesting nits when no mapping exists.]
11-12 05:23:32.968 1481 1603 I am_wtf : [0,1481,system_server,-1,DisplayDeviceConfig,requesting nits when no mapping exists.]
11-12 05:23:32.969 1481 1603 I am_wtf : [0,1481,system_server,-1,DisplayDeviceConfig,requesting nits when no mapping exists.]
11-12 05:23:32.985 1481 1603 I am_wtf : [0,1481,system_server,-1,DisplayDeviceConfig,requesting nits when no mapping exists.]
11-12 05:23:32.986 1481 1603 I am_wtf : [0,1481,system_server,-1,DisplayDeviceConfig,requesting nits when no mapping exists.]
11-12 05:23:33.001 1481 1603 I am_wtf : [0,1481,system_server,-1,DisplayDeviceConfig,requesting nits when no mapping exists.]
11-12 05:23:33.002 1481 1603 I am_wtf : [0,1481,system_server,-1,DisplayDeviceConfig,requesting nits when no mapping exists.]
11-12 05:23:33.018 1481 1603 I am_wtf : [0,1481,system_server,-1,DisplayDeviceConfig,requesting nits when no mapping exists.]
11-12 05:23:33.019 1481 1603 I am_wtf : [0,1481,system_server,-1,DisplayDeviceConfig,requesting nits when no mapping exists.]
11-12 05:23:33.036 1481 1603 I am_wtf : [0,1481,system_server,-1,DisplayDeviceConfig,requesting nits when no mapping exists.]
11-12 05:23:33.037 1481 1603 I am_wtf : [0,1481,system_server,-1,DisplayDeviceConfig,requesting nits when no mapping exists.]
11-12 05:23:33.051 1481 1603 I am_wtf : [0,1481,system_server,-1,DisplayDeviceConfig,requesting nits when no mapping exists.]
11-12 05:23:33.053 1481 1603 I am_wtf : [0,1481,system_server,-1,DisplayDeviceConfig,requesting nits when no mapping exists.]
11-12 05:23:33.068 1481 1603 I am_wtf : [0,1481,system_server,-1,DisplayDeviceConfig,requesting nits when no mapping exists.]
11-12 05:23:33.070 1481 1603 I am_wtf : [0,1481,system_server,-1,DisplayDeviceConfig,requesting nits when no mapping exists.]
11-12 05:23:33.085 1481 1603 I am_wtf : [0,1481,system_server,-1,DisplayDeviceConfig,requesting nits when no mapping exists.]
11-12 05:23:33.087 1481 1603 I am_wtf : [0,1481,system_server,-1,DisplayDeviceConfig,requesting nits when no mapping exists.]
11-12 05:23:33.102 1481 1603 I am_wtf : [0,1481,system_server,-1,DisplayDeviceConfig,requesting nits when no mapping exists.]
11-12 05:23:33.103 1481 1603 I am_wtf : [0,1481,system_server,-1,DisplayDeviceConfig,requesting nits when no mapping exists.]
11-12 05:23:33.119 1481 1603 I am_wtf : [0,1481,system_server,-1,DisplayDeviceConfig,requesting nits when no mapping exists.]
11-12 05:23:33.120 1481 1603 I am_wtf : [0,1481,system_server,-1,DisplayDeviceConfig,requesting nits when no mapping exists.]
11-12 05:23:33.135 1481 1603 I am_wtf : [0,1481,system_server,-1,DisplayDeviceConfig,requesting nits when no mapping exists.]
11-12 05:23:33.137 1481 1603 I am_wtf : [0,1481,system_server,-1,DisplayDeviceConfig,requesting nits when no mapping exists.]
11-12 05:23:33.152 1481 1603 I am_wtf : [0,1481,system_server,-1,DisplayDeviceConfig,requesting nits when no mapping exists.]
11-12 05:23:33.153 1481 1603 I am_wtf : [0,1481,system_server,-1,DisplayDeviceConfig,requesting nits when no mapping exists.]
11-12 05:23:33.169 1481 1603 I am_wtf : [0,1481,system_server,-1,DisplayDeviceConfig,requesting nits when no mapping exists.]
11-12 05:23:33.170 1481 1603 I am_wtf : [0,1481,system_server,-1,DisplayDeviceConfig,requesting nits when no mapping exists.]
11-12 05:23:33.186 1481 1603 I am_wtf : [0,1481,system_server,-1,DisplayDeviceConfig,requesting nits when no mapping exists.]
11-12 05:23:33.187 1481 1603 I am_wtf : [0,1481,system_server,-1,DisplayDeviceConfig,requesting nits when no mapping exists.]
11-12 05:23:33.202 1481 1603 I am_wtf : [0,1481,system_server,-1,DisplayDeviceConfig,requesting nits when no mapping exists.]
11-12 05:23:33.204 1481 1603 I am_wtf : [0,1481,system_server,-1,DisplayDeviceConfig,requesting nits when no mapping exists.]
11-12 05:23:33.219 1481 1603 I am_wtf : [0,1481,system_server,-1,DisplayDeviceConfig,requesting nits when no mapping exists.]
11-12 05:23:33.220 1481 1603 I am_wtf : [0,1481,system_server,-1,DisplayDeviceConfig,requesting nits when no mapping exists.]
11-12 05:23:33.327 0 0 I auditd : type=1400 audit(0.0:15748): avc: denied { kill } for comm="swapper/3" capability=5 scontext=u:r:kernel:s0 tcontext=u:r:kernel:s0 tclass=capability permissive=0
11-12 05:23:34.327 0 0 I auditd : type=1400 audit(0.0:15749): avc: denied { kill } for comm="swapper/3" capability=5 scontext=u:r:kernel:s0 tcontext=u:r:kernel:s0 tclass=capability permissive=0
11-12 05:23:35.327 0 0 I auditd : type=1400 audit(0.0:15750): avc: denied { kill } for comm="swapper/3" capability=5 scontext=u:r:kernel:s0 tcontext=u:r:kernel:s0 tclass=capability permissive=0
11-12 05:23:36.327 0 0 I auditd : type=1400 audit(0.0:15751): avc: denied { kill } for comm="swapper/3" capability=5 scontext=u:r:kernel:s0 tcontext=u:r:kernel:s0 tclass=capability permissive=0
11-12 05:23:37.327 0 0 I auditd : type=1400 audit(0.0:15752): avc: denied { kill } for comm="swapper/3" capability=5 scontext=u:r:kernel:s0 tcontext=u:r:kernel:s0 tclass=capability permissive=0
11-12 05:23:37.356 1481 1602 I am_pss : [15014,10084,com.android.music,62009344,54104064,0,191287296,0,10,16]
11-12 05:23:37.358 1481 7454 I sysui_multi_action: [757,856,758,2,806,com.android.music,857,Channel-music,858,2]
11-12 05:23:37.358 1481 1481 I notification_cancel_all: [1000,1481,com.android.music,0,0,0,20,NULL]
11-12 05:23:37.620 1481 1569 I commit_sys_config_file: [notification-policy,14807108]
11-12 05:23:38.327 0 0 I auditd : type=1400 audit(0.0:15753): avc: denied { kill } for comm="swapper/3" capability=5 scontext=u:r:kernel:s0 tcontext=u:r:kernel:s0 tclass=capability permissive=0
11-12 05:23:39.267 1481 1567 I sysui_multi_action: [757,222,758,1]
11-12 05:23:39.270 1481 1567 I am_uid_active: 10051
11-12 05:23:39.289 1481 7454 I wm_task_created: [228,-1]
11-12 05:23:39.293 1481 7454 I wm_task_moved: [228,1,7]
11-12 05:23:39.293 1481 7454 I wm_task_to_front: [0,228]
11-12 05:23:39.294 1481 7454 I wm_create_task: [0,228]
11-12 05:23:39.294 1481 7454 I wm_create_activity: [0,88765604,228,com.thundercomm.screensaver/android.service.dreams.DreamActivity,NULL,NULL,NULL,276824064]
11-12 05:23:39.294 1481 7454 I wm_task_moved: [228,1,7]
11-12 05:23:39.294 2522 2522 I wm_on_top_resumed_lost_called: [35371080,com.android.launcher3.uioverrides.QuickstepLauncher,topStateChangedWhenResumed]
11-12 05:23:39.296 1481 7454 I wm_pause_activity: [0,35371080,com.android.launcher3/.uioverrides.QuickstepLauncher,userLeaving=true,pauseBackTasks]
11-12 05:23:39.302 2522 2522 I wm_on_paused_called: [35371080,com.android.launcher3.uioverrides.QuickstepLauncher,performPause]
11-12 05:23:39.308 1481 5711 I wm_add_to_stopping: [0,35371080,com.android.launcher3/.uioverrides.QuickstepLauncher,makeInvisible]
11-12 05:23:39.309 1481 5711 I wm_restart_activity: [0,88765604,228,com.thundercomm.screensaver/android.service.dreams.DreamActivity]
11-12 05:23:39.312 1481 5711 I wm_set_resumed_activity: [0,com.thundercomm.screensaver/android.service.dreams.DreamActivity,minimalResumeActivityLocked]
11-12 05:23:39.321 1481 1570 I sysui_multi_action: [757,803,799,window_time_0,802,60]
11-12 05:23:39.328 1481 1680 I input_focus: [Focus leaving 18adad5 com.android.launcher3/com.android.launcher3.uioverrides.QuickstepLauncher (server),reason=NO_WINDOW]
11-12 05:23:39.330 4169 4169 I wm_on_create_called: [88765604,android.service.dreams.DreamActivity,performCreate]
11-12 05:23:39.331 4169 4169 I wm_on_start_called: [88765604,android.service.dreams.DreamActivity,handleStartActivity]
11-12 05:23:39.332 4169 4169 I wm_on_resume_called: [88765604,android.service.dreams.DreamActivity,RESUME_ACTIVITY]
11-12 05:23:39.337 4169 4169 I wm_on_top_resumed_gained_called: [88765604,android.service.dreams.DreamActivity,topStateChangedWhenResumed]
11-12 05:23:39.356 1481 1571 I input_focus: [Focus request 40c3710 com.thundercomm.screensaver/android.service.dreams.DreamActivity,reason=UpdateInputWindows]
11-12 05:23:39.362 1971 1971 I sysui_multi_action: [757,111,758,2]
11-12 05:23:39.362 1971 1971 I sysui_multi_action: [757,111,758,2]
11-12 05:23:39.363 1481 1481 I notification_enqueue: [10082,1971,com.android.systemui,2048,NULL,0,Notification(channel=updateNotification shortcut=null contentView=null vibrate=null sound=null defaults=0x0 flags=0x0 color=0x00000000 vis=PRIVATE),1]
11-12 05:23:39.369 1481 1567 I sysui_multi_action: [319,83,322,81,325,14818,757,761,758,8,759,2,806,com.thundercomm.screensaver,871,android.service.dreams.DreamActivity,904,com.thundercomm.screensaver,905,0,1320,4,1321,2]
11-12 05:23:39.370 1481 1567 I wm_activity_launch_time: [0,88765604,com.thundercomm.screensaver/android.service.dreams.DreamActivity,81]
11-12 05:23:39.373 1481 1620 I sysui_multi_action: [757,1696,758,6,759,3]
11-12 05:23:39.378 1971 1971 I sysui_multi_action: [757,111,758,1]
11-12 05:23:39.378 1971 1971 I sysui_multi_action: [757,126,758,1,759,126,927,0,928,0,1593,1]
11-12 05:23:39.378 1971 1971 I sysui_multi_action: [757,113,758,1,759,113,927,1,928,1,1593,1]
11-12 05:23:39.379 1971 1971 I sysui_multi_action: [757,0,758,1,759,0,927,2,928,0,1593,1]
11-12 05:23:39.379 1971 1971 I sysui_multi_action: [757,0,758,1,759,0,927,3,928,0,1593,1]
11-12 05:23:39.379 1971 1971 I sysui_multi_action: [757,491,758,1,759,491,927,4,928,0,1311,-1,1593,0]
11-12 05:23:39.379 1971 1971 I sysui_multi_action: [757,0,758,1,759,0,927,5,928,0,1593,0]
11-12 05:23:39.379 1971 1971 I sysui_multi_action: [757,111,758,1]
11-12 05:23:39.379 1971 1971 I sysui_multi_action: [757,126,758,1,759,126,927,0,928,0,1593,1]
11-12 05:23:39.379 1971 1971 I sysui_multi_action: [757,113,758,1,759,113,927,1,928,1,1593,1]
11-12 05:23:39.379 1971 1971 I sysui_multi_action: [757,0,758,1,759,0,927,2,928,0,1593,1]
11-12 05:23:39.379 1971 1971 I sysui_multi_action: [757,0,758,1,759,0,927,3,928,0,1593,1]
11-12 05:23:39.387 1481 1603 I am_wtf : [0,1481,system_server,-1,DisplayDeviceConfig,requesting nits when no mapping exists.]
11-12 05:23:39.387 1481 1603 I am_wtf : [0,1481,system_server,-1,DisplayDeviceConfig,requesting nits when no mapping exists.]
11-12 05:23:39.403 1481 1680 I input_focus: [Focus entering 40c3710 com.thundercomm.screensaver/android.service.dreams.DreamActivity (server),reason=Window became focusable. Previous reason: NOT_VISIBLE]
11-12 05:23:39.405 1481 1603 I am_wtf : [0,1481,system_server,-1,DisplayDeviceConfig,requesting nits when no mapping exists.]
11-12 05:23:39.406 1481 1603 I am_wtf : [0,1481,system_server,-1,DisplayDeviceConfig,requesting nits when no mapping exists.]
11-12 05:23:39.417 1481 1603 I am_uid_idle: 10084
11-12 05:23:39.421 1481 1603 I am_wtf : [0,1481,system_server,-1,DisplayDeviceConfig,requesting nits when no mapping exists.]
11-12 05:23:39.422 1481 1603 I am_wtf : [0,1481,system_server,-1,DisplayDeviceConfig,requesting nits when no mapping exists.]
11-12 05:23:39.442 1481 1603 I am_wtf : [0,1481,system_server,-1,DisplayDeviceConfig,requesting nits when no mapping exists.]
11-12 05:23:39.442 1481 1603 I am_wtf : [0,1481,system_server,-1,DisplayDeviceConfig,requesting nits when no mapping exists.]
11-12 05:23:39.454 1481 1603 I am_wtf : [0,1481,system_server,-1,DisplayDeviceConfig,requesting nits when no mapping exists.]
11-12 05:23:39.455 1481 1603 I am_wtf : [0,1481,system_server,-1,DisplayDeviceConfig,requesting nits when no mapping exists.]
11-12 05:23:39.469 1481 1603 I am_wtf : [0,1481,system_server,-1,DisplayDeviceConfig,requesting nits when no mapping exists.]
11-12 05:23:39.475 1481 1603 I am_wtf : [0,1481,system_server,-1,DisplayDeviceConfig,requesting nits when no mapping exists.]
11-12 05:23:39.487 1481 1603 I am_wtf : [0,1481,system_server,-1,DisplayDeviceConfig,requesting nits when no mapping exists.]
11-12 05:23:39.492 1481 1603 I am_wtf : [0,1481,system_server,-1,DisplayDeviceConfig,requesting nits when no mapping exists.]
11-12 05:23:39.505 1481 1603 I am_wtf : [0,1481,system_server,-1,DisplayDeviceConfig,requesting nits when no mapping exists.]
11-12 05:23:39.506 1481 1603 I am_wtf : [0,1481,system_server,-1,DisplayDeviceConfig,requesting nits when no mapping exists.]
11-12 05:23:39.521 1481 1603 I am_wtf : [0,1481,system_server,-1,DisplayDeviceConfig,requesting nits when no mapping exists.]
11-12 05:23:39.524 1481 1603 I am_wtf : [0,1481,system_server,-1,DisplayDeviceConfig,requesting nits when no mapping exists.]
11-12 05:23:39.537 1481 1603 I am_wtf : [0,1481,system_server,-1,DisplayDeviceConfig,requesting nits when no mapping exists.]
11-12 05:23:39.543 1481 1603 I am_wtf : [0,1481,system_server,-1,DisplayDeviceConfig,requesting nits when no mapping exists.]
11-12 05:23:39.556 1481 1603 I am_wtf : [0,1481,system_server,-1,DisplayDeviceConfig,requesting nits when no mapping exists.]
11-12 05:23:39.557 1481 1603 I am_wtf : [0,1481,system_server,-1,DisplayDeviceConfig,requesting nits when no mapping exists.]
11-12 05:23:39.567 1481 1481 I sysui_multi_action: [757,1501,758,1,793,14797712,794,0,795,211,796,2048,806,com.android.systemui,857,updateNotification,858,3,947,0,1500,0,1688,1]
11-12 05:23:39.570 1481 1481 I sysui_multi_action: [757,804,799,note_interruptive,801,0,802,1]
11-12 05:23:39.570 1481 1481 I sysui_multi_action: [757,199,758,1,759,2,793,14797715,794,0,795,214,796,2048,806,com.android.systemui,857,updateNotification,858,3,947,0,1500,3,1688,1]
11-12 05:23:39.571 1481 1481 I notification_alert: [0|com.android.systemui|2048|null|10082,0,1,0]
11-12 05:23:39.572 1481 1603 I am_wtf : [0,1481,system_server,-1,DisplayDeviceConfig,requesting nits when no mapping exists.]
11-12 05:23:39.577 1481 1603 I am_wtf : [0,1481,system_server,-1,DisplayDeviceConfig,requesting nits when no mapping exists.]
11-12 05:23:39.586 1481 1603 I am_wtf : [0,1481,system_server,-1,DisplayDeviceConfig,requesting nits when no mapping exists.]
11-12 05:23:39.587 1481 1603 I am_wtf : [0,1481,system_server,-1,DisplayDeviceConfig,requesting nits when no mapping exists.]
11-12 05:23:39.603 1481 1603 I am_wtf : [0,1481,system_server,-1,DisplayDeviceConfig,requesting nits when no mapping exists.]
11-12 05:23:39.609 1481 1603 I am_wtf : [0,1481,system_server,-1,DisplayDeviceConfig,requesting nits when no mapping exists.]
11-12 05:23:39.619 1481 1603 I am_wtf : [0,1481,system_server,-1,DisplayDeviceConfig,requesting nits when no mapping exists.]
11-12 05:23:39.620 1481 1603 I am_wtf : [0,1481,system_server,-1,DisplayDeviceConfig,requesting nits when no mapping exists.]
11-12 05:23:39.637 1481 1603 I am_wtf : [0,1481,system_server,-1,DisplayDeviceConfig,requesting nits when no mapping exists.]
11-12 05:23:39.638 1481 1603 I am_wtf : [0,1481,system_server,-1,DisplayDeviceConfig,requesting nits when no mapping exists.]
11-12 05:23:39.654 1481 1603 I am_wtf : [0,1481,system_server,-1,DisplayDeviceConfig,requesting nits when no mapping exists.]
11-12 05:23:39.655 1481 1603 I am_wtf : [0,1481,system_server,-1,DisplayDeviceConfig,requesting nits when no mapping exists.]
11-12 05:23:39.658 1481 1570 I wm_stop_activity: [0,35371080,com.android.launcher3/.uioverrides.QuickstepLauncher]
11-12 05:23:39.671 1481 1603 I am_wtf : [0,1481,system_server,-1,DisplayDeviceConfig,requesting nits when no mapping exists.]
11-12 05:23:39.672 1481 1603 I am_wtf : [0,1481,system_server,-1,DisplayDeviceConfig,requesting nits when no mapping exists.]
11-12 05:23:39.689 1481 1603 I am_wtf : [0,1481,system_server,-1,DisplayDeviceConfig,requesting nits when no mapping exists.]
11-12 05:23:39.690 1481 1603 I am_wtf : [0,1481,system_server,-1,DisplayDeviceConfig,requesting nits when no mapping exists.]
11-12 05:23:39.695 2522 2522 I wm_on_stop_called: [35371080,com.android.launcher3.uioverrides.QuickstepLauncher,STOP_ACTIVITY_ITEM]
11-12 05:23:39.705 1481 1603 I am_wtf : [0,1481,system_server,-1,DisplayDeviceConfig,requesting nits when no mapping exists.]
11-12 05:23:39.706 1481 1603 I am_wtf : [0,1481,system_server,-1,DisplayDeviceConfig,requesting nits when no mapping exists.]
11-12 05:23:39.719 1481 1603 I am_wtf : [0,1481,system_server,-1,DisplayDeviceConfig,requesting nits when no mapping exists.]
11-12 05:23:39.720 1481 1603 I am_wtf : [0,1481,system_server,-1,DisplayDeviceConfig,requesting nits when no mapping exists.]
11-12 05:23:39.721 1481 1603 I service_manager_stats: [100,71,6934]
11-12 05:23:39.734 1481 1603 I am_wtf : [0,1481,system_server,-1,DisplayDeviceConfig,requesting nits when no mapping exists.]
11-12 05:23:39.734 1481 1603 I am_wtf : [0,1481,system_server,-1,DisplayDeviceConfig,requesting nits when no mapping exists.]
11-12 05:23:39.750 1481 1603 I am_wtf : [0,1481,system_server,-1,DisplayDeviceConfig,requesting nits when no mapping exists.]
11-12 05:23:39.751 1481 1603 I am_wtf : [0,1481,system_server,-1,DisplayDeviceConfig,requesting nits when no mapping exists.]
11-12 05:23:39.768 1481 1603 I am_wtf : [0,1481,system_server,-1,DisplayDeviceConfig,requesting nits when no mapping exists.]
11-12 05:23:39.769 1481 1603 I am_wtf : [0,1481,system_server,-1,DisplayDeviceConfig,requesting nits when no mapping exists.]
11-12 05:23:39.785 1481 1603 I am_wtf : [0,1481,system_server,-1,DisplayDeviceConfig,requesting nits when no mapping exists.]
11-12 05:23:39.786 1481 1603 I am_wtf : [0,1481,system_server,-1,DisplayDeviceConfig,requesting nits when no mapping exists.]
11-12 05:23:39.801 1481 1603 I am_wtf : [0,1481,system_server,-1,DisplayDeviceConfig,requesting nits when no mapping exists.]
11-12 05:23:39.802 1481 1603 I am_wtf : [0,1481,system_server,-1,DisplayDeviceConfig,requesting nits when no mapping exists.]
11-12 05:23:39.818 1481 1603 I am_wtf : [0,1481,system_server,-1,DisplayDeviceConfig,requesting nits when no mapping exists.]
11-12 05:23:39.819 1481 1603 I am_wtf : [0,1481,system_server,-1,DisplayDeviceConfig,requesting nits when no mapping exists.]
11-12 05:23:39.835 1481 1603 I am_wtf : [0,1481,system_server,-1,DisplayDeviceConfig,requesting nits when no mapping exists.]
11-12 05:23:39.836 1481 1603 I am_wtf : [0,1481,system_server,-1,DisplayDeviceConfig,requesting nits when no mapping exists.]
11-12 05:23:39.851 1481 1603 I am_wtf : [0,1481,system_server,-1,DisplayDeviceConfig,requesting nits when no mapping exists.]
11-12 05:23:39.853 1481 1603 I am_wtf : [0,1481,system_server,-1,DisplayDeviceConfig,requesting nits when no mapping exists.]
11-12 05:23:39.868 1481 1603 I am_wtf : [0,1481,system_server,-1,DisplayDeviceConfig,requesting nits when no mapping exists.]
11-12 05:23:39.869 1481 1603 I am_wtf : [0,1481,system_server,-1,DisplayDeviceConfig,requesting nits when no mapping exists.]
11-12 05:23:39.886 1481 1603 I am_wtf : [0,1481,system_server,-1,DisplayDeviceConfig,requesting nits when no mapping exists.]
11-12 05:23:39.887 1481 1603 I am_wtf : [0,1481,system_server,-1,DisplayDeviceConfig,requesting nits when no mapping exists.]
11-12 05:23:39.903 1481 1603 I am_wtf : [0,1481,system_server,-1,DisplayDeviceConfig,requesting nits when no mapping exists.]
11-12 05:23:39.904 1481 1603 I am_wtf : [0,1481,system_server,-1,DisplayDeviceConfig,requesting nits when no mapping exists.]
11-12 05:23:39.918 1481 1603 I am_wtf : [0,1481,system_server,-1,DisplayDeviceConfig,requesting nits when no mapping exists.]
11-12 05:23:39.919 1481 1603 I am_wtf : [0,1481,system_server,-1,DisplayDeviceConfig,requesting nits when no mapping exists.]
11-12 05:23:39.937 1481 1603 I am_wtf : [0,1481,system_server,-1,DisplayDeviceConfig,requesting nits when no mapping exists.]
11-12 05:23:39.937 1481 1603 I am_wtf : [0,1481,system_server,-1,DisplayDeviceConfig,requesting nits when no mapping exists.]
11-12 05:23:39.951 1481 1603 I am_wtf : [0,1481,system_server,-1,DisplayDeviceConfig,requesting nits when no mapping exists.]
11-12 05:23:39.953 1481 1603 I am_wtf : [0,1481,system_server,-1,DisplayDeviceConfig,requesting nits when no mapping exists.]
11-12 05:23:39.969 1481 1603 I am_wtf : [0,1481,system_server,-1,DisplayDeviceConfig,requesting nits when no mapping exists.]
11-12 05:23:39.970 1481 1603 I am_wtf : [0,1481,system_server,-1,DisplayDeviceConfig,requesting nits when no mapping exists.]
11-12 05:23:39.985 1481 1603 I am_wtf : [0,1481,system_server,-1,DisplayDeviceConfig,requesting nits when no mapping exists.]
11-12 05:23:39.986 1481 1603 I am_wtf : [0,1481,system_server,-1,DisplayDeviceConfig,requesting nits when no mapping exists.]
11-12 05:23:40.003 1481 1603 I am_wtf : [0,1481,system_server,-1,DisplayDeviceConfig,requesting nits when no mapping exists.]
11-12 05:23:40.004 1481 1603 I am_wtf : [0,1481,system_server,-1,DisplayDeviceConfig,requesting nits when no mapping exists.]
11-12 05:23:40.018 1481 1603 I am_wtf : [0,1481,system_server,-1,DisplayDeviceConfig,requesting nits when no mapping exists.]
11-12 05:23:40.019 1481 1603 I am_wtf : [0,1481,system_server,-1,DisplayDeviceConfig,requesting nits when no mapping exists.]
11-12 05:23:40.035 1481 1603 I am_wtf : [0,1481,system_server,-1,DisplayDeviceConfig,requesting nits when no mapping exists.]
11-12 05:23:40.036 1481 1603 I am_wtf : [0,1481,system_server,-1,DisplayDeviceConfig,requesting nits when no mapping exists.]
11-12 05:23:40.052 1481 1603 I am_wtf : [0,1481,system_server,-1,DisplayDeviceConfig,requesting nits when no mapping exists.]
11-12 05:23:40.054 1481 1603 I am_wtf : [0,1481,system_server,-1,DisplayDeviceConfig,requesting nits when no mapping exists.]
11-12 05:23:40.071 1481 1603 I am_wtf : [0,1481,system_server,-1,DisplayDeviceConfig,requesting nits when no mapping exists.]
11-12 05:23:40.072 1481 1603 I am_wtf : [0,1481,system_server,-1,DisplayDeviceConfig,requesting nits when no mapping exists.]
11-12 05:23:40.085 1481 1603 I am_wtf : [0,1481,system_server,-1,DisplayDeviceConfig,requesting nits when no mapping exists.]
11-12 05:23:40.087 1481 1603 I am_wtf : [0,1481,system_server,-1,DisplayDeviceConfig,requesting nits when no mapping exists.]
11-12 05:23:40.103 1481 1603 I am_wtf : [0,1481,system_server,-1,DisplayDeviceConfig,requesting nits when no mapping exists.]
11-12 05:23:40.103 1481 1603 I am_wtf : [0,1481,system_server,-1,DisplayDeviceConfig,requesting nits when no mapping exists.]
11-12 05:23:40.121 1481 1603 I am_wtf : [0,1481,system_server,-1,DisplayDeviceConfig,requesting nits when no mapping exists.]
11-12 05:23:40.127 1481 1603 I am_wtf : [0,1481,system_server,-1,DisplayDeviceConfig,requesting nits when no mapping exists.]
11-12 05:23:40.138 1481 1603 I am_wtf : [0,1481,system_server,-1,DisplayDeviceConfig,requesting nits when no mapping exists.]
11-12 05:23:40.138 1481 1603 I am_wtf : [0,1481,system_server,-1,DisplayDeviceConfig,requesting nits when no mapping exists.]
11-12 05:23:40.155 1481 1603 I am_wtf : [0,1481,system_server,-1,DisplayDeviceConfig,requesting nits when no mapping exists.]
11-12 05:23:40.160 1481 1603 I am_wtf : [0,1481,system_server,-1,DisplayDeviceConfig,requesting nits when no mapping exists.]
11-12 05:23:40.174 1481 1603 I am_wtf : [0,1481,system_server,-1,DisplayDeviceConfig,requesting nits when no mapping exists.]
11-12 05:23:40.175 1481 1603 I am_wtf : [0,1481,system_server,-1,DisplayDeviceConfig,requesting nits when no mapping exists.]
11-12 05:23:40.192 1481 1603 I am_wtf : [0,1481,system_server,-1,DisplayDeviceConfig,requesting nits when no mapping exists.]
11-12 05:23:40.195 1481 1603 I am_wtf : [0,1481,system_server,-1,DisplayDeviceConfig,requesting nits when no mapping exists.]
11-12 05:23:40.209 1481 1603 I am_wtf : [0,1481,system_server,-1,DisplayDeviceConfig,requesting nits when no mapping exists.]
11-12 05:23:40.210 1481 1603 I am_wtf : [0,1481,system_server,-1,DisplayDeviceConfig,requesting nits when no mapping exists.]
11-12 05:23:40.226 1481 1603 I am_wtf : [0,1481,system_server,-1,DisplayDeviceConfig,requesting nits when no mapping exists.]
11-12 05:23:40.230 1481 1603 I am_wtf : [0,1481,system_server,-1,DisplayDeviceConfig,requesting nits when no mapping exists.]
11-12 05:23:40.236 1481 1603 I am_wtf : [0,1481,system_server,-1,DisplayDeviceConfig,requesting nits when no mapping exists.]
11-12 05:23:40.237 1481 1603 I am_wtf : [0,1481,system_server,-1,DisplayDeviceConfig,requesting nits when no mapping exists.]
11-12 05:23:40.252 1481 1603 I am_wtf : [0,1481,system_server,-1,DisplayDeviceConfig,requesting nits when no mapping exists.]
11-12 05:23:40.253 1481 1603 I am_wtf : [0,1481,system_server,-1,DisplayDeviceConfig,requesting nits when no mapping exists.]
11-12 05:23:40.270 1481 1603 I am_wtf : [0,1481,system_server,-1,DisplayDeviceConfig,requesting nits when no mapping exists.]
11-12 05:23:40.272 1481 1603 I am_wtf : [0,1481,system_server,-1,DisplayDeviceConfig,requesting nits when no mapping exists.]
11-12 05:23:40.286 1481 1603 I am_wtf : [0,1481,system_server,-1,DisplayDeviceConfig,requesting nits when no mapping exists.]
11-12 05:23:40.287 1481 1603 I am_wtf : [0,1481,system_server,-1,DisplayDeviceConfig,requesting nits when no mapping exists.]
11-12 05:23:40.303 1481 1603 I am_wtf : [0,1481,system_server,-1,DisplayDeviceConfig,requesting nits when no mapping exists.]
11-12 05:23:40.306 1481 1603 I am_wtf : [0,1481,system_server,-1,DisplayDeviceConfig,requesting nits when no mapping exists.]
11-12 05:23:40.324 1481 1603 I am_wtf : [0,1481,system_server,-1,DisplayDeviceConfig,requesting nits when no mapping exists.]
11-12 05:23:40.324 1481 1603 I am_wtf : [0,1481,system_server,-1,DisplayDeviceConfig,requesting nits when no mapping exists.]
11-12 05:23:40.339 1481 1603 I am_wtf : [0,1481,system_server,-1,DisplayDeviceConfig,requesting nits when no mapping exists.]
11-12 05:23:40.340 1481 1603 I am_wtf : [0,1481,system_server,-1,DisplayDeviceConfig,requesting nits when no mapping exists.]
11-12 05:23:41.327 0 0 I auditd : type=1400 audit(0.0:15754): avc: denied { kill } for comm="swapper/3" capability=5 scontext=u:r:kernel:s0 tcontext=u:r:kernel:s0 tclass=capability permissive=0
11-12 05:23:42.327 0 0 I auditd : type=1400 audit(0.0:15755): avc: denied { kill } for comm="swapper/3" capability=5 scontext=u:r:kernel:s0 tcontext=u:r:kernel:s0 tclass=capability permissive=0
11-12 05:23:43.327 0 0 I auditd : type=1400 audit(0.0:15756): avc: denied { kill } for comm="swapper/3" capability=5 scontext=u:r:kernel:s0 tcontext=u:r:kernel:s0 tclass=capability permissive=0
11-12 05:23:44.327 0 0 I auditd : type=1400 audit(0.0:15757): avc: denied { kill } for comm="swapper/3" capability=5 scontext=u:r:kernel:s0 tcontext=u:r:kernel:s0 tclass=capability permissive=0
11-12 05:23:45.327 0 0 I auditd : type=1400 audit(0.0:15758): avc: denied { kill } for comm="swapper/3" capability=5 scontext=u:r:kernel:s0 tcontext=u:r:kernel:s0 tclass=capability permissive=0
11-12 05:23:46.327 0 0 I auditd : type=1400 audit(0.0:15759): avc: denied { kill } for comm="swapper/3" capability=5 scontext=u:r:kernel:s0 tcontext=u:r:kernel:s0 tclass=capability permissive=0
11-12 05:23:47.327 0 0 I auditd : type=1400 audit(0.0:15760): avc: denied { kill } for comm="swapper/3" capability=5 scontext=u:r:kernel:s0 tcontext=u:r:kernel:s0 tclass=capability permissive=0
11-12 05:23:48.327 0 0 I auditd : type=1400 audit(0.0:15761): avc: denied { kill } for comm="swapper/3" capability=5 scontext=u:r:kernel:s0 tcontext=u:r:kernel:s0 tclass=capability permissive=0
11-12 05:23:49.327 0 0 I auditd : type=1400 audit(0.0:15762): avc: denied { kill } for comm="swapper/3" capability=5 scontext=u:r:kernel:s0 tcontext=u:r:kernel:s0 tclass=capability permissive=0
11-12 05:23:50.327 0 0 I auditd : type=1400 audit(0.0:15763): avc: denied { kill } for comm="swapper/3" capability=5 scontext=u:r:kernel:s0 tcontext=u:r:kernel:s0 tclass=capability permissive=0
11-12 05:23:51.327 0 0 I auditd : type=1400 audit(0.0:15764): avc: denied { kill } for comm="swapper/3" capability=5 scontext=u:r:kernel:s0 tcontext=u:r:kernel:s0 tclass=capability permissive=0
11-12 05:23:52.327 0 0 I auditd : type=1400 audit(0.0:15765): avc: denied { kill } for comm="swapper/3" capability=5 scontext=u:r:kernel:s0 tcontext=u:r:kernel:s0 tclass=capability permissive=0
11-12 05:23:53.327 0 0 I auditd : type=1400 audit(0.0:15766): avc: denied { kill } for comm="swapper/3" capability=5 scontext=u:r:kernel:s0 tcontext=u:r:kernel:s0 tclass=capability permissive=0
11-12 05:23:54.327 0 0 I auditd : type=1400 audit(0.0:15767): avc: denied { kill } for comm="swapper/3" capability=5 scontext=u:r:kernel:s0 tcontext=u:r:kernel:s0 tclass=capability permissive=0
11-12 05:23:55.327 0 0 I auditd : type=1400 audit(0.0:15768): avc: denied { kill } for comm="swapper/3" capability=5 scontext=u:r:kernel:s0 tcontext=u:r:kernel:s0 tclass=capability permissive=0
11-12 05:23:56.327 0 0 I auditd : type=1400 audit(0.0:15769): avc: denied { kill } for comm="swapper/3" capability=5 scontext=u:r:kernel:s0 tcontext=u:r:kernel:s0 tclass=capability permissive=0
11-12 05:23:57.327 0 0 I auditd : type=1400 audit(0.0:15770): avc: denied { kill } for comm="swapper/3" capability=5 scontext=u:r:kernel:s0 tcontext=u:r:kernel:s0 tclass=capability permissive=0
11-12 05:23:59.327 0 0 I auditd : type=1400 audit(0.0:15771): avc: denied { kill } for comm="swapper/3" capability=5 scontext=u:r:kernel:s0 tcontext=u:r:kernel:s0 tclass=capability permissive=0
11-12 05:24:01.327 0 0 I auditd : type=1400 audit(0.0:15772): avc: denied { kill } for comm="swapper/3" capability=5 scontext=u:r:kernel:s0 tcontext=u:r:kernel:s0 tclass=capability permissive=0
11-12 05:24:02.327 0 0 I auditd : type=1400 audit(0.0:15773): avc: denied { kill } for comm="swapper/3" capability=5 scontext=u:r:kernel:s0 tcontext=u:r:kernel:s0 tclass=capability permissive=0
11-12 05:24:03.327 0 0 I auditd : type=1400 audit(0.0:15774): avc: denied { kill } for comm="swapper/3" capability=5 scontext=u:r:kernel:s0 tcontext=u:r:kernel:s0 tclass=capability permissive=0
11-12 05:24:04.327 0 0 I auditd : type=1400 audit(0.0:15775): avc: denied { kill } for comm="swapper/3" capability=5 scontext=u:r:kernel:s0 tcontext=u:r:kernel:s0 tclass=capability permissive=0
11-12 05:24:05.327 0 0 I auditd : type=1400 audit(0.0:15776): avc: denied { kill } for comm="swapper/3" capability=5 scontext=u:r:kernel:s0 tcontext=u:r:kernel:s0 tclass=capability permissive=0
11-12 05:24:06.327 0 0 I auditd : type=1400 audit(0.0:15777): avc: denied { kill } for comm="swapper/3" capability=5 scontext=u:r:kernel:s0 tcontext=u:r:kernel:s0 tclass=capability permissive=0
11-12 05:24:07.327 0 0 I auditd : type=1400 audit(0.0:15778): avc: denied { kill } for comm="swapper/2" capability=5 scontext=u:r:kernel:s0 tcontext=u:r:kernel:s0 tclass=capability permissive=0
11-12 05:24:08.327 0 0 I auditd : type=1400 audit(0.0:15779): avc: denied { kill } for comm="swapper/2" capability=5 scontext=u:r:kernel:s0 tcontext=u:r:kernel:s0 tclass=capability permissive=0
11-12 05:24:09.327 0 0 I auditd : type=1400 audit(0.0:15780): avc: denied { kill } for comm="swapper/2" capability=5 scontext=u:r:kernel:s0 tcontext=u:r:kernel:s0 tclass=capability permissive=0
11-12 05:24:10.327 0 0 I auditd : type=1400 audit(0.0:15781): avc: denied { kill } for comm="swapper/2" capability=5 scontext=u:r:kernel:s0 tcontext=u:r:kernel:s0 tclass=capability permissive=0
11-12 05:24:11.327 0 0 I auditd : type=1400 audit(0.0:15782): avc: denied { kill } for comm="swapper/2" capability=5 scontext=u:r:kernel:s0 tcontext=u:r:kernel:s0 tclass=capability permissive=0
11-12 05:24:12.327 0 0 I auditd : type=1400 audit(0.0:15783): avc: denied { kill } for comm="swapper/2" capability=5 scontext=u:r:kernel:s0 tcontext=u:r:kernel:s0 tclass=capability permissive=0
11-12 05:24:13.327 0 0 I auditd : type=1400 audit(0.0:15784): avc: denied { kill } for comm="swapper/2" capability=5 scontext=u:r:kernel:s0 tcontext=u:r:kernel:s0 tclass=capability permissive=0
11-12 05:24:14.327 0 0 I auditd : type=1400 audit(0.0:15785): avc: denied { kill } for comm="swapper/2" capability=5 scontext=u:r:kernel:s0 tcontext=u:r:kernel:s0 tclass=capability permissive=0
11-12 05:24:15.327 0 0 I auditd : type=1400 audit(0.0:15786): avc: denied { kill } for comm="swapper/2" capability=5 scontext=u:r:kernel:s0 tcontext=u:r:kernel:s0 tclass=capability permissive=0
