11-12 05:31:06.859 793 3272 D audio_hw_primary: select_devices for use case (low-latency-playback)
11-12 05:31:06.859 793 3272 I msm8974_platform: platform_check_and_set_codec_backend_cfg:becf: afe: bitwidth 16, samplerate 48000 channels 2, backend_idx 0 usecase = 1 device (speaker)
11-12 05:31:06.859 793 3272 D msm8974_platform: platform_split_snd_device: snd_device(2) num devices(1) new_snd_devices(0)
11-12 05:31:06.859 793 3272 I msm8974_platform: platform_check_and_set_codec_backend_cfg: new_snd_devices[0] is 2
11-12 05:31:06.860 793 3272 I msm8974_platform: platform_check_codec_backend_cfg:becf: afe: bitwidth 16, samplerate 48000 channels 2, backend_idx 0 usecase = 1 device (speaker)
11-12 05:31:06.861 793 3272 D audio_hw_extn: audio_extn_enable_hifi_filter: mixer_value set 0
11-12 05:31:06.861 793 3272 D msm8974_platform: platform_check_codec_backend_cfg:becf: updated afe: bitwidth 16, samplerate 48000 channels 2,backend_idx 0 usecase = 1 device (speaker)
11-12 05:31:06.861 793 3272 D msm8974_platform: platform_check_codec_backend_cfg:becf: afe: playback on codec device not supporting native playback set default Sample Rate(48k)
11-12 05:31:06.861 793 3272 I msm8974_platform: platform_check_codec_backend_cfg:becf: afe: Codec selected backend: 0 updated bit width: 16 and sample rate: 48000
11-12 05:31:06.861 793 3272 D audio_hw_primary: check_usecases_codec_backend:becf: force routing 0
11-12 05:31:06.861 793 3272 E msm8974_platform: platform_check_backends_match: Invalid snd_device =
11-12 05:31:06.861 793 3272 D audio_hw_primary: check_usecases_codec_backend:becf: (78) check_usecases curr device: speaker, usecase device: backends match 0
11-12 05:31:06.861 793 3272 D audio_hw_primary: check_usecases_codec_backend:becf: check_usecases num.of Usecases to switch 0
11-12 05:31:06.861 793 3272 D hardware_info: hw_info_append_hw_type : device_name = speaker
11-12 05:31:06.861 793 3272 D msm8974_platform: platform_split_snd_device: snd_device(2) num devices(0) new_snd_devices(0)
11-12 05:31:06.861 793 3272 D audio_hw_primary: enable_snd_device: snd_device(2: speaker)
11-12 05:31:06.861 793 3272 D msm8974_platform: platform_get_island_cfg_on_device:island cfg status on snd_device = (speaker 0)
11-12 05:31:06.861 1481 1516 W AudioIDCMicroNegotiator: idcm_warn: idcm control is not enable
11-12 05:31:06.861 793 3272 I soundtrigger: audio_extn_sound_trigger_update_device_status: device 0x2 of type 0 for Event 1, with Raise=0
11-12 05:31:06.861 793 3272 D audio_route: Apply path: speaker
11-12 05:31:06.861 793 3272 I audio_hw_utils: audio_extn_utils_update_stream_output_app_type_cfg Allowing 24 and above bits playback on speaker ONLY at default sampling rate
11-12 05:31:06.861 793 3272 E soundtrigger: audio_extn_sound_trigger_update_stream_status: invalid input device 0x0, for event 3
11-12 05:31:06.861 793 3272 D soundtrigger: audio_extn_sound_trigger_update_stream_status: uc_info->id 1 of type 0 for Event 3, with Raise=0
11-12 05:31:06.861 793 3272 D audio_hw_utils: audio_extn_utils_send_app_type_cfg: usecase->out_snd_device speaker
11-12 05:31:06.861 793 3272 D msm8974_platform: platform_split_snd_device: snd_device(2) num devices(0) new_snd_devices(0)
11-12 05:31:06.861 793 3272 D audio_hw_utils: audio_extn_btsco_get_sample_rate:Not a BT SCO device, need not update sampling rate
11-12 05:31:06.861 793 3272 I audio_hw_utils: send_app_type_cfg_for_device PLAYBACK app_type 69937, acdb_dev_id 15, sample_rate 48000, snd_device_be_idx 179
11-12 05:31:06.861 793 3272 D msm8974_platform: platform_split_snd_device: snd_device(2) num devices(1) new_snd_devices(0)
11-12 05:31:06.861 793 3272 D audio_hw_utils: audio_extn_btsco_get_sample_rate:Not a BT SCO device, need not update sampling rate
11-12 05:31:06.862 793 3272 D ACDB-LOADER: ACDB -> send_audio_cal, acdb_id = 15, path = 0, app id = 0x11131, sample rate = 48000, afe_sample_rate = 48000
11-12 05:31:06.862 793 3272 D ACDB-LOADER: ACDB -> send_asm_topology
11-12 05:31:06.862 793 3272 D ACDB-LOADER: ACDB -> ACDB_CMD_GET_AUDPROC_STREAM_TOPOLOGY_ID
11-12 05:31:06.862 793 3272 D ACDB-LOADER: ACDB -> send_adm_topology
11-12 05:31:06.862 793 3272 D ACDB-LOADER: ACDB -> ACDB_CMD_GET_AUDPROC_COMMON_TOPOLOGY_ID
11-12 05:31:06.862 793 3272 D ACDB-LOADER: ACDB -> send_audtable
11-12 05:31:06.862 793 3272 D ACDB-LOADER: ACDB -> ACDB_CMD_GET_AUDPROC_INSTANCE_COMMON_TABLE_SIZE
11-12 05:31:06.862 793 3272 D ACDB-LOADER: ACDB -> ACDB_CMD_GET_AUDPROC_INSTANCE_COMMON_TABLE
11-12 05:31:06.862 793 3272 D ACDB-LOADER: ACDB -> AUDIO_SET_AUDPROC_CAL cal_type[11] acdb_id[15] app_type[69937]
11-12 05:31:06.862 793 3272 D ACDB-LOADER: ACDB -> send_audvoltable
11-12 05:31:06.862 793 3272 D ACDB-LOADER: ACDB -> ACDB_CMD_GET_AUDPROC_INSTANCE_GAIN_DEP_STEP_TABLE_SIZE
11-12 05:31:06.862 793 3272 D ACDB-LOADER: ACDB -> ACDB_CMD_GET_AUDPROC_INSTANCE_GAIN_DEP_STEP_TABLE, vol index 0
11-12 05:31:06.862 793 3272 D ACDB-LOADER: ACDB -> AUDIO_SET_VOL_CAL cal type = 12
11-12 05:31:06.862 793 3272 D ACDB-LOADER: ACDB -> ACDB_CMD_GET_AUDPROC_INSTANCE_STREAM_TABLE_SIZE
11-12 05:31:06.862 793 3272 D ACDB-LOADER: ACDB -> send_audstrmtable
11-12 05:31:06.862 793 3272 D ACDB-LOADER: ACDB -> ACDB_CMD_GET_AUDPROC_INSTANCE_STREAM_TABLE
11-12 05:31:06.862 793 3272 D ACDB-LOADER: ACDB -> audstrm_cal->cal_type.cal_data.cal_size = 20
11-12 05:31:06.862 793 3272 D ACDB-LOADER: ACDB -> send_afe_topology
11-12 05:31:06.862 793 3272 D ACDB-LOADER: ACDB -> ACDB_CMD_GET_AFE_TOPOLOGY_ID
11-12 05:31:06.862 793 3272 D ACDB-LOADER: ACDB -> GET_AFE_TOPOLOGY_ID for adcd_id 15, Topology Id 112fc
11-12 05:31:06.862 793 3272 D ACDB-LOADER: ACDB -> send_afe_cal
11-12 05:31:06.862 793 3272 D ACDB-LOADER: ACDB -> ACDB_CMD_GET_AFE_INSTANCE_COMMON_TABLE_SIZE
11-12 05:31:06.862 793 3272 D android.hardware.audio.service: Failed to fetch the lookup information of the device 0000000F
11-12 05:31:06.862 793 3272 D ACDB-LOADER: Error: ACDB_CMD_GET_AFE_INSTANCE_COMMON_TABLE_SIZE Returned = -19
11-12 05:31:06.862 793 3272 D ACDB-LOADER: ACDB -> ACDB_CMD_GET_AFE_INSTANCE_COMMON_TABLE
11-12 05:31:06.862 793 3272 D android.hardware.audio.service: Failed to fetch the lookup information of the device 0000000F
11-12 05:31:06.862 793 3272 D ACDB-LOADER: Error: ACDB AFE returned = -19
11-12 05:31:06.862 793 3272 D ACDB-LOADER: ACDB -> AUDIO_SET_AFE_CAL cal_type[16] acdb_id[15]
11-12 05:31:06.862 793 3272 D ACDB-LOADER: ACDB -> send_hw_delay : acdb_id = 15 path = 0
11-12 05:31:06.862 793 3272 D ACDB-LOADER: ACDB -> ACDB_AVSYNC_INFO: ACDB_CMD_GET_DEVICE_PROPERTY
11-12 05:31:06.862 793 3272 D msm8974_platform: platform_split_snd_device: snd_device(2) num devices(0) new_snd_devices(0)
11-12 05:31:06.862 793 3272 I msm8974_platform: platform_get_custom_mtmx_params: no matching param with id 0 ip_ch 2 op_ch 2 uc_id 1 snd_dev 2
11-12 05:31:06.862 793 3272 D audio_hw_primary: enable_audio_route: apply mixer and update path: low-latency-playback
11-12 05:31:06.862 793 3272 D audio_route: Apply path: low-latency-playback
11-12 05:31:06.863 793 3272 D audio_hw_primary: select_devices: done
11-12 05:31:06.867 12753 12816 D Avrcp_ext: AudioManager Player: AudioPlaybackConfiguration piid:71 deviceId:0 type:android.media.SoundPool u/pid:10082/1971 state:idle attr:AudioAttributes: usage=USAGE_ASSISTANCE_SONIFICATION content=CONTENT_TYPE_SONIFICATION flags=0x800 tags= bundle=null sessionId:0
11-12 05:31:06.867 12753 12816 D Avrcp_ext: AudioManager Player: AudioPlaybackConfiguration piid:63 deviceId:0 type:android.media.SoundPool u/pid:1000/1481 state:idle attr:AudioAttributes: usage=USAGE_ASSISTANCE_SONIFICATION content=CONTENT_TYPE_SONIFICATION flags=0x800 tags= bundle=null sessionId:0
11-12 05:31:06.868 12753 12816 D Avrcp_ext: AudioManager Player: AudioPlaybackConfiguration piid:767 deviceId:0 type:android.media.SoundPool u/pid:1000/9573 state:idle attr:AudioAttributes: usage=USAGE_ASSISTANCE_SONIFICATION content=CONTENT_TYPE_SONIFICATION flags=0x801 tags= bundle=null sessionId:0
11-12 05:31:06.868 12753 12816 D Avrcp_ext: AudioManager Player: AudioPlaybackConfiguration piid:1807 deviceId:3 type:android.media.MediaPlayer u/pid:10082/1971 state:started attr:AudioAttributes: usage=USAGE_NOTIFICATION content=CONTENT_TYPE_SONIFICATION flags=0x800 tags= bundle=null sessionId:0
11-12 05:31:06.869 12753 12816 D Avrcp_ext: AudioManager Player in started state: com.android.systemui
11-12 05:31:06.869 12753 12816 D Avrcp_ext: AudioManager Active Player: com.android.systemui
11-12 05:31:06.869 12753 12816 D Avrcp_ext: AudioManager isPlaying: true, mAudioPlaybackIsActive = true
11-12 05:31:06.882 643 658 I mpu_uart: [MSG-P:RECV]:No message received in 1000 ms
11-12 05:31:06.887 793 3272 D msm8974_platform: platform_set_channel_map mixer_ctl_name:Playback Channel Map9
11-12 05:31:06.888 793 3272 D msm8974_platform: platform_set_channel_map: set mapping(1 2 0 0 0 0 0 0) for channel:2
11-12 05:31:06.889 793 3272 E audio_hw_extn: audio_extn_perf_lock_release: Perf lock release error
11-12 05:31:06.889 793 3272 D audio_hw_primary: start_output_stream: exit
11-12 05:31:06.889 793 3272 D audio_hw_primary: out_write: retry previous failed cal level set
11-12 05:31:06.889 793 3272 D msm8974_platform: platform_split_snd_device: snd_device(2) num devices(1) new_snd_devices(0)
11-12 05:31:06.889 793 3272 D ACDB-LOADER: ACDB -> send_audvoltable
11-12 05:31:06.889 793 3272 D ACDB-LOADER: ACDB -> ACDB_CMD_GET_AUDPROC_INSTANCE_GAIN_DEP_STEP_TABLE_SIZE
11-12 05:31:06.889 793 3272 D ACDB-LOADER: ACDB -> ACDB_CMD_GET_AUDPROC_INSTANCE_GAIN_DEP_STEP_TABLE, vol index 5
11-12 05:31:06.889 793 3272 D ACDB-LOADER: ACDB -> AUDIO_SET_VOL_CAL cal type = 40
11-12 05:31:06.900 793 3333 D audio_hw_primary: out_set_parameters: enter: usecase(1: low-latency-playback) kvpairs: suspend_playback=true
11-12 05:31:06.900 793 3333 D audio_hw_extn: audio_extn_fm_set_parameters: Enter
11-12 05:31:06.903 1194 16225 D AudioTrack: getTimestamp_l(222): device stall time corrected using current time 15266387059330
11-12 05:31:06.908 793 3333 D audio_hw_primary: out_set_parameters: enter: usecase(1: low-latency-playback) kvpairs: suspend_playback=false
11-12 05:31:06.908 793 3333 D audio_hw_extn: audio_extn_fm_set_parameters: Enter
11-12 05:31:06.909 793 1792 D msm8974_platform: platform_split_snd_device: snd_device(2) num devices(1) new_snd_devices(0)
11-12 05:31:06.909 793 1792 D ACDB-LOADER: ACDB -> send_audvoltable
11-12 05:31:06.909 793 1792 D ACDB-LOADER: ACDB -> ACDB_CMD_GET_AUDPROC_INSTANCE_GAIN_DEP_STEP_TABLE_SIZE
11-12 05:31:06.909 793 1792 D ACDB-LOADER: ACDB -> ACDB_CMD_GET_AUDPROC_INSTANCE_GAIN_DEP_STEP_TABLE, vol index 4
11-12 05:31:06.909 793 1792 D ACDB-LOADER: ACDB -> AUDIO_SET_VOL_CAL cal type = 40
11-12 05:31:07.044 1481 2729 E TaskPersister: File error accessing recents directory (directory doesn't exist?).
11-12 05:31:07.114 1206 10079 I OMX-VENC: venc_dev: stats: avg. fps 58.90, bitrate 2442232
11-12 05:31:07.715 643 657 I mpu_uart: [MSG-P:R]:recv sync frame timeout
11-12 05:31:07.883 643 658 I mpu_uart: [MSG-P:RECV]:No message received in 1000 ms
11-12 05:31:08.159 1481 1680 I input_interaction: Interaction with: 8e9fb15 NotificationShade (server), swipe-up (server), edge-swipe (server), PointerEventDispatcher0 (server),
11-12 05:31:08.163 1206 10079 I OMX-VENC: venc_dev: stats: avg. fps 27.63, bitrate 273655
11-12 05:31:08.234 1971 9799 D ActivityLaunchAnimator: Starting intent with a launch animation
11-12 05:31:08.239 1481 1516 I ActivityTaskManager: START u0 {act=android.settings.NOTIFICATION_SETTINGS flg=0x1000c000 cmp=com.android.settings/.Settings$ConfigureNotificationSettingsActivity} from uid 10082
11-12 05:31:08.240 1481 1570 I EventSequenceValidator: inc AccIntentStartedEvents to 2
11-12 05:31:08.245 1481 1516 E ANDR-PERF-JNI: com_qualcomm_qtiperformance_native_perf_io_prefetch_start
11-12 05:31:08.247 1481 1516 I wm_task_created: [230,-1]
11-12 05:31:08.247 1481 1516 W ActivityTaskManager: Can't find TaskDisplayArea to determine support for multi window. Task id=230 attached=false
11-12 05:31:08.251 1194 16227 D CCodecBufferChannel: [c2.android.vorbis.decoder#432] buffers after EOS ignored (0 us)
11-12 05:31:08.252 1194 16227 D CCodecBufferChannel: [c2.android.vorbis.decoder#432] buffers after EOS ignored (0 us)
11-12 05:31:08.252 1481 1516 I wm_task_moved: [43,1,7]
11-12 05:31:08.253 1481 1516 I wm_focused_root_task: [0,0,43,230,reuseOrNewTask returnToHome]
11-12 05:31:08.253 1194 16225 D AudioTrack: stop(222): called with 82980 frames delivered
11-12 05:31:08.254 1481 1516 I wm_task_moved: [230,1,7]
11-12 05:31:08.254 16164 16164 I wm_on_top_resumed_lost_called: [131174045,com.android.settings.Settings,topStateChangedWhenResumed]
11-12 05:31:08.254 1481 1516 I wm_task_to_front: [0,230]
11-12 05:31:08.255 1481 1516 I wm_focused_root_task: [0,0,230,43,reuseOrNewTask]
11-12 05:31:08.255 1481 1516 I wm_create_task: [0,230]
11-12 05:31:08.255 1481 1516 I wm_create_activity: [0,181996100,230,com.android.settings/.Settings$ConfigureNotificationSettingsActivity,android.settings.NOTIFICATION_SETTINGS,NULL,NULL,268484608]
11-12 05:31:08.255 1481 1516 I wm_task_moved: [43,1,7]
11-12 05:31:08.256 1481 1516 I wm_focused_root_task: [0,0,43,230,positionChildAtTop returnToHome]
11-12 05:31:08.256 1481 1516 I wm_task_moved: [230,1,7]
11-12 05:31:08.256 1481 1516 I wm_focused_root_task: [0,0,230,43,positionChildAtTop]
11-12 05:31:08.259 1481 1516 D CompatibilityInfo: mCompatibilityFlags - 4
11-12 05:31:08.259 1481 1516 D CompatibilityInfo: applicationDensity - 240
11-12 05:31:08.259 858 3127 E ANDR-IOP: io prefetch is disabled
11-12 05:31:08.259 1481 1516 D CompatibilityInfo: applicationScale - 1.0
11-12 05:31:08.260 1481 1516 D ActivityTrigger: ActivityTrigger activityPauseTrigger
11-12 05:31:08.261 1481 1516 I wm_pause_activity: [0,131174045,com.android.settings/.Settings,userLeaving=true,pauseBackTasks]
11-12 05:31:08.267 1971 9799 D ActivityLaunchAnimator: launchResult=0 willAnimate=true isOnKeyguard=false
11-12 05:31:08.271 16164 16164 I sysui_multi_action: [757,35,758,2,1089,3787]
11-12 05:31:08.277 16164 16164 I sysui_multi_action: [757,746,758,2,1089,3563]
11-12 05:31:08.281 16164 16164 D BluetoothPan: Unbinding service...
11-12 05:31:08.285 1481 1570 I EventSequenceValidator: dec AccIntentStartedEvents to 1
11-12 05:31:08.286 9573 9585 I GameMode_ActivityMonitoringService: onForegroundActivitiesChanged uid 10081 pid 2522 fg true
11-12 05:31:08.288 16164 16164 I wm_on_paused_called: [131174045,com.android.settings.Settings,performPause]
11-12 05:31:08.292 1481 7454 I ActivityTaskManager: FOREGROUND_APPLICATION_CHANGED to com.android.settings.Settings$ConfigureNotificationSettingsActivity
11-12 05:31:08.292 1481 7454 I ActivityTaskManager: The Process com.android.settings Already Exists in BG. So sending its PID: 16164
11-12 05:31:08.293 1481 7454 W ActivityTaskManager: Tried to set launchTime (0) < mLastActivityLaunchTime (15263884)
11-12 05:31:08.293 1481 7454 I wm_add_to_stopping: [0,131174045,com.android.settings/.Settings,makeInvisible]
11-12 05:31:08.294 1481 7454 I wm_restart_activity: [0,181996100,230,com.android.settings/.Settings$ConfigureNotificationSettingsActivity]
11-12 05:31:08.294 1481 7454 D CompatibilityInfo: mCompatibilityFlags - 4
11-12 05:31:08.294 1481 7454 D CompatibilityInfo: applicationDensity - 240
11-12 05:31:08.294 1481 7454 D CompatibilityInfo: applicationScale - 1.0
11-12 05:31:08.295 1481 7454 I wm_set_resumed_activity: [0,com.android.settings/.Settings$ConfigureNotificationSettingsActivity,minimalResumeActivityLocked]
11-12 05:31:08.299 1481 1570 I sysui_multi_action: [757,803,799,window_time_0,802,4]
11-12 05:31:08.301 9573 9589 I GameMode_ActivityMonitoringService: Updating top task to: TaskInfoContainer [topActivity=ComponentInfo{com.android.settings/com.android.settings.Settings$ConfigureNotificationSettingsActivity}, taskId=230, stackId=230, userId=0, displayId=0, position=7
11-12 05:31:08.301 9573 9589 I GameMode_ActivityMonitoringService: Notifying about top task: TaskInfoContainer [topActivity=ComponentInfo{com.android.settings/com.android.settings.Settings$ConfigureNotificationSettingsActivity}, taskId=230, stackId=230, userId=0, displayId=0, position=7
11-12 05:31:08.301 9573 9589 E GameMode_ActivityMonitoringService: onActivityLaunch:com.android.settings
11-12 05:31:08.301 9573 9589 V GameMode_GameMode: judge isGame:com.android.settings
11-12 05:31:08.301 9573 9589 V GameMode_GpuUtils: fps:60
11-12 05:31:08.308 9573 9621 I GameMode_ActivityMonitoringService: onForegroundActivitiesChanged uid 10081 pid 2522 fg false
11-12 05:31:08.308 16164 16164 D SettingsActivity: Starting onCreate
11-12 05:31:08.310 9573 9589 D GameMode_GameMode: Show GameMode entry by service!
11-12 05:31:08.311 10569 13170 D QCCAuthMgr: SMQContentProvider query uri: content://com.qti.smq.Feedback.provider/smq_settings, selection: key=?, uri_matcher: 1
11-12 05:31:08.311 10569 13170 D QCCAuthMgr: SMQContentProvider query tableName: smq_settings
11-12 05:31:08.311 9573 9589 W ContextImpl: Calling a method in the system process without a qualified user: android.app.ContextImpl.startService:1816 android.content.ContextWrapper.startService:774 com.thundercomm.gamemode.ingame.services.GameModeActionUtils.startGameModeService:93 com.thundercomm.gamemode.ingame.services.GameModeActionUtils.startGameModeEntry:21 com.thundercomm.gamemode.ingame.services.ActivityMonitoringService$1.onActivityLaunch:127
11-12 05:31:08.314 16164 16164 D SettingsActivity: Starting to set activity title
11-12 05:31:08.317 9573 9589 D GameMode: getUriFor setting_content_uri_root = content://com.thundercomm.gamemode.api/gamemode_settings , name = gamemode_isgaming
11-12 05:31:08.318 1971 1971 D ActivityLaunchAnimator: Remote animation started
11-12 05:31:08.318 9573 9573 D GameMode_GameMode: type=hide_entry
11-12 05:31:08.318 1971 1971 D ActivityLaunchAnimator: Animation started
11-12 05:31:08.319 1481 1481 I GameModeConfig: Current uri is uri = content://com.thundercomm.gamemode.api/gamemode_settings/gamemode_isgaming
11-12 05:31:08.320 1481 1481 D GameMode: getUriFor setting_content_uri_root = content://com.thundercomm.gamemode.api/gamemode_settings , name = gamemode_isgaming
11-12 05:31:08.320 9573 9589 D GameMode: gamemode_isgaming set to 0
11-12 05:31:08.322 1481 7454 I ActivityTaskManager: START u0 {act=android.settings.NOTIFICATION_SETTINGS flg=0x1000c000 cmp=com.android.settings/.homepage.SettingsHomepageActivity (has extras)} from uid 1000
11-12 05:31:08.322 1481 7454 I wm_task_moved: [43,1,7]
11-12 05:31:08.322 1481 7454 I wm_focused_root_task: [0,0,43,230,bringingFoundTaskToFront returnToHome]
11-12 05:31:08.323 1481 7454 I wm_task_moved: [229,1,7]
11-12 05:31:08.323 1481 7454 I wm_task_to_front: [0,229]
11-12 05:31:08.323 1481 7454 I wm_focused_root_task: [0,0,229,43,bringingFoundTaskToFront]
11-12 05:31:08.323 1481 7454 I wm_set_resumed_activity: [0,com.android.settings/.Settings,bringingFoundTaskToFront]
11-12 05:31:08.323 1481 7454 I wm_finish_activity: [0,131174045,229,com.android.settings/.Settings,clear-task-all]
11-12 05:31:08.323 1481 7454 I wm_add_to_stopping: [0,181996100,com.android.settings/.Settings$ConfigureNotificationSettingsActivity,makeInvisible]
11-12 05:31:08.324 1481 1481 I GameModeConfig: isGameModeOn = true
11-12 05:31:08.324 1481 1481 I GameModeConfig: isGaming = false
11-12 05:31:08.324 1481 7454 I wm_task_moved: [43,1,7]
11-12 05:31:08.324 1481 7454 I wm_focused_root_task: [0,0,43,229,reuseOrNewTask returnToHome]
11-12 05:31:08.324 1481 7454 I wm_task_moved: [229,1,7]
11-12 05:31:08.324 1481 7454 I wm_focused_root_task: [0,0,229,43,reuseOrNewTask]
11-12 05:31:08.324 1481 7454 I wm_create_activity: [0,179338184,229,com.android.settings/.homepage.SettingsHomepageActivity,android.settings.NOTIFICATION_SETTINGS,NULL,NULL,272678912]
11-12 05:31:08.324 969 7630 D AF::TrackHandle: OpPlayAudio: track:230 usage:5 not muted
11-12 05:31:08.324 1481 7454 D CompatibilityInfo: mCompatibilityFlags - 4
11-12 05:31:08.324 1481 7454 D CompatibilityInfo: applicationDensity - 240
11-12 05:31:08.324 1481 7454 D CompatibilityInfo: applicationScale - 1.0
11-12 05:31:08.324 969 7630 D AF::TrackHandle: OpPlayAudio: track:230 usage:5 not muted
11-12 05:31:08.325 969 7630 D AF::TrackHandle: OpPlayAudio: track:230 usage:5 not muted
11-12 05:31:08.325 1481 7454 D ActivityTrigger: ActivityTrigger activityPauseTrigger
11-12 05:31:08.325 1481 7454 I wm_pause_activity: [0,181996100,com.android.settings/.Settings$ConfigureNotificationSettingsActivity,userLeaving=true,pauseBackTasks]
11-12 05:31:08.325 969 7630 D AF::TrackHandle: OpPlayAudio: track:230 usage:5 not muted
11-12 05:31:08.325 969 3266 D AF::TrackHandle: OpPlayAudio: track:230 usage:5 not muted
11-12 05:31:08.326 1481 1481 I GameModeConfig: isGameModeOn = true
11-12 05:31:08.326 1481 1481 I GameModeConfig: isGaming = false
11-12 05:31:08.326 1481 1481 I GameModeConfig: isDisableVoice = true
11-12 05:31:08.326 969 3266 D AF::TrackHandle: OpPlayAudio: track:230 usage:5 not muted
11-12 05:31:08.326 969 3266 D AF::TrackHandle: OpPlayAudio: track:230 usage:5 not muted
11-12 05:31:08.326 969 3266 D AF::TrackHandle: OpPlayAudio: track:230 usage:5 not muted
11-12 05:31:08.326 969 3266 D AF::TrackHandle: OpPlayAudio: track:230 usage:5 not muted
11-12 05:31:08.326 969 3266 D AF::TrackHandle: OpPlayAudio: track:230 usage:5 not muted
11-12 05:31:08.326 969 3266 D AF::TrackHandle: OpPlayAudio: track:230 usage:5 not muted
11-12 05:31:08.327 969 3266 D AF::TrackHandle: OpPlayAudio: track:230 usage:5 not muted
11-12 05:31:08.327 969 3266 D AF::TrackHandle: OpPlayAudio: track:230 usage:5 not muted
11-12 05:31:08.327 969 3266 D AF::TrackHandle: OpPlayAudio: track:230 usage:5 not muted
11-12 05:31:08.327 969 1758 D AF::TrackHandle: OpPlayAudio: track:230 usage:5 not muted
11-12 05:31:08.327 969 1758 D AF::TrackHandle: OpPlayAudio: track:230 usage:5 not muted
11-12 05:31:08.328 9573 9573 D GameMode_GameSettingsObserver: Game Data change!!!! uri = content://com.thundercomm.gamemode.api/gamemode_settings/gamemode_isgaming
11-12 05:31:08.328 9573 9573 D GameMode: getUriFor setting_content_uri_root = content://com.thundercomm.gamemode.api/gamemode_settings , name = gamemode_isgaming
11-12 05:31:08.329 1481 7454 I wm_finish_activity: [0,181996100,230,com.android.settings/.Settings$ConfigureNotificationSettingsActivity,app-request]
11-12 05:31:08.329 16164 16164 I wm_on_create_called: [181996100,com.android.settings.Settings$ConfigureNotificationSettingsActivity,performCreate]
11-12 05:31:08.330 9573 9573 D GameMode_GameMode:GameModeService: updateGlobalSettings = gamemode_isgaming
11-12 05:31:08.334 2522 2522 I wm_on_restart_called: [35371080,com.android.launcher3.uioverrides.QuickstepLauncher,performRestartActivity]
11-12 05:31:08.334 1481 1516 I ActivityTaskManager: FOREGROUND_APPLICATION_CHANGED to com.android.settings.homepage.SettingsHomepageActivity
11-12 05:31:08.334 2522 2522 I wm_on_start_called: [35371080,com.android.launcher3.uioverrides.QuickstepLauncher,handleStartActivity]
11-12 05:31:08.335 1481 1516 I ActivityTaskManager: The Process com.android.settings Already Exists in BG. So sending its PID: 16164
11-12 05:31:08.335 1481 1516 W ActivityTaskManager: Tried to set launchTime (0) < mLastActivityLaunchTime (15267778)
11-12 05:31:08.335 1481 1516 I wm_add_to_stopping: [0,35371080,com.android.launcher3/.uioverrides.QuickstepLauncher,makeInvisible]
11-12 05:31:08.335 1481 1516 I wm_restart_activity: [0,179338184,229,com.android.settings/.homepage.SettingsHomepageActivity]
11-12 05:31:08.335 1481 1516 D CompatibilityInfo: mCompatibilityFlags - 4
11-12 05:31:08.335 1481 1516 D CompatibilityInfo: applicationDensity - 240
11-12 05:31:08.335 1481 1516 D CompatibilityInfo: applicationScale - 1.0
11-12 05:31:08.336 1481 1516 I wm_set_resumed_activity: [0,com.android.settings/.homepage.SettingsHomepageActivity,minimalResumeActivityLocked]
11-12 05:31:08.338 9573 10440 I GameMode_ActivityMonitoringService: onForegroundActivitiesChanged uid 10081 pid 2522 fg true
11-12 05:31:08.340 16164 16164 I SettingsHomepageActivity: SettingsHomepageActivity: onCreate
11-12 05:31:08.341 1481 1570 I wm_stop_activity: [0,35371080,com.android.launcher3/.uioverrides.QuickstepLauncher]
11-12 05:31:08.341 1481 1570 I sysui_multi_action: [757,803,799,window_time_0,802,0]
11-12 05:31:08.343 16164 16164 E ThemeUtils: View class androidx.appcompat.widget.AppCompatImageView is an AppCompat widget that can only be used with a Theme.AppCompat theme (or descendant).
11-12 05:31:08.353 9573 9589 I GameMode_ActivityMonitoringService: Updating top task to: TaskInfoContainer [topActivity=ComponentInfo{com.android.settings/com.android.settings.Settings$ConfigureNotificationSettingsActivity}, taskId=230, stackId=230, userId=0, displayId=0, position=7
11-12 05:31:08.355 9573 9589 I GameMode_ActivityMonitoringService: Notifying about top task: TaskInfoContainer [topActivity=ComponentInfo{com.android.settings/com.android.settings.Settings$ConfigureNotificationSettingsActivity}, taskId=230, stackId=230, userId=0, displayId=0, position=7
11-12 05:31:08.355 9573 9589 E GameMode_ActivityMonitoringService: onActivityLaunch:com.android.settings
11-12 05:31:08.355 9573 9589 V GameMode_GameMode: judge isGame:com.android.settings
11-12 05:31:08.355 9573 9589 V GameMode_GpuUtils: fps:60
11-12 05:31:08.357 16164 16164 D AvatarViewMixin: Feature disabled by config. Skipping
11-12 05:31:08.359 16164 16164 I wm_on_create_called: [179338184,com.android.settings.homepage.SettingsHomepageActivity,performCreate]
11-12 05:31:08.358 10569 13170 D QCCAuthMgr: SMQContentProvider query uri: content://com.qti.smq.Feedback.provider/smq_settings, selection: key=?, uri_matcher: 1
11-12 05:31:08.359 10569 13170 D QCCAuthMgr: SMQContentProvider query tableName: smq_settings
11-12 05:31:08.360 9573 9589 D GameMode_GameMode: Show GameMode entry by service!
11-12 05:31:08.360 16164 16164 D PrefCtrlListHelper: Could not find Context-only controller for pref: com.android.settings.network.TopLevelNetworkEntryPreferenceController
11-12 05:31:08.361 16164 16164 D PrefCtrlListHelper: Could not find Context-only controller for pref: com.android.settings.connecteddevice.TopLevelConnectedDevicesPreferenceController
11-12 05:31:08.361 9573 9589 W ContextImpl: Calling a method in the system process without a qualified user: android.app.ContextImpl.startService:1816 android.content.ContextWrapper.startService:774 com.thundercomm.gamemode.ingame.services.GameModeActionUtils.startGameModeService:93 com.thundercomm.gamemode.ingame.services.GameModeActionUtils.startGameModeEntry:21 com.thundercomm.gamemode.ingame.services.ActivityMonitoringService$1.onActivityLaunch:127
11-12 05:31:08.361 16164 16164 D PrefCtrlListHelper: Could not find Context-only controller for pref: com.android.settings.fuelgauge.TopLevelBatteryPreferenceController
11-12 05:31:08.361 16164 16164 D PrefCtrlListHelper: Could not find Context-only controller for pref: com.android.settings.deviceinfo.TopLevelStoragePreferenceController
11-12 05:31:08.361 16164 16164 D PrefCtrlListHelper: Could not find Context-only controller for pref: com.android.settings.display.TopLevelDisplayPreferenceController
11-12 05:31:08.361 16164 16164 D PrefCtrlListHelper: Could not find Context-only controller for pref: com.android.settings.display.TopLevelWallpaperPreferenceController
11-12 05:31:08.361 16164 16164 D PrefCtrlListHelper: Could not find Context-only controller for pref: com.android.settings.accessibility.TopLevelAccessibilityPreferenceController
11-12 05:31:08.361 16164 16164 D PrefCtrlListHelper: Could not find Context-only controller for pref: com.android.settings.security.TopLevelSecurityEntryPreferenceController
11-12 05:31:08.361 16164 16164 D PrefCtrlListHelper: Could not find Context-only controller for pref: com.android.settings.location.TopLevelLocationPreferenceController
11-12 05:31:08.361 2522 2522 D StateManager: goToState: Normal
11-12 05:31:08.362 2522 2522 I wm_on_stop_called: [35371080,com.android.launcher3.uioverrides.QuickstepLauncher,STOP_ACTIVITY_ITEM]
11-12 05:31:08.362 16164 16164 D PrefCtrlListHelper: Could not find Context-only controller for pref: com.android.settings.accounts.TopLevelAccountEntryPreferenceController
11-12 05:31:08.362 16164 16164 D PrefCtrlListHelper: Could not find Context-only controller for pref: com.android.settings.deviceinfo.aboutphone.TopLevelAboutDevicePreferenceController
11-12 05:31:08.362 16164 16164 D PrefCtrlListHelper: Could not find Context-only controller for pref: com.android.settings.support.SupportPreferenceController
11-12 05:31:08.363 1481 7454 E UserRestrictionsUtils: Unknown restriction queried by uid 1000 (com.thundercomm.tchttpserver et al): null
11-12 05:31:08.363 1481 7454 E UserRestrictionsUtils: Unknown restriction queried by uid 1000 (com.thundercomm.tchttpserver et al): null
11-12 05:31:08.363 1481 7454 E UserRestrictionsUtils: Unknown restriction queried by uid 1000 (com.thundercomm.tchttpserver et al): null
11-12 05:31:08.364 1481 7454 E UserRestrictionsUtils: Unknown restriction queried by uid 1000 (com.thundercomm.tchttpserver et al): null
11-12 05:31:08.364 1481 7454 E UserRestrictionsUtils: Unknown restriction queried by uid 1000 (com.thundercomm.tchttpserver et al): null
11-12 05:31:08.364 1481 7454 E UserRestrictionsUtils: Unknown restriction queried by uid 1000 (com.thundercomm.tchttpserver et al): null
11-12 05:31:08.364 1481 7454 E UserRestrictionsUtils: Unknown restriction queried by uid 1000 (com.thundercomm.tchttpserver et al): null
11-12 05:31:08.364 1481 7454 E UserRestrictionsUtils: Unknown restriction queried by uid 1000 (com.thundercomm.tchttpserver et al): null
11-12 05:31:08.364 9573 9573 D GameMode_GameMode: type=hide_entry
11-12 05:31:08.364 1481 7454 E UserRestrictionsUtils: Unknown restriction queried by uid 1000 (com.thundercomm.tchttpserver et al): null
11-12 05:31:08.365 1481 7454 E UserRestrictionsUtils: Unknown restriction queried by uid 1000 (com.thundercomm.tchttpserver et al): null
11-12 05:31:08.365 1481 7454 E UserRestrictionsUtils: Unknown restriction queried by uid 1000 (com.thundercomm.tchttpserver et al): null
11-12 05:31:08.365 1481 7454 E UserRestrictionsUtils: Unknown restriction queried by uid 1000 (com.thundercomm.tchttpserver et al): null
11-12 05:31:08.365 1481 4393 W InputManager-JNI: Input channel object '7e86b0 Splash Screen com.android.settings (client)' was disposed without first being removed with the input manager!
11-12 05:31:08.365 1481 7454 E UserRestrictionsUtils: Unknown restriction queried by uid 1000 (com.thundercomm.tchttpserver et al): null
11-12 05:31:08.365 1481 7454 E UserRestrictionsUtils: Unknown restriction queried by uid 1000 (com.thundercomm.tchttpserver et al): null
11-12 05:31:08.366 1481 1980 E UserRestrictionsUtils: Unknown restriction queried by uid 1000 (com.thundercomm.tchttpserver et al): null
11-12 05:31:08.366 1481 1980 E UserRestrictionsUtils: Unknown restriction queried by uid 1000 (com.thundercomm.tchttpserver et al): null
11-12 05:31:08.366 1481 2114 E UserRestrictionsUtils: Unknown restriction queried by uid 1000 (com.thundercomm.tchttpserver et al): null
11-12 05:31:08.366 1481 2114 E UserRestrictionsUtils: Unknown restriction queried by uid 1000 (com.thundercomm.tchttpserver et al): null
11-12 05:31:08.366 16164 16164 W InstrumentedPrefFrag: Screen title missing for fragment com.android.settings.homepage.TopLevelSettings
11-12 05:31:08.367 16164 16164 D TopLevelSettings: NO dashboard tiles for TopLevelSettings
11-12 05:31:08.367 16164 16164 D TopLevelSettings: All preferences added, reporting fully drawn
11-12 05:31:08.369 9573 9589 D GameMode: getUriFor setting_content_uri_root = content://com.thundercomm.gamemode.api/gamemode_settings , name = gamemode_isgaming
11-12 05:31:08.372 16164 16164 W BatteryBroadcastRcvr: Problem reading the battery meter.
11-12 05:31:08.373 16164 16164 I wm_on_start_called: [179338184,com.android.settings.homepage.SettingsHomepageActivity,handleStartActivity]
11-12 05:31:08.373 16164 16164 I snet_event_log: [120484087,-1,]
11-12 05:31:08.373 1481 1481 I GameModeConfig: Current uri is uri = content://com.thundercomm.gamemode.api/gamemode_settings/gamemode_isgaming
11-12 05:31:08.373 16164 16164 I TopLevelSettings: TopLevelSettings: TopLevelSettings::com.android.settings.network.NetworkDashboardFragment
11-12 05:31:08.373 1481 1481 D GameMode: getUriFor setting_content_uri_root = content://com.thundercomm.gamemode.api/gamemode_settings , name = gamemode_isgaming
11-12 05:31:08.374 16164 16164 I wm_on_resume_called: [179338184,com.android.settings.homepage.SettingsHomepageActivity,RESUME_ACTIVITY]
11-12 05:31:08.374 16164 16164 I sysui_multi_action: [757,35,758,1,833,0,1089,14]
11-12 05:31:08.376 1971 5360 D ActivityLaunchAnimator: Remote animation was cancelled
11-12 05:31:08.376 1481 1481 I GameModeConfig: isGameModeOn = true
11-12 05:31:08.376 1481 1481 I GameModeConfig: isGaming = false
11-12 05:31:08.376 9573 9589 D GameMode: gamemode_isgaming set to 0
11-12 05:31:08.376 1481 1481 I GameModeConfig: isGameModeOn = true
11-12 05:31:08.376 1481 1481 I GameModeConfig: isGaming = false
11-12 05:31:08.376 1481 1481 I GameModeConfig: isDisableVoice = true
11-12 05:31:08.377 969 1758 D AF::TrackHandle: OpPlayAudio: track:230 usage:5 not muted
11-12 05:31:08.377 969 1758 D AF::TrackHandle: OpPlayAudio: track:230 usage:5 not muted
11-12 05:31:08.377 969 1758 D AF::TrackHandle: OpPlayAudio: track:230 usage:5 not muted
11-12 05:31:08.377 969 1758 D AF::TrackHandle: OpPlayAudio: track:230 usage:5 not muted
11-12 05:31:08.378 969 1758 D AF::TrackHandle: OpPlayAudio: track:230 usage:5 not muted
11-12 05:31:08.378 16164 16164 I sysui_multi_action: [757,1729,758,4,854,isParalleledControllers:false,1089,18]
11-12 05:31:08.379 1971 1987 W System : A resource failed to call close.
11-12 05:31:08.379 1971 1987 W System : A resource failed to call release.
11-12 05:31:08.380 969 1758 D AF::TrackHandle: OpPlayAudio: track:230 usage:5 not muted
11-12 05:31:08.381 1971 1971 D ActivityLaunchAnimator: Animation ended
11-12 05:31:08.382 1481 1730 I GameModeConfig: isGameModeOn = true
11-12 05:31:08.382 1481 1730 I GameModeConfig: isGaming = false
11-12 05:31:08.382 1481 1730 I GameModeConfig: isGameModeOn = true
11-12 05:31:08.382 1481 1730 I GameModeConfig: isGaming = false
11-12 05:31:08.383 1481 1730 I GameModeConfig: isGameModeOn = true
11-12 05:31:08.383 1481 1730 I GameModeConfig: isGaming = false
11-12 05:31:08.383 1481 1730 I GameModeConfig: isGameModeOn = true
11-12 05:31:08.383 1481 1730 I GameModeConfig: isGaming = false
11-12 05:31:08.383 16164 16164 I wm_on_top_resumed_gained_called: [179338184,com.android.settings.homepage.SettingsHomepageActivity,topStateChangedWhenResumed]
11-12 05:31:08.383 1971 1971 I sysui_multi_action: [757,111,758,2]
11-12 05:31:08.383 16164 16164 W BatteryBroadcastRcvr: Problem reading the battery meter.
11-12 05:31:08.384 1971 1971 I sysui_multi_action: [757,111,758,2]
11-12 05:31:08.384 1971 1987 W System : A resource failed to call release.
11-12 05:31:08.384 16164 16190 D BatteryInfo: time for getStats: 0ms
11-12 05:31:08.384 1971 1987 W System : A resource failed to call close.
11-12 05:31:08.385 16164 16236 D UsageGraph: No enabled state changed, skipping updateCategory call
11-12 05:31:08.385 1971 1987 W System : A resource failed to call release.
11-12 05:31:08.385 16164 16212 D BatteryTipLoader: BatteryInfoLoader post query: 0ms
11-12 05:31:08.386 16164 16212 D BatteryInfo: time for getBatteryInfo: 1ms
11-12 05:31:08.386 16164 16212 D BatteryTipLoader: BatteryInfoLoader.loadInBackground: 1ms
11-12 05:31:08.386 1481 1481 I notification_enqueue: [10082,1971,com.android.systemui,2048,NULL,0,Notification(channel=updateNotification shortcut=null contentView=null vibrate=null sound=null defaults=0x0 flags=0x0 color=0x00000000 vis=PRIVATE),1]
11-12 05:31:08.387 16164 16190 D BatteryInfo: time for regular BatteryInfo: 3ms
11-12 05:31:08.387 16164 16190 D BatteryInfo: time for getBatteryInfo: 0ms
11-12 05:31:08.389 9573 9589 I GameMode_ActivityMonitoringService: Updating top task to: TaskInfoContainer [topActivity=ComponentInfo{com.android.settings/com.android.settings.homepage.SettingsHomepageActivity}, taskId=229, stackId=229, userId=0, displayId=0, position=7
11-12 05:31:08.389 9573 9589 I GameMode_ActivityMonitoringService: Notifying about top task: TaskInfoContainer [topActivity=ComponentInfo{com.android.settings/com.android.settings.homepage.SettingsHomepageActivity}, taskId=229, stackId=229, userId=0, displayId=0, position=7
11-12 05:31:08.389 9573 9589 E GameMode_ActivityMonitoringService: onActivityLaunch:com.android.settings
11-12 05:31:08.389 9573 9589 V GameMode_GameMode: judge isGame:com.android.settings
11-12 05:31:08.389 16164 16237 D BatteryInfo: time for getStats: 0ms
11-12 05:31:08.389 9573 9589 V GameMode_GpuUtils: fps:60
11-12 05:31:08.390 969 1758 D AF::TrackHandle: OpPlayAudio: track:230 usage:5 not muted
11-12 05:31:08.390 969 1758 D AF::TrackHandle: OpPlayAudio: track:230 usage:5 not muted
11-12 05:31:08.390 969 1758 D AF::TrackHandle: OpPlayAudio: track:230 usage:5 not muted
11-12 05:31:08.390 969 1758 D AF::TrackHandle: OpPlayAudio: track:230 usage:5 not muted
11-12 05:31:08.390 969 1758 D AF::TrackHandle: OpPlayAudio: track:230 usage:5 not muted
11-12 05:31:08.390 969 1758 D AF::TrackHandle: OpPlayAudio: track:230 usage:5 not muted
11-12 05:31:08.390 16164 16193 D BatteryTipLoader: BatteryInfoLoader post query: 0ms
11-12 05:31:08.390 9573 9573 D GameMode_GameSettingsObserver: Game Data change!!!! uri = content://com.thundercomm.gamemode.api/gamemode_settings/gamemode_isgaming
11-12 05:31:08.390 9573 9573 D GameMode: getUriFor setting_content_uri_root = content://com.thundercomm.gamemode.api/gamemode_settings , name = gamemode_isgaming
11-12 05:31:08.391 969 7630 D AF::TrackHandle: OpPlayAudio: track:230 usage:5 not muted
11-12 05:31:08.391 16164 16193 D BatteryInfo: time for getBatteryInfo: 1ms
11-12 05:31:08.391 16164 16193 D BatteryTipLoader: BatteryInfoLoader.loadInBackground: 1ms
11-12 05:31:08.391 969 7630 D AF::TrackHandle: OpPlayAudio: track:230 usage:5 not muted
11-12 05:31:08.391 1481 1602 W UsageStatsService: Unexpected activity event reported! (com.android.launcher3/com.android.launcher3.uioverrides.QuickstepLauncher event : 23 instanceId : 81121884)
11-12 05:31:08.391 16164 16237 D BatteryInfo: time for regular BatteryInfo: 2ms
11-12 05:31:08.391 16164 16237 D BatteryInfo: time for getBatteryInfo: 0ms
11-12 05:31:08.391 969 7630 D AF::TrackHandle: OpPlayAudio: track:230 usage:5 not muted
11-12 05:31:08.391 969 7630 D AF::TrackHandle: OpPlayAudio: track:230 usage:5 not muted
11-12 05:31:08.392 9573 10440 I GameMode_ActivityMonitoringService: onForegroundActivitiesChanged uid 10081 pid 2522 fg false
11-12 05:31:08.392 9573 9589 D GameMode_GameMode: Show GameMode entry by service!
11-12 05:31:08.393 9573 9589 W ContextImpl: Calling a method in the system process without a qualified user: android.app.ContextImpl.startService:1816 android.content.ContextWrapper.startService:774 com.thundercomm.gamemode.ingame.services.GameModeActionUtils.startGameModeService:93 com.thundercomm.gamemode.ingame.services.GameModeActionUtils.startGameModeEntry:21 com.thundercomm.gamemode.ingame.services.ActivityMonitoringService$1.onActivityLaunch:127
11-12 05:31:08.395 9573 9589 D GameMode: getUriFor setting_content_uri_root = content://com.thundercomm.gamemode.api/gamemode_settings , name = gamemode_isgaming
11-12 05:31:08.395 9573 9573 D GameMode_GameMode:GameModeService: updateGlobalSettings = gamemode_isgaming
11-12 05:31:08.397 1481 1481 I GameModeConfig: Current uri is uri = content://com.thundercomm.gamemode.api/gamemode_settings/gamemode_isgaming
11-12 05:31:08.397 1481 1481 D GameMode: getUriFor setting_content_uri_root = content://com.thundercomm.gamemode.api/gamemode_settings , name = gamemode_isgaming
11-12 05:31:08.397 9573 9589 D GameMode: gamemode_isgaming set to 0
11-12 05:31:08.397 9573 9573 D GameMode_GameSettingsObserver: Game Data change!!!! uri = content://com.thundercomm.gamemode.api/gamemode_settings/gamemode_isgaming
11-12 05:31:08.397 9573 9573 D GameMode: getUriFor setting_content_uri_root = content://com.thundercomm.gamemode.api/gamemode_settings , name = gamemode_isgaming
11-12 05:31:08.401 9573 9589 I GameMode_ActivityMonitoringService: Updating top task to: TaskInfoContainer [topActivity=ComponentInfo{com.android.settings/com.android.settings.homepage.SettingsHomepageActivity}, taskId=229, stackId=229, userId=0, displayId=0, position=7
11-12 05:31:08.401 9573 9589 I GameMode_ActivityMonitoringService: Notifying about top task: TaskInfoContainer [topActivity=ComponentInfo{com.android.settings/com.android.settings.homepage.SettingsHomepageActivity}, taskId=229, stackId=229, userId=0, displayId=0, position=7
11-12 05:31:08.401 9573 9589 E GameMode_ActivityMonitoringService: onActivityLaunch:com.android.settings
11-12 05:31:08.401 9573 9589 V GameMode_GameMode: judge isGame:com.android.settings
11-12 05:31:08.401 9573 9573 D GameMode_GameMode: type=hide_entry
11-12 05:31:08.402 9573 9589 V GameMode_GpuUtils: fps:60
11-12 05:31:08.403 9573 9589 D GameMode_GameMode: Show GameMode entry by service!
11-12 05:31:08.402 1481 1481 I GameModeConfig: isGameModeOn = true
11-12 05:31:08.404 1481 1481 I GameModeConfig: isGaming = false
11-12 05:31:08.404 1481 1481 I GameModeConfig: isGameModeOn = true
11-12 05:31:08.404 1481 1481 I GameModeConfig: isGaming = false
11-12 05:31:08.404 1481 1481 I GameModeConfig: isDisableVoice = true
11-12 05:31:08.406 969 7630 D AF::TrackHandle: OpPlayAudio: track:230 usage:5 not muted
11-12 05:31:08.406 969 7630 D AF::TrackHandle: OpPlayAudio: track:230 usage:5 not muted
11-12 05:31:08.406 969 7630 D AF::TrackHandle: OpPlayAudio: track:230 usage:5 not muted
11-12 05:31:08.406 969 7630 D AF::TrackHandle: OpPlayAudio: track:230 usage:5 not muted
11-12 05:31:08.406 969 7630 D AF::TrackHandle: OpPlayAudio: track:230 usage:5 not muted
11-12 05:31:08.407 969 7630 D AF::TrackHandle: OpPlayAudio: track:230 usage:5 not muted
11-12 05:31:08.407 969 7630 D AF::TrackHandle: OpPlayAudio: track:230 usage:5 not muted
11-12 05:31:08.407 969 7630 D AF::TrackHandle: OpPlayAudio: track:230 usage:5 not muted
11-12 05:31:08.407 969 7630 D AF::TrackHandle: OpPlayAudio: track:230 usage:5 not muted
11-12 05:31:08.407 969 7630 D AF::TrackHandle: OpPlayAudio: track:230 usage:5 not muted
11-12 05:31:08.407 969 7630 D AF::TrackHandle: OpPlayAudio: track:230 usage:5 not muted
11-12 05:31:08.407 9573 9589 W ContextImpl: Calling a method in the system process without a qualified user: android.app.ContextImpl.startService:1816 android.content.ContextWrapper.startService:774 com.thundercomm.gamemode.ingame.services.GameModeActionUtils.startGameModeService:93 com.thundercomm.gamemode.ingame.services.GameModeActionUtils.startGameModeEntry:21 com.thundercomm.gamemode.ingame.services.ActivityMonitoringService$1.onActivityLaunch:127
11-12 05:31:08.407 969 7630 D AF::TrackHandle: OpPlayAudio: track:230 usage:5 not muted
11-12 05:31:08.407 969 7630 D AF::TrackHandle: OpPlayAudio: track:230 usage:5 not muted
11-12 05:31:08.407 969 7630 D AF::TrackHandle: OpPlayAudio: track:230 usage:5 not muted
11-12 05:31:08.407 969 7630 D AF::TrackHandle: OpPlayAudio: track:230 usage:5 not muted
11-12 05:31:08.407 969 7630 D AF::TrackHandle: OpPlayAudio: track:230 usage:5 not muted
11-12 05:31:08.409 9573 9573 D GameMode_GameMode:GameModeService: updateGlobalSettings = gamemode_isgaming
11-12 05:31:08.412 1971 1971 I sysui_multi_action: [757,111,758,1]
11-12 05:31:08.412 1971 1971 I sysui_multi_action: [757,126,758,1,759,126,927,0,928,0,1593,1]
11-12 05:31:08.412 1971 1971 I sysui_multi_action: [757,113,758,1,759,113,927,1,928,1,1593,1]
11-12 05:31:08.412 1971 1971 I sysui_multi_action: [757,0,758,1,759,0,927,2,928,0,1593,1]
11-12 05:31:08.412 1971 1971 I sysui_multi_action: [757,0,758,1,759,0,927,3,928,0,1593,1]
11-12 05:31:08.413 1971 1971 I sysui_multi_action: [757,491,758,1,759,491,927,4,928,0,1311,-1,1593,0]
11-12 05:31:08.413 1971 1971 I sysui_multi_action: [757,0,758,1,759,0,927,5,928,0,1593,0]
11-12 05:31:08.413 1971 1971 I sysui_multi_action: [757,111,758,1]
11-12 05:31:08.413 1971 1971 I sysui_multi_action: [757,126,758,1,759,126,927,0,928,0,1593,1]
11-12 05:31:08.413 1971 1971 I sysui_multi_action: [757,113,758,1,759,113,927,1,928,1,1593,1]
11-12 05:31:08.413 1971 1971 I sysui_multi_action: [757,0,758,1,759,0,927,2,928,0,1593,1]
11-12 05:31:08.413 1971 1971 I sysui_multi_action: [757,0,758,1,759,0,927,3,928,0,1593,1]
11-12 05:31:08.413 9573 9589 D GameMode: getUriFor setting_content_uri_root = content://com.thundercomm.gamemode.api/gamemode_settings , name = gamemode_isgaming
11-12 05:31:08.416 1971 1971 W View : requestLayout() improperly called by com.android.systemui.util.animation.UniqueObjectHostView{2e6e327 V.E...... ......ID 0,0-650,188} during layout: running second layout pass
11-12 05:31:08.416 1481 1571 I input_focus: [Focus request 6b57e28 com.android.settings/com.android.settings.homepage.SettingsHomepageActivity,reason=UpdateInputWindows]
11-12 05:31:08.416 9573 9573 D GameMode_GameMode: type=hide_entry
11-12 05:31:08.416 1481 1481 I GameModeConfig: Current uri is uri = content://com.thundercomm.gamemode.api/gamemode_settings/gamemode_isgaming
11-12 05:31:08.416 1481 1481 D GameMode: getUriFor setting_content_uri_root = content://com.thundercomm.gamemode.api/gamemode_settings , name = gamemode_isgaming
11-12 05:31:08.416 9573 9589 D GameMode: gamemode_isgaming set to 0
11-12 05:31:08.418 1481 1481 I GameModeConfig: isGameModeOn = true
11-12 05:31:08.418 1481 1481 I GameModeConfig: isGaming = false
11-12 05:31:08.418 1481 1481 I GameModeConfig: isGameModeOn = true
11-12 05:31:08.418 1481 1481 I GameModeConfig: isGaming = false
11-12 05:31:08.418 1481 1481 I GameModeConfig: isDisableVoice = true
11-12 05:31:08.418 969 7630 D AF::TrackHandle: OpPlayAudio: track:230 usage:5 not muted
11-12 05:31:08.419 969 7630 D AF::TrackHandle: OpPlayAudio: track:230 usage:5 not muted
11-12 05:31:08.421 969 1758 D AF::TrackHandle: OpPlayAudio: track:230 usage:5 not muted
11-12 05:31:08.421 969 1758 D AF::TrackHandle: OpPlayAudio: track:230 usage:5 not muted
11-12 05:31:08.421 969 1758 D AF::TrackHandle: OpPlayAudio: track:230 usage:5 not muted
11-12 05:31:08.421 969 1758 D AF::TrackHandle: OpPlayAudio: track:230 usage:5 not muted
11-12 05:31:08.422 969 1758 D AF::TrackHandle: OpPlayAudio: track:230 usage:5 not muted
11-12 05:31:08.422 969 1758 D AF::TrackHandle: OpPlayAudio: track:230 usage:5 not muted
11-12 05:31:08.422 969 1758 D AF::TrackHandle: OpPlayAudio: track:230 usage:5 not muted
11-12 05:31:08.422 969 1758 D AF::TrackHandle: OpPlayAudio: track:230 usage:5 not muted
11-12 05:31:08.422 969 1758 D AF::TrackHandle: OpPlayAudio: track:230 usage:5 not muted
11-12 05:31:08.422 969 1758 D AF::TrackHandle: OpPlayAudio: track:230 usage:5 not muted
11-12 05:31:08.422 969 1758 D AF::TrackHandle: OpPlayAudio: track:230 usage:5 not muted
11-12 05:31:08.422 969 1758 D AF::TrackHandle: OpPlayAudio: track:230 usage:5 not muted
11-12 05:31:08.422 969 1758 D AF::TrackHandle: OpPlayAudio: track:230 usage:5 not muted
11-12 05:31:08.422 969 1758 D AF::TrackHandle: OpPlayAudio: track:230 usage:5 not muted
11-12 05:31:08.425 1481 1730 I GameModeConfig: isGameModeOn = true
11-12 05:31:08.426 1481 1730 I GameModeConfig: isGaming = false
11-12 05:31:08.426 1481 1730 I GameModeConfig: isGameModeOn = true
11-12 05:31:08.426 1481 1730 I GameModeConfig: isGaming = false
11-12 05:31:08.426 9573 9573 D GameMode_GameSettingsObserver: Game Data change!!!! uri = content://com.thundercomm.gamemode.api/gamemode_settings/gamemode_isgaming
11-12 05:31:08.426 1481 1730 I GameModeConfig: isGameModeOn = true
11-12 05:31:08.426 1481 1730 I GameModeConfig: isGaming = false
11-12 05:31:08.426 1481 1730 I GameModeConfig: isGameModeOn = true
11-12 05:31:08.426 1481 1730 I GameModeConfig: isGaming = false
11-12 05:31:08.426 9573 9573 D GameMode: getUriFor setting_content_uri_root = content://com.thundercomm.gamemode.api/gamemode_settings , name = gamemode_isgaming
11-12 05:31:08.427 1481 1777 I sysui_multi_action: [757,128,758,2,793,2294207,794,1813,795,2294207,796,26,798,0,806,android,857,DEVELOPER_IMPORTANT,858,4,947,0,1395,2,1500,2293993,1688,1]
11-12 05:31:08.427 1481 1777 I notification_visibility: [-1|android|26|null|1000,0,2294207,2294207,0,0]
11-12 05:31:08.427 1481 1777 I sysui_multi_action: [757,128,758,2,793,2294204,794,1812,795,2294204,796,32,798,1,806,android,857,USB,858,1,947,0,1395,2,1500,2293992,1688,1]
11-12 05:31:08.427 1481 1777 I notification_visibility: [-1|android|32|null|1000,0,2294204,2294204,0,1]
11-12 05:31:08.427 1971 1971 I sysui_multi_action: [757,111,758,2]
11-12 05:31:08.427 1971 1971 I sysui_multi_action: [757,111,758,2]
11-12 05:31:08.427 1481 1481 I notification_enqueue: [10082,1971,com.android.systemui,2048,NULL,0,Notification(channel=updateNotification shortcut=null contentView=null vibrate=null sound=null defaults=0x0 flags=0x0 color=0x00000000 vis=PRIVATE),1]
11-12 05:31:08.428 16164 16164 D BatteryInfo: time for callback: 0ms
11-12 05:31:08.428 16164 16164 D BatteryInfo: time for callback: 0ms
11-12 05:31:08.429 1481 1777 I sysui_multi_action: [757,127,758,2]
11-12 05:31:08.429 1481 1777 I notification_panel_hidden:
11-12 05:31:08.430 1971 1971 D StatusBar: disable disable2
11-12 05:31:08.433 1481 1680 I input_focus: [Focus leaving 8e9fb15 NotificationShade (server),reason=NOT_FOCUSABLE]
11-12 05:31:08.434 9573 9573 D GameMode_GameMode:GameModeService: updateGlobalSettings = gamemode_isgaming
11-12 05:31:08.434 1481 1567 I wm_activity_launch_time: [0,179338184,com.android.settings/.homepage.SettingsHomepageActivity,193]
