11-12 05:28:35.327 0 0 I auditd : type=1400 audit(0.0:16040): avc: denied { kill } for comm="swapper/3" capability=5 scontext=u:r:kernel:s0 tcontext=u:r:kernel:s0 tclass=capability permissive=0
11-12 05:28:36.327 0 0 I auditd : type=1400 audit(0.0:16041): avc: denied { kill } for comm="swapper/3" capability=5 scontext=u:r:kernel:s0 tcontext=u:r:kernel:s0 tclass=capability permissive=0
11-12 05:28:37.327 0 0 I auditd : type=1400 audit(0.0:16042): avc: denied { kill } for comm="swapper/3" capability=5 scontext=u:r:kernel:s0 tcontext=u:r:kernel:s0 tclass=capability permissive=0
11-12 05:28:38.327 0 0 I auditd : type=1400 audit(0.0:16043): avc: denied { kill } for comm="swapper/3" capability=5 scontext=u:r:kernel:s0 tcontext=u:r:kernel:s0 tclass=capability permissive=0
11-12 05:28:39.327 0 0 I auditd : type=1400 audit(0.0:16044): avc: denied { kill } for comm="swapper/3" capability=5 scontext=u:r:kernel:s0 tcontext=u:r:kernel:s0 tclass=capability permissive=0
11-12 05:28:40.327 0 0 I auditd : type=1400 audit(0.0:16045): avc: denied { kill } for comm="swapper/3" capability=5 scontext=u:r:kernel:s0 tcontext=u:r:kernel:s0 tclass=capability permissive=0
11-12 05:28:41.327 0 0 I auditd : type=1400 audit(0.0:16046): avc: denied { kill } for comm="swapper/3" capability=5 scontext=u:r:kernel:s0 tcontext=u:r:kernel:s0 tclass=capability permissive=0
11-12 05:28:42.327 0 0 I auditd : type=1400 audit(0.0:16047): avc: denied { kill } for comm="swapper/3" capability=5 scontext=u:r:kernel:s0 tcontext=u:r:kernel:s0 tclass=capability permissive=0
11-12 05:28:43.327 0 0 I auditd : type=1400 audit(0.0:16048): avc: denied { kill } for comm="swapper/3" capability=5 scontext=u:r:kernel:s0 tcontext=u:r:kernel:s0 tclass=capability permissive=0
11-12 05:28:44.327 0 0 I auditd : type=1400 audit(0.0:16049): avc: denied { kill } for comm="swapper/3" capability=5 scontext=u:r:kernel:s0 tcontext=u:r:kernel:s0 tclass=capability permissive=0
11-12 05:28:45.327 0 0 I auditd : type=1400 audit(0.0:16050): avc: denied { kill } for comm="swapper/3" capability=5 scontext=u:r:kernel:s0 tcontext=u:r:kernel:s0 tclass=capability permissive=0
11-12 05:28:46.327 0 0 I auditd : type=1400 audit(0.0:16051): avc: denied { kill } for comm="swapper/3" capability=5 scontext=u:r:kernel:s0 tcontext=u:r:kernel:s0 tclass=capability permissive=0
11-12 05:28:47.327 0 0 I auditd : type=1400 audit(0.0:16052): avc: denied { kill } for comm="swapper/3" capability=5 scontext=u:r:kernel:s0 tcontext=u:r:kernel:s0 tclass=capability permissive=0
11-12 05:28:48.327 0 0 I auditd : type=1400 audit(0.0:16053): avc: denied { kill } for comm="swapper/3" capability=5 scontext=u:r:kernel:s0 tcontext=u:r:kernel:s0 tclass=capability permissive=0
11-12 05:28:49.327 0 0 I auditd : type=1400 audit(0.0:16054): avc: denied { kill } for comm="swapper/3" capability=5 scontext=u:r:kernel:s0 tcontext=u:r:kernel:s0 tclass=capability permissive=0
11-12 05:28:50.327 0 0 I auditd : type=1400 audit(0.0:16055): avc: denied { kill } for comm="swapper/3" capability=5 scontext=u:r:kernel:s0 tcontext=u:r:kernel:s0 tclass=capability permissive=0
11-12 05:28:51.327 0 0 I auditd : type=1400 audit(0.0:16056): avc: denied { kill } for comm="swapper/3" capability=5 scontext=u:r:kernel:s0 tcontext=u:r:kernel:s0 tclass=capability permissive=0
11-12 05:28:52.327 0 0 I auditd : type=1400 audit(0.0:16057): avc: denied { kill } for comm="swapper/3" capability=5 scontext=u:r:kernel:s0 tcontext=u:r:kernel:s0 tclass=capability permissive=0
11-12 05:28:53.327 0 0 I auditd : type=1400 audit(0.0:16058): avc: denied { kill } for comm="swapper/3" capability=5 scontext=u:r:kernel:s0 tcontext=u:r:kernel:s0 tclass=capability permissive=0
11-12 05:28:54.327 0 0 I auditd : type=1400 audit(0.0:16059): avc: denied { kill } for comm="swapper/3" capability=5 scontext=u:r:kernel:s0 tcontext=u:r:kernel:s0 tclass=capability permissive=0
11-12 05:28:55.327 0 0 I auditd : type=1400 audit(0.0:16060): avc: denied { kill } for comm="swapper/3" capability=5 scontext=u:r:kernel:s0 tcontext=u:r:kernel:s0 tclass=capability permissive=0
11-12 05:28:56.327 0 0 I auditd : type=1400 audit(0.0:16061): avc: denied { kill } for comm="swapper/3" capability=5 scontext=u:r:kernel:s0 tcontext=u:r:kernel:s0 tclass=capability permissive=0
11-12 05:28:57.327 0 0 I auditd : type=1400 audit(0.0:16062): avc: denied { kill } for comm="swapper/3" capability=5 scontext=u:r:kernel:s0 tcontext=u:r:kernel:s0 tclass=capability permissive=0
11-12 05:28:59.327 0 0 I auditd : type=1400 audit(0.0:16063): avc: denied { kill } for comm="swapper/3" capability=5 scontext=u:r:kernel:s0 tcontext=u:r:kernel:s0 tclass=capability permissive=0
11-12 05:29:03.327 0 0 I auditd : type=1400 audit(0.0:16064): avc: denied { kill } for comm="swapper/3" capability=5 scontext=u:r:kernel:s0 tcontext=u:r:kernel:s0 tclass=capability permissive=0
11-12 05:29:04.327 0 0 I auditd : type=1400 audit(0.0:16065): avc: denied { kill } for comm="swapper/3" capability=5 scontext=u:r:kernel:s0 tcontext=u:r:kernel:s0 tclass=capability permissive=0
11-12 05:29:05.327 0 0 I auditd : type=1400 audit(0.0:16066): avc: denied { kill } for comm="swapper/3" capability=5 scontext=u:r:kernel:s0 tcontext=u:r:kernel:s0 tclass=capability permissive=0
11-12 05:29:06.327 0 0 I auditd : type=1400 audit(0.0:16067): avc: denied { kill } for comm="swapper/3" capability=5 scontext=u:r:kernel:s0 tcontext=u:r:kernel:s0 tclass=capability permissive=0
11-12 05:29:07.327 0 0 I auditd : type=1400 audit(0.0:16068): avc: denied { kill } for comm="swapper/3" capability=5 scontext=u:r:kernel:s0 tcontext=u:r:kernel:s0 tclass=capability permissive=0
11-12 05:29:08.327 0 0 I auditd : type=1400 audit(0.0:16069): avc: denied { kill } for comm="swapper/3" capability=5 scontext=u:r:kernel:s0 tcontext=u:r:kernel:s0 tclass=capability permissive=0
11-12 05:29:09.327 0 0 I auditd : type=1400 audit(0.0:16070): avc: denied { kill } for comm="swapper/3" capability=5 scontext=u:r:kernel:s0 tcontext=u:r:kernel:s0 tclass=capability permissive=0
11-12 05:29:10.327 0 0 I auditd : type=1400 audit(0.0:16071): avc: denied { kill } for comm="swapper/3" capability=5 scontext=u:r:kernel:s0 tcontext=u:r:kernel:s0 tclass=capability permissive=0
11-12 05:29:11.327 0 0 I auditd : type=1400 audit(0.0:16072): avc: denied { kill } for comm="swapper/3" capability=5 scontext=u:r:kernel:s0 tcontext=u:r:kernel:s0 tclass=capability permissive=0
11-12 05:29:12.327 0 0 I auditd : type=1400 audit(0.0:16073): avc: denied { kill } for comm="swapper/3" capability=5 scontext=u:r:kernel:s0 tcontext=u:r:kernel:s0 tclass=capability permissive=0
11-12 05:29:13.327 0 0 I auditd : type=1400 audit(0.0:16074): avc: denied { kill } for comm="swapper/3" capability=5 scontext=u:r:kernel:s0 tcontext=u:r:kernel:s0 tclass=capability permissive=0
11-12 05:29:14.327 0 0 I auditd : type=1400 audit(0.0:16075): avc: denied { kill } for comm="swapper/3" capability=5 scontext=u:r:kernel:s0 tcontext=u:r:kernel:s0 tclass=capability permissive=0
11-12 05:29:15.327 0 0 I auditd : type=1400 audit(0.0:16076): avc: denied { kill } for comm="swapper/3" capability=5 scontext=u:r:kernel:s0 tcontext=u:r:kernel:s0 tclass=capability permissive=0
11-12 05:29:16.327 0 0 I auditd : type=1400 audit(0.0:16077): avc: denied { kill } for comm="swapper/3" capability=5 scontext=u:r:kernel:s0 tcontext=u:r:kernel:s0 tclass=capability permissive=0
11-12 05:29:17.327 0 0 I auditd : type=1400 audit(0.0:16078): avc: denied { kill } for comm="swapper/3" capability=5 scontext=u:r:kernel:s0 tcontext=u:r:kernel:s0 tclass=capability permissive=0
11-12 05:29:18.327 0 0 I auditd : type=1400 audit(0.0:16079): avc: denied { kill } for comm="swapper/3" capability=5 scontext=u:r:kernel:s0 tcontext=u:r:kernel:s0 tclass=capability permissive=0
11-12 05:29:19.327 0 0 I auditd : type=1400 audit(0.0:16080): avc: denied { kill } for comm="swapper/3" capability=5 scontext=u:r:kernel:s0 tcontext=u:r:kernel:s0 tclass=capability permissive=0
11-12 05:29:20.327 0 0 I auditd : type=1400 audit(0.0:16081): avc: denied { kill } for comm="swapper/3" capability=5 scontext=u:r:kernel:s0 tcontext=u:r:kernel:s0 tclass=capability permissive=0
11-12 05:29:21.327 0 0 I auditd : type=1400 audit(0.0:16082): avc: denied { kill } for comm="swapper/3" capability=5 scontext=u:r:kernel:s0 tcontext=u:r:kernel:s0 tclass=capability permissive=0
11-12 05:29:22.327 0 0 I auditd : type=1400 audit(0.0:16083): avc: denied { kill } for comm="swapper/3" capability=5 scontext=u:r:kernel:s0 tcontext=u:r:kernel:s0 tclass=capability permissive=0
11-12 05:29:23.327 0 0 I auditd : type=1400 audit(0.0:16084): avc: denied { kill } for comm="swapper/3" capability=5 scontext=u:r:kernel:s0 tcontext=u:r:kernel:s0 tclass=capability permissive=0
11-12 05:29:24.327 0 0 I auditd : type=1400 audit(0.0:16085): avc: denied { kill } for comm="swapper/3" capability=5 scontext=u:r:kernel:s0 tcontext=u:r:kernel:s0 tclass=capability permissive=0
11-12 05:29:25.327 0 0 I auditd : type=1400 audit(0.0:16086): avc: denied { kill } for comm="swapper/3" capability=5 scontext=u:r:kernel:s0 tcontext=u:r:kernel:s0 tclass=capability permissive=0
11-12 05:29:26.327 0 0 I auditd : type=1400 audit(0.0:16087): avc: denied { kill } for comm="swapper/3" capability=5 scontext=u:r:kernel:s0 tcontext=u:r:kernel:s0 tclass=capability permissive=0
11-12 05:29:27.327 0 0 I auditd : type=1400 audit(0.0:16088): avc: denied { kill } for comm="swapper/3" capability=5 scontext=u:r:kernel:s0 tcontext=u:r:kernel:s0 tclass=capability permissive=0
11-12 05:29:28.327 0 0 I auditd : type=1400 audit(0.0:16089): avc: denied { kill } for comm="swapper/3" capability=5 scontext=u:r:kernel:s0 tcontext=u:r:kernel:s0 tclass=capability permissive=0
11-12 05:29:29.327 0 0 I auditd : type=1400 audit(0.0:16090): avc: denied { kill } for comm="swapper/3" capability=5 scontext=u:r:kernel:s0 tcontext=u:r:kernel:s0 tclass=capability permissive=0
11-12 05:29:30.327 0 0 I auditd : type=1400 audit(0.0:16091): avc: denied { kill } for comm="swapper/3" capability=5 scontext=u:r:kernel:s0 tcontext=u:r:kernel:s0 tclass=capability permissive=0
11-12 05:29:31.327 0 0 I auditd : type=1400 audit(0.0:16092): avc: denied { kill } for comm="swapper/3" capability=5 scontext=u:r:kernel:s0 tcontext=u:r:kernel:s0 tclass=capability permissive=0
11-12 05:29:32.327 0 0 I auditd : type=1400 audit(0.0:16093): avc: denied { kill } for comm="swapper/3" capability=5 scontext=u:r:kernel:s0 tcontext=u:r:kernel:s0 tclass=capability permissive=0
11-12 05:29:33.327 0 0 I auditd : type=1400 audit(0.0:16094): avc: denied { kill } for comm="swapper/3" capability=5 scontext=u:r:kernel:s0 tcontext=u:r:kernel:s0 tclass=capability permissive=0
11-12 05:29:34.327 0 0 I auditd : type=1400 audit(0.0:16095): avc: denied { kill } for comm="swapper/3" capability=5 scontext=u:r:kernel:s0 tcontext=u:r:kernel:s0 tclass=capability permissive=0
11-12 05:29:35.327 0 0 I auditd : type=1400 audit(0.0:16096): avc: denied { kill } for comm="swapper/3" capability=5 scontext=u:r:kernel:s0 tcontext=u:r:kernel:s0 tclass=capability permissive=0
11-12 05:29:36.327 0 0 I auditd : type=1400 audit(0.0:16097): avc: denied { kill } for comm="swapper/3" capability=5 scontext=u:r:kernel:s0 tcontext=u:r:kernel:s0 tclass=capability permissive=0
11-12 05:29:37.327 0 0 I auditd : type=1400 audit(0.0:16098): avc: denied { kill } for comm="swapper/3" capability=5 scontext=u:r:kernel:s0 tcontext=u:r:kernel:s0 tclass=capability permissive=0
11-12 05:29:38.327 0 0 I auditd : type=1400 audit(0.0:16099): avc: denied { kill } for comm="swapper/3" capability=5 scontext=u:r:kernel:s0 tcontext=u:r:kernel:s0 tclass=capability permissive=0
11-12 05:29:39.327 0 0 I auditd : type=1400 audit(0.0:16100): avc: denied { kill } for comm="swapper/3" capability=5 scontext=u:r:kernel:s0 tcontext=u:r:kernel:s0 tclass=capability permissive=0
11-12 05:29:40.327 0 0 I auditd : type=1400 audit(0.0:16101): avc: denied { kill } for comm="swapper/3" capability=5 scontext=u:r:kernel:s0 tcontext=u:r:kernel:s0 tclass=capability permissive=0
11-12 05:29:41.327 0 0 I auditd : type=1400 audit(0.0:16102): avc: denied { kill } for comm="swapper/3" capability=5 scontext=u:r:kernel:s0 tcontext=u:r:kernel:s0 tclass=capability permissive=0
11-12 05:29:42.327 0 0 I auditd : type=1400 audit(0.0:16103): avc: denied { kill } for comm="swapper/3" capability=5 scontext=u:r:kernel:s0 tcontext=u:r:kernel:s0 tclass=capability permissive=0
11-12 05:29:43.327 0 0 I auditd : type=1400 audit(0.0:16104): avc: denied { kill } for comm="swapper/3" capability=5 scontext=u:r:kernel:s0 tcontext=u:r:kernel:s0 tclass=capability permissive=0
11-12 05:29:44.327 0 0 I auditd : type=1400 audit(0.0:16105): avc: denied { kill } for comm="swapper/3" capability=5 scontext=u:r:kernel:s0 tcontext=u:r:kernel:s0 tclass=capability permissive=0
11-12 05:29:45.327 0 0 I auditd : type=1400 audit(0.0:16106): avc: denied { kill } for comm="swapper/3" capability=5 scontext=u:r:kernel:s0 tcontext=u:r:kernel:s0 tclass=capability permissive=0
11-12 05:29:46.327 0 0 I auditd : type=1400 audit(0.0:16107): avc: denied { kill } for comm="swapper/3" capability=5 scontext=u:r:kernel:s0 tcontext=u:r:kernel:s0 tclass=capability permissive=0
11-12 05:29:47.327 0 0 I auditd : type=1400 audit(0.0:16108): avc: denied { kill } for comm="swapper/3" capability=5 scontext=u:r:kernel:s0 tcontext=u:r:kernel:s0 tclass=capability permissive=0
11-12 05:29:48.327 0 0 I auditd : type=1400 audit(0.0:16109): avc: denied { kill } for comm="swapper/3" capability=5 scontext=u:r:kernel:s0 tcontext=u:r:kernel:s0 tclass=capability permissive=0
11-12 05:29:49.327 0 0 I auditd : type=1400 audit(0.0:16110): avc: denied { kill } for comm="swapper/3" capability=5 scontext=u:r:kernel:s0 tcontext=u:r:kernel:s0 tclass=capability permissive=0
11-12 05:29:50.327 0 0 I auditd : type=1400 audit(0.0:16111): avc: denied { kill } for comm="swapper/3" capability=5 scontext=u:r:kernel:s0 tcontext=u:r:kernel:s0 tclass=capability permissive=0
11-12 05:29:51.327 0 0 I auditd : type=1400 audit(0.0:16112): avc: denied { kill } for comm="swapper/3" capability=5 scontext=u:r:kernel:s0 tcontext=u:r:kernel:s0 tclass=capability permissive=0
11-12 05:29:52.327 0 0 I auditd : type=1400 audit(0.0:16113): avc: denied { kill } for comm="swapper/3" capability=5 scontext=u:r:kernel:s0 tcontext=u:r:kernel:s0 tclass=capability permissive=0
11-12 05:29:53.327 0 0 I auditd : type=1400 audit(0.0:16114): avc: denied { kill } for comm="swapper/3" capability=5 scontext=u:r:kernel:s0 tcontext=u:r:kernel:s0 tclass=capability permissive=0
11-12 05:29:54.327 0 0 I auditd : type=1400 audit(0.0:16115): avc: denied { kill } for comm="swapper/3" capability=5 scontext=u:r:kernel:s0 tcontext=u:r:kernel:s0 tclass=capability permissive=0
11-12 05:29:55.327 0 0 I auditd : type=1400 audit(0.0:16116): avc: denied { kill } for comm="swapper/3" capability=5 scontext=u:r:kernel:s0 tcontext=u:r:kernel:s0 tclass=capability permissive=0
11-12 05:29:56.327 0 0 I auditd : type=1400 audit(0.0:16117): avc: denied { kill } for comm="swapper/3" capability=5 scontext=u:r:kernel:s0 tcontext=u:r:kernel:s0 tclass=capability permissive=0
11-12 05:29:58.327 0 0 I auditd : type=1400 audit(0.0:16118): avc: denied { kill } for comm="swapper/3" capability=5 scontext=u:r:kernel:s0 tcontext=u:r:kernel:s0 tclass=capability permissive=0
11-12 05:29:59.327 0 0 I auditd : type=1400 audit(0.0:16119): avc: denied { kill } for comm="swapper/3" capability=5 scontext=u:r:kernel:s0 tcontext=u:r:kernel:s0 tclass=capability permissive=0
11-12 05:30:00.327 0 0 I auditd : type=1400 audit(0.0:16120): avc: denied { kill } for comm="swapper/3" capability=5 scontext=u:r:kernel:s0 tcontext=u:r:kernel:s0 tclass=capability permissive=0
11-12 05:30:01.327 0 0 I auditd : type=1400 audit(0.0:16121): avc: denied { kill } for comm="swapper/3" capability=5 scontext=u:r:kernel:s0 tcontext=u:r:kernel:s0 tclass=capability permissive=0
11-12 05:30:03.327 0 0 I auditd : type=1400 audit(0.0:16122): avc: denied { kill } for comm="swapper/2" capability=5 scontext=u:r:kernel:s0 tcontext=u:r:kernel:s0 tclass=capability permissive=0
11-12 05:30:04.327 0 0 I auditd : type=1400 audit(0.0:16123): avc: denied { kill } for comm="swapper/2" capability=5 scontext=u:r:kernel:s0 tcontext=u:r:kernel:s0 tclass=capability permissive=0
11-12 05:30:05.327 0 0 I auditd : type=1400 audit(0.0:16124): avc: denied { kill } for comm="swapper/2" capability=5 scontext=u:r:kernel:s0 tcontext=u:r:kernel:s0 tclass=capability permissive=0
11-12 05:30:06.327 0 0 I auditd : type=1400 audit(0.0:16125): avc: denied { kill } for comm="swapper/2" capability=5 scontext=u:r:kernel:s0 tcontext=u:r:kernel:s0 tclass=capability permissive=0 --------- beginning of main
11-12 05:30:06.861 643 658 I mpu_uart: [MSG-P:RECV]:No message received in 1000 ms
11-12 05:30:07.327 0 0 I auditd : type=1400 audit(0.0:16126): avc: denied { kill } for comm="swapper/2" capability=5 scontext=u:r:kernel:s0 tcontext=u:r:kernel:s0 tclass=capability permissive=0
11-12 05:30:07.327 0 0 W swapper/2: type=1400 audit(0.0:16126): avc: denied { kill } for capability=5 scontext=u:r:kernel:s0 tcontext=u:r:kernel:s0 tclass=capability permissive=0
11-12 05:30:07.657 643 657 I mpu_uart: [MSG-P:R]:recv sync frame timeout
11-12 05:30:07.861 643 658 I mpu_uart: [MSG-P:RECV]:No message received in 1000 ms
11-12 05:30:08.327 0 0 I auditd : type=1400 audit(0.0:16127): avc: denied { kill } for comm="swapper/2" capability=5 scontext=u:r:kernel:s0 tcontext=u:r:kernel:s0 tclass=capability permissive=0
11-12 05:30:08.327 0 0 W swapper/2: type=1400 audit(0.0:16127): avc: denied { kill } for capability=5 scontext=u:r:kernel:s0 tcontext=u:r:kernel:s0 tclass=capability permissive=0
11-12 05:30:08.862 643 658 I mpu_uart: [MSG-P:RECV]:No message received in 1000 ms
11-12 05:30:09.327 0 0 I auditd : type=1400 audit(0.0:16128): avc: denied { kill } for comm="swapper/2" capability=5 scontext=u:r:kernel:s0 tcontext=u:r:kernel:s0 tclass=capability permissive=0
11-12 05:30:09.327 0 0 W swapper/2: type=1400 audit(0.0:16128): avc: denied { kill } for capability=5 scontext=u:r:kernel:s0 tcontext=u:r:kernel:s0 tclass=capability permissive=0
11-12 05:30:09.862 643 658 I mpu_uart: [MSG-P:RECV]:No message received in 1000 ms
11-12 05:30:10.327 0 0 I auditd : type=1400 audit(0.0:16129): avc: denied { kill } for comm="swapper/2" capability=5 scontext=u:r:kernel:s0 tcontext=u:r:kernel:s0 tclass=capability permissive=0
11-12 05:30:10.327 0 0 W swapper/2: type=1400 audit(0.0:16129): avc: denied { kill } for capability=5 scontext=u:r:kernel:s0 tcontext=u:r:kernel:s0 tclass=capability permissive=0
11-12 05:30:10.660 643 657 I mpu_uart: [MSG-P:R]:recv sync frame timeout
11-12 05:30:10.862 643 658 I mpu_uart: [MSG-P:RECV]:No message received in 1000 ms
11-12 05:30:11.327 0 0 I auditd : type=1400 audit(0.0:16130): avc: denied { kill } for comm="swapper/2" capability=5 scontext=u:r:kernel:s0 tcontext=u:r:kernel:s0 tclass=capability permissive=0
11-12 05:30:11.327 0 0 W swapper/2: type=1400 audit(0.0:16130): avc: denied { kill } for capability=5 scontext=u:r:kernel:s0 tcontext=u:r:kernel:s0 tclass=capability permissive=0
11-12 05:30:11.863 643 658 I mpu_uart: [MSG-P:RECV]:No message received in 1000 ms
11-12 05:30:12.327 0 0 I auditd : type=1400 audit(0.0:16131): avc: denied { kill } for comm="swapper/2" capability=5 scontext=u:r:kernel:s0 tcontext=u:r:kernel:s0 tclass=capability permissive=0
11-12 05:30:12.327 0 0 W swapper/2: type=1400 audit(0.0:16131): avc: denied { kill } for capability=5 scontext=u:r:kernel:s0 tcontext=u:r:kernel:s0 tclass=capability permissive=0
11-12 05:30:12.863 643 658 I mpu_uart: [MSG-P:RECV]:No message received in 1000 ms
11-12 05:30:13.327 0 0 I auditd : type=1400 audit(0.0:16132): avc: denied { kill } for comm="swapper/2" capability=5 scontext=u:r:kernel:s0 tcontext=u:r:kernel:s0 tclass=capability permissive=0
11-12 05:30:13.327 0 0 W swapper/2: type=1400 audit(0.0:16132): avc: denied { kill } for capability=5 scontext=u:r:kernel:s0 tcontext=u:r:kernel:s0 tclass=capability permissive=0
11-12 05:30:13.663 643 657 I mpu_uart: [MSG-P:R]:recv sync frame timeout
11-12 05:30:13.864 643 658 I mpu_uart: [MSG-P:RECV]:No message received in 1000 ms
11-12 05:30:14.327 0 0 I auditd : type=1400 audit(0.0:16133): avc: denied { kill } for comm="swapper/2" capability=5 scontext=u:r:kernel:s0 tcontext=u:r:kernel:s0 tclass=capability permissive=0
11-12 05:30:14.327 0 0 W swapper/2: type=1400 audit(0.0:16133): avc: denied { kill } for capability=5 scontext=u:r:kernel:s0 tcontext=u:r:kernel:s0 tclass=capability permissive=0
11-12 05:30:14.864 643 658 I mpu_uart: [MSG-P:RECV]:No message received in 1000 ms
11-12 05:30:15.327 0 0 I auditd : type=1400 audit(0.0:16134): avc: denied { kill } for comm="swapper/2" capability=5 scontext=u:r:kernel:s0 tcontext=u:r:kernel:s0 tclass=capability permissive=0
11-12 05:30:15.327 0 0 W swapper/2: type=1400 audit(0.0:16134): avc: denied { kill } for capability=5 scontext=u:r:kernel:s0 tcontext=u:r:kernel:s0 tclass=capability permissive=0
11-12 05:30:15.864 643 658 I mpu_uart: [MSG-P:RECV]:No message received in 1000 ms
11-12 05:30:16.327 0 0 I auditd : type=1400 audit(0.0:16135): avc: denied { kill } for comm="swapper/2" capability=5 scontext=u:r:kernel:s0 tcontext=u:r:kernel:s0 tclass=capability permissive=0
11-12 05:30:16.327 0 0 W swapper/2: type=1400 audit(0.0:16135): avc: denied { kill } for capability=5 scontext=u:r:kernel:s0 tcontext=u:r:kernel:s0 tclass=capability permissive=0
11-12 05:30:16.667 643 657 I mpu_uart: [MSG-P:R]:recv sync frame timeout
11-12 05:30:16.865 643 658 I mpu_uart: [MSG-P:RECV]:No message received in 1000 ms
11-12 05:30:17.327 0 0 I auditd : type=1400 audit(0.0:16136): avc: denied { kill } for comm="swapper/2" capability=5 scontext=u:r:kernel:s0 tcontext=u:r:kernel:s0 tclass=capability permissive=0
11-12 05:30:17.327 0 0 W swapper/2: type=1400 audit(0.0:16136): avc: denied { kill } for capability=5 scontext=u:r:kernel:s0 tcontext=u:r:kernel:s0 tclass=capability permissive=0
11-12 05:30:17.865 643 658 I mpu_uart: [MSG-P:RECV]:No message received in 1000 ms
11-12 05:30:18.327 0 0 I auditd : type=1400 audit(0.0:16137): avc: denied { kill } for comm="swapper/2" capability=5 scontext=u:r:kernel:s0 tcontext=u:r:kernel:s0 tclass=capability permissive=0
11-12 05:30:18.327 0 0 W swapper/2: type=1400 audit(0.0:16137): avc: denied { kill } for capability=5 scontext=u:r:kernel:s0 tcontext=u:r:kernel:s0 tclass=capability permissive=0
11-12 05:30:18.865 643 658 I mpu_uart: [MSG-P:RECV]:No message received in 1000 ms
11-12 05:30:19.327 0 0 I auditd : type=1400 audit(0.0:16138): avc: denied { kill } for comm="swapper/2" capability=5 scontext=u:r:kernel:s0 tcontext=u:r:kernel:s0 tclass=capability permissive=0
11-12 05:30:19.327 0 0 W swapper/2: type=1400 audit(0.0:16138): avc: denied { kill } for capability=5 scontext=u:r:kernel:s0 tcontext=u:r:kernel:s0 tclass=capability permissive=0
11-12 05:30:19.670 643 657 I mpu_uart: [MSG-P:R]:recv sync frame timeout
11-12 05:30:19.866 643 658 I mpu_uart: [MSG-P:RECV]:No message received in 1000 ms
11-12 05:30:20.327 0 0 I auditd : type=1400 audit(0.0:16139): avc: denied { kill } for comm="swapper/2" capability=5 scontext=u:r:kernel:s0 tcontext=u:r:kernel:s0 tclass=capability permissive=0
11-12 05:30:20.327 0 0 W swapper/2: type=1400 audit(0.0:16139): avc: denied { kill } for capability=5 scontext=u:r:kernel:s0 tcontext=u:r:kernel:s0 tclass=capability permissive=0
11-12 05:30:20.866 643 658 I mpu_uart: [MSG-P:RECV]:No message received in 1000 ms
11-12 05:30:21.327 0 0 I auditd : type=1400 audit(0.0:16140): avc: denied { kill } for comm="swapper/2" capability=5 scontext=u:r:kernel:s0 tcontext=u:r:kernel:s0 tclass=capability permissive=0
11-12 05:30:21.327 0 0 W swapper/2: type=1400 audit(0.0:16140): avc: denied { kill } for capability=5 scontext=u:r:kernel:s0 tcontext=u:r:kernel:s0 tclass=capability permissive=0
11-12 05:30:21.866 643 658 I mpu_uart: [MSG-P:RECV]:No message received in 1000 ms
11-12 05:30:22.327 0 0 I auditd : type=1400 audit(0.0:16141): avc: denied { kill } for comm="swapper/2" capability=5 scontext=u:r:kernel:s0 tcontext=u:r:kernel:s0 tclass=capability permissive=0
11-12 05:30:22.327 0 0 W swapper/2: type=1400 audit(0.0:16141): avc: denied { kill } for capability=5 scontext=u:r:kernel:s0 tcontext=u:r:kernel:s0 tclass=capability permissive=0
11-12 05:30:22.673 643 657 I mpu_uart: [MSG-P:R]:recv sync frame timeout
11-12 05:30:22.867 643 658 I mpu_uart: [MSG-P:RECV]:No message received in 1000 ms
11-12 05:30:23.327 0 0 I auditd : type=1400 audit(0.0:16142): avc: denied { kill } for comm="swapper/2" capability=5 scontext=u:r:kernel:s0 tcontext=u:r:kernel:s0 tclass=capability permissive=0
11-12 05:30:23.327 0 0 W swapper/2: type=1400 audit(0.0:16142): avc: denied { kill } for capability=5 scontext=u:r:kernel:s0 tcontext=u:r:kernel:s0 tclass=capability permissive=0
11-12 05:30:23.867 643 658 I mpu_uart: [MSG-P:RECV]:No message received in 1000 ms
11-12 05:30:24.327 0 0 I auditd : type=1400 audit(0.0:16143): avc: denied { kill } for comm="swapper/2" capability=5 scontext=u:r:kernel:s0 tcontext=u:r:kernel:s0 tclass=capability permissive=0
11-12 05:30:24.327 0 0 W swapper/2: type=1400 audit(0.0:16143): avc: denied { kill } for capability=5 scontext=u:r:kernel:s0 tcontext=u:r:kernel:s0 tclass=capability permissive=0
11-12 05:30:24.867 643 658 I mpu_uart: [MSG-P:RECV]:No message received in 1000 ms
11-12 05:30:25.327 0 0 I auditd : type=1400 audit(0.0:16144): avc: denied { kill } for comm="swapper/2" capability=5 scontext=u:r:kernel:s0 tcontext=u:r:kernel:s0 tclass=capability permissive=0
11-12 05:30:25.327 0 0 W swapper/2: type=1400 audit(0.0:16144): avc: denied { kill } for capability=5 scontext=u:r:kernel:s0 tcontext=u:r:kernel:s0 tclass=capability permissive=0
11-12 05:30:25.676 643 657 I mpu_uart: [MSG-P:R]:recv sync frame timeout
11-12 05:30:25.868 643 658 I mpu_uart: [MSG-P:RECV]:No message received in 1000 ms
11-12 05:30:26.327 0 0 I auditd : type=1400 audit(0.0:16145): avc: denied { kill } for comm="swapper/2" capability=5 scontext=u:r:kernel:s0 tcontext=u:r:kernel:s0 tclass=capability permissive=0
11-12 05:30:26.327 0 0 W swapper/2: type=1400 audit(0.0:16145): avc: denied { kill } for capability=5 scontext=u:r:kernel:s0 tcontext=u:r:kernel:s0 tclass=capability permissive=0
11-12 05:30:26.868 643 658 I mpu_uart: [MSG-P:RECV]:No message received in 1000 ms
11-12 05:30:26.995 801 801 D vendor.qti.bluetooth@1.0-ibs_handler: SerialClockVote: vote for UART CLK ON
11-12 05:30:26.996 801 801 D vendor.qti.bluetooth@1.0-wake_lock: Acquire wakelock is acquired
11-12 05:30:26.996 801 801 I vendor.qti.bluetooth@1.0-ibs_handler: DeviceWakeUp: Writing IBS_WAKE_IND
11-12 05:30:27.002 801 12802 I vendor.qti.bluetooth@1.0-ibs_handler: ProcessIbsCmd: Received IBS_WAKE_ACK: 0xFC
11-12 05:30:27.002 801 12802 I vendor.qti.bluetooth@1.0-ibs_handler: ProcessIbsCmd: Signal wack_cond_
11-12 05:30:27.003 801 801 D vendor.qti.bluetooth@1.0-ibs_handler: DeviceWakeUp: Unblocked from waiting for FC, pthread_cond_timedwait ret = 0
11-12 05:30:27.003 801 12802 I vendor.qti.bluetooth@1.0-ibs_handler: ProcessIbsCmd: Received IBS_WAKE_IND: 0xFD
11-12 05:30:27.003 801 12802 I vendor.qti.bluetooth@1.0-ibs_handler: ProcessIbsCmd: Writing IBS_WAKE_ACK
11-12 05:30:27.004 12753 12804 I bt_stack: [INFO:btm_ble_bgconn.cc(429)] Already connection initiated (or) No Pending connections(or) Resources of lcb are exhausted
11-12 05:30:27.085 801 12802 I vendor.qti.bluetooth@1.0-ibs_handler: ProcessIbsCmd: Received IBS_SLEEP_IND: 0xFE
11-12 05:30:27.327 0 0 I auditd : type=1400 audit(0.0:16146): avc: denied { kill } for comm="swapper/2" capability=5 scontext=u:r:kernel:s0 tcontext=u:r:kernel:s0 tclass=capability permissive=0
11-12 05:30:27.327 0 0 W swapper/2: type=1400 audit(0.0:16146): avc: denied { kill } for capability=5 scontext=u:r:kernel:s0 tcontext=u:r:kernel:s0 tclass=capability permissive=0
11-12 05:30:27.869 643 658 I mpu_uart: [MSG-P:RECV]:No message received in 1000 ms
11-12 05:30:28.005 801 12807 I vendor.qti.bluetooth@1.0-ibs_handler: DeviceSleep: TX Awake, Sending SLEEP_IND
11-12 05:30:28.005 801 12807 D vendor.qti.bluetooth@1.0-ibs_handler: SerialClockVote: vote for UART CLK OFF
11-12 05:30:28.155 801 12797 D vendor.qti.bluetooth@1.0-wake_lock: Release wakelock is released
11-12 05:30:28.327 0 0 I auditd : type=1400 audit(0.0:16147): avc: denied { kill } for comm="swapper/2" capability=5 scontext=u:r:kernel:s0 tcontext=u:r:kernel:s0 tclass=capability permissive=0
11-12 05:30:28.327 0 0 W swapper/2: type=1400 audit(0.0:16147): avc: denied { kill } for capability=5 scontext=u:r:kernel:s0 tcontext=u:r:kernel:s0 tclass=capability permissive=0
11-12 05:30:28.679 643 657 I mpu_uart: [MSG-P:R]:recv sync frame timeout
11-12 05:30:28.869 643 658 I mpu_uart: [MSG-P:RECV]:No message received in 1000 ms
11-12 05:30:29.327 0 0 I auditd : type=1400 audit(0.0:16148): avc: denied { kill } for comm="swapper/2" capability=5 scontext=u:r:kernel:s0 tcontext=u:r:kernel:s0 tclass=capability permissive=0
11-12 05:30:29.327 0 0 W swapper/2: type=1400 audit(0.0:16148): avc: denied { kill } for capability=5 scontext=u:r:kernel:s0 tcontext=u:r:kernel:s0 tclass=capability permissive=0
11-12 05:30:29.869 643 658 I mpu_uart: [MSG-P:RECV]:No message received in 1000 ms
11-12 05:30:30.327 0 0 I auditd : type=1400 audit(0.0:16149): avc: denied { kill } for comm="swapper/2" capability=5 scontext=u:r:kernel:s0 tcontext=u:r:kernel:s0 tclass=capability permissive=0
11-12 05:30:30.327 0 0 W swapper/2: type=1400 audit(0.0:16149): avc: denied { kill } for capability=5 scontext=u:r:kernel:s0 tcontext=u:r:kernel:s0 tclass=capability permissive=0
11-12 05:30:30.870 643 658 I mpu_uart: [MSG-P:RECV]:No message received in 1000 ms
11-12 05:30:31.327 0 0 I auditd : type=1400 audit(0.0:16150): avc: denied { kill } for comm="swapper/2" capability=5 scontext=u:r:kernel:s0 tcontext=u:r:kernel:s0 tclass=capability permissive=0
11-12 05:30:31.327 0 0 W swapper/2: type=1400 audit(0.0:16150): avc: denied { kill } for capability=5 scontext=u:r:kernel:s0 tcontext=u:r:kernel:s0 tclass=capability permissive=0
11-12 05:30:31.680 643 657 I mpu_uart: [MSG-P:R]:recv sync frame timeout
11-12 05:30:31.870 643 658 I mpu_uart: [MSG-P:RECV]:No message received in 1000 ms --------- beginning of system
11-12 05:30:31.990 1481 1669 D ActivityManager: freezing 11382 com.qti.diagservices
11-12 05:30:31.990 1481 1669 E ActivityManager: Unable to freeze binder for 11382 com.qti.diagservices
11-12 05:30:31.991 1481 1669 D ActivityManager: froze 11382 com.qti.diagservices
11-12 05:30:31.991 1481 1669 I am_freeze: [11382,com.qti.diagservices]
11-12 05:30:31.991 1481 1669 E ActivityManager: Unable to freeze binder for 11382 com.qti.diagservices
11-12 05:30:31.993 1481 1669 I ActivityManager: Killing 11382:com.qti.diagservices/1000 (adj 945): Unable to freeze binder interface
11-12 05:30:31.993 1481 1669 I am_kill : [0,11382,com.qti.diagservices,945,Unable to freeze binder interface]
11-12 05:30:32.000 1481 1605 I libprocessgroup: Successfully killed process cgroup uid 1000 pid 11382 in 5ms
11-12 05:30:32.032 1481 7454 I am_proc_died: [0,11382,com.qti.diagservices,945,10]
11-12 05:30:32.033 664 664 I Zygote : Process 11382 exited due to signal 9 (Killed)
11-12 05:30:32.033 1481 7454 W ActivityManager: Scheduling restart of crashed service com.qti.diagservices/.QTIDiagServices in 1000ms for start-requested
11-12 05:30:32.033 1481 7454 I am_schedule_service_restart: [0,com.qti.diagservices/.QTIDiagServices,1000]
11-12 05:30:32.051 1481 1602 I am_pss : [15014,10084,com.android.music,62062592,54108160,0,191291392,0,18,11]
11-12 05:30:32.063 1481 1602 I am_pss : [12753,1002,com.android.bluetooth,50643968,43450368,0,167133184,0,0,11]
11-12 05:30:32.070 1481 1602 I am_pss : [16101,10070,com.android.gallery3d,8720384,6463488,0,94334976,0,19,6]
11-12 05:30:32.076 1481 1602 I am_pss : [15984,10032,com.android.musicfx,6115328,3919872,0,91369472,0,19,5]
11-12 05:30:32.327 0 0 I auditd : type=1400 audit(0.0:16151): avc: denied { kill } for comm="swapper/2" capability=5 scontext=u:r:kernel:s0 tcontext=u:r:kernel:s0 tclass=capability permissive=0
11-12 05:30:32.327 0 0 W swapper/2: type=1400 audit(0.0:16151): avc: denied { kill } for capability=5 scontext=u:r:kernel:s0 tcontext=u:r:kernel:s0 tclass=capability permissive=0
11-12 05:30:32.870 643 658 I mpu_uart: [MSG-P:RECV]:No message received in 1000 ms
11-12 05:30:33.037 1481 1603 D CompatibilityChangeReporter: Compat change id reported: 135634846; UID 1000; state: DISABLED
11-12 05:30:33.037 1481 1603 D CompatibilityChangeReporter: Compat change id reported: 177438394; UID 1000; state: DISABLED
11-12 05:30:33.037 1481 1603 D CompatibilityChangeReporter: Compat change id reported: 135772972; UID 1000; state: DISABLED
11-12 05:30:33.038 1481 1603 D CompatibilityChangeReporter: Compat change id reported: 135754954; UID 1000; state: ENABLED
11-12 05:30:33.066 664 664 D Zygote : Forked child process 16132
11-12 05:30:33.066 1481 1604 I am_proc_start: [0,16132,1000,com.qti.diagservices,service,{com.qti.diagservices/com.qti.diagservices.QTIDiagServices}]
11-12 05:30:33.066 1481 1604 I ActivityManager: Start proc 16132:com.qti.diagservices/1000 for service {com.qti.diagservices/com.qti.diagservices.QTIDiagServices}
11-12 05:30:33.102 16132 16132 E ti.diagservice: Not starting debugger since process cannot load the jdwp agent.
11-12 05:30:33.105 16132 16132 D ProcessState: Binder ioctl to enable oneway spam detection failed: Invalid argument
11-12 05:30:33.111 1481 7454 I am_proc_bound: [0,16132,com.qti.diagservices]
11-12 05:30:33.112 1481 7454 D CompatibilityChangeReporter: Compat change id reported: 168419799; UID 1000; state: DISABLED
11-12 05:30:33.112 1481 7454 D CompatibilityInfo: mCompatibilityFlags - 4
11-12 05:30:33.112 1481 7454 D CompatibilityInfo: applicationDensity - 240
11-12 05:30:33.112 1481 7454 D CompatibilityInfo: applicationScale - 1.0
11-12 05:30:33.115 1481 7454 D CompatibilityInfo: mCompatibilityFlags - 4
11-12 05:30:33.115 1481 7454 D CompatibilityInfo: applicationDensity - 240
11-12 05:30:33.115 1481 7454 D CompatibilityInfo: applicationScale - 1.0
11-12 05:30:33.117 16132 16132 D CompatibilityChangeReporter: Compat change id reported: 171979766; UID 1000; state: DISABLED
11-12 05:30:33.132 16132 16132 I Perf : Connecting to perf service.
11-12 05:30:33.136 16132 16132 V GraphicsEnvironment: ANGLE Developer option for 'com.qti.diagservices' set to: 'default'
11-12 05:30:33.137 16132 16132 V GraphicsEnvironment: ANGLE GameManagerService for com.qti.diagservices: false
11-12 05:30:33.138 16132 16132 D NetworkSecurityConfig: No Network Security Config specified, using platform default
11-12 05:30:33.138 16132 16132 D NetworkSecurityConfig: No Network Security Config specified, using platform default
11-12 05:30:33.140 16132 16132 E DiagJNIInterface: Trying to load libDiagService
11-12 05:30:33.143 16132 16132 I auditd : type=1400 audit(0.0:16152): avc: denied { read write } for comm="ti.diagservices" name="diag" dev="tmpfs" ino=13197 scontext=u:r:system_app:s0 tcontext=u:object_r:vendor_diag_device:s0 tclass=chr_file permissive=0
11-12 05:30:33.143 16132 16132 W ti.diagservices: type=1400 audit(0.0:16152): avc: denied { read write } for name="diag" dev="tmpfs" ino=13197 scontext=u:r:system_app:s0 tcontext=u:object_r:vendor_diag_device:s0 tclass=chr_file permissive=0
11-12 05:30:33.145 16132 16132 E Diag_Lib: Diag_LSM_Init: Failed to open handle to diag driver, error = 13
11-12 05:30:33.146 16132 16132 E Diag_Lib: Diag_LSM_Init call failed
11-12 05:30:33.146 16132 16132 E DiagJNIInterface: WARNING: Could not load libDiagService
11-12 05:30:33.327 0 0 I auditd : type=1400 audit(0.0:16153): avc: denied { kill } for comm="swapper/2" capability=5 scontext=u:r:kernel:s0 tcontext=u:r:kernel:s0 tclass=capability permissive=0
11-12 05:30:33.327 0 0 W swapper/2: type=1400 audit(0.0:16153): avc: denied { kill } for capability=5 scontext=u:r:kernel:s0 tcontext=u:r:kernel:s0 tclass=capability permissive=0
11-12 05:30:33.871 643 658 I mpu_uart: [MSG-P:RECV]:No message received in 1000 ms
11-12 05:30:34.327 0 0 I auditd : type=1400 audit(0.0:16154): avc: denied { kill } for comm="swapper/2" capability=5 scontext=u:r:kernel:s0 tcontext=u:r:kernel:s0 tclass=capability permissive=0
11-12 05:30:34.327 0 0 W swapper/2: type=1400 audit(0.0:16154): avc: denied { kill } for capability=5 scontext=u:r:kernel:s0 tcontext=u:r:kernel:s0 tclass=capability permissive=0
11-12 05:30:34.683 643 657 I mpu_uart: [MSG-P:R]:recv sync frame timeout
11-12 05:30:34.871 643 658 I mpu_uart: [MSG-P:RECV]:No message received in 1000 ms
11-12 05:30:35.171 1196 1250 I selfinstaller: create socket failed: Network is unreachable 101
11-12 05:30:35.327 0 0 I auditd : type=1400 audit(0.0:16155): avc: denied { kill } for comm="swapper/2" capability=5 scontext=u:r:kernel:s0 tcontext=u:r:kernel:s0 tclass=capability permissive=0
11-12 05:30:35.327 0 0 W swapper/2: type=1400 audit(0.0:16155): avc: denied { kill } for capability=5 scontext=u:r:kernel:s0 tcontext=u:r:kernel:s0 tclass=capability permissive=0
11-12 05:30:35.872 643 658 I mpu_uart: [MSG-P:RECV]:No message received in 1000 ms
11-12 05:30:36.327 0 0 I auditd : type=1400 audit(0.0:16156): avc: denied { kill } for comm="swapper/2" capability=5 scontext=u:r:kernel:s0 tcontext=u:r:kernel:s0 tclass=capability permissive=0
11-12 05:30:36.327 0 0 W swapper/2: type=1400 audit(0.0:16156): avc: denied { kill } for capability=5 scontext=u:r:kernel:s0 tcontext=u:r:kernel:s0 tclass=capability permissive=0
11-12 05:30:36.872 643 658 I mpu_uart: [MSG-P:RECV]:No message received in 1000 ms
11-12 05:30:37.327 0 0 I auditd : type=1400 audit(0.0:16157): avc: denied { kill } for comm="swapper/2" capability=5 scontext=u:r:kernel:s0 tcontext=u:r:kernel:s0 tclass=capability permissive=0
11-12 05:30:37.327 0 0 W swapper/2: type=1400 audit(0.0:16157): avc: denied { kill } for capability=5 scontext=u:r:kernel:s0 tcontext=u:r:kernel:s0 tclass=capability permissive=0
11-12 05:30:37.686 643 657 I mpu_uart: [MSG-P:R]:recv sync frame timeout
11-12 05:30:37.872 643 658 I mpu_uart: [MSG-P:RECV]:No message received in 1000 ms
11-12 05:30:38.327 0 0 I auditd : type=1400 audit(0.0:16158): avc: denied { kill } for comm="swapper/2" capability=5 scontext=u:r:kernel:s0 tcontext=u:r:kernel:s0 tclass=capability permissive=0
11-12 05:30:38.327 0 0 W swapper/2: type=1400 audit(0.0:16158): avc: denied { kill } for capability=5 scontext=u:r:kernel:s0 tcontext=u:r:kernel:s0 tclass=capability permissive=0
11-12 05:30:38.873 643 658 I mpu_uart: [MSG-P:RECV]:No message received in 1000 ms
11-12 05:30:39.327 0 0 I auditd : type=1400 audit(0.0:16159): avc: denied { kill } for comm="swapper/2" capability=5 scontext=u:r:kernel:s0 tcontext=u:r:kernel:s0 tclass=capability permissive=0
11-12 05:30:39.327 0 0 W swapper/2: type=1400 audit(0.0:16159): avc: denied { kill } for capability=5 scontext=u:r:kernel:s0 tcontext=u:r:kernel:s0 tclass=capability permissive=0
11-12 05:30:39.873 643 658 I mpu_uart: [MSG-P:RECV]:No message received in 1000 ms
11-12 05:30:40.327 0 0 I auditd : type=1400 audit(0.0:16160): avc: denied { kill } for comm="swapper/2" capability=5 scontext=u:r:kernel:s0 tcontext=u:r:kernel:s0 tclass=capability permissive=0
11-12 05:30:40.327 0 0 W swapper/2: type=1400 audit(0.0:16160): avc: denied { kill } for capability=5 scontext=u:r:kernel:s0 tcontext=u:r:kernel:s0 tclass=capability permissive=0
11-12 05:30:40.689 643 657 I mpu_uart: [MSG-P:R]:recv sync frame timeout
11-12 05:30:40.873 643 658 I mpu_uart: [MSG-P:RECV]:No message received in 1000 ms
11-12 05:30:41.327 0 0 I auditd : type=1400 audit(0.0:16161): avc: denied { kill } for comm="swapper/2" capability=5 scontext=u:r:kernel:s0 tcontext=u:r:kernel:s0 tclass=capability permissive=0
11-12 05:30:41.327 0 0 W swapper/2: type=1400 audit(0.0:16161): avc: denied { kill } for capability=5 scontext=u:r:kernel:s0 tcontext=u:r:kernel:s0 tclass=capability permissive=0
11-12 05:30:41.874 643 658 I mpu_uart: [MSG-P:RECV]:No message received in 1000 ms
11-12 05:30:42.327 0 0 I auditd : type=1400 audit(0.0:16162): avc: denied { kill } for comm="swapper/2" capability=5 scontext=u:r:kernel:s0 tcontext=u:r:kernel:s0 tclass=capability permissive=0
11-12 05:30:42.327 0 0 W swapper/2: type=1400 audit(0.0:16162): avc: denied { kill } for capability=5 scontext=u:r:kernel:s0 tcontext=u:r:kernel:s0 tclass=capability permissive=0
11-12 05:30:42.874 643 658 I mpu_uart: [MSG-P:RECV]:No message received in 1000 ms
11-12 05:30:43.327 0 0 I auditd : type=1400 audit(0.0:16163): avc: denied { kill } for comm="swapper/2" capability=5 scontext=u:r:kernel:s0 tcontext=u:r:kernel:s0 tclass=capability permissive=0
11-12 05:30:43.327 0 0 W swapper/2: type=1400 audit(0.0:16163): avc: denied { kill } for capability=5 scontext=u:r:kernel:s0 tcontext=u:r:kernel:s0 tclass=capability permissive=0
11-12 05:30:43.692 643 657 I mpu_uart: [MSG-P:R]:recv sync frame timeout
11-12 05:30:43.875 643 658 I mpu_uart: [MSG-P:RECV]:No message received in 1000 ms
11-12 05:30:44.327 0 0 I auditd : type=1400 audit(0.0:16164): avc: denied { kill } for comm="swapper/2" capability=5 scontext=u:r:kernel:s0 tcontext=u:r:kernel:s0 tclass=capability permissive=0
11-12 05:30:44.327 0 0 W swapper/2: type=1400 audit(0.0:16164): avc: denied { kill } for capability=5 scontext=u:r:kernel:s0 tcontext=u:r:kernel:s0 tclass=capability permissive=0
11-12 05:30:44.875 643 658 I mpu_uart: [MSG-P:RECV]:No message received in 1000 ms
11-12 05:30:45.327 0 0 I auditd : type=1400 audit(0.0:16165): avc: denied { kill } for comm="swapper/2" capability=5 scontext=u:r:kernel:s0 tcontext=u:r:kernel:s0 tclass=capability permissive=0
11-12 05:30:45.327 0 0 W swapper/2: type=1400 audit(0.0:16165): avc: denied { kill } for capability=5 scontext=u:r:kernel:s0 tcontext=u:r:kernel:s0 tclass=capability permissive=0
11-12 05:30:45.875 643 658 I mpu_uart: [MSG-P:RECV]:No message received in 1000 ms
11-12 05:30:46.327 0 0 I auditd : type=1400 audit(0.0:16166): avc: denied { kill } for comm="swapper/2" capability=5 scontext=u:r:kernel:s0 tcontext=u:r:kernel:s0 tclass=capability permissive=0
11-12 05:30:46.327 0 0 W swapper/2: type=1400 audit(0.0:16166): avc: denied { kill } for capability=5 scontext=u:r:kernel:s0 tcontext=u:r:kernel:s0 tclass=capability permissive=0
11-12 05:30:46.696 643 657 I mpu_uart: [MSG-P:R]:recv sync frame timeout
11-12 05:30:46.876 643 658 I mpu_uart: [MSG-P:RECV]:No message received in 1000 ms
11-12 05:30:47.327 0 0 I auditd : type=1400 audit(0.0:16167): avc: denied { kill } for comm="swapper/2" capability=5 scontext=u:r:kernel:s0 tcontext=u:r:kernel:s0 tclass=capability permissive=0
11-12 05:30:47.327 0 0 W swapper/2: type=1400 audit(0.0:16167): avc: denied { kill } for capability=5 scontext=u:r:kernel:s0 tcontext=u:r:kernel:s0 tclass=capability permissive=0
11-12 05:30:47.876 643 658 I mpu_uart: [MSG-P:RECV]:No message received in 1000 ms
11-12 05:30:48.327 0 0 I auditd : type=1400 audit(0.0:16168): avc: denied { kill } for comm="swapper/2" capability=5 scontext=u:r:kernel:s0 tcontext=u:r:kernel:s0 tclass=capability permissive=0
11-12 05:30:48.327 0 0 W swapper/2: type=1400 audit(0.0:16168): avc: denied { kill } for capability=5 scontext=u:r:kernel:s0 tcontext=u:r:kernel:s0 tclass=capability permissive=0
11-12 05:30:48.877 643 658 I mpu_uart: [MSG-P:RECV]:No message received in 1000 ms
11-12 05:30:49.327 0 0 I auditd : type=1400 audit(0.0:16169): avc: denied { kill } for comm="swapper/2" capability=5 scontext=u:r:kernel:s0 tcontext=u:r:kernel:s0 tclass=capability permissive=0
11-12 05:30:49.327 0 0 W swapper/2: type=1400 audit(0.0:16169): avc: denied { kill } for capability=5 scontext=u:r:kernel:s0 tcontext=u:r:kernel:s0 tclass=capability permissive=0
11-12 05:30:49.699 643 657 I mpu_uart: [MSG-P:R]:recv sync frame timeout
11-12 05:30:49.877 643 658 I mpu_uart: [MSG-P:RECV]:No message received in 1000 ms
11-12 05:30:50.327 0 0 I auditd : type=1400 audit(0.0:16170): avc: denied { kill } for comm="swapper/2" capability=5 scontext=u:r:kernel:s0 tcontext=u:r:kernel:s0 tclass=capability permissive=0
11-12 05:30:50.327 0 0 W swapper/2: type=1400 audit(0.0:16170): avc: denied { kill } for capability=5 scontext=u:r:kernel:s0 tcontext=u:r:kernel:s0 tclass=capability permissive=0
11-12 05:30:50.877 643 658 I mpu_uart: [MSG-P:RECV]:No message received in 1000 ms
11-12 05:30:51.327 0 0 I auditd : type=1400 audit(0.0:16171): avc: denied { kill } for comm="swapper/2" capability=5 scontext=u:r:kernel:s0 tcontext=u:r:kernel:s0 tclass=capability permissive=0
11-12 05:30:51.327 0 0 W swapper/2: type=1400 audit(0.0:16171): avc: denied { kill } for capability=5 scontext=u:r:kernel:s0 tcontext=u:r:kernel:s0 tclass=capability permissive=0
11-12 05:30:51.877 643 658 I mpu_uart: [MSG-P:RECV]:No message received in 1000 ms
11-12 05:30:52.327 0 0 I auditd : type=1400 audit(0.0:16172): avc: denied { kill } for comm="swapper/2" capability=5 scontext=u:r:kernel:s0 tcontext=u:r:kernel:s0 tclass=capability permissive=0
11-12 05:30:52.327 0 0 W swapper/2: type=1400 audit(0.0:16172): avc: denied { kill } for capability=5 scontext=u:r:kernel:s0 tcontext=u:r:kernel:s0 tclass=capability permissive=0
11-12 05:30:52.702 643 657 I mpu_uart: [MSG-P:R]:recv sync frame timeout
11-12 05:30:52.878 643 658 I mpu_uart: [MSG-P:RECV]:No message received in 1000 ms
11-12 05:30:52.960 1481 1680 I input_interaction: Interaction with: 40c3710 com.thundercomm.screensaver/android.service.dreams.DreamActivity (server), swipe-up (server), edge-swipe (server), PointerEventDispatcher0 (server),
11-12 05:30:52.965 1481 7454 I wm_finish_activity: [0,88765604,228,com.thundercomm.screensaver/android.service.dreams.DreamActivity,finish-activity]
11-12 05:30:52.965 1481 7454 I wm_task_moved: [43,1,6]
11-12 05:30:52.967 1481 7454 I wm_task_moved: [44,1,2147483647]
11-12 05:30:52.967 1481 7454 I wm_task_to_front: [0,44]
11-12 05:30:52.967 1481 7454 I wm_focused_root_task: [0,0,43,228,finish-top adjustFocusToNextFocusableTask]
11-12 05:30:52.967 1481 7454 I wm_set_resumed_activity: [0,com.android.launcher3/.uioverrides.QuickstepLauncher,finish-top adjustFocusToNextFocusableTask]
11-12 05:30:52.968 1481 7454 D ActivityTrigger: ActivityTrigger activityPauseTrigger
11-12 05:30:52.969 1481 7454 I wm_pause_activity: [0,88765604,com.thundercomm.screensaver/android.service.dreams.DreamActivity,userLeaving=false,finish]
11-12 05:30:52.980 1481 1777 I DreamManagerService: Gently waking up from dream.
11-12 05:30:52.981 1481 1570 I sysui_multi_action: [757,803,799,window_time_0,802,434]
11-12 05:30:52.982 4169 4169 I wm_on_top_resumed_lost_called: [88765604,android.service.dreams.DreamActivity,topStateChangedWhenResumed]
11-12 05:30:52.982 1481 1567 I DreamManagerService: Performing gentle wake from dream.
11-12 05:30:52.982 4169 4169 I wm_on_paused_called: [88765604,android.service.dreams.DreamActivity,performPause]
11-12 05:30:52.983 1481 7454 I wm_add_to_stopping: [0,88765604,com.thundercomm.screensaver/android.service.dreams.DreamActivity,completeFinishing]
11-12 05:30:52.984 1481 7454 I ActivityTaskManager: FOREGROUND_APPLICATION_CHANGED to com.android.launcher3.uioverrides.QuickstepLauncher
11-12 05:30:52.986 1481 7454 I wm_set_resumed_activity: [0,com.android.launcher3/.uioverrides.QuickstepLauncher,resumeTopActivityInnerLocked]
11-12 05:30:52.986 1971 7072 D KeyguardViewMediator: setOccluded false
11-12 05:30:52.988 1971 1971 D StatusBar: disable disable2
11-12 05:30:52.988 1481 7454 I wm_resume_activity: [0,35371080,44,com.android.launcher3/.uioverrides.QuickstepLauncher]
11-12 05:30:52.989 1971 1971 D KeyguardViewMediator: adjustStatusBarLocked: mShowing=false mOccluded=false isSecure=false force=false --> flags=0x0
11-12 05:30:52.993 1481 1680 I input_focus: [Focus leaving 40c3710 com.thundercomm.screensaver/android.service.dreams.DreamActivity (server),reason=NO_WINDOW]
11-12 05:30:52.995 4169 4169 I view_enqueue_input_event: [Motion - Cancel,com.thundercomm.screensaver/android.service.dreams.DreamActivity]
11-12 05:30:53.003 1481 1570 I sysui_multi_action: [757,803,799,window_time_0,802,0]
11-12 05:30:53.005 2522 2522 I wm_on_restart_called: [35371080,com.android.launcher3.uioverrides.QuickstepLauncher,performRestartActivity]
11-12 05:30:53.005 2522 2522 I wm_on_start_called: [35371080,com.android.launcher3.uioverrides.QuickstepLauncher,handleStartActivity]
11-12 05:30:53.006 2522 2522 I wm_on_resume_called: [35371080,com.android.launcher3.uioverrides.QuickstepLauncher,RESUME_ACTIVITY]
11-12 05:30:53.006 2522 2522 I wm_on_top_resumed_gained_called: [35371080,com.android.launcher3.uioverrides.QuickstepLauncher,topWhenResuming]
11-12 05:30:53.007 9573 10440 I GameMode_ActivityMonitoringService: onForegroundActivitiesChanged uid 10081 pid 2522 fg true
11-12 05:30:53.013 1481 1602 I am_pss : [16101,10070,com.android.gallery3d,8668160,6463488,0,94334976,0,19,5]
11-12 05:30:53.015 1481 1571 I input_focus: [Focus request 18adad5 com.android.launcher3/com.android.launcher3.uioverrides.QuickstepLauncher,reason=UpdateInputWindows]
11-12 05:30:53.016 9573 9589 I GameMode_ActivityMonitoringService: Updating top task to: TaskInfoContainer [topActivity=ComponentInfo{com.android.launcher3/com.android.launcher3.uioverrides.QuickstepLauncher}, taskId=44, stackId=43, userId=0, displayId=0, position=6
11-12 05:30:53.017 9573 9589 I GameMode_ActivityMonitoringService: Notifying about top task: TaskInfoContainer [topActivity=ComponentInfo{com.android.launcher3/com.android.launcher3.uioverrides.QuickstepLauncher}, taskId=44, stackId=43, userId=0, displayId=0, position=6
11-12 05:30:53.017 9573 9589 E GameMode_ActivityMonitoringService: onActivityLaunch:com.android.launcher3
11-12 05:30:53.017 9573 9589 V GameMode_GameMode: judge isGame:com.android.launcher3
11-12 05:30:53.017 9573 9589 V GameMode_GpuUtils: fps:60
