11-12 05:15:59.030 1481 6239 I wm_destroy_activity: [0,96418789,210,com.android.settings/.homepage.SettingsHomepageActivity,finish-imm:finishIfPossible]
11-12 05:15:59.032 1481 6239 I wm_task_moved: [43,1,7]
11-12 05:15:59.032 1481 6239 I wm_focused_root_task: [0,0,43,210,reuseOrNewTask returnToHome]
11-12 05:15:59.032 1481 6239 I wm_task_moved: [210,1,7]
11-12 05:15:59.033 1481 6239 I wm_focused_root_task: [0,0,210,43,reuseOrNewTask]
11-12 05:15:59.033 1481 6239 I wm_create_activity: [0,236273816,210,com.android.settings/.homepage.SettingsHomepageActivity,android.settings.NOTIFICATION_SETTINGS,NULL,NULL,272678912]
11-12 05:15:59.034 1481 6239 I wm_pause_activity: [0,114791353,com.android.settings/.Settings$ConfigureNotificationSettingsActivity,userLeaving=true,pauseBackTasks]
11-12 05:15:59.045 1481 6239 I wm_finish_activity: [0,114791353,212,com.android.settings/.Settings$ConfigureNotificationSettingsActivity,app-request]
11-12 05:15:59.045 1481 1570 I sysui_multi_action: [757,803,799,window_time_0,802,2]
11-12 05:15:59.045 15162 15162 I wm_on_create_called: [114791353,com.android.settings.Settings$ConfigureNotificationSettingsActivity,performCreate]
11-12 05:15:59.076 15162 15162 I wm_on_destroy_called: [96418789,com.android.settings.homepage.SettingsHomepageActivity,performDestroy]
11-12 05:15:59.084 1481 3102 I wm_add_to_stopping: [0,114791353,com.android.settings/.Settings$ConfigureNotificationSettingsActivity,completeFinishing]
11-12 05:15:59.087 1481 3102 I wm_restart_activity: [0,236273816,210,com.android.settings/.homepage.SettingsHomepageActivity]
11-12 05:15:59.089 1481 3102 I wm_set_resumed_activity: [0,com.android.settings/.homepage.SettingsHomepageActivity,minimalResumeActivityLocked]
11-12 05:15:59.122 1481 1570 I sysui_multi_action: [757,803,799,window_time_0,802,0]
11-12 05:15:59.138 15162 15162 I wm_on_create_called: [236273816,com.android.settings.homepage.SettingsHomepageActivity,performCreate]
11-12 05:15:59.150 15162 15162 I wm_on_start_called: [236273816,com.android.settings.homepage.SettingsHomepageActivity,handleStartActivity]
11-12 05:15:59.150 15162 15162 I snet_event_log: [120484087,-1,]
11-12 05:15:59.150 15162 15162 I wm_on_resume_called: [236273816,com.android.settings.homepage.SettingsHomepageActivity,RESUME_ACTIVITY]
11-12 05:15:59.150 15162 15162 I sysui_multi_action: [757,35,758,1,833,0,1089,11]
11-12 05:15:59.152 15162 15162 I sysui_multi_action: [757,1729,758,4,854,isParalleledControllers:false,1089,12]
11-12 05:15:59.154 15162 15162 I wm_on_top_resumed_gained_called: [236273816,com.android.settings.homepage.SettingsHomepageActivity,topStateChangedWhenResumed]
11-12 05:15:59.200 1481 1571 I sysui_multi_action: [324,1,757,1090,758,12,806,com.android.settings,871,com.android.settings.homepage.SettingsHomepageActivity,1091,248]
11-12 05:15:59.211 1481 1567 I sysui_multi_action: [319,70,321,67,322,248,325,14358,757,761,758,8,759,1,806,com.android.settings,871,com.android.settings.homepage.SettingsHomepageActivity,904,com.android.settings,905,0,1320,8,1321,5]
11-12 05:15:59.214 1481 1567 I wm_activity_launch_time: [0,236273816,com.android.settings/.homepage.SettingsHomepageActivity,248]
11-12 05:15:59.251 15162 15162 I service_manager_stats: [100,52,14358735]
11-12 05:15:59.256 15162 15162 W CarrierConfigManager: Error getting config for subId -1 ICarrierConfigLoader is null
11-12 05:15:59.296 15162 15162 I sysui_multi_action: [757,746,758,1,833,0,1089,46]
11-12 05:15:59.297 1481 6239 D TelephonyRegistry: listen oscl: mHasNotifySubscriptionInfoChangedOccurred==false no callback
11-12 05:15:59.300 1481 2130 D TelephonyRegistry: listen oscl: mHasNotifySubscriptionInfoChangedOccurred==false no callback
11-12 05:15:59.310 15162 15162 I sysui_multi_action: [757,1729,758,4,854,isParalleledControllers:false,1089,60]
11-12 05:15:59.349 15162 15162 I sysui_multi_action: [757,337,758,1,833,0,1089,9]
11-12 05:15:59.350 15162 15162 I sysui_multi_action: [757,1729,758,4,854,isParalleledControllers:false,1089,10]
11-12 05:15:59.545 1481 1570 I wm_stop_activity: [0,35371080,com.android.launcher3/.uioverrides.QuickstepLauncher]
11-12 05:15:59.550 1971 1971 I sysui_multi_action: [757,111,758,2]
11-12 05:15:59.550 1971 1971 I sysui_multi_action: [757,111,758,2]
11-12 05:15:59.555 1481 1481 I notification_enqueue: [10082,1971,com.android.systemui,2048,NULL,0,Notification(channel=updateNotification shortcut=null contentView=null vibrate=null sound=null defaults=0x0 flags=0x0 color=0x00000000 vis=PRIVATE),1]
11-12 05:15:59.577 1481 1571 I input_focus: [Focus request 257cbd1 com.android.settings/com.android.settings.homepage.SettingsHomepageActivity,reason=UpdateInputWindows]
11-12 05:15:59.578 2522 2522 I wm_on_stop_called: [35371080,com.android.launcher3.uioverrides.QuickstepLauncher,STOP_ACTIVITY_ITEM]
11-12 05:15:59.580 1971 1971 I sysui_multi_action: [757,111,758,1]
11-12 05:15:59.580 1971 1971 I sysui_multi_action: [757,126,758,1,759,126,927,0,928,0,1593,0]
11-12 05:15:59.581 1971 1971 I sysui_multi_action: [757,113,758,1,759,113,927,1,928,1,1593,0]
11-12 05:15:59.581 1971 1971 I sysui_multi_action: [757,0,758,1,759,0,927,2,928,0,1593,1]
11-12 05:15:59.581 1971 1971 I sysui_multi_action: [757,0,758,1,759,0,927,3,928,0,1593,1]
11-12 05:15:59.581 1971 1971 I sysui_multi_action: [757,491,758,1,759,491,927,4,928,0,1311,-1,1593,0]
11-12 05:15:59.582 1971 1971 I sysui_multi_action: [757,0,758,1,759,0,927,5,928,0,1593,0]
11-12 05:15:59.582 1971 1971 I sysui_multi_action: [757,111,758,1]
11-12 05:15:59.582 1971 1971 I sysui_multi_action: [757,126,758,1,759,126,927,0,928,0,1593,1]
11-12 05:15:59.582 1971 1971 I sysui_multi_action: [757,113,758,1,759,113,927,1,928,1,1593,1]
11-12 05:15:59.582 1971 1971 I sysui_multi_action: [757,0,758,1,759,0,927,2,928,0,1593,1]
11-12 05:15:59.582 1971 1971 I sysui_multi_action: [757,0,758,1,759,0,927,3,928,0,1593,1]
11-12 05:15:59.592 1481 5711 I sysui_multi_action: [757,128,758,2,793,1385372,794,1192,795,1385372,796,26,798,0,806,android,857,DEVELOPER_IMPORTANT,858,4,947,0,1395,2,1500,1385158,1688,1]
11-12 05:15:59.592 1481 5711 I notification_visibility: [-1|android|26|null|1000,0,1385372,1385372,0,0]
11-12 05:15:59.592 1481 5711 I sysui_multi_action: [757,128,758,2,793,1385369,794,1191,795,1385369,796,32,798,1,806,android,857,USB,858,1,947,0,1395,2,1500,1385157,1688,1]
11-12 05:15:59.592 1481 5711 I notification_visibility: [-1|android|32|null|1000,0,1385369,1385369,0,1]
11-12 05:15:59.597 1971 1971 I sysui_multi_action: [757,111,758,2]
11-12 05:15:59.597 1971 1971 I sysui_multi_action: [757,111,758,2]
11-12 05:15:59.598 1481 1481 I notification_enqueue: [10082,1971,com.android.systemui,2048,NULL,0,Notification(channel=updateNotification shortcut=null contentView=null vibrate=null sound=null defaults=0x0 flags=0x0 color=0x00000000 vis=PRIVATE),1]
11-12 05:15:59.598 1481 1570 I wm_destroy_activity: [0,114791353,212,com.android.settings/.Settings$ConfigureNotificationSettingsActivity,finish-imm:idle]
11-12 05:15:59.599 15162 15162 I wm_on_destroy_called: [114791353,com.android.settings.Settings$ConfigureNotificationSettingsActivity,performDestroy]
11-12 05:15:59.600 1481 3102 I sysui_multi_action: [757,127,758,2]
11-12 05:15:59.600 1481 3102 I notification_panel_hidden:
11-12 05:15:59.600 1481 2130 I wm_task_removed: [212,removeChild:removeChild last r=ActivityRecord{6d793b9 u0 com.android.settings/.Settings$ConfigureNotificationSettingsActivity t-1 f}} in t=Task{154b275 #212 type=standard A=1000:com.android.settings U=0 visible=false mode=fullscreen translucent=true sz=0}]
11-12 05:15:59.600 1481 2130 I wm_task_removed: [212,removeChild]
11-12 05:15:59.600 1481 1680 I input_focus: [Focus leaving 8e9fb15 NotificationShade (server),reason=NOT_FOCUSABLE]
11-12 05:15:59.600 1481 1680 I input_focus: [Focus entering 257cbd1 com.android.settings/com.android.settings.homepage.SettingsHomepageActivity (server),reason=setFocusedWindow]
11-12 05:15:59.622 1971 1971 I sysui_multi_action: [757,111,758,1]
11-12 05:15:59.622 1971 1971 I sysui_multi_action: [757,126,758,1,759,126,927,0,928,0,1593,1]
11-12 05:15:59.623 1971 1971 I sysui_multi_action: [757,113,758,1,759,113,927,1,928,1,1593,1]
11-12 05:15:59.623 1971 1971 I sysui_multi_action: [757,0,758,1,759,0,927,2,928,0,1593,1]
11-12 05:15:59.623 1971 1971 I sysui_multi_action: [757,0,758,1,759,0,927,3,928,0,1593,1]
11-12 05:15:59.623 1971 1971 I sysui_multi_action: [757,491,758,1,759,491,927,4,928,0,1311,-1,1593,0]
11-12 05:15:59.623 1971 1971 I sysui_multi_action: [757,0,758,1,759,0,927,5,928,0,1593,0]
11-12 05:15:59.623 1971 1971 I sysui_multi_action: [757,111,758,1]
11-12 05:15:59.623 1971 1971 I sysui_multi_action: [757,126,758,1,759,126,927,0,928,0,1593,1]
11-12 05:15:59.623 1971 1971 I sysui_multi_action: [757,113,758,1,759,113,927,1,928,1,1593,1]
11-12 05:15:59.623 1971 1971 I sysui_multi_action: [757,0,758,1,759,0,927,2,928,0,1593,1]
11-12 05:15:59.623 1971 1971 I sysui_multi_action: [757,0,758,1,759,0,927,3,928,0,1593,1]
11-12 05:15:59.761 1481 1481 I sysui_multi_action: [757,1501,758,1,793,14337906,794,0,795,214,796,2048,806,com.android.systemui,857,updateNotification,858,3,947,0,1500,0,1688,1]
11-12 05:15:59.762 1481 1481 I sysui_multi_action: [757,804,799,note_interruptive,801,0,802,1]
11-12 05:15:59.762 1481 1481 I sysui_multi_action: [757,199,758,1,759,2,793,14337907,794,0,795,215,796,2048,806,com.android.systemui,857,updateNotification,858,3,947,0,1500,1,1688,1]
11-12 05:15:59.762 1481 1481 I notification_alert: [0|com.android.systemui|2048|null|10082,0,1,0]
11-12 05:16:00.327 12922 12922 I auditd : type=1400 audit(0.0:15194): avc: denied { kill } for comm="kworker/u17:6" capability=5 scontext=u:r:kernel:s0 tcontext=u:r:kernel:s0 tclass=capability permissive=0
11-12 05:16:00.447 1481 1680 I input_interaction: Interaction with: 257cbd1 com.android.settings/com.android.settings.homepage.SettingsHomepageActivity (server), swipe-up (server), edge-swipe (server), PointerEventDispatcher0 (server),
11-12 05:16:00.568 15162 15162 I sysui_multi_action: [757,337,758,2,1089,1219]
11-12 05:16:02.327 0 0 I auditd : type=1400 audit(0.0:15195): avc: denied { kill } for comm="swapper/2" capability=5 scontext=u:r:kernel:s0 tcontext=u:r:kernel:s0 tclass=capability permissive=0
11-12 05:16:03.327 0 0 I auditd : type=1400 audit(0.0:15196): avc: denied { kill } for comm="swapper/2" capability=5 scontext=u:r:kernel:s0 tcontext=u:r:kernel:s0 tclass=capability permissive=0
11-12 05:16:04.327 0 0 I auditd : type=1400 audit(0.0:15197): avc: denied { kill } for comm="swapper/2" capability=5 scontext=u:r:kernel:s0 tcontext=u:r:kernel:s0 tclass=capability permissive=0
11-12 05:16:05.327 0 0 I auditd : type=1400 audit(0.0:15198): avc: denied { kill } for comm="swapper/2" capability=5 scontext=u:r:kernel:s0 tcontext=u:r:kernel:s0 tclass=capability permissive=0
11-12 05:16:06.327 0 0 I auditd : type=1400 audit(0.0:15199): avc: denied { kill } for comm="swapper/2" capability=5 scontext=u:r:kernel:s0 tcontext=u:r:kernel:s0 tclass=capability permissive=0
11-12 05:16:07.327 0 0 I auditd : type=1400 audit(0.0:15200): avc: denied { kill } for comm="swapper/2" capability=5 scontext=u:r:kernel:s0 tcontext=u:r:kernel:s0 tclass=capability permissive=0
11-12 05:16:08.327 0 0 I auditd : type=1400 audit(0.0:15201): avc: denied { kill } for comm="swapper/2" capability=5 scontext=u:r:kernel:s0 tcontext=u:r:kernel:s0 tclass=capability permissive=0
11-12 05:16:09.327 0 0 I auditd : type=1400 audit(0.0:15202): avc: denied { kill } for comm="swapper/2" capability=5 scontext=u:r:kernel:s0 tcontext=u:r:kernel:s0 tclass=capability permissive=0
11-12 05:16:10.327 0 0 I auditd : type=1400 audit(0.0:15203): avc: denied { kill } for comm="swapper/2" capability=5 scontext=u:r:kernel:s0 tcontext=u:r:kernel:s0 tclass=capability permissive=0
11-12 05:16:11.327 0 0 I auditd : type=1400 audit(0.0:15204): avc: denied { kill } for comm="swapper/2" capability=5 scontext=u:r:kernel:s0 tcontext=u:r:kernel:s0 tclass=capability permissive=0
11-12 05:16:12.327 0 0 I auditd : type=1400 audit(0.0:15205): avc: denied { kill } for comm="swapper/2" capability=5 scontext=u:r:kernel:s0 tcontext=u:r:kernel:s0 tclass=capability permissive=0
11-12 05:16:13.327 0 0 I auditd : type=1400 audit(0.0:15206): avc: denied { kill } for comm="swapper/2" capability=5 scontext=u:r:kernel:s0 tcontext=u:r:kernel:s0 tclass=capability permissive=0
11-12 05:16:14.327 0 0 I auditd : type=1400 audit(0.0:15207): avc: denied { kill } for comm="swapper/2" capability=5 scontext=u:r:kernel:s0 tcontext=u:r:kernel:s0 tclass=capability permissive=0
11-12 05:16:15.327 0 0 I auditd : type=1400 audit(0.0:15208): avc: denied { kill } for comm="swapper/2" capability=5 scontext=u:r:kernel:s0 tcontext=u:r:kernel:s0 tclass=capability permissive=0
11-12 05:16:16.327 0 0 I auditd : type=1400 audit(0.0:15209): avc: denied { kill } for comm="swapper/2" capability=5 scontext=u:r:kernel:s0 tcontext=u:r:kernel:s0 tclass=capability permissive=0
11-12 05:16:17.327 0 0 I auditd : type=1400 audit(0.0:15210): avc: denied { kill } for comm="swapper/2" capability=5 scontext=u:r:kernel:s0 tcontext=u:r:kernel:s0 tclass=capability permissive=0
11-12 05:16:18.327 0 0 I auditd : type=1400 audit(0.0:15211): avc: denied { kill } for comm="swapper/2" capability=5 scontext=u:r:kernel:s0 tcontext=u:r:kernel:s0 tclass=capability permissive=0
11-12 05:16:19.327 0 0 I auditd : type=1400 audit(0.0:15212): avc: denied { kill } for comm="swapper/2" capability=5 scontext=u:r:kernel:s0 tcontext=u:r:kernel:s0 tclass=capability permissive=0
11-12 05:16:20.327 0 0 I auditd : type=1400 audit(0.0:15213): avc: denied { kill } for comm="swapper/2" capability=5 scontext=u:r:kernel:s0 tcontext=u:r:kernel:s0 tclass=capability permissive=0
11-12 05:16:21.327 0 0 I auditd : type=1400 audit(0.0:15214): avc: denied { kill } for comm="swapper/2" capability=5 scontext=u:r:kernel:s0 tcontext=u:r:kernel:s0 tclass=capability permissive=0
11-12 05:16:22.327 0 0 I auditd : type=1400 audit(0.0:15215): avc: denied { kill } for comm="swapper/2" capability=5 scontext=u:r:kernel:s0 tcontext=u:r:kernel:s0 tclass=capability permissive=0
11-12 05:16:23.327 0 0 I auditd : type=1400 audit(0.0:15216): avc: denied { kill } for comm="swapper/2" capability=5 scontext=u:r:kernel:s0 tcontext=u:r:kernel:s0 tclass=capability permissive=0
11-12 05:16:24.327 0 0 I auditd : type=1400 audit(0.0:15217): avc: denied { kill } for comm="swapper/2" capability=5 scontext=u:r:kernel:s0 tcontext=u:r:kernel:s0 tclass=capability permissive=0
11-12 05:16:25.327 0 0 I auditd : type=1400 audit(0.0:15218): avc: denied { kill } for comm="swapper/2" capability=5 scontext=u:r:kernel:s0 tcontext=u:r:kernel:s0 tclass=capability permissive=0
11-12 05:16:26.327 0 0 I auditd : type=1400 audit(0.0:15219): avc: denied { kill } for comm="swapper/2" capability=5 scontext=u:r:kernel:s0 tcontext=u:r:kernel:s0 tclass=capability permissive=0
11-12 05:16:27.327 0 0 I auditd : type=1400 audit(0.0:15220): avc: denied { kill } for comm="swapper/2" capability=5 scontext=u:r:kernel:s0 tcontext=u:r:kernel:s0 tclass=capability permissive=0
11-12 05:16:28.327 0 0 I auditd : type=1400 audit(0.0:15221): avc: denied { kill } for comm="swapper/2" capability=5 scontext=u:r:kernel:s0 tcontext=u:r:kernel:s0 tclass=capability permissive=0
11-12 05:16:29.327 0 0 I auditd : type=1400 audit(0.0:15222): avc: denied { kill } for comm="swapper/2" capability=5 scontext=u:r:kernel:s0 tcontext=u:r:kernel:s0 tclass=capability permissive=0
11-12 05:16:30.327 0 0 I auditd : type=1400 audit(0.0:15223): avc: denied { kill } for comm="swapper/2" capability=5 scontext=u:r:kernel:s0 tcontext=u:r:kernel:s0 tclass=capability permissive=0
11-12 05:16:31.327 0 0 I auditd : type=1400 audit(0.0:15224): avc: denied { kill } for comm="swapper/2" capability=5 scontext=u:r:kernel:s0 tcontext=u:r:kernel:s0 tclass=capability permissive=0
11-12 05:16:32.327 0 0 I auditd : type=1400 audit(0.0:15225): avc: denied { kill } for comm="swapper/2" capability=5 scontext=u:r:kernel:s0 tcontext=u:r:kernel:s0 tclass=capability permissive=0
11-12 05:16:33.327 0 0 I auditd : type=1400 audit(0.0:15226): avc: denied { kill } for comm="swapper/2" capability=5 scontext=u:r:kernel:s0 tcontext=u:r:kernel:s0 tclass=capability permissive=0
11-12 05:16:34.327 0 0 I auditd : type=1400 audit(0.0:15227): avc: denied { kill } for comm="swapper/2" capability=5 scontext=u:r:kernel:s0 tcontext=u:r:kernel:s0 tclass=capability permissive=0
11-12 05:16:35.327 0 0 I auditd : type=1400 audit(0.0:15228): avc: denied { kill } for comm="swapper/2" capability=5 scontext=u:r:kernel:s0 tcontext=u:r:kernel:s0 tclass=capability permissive=0
11-12 05:16:36.327 0 0 I auditd : type=1400 audit(0.0:15229): avc: denied { kill } for comm="swapper/2" capability=5 scontext=u:r:kernel:s0 tcontext=u:r:kernel:s0 tclass=capability permissive=0
11-12 05:16:37.327 0 0 I auditd : type=1400 audit(0.0:15230): avc: denied { kill } for comm="swapper/2" capability=5 scontext=u:r:kernel:s0 tcontext=u:r:kernel:s0 tclass=capability permissive=0
11-12 05:16:38.327 0 0 I auditd : type=1400 audit(0.0:15231): avc: denied { kill } for comm="swapper/2" capability=5 scontext=u:r:kernel:s0 tcontext=u:r:kernel:s0 tclass=capability permissive=0
11-12 05:16:39.327 0 0 I auditd : type=1400 audit(0.0:15232): avc: denied { kill } for comm="swapper/2" capability=5 scontext=u:r:kernel:s0 tcontext=u:r:kernel:s0 tclass=capability permissive=0
11-12 05:16:40.327 0 0 I auditd : type=1400 audit(0.0:15233): avc: denied { kill } for comm="swapper/2" capability=5 scontext=u:r:kernel:s0 tcontext=u:r:kernel:s0 tclass=capability permissive=0
11-12 05:16:40.603 567 567 I auditd : type=1400 audit(0.0:15234): avc: denied { read } for comm="Binder:567_2" name="wakeup58" dev="sysfs" ino=71811 scontext=u:r:system_suspend:s0 tcontext=u:object_r:sysfs:s0 tclass=dir permissive=0
11-12 05:16:40.607 567 567 I auditd : type=1400 audit(0.0:15235): avc: denied { read } for comm="Binder:567_2" name="wakeup48" dev="sysfs" ino=67156 scontext=u:r:system_suspend:s0 tcontext=u:object_r:sysfs:s0 tclass=dir permissive=0
11-12 05:16:40.607 567 567 I auditd : type=1400 audit(0.0:15236): avc: denied { read } for comm="Binder:567_2" name="wakeup4" dev="sysfs" ino=47028 scontext=u:r:system_suspend:s0 tcontext=u:object_r:sysfs:s0 tclass=dir permissive=0
11-12 05:16:40.607 567 567 I auditd : type=1400 audit(0.0:15237): avc: denied { read } for comm="Binder:567_2" name="wakeup76" dev="sysfs" ino=76813 scontext=u:r:system_suspend:s0 tcontext=u:object_r:sysfs:s0 tclass=dir permissive=0
11-12 05:16:40.635 1481 1602 I commit_sys_config_file: [batterystats,6]
11-12 05:16:40.636 1481 1602 I commit_sys_config_file: [batterystats,1]
11-12 05:16:42.327 0 0 I auditd : type=1400 audit(0.0:15284): avc: denied { kill } for comm="swapper/2" capability=5 scontext=u:r:kernel:s0 tcontext=u:r:kernel:s0 tclass=capability permissive=0
11-12 05:16:43.327 0 0 I auditd : type=1400 audit(0.0:15285): avc: denied { kill } for comm="swapper/2" capability=5 scontext=u:r:kernel:s0 tcontext=u:r:kernel:s0 tclass=capability permissive=0
11-12 05:16:44.327 0 0 I auditd : type=1400 audit(0.0:15286): avc: denied { kill } for comm="swapper/2" capability=5 scontext=u:r:kernel:s0 tcontext=u:r:kernel:s0 tclass=capability permissive=0
11-12 05:16:45.327 0 0 I auditd : type=1400 audit(0.0:15287): avc: denied { kill } for comm="swapper/2" capability=5 scontext=u:r:kernel:s0 tcontext=u:r:kernel:s0 tclass=capability permissive=0
11-12 05:16:46.327 0 0 I auditd : type=1400 audit(0.0:15288): avc: denied { kill } for comm="swapper/2" capability=5 scontext=u:r:kernel:s0 tcontext=u:r:kernel:s0 tclass=capability permissive=0
11-12 05:16:47.327 0 0 I auditd : type=1400 audit(0.0:15289): avc: denied { kill } for comm="swapper/2" capability=5 scontext=u:r:kernel:s0 tcontext=u:r:kernel:s0 tclass=capability permissive=0
11-12 05:16:48.327 0 0 I auditd : type=1400 audit(0.0:15290): avc: denied { kill } for comm="swapper/2" capability=5 scontext=u:r:kernel:s0 tcontext=u:r:kernel:s0 tclass=capability permissive=0
11-12 05:16:49.327 0 0 I auditd : type=1400 audit(0.0:15291): avc: denied { kill } for comm="swapper/2" capability=5 scontext=u:r:kernel:s0 tcontext=u:r:kernel:s0 tclass=capability permissive=0
11-12 05:16:50.257 1481 1481 I sysui_multi_action: [757,803,799,note_enqueued,802,844]
11-12 05:16:50.258 1481 1481 I sysui_multi_action: [757,803,799,note_post,802,56]
11-12 05:16:50.258 1481 1481 I sysui_multi_action: [757,803,799,note_update,802,668]
11-12 05:16:50.258 1481 1481 I sysui_multi_action: [757,803,799,note_remove,802,72]
11-12 05:16:50.258 1481 1481 I sysui_multi_action: [757,803,799,people_cache_hit,802,2149]
11-12 05:16:50.259 1481 1481 I sysui_multi_action: [757,803,799,note_with_actions,802,33]
11-12 05:16:50.259 1481 1481 I sysui_multi_action: [757,803,799,note_private,802,678]
11-12 05:16:50.259 1481 1481 I sysui_multi_action: [757,803,799,note_fg,802,28]
11-12 05:16:50.260 1481 1481 I sysui_multi_action: [757,803,799,note_ongoing,802,46]
11-12 05:16:50.260 1481 1481 I sysui_multi_action: [757,803,799,note_media,802,33]
11-12 05:16:50.260 1481 1481 I sysui_multi_action: [757,803,799,note_title,802,51]
11-12 05:16:50.260 1481 1481 I sysui_multi_action: [757,803,799,note_text,802,46]
11-12 05:16:50.261 1481 1481 I sysui_multi_action: [757,803,799,note_imp_noisy_default,802,724]
11-12 05:16:50.261 1481 1481 I sysui_multi_action: [757,803,799,note_importance_min,802,23]
11-12 05:16:50.261 1481 1481 I sysui_multi_action: [757,803,799,note_importance_low,802,28]
11-12 05:16:50.261 1481 1481 I sysui_multi_action: [757,803,799,note_importance_default,802,645]
11-12 05:16:50.261 1481 1481 I sysui_multi_action: [757,803,799,note_importance_high,802,28]
11-12 05:16:50.327 0 0 I auditd : type=1400 audit(0.0:15292): avc: denied { kill } for comm="swapper/2" capability=5 scontext=u:r:kernel:s0 tcontext=u:r:kernel:s0 tclass=capability permissive=0
11-12 05:16:51.327 0 0 I auditd : type=1400 audit(0.0:15293): avc: denied { kill } for comm="swapper/2" capability=5 scontext=u:r:kernel:s0 tcontext=u:r:kernel:s0 tclass=capability permissive=0
11-12 05:16:52.327 0 0 I auditd : type=1400 audit(0.0:15294): avc: denied { kill } for comm="swapper/2" capability=5 scontext=u:r:kernel:s0 tcontext=u:r:kernel:s0 tclass=capability permissive=0
11-12 05:16:53.327 0 0 I auditd : type=1400 audit(0.0:15295): avc: denied { kill } for comm="swapper/2" capability=5 scontext=u:r:kernel:s0 tcontext=u:r:kernel:s0 tclass=capability permissive=0
11-12 05:16:53.602 1481 1620 I sysui_multi_action: [757,1696,758,6,759,2]
11-12 05:16:53.605 1481 1603 I am_wtf : [0,1481,system_server,-1,DisplayDeviceConfig,requesting nits when no mapping exists.]
11-12 05:16:53.608 1481 1603 I am_wtf : [0,1481,system_server,-1,DisplayDeviceConfig,requesting nits when no mapping exists.]
11-12 05:16:53.620 1481 1603 I am_wtf : [0,1481,system_server,-1,DisplayDeviceConfig,requesting nits when no mapping exists.]
11-12 05:16:53.622 1481 1603 I am_wtf : [0,1481,system_server,-1,DisplayDeviceConfig,requesting nits when no mapping exists.]
11-12 05:16:53.638 1481 1603 I am_wtf : [0,1481,system_server,-1,DisplayDeviceConfig,requesting nits when no mapping exists.]
11-12 05:16:53.640 1481 1603 I am_wtf : [0,1481,system_server,-1,DisplayDeviceConfig,requesting nits when no mapping exists.]
11-12 05:16:53.643 1481 1603 I am_wtf : [0,1481,system_server,-1,DisplayDeviceConfig,requesting nits when no mapping exists.]
11-12 05:16:53.644 1481 1603 I am_wtf : [0,1481,system_server,-1,DisplayDeviceConfig,requesting nits when no mapping exists.]
11-12 05:16:53.659 1481 1603 I am_wtf : [0,1481,system_server,-1,DisplayDeviceConfig,requesting nits when no mapping exists.]
11-12 05:16:53.660 1481 1603 I am_wtf : [0,1481,system_server,-1,DisplayDeviceConfig,requesting nits when no mapping exists.]
11-12 05:16:53.676 1481 1603 I am_wtf : [0,1481,system_server,-1,DisplayDeviceConfig,requesting nits when no mapping exists.]
11-12 05:16:53.677 1481 1603 I am_wtf : [0,1481,system_server,-1,DisplayDeviceConfig,requesting nits when no mapping exists.]
11-12 05:16:53.692 1481 1603 I am_wtf : [0,1481,system_server,-1,DisplayDeviceConfig,requesting nits when no mapping exists.]
11-12 05:16:53.693 1481 1603 I am_wtf : [0,1481,system_server,-1,DisplayDeviceConfig,requesting nits when no mapping exists.]
11-12 05:16:53.709 1481 1603 I am_wtf : [0,1481,system_server,-1,DisplayDeviceConfig,requesting nits when no mapping exists.]
11-12 05:16:53.709 1481 1603 I am_wtf : [0,1481,system_server,-1,DisplayDeviceConfig,requesting nits when no mapping exists.]
11-12 05:16:53.725 1481 1603 I am_wtf : [0,1481,system_server,-1,DisplayDeviceConfig,requesting nits when no mapping exists.]
11-12 05:16:53.726 1481 1603 I am_wtf : [0,1481,system_server,-1,DisplayDeviceConfig,requesting nits when no mapping exists.]
11-12 05:16:53.742 1481 1603 I am_wtf : [0,1481,system_server,-1,DisplayDeviceConfig,requesting nits when no mapping exists.]
11-12 05:16:53.743 1481 1603 I am_wtf : [0,1481,system_server,-1,DisplayDeviceConfig,requesting nits when no mapping exists.]
11-12 05:16:53.759 1481 1603 I am_wtf : [0,1481,system_server,-1,DisplayDeviceConfig,requesting nits when no mapping exists.]
11-12 05:16:53.760 1481 1603 I am_wtf : [0,1481,system_server,-1,DisplayDeviceConfig,requesting nits when no mapping exists.]
11-12 05:16:53.776 1481 1603 I am_wtf : [0,1481,system_server,-1,DisplayDeviceConfig,requesting nits when no mapping exists.]
11-12 05:16:53.777 1481 1603 I am_wtf : [0,1481,system_server,-1,DisplayDeviceConfig,requesting nits when no mapping exists.]
11-12 05:16:53.793 1481 1603 I am_wtf : [0,1481,system_server,-1,DisplayDeviceConfig,requesting nits when no mapping exists.]
11-12 05:16:53.793 1481 1603 I am_wtf : [0,1481,system_server,-1,DisplayDeviceConfig,requesting nits when no mapping exists.]
11-12 05:16:53.809 1481 1603 I am_wtf : [0,1481,system_server,-1,DisplayDeviceConfig,requesting nits when no mapping exists.]
11-12 05:16:53.810 1481 1603 I am_wtf : [0,1481,system_server,-1,DisplayDeviceConfig,requesting nits when no mapping exists.]
11-12 05:16:53.826 1481 1603 I am_wtf : [0,1481,system_server,-1,DisplayDeviceConfig,requesting nits when no mapping exists.]
11-12 05:16:53.827 1481 1603 I am_wtf : [0,1481,system_server,-1,DisplayDeviceConfig,requesting nits when no mapping exists.]
11-12 05:16:53.843 1481 1603 I am_wtf : [0,1481,system_server,-1,DisplayDeviceConfig,requesting nits when no mapping exists.]
11-12 05:16:53.845 1481 1603 I am_wtf : [0,1481,system_server,-1,DisplayDeviceConfig,requesting nits when no mapping exists.]
11-12 05:16:53.860 1481 1603 I am_wtf : [0,1481,system_server,-1,DisplayDeviceConfig,requesting nits when no mapping exists.]
11-12 05:16:53.861 1481 1603 I am_wtf : [0,1481,system_server,-1,DisplayDeviceConfig,requesting nits when no mapping exists.]
11-12 05:16:53.876 1481 1603 I am_wtf : [0,1481,system_server,-1,DisplayDeviceConfig,requesting nits when no mapping exists.]
11-12 05:16:53.877 1481 1603 I am_wtf : [0,1481,system_server,-1,DisplayDeviceConfig,requesting nits when no mapping exists.]
11-12 05:16:53.893 1481 1603 I am_wtf : [0,1481,system_server,-1,DisplayDeviceConfig,requesting nits when no mapping exists.]
11-12 05:16:53.894 1481 1603 I am_wtf : [0,1481,system_server,-1,DisplayDeviceConfig,requesting nits when no mapping exists.]
11-12 05:16:53.910 1481 1603 I am_wtf : [0,1481,system_server,-1,DisplayDeviceConfig,requesting nits when no mapping exists.]
11-12 05:16:53.911 1481 1603 I am_wtf : [0,1481,system_server,-1,DisplayDeviceConfig,requesting nits when no mapping exists.]
11-12 05:16:53.926 1481 1603 I am_wtf : [0,1481,system_server,-1,DisplayDeviceConfig,requesting nits when no mapping exists.]
11-12 05:16:53.928 1481 1603 I am_wtf : [0,1481,system_server,-1,DisplayDeviceConfig,requesting nits when no mapping exists.]
11-12 05:16:53.943 1481 1603 I am_wtf : [0,1481,system_server,-1,DisplayDeviceConfig,requesting nits when no mapping exists.]
11-12 05:16:53.944 1481 1603 I am_wtf : [0,1481,system_server,-1,DisplayDeviceConfig,requesting nits when no mapping exists.]
11-12 05:16:53.960 1481 1603 I am_wtf : [0,1481,system_server,-1,DisplayDeviceConfig,requesting nits when no mapping exists.]
11-12 05:16:53.961 1481 1603 I am_wtf : [0,1481,system_server,-1,DisplayDeviceConfig,requesting nits when no mapping exists.]
11-12 05:16:53.976 1481 1603 I am_wtf : [0,1481,system_server,-1,DisplayDeviceConfig,requesting nits when no mapping exists.]
11-12 05:16:53.977 1481 1603 I am_wtf : [0,1481,system_server,-1,DisplayDeviceConfig,requesting nits when no mapping exists.]
11-12 05:16:53.993 1481 1603 I am_wtf : [0,1481,system_server,-1,DisplayDeviceConfig,requesting nits when no mapping exists.]
11-12 05:16:53.994 1481 1603 I am_wtf : [0,1481,system_server,-1,DisplayDeviceConfig,requesting nits when no mapping exists.]
11-12 05:16:54.010 1481 1603 I am_wtf : [0,1481,system_server,-1,DisplayDeviceConfig,requesting nits when no mapping exists.]
11-12 05:16:54.011 1481 1603 I am_wtf : [0,1481,system_server,-1,DisplayDeviceConfig,requesting nits when no mapping exists.]
11-12 05:16:54.027 1481 1603 I am_wtf : [0,1481,system_server,-1,DisplayDeviceConfig,requesting nits when no mapping exists.]
11-12 05:16:54.028 1481 1603 I am_wtf : [0,1481,system_server,-1,DisplayDeviceConfig,requesting nits when no mapping exists.]
11-12 05:16:54.043 1481 1603 I am_wtf : [0,1481,system_server,-1,DisplayDeviceConfig,requesting nits when no mapping exists.]
11-12 05:16:54.044 1481 1603 I am_wtf : [0,1481,system_server,-1,DisplayDeviceConfig,requesting nits when no mapping exists.]
11-12 05:16:54.060 1481 1603 I am_wtf : [0,1481,system_server,-1,DisplayDeviceConfig,requesting nits when no mapping exists.]
11-12 05:16:54.061 1481 1603 I am_wtf : [0,1481,system_server,-1,DisplayDeviceConfig,requesting nits when no mapping exists.]
11-12 05:16:54.077 1481 1603 I am_wtf : [0,1481,system_server,-1,DisplayDeviceConfig,requesting nits when no mapping exists.]
11-12 05:16:54.078 1481 1603 I am_wtf : [0,1481,system_server,-1,DisplayDeviceConfig,requesting nits when no mapping exists.]
11-12 05:16:54.093 1481 1603 I am_wtf : [0,1481,system_server,-1,DisplayDeviceConfig,requesting nits when no mapping exists.]
11-12 05:16:54.094 1481 1603 I am_wtf : [0,1481,system_server,-1,DisplayDeviceConfig,requesting nits when no mapping exists.]
11-12 05:16:54.110 1481 1603 I am_wtf : [0,1481,system_server,-1,DisplayDeviceConfig,requesting nits when no mapping exists.]
11-12 05:16:54.112 1481 1603 I am_wtf : [0,1481,system_server,-1,DisplayDeviceConfig,requesting nits when no mapping exists.]
11-12 05:16:54.127 1481 1603 I am_wtf : [0,1481,system_server,-1,DisplayDeviceConfig,requesting nits when no mapping exists.]
11-12 05:16:54.129 1481 1603 I am_wtf : [0,1481,system_server,-1,DisplayDeviceConfig,requesting nits when no mapping exists.]
11-12 05:16:54.144 1481 1603 I am_wtf : [0,1481,system_server,-1,DisplayDeviceConfig,requesting nits when no mapping exists.]
11-12 05:16:54.145 1481 1603 I am_wtf : [0,1481,system_server,-1,DisplayDeviceConfig,requesting nits when no mapping exists.]
11-12 05:16:54.160 1481 1603 I am_wtf : [0,1481,system_server,-1,DisplayDeviceConfig,requesting nits when no mapping exists.]
11-12 05:16:54.162 1481 1603 I am_wtf : [0,1481,system_server,-1,DisplayDeviceConfig,requesting nits when no mapping exists.]
11-12 05:16:54.177 1481 1603 I am_wtf : [0,1481,system_server,-1,DisplayDeviceConfig,requesting nits when no mapping exists.]
11-12 05:16:54.178 1481 1603 I am_wtf : [0,1481,system_server,-1,DisplayDeviceConfig,requesting nits when no mapping exists.]
11-12 05:16:54.193 1481 1603 I am_wtf : [0,1481,system_server,-1,DisplayDeviceConfig,requesting nits when no mapping exists.]
11-12 05:16:54.194 1481 1603 I am_wtf : [0,1481,system_server,-1,DisplayDeviceConfig,requesting nits when no mapping exists.]
11-12 05:16:54.210 1481 1603 I am_wtf : [0,1481,system_server,-1,DisplayDeviceConfig,requesting nits when no mapping exists.]
11-12 05:16:54.211 1481 1603 I am_wtf : [0,1481,system_server,-1,DisplayDeviceConfig,requesting nits when no mapping exists.]
11-12 05:16:54.227 1481 1603 I am_wtf : [0,1481,system_server,-1,DisplayDeviceConfig,requesting nits when no mapping exists.]
11-12 05:16:54.228 1481 1603 I am_wtf : [0,1481,system_server,-1,DisplayDeviceConfig,requesting nits when no mapping exists.]
11-12 05:16:54.244 1481 1603 I am_wtf : [0,1481,system_server,-1,DisplayDeviceConfig,requesting nits when no mapping exists.]
11-12 05:16:54.245 1481 1603 I am_wtf : [0,1481,system_server,-1,DisplayDeviceConfig,requesting nits when no mapping exists.]
11-12 05:16:54.260 1481 1603 I am_wtf : [0,1481,system_server,-1,DisplayDeviceConfig,requesting nits when no mapping exists.]
11-12 05:16:54.261 1481 1603 I am_wtf : [0,1481,system_server,-1,DisplayDeviceConfig,requesting nits when no mapping exists.]
11-12 05:16:54.277 1481 1603 I am_wtf : [0,1481,system_server,-1,DisplayDeviceConfig,requesting nits when no mapping exists.]
11-12 05:16:54.278 1481 1603 I am_wtf : [0,1481,system_server,-1,DisplayDeviceConfig,requesting nits when no mapping exists.]
11-12 05:16:54.293 1481 1603 I am_wtf : [0,1481,system_server,-1,DisplayDeviceConfig,requesting nits when no mapping exists.]
11-12 05:16:54.294 1481 1603 I am_wtf : [0,1481,system_server,-1,DisplayDeviceConfig,requesting nits when no mapping exists.]
11-12 05:16:54.311 1481 1603 I am_wtf : [0,1481,system_server,-1,DisplayDeviceConfig,requesting nits when no mapping exists.]
11-12 05:16:54.312 1481 1603 I am_wtf : [0,1481,system_server,-1,DisplayDeviceConfig,requesting nits when no mapping exists.]
11-12 05:16:54.327 1481 1603 I am_wtf : [0,1481,system_server,-1,DisplayDeviceConfig,requesting nits when no mapping exists.]
11-12 05:16:54.328 1481 1603 I am_wtf : [0,1481,system_server,-1,DisplayDeviceConfig,requesting nits when no mapping exists.]
11-12 05:16:54.344 1481 1603 I am_wtf : [0,1481,system_server,-1,DisplayDeviceConfig,requesting nits when no mapping exists.]
11-12 05:16:54.345 1481 1603 I service_manager_stats: [100,50,57863]
11-12 05:16:54.345 1481 1603 I am_wtf : [0,1481,system_server,-1,DisplayDeviceConfig,requesting nits when no mapping exists.]
11-12 05:16:54.361 1481 1603 I am_wtf : [0,1481,system_server,-1,DisplayDeviceConfig,requesting nits when no mapping exists.]
11-12 05:16:54.361 1481 1603 I am_wtf : [0,1481,system_server,-1,DisplayDeviceConfig,requesting nits when no mapping exists.]
11-12 05:16:54.377 1481 1603 I am_wtf : [0,1481,system_server,-1,DisplayDeviceConfig,requesting nits when no mapping exists.]
11-12 05:16:54.378 1481 1603 I am_wtf : [0,1481,system_server,-1,DisplayDeviceConfig,requesting nits when no mapping exists.]
11-12 05:16:54.395 1481 1603 I am_wtf : [0,1481,system_server,-1,DisplayDeviceConfig,requesting nits when no mapping exists.]
11-12 05:16:54.396 1481 1603 I am_wtf : [0,1481,system_server,-1,DisplayDeviceConfig,requesting nits when no mapping exists.]
11-12 05:16:54.410 1481 1603 I am_wtf : [0,1481,system_server,-1,DisplayDeviceConfig,requesting nits when no mapping exists.]
11-12 05:16:54.411 1481 1603 I am_wtf : [0,1481,system_server,-1,DisplayDeviceConfig,requesting nits when no mapping exists.]
11-12 05:16:54.427 1481 1603 I am_wtf : [0,1481,system_server,-1,DisplayDeviceConfig,requesting nits when no mapping exists.]
11-12 05:16:54.429 1481 1603 I am_wtf : [0,1481,system_server,-1,DisplayDeviceConfig,requesting nits when no mapping exists.]
11-12 05:16:54.445 1481 1603 I am_wtf : [0,1481,system_server,-1,DisplayDeviceConfig,requesting nits when no mapping exists.]
11-12 05:16:54.446 1481 1603 I am_wtf : [0,1481,system_server,-1,DisplayDeviceConfig,requesting nits when no mapping exists.]
11-12 05:16:54.461 1481 1603 I am_wtf : [0,1481,system_server,-1,DisplayDeviceConfig,requesting nits when no mapping exists.]
11-12 05:16:54.462 1481 1603 I am_wtf : [0,1481,system_server,-1,DisplayDeviceConfig,requesting nits when no mapping exists.]
11-12 05:16:54.478 1481 1603 I am_wtf : [0,1481,system_server,-1,DisplayDeviceConfig,requesting nits when no mapping exists.]
11-12 05:16:54.480 1481 1603 I am_wtf : [0,1481,system_server,-1,DisplayDeviceConfig,requesting nits when no mapping exists.]
11-12 05:16:54.494 1481 1603 I am_wtf : [0,1481,system_server,-1,DisplayDeviceConfig,requesting nits when no mapping exists.]
11-12 05:16:54.495 1481 1603 I am_wtf : [0,1481,system_server,-1,DisplayDeviceConfig,requesting nits when no mapping exists.]
11-12 05:16:54.511 1481 1603 I am_wtf : [0,1481,system_server,-1,DisplayDeviceConfig,requesting nits when no mapping exists.]
11-12 05:16:54.513 1481 1603 I am_wtf : [0,1481,system_server,-1,DisplayDeviceConfig,requesting nits when no mapping exists.]
11-12 05:16:54.528 1481 1603 I am_wtf : [0,1481,system_server,-1,DisplayDeviceConfig,requesting nits when no mapping exists.]
11-12 05:16:54.529 1481 1603 I am_wtf : [0,1481,system_server,-1,DisplayDeviceConfig,requesting nits when no mapping exists.]
11-12 05:16:54.545 1481 1603 I am_wtf : [0,1481,system_server,-1,DisplayDeviceConfig,requesting nits when no mapping exists.]
11-12 05:16:54.546 1481 1603 I am_wtf : [0,1481,system_server,-1,DisplayDeviceConfig,requesting nits when no mapping exists.]
11-12 05:16:54.562 1481 1603 I am_wtf : [0,1481,system_server,-1,DisplayDeviceConfig,requesting nits when no mapping exists.]
11-12 05:16:54.565 1481 1603 I am_wtf : [0,1481,system_server,-1,DisplayDeviceConfig,requesting nits when no mapping exists.]
11-12 05:16:55.327 0 0 I auditd : type=1400 audit(0.0:15296): avc: denied { kill } for comm="swapper/2" capability=5 scontext=u:r:kernel:s0 tcontext=u:r:kernel:s0 tclass=capability permissive=0
11-12 05:16:56.327 0 0 I auditd : type=1400 audit(0.0:15297): avc: denied { kill } for comm="swapper/2" capability=5 scontext=u:r:kernel:s0 tcontext=u:r:kernel:s0 tclass=capability permissive=0
11-12 05:16:57.327 0 0 I auditd : type=1400 audit(0.0:15298): avc: denied { kill } for comm="swapper/2" capability=5 scontext=u:r:kernel:s0 tcontext=u:r:kernel:s0 tclass=capability permissive=0
11-12 05:16:58.327 0 0 I auditd : type=1400 audit(0.0:15299): avc: denied { kill } for comm="swapper/2" capability=5 scontext=u:r:kernel:s0 tcontext=u:r:kernel:s0 tclass=capability permissive=0
11-12 05:16:59.327 0 0 I auditd : type=1400 audit(0.0:15300): avc: denied { kill } for comm="swapper/2" capability=5 scontext=u:r:kernel:s0 tcontext=u:r:kernel:s0 tclass=capability permissive=0
11-12 05:17:00.327 0 0 I auditd : type=1400 audit(0.0:15301): avc: denied { kill } for comm="swapper/2" capability=5 scontext=u:r:kernel:s0 tcontext=u:r:kernel:s0 tclass=capability permissive=0
11-12 05:17:00.581 1481 1567 I sysui_multi_action: [757,222,758,1]
11-12 05:17:00.583 1481 1567 I am_uid_active: 10051
11-12 05:17:00.594 1481 3102 I wm_task_created: [213,-1]
11-12 05:17:00.597 1481 1602 I am_pss : [15162,1000,com.android.settings,89180160,77471744,0,217686016,0,2,13]
11-12 05:17:00.598 1481 3102 I wm_task_moved: [213,1,7]
11-12 05:17:00.598 1481 3102 I wm_task_to_front: [0,213]
11-12 05:17:00.599 1481 3102 I wm_create_task: [0,213]
11-12 05:17:00.599 1481 3102 I wm_create_activity: [0,77268872,213,com.thundercomm.screensaver/android.service.dreams.DreamActivity,NULL,NULL,NULL,276824064]
11-12 05:17:00.599 1481 3102 I wm_task_moved: [213,1,7]
11-12 05:17:00.600 1481 3102 I wm_pause_activity: [0,236273816,com.android.settings/.homepage.SettingsHomepageActivity,userLeaving=true,pauseBackTasks]
11-12 05:17:00.602 15162 15162 I wm_on_top_resumed_lost_called: [236273816,com.android.settings.homepage.SettingsHomepageActivity,topStateChangedWhenResumed]
11-12 05:17:00.606 1481 1602 I am_pss : [15014,10084,com.android.music,7211008,4788224,0,91971584,0,19,6]
11-12 05:17:00.610 15162 15162 I sysui_multi_action: [757,35,758,2,1089,61459]
11-12 05:17:00.613 15162 15162 I sysui_multi_action: [757,746,758,2,1089,61317]
11-12 05:17:00.615 1481 1602 I am_pss : [11382,1000,com.qti.diagservices,6418432,3907584,0,94343168,0,10,6]
11-12 05:17:00.617 15162 15162 I wm_on_paused_called: [236273816,com.android.settings.homepage.SettingsHomepageActivity,performPause]
11-12 05:17:00.622 1481 6239 I wm_add_to_stopping: [0,236273816,com.android.settings/.homepage.SettingsHomepageActivity,makeInvisible]
11-12 05:17:00.623 1481 6239 I wm_restart_activity: [0,77268872,213,com.thundercomm.screensaver/android.service.dreams.DreamActivity]
11-12 05:17:00.624 1481 6239 I wm_set_resumed_activity: [0,com.thundercomm.screensaver/android.service.dreams.DreamActivity,minimalResumeActivityLocked]
11-12 05:17:00.634 4169 4169 I wm_on_create_called: [77268872,android.service.dreams.DreamActivity,performCreate]
11-12 05:17:00.634 1481 1570 I sysui_multi_action: [757,803,799,window_time_0,802,62]
11-12 05:17:00.635 4169 4169 I wm_on_start_called: [77268872,android.service.dreams.DreamActivity,handleStartActivity]
11-12 05:17:00.638 4169 4169 I wm_on_resume_called: [77268872,android.service.dreams.DreamActivity,RESUME_ACTIVITY]
11-12 05:17:00.643 4169 4169 I wm_on_top_resumed_gained_called: [77268872,android.service.dreams.DreamActivity,topStateChangedWhenResumed]
11-12 05:17:00.644 1481 1680 I input_focus: [Focus leaving 257cbd1 com.android.settings/com.android.settings.homepage.SettingsHomepageActivity (server),reason=NO_WINDOW]
11-12 05:17:00.657 1481 1571 I input_focus: [Focus request a9d1434 com.thundercomm.screensaver/android.service.dreams.DreamActivity,reason=UpdateInputWindows]
11-12 05:17:00.664 1971 1971 I sysui_multi_action: [757,111,758,2]
11-12 05:17:00.665 1481 1481 I notification_enqueue: [10082,1971,com.android.systemui,2048,NULL,0,Notification(channel=updateNotification shortcut=null contentView=null vibrate=null sound=null defaults=0x0 flags=0x0 color=0x00000000 vis=PRIVATE),1]
11-12 05:17:00.665 1971 1971 I sysui_multi_action: [757,111,758,2]
11-12 05:17:00.678 1481 1567 I sysui_multi_action: [319,84,322,78,325,14420,757,761,758,8,759,2,806,com.thundercomm.screensaver,871,android.service.dreams.DreamActivity,904,com.thundercomm.screensaver,905,0,1320,4,1321,2]
11-12 05:17:00.679 1481 1567 I wm_activity_launch_time: [0,77268872,com.thundercomm.screensaver/android.service.dreams.DreamActivity,78]
11-12 05:17:00.684 1481 1620 I sysui_multi_action: [757,1696,758,6,759,3]
11-12 05:17:00.685 1971 1971 I sysui_multi_action: [757,111,758,1]
11-12 05:17:00.685 1971 1971 I sysui_multi_action: [757,126,758,1,759,126,927,0,928,0,1593,1]
11-12 05:17:00.685 1971 1971 I sysui_multi_action: [757,113,758,1,759,113,927,1,928,1,1593,1]
11-12 05:17:00.685 1971 1971 I sysui_multi_action: [757,0,758,1,759,0,927,2,928,0,1593,1]
11-12 05:17:00.685 1971 1971 I sysui_multi_action: [757,0,758,1,759,0,927,3,928,0,1593,1]
11-12 05:17:00.685 1971 1971 I sysui_multi_action: [757,491,758,1,759,491,927,4,928,0,1311,-1,1593,0]
11-12 05:17:00.685 1971 1971 I sysui_multi_action: [757,0,758,1,759,0,927,5,928,0,1593,0]
11-12 05:17:00.685 1971 1971 I sysui_multi_action: [757,111,758,1]
11-12 05:17:00.685 1971 1971 I sysui_multi_action: [757,126,758,1,759,126,927,0,928,0,1593,1]
11-12 05:17:00.685 1971 1971 I sysui_multi_action: [757,113,758,1,759,113,927,1,928,1,1593,1]
11-12 05:17:00.685 1971 1971 I sysui_multi_action: [757,0,758,1,759,0,927,2,928,0,1593,1]
11-12 05:17:00.685 1971 1971 I sysui_multi_action: [757,0,758,1,759,0,927,3,928,0,1593,1]
11-12 05:17:00.698 1481 1603 I am_wtf : [0,1481,system_server,-1,DisplayDeviceConfig,requesting nits when no mapping exists.]
11-12 05:17:00.700 1481 1603 I am_wtf : [0,1481,system_server,-1,DisplayDeviceConfig,requesting nits when no mapping exists.]
11-12 05:17:00.712 1481 1680 I input_focus: [Focus entering a9d1434 com.thundercomm.screensaver/android.service.dreams.DreamActivity (server),reason=Window became focusable. Previous reason: NOT_VISIBLE]
11-12 05:17:00.712 1481 1603 I am_wtf : [0,1481,system_server,-1,DisplayDeviceConfig,requesting nits when no mapping exists.]
11-12 05:17:00.713 1481 1603 I am_wtf : [0,1481,system_server,-1,DisplayDeviceConfig,requesting nits when no mapping exists.]
11-12 05:17:00.730 1481 1603 I am_wtf : [0,1481,system_server,-1,DisplayDeviceConfig,requesting nits when no mapping exists.]
11-12 05:17:00.733 1481 1603 I am_wtf : [0,1481,system_server,-1,DisplayDeviceConfig,requesting nits when no mapping exists.]
11-12 05:17:00.747 1481 1603 I am_wtf : [0,1481,system_server,-1,DisplayDeviceConfig,requesting nits when no mapping exists.]
11-12 05:17:00.751 1481 1603 I am_wtf : [0,1481,system_server,-1,DisplayDeviceConfig,requesting nits when no mapping exists.]
11-12 05:17:00.770 1481 1603 I am_wtf : [0,1481,system_server,-1,DisplayDeviceConfig,requesting nits when no mapping exists.]
11-12 05:17:00.771 1481 1603 I am_wtf : [0,1481,system_server,-1,DisplayDeviceConfig,requesting nits when no mapping exists.]
11-12 05:17:00.779 1481 1603 I am_wtf : [0,1481,system_server,-1,DisplayDeviceConfig,requesting nits when no mapping exists.]
11-12 05:17:00.782 1481 1603 I am_wtf : [0,1481,system_server,-1,DisplayDeviceConfig,requesting nits when no mapping exists.]
11-12 05:17:00.795 1481 1603 I am_wtf : [0,1481,system_server,-1,DisplayDeviceConfig,requesting nits when no mapping exists.]
11-12 05:17:00.797 1481 1603 I am_wtf : [0,1481,system_server,-1,DisplayDeviceConfig,requesting nits when no mapping exists.]
11-12 05:17:00.814 1481 1603 I am_wtf : [0,1481,system_server,-1,DisplayDeviceConfig,requesting nits when no mapping exists.]
11-12 05:17:00.815 1481 1603 I am_wtf : [0,1481,system_server,-1,DisplayDeviceConfig,requesting nits when no mapping exists.]
11-12 05:17:00.830 1481 1603 I am_wtf : [0,1481,system_server,-1,DisplayDeviceConfig,requesting nits when no mapping exists.]
11-12 05:17:00.831 1481 1603 I am_wtf : [0,1481,system_server,-1,DisplayDeviceConfig,requesting nits when no mapping exists.]
11-12 05:17:00.846 1481 1603 I am_wtf : [0,1481,system_server,-1,DisplayDeviceConfig,requesting nits when no mapping exists.]
11-12 05:17:00.847 1481 1603 I am_wtf : [0,1481,system_server,-1,DisplayDeviceConfig,requesting nits when no mapping exists.]
11-12 05:17:00.863 1481 1603 I am_wtf : [0,1481,system_server,-1,DisplayDeviceConfig,requesting nits when no mapping exists.]
11-12 05:17:00.865 1481 1603 I am_wtf : [0,1481,system_server,-1,DisplayDeviceConfig,requesting nits when no mapping exists.]
11-12 05:17:00.867 1481 1481 I sysui_multi_action: [757,1501,758,1,793,14399012,794,0,795,207,796,2048,806,com.android.systemui,857,updateNotification,858,3,947,0,1500,0,1688,1]
11-12 05:17:00.867 1481 1481 I sysui_multi_action: [757,804,799,note_interruptive,801,0,802,1]
11-12 05:17:00.867 1481 1481 I sysui_multi_action: [757,199,758,1,759,2,793,14399012,794,0,795,207,796,2048,806,com.android.systemui,857,updateNotification,858,3,947,0,1500,0,1688,1]
11-12 05:17:00.867 1481 1481 I notification_alert: [0|com.android.systemui|2048|null|10082,0,1,0]
11-12 05:17:00.885 1481 1603 I am_wtf : [0,1481,system_server,-1,DisplayDeviceConfig,requesting nits when no mapping exists.]
11-12 05:17:00.886 1481 1603 I am_wtf : [0,1481,system_server,-1,DisplayDeviceConfig,requesting nits when no mapping exists.]
11-12 05:17:00.898 1481 1603 I am_wtf : [0,1481,system_server,-1,DisplayDeviceConfig,requesting nits when no mapping exists.]
11-12 05:17:00.899 1481 1603 I am_wtf : [0,1481,system_server,-1,DisplayDeviceConfig,requesting nits when no mapping exists.]
11-12 05:17:00.912 1481 1603 I am_wtf : [0,1481,system_server,-1,DisplayDeviceConfig,requesting nits when no mapping exists.]
11-12 05:17:00.912 1481 1603 I am_wtf : [0,1481,system_server,-1,DisplayDeviceConfig,requesting nits when no mapping exists.]
11-12 05:17:00.929 1481 1603 I am_wtf : [0,1481,system_server,-1,DisplayDeviceConfig,requesting nits when no mapping exists.]
11-12 05:17:00.930 1481 1603 I am_wtf : [0,1481,system_server,-1,DisplayDeviceConfig,requesting nits when no mapping exists.]
11-12 05:17:00.946 1481 1603 I am_wtf : [0,1481,system_server,-1,DisplayDeviceConfig,requesting nits when no mapping exists.]
11-12 05:17:00.947 1481 1603 I am_wtf : [0,1481,system_server,-1,DisplayDeviceConfig,requesting nits when no mapping exists.]
11-12 05:17:00.962 1481 1603 I am_wtf : [0,1481,system_server,-1,DisplayDeviceConfig,requesting nits when no mapping exists.]
11-12 05:17:00.964 1481 1603 I am_wtf : [0,1481,system_server,-1,DisplayDeviceConfig,requesting nits when no mapping exists.]
11-12 05:17:00.980 1481 1603 I am_wtf : [0,1481,system_server,-1,DisplayDeviceConfig,requesting nits when no mapping exists.]
11-12 05:17:00.981 1481 1603 I am_wtf : [0,1481,system_server,-1,DisplayDeviceConfig,requesting nits when no mapping exists.]
11-12 05:17:00.997 1481 1603 I am_wtf : [0,1481,system_server,-1,DisplayDeviceConfig,requesting nits when no mapping exists.]
11-12 05:17:00.997 1481 1603 I am_wtf : [0,1481,system_server,-1,DisplayDeviceConfig,requesting nits when no mapping exists.]
11-12 05:17:01.012 1481 1603 I am_wtf : [0,1481,system_server,-1,DisplayDeviceConfig,requesting nits when no mapping exists.]
11-12 05:17:01.018 1481 1603 I am_wtf : [0,1481,system_server,-1,DisplayDeviceConfig,requesting nits when no mapping exists.]
11-12 05:17:01.029 1481 1603 I am_wtf : [0,1481,system_server,-1,DisplayDeviceConfig,requesting nits when no mapping exists.]
11-12 05:17:01.030 1481 1603 I am_wtf : [0,1481,system_server,-1,DisplayDeviceConfig,requesting nits when no mapping exists.]
11-12 05:17:01.046 1481 1603 I am_wtf : [0,1481,system_server,-1,DisplayDeviceConfig,requesting nits when no mapping exists.]
11-12 05:17:01.050 1481 1603 I am_wtf : [0,1481,system_server,-1,DisplayDeviceConfig,requesting nits when no mapping exists.]
11-12 05:17:01.065 1481 1603 I am_wtf : [0,1481,system_server,-1,DisplayDeviceConfig,requesting nits when no mapping exists.]
11-12 05:17:01.066 1481 1603 I am_wtf : [0,1481,system_server,-1,DisplayDeviceConfig,requesting nits when no mapping exists.]
