11-12 05:17:01.080 1481 1603 I am_wtf : [0,1481,system_server,-1,DisplayDeviceConfig,requesting nits when no mapping exists.]
11-12 05:17:01.083 1481 1603 I am_wtf : [0,1481,system_server,-1,DisplayDeviceConfig,requesting nits when no mapping exists.]
11-12 05:17:01.098 1481 1603 I am_wtf : [0,1481,system_server,-1,DisplayDeviceConfig,requesting nits when no mapping exists.]
11-12 05:17:01.101 1481 1603 I am_wtf : [0,1481,system_server,-1,DisplayDeviceConfig,requesting nits when no mapping exists.]
11-12 05:17:01.113 1481 1603 I am_wtf : [0,1481,system_server,-1,DisplayDeviceConfig,requesting nits when no mapping exists.]
11-12 05:17:01.114 1481 1603 I am_wtf : [0,1481,system_server,-1,DisplayDeviceConfig,requesting nits when no mapping exists.]
11-12 05:17:01.129 1481 1603 I am_wtf : [0,1481,system_server,-1,DisplayDeviceConfig,requesting nits when no mapping exists.]
11-12 05:17:01.131 1481 1603 I am_wtf : [0,1481,system_server,-1,DisplayDeviceConfig,requesting nits when no mapping exists.]
11-12 05:17:01.151 1481 1603 I am_wtf : [0,1481,system_server,-1,DisplayDeviceConfig,requesting nits when no mapping exists.]
11-12 05:17:01.153 1481 1603 I am_wtf : [0,1481,system_server,-1,DisplayDeviceConfig,requesting nits when no mapping exists.]
11-12 05:17:01.165 1481 1603 I am_wtf : [0,1481,system_server,-1,DisplayDeviceConfig,requesting nits when no mapping exists.]
11-12 05:17:01.166 1481 1603 I am_wtf : [0,1481,system_server,-1,DisplayDeviceConfig,requesting nits when no mapping exists.]
11-12 05:17:01.181 1481 1603 I am_wtf : [0,1481,system_server,-1,DisplayDeviceConfig,requesting nits when no mapping exists.]
11-12 05:17:01.183 1481 1603 I am_wtf : [0,1481,system_server,-1,DisplayDeviceConfig,requesting nits when no mapping exists.]
11-12 05:17:01.184 1481 1570 I wm_stop_activity: [0,236273816,com.android.settings/.homepage.SettingsHomepageActivity]
11-12 05:17:01.202 1481 1603 I am_wtf : [0,1481,system_server,-1,DisplayDeviceConfig,requesting nits when no mapping exists.]
11-12 05:17:01.209 1481 1603 I am_wtf : [0,1481,system_server,-1,DisplayDeviceConfig,requesting nits when no mapping exists.]
11-12 05:17:01.218 1481 1603 I am_wtf : [0,1481,system_server,-1,DisplayDeviceConfig,requesting nits when no mapping exists.]
11-12 05:17:01.218 15162 15162 I wm_on_stop_called: [236273816,com.android.settings.homepage.SettingsHomepageActivity,STOP_ACTIVITY_ITEM]
11-12 05:17:01.219 1481 1603 I am_wtf : [0,1481,system_server,-1,DisplayDeviceConfig,requesting nits when no mapping exists.]
11-12 05:17:01.230 1481 1603 I am_wtf : [0,1481,system_server,-1,DisplayDeviceConfig,requesting nits when no mapping exists.]
11-12 05:17:01.231 1481 1603 I am_wtf : [0,1481,system_server,-1,DisplayDeviceConfig,requesting nits when no mapping exists.]
11-12 05:17:01.249 1481 1603 I am_wtf : [0,1481,system_server,-1,DisplayDeviceConfig,requesting nits when no mapping exists.]
11-12 05:17:01.250 1481 1603 I am_wtf : [0,1481,system_server,-1,DisplayDeviceConfig,requesting nits when no mapping exists.]
11-12 05:17:01.263 1481 1603 I am_wtf : [0,1481,system_server,-1,DisplayDeviceConfig,requesting nits when no mapping exists.]
11-12 05:17:01.264 1481 1603 I am_wtf : [0,1481,system_server,-1,DisplayDeviceConfig,requesting nits when no mapping exists.]
11-12 05:17:01.279 1481 1603 I am_wtf : [0,1481,system_server,-1,DisplayDeviceConfig,requesting nits when no mapping exists.]
11-12 05:17:01.280 1481 1603 I am_wtf : [0,1481,system_server,-1,DisplayDeviceConfig,requesting nits when no mapping exists.]
11-12 05:17:01.294 1481 1603 I am_wtf : [0,1481,system_server,-1,DisplayDeviceConfig,requesting nits when no mapping exists.]
11-12 05:17:01.295 1481 1603 I service_manager_stats: [100,64,6950]
11-12 05:17:01.295 1481 1603 I am_wtf : [0,1481,system_server,-1,DisplayDeviceConfig,requesting nits when no mapping exists.]
11-12 05:17:01.311 1481 1603 I am_wtf : [0,1481,system_server,-1,DisplayDeviceConfig,requesting nits when no mapping exists.]
11-12 05:17:01.313 1481 1603 I am_wtf : [0,1481,system_server,-1,DisplayDeviceConfig,requesting nits when no mapping exists.]
11-12 05:17:01.329 1481 1603 I am_wtf : [0,1481,system_server,-1,DisplayDeviceConfig,requesting nits when no mapping exists.]
11-12 05:17:01.330 1481 1603 I am_wtf : [0,1481,system_server,-1,DisplayDeviceConfig,requesting nits when no mapping exists.]
11-12 05:17:01.346 1481 1603 I am_wtf : [0,1481,system_server,-1,DisplayDeviceConfig,requesting nits when no mapping exists.]
11-12 05:17:01.348 1481 1603 I am_wtf : [0,1481,system_server,-1,DisplayDeviceConfig,requesting nits when no mapping exists.]
11-12 05:17:01.361 1481 1603 I am_wtf : [0,1481,system_server,-1,DisplayDeviceConfig,requesting nits when no mapping exists.]
11-12 05:17:01.362 1481 1603 I am_wtf : [0,1481,system_server,-1,DisplayDeviceConfig,requesting nits when no mapping exists.]
11-12 05:17:01.378 1481 1603 I am_wtf : [0,1481,system_server,-1,DisplayDeviceConfig,requesting nits when no mapping exists.]
11-12 05:17:01.379 1481 1603 I am_wtf : [0,1481,system_server,-1,DisplayDeviceConfig,requesting nits when no mapping exists.]
11-12 05:17:01.394 1481 1603 I am_wtf : [0,1481,system_server,-1,DisplayDeviceConfig,requesting nits when no mapping exists.]
11-12 05:17:01.395 1481 1603 I am_wtf : [0,1481,system_server,-1,DisplayDeviceConfig,requesting nits when no mapping exists.]
11-12 05:17:01.414 1481 1603 I am_wtf : [0,1481,system_server,-1,DisplayDeviceConfig,requesting nits when no mapping exists.]
11-12 05:17:01.414 1481 1603 I am_wtf : [0,1481,system_server,-1,DisplayDeviceConfig,requesting nits when no mapping exists.]
11-12 05:17:01.429 1481 1603 I am_wtf : [0,1481,system_server,-1,DisplayDeviceConfig,requesting nits when no mapping exists.]
11-12 05:17:01.430 1481 1603 I am_wtf : [0,1481,system_server,-1,DisplayDeviceConfig,requesting nits when no mapping exists.]
11-12 05:17:01.444 1481 1603 I am_wtf : [0,1481,system_server,-1,DisplayDeviceConfig,requesting nits when no mapping exists.]
11-12 05:17:01.445 1481 1603 I am_wtf : [0,1481,system_server,-1,DisplayDeviceConfig,requesting nits when no mapping exists.]
11-12 05:17:01.461 1481 1603 I am_wtf : [0,1481,system_server,-1,DisplayDeviceConfig,requesting nits when no mapping exists.]
11-12 05:17:01.461 1481 1603 I am_wtf : [0,1481,system_server,-1,DisplayDeviceConfig,requesting nits when no mapping exists.]
11-12 05:17:01.478 1481 1603 I am_wtf : [0,1481,system_server,-1,DisplayDeviceConfig,requesting nits when no mapping exists.]
11-12 05:17:01.480 1481 1603 I am_wtf : [0,1481,system_server,-1,DisplayDeviceConfig,requesting nits when no mapping exists.]
11-12 05:17:01.495 1481 1603 I am_wtf : [0,1481,system_server,-1,DisplayDeviceConfig,requesting nits when no mapping exists.]
11-12 05:17:01.496 1481 1603 I am_wtf : [0,1481,system_server,-1,DisplayDeviceConfig,requesting nits when no mapping exists.]
11-12 05:17:01.512 1481 1603 I am_wtf : [0,1481,system_server,-1,DisplayDeviceConfig,requesting nits when no mapping exists.]
11-12 05:17:01.513 1481 1603 I am_wtf : [0,1481,system_server,-1,DisplayDeviceConfig,requesting nits when no mapping exists.]
11-12 05:17:01.529 1481 1603 I am_wtf : [0,1481,system_server,-1,DisplayDeviceConfig,requesting nits when no mapping exists.]
11-12 05:17:01.530 1481 1603 I am_wtf : [0,1481,system_server,-1,DisplayDeviceConfig,requesting nits when no mapping exists.]
11-12 05:17:01.545 1481 1603 I am_wtf : [0,1481,system_server,-1,DisplayDeviceConfig,requesting nits when no mapping exists.]
11-12 05:17:01.546 1481 1603 I am_wtf : [0,1481,system_server,-1,DisplayDeviceConfig,requesting nits when no mapping exists.]
11-12 05:17:01.561 1481 1603 I am_wtf : [0,1481,system_server,-1,DisplayDeviceConfig,requesting nits when no mapping exists.]
11-12 05:17:01.563 1481 1603 I am_wtf : [0,1481,system_server,-1,DisplayDeviceConfig,requesting nits when no mapping exists.]
11-12 05:17:01.579 1481 1603 I am_wtf : [0,1481,system_server,-1,DisplayDeviceConfig,requesting nits when no mapping exists.]
11-12 05:17:01.580 1481 1603 I am_wtf : [0,1481,system_server,-1,DisplayDeviceConfig,requesting nits when no mapping exists.]
11-12 05:17:01.597 1481 1603 I am_wtf : [0,1481,system_server,-1,DisplayDeviceConfig,requesting nits when no mapping exists.]
11-12 05:17:01.598 1481 1603 I am_wtf : [0,1481,system_server,-1,DisplayDeviceConfig,requesting nits when no mapping exists.]
11-12 05:17:01.611 1481 1603 I am_wtf : [0,1481,system_server,-1,DisplayDeviceConfig,requesting nits when no mapping exists.]
11-12 05:17:01.614 1481 1603 I am_wtf : [0,1481,system_server,-1,DisplayDeviceConfig,requesting nits when no mapping exists.]
11-12 05:17:01.630 1481 1603 I am_wtf : [0,1481,system_server,-1,DisplayDeviceConfig,requesting nits when no mapping exists.]
11-12 05:17:01.631 1481 1603 I am_wtf : [0,1481,system_server,-1,DisplayDeviceConfig,requesting nits when no mapping exists.]
11-12 05:17:01.645 1481 1603 I am_wtf : [0,1481,system_server,-1,DisplayDeviceConfig,requesting nits when no mapping exists.]
11-12 05:17:01.646 1481 1603 I am_wtf : [0,1481,system_server,-1,DisplayDeviceConfig,requesting nits when no mapping exists.]
11-12 05:17:02.015 501 513 I auditd : type=1401 audit(0.0:15302): op=security_compute_sid invalid_context=u:r:np_thundercomm_tlog_pstore:s0 scontext=u:r:init:s0 tcontext=u:object_r:np_thundercomm_tlog_pstore_exec:s0 tclass=process
11-12 05:17:02.327 0 0 I auditd : type=1400 audit(0.0:15303): avc: denied { kill } for comm="swapper/2" capability=5 scontext=u:r:kernel:s0 tcontext=u:r:kernel:s0 tclass=capability permissive=0
11-12 05:17:03.327 0 0 I auditd : type=1400 audit(0.0:15304): avc: denied { kill } for comm="swapper/2" capability=5 scontext=u:r:kernel:s0 tcontext=u:r:kernel:s0 tclass=capability permissive=0
11-12 05:17:04.391 15393 15393 I auditd : type=1400 audit(0.0:15305): avc: denied { read } for comm="ls" name="/" dev="dm-5" ino=2 scontext=u:r:system_app:s0 tcontext=u:object_r:rootfs:s0 tclass=dir permissive=0
11-12 05:17:04.443 15397 15397 I auditd : type=1400 audit(0.0:15306): avc: denied { read } for comm="ls" name="/" dev="dm-5" ino=2 scontext=u:r:system_app:s0 tcontext=u:object_r:rootfs:s0 tclass=dir permissive=0
11-12 05:17:05.148 1481 1603 I am_uid_idle: 10089
11-12 05:17:05.327 0 0 I auditd : type=1400 audit(0.0:15307): avc: denied { kill } for comm="swapper/2" capability=5 scontext=u:r:kernel:s0 tcontext=u:r:kernel:s0 tclass=capability permissive=0
11-12 05:17:06.327 0 0 I auditd : type=1400 audit(0.0:15308): avc: denied { kill } for comm="swapper/2" capability=5 scontext=u:r:kernel:s0 tcontext=u:r:kernel:s0 tclass=capability permissive=0
11-12 05:17:07.327 0 0 I auditd : type=1400 audit(0.0:15309): avc: denied { kill } for comm="swapper/2" capability=5 scontext=u:r:kernel:s0 tcontext=u:r:kernel:s0 tclass=capability permissive=0
11-12 05:17:08.327 0 0 I auditd : type=1400 audit(0.0:15310): avc: denied { kill } for comm="swapper/1" capability=5 scontext=u:r:kernel:s0 tcontext=u:r:kernel:s0 tclass=capability permissive=0
11-12 05:17:09.327 0 0 I auditd : type=1400 audit(0.0:15311): avc: denied { kill } for comm="swapper/1" capability=5 scontext=u:r:kernel:s0 tcontext=u:r:kernel:s0 tclass=capability permissive=0
11-12 05:17:10.327 0 0 I auditd : type=1400 audit(0.0:15312): avc: denied { kill } for comm="swapper/1" capability=5 scontext=u:r:kernel:s0 tcontext=u:r:kernel:s0 tclass=capability permissive=0
11-12 05:17:11.327 0 0 I auditd : type=1400 audit(0.0:15313): avc: denied { kill } for comm="swapper/1" capability=5 scontext=u:r:kernel:s0 tcontext=u:r:kernel:s0 tclass=capability permissive=0
11-12 05:17:12.327 0 0 I auditd : type=1400 audit(0.0:15314): avc: denied { kill } for comm="swapper/1" capability=5 scontext=u:r:kernel:s0 tcontext=u:r:kernel:s0 tclass=capability permissive=0
11-12 05:17:13.327 0 0 I auditd : type=1400 audit(0.0:15315): avc: denied { kill } for comm="swapper/1" capability=5 scontext=u:r:kernel:s0 tcontext=u:r:kernel:s0 tclass=capability permissive=0
11-12 05:17:14.327 0 0 I auditd : type=1400 audit(0.0:15316): avc: denied { kill } for comm="swapper/1" capability=5 scontext=u:r:kernel:s0 tcontext=u:r:kernel:s0 tclass=capability permissive=0
11-12 05:17:15.327 0 0 I auditd : type=1400 audit(0.0:15317): avc: denied { kill } for comm="swapper/1" capability=5 scontext=u:r:kernel:s0 tcontext=u:r:kernel:s0 tclass=capability permissive=0
11-12 05:17:16.327 0 0 I auditd : type=1400 audit(0.0:15318): avc: denied { kill } for comm="swapper/1" capability=5 scontext=u:r:kernel:s0 tcontext=u:r:kernel:s0 tclass=capability permissive=0
11-12 05:17:17.327 0 0 I auditd : type=1400 audit(0.0:15319): avc: denied { kill } for comm="swapper/1" capability=5 scontext=u:r:kernel:s0 tcontext=u:r:kernel:s0 tclass=capability permissive=0
11-12 05:17:18.327 0 0 I auditd : type=1400 audit(0.0:15320): avc: denied { kill } for comm="swapper/1" capability=5 scontext=u:r:kernel:s0 tcontext=u:r:kernel:s0 tclass=capability permissive=0
11-12 05:17:19.327 0 0 I auditd : type=1400 audit(0.0:15321): avc: denied { kill } for comm="swapper/1" capability=5 scontext=u:r:kernel:s0 tcontext=u:r:kernel:s0 tclass=capability permissive=0
11-12 05:17:20.327 0 0 I auditd : type=1400 audit(0.0:15322): avc: denied { kill } for comm="swapper/1" capability=5 scontext=u:r:kernel:s0 tcontext=u:r:kernel:s0 tclass=capability permissive=0
11-12 05:17:21.327 0 0 I auditd : type=1400 audit(0.0:15323): avc: denied { kill } for comm="swapper/1" capability=5 scontext=u:r:kernel:s0 tcontext=u:r:kernel:s0 tclass=capability permissive=0
11-12 05:17:22.327 0 0 I auditd : type=1400 audit(0.0:15324): avc: denied { kill } for comm="swapper/1" capability=5 scontext=u:r:kernel:s0 tcontext=u:r:kernel:s0 tclass=capability permissive=0
11-12 05:17:23.327 0 0 I auditd : type=1400 audit(0.0:15325): avc: denied { kill } for comm="swapper/1" capability=5 scontext=u:r:kernel:s0 tcontext=u:r:kernel:s0 tclass=capability permissive=0
11-12 05:17:24.327 0 0 I auditd : type=1400 audit(0.0:15326): avc: denied { kill } for comm="swapper/1" capability=5 scontext=u:r:kernel:s0 tcontext=u:r:kernel:s0 tclass=capability permissive=0
11-12 05:17:25.327 0 0 I auditd : type=1400 audit(0.0:15327): avc: denied { kill } for comm="swapper/1" capability=5 scontext=u:r:kernel:s0 tcontext=u:r:kernel:s0 tclass=capability permissive=0
11-12 05:17:26.327 0 0 I auditd : type=1400 audit(0.0:15328): avc: denied { kill } for comm="swapper/1" capability=5 scontext=u:r:kernel:s0 tcontext=u:r:kernel:s0 tclass=capability permissive=0
11-12 05:17:27.327 0 0 I auditd : type=1400 audit(0.0:15329): avc: denied { kill } for comm="swapper/1" capability=5 scontext=u:r:kernel:s0 tcontext=u:r:kernel:s0 tclass=capability permissive=0
11-12 05:17:28.327 0 0 I auditd : type=1400 audit(0.0:15330): avc: denied { kill } for comm="swapper/1" capability=5 scontext=u:r:kernel:s0 tcontext=u:r:kernel:s0 tclass=capability permissive=0
11-12 05:17:29.327 0 0 I auditd : type=1400 audit(0.0:15331): avc: denied { kill } for comm="swapper/1" capability=5 scontext=u:r:kernel:s0 tcontext=u:r:kernel:s0 tclass=capability permissive=0
11-12 05:17:30.327 0 0 I auditd : type=1400 audit(0.0:15332): avc: denied { kill } for comm="swapper/1" capability=5 scontext=u:r:kernel:s0 tcontext=u:r:kernel:s0 tclass=capability permissive=0
11-12 05:17:31.327 0 0 I auditd : type=1400 audit(0.0:15333): avc: denied { kill } for comm="swapper/1" capability=5 scontext=u:r:kernel:s0 tcontext=u:r:kernel:s0 tclass=capability permissive=0
11-12 05:17:32.327 0 0 I auditd : type=1400 audit(0.0:15334): avc: denied { kill } for comm="swapper/1" capability=5 scontext=u:r:kernel:s0 tcontext=u:r:kernel:s0 tclass=capability permissive=0
11-12 05:17:33.327 0 0 I auditd : type=1400 audit(0.0:15335): avc: denied { kill } for comm="swapper/1" capability=5 scontext=u:r:kernel:s0 tcontext=u:r:kernel:s0 tclass=capability permissive=0
11-12 05:17:34.327 0 0 I auditd : type=1400 audit(0.0:15336): avc: denied { kill } for comm="swapper/1" capability=5 scontext=u:r:kernel:s0 tcontext=u:r:kernel:s0 tclass=capability permissive=0
11-12 05:17:35.327 0 0 I auditd : type=1400 audit(0.0:15337): avc: denied { kill } for comm="swapper/1" capability=5 scontext=u:r:kernel:s0 tcontext=u:r:kernel:s0 tclass=capability permissive=0
11-12 05:17:36.327 0 0 I auditd : type=1400 audit(0.0:15338): avc: denied { kill } for comm="swapper/1" capability=5 scontext=u:r:kernel:s0 tcontext=u:r:kernel:s0 tclass=capability permissive=0
11-12 05:17:37.327 0 0 I auditd : type=1400 audit(0.0:15339): avc: denied { kill } for comm="swapper/1" capability=5 scontext=u:r:kernel:s0 tcontext=u:r:kernel:s0 tclass=capability permissive=0
11-12 05:17:38.327 0 0 I auditd : type=1400 audit(0.0:15340): avc: denied { kill } for comm="swapper/1" capability=5 scontext=u:r:kernel:s0 tcontext=u:r:kernel:s0 tclass=capability permissive=0
11-12 05:17:39.327 0 0 I auditd : type=1400 audit(0.0:15341): avc: denied { kill } for comm="swapper/1" capability=5 scontext=u:r:kernel:s0 tcontext=u:r:kernel:s0 tclass=capability permissive=0
11-12 05:17:40.327 0 0 I auditd : type=1400 audit(0.0:15342): avc: denied { kill } for comm="swapper/1" capability=5 scontext=u:r:kernel:s0 tcontext=u:r:kernel:s0 tclass=capability permissive=0
11-12 05:17:41.327 0 0 I auditd : type=1400 audit(0.0:15343): avc: denied { kill } for comm="swapper/1" capability=5 scontext=u:r:kernel:s0 tcontext=u:r:kernel:s0 tclass=capability permissive=0
11-12 05:17:42.327 0 0 I auditd : type=1400 audit(0.0:15344): avc: denied { kill } for comm="swapper/1" capability=5 scontext=u:r:kernel:s0 tcontext=u:r:kernel:s0 tclass=capability permissive=0
11-12 05:17:43.327 0 0 I auditd : type=1400 audit(0.0:15345): avc: denied { kill } for comm="swapper/1" capability=5 scontext=u:r:kernel:s0 tcontext=u:r:kernel:s0 tclass=capability permissive=0
11-12 05:17:44.327 0 0 I auditd : type=1400 audit(0.0:15346): avc: denied { kill } for comm="swapper/1" capability=5 scontext=u:r:kernel:s0 tcontext=u:r:kernel:s0 tclass=capability permissive=0
11-12 05:17:45.327 0 0 I auditd : type=1400 audit(0.0:15347): avc: denied { kill } for comm="swapper/1" capability=5 scontext=u:r:kernel:s0 tcontext=u:r:kernel:s0 tclass=capability permissive=0
11-12 05:17:46.327 0 0 I auditd : type=1400 audit(0.0:15348): avc: denied { kill } for comm="swapper/1" capability=5 scontext=u:r:kernel:s0 tcontext=u:r:kernel:s0 tclass=capability permissive=0
11-12 05:17:47.327 0 0 I auditd : type=1400 audit(0.0:15349): avc: denied { kill } for comm="swapper/1" capability=5 scontext=u:r:kernel:s0 tcontext=u:r:kernel:s0 tclass=capability permissive=0
11-12 05:17:48.327 0 0 I auditd : type=1400 audit(0.0:15350): avc: denied { kill } for comm="swapper/1" capability=5 scontext=u:r:kernel:s0 tcontext=u:r:kernel:s0 tclass=capability permissive=0
11-12 05:17:49.327 0 0 I auditd : type=1400 audit(0.0:15351): avc: denied { kill } for comm="swapper/1" capability=5 scontext=u:r:kernel:s0 tcontext=u:r:kernel:s0 tclass=capability permissive=0
11-12 05:17:50.327 0 0 I auditd : type=1400 audit(0.0:15352): avc: denied { kill } for comm="swapper/1" capability=5 scontext=u:r:kernel:s0 tcontext=u:r:kernel:s0 tclass=capability permissive=0
11-12 05:17:51.327 0 0 I auditd : type=1400 audit(0.0:15353): avc: denied { kill } for comm="swapper/1" capability=5 scontext=u:r:kernel:s0 tcontext=u:r:kernel:s0 tclass=capability permissive=0
11-12 05:17:52.327 0 0 I auditd : type=1400 audit(0.0:15354): avc: denied { kill } for comm="swapper/1" capability=5 scontext=u:r:kernel:s0 tcontext=u:r:kernel:s0 tclass=capability permissive=0
11-12 05:17:53.327 0 0 I auditd : type=1400 audit(0.0:15355): avc: denied { kill } for comm="swapper/1" capability=5 scontext=u:r:kernel:s0 tcontext=u:r:kernel:s0 tclass=capability permissive=0
11-12 05:17:54.327 0 0 I auditd : type=1400 audit(0.0:15356): avc: denied { kill } for comm="swapper/1" capability=5 scontext=u:r:kernel:s0 tcontext=u:r:kernel:s0 tclass=capability permissive=0
11-12 05:17:55.327 0 0 I auditd : type=1400 audit(0.0:15357): avc: denied { kill } for comm="swapper/1" capability=5 scontext=u:r:kernel:s0 tcontext=u:r:kernel:s0 tclass=capability permissive=0
11-12 05:17:56.327 0 0 I auditd : type=1400 audit(0.0:15358): avc: denied { kill } for comm="swapper/1" capability=5 scontext=u:r:kernel:s0 tcontext=u:r:kernel:s0 tclass=capability permissive=0
11-12 05:17:57.327 0 0 I auditd : type=1400 audit(0.0:15359): avc: denied { kill } for comm="swapper/1" capability=5 scontext=u:r:kernel:s0 tcontext=u:r:kernel:s0 tclass=capability permissive=0
11-12 05:17:58.327 0 0 I auditd : type=1400 audit(0.0:15360): avc: denied { kill } for comm="swapper/1" capability=5 scontext=u:r:kernel:s0 tcontext=u:r:kernel:s0 tclass=capability permissive=0
11-12 05:18:00.327 0 0 I auditd : type=1400 audit(0.0:15361): avc: denied { kill } for comm="swapper/1" capability=5 scontext=u:r:kernel:s0 tcontext=u:r:kernel:s0 tclass=capability permissive=0
11-12 05:18:01.327 0 0 I auditd : type=1400 audit(0.0:15362): avc: denied { kill } for comm="swapper/1" capability=5 scontext=u:r:kernel:s0 tcontext=u:r:kernel:s0 tclass=capability permissive=0
11-12 05:18:03.327 0 0 I auditd : type=1400 audit(0.0:15363): avc: denied { kill } for comm="swapper/1" capability=5 scontext=u:r:kernel:s0 tcontext=u:r:kernel:s0 tclass=capability permissive=0
11-12 05:18:03.570 1481 1680 I input_interaction: Interaction with: a9d1434 com.thundercomm.screensaver/android.service.dreams.DreamActivity (server), swipe-up (server), edge-swipe (server), PointerEventDispatcher0 (server),
11-12 05:18:03.574 1481 6239 I wm_finish_activity: [0,77268872,213,com.thundercomm.screensaver/android.service.dreams.DreamActivity,finish-activity]
11-12 05:18:03.574 1481 6239 I wm_task_moved: [43,1,6]
11-12 05:18:03.575 1481 6239 I wm_focused_root_task: [0,0,43,213,finish-top adjustFocusToNextFocusableTask returnToHome]
11-12 05:18:03.575 1481 6239 I wm_task_moved: [210,1,6]
11-12 05:18:03.575 1481 6239 I wm_task_to_front: [0,210]
11-12 05:18:03.576 1481 6239 I wm_focused_root_task: [0,0,210,43,finish-top adjustFocusToNextFocusableTask]
11-12 05:18:03.579 1481 6239 I wm_pause_activity: [0,77268872,com.thundercomm.screensaver/android.service.dreams.DreamActivity,userLeaving=false,finish]
11-12 05:18:03.589 1481 1570 I sysui_multi_action: [757,803,799,window_time_0,802,63]
11-12 05:18:03.594 4169 4169 I wm_on_top_resumed_lost_called: [77268872,android.service.dreams.DreamActivity,topStateChangedWhenResumed]
11-12 05:18:03.594 4169 4169 I wm_on_paused_called: [77268872,android.service.dreams.DreamActivity,performPause]
11-12 05:18:03.595 1481 6239 I wm_add_to_stopping: [0,77268872,com.thundercomm.screensaver/android.service.dreams.DreamActivity,completeFinishing]
11-12 05:18:03.598 1481 6239 I wm_set_resumed_activity: [0,com.android.settings/.homepage.SettingsHomepageActivity,resumeTopActivityInnerLocked]
11-12 05:18:03.600 1481 6239 I wm_resume_activity: [0,236273816,210,com.android.settings/.homepage.SettingsHomepageActivity]
11-12 05:18:03.609 1481 1570 I sysui_multi_action: [757,803,799,window_time_0,802,0]
11-12 05:18:03.619 15162 15162 I wm_on_restart_called: [236273816,com.android.settings.homepage.SettingsHomepageActivity,performRestartActivity]
11-12 05:18:03.621 1481 1680 I input_focus: [Focus leaving a9d1434 com.thundercomm.screensaver/android.service.dreams.DreamActivity (server),reason=NO_WINDOW]
11-12 05:18:03.621 4169 4169 I view_enqueue_input_event: [Motion - Cancel,com.thundercomm.screensaver/android.service.dreams.DreamActivity]
11-12 05:18:03.636 15162 15162 I wm_on_start_called: [236273816,com.android.settings.homepage.SettingsHomepageActivity,handleStartActivity]
11-12 05:18:03.636 15162 15162 I snet_event_log: [120484087,-1,]
11-12 05:18:03.637 15162 15162 I wm_on_resume_called: [236273816,com.android.settings.homepage.SettingsHomepageActivity,RESUME_ACTIVITY]
11-12 05:18:03.637 15162 15162 I sysui_multi_action: [757,35,758,1,833,0,1089,0]
11-12 05:18:03.651 15162 15162 I sysui_multi_action: [757,746,758,1,833,0,1089,0]
11-12 05:18:03.651 1481 7040 D TelephonyRegistry: listen oscl: mHasNotifySubscriptionInfoChangedOccurred==false no callback
11-12 05:18:03.654 1481 2114 D TelephonyRegistry: listen oscl: mHasNotifySubscriptionInfoChangedOccurred==false no callback
11-12 05:18:03.659 15162 15162 I wm_on_top_resumed_gained_called: [236273816,com.android.settings.homepage.SettingsHomepageActivity,topWhenResuming]
11-12 05:18:03.668 1481 1571 I input_focus: [Focus request 257cbd1 com.android.settings/com.android.settings.homepage.SettingsHomepageActivity,reason=UpdateInputWindows]
11-12 05:18:03.697 1481 1680 I input_focus: [Focus entering 257cbd1 com.android.settings/com.android.settings.homepage.SettingsHomepageActivity (server),reason=Window became focusable. Previous reason: NOT_VISIBLE]
11-12 05:18:04.203 1481 1570 I wm_destroy_activity: [0,77268872,213,com.thundercomm.screensaver/android.service.dreams.DreamActivity,finish-imm:idle]
11-12 05:18:04.227 4169 4169 I wm_on_stop_called: [77268872,android.service.dreams.DreamActivity,LIFECYCLER_STOP_ACTIVITY]
11-12 05:18:04.228 4169 4169 I wm_on_destroy_called: [77268872,android.service.dreams.DreamActivity,performDestroy]
11-12 05:18:04.237 1481 1567 I sysui_multi_action: [757,222,758,2]
11-12 05:18:04.237 1481 1567 I sysui_multi_action: [757,804,799,dreaming_minutes,801,1,802,1]
11-12 05:18:04.245 1481 7040 I wm_task_removed: [213,removeChild:removeChild last r=ActivityRecord{49b0788 u0 com.thundercomm.screensaver/android.service.dreams.DreamActivity t-1 f}} in t=Task{454dccd #213 type=dream A=10051:android:com.thundercomm.screensaver/dream U=0 visible=false mode=fullscreen translucent=true sz=0}]
11-12 05:18:04.245 1481 7040 I wm_task_removed: [213,removeChild]
11-12 05:18:04.327 0 0 I auditd : type=1400 audit(0.0:15364): avc: denied { kill } for comm="swapper/1" capability=5 scontext=u:r:kernel:s0 tcontext=u:r:kernel:s0 tclass=capability permissive=0
11-12 05:18:05.226 1481 1680 I input_interaction: Interaction with: 257cbd1 com.android.settings/com.android.settings.homepage.SettingsHomepageActivity (server), swipe-up (server), edge-swipe (server), PointerEventDispatcher0 (server),
11-12 05:18:05.240 1481 5890 I wm_task_moved: [43,0,0]
11-12 05:18:05.241 1481 5890 I wm_task_moved: [43,0,5]
11-12 05:18:05.268 2522 2522 I wm_on_restart_called: [35371080,com.android.launcher3.uioverrides.QuickstepLauncher,performRestartActivity]
11-12 05:18:05.292 2522 2522 I wm_on_start_called: [35371080,com.android.launcher3.uioverrides.QuickstepLauncher,handleStartActivity]
11-12 05:18:05.314 15162 15162 I view_enqueue_input_event: [Motion - Cancel,com.android.settings/com.android.settings.homepage.SettingsHomepageActivity]
11-12 05:18:05.315 2522 2522 I sysui_latency: [1,73]
11-12 05:18:05.320 1481 1571 I input_focus: [Focus request recents_animation_input_consumer,reason=UpdateInputWindows]
11-12 05:18:05.324 1481 1680 I input_interaction: Interaction with: swipe-up (server), edge-swipe (server), PointerEventDispatcher0 (server),
11-12 05:18:05.326 1481 1567 I sysui_multi_action: [319,14,322,68,325,14484,757,761,758,9,759,5,806,com.android.launcher3,871,com.android.launcher3.uioverrides.QuickstepLauncher,904,com.android.launcher3,905,0,1320,8,1321,5]
11-12 05:18:05.351 1481 1680 I input_focus: [Focus leaving 257cbd1 com.android.settings/com.android.settings.homepage.SettingsHomepageActivity (server),reason=NOT_FOCUSABLE]
11-12 05:18:05.351 1481 1680 I input_focus: [Focus entering recents_animation_input_consumer (server),reason=setFocusedWindow]
11-12 05:18:05.502 1481 1668 I commit_sys_config_file: [settings-1-0,12]
11-12 05:18:05.610 1481 1602 I sysui_latency: [8,78]
11-12 05:18:06.203 1481 1668 I commit_sys_config_file: [settings-1-0,4]
11-12 05:18:06.327 0 0 I auditd : type=1400 audit(0.0:15365): avc: denied { kill } for comm="swapper/1" capability=5 scontext=u:r:kernel:s0 tcontext=u:r:kernel:s0 tclass=capability permissive=0
11-12 05:18:06.766 1481 1680 I input_interaction: Interaction with: 18adad5 com.android.launcher3/com.android.launcher3.uioverrides.QuickstepLauncher (server), swipe-up (server), edge-swipe (server), PointerEventDispatcher0 (server),
11-12 05:18:07.200 1481 2114 I wm_task_moved: [43,0,5]
11-12 05:18:07.201 1481 2114 I wm_add_to_stopping: [0,35371080,com.android.launcher3/.uioverrides.QuickstepLauncher,makeInvisible]
11-12 05:18:07.208 1481 1571 I input_focus: [Focus request 257cbd1 com.android.settings/com.android.settings.homepage.SettingsHomepageActivity,reason=UpdateInputWindows]
11-12 05:18:07.209 1481 1570 I wm_stop_activity: [0,35371080,com.android.launcher3/.uioverrides.QuickstepLauncher]
11-12 05:18:07.222 1481 1680 I input_focus: [Focus leaving recents_animation_input_consumer (server),reason=NOT_VISIBLE]
11-12 05:18:07.223 1481 1680 I input_focus: [Focus entering 257cbd1 com.android.settings/com.android.settings.homepage.SettingsHomepageActivity (server),reason=setFocusedWindow]
11-12 05:18:07.251 2522 2522 I wm_on_stop_called: [35371080,com.android.launcher3.uioverrides.QuickstepLauncher,STOP_ACTIVITY_ITEM]
11-12 05:18:08.183 1481 1680 I input_interaction: Interaction with: b3e52f6 StatusBar (server), swipe-up (server), edge-swipe (server), PointerEventDispatcher0 (server),
11-12 05:18:08.189 1971 1971 I sysui_multi_action: [757,803,799,panel_open,802,1]
11-12 05:18:08.190 1971 1971 I sysui_multi_action: [757,1328,758,4,1326,36,1327,1,1329,0]
11-12 05:18:08.263 1481 2114 I sysui_multi_action: [757,127,758,1]
11-12 05:18:08.264 1481 2114 I sysui_multi_action: [757,804,799,note_load,801,2,802,1]
11-12 05:18:08.265 1481 2114 I notification_panel_revealed: 2
11-12 05:18:08.272 1971 1971 I sysui_multi_action: [757,111,758,2]
11-12 05:18:08.272 1481 1481 I notification_enqueue: [10082,1971,com.android.systemui,2048,NULL,0,Notification(channel=updateNotification shortcut=null contentView=null vibrate=null sound=null defaults=0x0 flags=0x0 color=0x00000000 vis=PRIVATE),1]
11-12 05:18:08.272 1971 1971 I sysui_multi_action: [757,111,758,2]
11-12 05:18:08.287 1481 1571 I input_focus: [Focus request 8e9fb15 NotificationShade,reason=UpdateInputWindows]
11-12 05:18:08.290 1971 1971 I sysui_multi_action: [757,111,758,1]
11-12 05:18:08.290 1971 1971 I sysui_multi_action: [757,126,758,1,759,126,927,0,928,0,1593,1]
11-12 05:18:08.290 1971 1971 I sysui_multi_action: [757,113,758,1,759,113,927,1,928,1,1593,1]
11-12 05:18:08.290 1971 1971 I sysui_multi_action: [757,0,758,1,759,0,927,2,928,0,1593,1]
11-12 05:18:08.291 1971 1971 I sysui_multi_action: [757,0,758,1,759,0,927,3,928,0,1593,1]
11-12 05:18:08.291 1971 1971 I sysui_multi_action: [757,491,758,1,759,491,927,4,928,0,1311,-1,1593,0]
11-12 05:18:08.291 1971 1971 I sysui_multi_action: [757,0,758,1,759,0,927,5,928,0,1593,0]
11-12 05:18:08.291 1971 1971 I sysui_multi_action: [757,111,758,1]
11-12 05:18:08.291 1971 1971 I sysui_multi_action: [757,126,758,1,759,126,927,0,928,0,1593,1]
11-12 05:18:08.292 1971 1971 I sysui_multi_action: [757,113,758,1,759,113,927,1,928,1,1593,1]
11-12 05:18:08.292 1971 1971 I sysui_multi_action: [757,0,758,1,759,0,927,2,928,0,1593,1]
11-12 05:18:08.292 1971 1971 I sysui_multi_action: [757,0,758,1,759,0,927,3,928,0,1593,1]
11-12 05:18:08.307 1971 1971 I sysui_multi_action: [757,111,758,2]
11-12 05:18:08.307 1971 1971 I sysui_multi_action: [757,111,758,2]
11-12 05:18:08.308 1481 1481 I notification_enqueue: [10082,1971,com.android.systemui,2048,NULL,0,Notification(channel=updateNotification shortcut=null contentView=null vibrate=null sound=null defaults=0x0 flags=0x0 color=0x00000000 vis=PRIVATE),1]
11-12 05:18:08.311 1481 1680 I input_focus: [Focus leaving 257cbd1 com.android.settings/com.android.settings.homepage.SettingsHomepageActivity (server),reason=setFocusedWindow]
11-12 05:18:08.311 1481 1680 I input_focus: [Focus entering 8e9fb15 NotificationShade (server),reason=setFocusedWindow]
11-12 05:18:08.311 1971 1971 I sysui_multi_action: [757,111,758,1]
11-12 05:18:08.312 1971 1971 I sysui_multi_action: [757,126,758,1,759,126,927,0,928,0,1593,0]
11-12 05:18:08.312 1971 1971 I sysui_multi_action: [757,113,758,1,759,113,927,1,928,1,1593,0]
11-12 05:18:08.312 1971 1971 I sysui_multi_action: [757,0,758,1,759,0,927,2,928,0,1593,0]
11-12 05:18:08.312 1971 1971 I sysui_multi_action: [757,0,758,1,759,0,927,3,928,0,1593,0]
11-12 05:18:08.312 1971 1971 I sysui_multi_action: [757,491,758,1,759,491,927,4,928,0,1311,-1,1593,0]
11-12 05:18:08.313 1971 1971 I sysui_multi_action: [757,0,758,1,759,0,927,5,928,0,1593,0]
11-12 05:18:08.313 1971 1971 I sysui_multi_action: [757,111,758,1]
11-12 05:18:08.313 1971 1971 I sysui_multi_action: [757,126,758,1,759,126,927,0,928,0,1593,1]
11-12 05:18:08.313 1971 1971 I sysui_multi_action: [757,113,758,1,759,113,927,1,928,1,1593,1]
11-12 05:18:08.313 1971 1971 I sysui_multi_action: [757,0,758,1,759,0,927,2,928,0,1593,1]
11-12 05:18:08.313 1971 1971 I sysui_multi_action: [757,0,758,1,759,0,927,3,928,0,1593,1]
11-12 05:18:08.476 1481 1481 I sysui_multi_action: [757,1501,758,1,793,14466621,794,0,795,207,796,2048,806,com.android.systemui,857,updateNotification,858,3,947,0,1500,0,1688,1]
11-12 05:18:08.477 1481 1481 I sysui_multi_action: [757,804,799,note_interruptive,801,0,802,1]
11-12 05:18:08.477 1481 1481 I sysui_multi_action: [757,199,758,1,759,2,793,14466622,794,0,795,208,796,2048,806,com.android.systemui,857,updateNotification,858,3,947,0,1500,1,1688,1]
11-12 05:18:08.477 1481 1481 I notification_alert: [0|com.android.systemui|2048|null|10082,0,1,0]
11-12 05:18:08.812 1481 2114 I sysui_multi_action: [757,128,758,1,793,1514592,794,0,795,1514592,796,26,798,0,806,android,857,DEVELOPER_IMPORTANT,858,4,947,0,1395,2,1500,1514378,1688,1]
11-12 05:18:08.813 1481 2114 I sysui_multi_action: [757,804,799,note_freshness,801,1514592,802,1]
11-12 05:18:08.813 1481 2114 I notification_visibility: [-1|android|26|null|1000,1,1514592,1514592,0,0]
11-12 05:18:08.813 1481 2114 I sysui_multi_action: [757,128,758,1,793,1514590,794,0,795,1514590,796,32,798,1,806,android,857,USB,858,1,947,0,1395,2,1500,1514378,1688,1]
11-12 05:18:08.813 1481 2114 I sysui_multi_action: [757,804,799,note_freshness,801,1514590,802,1]
11-12 05:18:08.813 1481 2114 I notification_visibility: [-1|android|32|null|1000,1,1514590,1514590,0,1]
11-12 05:18:09.250 1481 1680 I input_interaction: Interaction with: 8e9fb15 NotificationShade (server), swipe-up (server), edge-swipe (server), PointerEventDispatcher0 (server),
11-12 05:18:09.320 1481 7529 I wm_task_created: [214,-1]
11-12 05:18:09.323 1481 7529 I wm_task_moved: [43,1,7]
11-12 05:18:09.323 1481 7529 I wm_focused_root_task: [0,0,43,214,reuseOrNewTask returnToHome]
11-12 05:18:09.323 1481 7529 I wm_task_moved: [214,1,7]
11-12 05:18:09.323 1481 7529 I wm_task_to_front: [0,214]
11-12 05:18:09.323 1481 7529 I wm_focused_root_task: [0,0,214,43,reuseOrNewTask]
11-12 05:18:09.323 1481 7529 I wm_create_task: [0,214]
11-12 05:18:09.323 1481 7529 I wm_create_activity: [0,3112631,214,com.android.settings/.Settings$ConfigureNotificationSettingsActivity,android.settings.NOTIFICATION_SETTINGS,NULL,NULL,268484608]
11-12 05:18:09.323 15162 15162 I wm_on_top_resumed_lost_called: [236273816,com.android.settings.homepage.SettingsHomepageActivity,topStateChangedWhenResumed]
11-12 05:18:09.323 1481 7529 I wm_task_moved: [43,1,7]
11-12 05:18:09.323 1481 7529 I wm_focused_root_task: [0,0,43,214,positionChildAtTop returnToHome]
11-12 05:18:09.323 1481 7529 I wm_task_moved: [214,1,7]
11-12 05:18:09.324 1481 7529 I wm_focused_root_task: [0,0,214,43,positionChildAtTop]
11-12 05:18:09.326 1481 7529 I wm_pause_activity: [0,236273816,com.android.settings/.homepage.SettingsHomepageActivity,userLeaving=true,pauseBackTasks]
11-12 05:18:09.332 15162 15162 I sysui_multi_action: [757,35,758,2,1089,5695]
11-12 05:18:09.337 15162 15162 I sysui_multi_action: [757,746,758,2,1089,5687]
11-12 05:18:09.342 15162 15162 I wm_on_paused_called: [236273816,com.android.settings.homepage.SettingsHomepageActivity,performPause]
11-12 05:18:09.348 1481 5890 I wm_add_to_stopping: [0,236273816,com.android.settings/.homepage.SettingsHomepageActivity,makeInvisible]
11-12 05:18:09.349 1481 5890 I wm_restart_activity: [0,3112631,214,com.android.settings/.Settings$ConfigureNotificationSettingsActivity]
11-12 05:18:09.350 1481 5890 I wm_set_resumed_activity: [0,com.android.settings/.Settings$ConfigureNotificationSettingsActivity,minimalResumeActivityLocked]
11-12 05:18:09.357 1481 1570 I sysui_multi_action: [757,803,799,window_time_0,802,5]
11-12 05:18:09.365 1481 5890 I am_uid_active: 10089
11-12 05:18:09.378 1481 2130 I wm_task_moved: [43,1,7]
11-12 05:18:09.378 1481 2130 I wm_focused_root_task: [0,0,43,214,bringingFoundTaskToFront returnToHome]
11-12 05:18:09.378 1481 2130 I wm_task_moved: [210,1,7]
11-12 05:18:09.378 1481 2130 I wm_task_to_front: [0,210]
11-12 05:18:09.379 1481 2130 I wm_focused_root_task: [0,0,210,43,bringingFoundTaskToFront]
11-12 05:18:09.379 1481 2130 I wm_set_resumed_activity: [0,com.android.settings/.homepage.SettingsHomepageActivity,bringingFoundTaskToFront]
11-12 05:18:09.379 1481 2130 I wm_finish_activity: [0,236273816,210,com.android.settings/.homepage.SettingsHomepageActivity,clear-task-all]
11-12 05:18:09.379 1481 2130 I wm_add_to_stopping: [0,3112631,com.android.settings/.Settings$ConfigureNotificationSettingsActivity,makeInvisible]
11-12 05:18:09.380 1481 2130 I wm_task_moved: [43,1,7]
11-12 05:18:09.380 1481 2130 I wm_focused_root_task: [0,0,43,210,reuseOrNewTask returnToHome]
11-12 05:18:09.380 1481 2130 I wm_task_moved: [210,1,7]
11-12 05:18:09.380 1481 2130 I wm_focused_root_task: [0,0,210,43,reuseOrNewTask]
11-12 05:18:09.380 1481 2130 I wm_create_activity: [0,265320773,210,com.android.settings/.homepage.SettingsHomepageActivity,android.settings.NOTIFICATION_SETTINGS,NULL,NULL,272678912]
11-12 05:18:09.381 1481 2130 I wm_pause_activity: [0,3112631,com.android.settings/.Settings$ConfigureNotificationSettingsActivity,userLeaving=true,pauseBackTasks]
11-12 05:18:09.384 1481 2130 I wm_finish_activity: [0,3112631,214,com.android.settings/.Settings$ConfigureNotificationSettingsActivity,app-request]
11-12 05:18:09.385 15162 15162 I wm_on_create_called: [3112631,com.android.settings.Settings$ConfigureNotificationSettingsActivity,performCreate]
11-12 05:18:09.389 1481 2130 I wm_add_to_stopping: [0,35371080,com.android.launcher3/.uioverrides.QuickstepLauncher,makeInvisible]
11-12 05:18:09.390 1481 2130 I wm_restart_activity: [0,265320773,210,com.android.settings/.homepage.SettingsHomepageActivity]
11-12 05:18:09.391 1481 2130 I wm_set_resumed_activity: [0,com.android.settings/.homepage.SettingsHomepageActivity,minimalResumeActivityLocked]
11-12 05:18:09.396 1481 1570 I wm_stop_activity: [0,35371080,com.android.launcher3/.uioverrides.QuickstepLauncher]
11-12 05:18:09.402 1481 1570 I sysui_multi_action: [757,803,799,window_time_0,802,0]
11-12 05:18:09.404 2522 2522 I wm_on_restart_called: [35371080,com.android.launcher3.uioverrides.QuickstepLauncher,performRestartActivity]
11-12 05:18:09.405 2522 2522 I wm_on_start_called: [35371080,com.android.launcher3.uioverrides.QuickstepLauncher,handleStartActivity]
11-12 05:18:09.422 15162 15162 I wm_on_create_called: [265320773,com.android.settings.homepage.SettingsHomepageActivity,performCreate]
11-12 05:18:09.438 2522 2522 I wm_on_stop_called: [35371080,com.android.launcher3.uioverrides.QuickstepLauncher,STOP_ACTIVITY_ITEM]
11-12 05:18:09.438 15162 15162 I wm_on_start_called: [265320773,com.android.settings.homepage.SettingsHomepageActivity,handleStartActivity]
11-12 05:18:09.438 15162 15162 I snet_event_log: [120484087,-1,]
11-12 05:18:09.438 15162 15162 I wm_on_resume_called: [265320773,com.android.settings.homepage.SettingsHomepageActivity,RESUME_ACTIVITY]
11-12 05:18:09.438 15162 15162 I sysui_multi_action: [757,35,758,1,833,0,1089,15]
11-12 05:18:09.440 15162 15162 I sysui_multi_action: [757,1729,758,4,854,isParalleledControllers:false,1089,17]
11-12 05:18:09.446 15162 15162 I wm_on_top_resumed_gained_called: [265320773,com.android.settings.homepage.SettingsHomepageActivity,topStateChangedWhenResumed]
11-12 05:18:09.452 1481 1481 I notification_enqueue: [10082,1971,com.android.systemui,2048,NULL,0,Notification(channel=updateNotification shortcut=null contentView=null vibrate=null sound=null defaults=0x0 flags=0x0 color=0x00000000 vis=PRIVATE),1]
11-12 05:18:09.452 1971 1971 I sysui_multi_action: [757,111,758,2]
11-12 05:18:09.452 1971 1971 I sysui_multi_action: [757,111,758,2]
11-12 05:18:09.468 1971 1971 I sysui_multi_action: [757,111,758,1]
11-12 05:18:09.469 1971 1971 I sysui_multi_action: [757,126,758,1,759,126,927,0,928,0,1593,0]
11-12 05:18:09.469 1971 1971 I sysui_multi_action: [757,113,758,1,759,113,927,1,928,1,1593,0]
11-12 05:18:09.469 1971 1971 I sysui_multi_action: [757,0,758,1,759,0,927,2,928,0,1593,0]
11-12 05:18:09.469 1971 1971 I sysui_multi_action: [757,0,758,1,759,0,927,3,928,0,1593,0]
11-12 05:18:09.469 1971 1971 I sysui_multi_action: [757,491,758,1,759,491,927,4,928,0,1311,-1,1593,0]
11-12 05:18:09.469 1971 1971 I sysui_multi_action: [757,0,758,1,759,0,927,5,928,0,1593,0]
11-12 05:18:09.469 1971 1971 I sysui_multi_action: [757,111,758,1]
11-12 05:18:09.469 1971 1971 I sysui_multi_action: [757,126,758,1,759,126,927,0,928,0,1593,0]
11-12 05:18:09.469 1971 1971 I sysui_multi_action: [757,113,758,1,759,113,927,1,928,1,1593,0]
11-12 05:18:09.469 1971 1971 I sysui_multi_action: [757,0,758,1,759,0,927,2,928,0,1593,0]
11-12 05:18:09.469 1971 1971 I sysui_multi_action: [757,0,758,1,759,0,927,3,928,0,1593,0]
11-12 05:18:09.471 1481 1571 I input_focus: [Focus request 717fe25 com.android.settings/com.android.settings.homepage.SettingsHomepageActivity,reason=UpdateInputWindows]
11-12 05:18:09.478 1971 1971 I sysui_multi_action: [757,111,758,2]
11-12 05:18:09.478 1971 1971 I sysui_multi_action: [757,111,758,2]
11-12 05:18:09.478 1481 1481 I notification_enqueue: [10082,1971,com.android.systemui,2048,NULL,0,Notification(channel=updateNotification shortcut=null contentView=null vibrate=null sound=null defaults=0x0 flags=0x0 color=0x00000000 vis=PRIVATE),1]
11-12 05:18:09.479 1481 1680 I input_focus: [Focus leaving 8e9fb15 NotificationShade (server),reason=NOT_FOCUSABLE]
11-12 05:18:09.480 1481 5189 I sysui_multi_action: [757,128,758,2,793,1515259,794,667,795,1515259,796,26,798,0,806,android,857,DEVELOPER_IMPORTANT,858,4,947,0,1395,2,1500,1515045,1688,1]
11-12 05:18:09.480 1481 5189 I notification_visibility: [-1|android|26|null|1000,0,1515259,1515259,0,0]
11-12 05:18:09.480 1481 5189 I sysui_multi_action: [757,128,758,2,793,1515257,794,667,795,1515257,796,32,798,1,806,android,857,USB,858,1,947,0,1395,2,1500,1515045,1688,1]
11-12 05:18:09.480 1481 5189 I notification_visibility: [-1|android|32|null|1000,0,1515257,1515257,0,1]
11-12 05:18:09.481 1481 5711 I sysui_multi_action: [757,127,758,2]
11-12 05:18:09.481 1481 5711 I notification_panel_hidden:
11-12 05:18:09.485 1481 1567 I wm_activity_launch_time: [0,265320773,com.android.settings/.homepage.SettingsHomepageActivity,175]
11-12 05:18:09.493 1971 1971 I sysui_multi_action: [757,111,758,1]
11-12 05:18:09.493 1971 1971 I sysui_multi_action: [757,126,758,1,759,126,927,0,928,0,1593,1]
11-12 05:18:09.493 1971 1971 I sysui_multi_action: [757,113,758,1,759,113,927,1,928,1,1593,1]
11-12 05:18:09.493 1971 1971 I sysui_multi_action: [757,0,758,1,759,0,927,2,928,0,1593,1]
11-12 05:18:09.494 1971 1971 I sysui_multi_action: [757,0,758,1,759,0,927,3,928,0,1593,1]
11-12 05:18:09.494 1481 1680 I input_focus: [Focus entering 717fe25 com.android.settings/com.android.settings.homepage.SettingsHomepageActivity (server),reason=Window became focusable. Previous reason: NOT_VISIBLE]
11-12 05:18:09.494 1971 1971 I sysui_multi_action: [757,491,758,1,759,491,927,4,928,0,1311,-1,1593,0]
11-12 05:18:09.494 1971 1971 I sysui_multi_action: [757,0,758,1,759,0,927,5,928,0,1593,0]
11-12 05:18:09.494 1971 1971 I sysui_multi_action: [757,111,758,1]
11-12 05:18:09.494 1971 1971 I sysui_multi_action: [757,126,758,1,759,126,927,0,928,0,1593,1]
11-12 05:18:09.494 1971 1971 I sysui_multi_action: [757,113,758,1,759,113,927,1,928,1,1593,1]
11-12 05:18:09.494 1971 1971 I sysui_multi_action: [757,0,758,1,759,0,927,2,928,0,1593,1]
11-12 05:18:09.494 1971 1971 I sysui_multi_action: [757,0,758,1,759,0,927,3,928,0,1593,1]
11-12 05:18:09.545 15162 15162 W CarrierConfigManager: Error getting config for subId -1 ICarrierConfigLoader is null
11-12 05:18:09.584 15162 15162 I sysui_multi_action: [757,746,758,1,833,0,1089,45]
11-12 05:18:09.585 1481 5890 D TelephonyRegistry: listen oscl: mHasNotifySubscriptionInfoChangedOccurred==false no callback
11-12 05:18:09.590 1481 5890 D TelephonyRegistry: listen oscl: mHasNotifySubscriptionInfoChangedOccurred==false no callback
11-12 05:18:09.597 15162 15162 I sysui_multi_action: [757,1729,758,4,854,isParalleledControllers:false,1089,58]
11-12 05:18:09.639 15162 15162 I sysui_multi_action: [757,337,758,1,833,0,1089,10]
11-12 05:18:09.640 15162 15162 I sysui_multi_action: [757,1729,758,4,854,isParalleledControllers:false,1089,12]
11-12 05:18:09.655 1481 1481 I sysui_multi_action: [757,1501,758,1,793,14467799,794,0,795,210,796,2048,806,com.android.systemui,857,updateNotification,858,3,947,0,1500,0,1688,1]
11-12 05:18:09.655 1481 1481 I sysui_multi_action: [757,804,799,note_interruptive,801,0,802,1]
11-12 05:18:09.655 1481 1481 I sysui_multi_action: [757,199,758,1,759,2,793,14467800,794,0,795,211,796,2048,806,com.android.systemui,857,updateNotification,858,3,947,0,1500,1,1688,1]
11-12 05:18:09.655 1481 1481 I notification_alert: [0|com.android.systemui|2048|null|10082,0,1,0]
11-12 05:18:09.930 1481 1570 I wm_destroy_activity: [0,3112631,214,com.android.settings/.Settings$ConfigureNotificationSettingsActivity,finish-imm:idle]
11-12 05:18:09.931 1481 1570 I wm_destroy_activity: [0,236273816,210,com.android.settings/.homepage.SettingsHomepageActivity,finish-imm:idle]
11-12 05:18:09.943 15162 15162 I wm_on_destroy_called: [3112631,com.android.settings.Settings$ConfigureNotificationSettingsActivity,performDestroy]
11-12 05:18:09.945 1481 1777 I wm_task_removed: [214,removeChild:removeChild last r=ActivityRecord{2f7eb7 u0 com.android.settings/.Settings$ConfigureNotificationSettingsActivity t-1 f}} in t=Task{e93318e #214 type=standard A=1000:com.android.settings U=0 visible=false mode=fullscreen translucent=true sz=0}]
11-12 05:18:09.945 1481 1777 I wm_task_removed: [214,removeChild]
11-12 05:18:09.948 15162 15162 I wm_on_stop_called: [236273816,com.android.settings.homepage.SettingsHomepageActivity,LIFECYCLER_STOP_ACTIVITY]
11-12 05:18:09.955 15162 15162 I wm_on_destroy_called: [236273816,com.android.settings.homepage.SettingsHomepageActivity,performDestroy]
11-12 05:18:10.327 0 0 I auditd : type=1400 audit(0.0:15366): avc: denied { kill } for comm="swapper/3" capability=5 scontext=u:r:kernel:s0 tcontext=u:r:kernel:s0 tclass=capability permissive=0
11-12 05:18:10.639 1481 1680 I input_interaction: Interaction with: 717fe25 com.android.settings/com.android.settings.homepage.SettingsHomepageActivity (server), swipe-up (server), edge-swipe (server), PointerEventDispatcher0 (server),
11-12 05:18:10.759 15162 15162 I sysui_multi_action: [757,337,758,2,1089,1120]
11-12 05:18:11.733 1481 1680 I input_interaction: Interaction with: b3e52f6 StatusBar (server), swipe-up (server), edge-swipe (server), PointerEventDispatcher0 (server),
11-12 05:18:11.742 1971 1971 I sysui_multi_action: [757,803,799,panel_open,802,1]
11-12 05:18:11.745 1971 1971 I sysui_multi_action: [757,1328,758,4,1326,34,1327,1,1329,0]
11-12 05:18:11.843 1481 1777 I sysui_multi_action: [757,127,758,1]
11-12 05:18:11.843 1481 1777 I sysui_multi_action: [757,804,799,note_load,801,2,802,1]
11-12 05:18:11.844 1481 1777 I notification_panel_revealed: 2
11-12 05:18:11.849 1971 1971 I sysui_multi_action: [757,111,758,2]
11-12 05:18:11.849 1971 1971 I sysui_multi_action: [757,111,758,2]
11-12 05:18:11.852 1481 1481 I notification_enqueue: [10082,1971,com.android.systemui,2048,NULL,0,Notification(channel=updateNotification shortcut=null contentView=null vibrate=null sound=null defaults=0x0 flags=0x0 color=0x00000000 vis=PRIVATE),1]
11-12 05:18:11.865 1481 1571 I input_focus: [Focus request 8e9fb15 NotificationShade,reason=UpdateInputWindows]
11-12 05:18:11.872 1971 1971 I sysui_multi_action: [757,111,758,1]
11-12 05:18:11.872 1971 1971 I sysui_multi_action: [757,126,758,1,759,126,927,0,928,0,1593,1]
11-12 05:18:11.872 1971 1971 I sysui_multi_action: [757,113,758,1,759,113,927,1,928,1,1593,1]
11-12 05:18:11.872 1971 1971 I sysui_multi_action: [757,0,758,1,759,0,927,2,928,0,1593,1]
11-12 05:18:11.872 1971 1971 I sysui_multi_action: [757,0,758,1,759,0,927,3,928,0,1593,1]
11-12 05:18:11.873 1971 1971 I sysui_multi_action: [757,491,758,1,759,491,927,4,928,0,1311,-1,1593,0]
11-12 05:18:11.873 1971 1971 I sysui_multi_action: [757,0,758,1,759,0,927,5,928,0,1593,0]
11-12 05:18:11.873 1971 1971 I sysui_multi_action: [757,111,758,1]
11-12 05:18:11.873 1971 1971 I sysui_multi_action: [757,126,758,1,759,126,927,0,928,0,1593,1]
11-12 05:18:11.873 1971 1971 I sysui_multi_action: [757,113,758,1,759,113,927,1,928,1,1593,1]
11-12 05:18:11.873 1971 1971 I sysui_multi_action: [757,0,758,1,759,0,927,2,928,0,1593,1]
11-12 05:18:11.874 1971 1971 I sysui_multi_action: [757,0,758,1,759,0,927,3,928,0,1593,1]
11-12 05:18:11.885 1971 1971 I sysui_multi_action: [757,111,758,2]
11-12 05:18:11.886 1481 1481 I notification_enqueue: [10082,1971,com.android.systemui,2048,NULL,0,Notification(channel=updateNotification shortcut=null contentView=null vibrate=null sound=null defaults=0x0 flags=0x0 color=0x00000000 vis=PRIVATE),1]
11-12 05:18:11.886 1971 1971 I sysui_multi_action: [757,111,758,2]
11-12 05:18:11.886 1481 1680 I input_focus: [Focus leaving 717fe25 com.android.settings/com.android.settings.homepage.SettingsHomepageActivity (server),reason=Waiting for window because NOT_VISIBLE]
11-12 05:18:11.890 1971 1971 I sysui_multi_action: [757,111,758,1]
