11-12 05:31:08.437 9573 10440 I GameMode_ActivityMonitoringService: onTaskStackChanged
11-12 05:31:08.440 1481 1567 I ActivityTaskManager: Displayed com.android.settings/.homepage.SettingsHomepageActivity: +193ms
11-12 05:31:08.441 1481 1567 I ActivityTaskManager: Fully drawn com.android.settings/.homepage.SettingsHomepageActivity: +193ms
11-12 05:31:08.445 9573 9589 I GameMode_ActivityMonitoringService: Updating top task to: TaskInfoContainer [topActivity=ComponentInfo{com.android.settings/com.android.settings.homepage.SettingsHomepageActivity}, taskId=229, stackId=229, userId=0, displayId=0, position=7
11-12 05:31:08.445 9573 9589 I GameMode_ActivityMonitoringService: Notifying about top task: TaskInfoContainer [topActivity=ComponentInfo{com.android.settings/com.android.settings.homepage.SettingsHomepageActivity}, taskId=229, stackId=229, userId=0, displayId=0, position=7
11-12 05:31:08.445 9573 9589 E GameMode_ActivityMonitoringService: onActivityLaunch:com.android.settings
11-12 05:31:08.445 9573 9589 V GameMode_GameMode: judge isGame:com.android.settings
11-12 05:31:08.446 9573 9589 V GameMode_GpuUtils: fps:60
11-12 05:31:08.448 1481 1680 I input_focus: [Focus entering 6b57e28 com.android.settings/com.android.settings.homepage.SettingsHomepageActivity (server),reason=Window became focusable. Previous reason: NOT_VISIBLE]
11-12 05:31:08.448 9573 9589 D GameMode_GameMode: Show GameMode entry by service!
11-12 05:31:08.448 1971 1971 I sysui_multi_action: [757,111,758,1]
11-12 05:31:08.448 1971 1971 I sysui_multi_action: [757,126,758,1,759,126,927,0,928,0,1593,1]
11-12 05:31:08.448 1971 1971 I sysui_multi_action: [757,113,758,1,759,113,927,1,928,1,1593,1]
11-12 05:31:08.449 1971 1971 I sysui_multi_action: [757,0,758,1,759,0,927,2,928,0,1593,1]
11-12 05:31:08.449 1971 1971 I sysui_multi_action: [757,0,758,1,759,0,927,3,928,0,1593,1]
11-12 05:31:08.449 9573 9589 W ContextImpl: Calling a method in the system process without a qualified user: android.app.ContextImpl.startService:1816 android.content.ContextWrapper.startService:774 com.thundercomm.gamemode.ingame.services.GameModeActionUtils.startGameModeService:93 com.thundercomm.gamemode.ingame.services.GameModeActionUtils.startGameModeEntry:21 com.thundercomm.gamemode.ingame.services.ActivityMonitoringService$1.onActivityLaunch:127
11-12 05:31:08.449 1971 1971 I sysui_multi_action: [757,491,758,1,759,491,927,4,928,0,1311,-1,1593,0]
11-12 05:31:08.449 1971 1971 I sysui_multi_action: [757,0,758,1,759,0,927,5,928,0,1593,0]
11-12 05:31:08.449 1971 1971 I sysui_multi_action: [757,111,758,1]
11-12 05:31:08.449 1971 1971 I sysui_multi_action: [757,126,758,1,759,126,927,0,928,0,1593,1]
11-12 05:31:08.449 1971 1971 I sysui_multi_action: [757,113,758,1,759,113,927,1,928,1,1593,1]
11-12 05:31:08.449 1971 1971 I sysui_multi_action: [757,0,758,1,759,0,927,2,928,0,1593,1]
11-12 05:31:08.449 1971 1971 I sysui_multi_action: [757,0,758,1,759,0,927,3,928,0,1593,1]
11-12 05:31:08.451 1971 1971 W View : requestLayout() improperly called by com.android.systemui.util.animation.UniqueObjectHostView{2e6e327 V.E...... ......ID 0,0-650,188} during layout: running second layout pass
11-12 05:31:08.454 9573 9573 D GameMode_GameMode: type=hide_entry
11-12 05:31:08.455 9573 9589 D GameMode: getUriFor setting_content_uri_root = content://com.thundercomm.gamemode.api/gamemode_settings , name = gamemode_isgaming
11-12 05:31:08.458 1481 1481 I GameModeConfig: Current uri is uri = content://com.thundercomm.gamemode.api/gamemode_settings/gamemode_isgaming
11-12 05:31:08.458 1481 1481 D GameMode: getUriFor setting_content_uri_root = content://com.thundercomm.gamemode.api/gamemode_settings , name = gamemode_isgaming
11-12 05:31:08.459 9573 9589 D GameMode: gamemode_isgaming set to 0
11-12 05:31:08.460 1481 1481 I GameModeConfig: isGameModeOn = true
11-12 05:31:08.460 1481 1481 I GameModeConfig: isGaming = false
11-12 05:31:08.461 1481 1481 I GameModeConfig: isGameModeOn = true
11-12 05:31:08.461 1481 1481 I GameModeConfig: isGaming = false
11-12 05:31:08.461 1481 1481 I GameModeConfig: isDisableVoice = true
11-12 05:31:08.461 969 7630 D AF::TrackHandle: OpPlayAudio: track:230 usage:5 not muted
11-12 05:31:08.462 969 7630 D AF::TrackHandle: OpPlayAudio: track:230 usage:5 not muted
11-12 05:31:08.462 969 3265 D AF::TrackHandle: OpPlayAudio: track:230 usage:5 not muted
11-12 05:31:08.462 969 3265 D AF::TrackHandle: OpPlayAudio: track:230 usage:5 not muted
11-12 05:31:08.462 969 3265 D AF::TrackHandle: OpPlayAudio: track:230 usage:5 not muted
11-12 05:31:08.462 969 3265 D AF::TrackHandle: OpPlayAudio: track:230 usage:5 not muted
11-12 05:31:08.462 9573 9573 D GameMode_GameSettingsObserver: Game Data change!!!! uri = content://com.thundercomm.gamemode.api/gamemode_settings/gamemode_isgaming
11-12 05:31:08.462 969 3265 D AF::TrackHandle: OpPlayAudio: track:230 usage:5 not muted
11-12 05:31:08.462 969 3265 D AF::TrackHandle: OpPlayAudio: track:230 usage:5 not muted
11-12 05:31:08.463 969 7630 D AF::TrackHandle: OpPlayAudio: track:230 usage:5 not muted
11-12 05:31:08.463 9573 9573 D GameMode: getUriFor setting_content_uri_root = content://com.thundercomm.gamemode.api/gamemode_settings , name = gamemode_isgaming
11-12 05:31:08.463 969 7630 D AF::TrackHandle: OpPlayAudio: track:230 usage:5 not muted
11-12 05:31:08.463 969 7630 D AF::TrackHandle: OpPlayAudio: track:230 usage:5 not muted
11-12 05:31:08.463 969 7630 D AF::TrackHandle: OpPlayAudio: track:230 usage:5 not muted
11-12 05:31:08.463 969 7630 D AF::TrackHandle: OpPlayAudio: track:230 usage:5 not muted
11-12 05:31:08.463 969 7630 D AF::TrackHandle: OpPlayAudio: track:230 usage:5 not muted
11-12 05:31:08.463 969 7630 D AF::TrackHandle: OpPlayAudio: track:230 usage:5 not muted
11-12 05:31:08.463 969 7630 D AF::TrackHandle: OpPlayAudio: track:230 usage:5 not muted
11-12 05:31:08.469 9573 9573 D GameMode_GameMode:GameModeService: updateGlobalSettings = gamemode_isgaming
11-12 05:31:08.483 16164 16164 I TetheringManager: registerTetheringEventCallback:com.android.settings
11-12 05:31:08.484 16164 16164 D PrefCtrlListHelper: Could not find Context-only controller for pref: com.android.settings.network.MultiNetworkHeaderController
11-12 05:31:08.484 16164 16164 D PrefCtrlListHelper: Could not find Context-only controller for pref: com.android.settings.network.AirplaneModePreferenceController
11-12 05:31:08.484 16164 16164 D PrefCtrlListHelper: Could not find Context-only controller for pref: com.android.settings.network.AllInOneTetherPreferenceController
11-12 05:31:08.484 16164 16164 D PrefCtrlListHelper: Could not find Context-only controller for pref: com.android.settings.network.AdaptiveConnectivityPreferenceController
11-12 05:31:08.486 16164 16164 W CarrierConfigManager: Error getting config for subId -1 ICarrierConfigLoader is null
11-12 05:31:08.487 16164 16164 D MobilePlanPrefContr: onCreate: mMobilePlanDialogMessage=null
11-12 05:31:08.487 16164 16164 D BluetoothPan: Binding service...
11-12 05:31:08.489 1481 7454 E UserRestrictionsUtils: Unknown restriction queried by uid 1000 (com.thundercomm.tchttpserver et al): null
11-12 05:31:08.499 16164 16164 D NetworkDashboardFrag: NO dashboard tiles for NetworkDashboardFrag
11-12 05:31:08.499 16164 16164 D NetworkDashboardFrag: All preferences added, reporting fully drawn
11-12 05:31:08.509 1481 5711 D ConnectivityService: requestNetwork for uid/pid:1000/16164 activeRequest: null callbackRequest: 796 [NetworkRequest [ REQUEST id=797, [ Capabilities: INTERNET&NOT_RESTRICTED&TRUSTED&NOT_VCN_MANAGED Uid: 1000 RequestorUid: 1000 RequestorPkg: com.android.settings] ]] callback flags: 0 priority: 2147483647
11-12 05:31:08.509 1481 1725 D ConnectivityService: NetReassign [no changes]
11-12 05:31:08.510 1481 1888 D Ethernet: got request NetworkRequest [ REQUEST id=797, [ Capabilities: INTERNET&NOT_RESTRICTED&TRUSTED&NOT_VCN_MANAGED Uid: 1000 RequestorUid: 1000 RequestorPkg: com.android.settings] ]
11-12 05:31:08.510 1481 1888 D EthernetNetworkFactory: acceptRequest, request: NetworkRequest [ REQUEST id=797, [ Capabilities: INTERNET&NOT_RESTRICTED&TRUSTED&NOT_VCN_MANAGED Uid: 1000 RequestorUid: 1000 RequestorPkg: com.android.settings] ]
11-12 05:31:08.510 1481 1888 I EthernetNetworkFactory: networkForRequest, request: NetworkRequest [ REQUEST id=797, [ Capabilities: INTERNET&NOT_RESTRICTED&TRUSTED&NOT_VCN_MANAGED Uid: 1000 RequestorUid: 1000 RequestorPkg: com.android.settings] ], network: null
11-12 05:31:08.510 1481 1707 D WifiNetworkFactory: got request NetworkRequest [ REQUEST id=797, [ Capabilities: INTERNET&NOT_RESTRICTED&TRUSTED&NOT_VCN_MANAGED Uid: 1000 RequestorUid: 1000 RequestorPkg: com.android.settings] ]
11-12 05:31:08.511 1481 1707 D UntrustedWifiNetworkFactory: got request NetworkRequest [ REQUEST id=797, [ Capabilities: INTERNET&NOT_RESTRICTED&TRUSTED&NOT_VCN_MANAGED Uid: 1000 RequestorUid: 1000 RequestorPkg: com.android.settings] ]
11-12 05:31:08.511 1481 1725 D ConnectivityService: NetReassign [no changes]
11-12 05:31:08.511 1481 5711 D ConnectivityService: requestNetwork for uid/pid:1000/16164 activeRequest: null callbackRequest: 799 [NetworkRequest [ REQUEST id=800, [ Capabilities: INTERNET&NOT_RESTRICTED&TRUSTED&NOT_VCN_MANAGED Uid: 1000 RequestorUid: 1000 RequestorPkg: com.android.settings] ]] callback flags: 0 priority: 2147483647
11-12 05:31:08.511 1481 1707 D OemPaidWifiNetworkFactory: got request NetworkRequest [ REQUEST id=797, [ Capabilities: INTERNET&NOT_RESTRICTED&TRUSTED&NOT_VCN_MANAGED Uid: 1000 RequestorUid: 1000 RequestorPkg: com.android.settings] ]
11-12 05:31:08.512 1481 1725 D ConnectivityService: NetReassign [no changes]
11-12 05:31:08.512 1481 1888 D Ethernet: got request NetworkRequest [ REQUEST id=800, [ Capabilities: INTERNET&NOT_RESTRICTED&TRUSTED&NOT_VCN_MANAGED Uid: 1000 RequestorUid: 1000 RequestorPkg: com.android.settings] ]
11-12 05:31:08.512 1481 1888 D EthernetNetworkFactory: acceptRequest, request: NetworkRequest [ REQUEST id=800, [ Capabilities: INTERNET&NOT_RESTRICTED&TRUSTED&NOT_VCN_MANAGED Uid: 1000 RequestorUid: 1000 RequestorPkg: com.android.settings] ]
11-12 05:31:08.512 1481 1888 I EthernetNetworkFactory: networkForRequest, request: NetworkRequest [ REQUEST id=800, [ Capabilities: INTERNET&NOT_RESTRICTED&TRUSTED&NOT_VCN_MANAGED Uid: 1000 RequestorUid: 1000 RequestorPkg: com.android.settings] ], network: null
11-12 05:31:08.512 1481 1707 D WifiNetworkFactory: got request NetworkRequest [ REQUEST id=800, [ Capabilities: INTERNET&NOT_RESTRICTED&TRUSTED&NOT_VCN_MANAGED Uid: 1000 RequestorUid: 1000 RequestorPkg: com.android.settings] ]
11-12 05:31:08.512 1481 1707 D UntrustedWifiNetworkFactory: got request NetworkRequest [ REQUEST id=800, [ Capabilities: INTERNET&NOT_RESTRICTED&TRUSTED&NOT_VCN_MANAGED Uid: 1000 RequestorUid: 1000 RequestorPkg: com.android.settings] ]
11-12 05:31:08.512 1481 1707 D OemPaidWifiNetworkFactory: got request NetworkRequest [ REQUEST id=800, [ Capabilities: INTERNET&NOT_RESTRICTED&TRUSTED&NOT_VCN_MANAGED Uid: 1000 RequestorUid: 1000 RequestorPkg: com.android.settings] ]
11-12 05:31:08.513 16164 16164 I TetheringManager: registerTetheringEventCallback caller:com.android.settings
11-12 05:31:08.515 1481 5711 W ScanResultUtil: Empty or null ScanResult list
11-12 05:31:08.515 1481 5711 W WifiService: Attempt to retrieve WifiConfiguration with invalid scanResult List
11-12 05:31:08.516 1481 5711 W ScanResultUtil: Empty or null ScanResult list
11-12 05:31:08.516 1481 5711 E WifiService: Attempt to retrieve passpoint with invalid scanResult List
11-12 05:31:08.517 1481 5711 W ScanResultUtil: Empty or null ScanResult list
11-12 05:31:08.517 1481 5711 W WifiService: Attempt to retrieve OsuProviders with invalid scanResult List
11-12 05:31:08.517 1481 7454 D ConnectivityService: requestNetwork for uid/pid:1000/16164 activeRequest: null callbackRequest: 802 [NetworkRequest [ REQUEST id=803, [ Capabilities: INTERNET&NOT_RESTRICTED&TRUSTED&NOT_VCN_MANAGED Uid: 1000 RequestorUid: 1000 RequestorPkg: com.android.settings] ]] callback flags: 1 priority: 2147483647
11-12 05:31:08.518 1481 1725 D ConnectivityService: NetReassign [no changes]
11-12 05:31:08.518 1481 1725 D ConnectivityService: NetReassign [no changes]
11-12 05:31:08.518 16164 16164 D BluetoothPan: Binding service...
11-12 05:31:08.520 1481 1707 D WifiNetworkFactory: got request NetworkRequest [ REQUEST id=803, [ Capabilities: INTERNET&NOT_RESTRICTED&TRUSTED&NOT_VCN_MANAGED Uid: 1000 RequestorUid: 1000 RequestorPkg: com.android.settings] ]
11-12 05:31:08.520 1481 1725 D ConnectivityService: NetReassign [no changes]
11-12 05:31:08.520 1481 1707 D UntrustedWifiNetworkFactory: got request NetworkRequest [ REQUEST id=803, [ Capabilities: INTERNET&NOT_RESTRICTED&TRUSTED&NOT_VCN_MANAGED Uid: 1000 RequestorUid: 1000 RequestorPkg: com.android.settings] ]
11-12 05:31:08.520 1481 1707 D OemPaidWifiNetworkFactory: got request NetworkRequest [ REQUEST id=803, [ Capabilities: INTERNET&NOT_RESTRICTED&TRUSTED&NOT_VCN_MANAGED Uid: 1000 RequestorUid: 1000 RequestorPkg: com.android.settings] ]
11-12 05:31:08.522 1481 1888 D Ethernet: got request NetworkRequest [ REQUEST id=803, [ Capabilities: INTERNET&NOT_RESTRICTED&TRUSTED&NOT_VCN_MANAGED Uid: 1000 RequestorUid: 1000 RequestorPkg: com.android.settings] ]
11-12 05:31:08.522 1481 1888 D EthernetNetworkFactory: acceptRequest, request: NetworkRequest [ REQUEST id=803, [ Capabilities: INTERNET&NOT_RESTRICTED&TRUSTED&NOT_VCN_MANAGED Uid: 1000 RequestorUid: 1000 RequestorPkg: com.android.settings] ]
11-12 05:31:08.522 1481 1888 I EthernetNetworkFactory: networkForRequest, request: NetworkRequest [ REQUEST id=803, [ Capabilities: INTERNET&NOT_RESTRICTED&TRUSTED&NOT_VCN_MANAGED Uid: 1000 RequestorUid: 1000 RequestorPkg: com.android.settings] ], network: null
11-12 05:31:08.524 1481 5711 W ScanResultUtil: Empty or null ScanResult list
11-12 05:31:08.524 1481 5711 W WifiService: Attempt to retrieve WifiConfiguration with invalid scanResult List
11-12 05:31:08.525 1481 5711 W ScanResultUtil: Empty or null ScanResult list
11-12 05:31:08.525 1481 5711 E WifiService: Attempt to retrieve passpoint with invalid scanResult List
11-12 05:31:08.525 1481 5711 W ScanResultUtil: Empty or null ScanResult list
11-12 05:31:08.525 1481 5711 W WifiService: Attempt to retrieve OsuProviders with invalid scanResult List
11-12 05:31:08.527 16164 16164 I sysui_multi_action: [757,746,758,1,833,0,1089,46]
11-12 05:31:08.527 16164 16164 D SubscriptionsChangeListener: Start
11-12 05:31:08.527 1481 5711 D TelephonyRegistry: listen oscl: mHasNotifySubscriptionInfoChangedOccurred==false no callback
11-12 05:31:08.528 16164 16164 D MobileNetworkSummaryStatus: network summary query
11-12 05:31:08.529 16164 16211 E TelephonyManager: Error in getUiccCardsInfo: unable to connect to Telephony service.
11-12 05:31:08.529 16164 16195 I service_manager_stats: [100,46,15268013]
11-12 05:31:08.529 16164 16213 W MobileNetworkUtils: EuiccManager is not enabled.
11-12 05:31:08.529 16164 16164 W SelectableSubscriptions: Fail to request subIdList
11-12 05:31:08.529 16164 16164 W SelectableSubscriptions: java.lang.NullPointerException: Attempt to invoke interface method 'int java.util.List.size()' on a null object reference
11-12 05:31:08.529 16164 16164 W SelectableSubscriptions: at com.android.settings.network.helper.SelectableSubscriptions.call(SelectableSubscriptions.java:128)
11-12 05:31:08.529 16164 16164 W SelectableSubscriptions: at com.android.settings.network.MobileNetworkSummaryStatus.getSubscriptions(MobileNetworkSummaryStatus.java:158)
11-12 05:31:08.529 16164 16164 W SelectableSubscriptions: at com.android.settings.network.MobileNetworkSummaryStatus.update(MobileNetworkSummaryStatus.java:88)
11-12 05:31:08.529 16164 16164 W SelectableSubscriptions: at com.android.settings.network.MobileNetworkSummaryController.update(MobileNetworkSummaryController.java:170)
11-12 05:31:08.529 16164 16164 W SelectableSubscriptions: at com.android.settings.network.MobileNetworkSummaryController.onResume(MobileNetworkSummaryController.java:95)
11-12 05:31:08.529 16164 16164 W SelectableSubscriptions: at java.lang.reflect.Method.invoke(Native Method)
11-12 05:31:08.529 16164 16164 W SelectableSubscriptions: at androidx.lifecycle.ClassesInfoCache$MethodReference.invokeCallback(ClassesInfoCache.java:216)
11-12 05:31:08.529 16164 16164 W SelectableSubscriptions: at androidx.lifecycle.ClassesInfoCache$CallbackInfo.invokeMethodsForEvent(ClassesInfoCache.java:194)
11-12 05:31:08.529 16164 16164 W SelectableSubscriptions: at androidx.lifecycle.ClassesInfoCache$CallbackInfo.invokeCallbacks(ClassesInfoCache.java:185)
11-12 05:31:08.529 16164 16164 W SelectableSubscriptions: at androidx.lifecycle.ReflectiveGenericLifecycleObserver.onStateChanged(ReflectiveGenericLifecycleObserver.java:37)
11-12 05:31:08.529 16164 16164 W SelectableSubscriptions: at androidx.lifecycle.LifecycleRegistry$ObserverWithState.dispatchEvent(LifecycleRegistry.java:354)
11-12 05:31:08.529 16164 16164 W SelectableSubscriptions: at androidx.lifecycle.LifecycleRegistry.forwardPass(LifecycleRegistry.java:265)
11-12 05:31:08.529 16164 16164 W SelectableSubscriptions: at androidx.lifecycle.LifecycleRegistry.sync(LifecycleRegistry.java:307)
11-12 05:31:08.529 16164 16164 W SelectableSubscriptions: at androidx.lifecycle.LifecycleRegistry.moveToState(LifecycleRegistry.java:148)
11-12 05:31:08.529 16164 16164 W SelectableSubscriptions: at androidx.lifecycle.LifecycleRegistry.handleLifecycleEvent(LifecycleRegistry.java:134)
11-12 05:31:08.529 16164 16164 W SelectableSubscriptions: at com.android.settingslib.core.lifecycle.ObservablePreferenceFragment.onResume(ObservablePreferenceFragment.java:87)
11-12 05:31:08.529 16164 16164 W SelectableSubscriptions: at com.android.settings.core.InstrumentedPreferenceFragment.onResume(InstrumentedPreferenceFragment.java:77)
11-12 05:31:08.529 16164 16164 W SelectableSubscriptions: at com.android.settings.SettingsPreferenceFragment.onResume(SettingsPreferenceFragment.java:198)
11-12 05:31:08.529 16164 16164 W SelectableSubscriptions: at com.android.settings.dashboard.DashboardFragment.onResume(DashboardFragment.java:219)
11-12 05:31:08.529 16164 16164 W SelectableSubscriptions: at androidx.fragment.app.Fragment.performResume(Fragment.java:3029)
11-12 05:31:08.529 16164 16164 W SelectableSubscriptions: at androidx.fragment.app.FragmentStateManager.resume(FragmentStateManager.java:583)
11-12 05:31:08.529 16164 16164 W SelectableSubscriptions: at androidx.fragment.app.FragmentStateManager.moveToExpectedState(FragmentStateManager.java:282)
11-12 05:31:08.529 16164 16164 W SelectableSubscriptions: at androidx.fragment.app.SpecialEffectsController$FragmentStateManagerOperation.complete(SpecialEffectsController.java:742)
11-12 05:31:08.529 16164 16164 W SelectableSubscriptions: at androidx.fragment.app.SpecialEffectsController$Operation.completeSpecialEffect(SpecialEffectsController.java:669)
11-12 05:31:08.529 16164 16164 W SelectableSubscriptions: at androidx.fragment.app.DefaultSpecialEffectsController$SpecialEffectsInfo.completeSpecialEffect(DefaultSpecialEffectsController.java:755)
11-12 05:31:08.529 16164 16164 W SelectableSubscriptions: at androidx.fragment.app.DefaultSpecialEffectsController.startAnimations(DefaultSpecialEffectsController.java:147)
11-12 05:31:08.529 16164 16164 W SelectableSubscriptions: at androidx.fragment.app.DefaultSpecialEffectsController.executeOperations(DefaultSpecialEffectsController.java:120)
11-12 05:31:08.529 16164 16164 W SelectableSubscriptions: at androidx.fragment.app.SpecialEffectsController.executePendingOperations(SpecialEffectsController.java:294)
11-12 05:31:08.529 16164 16164 W SelectableSubscriptions: at androidx.fragment.app.FragmentManager.executeOpsTogether(FragmentManager.java:2222)
11-12 05:31:08.529 16164 16164 W SelectableSubscriptions: at androidx.fragment.app.FragmentManager.removeRedundantOperationsAndExecute(FragmentManager.java:2120)
11-12 05:31:08.529 16164 16164 W SelectableSubscriptions: at androidx.fragment.app.FragmentManager.execPendingActions(FragmentManager.java:2022)
11-12 05:31:08.529 16164 16164 W SelectableSubscriptions: at androidx.fragment.app.FragmentManager.executePendingTransactions(FragmentManager.java:603)
11-12 05:31:08.529 16164 16164 W SelectableSubscriptions: at com.android.settings.homepage.SettingsHomepageActivity.addFragment(SettingsHomepageActivity.java:445)
11-12 05:31:08.529 16164 16164 W SelectableSubscriptions: at com.android.settings.homepage.SettingsHomepageActivity.lambda$changeSettingsDetailsFragment$5(SettingsHomepageActivity.java:421)
11-12 05:31:08.529 16164 16164 W SelectableSubscriptions: at com.android.settings.homepage.SettingsHomepageActivity.$r8$lambda$ovL0LP5AA5-Z3MZSBVit2VRFalA(Unknown Source:0)
11-12 05:31:08.529 16164 16164 W SelectableSubscriptions: at com.android.settings.homepage.SettingsHomepageActivity$$ExternalSyntheticLambda3.run(Unknown Source:10)
11-12 05:31:08.529 16164 16164 W SelectableSubscriptions: at android.os.Handler.handleCallback(Handler.java:938)
11-12 05:31:08.529 16164 16164 W SelectableSubscriptions: at android.os.Handler.dispatchMessage(Handler.java:99)
11-12 05:31:08.529 16164 16164 W SelectableSubscriptions: at android.os.Looper.loopOnce(Looper.java:201)
11-12 05:31:08.529 16164 16164 W SelectableSubscriptions: at android.os.Looper.loop(Looper.java:288)
11-12 05:31:08.529 16164 16164 W SelectableSubscriptions: at android.app.ActivityThread.main(ActivityThread.java:7880)
11-12 05:31:08.529 16164 16164 W SelectableSubscriptions: at java.lang.reflect.Method.invoke(Native Method)
11-12 05:31:08.529 16164 16164 W SelectableSubscriptions: at com.android.internal.os.RuntimeInit$MethodAndArgsCaller.run(RuntimeInit.java:548)
11-12 05:31:08.529 16164 16164 W SelectableSubscriptions: at com.android.internal.os.ZygoteInit.main(ZygoteInit.java:1009)
11-12 05:31:08.529 16164 16164 D MobileNetworkSummaryStatus: network summary query ignored
11-12 05:31:08.529 16164 16164 D SubscriptionsChangeListener: Start
11-12 05:31:08.530 1481 5711 D TelephonyRegistry: listen oscl: mHasNotifySubscriptionInfoChangedOccurred==false no callback
11-12 05:31:08.532 1481 1725 D ConnectivityService: NetReassign [no changes]
11-12 05:31:08.536 16164 16164 I sysui_multi_action: [757,1729,758,4,854,isParalleledControllers:false,1089,55]
11-12 05:31:08.537 16164 16164 D BluetoothPan: Proxy object connected
11-12 05:31:08.553 16164 16164 D BluetoothPan: Proxy object connected
11-12 05:31:08.566 16164 16164 D PrefCtrlListHelper: Could not find Context-only controller for pref: com.android.settings.notification.ConversationListSummaryPreferenceController
11-12 05:31:08.571 16164 16164 D PrefCtrlListHelper: Could not find Context-only controller for pref: com.android.settings.notification.BubbleSummaryNotificationPreferenceController
11-12 05:31:08.571 16164 16164 D PrefCtrlListHelper: Could not find Context-only controller for pref: com.android.settings.applications.specialaccess.notificationaccess.NotificationAccessController
11-12 05:31:08.571 16164 16164 D PrefCtrlListHelper: Could not find Context-only controller for pref: com.android.settings.notification.RedactNotificationPreferenceController
11-12 05:31:08.572 16164 16164 D PrefCtrlListHelper: Could not find Context-only controller for pref: com.android.settings.biometrics.face.FaceSettingsLockscreenBypassPreferenceController
11-12 05:31:08.572 16164 16164 D PrefCtrlListHelper: Could not find Context-only controller for pref: com.android.settings.notification.zen.ZenModePreferenceController
11-12 05:31:08.572 16164 16164 D PrefCtrlListHelper: Could not find Context-only controller for pref: com.android.settings.notification.SnoozeNotificationPreferenceController
11-12 05:31:08.572 16164 16164 D PrefCtrlListHelper: Could not find Context-only controller for pref: com.android.settings.notification.BadgingNotificationPreferenceController
11-12 05:31:08.573 16164 16164 D PrefCtrlListHelper: Could not find Context-only controller for pref: com.android.settings.notification.PulseNotificationPreferenceController
11-12 05:31:08.574 1481 1980 E UserRestrictionsUtils: Unknown restriction queried by uid 1000 (com.thundercomm.tchttpserver et al): null
11-12 05:31:08.574 1481 1980 E UserRestrictionsUtils: Unknown restriction queried by uid 1000 (com.thundercomm.tchttpserver et al): null
11-12 05:31:08.577 16164 16164 D ConfigNotiSettings: NO dashboard tiles for ConfigNotiSettings
11-12 05:31:08.577 16164 16164 D ConfigNotiSettings: All preferences added, reporting fully drawn
11-12 05:31:08.582 16164 16164 I sysui_multi_action: [757,337,758,1,833,0,1089,16]
11-12 05:31:08.584 16164 16164 I sysui_multi_action: [757,1729,758,4,854,isParalleledControllers:false,1089,19]
11-12 05:31:08.588 1481 1481 I GameModeConfig: isGameModeOn = true
11-12 05:31:08.588 1481 1481 I GameModeConfig: isGaming = false
11-12 05:31:08.588 1481 1481 I sysui_multi_action: [757,1501,758,1,793,15246733,794,0,795,206,796,2048,806,com.android.systemui,857,updateNotification,858,3,947,0,1500,0,1688,1]
11-12 05:31:08.589 1481 1481 I sysui_multi_action: [757,804,799,note_interruptive,801,0,802,1]
11-12 05:31:08.589 1481 1481 I sysui_multi_action: [757,199,758,1,759,2,793,15246734,794,0,795,207,796,2048,806,com.android.systemui,857,updateNotification,858,3,947,0,1500,1,1688,1]
11-12 05:31:08.589 1481 1481 I notification_alert: [0|com.android.systemui|2048|null|10082,0,1,0]
11-12 05:31:08.589 1481 1481 W NotificationHistory: Attempted to add notif for locked/gone/disabled user 0
11-12 05:31:08.593 9573 9573 V GameMode_GameMode: judge isGame:com.android.settings
11-12 05:31:08.593 9573 9573 E GameMode_GameModeNotificationListenerService: title :content :,PackageName:com.android.systemui,isGameModeOn:true,isBulletScreenOn:false,isBulletScreenPackage:false
11-12 05:31:08.596 1971 1971 D InterruptionStateProvider: No bubble up: not allowed to bubble: 0|com.android.systemui|2048|null|10082
11-12 05:31:08.596 1971 1971 D InterruptionStateProvider: No heads up: unimportant notification: 0|com.android.systemui|2048|null|10082
11-12 05:31:08.605 1971 2459 D PeopleSpaceWidgetMgr: Sbn doesn't contain valid PeopleTileKey: null/0/com.android.systemui
11-12 05:31:08.608 12753 12816 D Avrcp_ext: AudioManager Player: AudioPlaybackConfiguration piid:71 deviceId:0 type:android.media.SoundPool u/pid:10082/1971 state:idle attr:AudioAttributes: usage=USAGE_ASSISTANCE_SONIFICATION content=CONTENT_TYPE_SONIFICATION flags=0x800 tags= bundle=null sessionId:0
11-12 05:31:08.609 12753 12816 D Avrcp_ext: AudioManager Player: AudioPlaybackConfiguration piid:1815 deviceId:0 type:android.media.MediaPlayer u/pid:10082/1971 state:idle attr:AudioAttributes: usage=USAGE_NOTIFICATION content=CONTENT_TYPE_SONIFICATION flags=0x800 tags= bundle=null sessionId:0
11-12 05:31:08.609 12753 12816 D Avrcp_ext: AudioManager Player: AudioPlaybackConfiguration piid:63 deviceId:0 type:android.media.SoundPool u/pid:1000/1481 state:idle attr:AudioAttributes: usage=USAGE_ASSISTANCE_SONIFICATION content=CONTENT_TYPE_SONIFICATION flags=0x800 tags= bundle=null sessionId:0
11-12 05:31:08.609 12753 12816 D Avrcp_ext: AudioManager Player: AudioPlaybackConfiguration piid:767 deviceId:0 type:android.media.SoundPool u/pid:1000/9573 state:idle attr:AudioAttributes: usage=USAGE_ASSISTANCE_SONIFICATION content=CONTENT_TYPE_SONIFICATION flags=0x801 tags= bundle=null sessionId:0
11-12 05:31:08.609 12753 12816 D Avrcp_ext: AudioManager Player: AudioPlaybackConfiguration piid:1807 deviceId:3 type:android.media.MediaPlayer u/pid:10082/1971 state:started attr:AudioAttributes: usage=USAGE_NOTIFICATION content=CONTENT_TYPE_SONIFICATION flags=0x800 tags= bundle=null sessionId:0
11-12 05:31:08.610 12753 12816 D Avrcp_ext: AudioManager Player in started state: com.android.systemui
11-12 05:31:08.610 12753 12816 D Avrcp_ext: AudioManager Active Player: com.android.systemui
11-12 05:31:08.610 12753 12816 D Avrcp_ext: AudioManager isPlaying: true, mAudioPlaybackIsActive = true
11-12 05:31:08.612 2858 2947 W MediaProvider: Failed to fetch original file descriptor
11-12 05:31:08.612 2858 2947 W MediaProvider: java.io.IOException: stat failed: EACCES (Permission denied)
11-12 05:31:08.612 2858 2947 W MediaProvider: at com.android.providers.media.MediaProvider.getFileFromFileDescriptor(MediaProvider.java:5794)
11-12 05:31:08.612 2858 2947 W MediaProvider: at com.android.providers.media.MediaProvider.getOriginalMediaFormatFileDescriptor(MediaProvider.java:5711)
11-12 05:31:08.612 2858 2947 W MediaProvider: at com.android.providers.media.MediaProvider.openTypedAssetFileCommon(MediaProvider.java:7134)
11-12 05:31:08.612 2858 2947 W MediaProvider: at com.android.providers.media.MediaProvider.openTypedAssetFile(MediaProvider.java:7115)
11-12 05:31:08.612 2858 2947 W MediaProvider: at android.content.ContentProvider$Transport.openTypedAssetFile(ContentProvider.java:548)
11-12 05:31:08.612 2858 2947 W MediaProvider: at android.content.ContentProviderNative.onTransact(ContentProviderNative.java:327)
11-12 05:31:08.612 2858 2947 W MediaProvider: at android.os.Binder.execTransactInternal(Binder.java:1184)
11-12 05:31:08.612 2858 2947 W MediaProvider: at android.os.Binder.execTransact(Binder.java:1143)
11-12 05:31:08.612 2858 2947 W MediaProvider: Caused by: android.system.ErrnoException: stat failed: EACCES (Permission denied)
11-12 05:31:08.612 2858 2947 W MediaProvider: at libcore.io.Linux.stat(Native Method)
11-12 05:31:08.612 2858 2947 W MediaProvider: at libcore.io.ForwardingOs.stat(ForwardingOs.java:853)
11-12 05:31:08.612 2858 2947 W MediaProvider: at libcore.io.BlockGuardOs.stat(BlockGuardOs.java:420)
11-12 05:31:08.612 2858 2947 W MediaProvider: at libcore.io.ForwardingOs.stat(ForwardingOs.java:853)
11-12 05:31:08.612 2858 2947 W MediaProvider: at android.app.ActivityThread$AndroidOs.stat(ActivityThread.java:7780)
11-12 05:31:08.612 2858 2947 W MediaProvider: at android.system.Os.stat(Os.java:919)
11-12 05:31:08.612 2858 2947 W MediaProvider: at com.android.providers.media.MediaProvider.getFileFromFileDescriptor(MediaProvider.java:5788)
11-12 05:31:08.612 2858 2947 W MediaProvider: ... 7 more
11-12 05:31:08.614 1194 3359 D NuPlayerDriver: NuPlayerDriver(0xe6941af0) created, clientPid(1971)
11-12 05:31:08.620 1194 3359 I ExtendedNuUtils: printFileName fd(19) -> /data/system_de/0/ringtones/notification_sound_cache
11-12 05:31:08.624 1194 16245 D GenericSource: FileSource remote
11-12 05:31:08.627 1191 1773 I MMParserExtractor: Created(0xb40000728f29eb70)
11-12 05:31:08.629 1481 1481 I GameModeConfig: isGameModeOn = true
11-12 05:31:08.629 1481 1481 I GameModeConfig: isGaming = false
11-12 05:31:08.629 1481 1481 E NotificationService: Muting recently noisy 0|com.android.systemui|2048|null|10082
11-12 05:31:08.631 1191 1773 D MediaBufferGroup: creating MemoryDealer
11-12 05:31:08.635 793 3333 D audio_hw_primary: out_set_parameters: enter: usecase(1: low-latency-playback) kvpairs: suspend_playback=true
11-12 05:31:08.635 793 3333 D audio_hw_extn: audio_extn_fm_set_parameters: Enter
11-12 05:31:08.635 9573 9573 V GameMode_GameMode: judge isGame:com.android.settings
11-12 05:31:08.635 9573 9573 E GameMode_GameModeNotificationListenerService: title :content :,PackageName:com.android.systemui,isGameModeOn:true,isBulletScreenOn:false,isBulletScreenPackage:false
11-12 05:31:08.638 1971 1971 D InterruptionStateProvider: No bubble up: not allowed to bubble: 0|com.android.systemui|2048|null|10082
11-12 05:31:08.638 1971 1971 D InterruptionStateProvider: No heads up: unimportant notification: 0|com.android.systemui|2048|null|10082
11-12 05:31:08.644 1971 2459 D PeopleSpaceWidgetMgr: Sbn doesn't contain valid PeopleTileKey: null/0/com.android.systemui
11-12 05:31:08.646 793 3333 D audio_hw_primary: out_set_parameters: enter: usecase(1: low-latency-playback) kvpairs: suspend_playback=false
11-12 05:31:08.646 793 3333 D audio_hw_extn: audio_extn_fm_set_parameters: Enter
11-12 05:31:08.650 793 1792 D audio_hw_primary: out_set_parameters: enter: usecase(1: low-latency-playback) kvpairs: suspend_playback=true
11-12 05:31:08.650 793 1792 D audio_hw_extn: audio_extn_fm_set_parameters: Enter
11-12 05:31:08.660 793 1792 D audio_hw_primary: out_set_parameters: enter: usecase(1: low-latency-playback) kvpairs: suspend_playback=false
11-12 05:31:08.660 793 1792 D audio_hw_extn: audio_extn_fm_set_parameters: Enter
11-12 05:31:08.670 793 3333 D audio_hw_primary: out_set_parameters: enter: usecase(1: low-latency-playback) kvpairs: suspend_playback=true
11-12 05:31:08.670 793 3333 D audio_hw_extn: audio_extn_fm_set_parameters: Enter
11-12 05:31:08.671 1971 7357 W MessageQueue: Handler (android.media.MediaPlayer$EventHandler) {4f18442} sending message to a Handler on a dead thread
11-12 05:31:08.671 1971 7357 W MessageQueue: java.lang.IllegalStateException: Handler (android.media.MediaPlayer$EventHandler) {4f18442} sending message to a Handler on a dead thread
11-12 05:31:08.671 1971 7357 W MessageQueue: at android.os.MessageQueue.enqueueMessage(MessageQueue.java:560)
11-12 05:31:08.671 1971 7357 W MessageQueue: at android.os.Handler.enqueueMessage(Handler.java:778)
11-12 05:31:08.671 1971 7357 W MessageQueue: at android.os.Handler.sendMessageAtTime(Handler.java:727)
11-12 05:31:08.671 1971 7357 W MessageQueue: at android.os.Handler.sendMessageDelayed(Handler.java:697)
11-12 05:31:08.671 1971 7357 W MessageQueue: at android.os.Handler.sendMessage(Handler.java:635)
11-12 05:31:08.671 1971 7357 W MessageQueue: at android.media.MediaPlayer.postEventFromNative(MediaPlayer.java:3809)
11-12 05:31:08.671 1971 7357 W MessageQueue: Handler (android.media.MediaPlayer$EventHandler) {4f18442} sending message to a Handler on a dead thread
11-12 05:31:08.671 1971 7357 W MessageQueue: java.lang.IllegalStateException: Handler (android.media.MediaPlayer$EventHandler) {4f18442} sending message to a Handler on a dead thread
11-12 05:31:08.671 1971 7357 W MessageQueue: at android.os.MessageQueue.enqueueMessage(MessageQueue.java:560)
11-12 05:31:08.671 1971 7357 W MessageQueue: at android.os.Handler.enqueueMessage(Handler.java:778)
11-12 05:31:08.671 1971 7357 W MessageQueue: at android.os.Handler.sendMessageAtTime(Handler.java:727)
11-12 05:31:08.671 1971 7357 W MessageQueue: at android.os.Handler.sendMessageDelayed(Handler.java:697)
11-12 05:31:08.671 1971 7357 W MessageQueue: at android.os.Handler.sendMessage(Handler.java:635)
11-12 05:31:08.671 1971 7357 W MessageQueue: at android.media.MediaPlayer.postEventFromNative(MediaPlayer.java:3809)
11-12 05:31:08.681 793 3333 D audio_hw_primary: out_set_parameters: enter: usecase(1: low-latency-playback) kvpairs: suspend_playback=false
11-12 05:31:08.681 793 3333 D audio_hw_extn: audio_extn_fm_set_parameters: Enter
11-12 05:31:08.726 793 3333 D audio_hw_primary: out_set_parameters: enter: usecase(1: low-latency-playback) kvpairs: suspend_playback=true
11-12 05:31:08.726 793 3333 D audio_hw_extn: audio_extn_fm_set_parameters: Enter
11-12 05:31:08.727 793 3333 D msm8974_platform: platform_split_snd_device: snd_device(2) num devices(1) new_snd_devices(0)
11-12 05:31:08.727 793 3333 D ACDB-LOADER: ACDB -> send_audvoltable
11-12 05:31:08.727 793 3333 D ACDB-LOADER: ACDB -> ACDB_CMD_GET_AUDPROC_INSTANCE_GAIN_DEP_STEP_TABLE_SIZE
11-12 05:31:08.727 793 3333 D ACDB-LOADER: ACDB -> ACDB_CMD_GET_AUDPROC_INSTANCE_GAIN_DEP_STEP_TABLE, vol index 0
11-12 05:31:08.727 793 3333 D ACDB-LOADER: ACDB -> AUDIO_SET_VOL_CAL cal type = 40
11-12 05:31:08.728 793 1792 D msm8974_platform: platform_split_snd_device: snd_device(2) num devices(1) new_snd_devices(0)
11-12 05:31:08.753 1481 1980 W InputManager-JNI: Input channel object '5452b86 Splash Screen com.android.settings (client)' was disposed without first being removed with the input manager!
11-12 05:31:08.868 1481 1570 I wm_destroy_activity: [0,181996100,230,com.android.settings/.Settings$ConfigureNotificationSettingsActivity,finish-imm:idle]
11-12 05:31:08.869 1481 1570 I wm_destroy_activity: [0,131174045,229,com.android.settings/.Settings,finish-imm:idle]
11-12 05:31:08.883 643 658 I mpu_uart: [MSG-P:RECV]:No message received in 1000 ms
11-12 05:31:08.889 16164 16164 I wm_on_destroy_called: [181996100,com.android.settings.Settings$ConfigureNotificationSettingsActivity,performDestroy]
11-12 05:31:08.890 1481 1980 I wm_task_removed: [230,removeChild:removeChild last r=ActivityRecord{ad90a44 u0 com.android.settings/.Settings$ConfigureNotificationSettingsActivity t-1 f}} in t=Task{bbd5ddc #230 type=standard A=1000:com.android.settings U=0 visible=false mode=fullscreen translucent=true sz=0}]
11-12 05:31:08.890 1481 1980 I wm_task_removed: [230,removeChild]
11-12 05:31:08.892 16164 16164 I TetheringManager: unregisterTetheringEventCallback caller:com.android.settings
11-12 05:31:08.894 1481 1571 W ActivityTaskManager: Can't find TaskDisplayArea to determine support for multi window. Task id=230 attached=false
11-12 05:31:08.894 1481 1571 W ActivityTaskManager: Can't find TaskDisplayArea to determine support for multi window. Task id=230 attached=false
11-12 05:31:08.895 16164 16164 I wm_on_stop_called: [131174045,com.android.settings.Settings,LIFECYCLER_STOP_ACTIVITY]
11-12 05:31:08.900 16164 16164 D BluetoothPan: Unbinding service...
11-12 05:31:08.904 16164 16164 I wm_on_destroy_called: [131174045,com.android.settings.Settings,performDestroy]
11-12 05:31:08.905 1481 7454 W InputManager-JNI: Input channel object '31e9f7d com.android.settings/com.android.settings.Settings (client)' was disposed without first being removed with the input manager!
11-12 05:31:09.024 1481 1512 W System : A resource failed to call release.
11-12 05:31:09.024 1481 1512 W System : A resource failed to call close.
11-12 05:31:09.024 1481 1512 W System : A resource failed to call close.
11-12 05:31:09.025 1481 1512 W System : A resource failed to call release.
11-12 05:31:09.025 1481 1512 W System : A resource failed to call close.
11-12 05:31:09.025 1481 1512 W System : A resource failed to call close.
11-12 05:31:09.026 1481 1512 W System : A resource failed to call close.
11-12 05:31:09.027 1481 1512 W System : A resource failed to call close.
11-12 05:31:09.027 1481 1512 W System : A resource failed to call release.
11-12 05:31:09.028 1481 1512 W System : A resource failed to call close.
11-12 05:31:09.029 1481 1512 W System : A resource failed to call close.
11-12 05:31:09.029 1481 1512 W System : A resource failed to call close.
11-12 05:31:09.029 1481 1512 W System : A resource failed to call close.
11-12 05:31:09.136 1481 7454 W AudioIDCMicroNegotiator: idcm_warn: idcm control is not enable
11-12 05:31:09.137 12753 12816 D Avrcp_ext: AudioManager Player: AudioPlaybackConfiguration piid:71 deviceId:0 type:android.media.SoundPool u/pid:10082/1971 state:idle attr:AudioAttributes: usage=USAGE_ASSISTANCE_SONIFICATION content=CONTENT_TYPE_SONIFICATION flags=0x800 tags= bundle=null sessionId:0
11-12 05:31:09.138 1971 1971 D MediaRouter: onRestoreRoute() : route=RouteInfo{ name=平板电脑, description=null, status=null, category=RouteCategory{ name=系统 types=ROUTE_TYPE_LIVE_AUDIO ROUTE_TYPE_LIVE_VIDEO groupable=false }, supportedTypes=ROUTE_TYPE_LIVE_AUDIO ROUTE_TYPE_LIVE_VIDEO , presentationDisplay=null }
11-12 05:31:09.138 1194 16244 I GenericSource: start
11-12 05:31:09.138 1971 1971 V MediaRouter: Selecting route: RouteInfo{ name=平板电脑, description=null, status=null, category=RouteCategory{ name=系统 types=ROUTE_TYPE_LIVE_AUDIO ROUTE_TYPE_LIVE_VIDEO groupable=false }, supportedTypes=ROUTE_TYPE_LIVE_AUDIO ROUTE_TYPE_LIVE_VIDEO , presentationDisplay=null }
11-12 05:31:09.138 12753 12816 D Avrcp_ext: AudioManager Player: AudioPlaybackConfiguration piid:1815 deviceId:0 type:android.media.MediaPlayer u/pid:10082/1971 state:started attr:AudioAttributes: usage=USAGE_NOTIFICATION content=CONTENT_TYPE_SONIFICATION flags=0x800 tags= bundle=null sessionId:0
11-12 05:31:09.138 1481 7454 W AudioIDCMicroNegotiator: idcm_warn: idcm control is not enable
11-12 05:31:09.139 1971 1971 D MediaRouter: onRestoreRoute() : route=RouteInfo{ name=平板电脑, description=null, status=null, category=RouteCategory{ name=系统 types=ROUTE_TYPE_LIVE_AUDIO ROUTE_TYPE_LIVE_VIDEO groupable=false }, supportedTypes=ROUTE_TYPE_LIVE_AUDIO ROUTE_TYPE_LIVE_VIDEO , presentationDisplay=null }
11-12 05:31:09.139 1971 1971 V MediaRouter: Selecting route: RouteInfo{ name=平板电脑, description=null, status=null, category=RouteCategory{ name=系统 types=ROUTE_TYPE_LIVE_AUDIO ROUTE_TYPE_LIVE_VIDEO groupable=false }, supportedTypes=ROUTE_TYPE_LIVE_AUDIO ROUTE_TYPE_LIVE_VIDEO , presentationDisplay=null }
11-12 05:31:09.140 1194 16244 W Utils : track of type 'audio/vorbis' does not publish channel mask, channel count 1
11-12 05:31:09.140 12753 12816 D Avrcp_ext: AudioManager Player in started state: com.android.systemui
11-12 05:31:09.140 12753 12816 D Avrcp_ext: AudioManager Active Player: com.android.systemui
11-12 05:31:09.141 12753 12816 D Avrcp_ext: AudioManager Player: AudioPlaybackConfiguration piid:63 deviceId:0 type:android.media.SoundPool u/pid:1000/1481 state:idle attr:AudioAttributes: usage=USAGE_ASSISTANCE_SONIFICATION content=CONTENT_TYPE_SONIFICATION flags=0x800 tags= bundle=null sessionId:0
11-12 05:31:09.141 12753 12816 D Avrcp_ext: AudioManager Player: AudioPlaybackConfiguration piid:767 deviceId:0 type:android.media.SoundPool u/pid:1000/9573 state:idle attr:AudioAttributes: usage=USAGE_ASSISTANCE_SONIFICATION content=CONTENT_TYPE_SONIFICATION flags=0x801 tags= bundle=null sessionId:0
11-12 05:31:09.141 12753 12816 D Avrcp_ext: AudioManager Player: AudioPlaybackConfiguration piid:1807 deviceId:3 type:android.media.MediaPlayer u/pid:10082/1971 state:started attr:AudioAttributes: usage=USAGE_NOTIFICATION content=CONTENT_TYPE_SONIFICATION flags=0x800 tags= bundle=null sessionId:0
11-12 05:31:09.143 12753 12816 D Avrcp_ext: AudioManager Player in started state: com.android.systemui
11-12 05:31:09.143 12753 12816 D Avrcp_ext: AudioManager isPlaying: true, mAudioPlaybackIsActive = true
11-12 05:31:09.143 12753 12816 D Avrcp_ext: AudioManager Player: AudioPlaybackConfiguration piid:71 deviceId:0 type:android.media.SoundPool u/pid:10082/1971 state:idle attr:AudioAttributes: usage=USAGE_ASSISTANCE_SONIFICATION content=CONTENT_TYPE_SONIFICATION flags=0x800 tags= bundle=null sessionId:0
11-12 05:31:09.143 12753 12816 D Avrcp_ext: AudioManager Player: AudioPlaybackConfiguration piid:1815 deviceId:0 type:android.media.MediaPlayer u/pid:10082/1971 state:started attr:AudioAttributes: usage=USAGE_NOTIFICATION content=CONTENT_TYPE_SONIFICATION flags=0x800 tags= bundle=null sessionId:0
11-12 05:31:09.143 1194 16244 W Utils : track of type 'audio/vorbis' does not publish channel mask, channel count 1
11-12 05:31:09.144 12753 12816 D Avrcp_ext: AudioManager Player in started state: com.android.systemui
11-12 05:31:09.144 12753 12816 D Avrcp_ext: AudioManager Active Player: com.android.systemui
11-12 05:31:09.144 12753 12816 D Avrcp_ext: AudioManager Player: AudioPlaybackConfiguration piid:63 deviceId:0 type:android.media.SoundPool u/pid:1000/1481 state:idle attr:AudioAttributes: usage=USAGE_ASSISTANCE_SONIFICATION content=CONTENT_TYPE_SONIFICATION flags=0x800 tags= bundle=null sessionId:0
11-12 05:31:09.144 12753 12816 D Avrcp_ext: AudioManager Player: AudioPlaybackConfiguration piid:767 deviceId:0 type:android.media.SoundPool u/pid:1000/9573 state:idle attr:AudioAttributes: usage=USAGE_ASSISTANCE_SONIFICATION content=CONTENT_TYPE_SONIFICATION flags=0x801 tags= bundle=null sessionId:0
11-12 05:31:09.144 12753 12816 D Avrcp_ext: AudioManager Player: AudioPlaybackConfiguration piid:1807 deviceId:3 type:android.media.MediaPlayer u/pid:10082/1971 state:paused attr:AudioAttributes: usage=USAGE_NOTIFICATION content=CONTENT_TYPE_SONIFICATION flags=0x800 tags= bundle=null sessionId:0
11-12 05:31:09.144 12753 12816 D Avrcp_ext: AudioManager isPlaying: true, mAudioPlaybackIsActive = true
11-12 05:31:09.145 793 1792 D audio_hw_primary: adev_get_parameters:is_hw_dec_session_available
11-12 05:31:09.145 793 1792 D audio_hw_spkr_prot: fbsp_get_parameters: Speaker protection disabled
11-12 05:31:09.145 793 1792 D soundtrigger: audio_extn_sound_trigger_get_parameters input string
11-12 05:31:09.145 793 1792 D soundtrigger: extract_sm_handle input string param string
11-12 05:31:09.145 793 1792 D audio_hw_extn: audio_extn_fm_get_parameters: Enter
11-12 05:31:09.145 793 1792 D audio_hw_extn: audio_extn_get_parameters: returns
11-12 05:31:09.145 793 1792 D audio_hw_primary: adev_get_parameters: exit: returns -
11-12 05:31:09.146 969 7630 I hash_map_utils: system/bt/osi/src/hash_map_utils.cc:81 hash_map_utils_dump_string_keys_string_values: key: 'is_hw_dec_session_available' value: 'audio/vorbis'
11-12 05:31:09.148 1194 16249 D CCodec : allocate(c2.android.vorbis.decoder)
11-12 05:31:09.151 1194 16249 I CCodec : setting up 'default' as default (vendor) store
11-12 05:31:09.154 1194 16249 I CCodec : Created component [c2.android.vorbis.decoder]
11-12 05:31:09.154 1194 16249 D CCodecConfig: read media type: audio/vorbis
11-12 05:31:09.157 1194 16249 D ReflectedParamUpdater: extent() != 1 for single value type: algo.buffers.max-count.values
11-12 05:31:09.158 1194 16249 D ReflectedParamUpdater: extent() != 1 for single value type: output.subscribed-indices.values
11-12 05:31:09.158 1194 16249 D ReflectedParamUpdater: extent() != 1 for single value type: input.buffers.allocator-ids.values
11-12 05:31:09.158 1194 16249 D ReflectedParamUpdater: extent() != 1 for single value type: output.buffers.allocator-ids.values
11-12 05:31:09.158 1194 16249 D ReflectedParamUpdater: extent() != 1 for single value type: algo.buffers.allocator-ids.values
11-12 05:31:09.158 1194 16249 D ReflectedParamUpdater: extent() != 1 for single value type: output.buffers.pool-ids.values
11-12 05:31:09.158 1194 16249 D ReflectedParamUpdater: extent() != 1 for single value type: algo.buffers.pool-ids.values
11-12 05:31:09.160 1194 16249 I CCodecConfig: query failed after returning 7 values (BAD_INDEX)
11-12 05:31:09.160 1194 16249 D CCodecConfig: c2 config diff is Dict {
11-12 05:31:09.160 1194 16249 D CCodecConfig: c2::u32 coded.bitrate.value = 64000
11-12 05:31:09.160 1194 16249 D CCodecConfig: c2::u32 input.buffers.max-size.value = 32768
11-12 05:31:09.160 1194 16249 D CCodecConfig: c2::u32 input.delay.value = 0
11-12 05:31:09.160 1194 16249 D CCodecConfig: string input.media-type.value = "audio/vorbis"
11-12 05:31:09.160 1194 16249 D CCodecConfig: string output.media-type.value = "audio/raw"
11-12 05:31:09.160 1194 16249 D CCodecConfig: c2::u32 raw.channel-count.value = 1
11-12 05:31:09.160 1194 16249 D CCodecConfig: c2::u32 raw.sample-rate.value = 48000
11-12 05:31:09.160 1194 16249 D CCodecConfig: }
11-12 05:31:09.161 1194 16249 D CCodec : [c2.android.vorbis.decoder] buffers are bound to CCodec for this session
11-12 05:31:09.162 1194 16249 D CCodecConfig: no c2 equivalents for durationUs
11-12 05:31:09.162 1194 16249 D CCodecConfig: no c2 equivalents for csd-1
11-12 05:31:09.162 1194 16249 D CCodecConfig: no c2 equivalents for language
11-12 05:31:09.162 1194 16249 D CCodecConfig: no c2 equivalents for file-format
11-12 05:31:09.162 1194 16249 D CCodecConfig: no c2 equivalents for flags
11-12 05:31:09.162 1194 16249 D CCodecConfig: config failed => CORRUPTED
11-12 05:31:09.162 1194 16249 D CCodecConfig: c2 config diff is c2::u32 coded.bitrate.value = 70000
11-12 05:31:09.163 1194 16249 W Codec2Client: query -- param skipped: index = 1107298332.
11-12 05:31:09.163 1194 16249 D CCodec : setup formats input: AMessage(what = 0x00000000) = {
11-12 05:31:09.163 1194 16249 D CCodec : int32_t bitrate = 70000
11-12 05:31:09.163 1194 16249 D CCodec : int32_t channel-count = 1
11-12 05:31:09.163 1194 16249 D CCodec : int32_t max-input-size = 65307
11-12 05:31:09.163 1194 16249 D CCodec : string mime = "audio/vorbis"
11-12 05:31:09.163 1194 16249 D CCodec : int32_t sample-rate = 48000
11-12 05:31:09.163 1194 16249 D CCodec : }
11-12 05:31:09.163 1194 16249 D CCodec : setup formats output: AMessage(what = 0x00000000) = {
11-12 05:31:09.163 1194 16249 D CCodec : int32_t channel-count = 1
11-12 05:31:09.163 1194 16249 D CCodec : string mime = "audio/raw"
11-12 05:31:09.163 1194 16249 D CCodec : int32_t sample-rate = 48000
11-12 05:31:09.163 1194 16249 D CCodec : int32_t android._config-pcm-encoding = 2
11-12 05:31:09.163 1194 16249 D CCodec : }
11-12 05:31:09.163 1194 16249 I CCodecConfig: query failed after returning 7 values (BAD_INDEX)
11-12 05:31:09.164 1194 16249 I MediaCodec: MediaCodec will operate in async mode
11-12 05:31:09.164 1206 10079 I OMX-VENC: venc_dev: stats: avg. fps 40.97, bitrate 1152348
11-12 05:31:09.164 1194 16248 D MediaCodec: keep callback message for reclaim
11-12 05:31:09.165 1194 16249 W Codec2Client: query -- param skipped: index = 1342179345.
11-12 05:31:09.165 1194 16249 W Codec2Client: query -- param skipped: index = 2415921170.
11-12 05:31:09.166 1194 16249 D CCodecBufferChannel: [c2.android.vorbis.decoder#672] Created input block pool with allocatorID 16 => poolID 190 - OK (0)
11-12 05:31:09.167 1194 16249 I CCodecBufferChannel: [c2.android.vorbis.decoder#672] Created output block pool with allocatorID 16 => poolID 202 - OK
11-12 05:31:09.167 1194 16249 D CCodecBufferChannel: [c2.android.vorbis.decoder#672] Configured output block pool ids 202 => OK
11-12 05:31:09.167 1194 16249 D CCodecBufferChannel: [c2.android.vorbis.decoder#672] start: updating output delay 0
11-12 05:31:09.168 1194 16249 I CCodecBufferChannel: pipelineRoom(3) is <= numClientBuffers(3). Not signalling any more buffers to client
11-12 05:31:09.168 1232 16250 D SimpleC2Component: Using output block pool with poolID 202 => got 202 - 0
11-12 05:31:09.169 1194 16249 I CCodecBufferChannel: pipelineRoom(2) is <= numClientBuffers(2). Not signalling any more buffers to client
