11-12 05:20:32.306 1481 1603 I am_wtf : [0,1481,system_server,-1,DisplayDeviceConfig,requesting nits when no mapping exists.]
11-12 05:20:32.307 1481 1603 I am_wtf : [0,1481,system_server,-1,DisplayDeviceConfig,requesting nits when no mapping exists.]
11-12 05:20:32.308 1481 1570 I wm_stop_activity: [0,35371080,com.android.launcher3/.uioverrides.QuickstepLauncher]
11-12 05:20:32.321 1481 1603 I am_wtf : [0,1481,system_server,-1,DisplayDeviceConfig,requesting nits when no mapping exists.]
11-12 05:20:32.329 1481 1603 I service_manager_stats: [100,56,6994]
11-12 05:20:32.330 1481 1603 I am_wtf : [0,1481,system_server,-1,DisplayDeviceConfig,requesting nits when no mapping exists.]
11-12 05:20:32.336 1481 1603 I am_wtf : [0,1481,system_server,-1,DisplayDeviceConfig,requesting nits when no mapping exists.]
11-12 05:20:32.338 1481 1603 I am_wtf : [0,1481,system_server,-1,DisplayDeviceConfig,requesting nits when no mapping exists.]
11-12 05:20:32.347 2522 2522 I wm_on_stop_called: [35371080,com.android.launcher3.uioverrides.QuickstepLauncher,STOP_ACTIVITY_ITEM]
11-12 05:20:32.351 1481 1603 I am_uid_idle: 10089
11-12 05:20:32.355 1481 1603 I am_wtf : [0,1481,system_server,-1,DisplayDeviceConfig,requesting nits when no mapping exists.]
11-12 05:20:32.355 1481 1603 I am_wtf : [0,1481,system_server,-1,DisplayDeviceConfig,requesting nits when no mapping exists.]
11-12 05:20:32.373 1481 1603 I am_wtf : [0,1481,system_server,-1,DisplayDeviceConfig,requesting nits when no mapping exists.]
11-12 05:20:32.374 1481 1603 I am_wtf : [0,1481,system_server,-1,DisplayDeviceConfig,requesting nits when no mapping exists.]
11-12 05:20:32.384 1481 1603 I am_wtf : [0,1481,system_server,-1,DisplayDeviceConfig,requesting nits when no mapping exists.]
11-12 05:20:32.385 1481 1603 I am_wtf : [0,1481,system_server,-1,DisplayDeviceConfig,requesting nits when no mapping exists.]
11-12 05:20:32.401 1481 1603 I am_wtf : [0,1481,system_server,-1,DisplayDeviceConfig,requesting nits when no mapping exists.]
11-12 05:20:32.402 1481 1603 I am_wtf : [0,1481,system_server,-1,DisplayDeviceConfig,requesting nits when no mapping exists.]
11-12 05:20:32.418 1481 1603 I am_wtf : [0,1481,system_server,-1,DisplayDeviceConfig,requesting nits when no mapping exists.]
11-12 05:20:32.419 1481 1603 I am_wtf : [0,1481,system_server,-1,DisplayDeviceConfig,requesting nits when no mapping exists.]
11-12 05:20:32.435 1481 1603 I am_wtf : [0,1481,system_server,-1,DisplayDeviceConfig,requesting nits when no mapping exists.]
11-12 05:20:32.436 1481 1603 I am_wtf : [0,1481,system_server,-1,DisplayDeviceConfig,requesting nits when no mapping exists.]
11-12 05:20:32.451 1481 1603 I am_wtf : [0,1481,system_server,-1,DisplayDeviceConfig,requesting nits when no mapping exists.]
11-12 05:20:32.452 1481 1603 I am_wtf : [0,1481,system_server,-1,DisplayDeviceConfig,requesting nits when no mapping exists.]
11-12 05:20:32.468 1481 1603 I am_wtf : [0,1481,system_server,-1,DisplayDeviceConfig,requesting nits when no mapping exists.]
11-12 05:20:32.469 1481 1603 I am_wtf : [0,1481,system_server,-1,DisplayDeviceConfig,requesting nits when no mapping exists.]
11-12 05:20:32.485 1481 1603 I am_wtf : [0,1481,system_server,-1,DisplayDeviceConfig,requesting nits when no mapping exists.]
11-12 05:20:32.486 1481 1603 I am_wtf : [0,1481,system_server,-1,DisplayDeviceConfig,requesting nits when no mapping exists.]
11-12 05:20:32.502 1481 1603 I am_wtf : [0,1481,system_server,-1,DisplayDeviceConfig,requesting nits when no mapping exists.]
11-12 05:20:32.503 1481 1603 I am_wtf : [0,1481,system_server,-1,DisplayDeviceConfig,requesting nits when no mapping exists.]
11-12 05:20:32.518 1481 1603 I am_wtf : [0,1481,system_server,-1,DisplayDeviceConfig,requesting nits when no mapping exists.]
11-12 05:20:32.520 1481 1603 I am_wtf : [0,1481,system_server,-1,DisplayDeviceConfig,requesting nits when no mapping exists.]
11-12 05:20:32.535 1481 1603 I am_wtf : [0,1481,system_server,-1,DisplayDeviceConfig,requesting nits when no mapping exists.]
11-12 05:20:32.536 1481 1603 I am_wtf : [0,1481,system_server,-1,DisplayDeviceConfig,requesting nits when no mapping exists.]
11-12 05:20:32.552 1481 1603 I am_wtf : [0,1481,system_server,-1,DisplayDeviceConfig,requesting nits when no mapping exists.]
11-12 05:20:32.553 1481 1603 I am_wtf : [0,1481,system_server,-1,DisplayDeviceConfig,requesting nits when no mapping exists.]
11-12 05:20:32.569 1481 1603 I am_wtf : [0,1481,system_server,-1,DisplayDeviceConfig,requesting nits when no mapping exists.]
11-12 05:20:32.571 1481 1603 I am_wtf : [0,1481,system_server,-1,DisplayDeviceConfig,requesting nits when no mapping exists.]
11-12 05:20:32.586 1481 1603 I am_wtf : [0,1481,system_server,-1,DisplayDeviceConfig,requesting nits when no mapping exists.]
11-12 05:20:32.587 1481 1603 I am_wtf : [0,1481,system_server,-1,DisplayDeviceConfig,requesting nits when no mapping exists.]
11-12 05:20:32.601 1481 1603 I am_wtf : [0,1481,system_server,-1,DisplayDeviceConfig,requesting nits when no mapping exists.]
11-12 05:20:32.602 1481 1603 I am_wtf : [0,1481,system_server,-1,DisplayDeviceConfig,requesting nits when no mapping exists.]
11-12 05:20:32.618 1481 1603 I am_wtf : [0,1481,system_server,-1,DisplayDeviceConfig,requesting nits when no mapping exists.]
11-12 05:20:32.619 1481 1603 I am_wtf : [0,1481,system_server,-1,DisplayDeviceConfig,requesting nits when no mapping exists.]
11-12 05:20:32.637 1481 1603 I am_wtf : [0,1481,system_server,-1,DisplayDeviceConfig,requesting nits when no mapping exists.]
11-12 05:20:32.638 1481 1603 I am_wtf : [0,1481,system_server,-1,DisplayDeviceConfig,requesting nits when no mapping exists.]
11-12 05:20:32.651 1481 1603 I am_wtf : [0,1481,system_server,-1,DisplayDeviceConfig,requesting nits when no mapping exists.]
11-12 05:20:32.653 1481 1603 I am_wtf : [0,1481,system_server,-1,DisplayDeviceConfig,requesting nits when no mapping exists.]
11-12 05:20:32.668 1481 1603 I am_wtf : [0,1481,system_server,-1,DisplayDeviceConfig,requesting nits when no mapping exists.]
11-12 05:20:32.669 1481 1603 I am_wtf : [0,1481,system_server,-1,DisplayDeviceConfig,requesting nits when no mapping exists.]
11-12 05:20:32.687 1481 1603 I am_wtf : [0,1481,system_server,-1,DisplayDeviceConfig,requesting nits when no mapping exists.]
11-12 05:20:32.687 1481 1603 I am_wtf : [0,1481,system_server,-1,DisplayDeviceConfig,requesting nits when no mapping exists.]
11-12 05:20:32.702 1481 1603 I am_wtf : [0,1481,system_server,-1,DisplayDeviceConfig,requesting nits when no mapping exists.]
11-12 05:20:32.703 1481 1603 I am_wtf : [0,1481,system_server,-1,DisplayDeviceConfig,requesting nits when no mapping exists.]
11-12 05:20:32.719 1481 1603 I am_wtf : [0,1481,system_server,-1,DisplayDeviceConfig,requesting nits when no mapping exists.]
11-12 05:20:32.720 1481 1603 I am_wtf : [0,1481,system_server,-1,DisplayDeviceConfig,requesting nits when no mapping exists.]
11-12 05:20:32.735 1481 1603 I am_wtf : [0,1481,system_server,-1,DisplayDeviceConfig,requesting nits when no mapping exists.]
11-12 05:20:32.736 1481 1603 I am_wtf : [0,1481,system_server,-1,DisplayDeviceConfig,requesting nits when no mapping exists.]
11-12 05:20:32.754 1481 1603 I am_wtf : [0,1481,system_server,-1,DisplayDeviceConfig,requesting nits when no mapping exists.]
11-12 05:20:32.755 1481 1603 I am_wtf : [0,1481,system_server,-1,DisplayDeviceConfig,requesting nits when no mapping exists.]
11-12 05:20:32.769 1481 1603 I am_wtf : [0,1481,system_server,-1,DisplayDeviceConfig,requesting nits when no mapping exists.]
11-12 05:20:32.770 1481 1603 I am_wtf : [0,1481,system_server,-1,DisplayDeviceConfig,requesting nits when no mapping exists.]
11-12 05:20:32.785 1481 1603 I am_wtf : [0,1481,system_server,-1,DisplayDeviceConfig,requesting nits when no mapping exists.]
11-12 05:20:32.786 1481 1603 I am_wtf : [0,1481,system_server,-1,DisplayDeviceConfig,requesting nits when no mapping exists.]
11-12 05:20:32.802 1481 1603 I am_wtf : [0,1481,system_server,-1,DisplayDeviceConfig,requesting nits when no mapping exists.]
11-12 05:20:32.803 1481 1603 I am_wtf : [0,1481,system_server,-1,DisplayDeviceConfig,requesting nits when no mapping exists.]
11-12 05:20:32.821 1481 1603 I am_wtf : [0,1481,system_server,-1,DisplayDeviceConfig,requesting nits when no mapping exists.]
11-12 05:20:32.822 1481 1603 I am_wtf : [0,1481,system_server,-1,DisplayDeviceConfig,requesting nits when no mapping exists.]
11-12 05:20:32.835 1481 1603 I am_wtf : [0,1481,system_server,-1,DisplayDeviceConfig,requesting nits when no mapping exists.]
11-12 05:20:32.837 1481 1603 I am_wtf : [0,1481,system_server,-1,DisplayDeviceConfig,requesting nits when no mapping exists.]
11-12 05:20:32.852 1481 1603 I am_wtf : [0,1481,system_server,-1,DisplayDeviceConfig,requesting nits when no mapping exists.]
11-12 05:20:32.854 1481 1603 I am_wtf : [0,1481,system_server,-1,DisplayDeviceConfig,requesting nits when no mapping exists.]
11-12 05:20:32.869 1481 1603 I am_wtf : [0,1481,system_server,-1,DisplayDeviceConfig,requesting nits when no mapping exists.]
11-12 05:20:32.870 1481 1603 I am_wtf : [0,1481,system_server,-1,DisplayDeviceConfig,requesting nits when no mapping exists.]
11-12 05:20:32.885 1481 1603 I am_wtf : [0,1481,system_server,-1,DisplayDeviceConfig,requesting nits when no mapping exists.]
11-12 05:20:32.886 1481 1603 I am_wtf : [0,1481,system_server,-1,DisplayDeviceConfig,requesting nits when no mapping exists.]
11-12 05:20:32.903 1481 1603 I am_wtf : [0,1481,system_server,-1,DisplayDeviceConfig,requesting nits when no mapping exists.]
11-12 05:20:32.904 1481 1603 I am_wtf : [0,1481,system_server,-1,DisplayDeviceConfig,requesting nits when no mapping exists.]
11-12 05:20:32.921 1481 1603 I am_wtf : [0,1481,system_server,-1,DisplayDeviceConfig,requesting nits when no mapping exists.]
11-12 05:20:32.921 1481 1603 I am_wtf : [0,1481,system_server,-1,DisplayDeviceConfig,requesting nits when no mapping exists.]
11-12 05:20:32.936 1481 1603 I am_wtf : [0,1481,system_server,-1,DisplayDeviceConfig,requesting nits when no mapping exists.]
11-12 05:20:32.937 1481 1603 I am_wtf : [0,1481,system_server,-1,DisplayDeviceConfig,requesting nits when no mapping exists.]
11-12 05:20:32.953 1481 1603 I am_wtf : [0,1481,system_server,-1,DisplayDeviceConfig,requesting nits when no mapping exists.]
11-12 05:20:32.954 1481 1603 I am_wtf : [0,1481,system_server,-1,DisplayDeviceConfig,requesting nits when no mapping exists.]
11-12 05:20:32.969 1481 1603 I am_wtf : [0,1481,system_server,-1,DisplayDeviceConfig,requesting nits when no mapping exists.]
11-12 05:20:32.970 1481 1603 I am_wtf : [0,1481,system_server,-1,DisplayDeviceConfig,requesting nits when no mapping exists.]
11-12 05:20:34.327 744 744 I auditd : type=1400 audit(0.0:15488): avc: denied { kill } for comm="crtc_commit:125" capability=5 scontext=u:r:kernel:s0 tcontext=u:r:kernel:s0 tclass=capability permissive=0
11-12 05:20:35.327 14447 14447 I auditd : type=1400 audit(0.0:15489): avc: denied { kill } for comm="kworker/u16:1" capability=5 scontext=u:r:kernel:s0 tcontext=u:r:kernel:s0 tclass=capability permissive=0
11-12 05:20:36.327 0 0 I auditd : type=1400 audit(0.0:15490): avc: denied { kill } for comm="swapper/2" capability=5 scontext=u:r:kernel:s0 tcontext=u:r:kernel:s0 tclass=capability permissive=0
11-12 05:20:37.327 0 0 I auditd : type=1400 audit(0.0:15491): avc: denied { kill } for comm="swapper/2" capability=5 scontext=u:r:kernel:s0 tcontext=u:r:kernel:s0 tclass=capability permissive=0
11-12 05:20:38.327 0 0 I auditd : type=1400 audit(0.0:15492): avc: denied { kill } for comm="swapper/2" capability=5 scontext=u:r:kernel:s0 tcontext=u:r:kernel:s0 tclass=capability permissive=0
11-12 05:20:39.327 0 0 I auditd : type=1400 audit(0.0:15493): avc: denied { kill } for comm="swapper/2" capability=5 scontext=u:r:kernel:s0 tcontext=u:r:kernel:s0 tclass=capability permissive=0
11-12 05:20:40.327 0 0 I auditd : type=1400 audit(0.0:15494): avc: denied { kill } for comm="swapper/2" capability=5 scontext=u:r:kernel:s0 tcontext=u:r:kernel:s0 tclass=capability permissive=0
11-12 05:20:41.327 0 0 I auditd : type=1400 audit(0.0:15495): avc: denied { kill } for comm="swapper/2" capability=5 scontext=u:r:kernel:s0 tcontext=u:r:kernel:s0 tclass=capability permissive=0
11-12 05:20:42.327 0 0 I auditd : type=1400 audit(0.0:15496): avc: denied { kill } for comm="swapper/2" capability=5 scontext=u:r:kernel:s0 tcontext=u:r:kernel:s0 tclass=capability permissive=0
11-12 05:20:43.327 0 0 I auditd : type=1400 audit(0.0:15497): avc: denied { kill } for comm="swapper/2" capability=5 scontext=u:r:kernel:s0 tcontext=u:r:kernel:s0 tclass=capability permissive=0
11-12 05:20:44.327 0 0 I auditd : type=1400 audit(0.0:15498): avc: denied { kill } for comm="swapper/2" capability=5 scontext=u:r:kernel:s0 tcontext=u:r:kernel:s0 tclass=capability permissive=0
11-12 05:20:45.327 0 0 I auditd : type=1400 audit(0.0:15499): avc: denied { kill } for comm="swapper/2" capability=5 scontext=u:r:kernel:s0 tcontext=u:r:kernel:s0 tclass=capability permissive=0
11-12 05:20:46.327 0 0 I auditd : type=1400 audit(0.0:15500): avc: denied { kill } for comm="swapper/2" capability=5 scontext=u:r:kernel:s0 tcontext=u:r:kernel:s0 tclass=capability permissive=0
11-12 05:20:47.327 0 0 I auditd : type=1400 audit(0.0:15501): avc: denied { kill } for comm="swapper/2" capability=5 scontext=u:r:kernel:s0 tcontext=u:r:kernel:s0 tclass=capability permissive=0
11-12 05:20:48.327 0 0 I auditd : type=1400 audit(0.0:15502): avc: denied { kill } for comm="swapper/2" capability=5 scontext=u:r:kernel:s0 tcontext=u:r:kernel:s0 tclass=capability permissive=0
11-12 05:20:49.327 0 0 I auditd : type=1400 audit(0.0:15503): avc: denied { kill } for comm="swapper/2" capability=5 scontext=u:r:kernel:s0 tcontext=u:r:kernel:s0 tclass=capability permissive=0
11-12 05:20:50.327 0 0 I auditd : type=1400 audit(0.0:15504): avc: denied { kill } for comm="swapper/2" capability=5 scontext=u:r:kernel:s0 tcontext=u:r:kernel:s0 tclass=capability permissive=0
11-12 05:20:51.327 0 0 I auditd : type=1400 audit(0.0:15505): avc: denied { kill } for comm="swapper/2" capability=5 scontext=u:r:kernel:s0 tcontext=u:r:kernel:s0 tclass=capability permissive=0
11-12 05:20:52.327 0 0 I auditd : type=1400 audit(0.0:15506): avc: denied { kill } for comm="swapper/2" capability=5 scontext=u:r:kernel:s0 tcontext=u:r:kernel:s0 tclass=capability permissive=0
11-12 05:20:53.327 0 0 I auditd : type=1400 audit(0.0:15507): avc: denied { kill } for comm="swapper/2" capability=5 scontext=u:r:kernel:s0 tcontext=u:r:kernel:s0 tclass=capability permissive=0
11-12 05:20:54.327 0 0 I auditd : type=1400 audit(0.0:15508): avc: denied { kill } for comm="swapper/2" capability=5 scontext=u:r:kernel:s0 tcontext=u:r:kernel:s0 tclass=capability permissive=0
11-12 05:20:55.327 0 0 I auditd : type=1400 audit(0.0:15509): avc: denied { kill } for comm="swapper/2" capability=5 scontext=u:r:kernel:s0 tcontext=u:r:kernel:s0 tclass=capability permissive=0
11-12 05:20:56.327 0 0 I auditd : type=1400 audit(0.0:15510): avc: denied { kill } for comm="swapper/2" capability=5 scontext=u:r:kernel:s0 tcontext=u:r:kernel:s0 tclass=capability permissive=0
11-12 05:20:57.327 0 0 I auditd : type=1400 audit(0.0:15511): avc: denied { kill } for comm="swapper/2" capability=5 scontext=u:r:kernel:s0 tcontext=u:r:kernel:s0 tclass=capability permissive=0
11-12 05:20:59.327 0 0 I auditd : type=1400 audit(0.0:15512): avc: denied { kill } for comm="swapper/2" capability=5 scontext=u:r:kernel:s0 tcontext=u:r:kernel:s0 tclass=capability permissive=0
11-12 05:21:02.327 0 0 I auditd : type=1400 audit(0.0:15513): avc: denied { kill } for comm="swapper/1" capability=5 scontext=u:r:kernel:s0 tcontext=u:r:kernel:s0 tclass=capability permissive=0
11-12 05:21:03.327 0 0 I auditd : type=1400 audit(0.0:15514): avc: denied { kill } for comm="swapper/1" capability=5 scontext=u:r:kernel:s0 tcontext=u:r:kernel:s0 tclass=capability permissive=0
11-12 05:21:04.327 0 0 I auditd : type=1400 audit(0.0:15515): avc: denied { kill } for comm="swapper/1" capability=5 scontext=u:r:kernel:s0 tcontext=u:r:kernel:s0 tclass=capability permissive=0
11-12 05:21:05.327 0 0 I auditd : type=1400 audit(0.0:15516): avc: denied { kill } for comm="swapper/1" capability=5 scontext=u:r:kernel:s0 tcontext=u:r:kernel:s0 tclass=capability permissive=0
11-12 05:21:06.327 0 0 I auditd : type=1400 audit(0.0:15517): avc: denied { kill } for comm="swapper/1" capability=5 scontext=u:r:kernel:s0 tcontext=u:r:kernel:s0 tclass=capability permissive=0
11-12 05:21:06.401 1481 1680 I input_interaction: Interaction with: 24dbee7 com.thundercomm.screensaver/android.service.dreams.DreamActivity (server), swipe-up (server), edge-swipe (server), PointerEventDispatcher0 (server),
11-12 05:21:06.404 1481 5359 I wm_finish_activity: [0,234380555,223,com.thundercomm.screensaver/android.service.dreams.DreamActivity,finish-activity]
11-12 05:21:06.405 1481 5359 I wm_task_moved: [43,1,6]
11-12 05:21:06.408 1481 5359 I wm_task_moved: [44,1,2147483647]
11-12 05:21:06.408 1481 5359 I wm_task_to_front: [0,44]
11-12 05:21:06.409 1481 5359 I wm_focused_root_task: [0,0,43,223,finish-top adjustFocusToNextFocusableTask]
11-12 05:21:06.410 1481 5359 I wm_set_resumed_activity: [0,com.android.launcher3/.uioverrides.QuickstepLauncher,finish-top adjustFocusToNextFocusableTask]
11-12 05:21:06.411 1481 5359 I wm_pause_activity: [0,234380555,com.thundercomm.screensaver/android.service.dreams.DreamActivity,userLeaving=false,finish]
11-12 05:21:06.418 4169 4169 I wm_on_top_resumed_lost_called: [234380555,android.service.dreams.DreamActivity,topStateChangedWhenResumed]
11-12 05:21:06.418 4169 4169 I wm_on_paused_called: [234380555,android.service.dreams.DreamActivity,performPause]
11-12 05:21:06.419 1481 1570 I sysui_multi_action: [757,803,799,window_time_0,802,34]
11-12 05:21:06.420 1481 6339 I wm_add_to_stopping: [0,234380555,com.thundercomm.screensaver/android.service.dreams.DreamActivity,completeFinishing]
11-12 05:21:06.422 1481 6339 I wm_set_resumed_activity: [0,com.android.launcher3/.uioverrides.QuickstepLauncher,resumeTopActivityInnerLocked]
11-12 05:21:06.423 1481 6339 I wm_resume_activity: [0,35371080,44,com.android.launcher3/.uioverrides.QuickstepLauncher]
11-12 05:21:06.433 2522 2522 I wm_on_restart_called: [35371080,com.android.launcher3.uioverrides.QuickstepLauncher,performRestartActivity]
11-12 05:21:06.433 2522 2522 I wm_on_start_called: [35371080,com.android.launcher3.uioverrides.QuickstepLauncher,handleStartActivity]
11-12 05:21:06.434 2522 2522 I wm_on_resume_called: [35371080,com.android.launcher3.uioverrides.QuickstepLauncher,RESUME_ACTIVITY]
11-12 05:21:06.434 2522 2522 I wm_on_top_resumed_gained_called: [35371080,com.android.launcher3.uioverrides.QuickstepLauncher,topWhenResuming]
11-12 05:21:06.435 1481 1570 I sysui_multi_action: [757,803,799,window_time_0,802,0]
11-12 05:21:06.445 4169 4169 I view_enqueue_input_event: [Motion - Cancel,com.thundercomm.screensaver/android.service.dreams.DreamActivity]
11-12 05:21:06.448 1481 1571 I input_focus: [Focus request 18adad5 com.android.launcher3/com.android.launcher3.uioverrides.QuickstepLauncher,reason=UpdateInputWindows]
11-12 05:21:06.453 1481 1680 I input_focus: [Focus leaving 24dbee7 com.thundercomm.screensaver/android.service.dreams.DreamActivity (server),reason=NO_WINDOW]
11-12 05:21:06.467 1481 1602 I am_pss : [15738,1000,com.android.settings,48741376,35942400,0,175316992,0,15,8]
11-12 05:21:06.475 1481 1680 I input_focus: [Focus entering 18adad5 com.android.launcher3/com.android.launcher3.uioverrides.QuickstepLauncher (server),reason=Window became focusable. Previous reason: NOT_VISIBLE]
11-12 05:21:06.709 1481 1570 I wm_destroy_activity: [0,234380555,223,com.thundercomm.screensaver/android.service.dreams.DreamActivity,finish-imm:idle]
11-12 05:21:06.746 4169 4169 I wm_on_stop_called: [234380555,android.service.dreams.DreamActivity,LIFECYCLER_STOP_ACTIVITY]
11-12 05:21:06.747 4169 4169 I wm_on_destroy_called: [234380555,android.service.dreams.DreamActivity,performDestroy]
11-12 05:21:06.750 1481 1567 I sysui_multi_action: [757,222,758,2]
11-12 05:21:06.751 1481 1567 I sysui_multi_action: [757,804,799,dreaming_minutes,801,0,802,1]
11-12 05:21:06.765 1481 5877 I wm_task_removed: [223,removeChild:removeChild last r=ActivityRecord{df85d0b u0 com.thundercomm.screensaver/android.service.dreams.DreamActivity t-1 f}} in t=Task{bc810c4 #223 type=dream A=10051:android:com.thundercomm.screensaver/dream U=0 visible=false mode=fullscreen translucent=true sz=0}]
11-12 05:21:06.765 1481 5877 I wm_task_removed: [223,removeChild]
11-12 05:21:07.327 0 0 I auditd : type=1400 audit(0.0:15518): avc: denied { kill } for comm="swapper/1" capability=5 scontext=u:r:kernel:s0 tcontext=u:r:kernel:s0 tclass=capability permissive=0
11-12 05:21:08.327 0 0 I auditd : type=1400 audit(0.0:15519): avc: denied { kill } for comm="swapper/1" capability=5 scontext=u:r:kernel:s0 tcontext=u:r:kernel:s0 tclass=capability permissive=0
11-12 05:21:08.908 1481 1680 I input_interaction: Interaction with: 18adad5 com.android.launcher3/com.android.launcher3.uioverrides.QuickstepLauncher (server), 7fba367 com.android.systemui.ImageWallpaper (server), swipe-up (server), edge-swipe (server), PointerEventDispatcher0 (server),
11-12 05:21:09.000 2522 2522 I view_enqueue_input_event: [Motion - Cancel,com.android.launcher3/com.android.launcher3.uioverrides.QuickstepLauncher]
11-12 05:21:09.008 1481 1680 I input_interaction: Interaction with: swipe-up (server), edge-swipe (server), PointerEventDispatcher0 (server),
11-12 05:21:09.181 1481 1668 I commit_sys_config_file: [settings-1-0,10]
11-12 05:21:09.327 0 0 I auditd : type=1400 audit(0.0:15520): avc: denied { kill } for comm="swapper/1" capability=5 scontext=u:r:kernel:s0 tcontext=u:r:kernel:s0 tclass=capability permissive=0
11-12 05:21:09.437 1481 1668 I commit_sys_config_file: [settings-1-0,5]
11-12 05:21:09.977 1481 1680 I input_interaction: Interaction with: 18adad5 com.android.launcher3/com.android.launcher3.uioverrides.QuickstepLauncher (server), 7fba367 com.android.systemui.ImageWallpaper (server), swipe-up (server), edge-swipe (server), PointerEventDispatcher0 (server),
11-12 05:21:11.059 1481 1680 I input_interaction: Interaction with: b3e52f6 StatusBar (server), swipe-up (server), edge-swipe (server), PointerEventDispatcher0 (server),
11-12 05:21:11.068 1971 1971 I sysui_multi_action: [757,803,799,panel_open,802,1]
11-12 05:21:11.074 1971 1971 I sysui_multi_action: [757,1328,758,4,1326,48,1327,2,1329,0]
11-12 05:21:11.111 1481 5359 I sysui_multi_action: [757,127,758,1]
11-12 05:21:11.111 1481 5359 I sysui_multi_action: [757,804,799,note_load,801,2,802,1]
11-12 05:21:11.111 1481 5359 I notification_panel_revealed: 2
11-12 05:21:11.113 1971 1971 I sysui_multi_action: [757,111,758,2]
11-12 05:21:11.113 1971 1971 I sysui_multi_action: [757,111,758,2]
11-12 05:21:11.113 1481 1481 I notification_enqueue: [10082,1971,com.android.systemui,2048,NULL,0,Notification(channel=updateNotification shortcut=null contentView=null vibrate=null sound=null defaults=0x0 flags=0x0 color=0x00000000 vis=PRIVATE),1]
11-12 05:21:11.124 1481 1571 I input_focus: [Focus request 8e9fb15 NotificationShade,reason=UpdateInputWindows]
11-12 05:21:11.128 1971 1971 I sysui_multi_action: [757,111,758,1]
11-12 05:21:11.129 1971 1971 I sysui_multi_action: [757,126,758,1,759,126,927,0,928,0,1593,1]
11-12 05:21:11.129 1971 1971 I sysui_multi_action: [757,113,758,1,759,113,927,1,928,1,1593,1]
11-12 05:21:11.129 1971 1971 I sysui_multi_action: [757,0,758,1,759,0,927,2,928,0,1593,1]
11-12 05:21:11.129 1971 1971 I sysui_multi_action: [757,0,758,1,759,0,927,3,928,0,1593,1]
11-12 05:21:11.129 1971 1971 I sysui_multi_action: [757,491,758,1,759,491,927,4,928,0,1311,-1,1593,0]
11-12 05:21:11.129 1971 1971 I sysui_multi_action: [757,0,758,1,759,0,927,5,928,0,1593,0]
11-12 05:21:11.129 1971 1971 I sysui_multi_action: [757,111,758,1]
11-12 05:21:11.129 1971 1971 I sysui_multi_action: [757,126,758,1,759,126,927,0,928,0,1593,1]
11-12 05:21:11.129 1971 1971 I sysui_multi_action: [757,113,758,1,759,113,927,1,928,1,1593,1]
11-12 05:21:11.129 1971 1971 I sysui_multi_action: [757,0,758,1,759,0,927,2,928,0,1593,1]
11-12 05:21:11.130 1971 1971 I sysui_multi_action: [757,0,758,1,759,0,927,3,928,0,1593,1]
11-12 05:21:11.138 1971 1971 I sysui_multi_action: [757,111,758,2]
11-12 05:21:11.138 1971 1971 I sysui_multi_action: [757,111,758,2]
11-12 05:21:11.139 1481 1481 I notification_enqueue: [10082,1971,com.android.systemui,2048,NULL,0,Notification(channel=updateNotification shortcut=null contentView=null vibrate=null sound=null defaults=0x0 flags=0x0 color=0x00000000 vis=PRIVATE),1]
11-12 05:21:11.140 1971 1971 I sysui_multi_action: [757,111,758,1]
11-12 05:21:11.140 1971 1971 I sysui_multi_action: [757,126,758,1,759,126,927,0,928,0,1593,1]
11-12 05:21:11.140 1971 1971 I sysui_multi_action: [757,113,758,1,759,113,927,1,928,1,1593,1]
11-12 05:21:11.140 1971 1971 I sysui_multi_action: [757,0,758,1,759,0,927,2,928,0,1593,1]
11-12 05:21:11.140 1971 1971 I sysui_multi_action: [757,0,758,1,759,0,927,3,928,0,1593,1]
11-12 05:21:11.141 1971 1971 I sysui_multi_action: [757,491,758,1,759,491,927,4,928,0,1311,-1,1593,1]
11-12 05:21:11.141 1971 1971 I sysui_multi_action: [757,0,758,1,759,0,927,5,928,0,1593,1]
11-12 05:21:11.141 1971 1971 I sysui_multi_action: [757,111,758,1]
11-12 05:21:11.141 1971 1971 I sysui_multi_action: [757,126,758,1,759,126,927,0,928,0,1593,1]
11-12 05:21:11.141 1971 1971 I sysui_multi_action: [757,113,758,1,759,113,927,1,928,1,1593,1]
11-12 05:21:11.141 1971 1971 I sysui_multi_action: [757,0,758,1,759,0,927,2,928,0,1593,1]
11-12 05:21:11.141 1971 1971 I sysui_multi_action: [757,0,758,1,759,0,927,3,928,0,1593,0]
11-12 05:21:11.150 1971 1971 I sysui_multi_action: [757,111,758,2]
11-12 05:21:11.150 1971 1971 I sysui_multi_action: [757,111,758,2]
11-12 05:21:11.151 1481 1481 I notification_enqueue: [10082,1971,com.android.systemui,2048,NULL,0,Notification(channel=updateNotification shortcut=null contentView=null vibrate=null sound=null defaults=0x0 flags=0x0 color=0x00000000 vis=PRIVATE),1]
11-12 05:21:11.153 1481 1680 I input_focus: [Focus leaving 18adad5 com.android.launcher3/com.android.launcher3.uioverrides.QuickstepLauncher (server),reason=setFocusedWindow]
11-12 05:21:11.153 1481 1680 I input_focus: [Focus entering 8e9fb15 NotificationShade (server),reason=setFocusedWindow]
11-12 05:21:11.154 1971 1971 I sysui_multi_action: [757,111,758,1]
11-12 05:21:11.154 1971 1971 I sysui_multi_action: [757,126,758,1,759,126,927,0,928,0,1593,1]
11-12 05:21:11.154 1971 1971 I sysui_multi_action: [757,113,758,1,759,113,927,1,928,1,1593,1]
11-12 05:21:11.154 1971 1971 I sysui_multi_action: [757,0,758,1,759,0,927,2,928,0,1593,1]
11-12 05:21:11.154 1971 1971 I sysui_multi_action: [757,0,758,1,759,0,927,3,928,0,1593,1]
11-12 05:21:11.154 1971 1971 I sysui_multi_action: [757,491,758,1,759,491,927,4,928,0,1311,-1,1593,1]
11-12 05:21:11.154 1971 1971 I sysui_multi_action: [757,0,758,1,759,0,927,5,928,0,1593,1]
11-12 05:21:11.154 1971 1971 I sysui_multi_action: [757,111,758,1]
11-12 05:21:11.155 1971 1971 I sysui_multi_action: [757,126,758,1,759,126,927,0,928,0,1593,1]
11-12 05:21:11.155 1971 1971 I sysui_multi_action: [757,113,758,1,759,113,927,1,928,1,1593,1]
11-12 05:21:11.155 1971 1971 I sysui_multi_action: [757,0,758,1,759,0,927,2,928,0,1593,1]
11-12 05:21:11.155 1971 1971 I sysui_multi_action: [757,0,758,1,759,0,927,3,928,0,1593,1]
11-12 05:21:11.166 1971 1971 I sysui_multi_action: [757,111,758,2]
11-12 05:21:11.166 1971 1971 I sysui_multi_action: [757,111,758,2]
11-12 05:21:11.166 1481 1481 I notification_enqueue: [10082,1971,com.android.systemui,2048,NULL,0,Notification(channel=updateNotification shortcut=null contentView=null vibrate=null sound=null defaults=0x0 flags=0x0 color=0x00000000 vis=PRIVATE),1]
11-12 05:21:11.169 1971 1971 I sysui_multi_action: [757,111,758,1]
11-12 05:21:11.169 1971 1971 I sysui_multi_action: [757,126,758,1,759,126,927,0,928,0,1593,0]
11-12 05:21:11.169 1971 1971 I sysui_multi_action: [757,113,758,1,759,113,927,1,928,1,1593,0]
11-12 05:21:11.169 1971 1971 I sysui_multi_action: [757,0,758,1,759,0,927,2,928,0,1593,0]
11-12 05:21:11.169 1971 1971 I sysui_multi_action: [757,0,758,1,759,0,927,3,928,0,1593,0]
11-12 05:21:11.169 1971 1971 I sysui_multi_action: [757,491,758,1,759,491,927,4,928,0,1311,-1,1593,0]
11-12 05:21:11.169 1971 1971 I sysui_multi_action: [757,0,758,1,759,0,927,5,928,0,1593,0]
11-12 05:21:11.169 1971 1971 I sysui_multi_action: [757,111,758,1]
11-12 05:21:11.169 1971 1971 I sysui_multi_action: [757,126,758,1,759,126,927,0,928,0,1593,0]
11-12 05:21:11.169 1971 1971 I sysui_multi_action: [757,113,758,1,759,113,927,1,928,1,1593,0]
11-12 05:21:11.169 1971 1971 I sysui_multi_action: [757,0,758,1,759,0,927,2,928,0,1593,0]
11-12 05:21:11.169 1971 1971 I sysui_multi_action: [757,0,758,1,759,0,927,3,928,0,1593,0]
11-12 05:21:11.318 1481 1481 I sysui_multi_action: [757,1501,758,1,793,14649463,794,0,795,206,796,2048,806,com.android.systemui,857,updateNotification,858,3,947,0,1500,0,1688,1]
11-12 05:21:11.318 1481 1481 I sysui_multi_action: [757,804,799,note_interruptive,801,0,802,1]
11-12 05:21:11.318 1481 1481 I sysui_multi_action: [757,199,758,1,759,2,793,14649463,794,0,795,206,796,2048,806,com.android.systemui,857,updateNotification,858,3,947,0,1500,0,1688,1]
11-12 05:21:11.318 1481 1481 I notification_alert: [0|com.android.systemui|2048|null|10082,0,1,0]
11-12 05:21:11.327 287 287 I auditd : type=1400 audit(0.0:15521): avc: denied { kill } for comm="kgsl_worker_thr" capability=5 scontext=u:r:kernel:s0 tcontext=u:r:kernel:s0 tclass=capability permissive=0
11-12 05:21:11.666 1481 1515 I sysui_multi_action: [757,128,758,1,793,1697446,794,0,795,1697446,796,26,798,0,806,android,857,DEVELOPER_IMPORTANT,858,4,947,0,1395,2,1500,1697232,1688,1]
11-12 05:21:11.666 1481 1515 I sysui_multi_action: [757,804,799,note_freshness,801,1697446,802,1]
11-12 05:21:11.666 1481 1515 I notification_visibility: [-1|android|26|null|1000,1,1697446,1697446,0,0]
11-12 05:21:11.667 1481 1515 I sysui_multi_action: [757,128,758,1,793,1697444,794,0,795,1697444,796,32,798,1,806,android,857,USB,858,1,947,0,1395,2,1500,1697232,1688,1]
11-12 05:21:11.667 1481 1515 I sysui_multi_action: [757,804,799,note_freshness,801,1697444,802,1]
11-12 05:21:11.667 1481 1515 I notification_visibility: [-1|android|32|null|1000,1,1697444,1697444,0,1]
11-12 05:21:11.904 1481 1680 I input_interaction: Interaction with: 8e9fb15 NotificationShade (server), swipe-up (server), edge-swipe (server), PointerEventDispatcher0 (server),
11-12 05:21:12.042 1481 1777 I wm_task_created: [224,-1]
11-12 05:21:12.047 1481 1777 I wm_task_moved: [43,1,7]
11-12 05:21:12.048 1481 1777 I wm_set_resumed_activity: [0,com.android.launcher3/.uioverrides.QuickstepLauncher,positionChildAt]
11-12 05:21:12.049 1481 1777 I wm_focused_root_task: [0,0,43,224,reuseOrNewTask returnToHome]
11-12 05:21:12.049 1481 1777 I wm_task_moved: [224,1,7]
11-12 05:21:12.049 1481 1777 I wm_task_to_front: [0,224]
11-12 05:21:12.049 1481 1777 I wm_focused_root_task: [0,0,224,43,reuseOrNewTask]
11-12 05:21:12.049 1481 1777 I wm_create_task: [0,224]
11-12 05:21:12.049 1481 1777 I wm_create_activity: [0,8515047,224,com.android.settings/.Settings$ConfigureNotificationSettingsActivity,android.settings.NOTIFICATION_SETTINGS,NULL,NULL,268484608]
11-12 05:21:12.050 1481 1777 I wm_task_moved: [43,1,7]
11-12 05:21:12.050 2522 2522 I wm_on_top_resumed_lost_called: [35371080,com.android.launcher3.uioverrides.QuickstepLauncher,topStateChangedWhenResumed]
11-12 05:21:12.050 1481 1777 I wm_set_resumed_activity: [0,com.android.launcher3/.uioverrides.QuickstepLauncher,positionChildAt]
11-12 05:21:12.050 1481 1777 I wm_focused_root_task: [0,0,43,224,positionChildAtTop returnToHome]
11-12 05:21:12.050 1481 1777 I wm_task_moved: [224,1,7]
11-12 05:21:12.050 1481 1777 I wm_focused_root_task: [0,0,224,43,positionChildAtTop]
11-12 05:21:12.053 1481 1777 I wm_pause_activity: [0,35371080,com.android.launcher3/.uioverrides.QuickstepLauncher,userLeaving=true,pauseBackTasks]
11-12 05:21:12.063 2522 2522 I wm_on_paused_called: [35371080,com.android.launcher3.uioverrides.QuickstepLauncher,performPause]
11-12 05:21:12.066 1481 5359 I wm_add_to_stopping: [0,35371080,com.android.launcher3/.uioverrides.QuickstepLauncher,makeInvisible]
11-12 05:21:12.067 1481 5359 I wm_restart_activity: [0,8515047,224,com.android.settings/.Settings$ConfigureNotificationSettingsActivity]
11-12 05:21:12.069 1481 5359 I wm_set_resumed_activity: [0,com.android.settings/.Settings$ConfigureNotificationSettingsActivity,minimalResumeActivityLocked]
11-12 05:21:12.080 1481 1570 I sysui_multi_action: [757,803,799,window_time_0,802,6]
11-12 05:21:12.090 1481 5359 I am_uid_active: 10089
11-12 05:21:12.100 1481 5359 I wm_task_moved: [43,1,7]
11-12 05:21:12.101 1481 5359 I wm_focused_root_task: [0,0,43,224,bringingFoundTaskToFront returnToHome]
11-12 05:21:12.101 1481 5359 I wm_task_moved: [221,1,7]
11-12 05:21:12.101 1481 5359 I wm_task_to_front: [0,221]
11-12 05:21:12.101 1481 5359 I wm_focused_root_task: [0,0,221,43,bringingFoundTaskToFront]
11-12 05:21:12.102 1481 5359 I wm_set_resumed_activity: [0,com.android.settings/.Settings,bringingFoundTaskToFront]
11-12 05:21:12.102 1481 5359 I wm_finish_activity: [0,40523078,221,com.android.settings/.Settings,clear-task-all]
11-12 05:21:12.102 1481 5359 I wm_destroy_activity: [0,40523078,221,com.android.settings/.Settings,finish-imm:finishIfPossible]
11-12 05:21:12.105 1481 5359 I wm_task_moved: [43,1,7]
11-12 05:21:12.105 1481 5359 I wm_focused_root_task: [0,0,43,221,reuseOrNewTask returnToHome]
11-12 05:21:12.105 1481 5359 I wm_task_moved: [221,1,7]
11-12 05:21:12.105 1481 5359 I wm_focused_root_task: [0,0,221,43,reuseOrNewTask]
11-12 05:21:12.105 1481 5359 I wm_create_activity: [0,266142521,221,com.android.settings/.homepage.SettingsHomepageActivity,android.settings.NOTIFICATION_SETTINGS,NULL,NULL,272678912]
11-12 05:21:12.107 1481 5359 I wm_pause_activity: [0,8515047,com.android.settings/.Settings$ConfigureNotificationSettingsActivity,userLeaving=true,pauseBackTasks]
11-12 05:21:12.111 1481 5359 I wm_finish_activity: [0,8515047,224,com.android.settings/.Settings$ConfigureNotificationSettingsActivity,app-request]
11-12 05:21:12.111 15738 15738 I wm_on_create_called: [8515047,com.android.settings.Settings$ConfigureNotificationSettingsActivity,performCreate]
11-12 05:21:12.117 15738 15738 I wm_on_destroy_called: [40523078,com.android.settings.Settings,performDestroy]
11-12 05:21:12.124 1481 1777 I wm_add_to_stopping: [0,8515047,com.android.settings/.Settings$ConfigureNotificationSettingsActivity,completeFinishing]
11-12 05:21:12.127 1481 1777 I wm_restart_activity: [0,266142521,221,com.android.settings/.homepage.SettingsHomepageActivity]
11-12 05:21:12.128 1481 1777 I wm_set_resumed_activity: [0,com.android.settings/.homepage.SettingsHomepageActivity,minimalResumeActivityLocked]
11-12 05:21:12.133 1481 1570 I wm_destroy_activity: [0,8515047,224,com.android.settings/.Settings$ConfigureNotificationSettingsActivity,finish-imm:idle]
11-12 05:21:12.138 1481 1570 I sysui_multi_action: [757,803,799,window_time_0,802,0]
11-12 05:21:12.158 15738 15738 I wm_on_create_called: [266142521,com.android.settings.homepage.SettingsHomepageActivity,performCreate]
11-12 05:21:12.169 15738 15738 I wm_on_start_called: [266142521,com.android.settings.homepage.SettingsHomepageActivity,handleStartActivity]
11-12 05:21:12.169 15738 15738 I snet_event_log: [120484087,-1,]
11-12 05:21:12.170 15738 15738 I wm_on_resume_called: [266142521,com.android.settings.homepage.SettingsHomepageActivity,RESUME_ACTIVITY]
11-12 05:21:12.170 15738 15738 I sysui_multi_action: [757,35,758,1,833,0,1089,11]
11-12 05:21:12.171 15738 15738 I sysui_multi_action: [757,1729,758,4,854,isParalleledControllers:false,1089,12]
11-12 05:21:12.174 15738 15738 I wm_on_top_resumed_gained_called: [266142521,com.android.settings.homepage.SettingsHomepageActivity,topStateChangedWhenResumed]
11-12 05:21:12.207 15738 15738 I wm_on_destroy_called: [8515047,com.android.settings.Settings$ConfigureNotificationSettingsActivity,performDestroy]
11-12 05:21:12.209 1481 1571 I sysui_multi_action: [324,1,757,1090,758,12,806,com.android.settings,871,com.android.settings.homepage.SettingsHomepageActivity,1091,173]
11-12 05:21:12.211 1481 6339 I wm_task_removed: [224,removeChild:removeChild last r=ActivityRecord{81ede7 u0 com.android.settings/.Settings$ConfigureNotificationSettingsActivity t-1 f}} in t=Task{815638a #224 type=standard A=1000:com.android.settings U=0 visible=false mode=fullscreen translucent=true sz=0}]
11-12 05:21:12.211 1481 6339 I wm_task_removed: [224,removeChild]
11-12 05:21:12.220 1481 1567 I sysui_multi_action: [319,114,321,79,322,173,325,14671,757,761,758,8,759,1,806,com.android.settings,871,com.android.settings.homepage.SettingsHomepageActivity,904,com.android.settings,905,0,1320,8,1321,5]
11-12 05:21:12.222 1481 1567 I wm_activity_launch_time: [0,266142521,com.android.settings/.homepage.SettingsHomepageActivity,173]
11-12 05:21:12.275 15738 15738 I service_manager_stats: [100,54,14671759]
11-12 05:21:12.275 15738 15738 W CarrierConfigManager: Error getting config for subId -1 ICarrierConfigLoader is null
11-12 05:21:12.311 15738 15738 I sysui_multi_action: [757,746,758,1,833,0,1089,40]
11-12 05:21:12.311 1481 5877 D TelephonyRegistry: listen oscl: mHasNotifySubscriptionInfoChangedOccurred==false no callback
11-12 05:21:12.314 1481 5877 D TelephonyRegistry: listen oscl: mHasNotifySubscriptionInfoChangedOccurred==false no callback
11-12 05:21:12.320 15738 15738 I sysui_multi_action: [757,1729,758,4,854,isParalleledControllers:false,1089,49]
11-12 05:21:12.384 15738 15738 I sysui_multi_action: [757,337,758,1,833,0,1089,23]
11-12 05:21:12.387 15738 15738 I sysui_multi_action: [757,1729,758,4,854,isParalleledControllers:false,1089,26]
11-12 05:21:12.694 1971 1971 I sysui_multi_action: [757,111,758,2]
11-12 05:21:12.695 1481 1481 I notification_enqueue: [10082,1971,com.android.systemui,2048,NULL,0,Notification(channel=updateNotification shortcut=null contentView=null vibrate=null sound=null defaults=0x0 flags=0x0 color=0x00000000 vis=PRIVATE),1]
11-12 05:21:12.695 1971 1971 I sysui_multi_action: [757,111,758,2]
11-12 05:21:12.705 1481 1570 I wm_stop_activity: [0,35371080,com.android.launcher3/.uioverrides.QuickstepLauncher]
11-12 05:21:12.712 1481 1571 I input_focus: [Focus request dadea65 com.android.settings/com.android.settings.homepage.SettingsHomepageActivity,reason=UpdateInputWindows]
11-12 05:21:12.714 1971 1971 I sysui_multi_action: [757,111,758,1]
11-12 05:21:12.714 1971 1971 I sysui_multi_action: [757,126,758,1,759,126,927,0,928,0,1593,1]
11-12 05:21:12.715 1971 1971 I sysui_multi_action: [757,113,758,1,759,113,927,1,928,1,1593,1]
11-12 05:21:12.715 1971 1971 I sysui_multi_action: [757,0,758,1,759,0,927,2,928,0,1593,1]
11-12 05:21:12.715 1971 1971 I sysui_multi_action: [757,0,758,1,759,0,927,3,928,0,1593,1]
11-12 05:21:12.715 1971 1971 I sysui_multi_action: [757,491,758,1,759,491,927,4,928,0,1311,-1,1593,0]
11-12 05:21:12.715 1971 1971 I sysui_multi_action: [757,0,758,1,759,0,927,5,928,0,1593,0]
11-12 05:21:12.716 1971 1971 I sysui_multi_action: [757,111,758,1]
11-12 05:21:12.716 1971 1971 I sysui_multi_action: [757,126,758,1,759,126,927,0,928,0,1593,1]
11-12 05:21:12.716 1971 1971 I sysui_multi_action: [757,113,758,1,759,113,927,1,928,1,1593,1]
11-12 05:21:12.716 1971 1971 I sysui_multi_action: [757,0,758,1,759,0,927,2,928,0,1593,1]
11-12 05:21:12.716 1971 1971 I sysui_multi_action: [757,0,758,1,759,0,927,3,928,0,1593,1]
11-12 05:21:12.726 1481 5877 I sysui_multi_action: [757,128,758,2,793,1698506,794,1060,795,1698506,796,26,798,0,806,android,857,DEVELOPER_IMPORTANT,858,4,947,0,1395,2,1500,1698292,1688,1]
11-12 05:21:12.726 1481 5877 I notification_visibility: [-1|android|26|null|1000,0,1698506,1698506,0,0]
11-12 05:21:12.726 1481 5877 I sysui_multi_action: [757,128,758,2,793,1698503,794,1059,795,1698503,796,32,798,1,806,android,857,USB,858,1,947,0,1395,2,1500,1698291,1688,1]
11-12 05:21:12.726 1481 5877 I notification_visibility: [-1|android|32|null|1000,0,1698503,1698503,0,1]
11-12 05:21:12.727 2522 2522 I wm_on_stop_called: [35371080,com.android.launcher3.uioverrides.QuickstepLauncher,STOP_ACTIVITY_ITEM]
11-12 05:21:12.730 1971 1971 I sysui_multi_action: [757,111,758,2]
11-12 05:21:12.731 1971 1971 I sysui_multi_action: [757,111,758,2]
11-12 05:21:12.731 1481 1481 I notification_enqueue: [10082,1971,com.android.systemui,2048,NULL,0,Notification(channel=updateNotification shortcut=null contentView=null vibrate=null sound=null defaults=0x0 flags=0x0 color=0x00000000 vis=PRIVATE),1]
11-12 05:21:12.733 1481 1777 I sysui_multi_action: [757,127,758,2]
11-12 05:21:12.733 1481 1777 I notification_panel_hidden:
11-12 05:21:12.735 1481 1680 I input_focus: [Focus leaving 8e9fb15 NotificationShade (server),reason=NOT_FOCUSABLE]
11-12 05:21:12.735 1481 1680 I input_focus: [Focus entering dadea65 com.android.settings/com.android.settings.homepage.SettingsHomepageActivity (server),reason=setFocusedWindow]
11-12 05:21:12.755 1971 1971 I sysui_multi_action: [757,111,758,1]
11-12 05:21:12.756 1971 1971 I sysui_multi_action: [757,126,758,1,759,126,927,0,928,0,1593,1]
11-12 05:21:12.756 1971 1971 I sysui_multi_action: [757,113,758,1,759,113,927,1,928,1,1593,1]
11-12 05:21:12.756 1971 1971 I sysui_multi_action: [757,0,758,1,759,0,927,2,928,0,1593,1]
11-12 05:21:12.756 1971 1971 I sysui_multi_action: [757,0,758,1,759,0,927,3,928,0,1593,1]
11-12 05:21:12.756 1971 1971 I sysui_multi_action: [757,491,758,1,759,491,927,4,928,0,1311,-1,1593,0]
11-12 05:21:12.756 1971 1971 I sysui_multi_action: [757,0,758,1,759,0,927,5,928,0,1593,0]
11-12 05:21:12.757 1971 1971 I sysui_multi_action: [757,111,758,1]
11-12 05:21:12.757 1971 1971 I sysui_multi_action: [757,126,758,1,759,126,927,0,928,0,1593,1]
11-12 05:21:12.757 1971 1971 I sysui_multi_action: [757,113,758,1,759,113,927,1,928,1,1593,1]
11-12 05:21:12.757 1971 1971 I sysui_multi_action: [757,0,758,1,759,0,927,2,928,0,1593,1]
11-12 05:21:12.757 1971 1971 I sysui_multi_action: [757,0,758,1,759,0,927,3,928,0,1593,1]
11-12 05:21:12.899 1481 1481 I sysui_multi_action: [757,1501,758,1,793,14651043,794,0,795,205,796,2048,806,com.android.systemui,857,updateNotification,858,3,947,0,1500,0,1688,1]
11-12 05:21:12.899 1481 1481 I sysui_multi_action: [757,804,799,note_interruptive,801,0,802,1]
11-12 05:21:12.899 1481 1481 I sysui_multi_action: [757,199,758,1,759,2,793,14651044,794,0,795,206,796,2048,806,com.android.systemui,857,updateNotification,858,3,947,0,1500,1,1688,1]
11-12 05:21:12.900 1481 1481 I notification_alert: [0|com.android.systemui|2048|null|10082,0,1,0]
11-12 05:21:13.321 1481 1680 I input_interaction: Interaction with: dadea65 com.android.settings/com.android.settings.homepage.SettingsHomepageActivity (server), swipe-up (server), edge-swipe (server), PointerEventDispatcher0 (server),
11-12 05:21:13.327 0 0 I auditd : type=1400 audit(0.0:15522): avc: denied { kill } for comm="swapper/1" capability=5 scontext=u:r:kernel:s0 tcontext=u:r:kernel:s0 tclass=capability permissive=0
11-12 05:21:13.456 15738 15738 I sysui_multi_action: [757,337,758,2,1089,1073]
11-12 05:21:14.327 0 0 I auditd : type=1400 audit(0.0:15523): avc: denied { kill } for comm="swapper/1" capability=5 scontext=u:r:kernel:s0 tcontext=u:r:kernel:s0 tclass=capability permissive=0
11-12 05:21:14.992 1481 6239 I wm_task_moved: [43,0,0]
11-12 05:21:14.993 1481 6239 I wm_task_moved: [43,0,5]
11-12 05:21:15.003 2522 2522 I wm_on_restart_called: [35371080,com.android.launcher3.uioverrides.QuickstepLauncher,performRestartActivity]
11-12 05:21:15.018 2522 2522 I wm_on_start_called: [35371080,com.android.launcher3.uioverrides.QuickstepLauncher,handleStartActivity]
11-12 05:21:15.049 1481 1567 I sysui_multi_action: [319,14,322,42,325,14674,757,761,758,9,759,5,806,com.android.launcher3,871,com.android.launcher3.uioverrides.QuickstepLauncher,904,com.android.launcher3,905,0,1320,8,1321,5]
11-12 05:21:15.104 15738 15738 I view_enqueue_input_event: [Motion - Cancel,com.android.settings/com.android.settings.homepage.SettingsHomepageActivity]
11-12 05:21:15.104 1481 1680 I input_interaction: Interaction with: swipe-up (server), edge-swipe (server), PointerEventDispatcher0 (server),
11-12 05:21:15.105 2522 2522 I sysui_latency: [1,55]
11-12 05:21:15.110 1481 1571 I input_focus: [Focus request recents_animation_input_consumer,reason=UpdateInputWindows]
11-12 05:21:15.143 1481 1680 I input_focus: [Focus leaving dadea65 com.android.settings/com.android.settings.homepage.SettingsHomepageActivity (server),reason=NOT_FOCUSABLE]
11-12 05:21:15.143 1481 1680 I input_focus: [Focus entering recents_animation_input_consumer (server),reason=setFocusedWindow]
11-12 05:21:15.226 1481 1668 I commit_sys_config_file: [settings-1-0,9]
11-12 05:21:15.336 1481 1602 I sysui_latency: [8,55]
11-12 05:21:15.452 1481 5711 I wm_task_moved: [43,0,5]
11-12 05:21:15.453 1481 5711 I wm_add_to_stopping: [0,35371080,com.android.launcher3/.uioverrides.QuickstepLauncher,makeInvisible]
11-12 05:21:15.461 1481 1571 I input_focus: [Focus request dadea65 com.android.settings/com.android.settings.homepage.SettingsHomepageActivity,reason=UpdateInputWindows]
11-12 05:21:15.462 1481 1570 I wm_stop_activity: [0,35371080,com.android.launcher3/.uioverrides.QuickstepLauncher]
11-12 05:21:15.475 1481 1680 I input_focus: [Focus leaving recents_animation_input_consumer (server),reason=NOT_VISIBLE]
11-12 05:21:15.475 1481 1680 I input_focus: [Focus entering dadea65 com.android.settings/com.android.settings.homepage.SettingsHomepageActivity (server),reason=setFocusedWindow]
11-12 05:21:15.488 2522 2522 I wm_on_stop_called: [35371080,com.android.launcher3.uioverrides.QuickstepLauncher,STOP_ACTIVITY_ITEM]
11-12 05:21:15.687 1481 1668 I commit_sys_config_file: [settings-1-0,5]
11-12 05:21:16.241 1481 1680 I input_interaction: Interaction with: dadea65 com.android.settings/com.android.settings.homepage.SettingsHomepageActivity (server), swipe-up (server), edge-swipe (server), PointerEventDispatcher0 (server),
11-12 05:21:16.258 1481 6239 I wm_task_moved: [43,0,0]
11-12 05:21:16.259 1481 6239 I wm_task_moved: [43,0,5]
11-12 05:21:16.266 2522 2522 I wm_on_restart_called: [35371080,com.android.launcher3.uioverrides.QuickstepLauncher,performRestartActivity]
11-12 05:21:16.284 2522 2522 I wm_on_start_called: [35371080,com.android.launcher3.uioverrides.QuickstepLauncher,handleStartActivity]
11-12 05:21:16.297 15738 15738 I view_enqueue_input_event: [Motion - Cancel,com.android.settings/com.android.settings.homepage.SettingsHomepageActivity]
11-12 05:21:16.299 1481 1571 I input_focus: [Focus request recents_animation_input_consumer,reason=UpdateInputWindows]
11-12 05:21:16.305 1481 1680 I input_interaction: Interaction with: swipe-up (server), edge-swipe (server), PointerEventDispatcher0 (server),
11-12 05:21:16.308 2522 2522 I sysui_latency: [1,68]
11-12 05:21:16.311 1481 1680 I input_focus: [Focus leaving dadea65 com.android.settings/com.android.settings.homepage.SettingsHomepageActivity (server),reason=NOT_FOCUSABLE]
11-12 05:21:16.311 1481 1680 I input_focus: [Focus entering recents_animation_input_consumer (server),reason=setFocusedWindow]
11-12 05:21:16.327 0 0 I auditd : type=1400 audit(0.0:15524): avc: denied { kill } for comm="swapper/1" capability=5 scontext=u:r:kernel:s0 tcontext=u:r:kernel:s0 tclass=capability permissive=0
11-12 05:21:16.332 1481 1567 I sysui_multi_action: [319,15,322,59,325,14675,757,761,758,9,759,5,806,com.android.launcher3,871,com.android.launcher3.uioverrides.QuickstepLauncher,904,com.android.launcher3,905,0,1320,8,1321,5]
11-12 05:21:16.489 1481 1668 I commit_sys_config_file: [settings-1-0,6]
11-12 05:21:16.618 1481 1602 I sysui_latency: [8,70]
11-12 05:21:17.088 1481 6339 I wm_task_moved: [43,1,6]
11-12 05:21:17.089 1481 6339 I wm_task_moved: [44,1,2147483647]
11-12 05:21:17.089 1481 6339 I wm_task_to_front: [0,44]
11-12 05:21:17.089 1481 6339 I wm_focused_root_task: [0,0,43,221,RecentsAnimation.onAnimationFinished()]
11-12 05:21:17.090 15738 15738 I wm_on_top_resumed_lost_called: [266142521,com.android.settings.homepage.SettingsHomepageActivity,topStateChangedWhenResumed]
11-12 05:21:17.090 1481 6339 I wm_set_resumed_activity: [0,com.android.launcher3/.uioverrides.QuickstepLauncher,RecentsAnimation.onAnimationFinished()]
11-12 05:21:17.093 1481 6339 I wm_pause_activity: [0,266142521,com.android.settings/.homepage.SettingsHomepageActivity,userLeaving=true,pauseBackTasks]
11-12 05:21:17.095 1481 6339 I wm_add_to_stopping: [0,266142521,com.android.settings/.homepage.SettingsHomepageActivity,makeInvisible]
11-12 05:21:17.096 1481 6339 I wm_set_resumed_activity: [0,com.android.launcher3/.uioverrides.QuickstepLauncher,resumeTopActivityInnerLocked]
11-12 05:21:17.098 1481 6339 I wm_resume_activity: [0,35371080,44,com.android.launcher3/.uioverrides.QuickstepLauncher]
11-12 05:21:17.102 1481 1571 I input_focus: [Focus request 18adad5 com.android.launcher3/com.android.launcher3.uioverrides.QuickstepLauncher,reason=UpdateInputWindows]
11-12 05:21:17.103 2522 2522 I wm_on_resume_called: [35371080,com.android.launcher3.uioverrides.QuickstepLauncher,RESUME_ACTIVITY]
11-12 05:21:17.104 2522 2522 I wm_on_top_resumed_gained_called: [35371080,com.android.launcher3.uioverrides.QuickstepLauncher,topStateChangedWhenResumed]
11-12 05:21:17.105 15738 15738 I sysui_multi_action: [757,35,758,2,1089,4935]
11-12 05:21:17.107 1481 1570 I wm_stop_activity: [0,266142521,com.android.settings/.homepage.SettingsHomepageActivity]
11-12 05:21:17.107 15738 15738 I sysui_multi_action: [757,746,758,2,1089,4797]
11-12 05:21:17.111 1481 1680 I input_focus: [Focus leaving recents_animation_input_consumer (server),reason=NOT_VISIBLE]
