11-16 03:37:04.608 1504 1601 I am_wtf : [0,1504,system_server,-1,DisplayDeviceConfig,requesting nits when no mapping exists.]
11-16 03:37:04.609 1504 1601 I am_wtf : [0,1504,system_server,-1,DisplayDeviceConfig,requesting nits when no mapping exists.]
11-16 03:37:04.625 1504 1601 I am_wtf : [0,1504,system_server,-1,DisplayDeviceConfig,requesting nits when no mapping exists.]
11-16 03:37:04.626 1504 1601 I am_wtf : [0,1504,system_server,-1,DisplayDeviceConfig,requesting nits when no mapping exists.]
11-16 03:37:04.641 1504 1601 I am_wtf : [0,1504,system_server,-1,DisplayDeviceConfig,requesting nits when no mapping exists.]
11-16 03:37:04.642 1504 1601 I am_wtf : [0,1504,system_server,-1,DisplayDeviceConfig,requesting nits when no mapping exists.]
11-16 03:37:04.658 1504 1601 I am_wtf : [0,1504,system_server,-1,DisplayDeviceConfig,requesting nits when no mapping exists.]
11-16 03:37:04.659 1504 1601 I am_wtf : [0,1504,system_server,-1,DisplayDeviceConfig,requesting nits when no mapping exists.]
11-16 03:37:04.674 1504 1601 I am_wtf : [0,1504,system_server,-1,DisplayDeviceConfig,requesting nits when no mapping exists.]
11-16 03:37:04.675 1504 1601 I am_wtf : [0,1504,system_server,-1,DisplayDeviceConfig,requesting nits when no mapping exists.]
11-16 03:37:04.676 1504 1601 I service_manager_stats: [100,53,66541]
11-16 03:37:04.691 1504 1601 I am_wtf : [0,1504,system_server,-1,DisplayDeviceConfig,requesting nits when no mapping exists.]
11-16 03:37:04.692 1504 1601 I am_wtf : [0,1504,system_server,-1,DisplayDeviceConfig,requesting nits when no mapping exists.]
11-16 03:37:04.708 1504 1601 I am_wtf : [0,1504,system_server,-1,DisplayDeviceConfig,requesting nits when no mapping exists.]
11-16 03:37:04.709 1504 1601 I am_wtf : [0,1504,system_server,-1,DisplayDeviceConfig,requesting nits when no mapping exists.]
11-16 03:37:04.725 1504 1601 I am_wtf : [0,1504,system_server,-1,DisplayDeviceConfig,requesting nits when no mapping exists.]
11-16 03:37:04.725 1504 1601 I am_wtf : [0,1504,system_server,-1,DisplayDeviceConfig,requesting nits when no mapping exists.]
11-16 03:37:04.741 1504 1601 I am_wtf : [0,1504,system_server,-1,DisplayDeviceConfig,requesting nits when no mapping exists.]
11-16 03:37:04.742 1504 1601 I am_wtf : [0,1504,system_server,-1,DisplayDeviceConfig,requesting nits when no mapping exists.]
11-16 03:37:04.758 1504 1601 I am_wtf : [0,1504,system_server,-1,DisplayDeviceConfig,requesting nits when no mapping exists.]
11-16 03:37:04.759 1504 1601 I am_wtf : [0,1504,system_server,-1,DisplayDeviceConfig,requesting nits when no mapping exists.]
11-16 03:37:04.775 1504 1601 I am_wtf : [0,1504,system_server,-1,DisplayDeviceConfig,requesting nits when no mapping exists.]
11-16 03:37:04.776 1504 1601 I am_wtf : [0,1504,system_server,-1,DisplayDeviceConfig,requesting nits when no mapping exists.]
11-16 03:37:04.792 1504 1601 I am_wtf : [0,1504,system_server,-1,DisplayDeviceConfig,requesting nits when no mapping exists.]
11-16 03:37:04.793 1504 1601 I am_wtf : [0,1504,system_server,-1,DisplayDeviceConfig,requesting nits when no mapping exists.]
11-16 03:37:04.809 1504 1601 I am_wtf : [0,1504,system_server,-1,DisplayDeviceConfig,requesting nits when no mapping exists.]
11-16 03:37:04.810 1504 1601 I am_wtf : [0,1504,system_server,-1,DisplayDeviceConfig,requesting nits when no mapping exists.]
11-16 03:37:04.825 1504 1601 I am_wtf : [0,1504,system_server,-1,DisplayDeviceConfig,requesting nits when no mapping exists.]
11-16 03:37:04.826 1504 1601 I am_wtf : [0,1504,system_server,-1,DisplayDeviceConfig,requesting nits when no mapping exists.]
11-16 03:37:04.842 1504 1601 I am_wtf : [0,1504,system_server,-1,DisplayDeviceConfig,requesting nits when no mapping exists.]
11-16 03:37:04.843 1504 1601 I am_wtf : [0,1504,system_server,-1,DisplayDeviceConfig,requesting nits when no mapping exists.]
11-16 03:37:04.858 1504 1601 I am_wtf : [0,1504,system_server,-1,DisplayDeviceConfig,requesting nits when no mapping exists.]
11-16 03:37:04.859 1504 1601 I am_wtf : [0,1504,system_server,-1,DisplayDeviceConfig,requesting nits when no mapping exists.]
11-16 03:37:04.876 1504 1601 I am_wtf : [0,1504,system_server,-1,DisplayDeviceConfig,requesting nits when no mapping exists.]
11-16 03:37:04.877 1504 1601 I am_wtf : [0,1504,system_server,-1,DisplayDeviceConfig,requesting nits when no mapping exists.]
11-16 03:37:04.892 1504 1601 I am_wtf : [0,1504,system_server,-1,DisplayDeviceConfig,requesting nits when no mapping exists.]
11-16 03:37:04.893 1504 1601 I am_wtf : [0,1504,system_server,-1,DisplayDeviceConfig,requesting nits when no mapping exists.]
11-16 03:37:04.909 1504 1601 I am_wtf : [0,1504,system_server,-1,DisplayDeviceConfig,requesting nits when no mapping exists.]
11-16 03:37:04.910 1504 1601 I am_wtf : [0,1504,system_server,-1,DisplayDeviceConfig,requesting nits when no mapping exists.]
11-16 03:37:04.925 1504 1601 I am_wtf : [0,1504,system_server,-1,DisplayDeviceConfig,requesting nits when no mapping exists.]
11-16 03:37:04.926 1504 1601 I am_wtf : [0,1504,system_server,-1,DisplayDeviceConfig,requesting nits when no mapping exists.]
11-16 03:37:04.942 1504 1601 I am_wtf : [0,1504,system_server,-1,DisplayDeviceConfig,requesting nits when no mapping exists.]
11-16 03:37:04.942 1504 1601 I am_wtf : [0,1504,system_server,-1,DisplayDeviceConfig,requesting nits when no mapping exists.]
11-16 03:37:04.959 1504 1601 I am_wtf : [0,1504,system_server,-1,DisplayDeviceConfig,requesting nits when no mapping exists.]
11-16 03:37:04.960 1504 1601 I am_wtf : [0,1504,system_server,-1,DisplayDeviceConfig,requesting nits when no mapping exists.]
11-16 03:37:04.975 1504 1601 I am_wtf : [0,1504,system_server,-1,DisplayDeviceConfig,requesting nits when no mapping exists.]
11-16 03:37:04.976 1504 1601 I am_wtf : [0,1504,system_server,-1,DisplayDeviceConfig,requesting nits when no mapping exists.]
11-16 03:37:04.993 1504 1601 I am_wtf : [0,1504,system_server,-1,DisplayDeviceConfig,requesting nits when no mapping exists.]
11-16 03:37:04.994 1504 1601 I am_wtf : [0,1504,system_server,-1,DisplayDeviceConfig,requesting nits when no mapping exists.]
11-16 03:37:05.009 1504 1601 I am_wtf : [0,1504,system_server,-1,DisplayDeviceConfig,requesting nits when no mapping exists.]
11-16 03:37:05.010 1504 1601 I am_wtf : [0,1504,system_server,-1,DisplayDeviceConfig,requesting nits when no mapping exists.]
11-16 03:37:05.025 1504 1601 I am_wtf : [0,1504,system_server,-1,DisplayDeviceConfig,requesting nits when no mapping exists.]
11-16 03:37:05.026 1504 1601 I am_wtf : [0,1504,system_server,-1,DisplayDeviceConfig,requesting nits when no mapping exists.]
11-16 03:37:05.043 1504 1601 I am_wtf : [0,1504,system_server,-1,DisplayDeviceConfig,requesting nits when no mapping exists.]
11-16 03:37:05.043 1504 1601 I am_wtf : [0,1504,system_server,-1,DisplayDeviceConfig,requesting nits when no mapping exists.]
11-16 03:37:05.059 1504 1601 I am_wtf : [0,1504,system_server,-1,DisplayDeviceConfig,requesting nits when no mapping exists.]
11-16 03:37:05.060 1504 1601 I am_wtf : [0,1504,system_server,-1,DisplayDeviceConfig,requesting nits when no mapping exists.]
11-16 03:37:05.075 1504 1601 I am_wtf : [0,1504,system_server,-1,DisplayDeviceConfig,requesting nits when no mapping exists.]
11-16 03:37:05.076 1504 1601 I am_wtf : [0,1504,system_server,-1,DisplayDeviceConfig,requesting nits when no mapping exists.]
11-16 03:37:05.093 1504 1601 I am_wtf : [0,1504,system_server,-1,DisplayDeviceConfig,requesting nits when no mapping exists.]
11-16 03:37:05.094 1504 1601 I am_wtf : [0,1504,system_server,-1,DisplayDeviceConfig,requesting nits when no mapping exists.]
11-16 03:37:05.110 1504 1601 I am_wtf : [0,1504,system_server,-1,DisplayDeviceConfig,requesting nits when no mapping exists.]
11-16 03:37:05.110 1504 1601 I am_wtf : [0,1504,system_server,-1,DisplayDeviceConfig,requesting nits when no mapping exists.]
11-16 03:37:05.126 1504 1601 I am_wtf : [0,1504,system_server,-1,DisplayDeviceConfig,requesting nits when no mapping exists.]
11-16 03:37:05.126 1504 1601 I am_wtf : [0,1504,system_server,-1,DisplayDeviceConfig,requesting nits when no mapping exists.]
11-16 03:37:05.142 1504 1601 I am_wtf : [0,1504,system_server,-1,DisplayDeviceConfig,requesting nits when no mapping exists.]
11-16 03:37:05.143 1504 1601 I am_wtf : [0,1504,system_server,-1,DisplayDeviceConfig,requesting nits when no mapping exists.]
11-16 03:37:05.160 1504 1601 I am_wtf : [0,1504,system_server,-1,DisplayDeviceConfig,requesting nits when no mapping exists.]
11-16 03:37:05.161 1504 1601 I am_wtf : [0,1504,system_server,-1,DisplayDeviceConfig,requesting nits when no mapping exists.]
11-16 03:37:05.177 1504 1601 I am_wtf : [0,1504,system_server,-1,DisplayDeviceConfig,requesting nits when no mapping exists.]
11-16 03:37:05.178 1504 1601 I am_wtf : [0,1504,system_server,-1,DisplayDeviceConfig,requesting nits when no mapping exists.]
11-16 03:37:05.193 1504 1601 I am_wtf : [0,1504,system_server,-1,DisplayDeviceConfig,requesting nits when no mapping exists.]
11-16 03:37:05.194 1504 1601 I am_wtf : [0,1504,system_server,-1,DisplayDeviceConfig,requesting nits when no mapping exists.]
11-16 03:37:05.210 1504 1601 I am_wtf : [0,1504,system_server,-1,DisplayDeviceConfig,requesting nits when no mapping exists.]
11-16 03:37:05.211 1504 1601 I am_wtf : [0,1504,system_server,-1,DisplayDeviceConfig,requesting nits when no mapping exists.]
11-16 03:37:05.226 1504 1601 I am_wtf : [0,1504,system_server,-1,DisplayDeviceConfig,requesting nits when no mapping exists.]
11-16 03:37:05.227 1504 1601 I am_wtf : [0,1504,system_server,-1,DisplayDeviceConfig,requesting nits when no mapping exists.]
11-16 03:37:15.883 1504 1568 I sysui_multi_action: [757,222,758,1]
11-16 03:37:15.885 1504 1568 I am_uid_active: 10051
11-16 03:37:15.907 1504 1598 I am_pss : [4340,1000,com.android.settings,27057152,25006080,0,111173632,0,19,11]
11-16 03:37:15.910 1504 1821 I wm_task_created: [286,-1]
11-16 03:37:15.914 1504 1821 I wm_task_moved: [286,1,8]
11-16 03:37:15.914 1504 1821 I wm_task_to_front: [0,286]
11-16 03:37:15.915 1504 1821 I wm_create_task: [0,286]
11-16 03:37:15.915 1504 1821 I wm_create_activity: [0,238935888,286,com.thundercomm.screensaver/android.service.dreams.DreamActivity,NULL,NULL,NULL,276824064]
11-16 03:37:15.915 1504 1821 I wm_task_moved: [286,1,8]
11-16 03:37:15.915 4030 4030 I wm_on_top_resumed_lost_called: [94064340,com.android.gallery3d.app.GalleryActivity,topStateChangedWhenResumed]
11-16 03:37:15.917 1504 1598 I am_pss : [4341,10063,com.android.calendar,6617088,4116480,0,92344320,0,19,7]
11-16 03:37:15.917 1504 1821 I wm_pause_activity: [0,94064340,com.android.gallery3d/.app.GalleryActivity,userLeaving=true,pauseBackTasks]
11-16 03:37:15.928 4030 4030 I wm_on_paused_called: [94064340,com.android.gallery3d.app.GalleryActivity,performPause]
11-16 03:37:15.931 1504 1821 I wm_add_to_stopping: [0,94064340,com.android.gallery3d/.app.GalleryActivity,makeInvisible]
11-16 03:37:15.932 1504 1821 I wm_restart_activity: [0,238935888,286,com.thundercomm.screensaver/android.service.dreams.DreamActivity]
11-16 03:37:15.934 1504 1821 I wm_set_resumed_activity: [0,com.thundercomm.screensaver/android.service.dreams.DreamActivity,minimalResumeActivityLocked]
11-16 03:37:15.942 1504 1571 I sysui_multi_action: [757,803,799,window_time_0,802,64]
11-16 03:37:15.948 4192 4192 I wm_on_create_called: [238935888,android.service.dreams.DreamActivity,performCreate]
11-16 03:37:15.948 4192 4192 I wm_on_start_called: [238935888,android.service.dreams.DreamActivity,handleStartActivity]
11-16 03:37:15.949 4192 4192 I wm_on_resume_called: [238935888,android.service.dreams.DreamActivity,RESUME_ACTIVITY]
11-16 03:37:15.952 1504 1682 I input_focus: [Focus leaving b39b846 com.android.gallery3d/com.android.gallery3d.app.GalleryActivity (server),reason=NO_WINDOW]
11-16 03:37:15.954 4192 4192 I wm_on_top_resumed_gained_called: [238935888,android.service.dreams.DreamActivity,topStateChangedWhenResumed]
11-16 03:37:15.975 1504 1572 I input_focus: [Focus request 629a07c com.thundercomm.screensaver/android.service.dreams.DreamActivity,reason=UpdateInputWindows]
11-16 03:37:15.997 1504 1620 I sysui_multi_action: [757,1696,758,6,759,3]
11-16 03:37:16.001 1504 1601 I am_wtf : [0,1504,system_server,-1,DisplayDeviceConfig,requesting nits when no mapping exists.]
11-16 03:37:16.002 1504 1682 I input_focus: [Focus entering 629a07c com.thundercomm.screensaver/android.service.dreams.DreamActivity (server),reason=Window became focusable. Previous reason: NOT_VISIBLE]
11-16 03:37:16.003 1504 1601 I am_wtf : [0,1504,system_server,-1,DisplayDeviceConfig,requesting nits when no mapping exists.]
11-16 03:37:15.998 1504 1568 I sysui_multi_action: [319,88,322,82,325,825,757,761,758,8,759,2,806,com.thundercomm.screensaver,871,android.service.dreams.DreamActivity,904,com.thundercomm.screensaver,905,0,1320,4,1321,2]
11-16 03:37:16.005 1504 1568 I wm_activity_launch_time: [0,238935888,com.thundercomm.screensaver/android.service.dreams.DreamActivity,82]
11-16 03:37:16.020 1504 1601 I am_wtf : [0,1504,system_server,-1,DisplayDeviceConfig,requesting nits when no mapping exists.]
11-16 03:37:16.022 1504 1601 I am_wtf : [0,1504,system_server,-1,DisplayDeviceConfig,requesting nits when no mapping exists.]
11-16 03:37:16.035 1504 1601 I am_wtf : [0,1504,system_server,-1,DisplayDeviceConfig,requesting nits when no mapping exists.]
11-16 03:37:16.037 1504 1601 I am_wtf : [0,1504,system_server,-1,DisplayDeviceConfig,requesting nits when no mapping exists.]
11-16 03:37:16.053 1504 1601 I am_wtf : [0,1504,system_server,-1,DisplayDeviceConfig,requesting nits when no mapping exists.]
11-16 03:37:16.053 1504 1601 I am_wtf : [0,1504,system_server,-1,DisplayDeviceConfig,requesting nits when no mapping exists.]
11-16 03:37:16.068 1504 1601 I am_wtf : [0,1504,system_server,-1,DisplayDeviceConfig,requesting nits when no mapping exists.]
11-16 03:37:16.069 1504 1601 I am_wtf : [0,1504,system_server,-1,DisplayDeviceConfig,requesting nits when no mapping exists.]
11-16 03:37:16.085 1504 1601 I am_wtf : [0,1504,system_server,-1,DisplayDeviceConfig,requesting nits when no mapping exists.]
11-16 03:37:16.085 1504 1601 I am_wtf : [0,1504,system_server,-1,DisplayDeviceConfig,requesting nits when no mapping exists.]
11-16 03:37:16.101 1504 1601 I am_wtf : [0,1504,system_server,-1,DisplayDeviceConfig,requesting nits when no mapping exists.]
11-16 03:37:16.102 1504 1601 I am_wtf : [0,1504,system_server,-1,DisplayDeviceConfig,requesting nits when no mapping exists.]
11-16 03:37:16.118 1504 1601 I am_wtf : [0,1504,system_server,-1,DisplayDeviceConfig,requesting nits when no mapping exists.]
11-16 03:37:16.119 1504 1601 I am_wtf : [0,1504,system_server,-1,DisplayDeviceConfig,requesting nits when no mapping exists.]
11-16 03:37:16.135 1504 1601 I am_wtf : [0,1504,system_server,-1,DisplayDeviceConfig,requesting nits when no mapping exists.]
11-16 03:37:16.135 1504 1601 I am_wtf : [0,1504,system_server,-1,DisplayDeviceConfig,requesting nits when no mapping exists.]
11-16 03:37:16.153 1504 1601 I am_wtf : [0,1504,system_server,-1,DisplayDeviceConfig,requesting nits when no mapping exists.]
11-16 03:37:16.153 1504 1601 I am_wtf : [0,1504,system_server,-1,DisplayDeviceConfig,requesting nits when no mapping exists.]
11-16 03:37:16.171 1504 1601 I am_wtf : [0,1504,system_server,-1,DisplayDeviceConfig,requesting nits when no mapping exists.]
11-16 03:37:16.172 1504 1601 I am_wtf : [0,1504,system_server,-1,DisplayDeviceConfig,requesting nits when no mapping exists.]
11-16 03:37:16.186 1504 1601 I am_wtf : [0,1504,system_server,-1,DisplayDeviceConfig,requesting nits when no mapping exists.]
11-16 03:37:16.188 1504 1601 I am_wtf : [0,1504,system_server,-1,DisplayDeviceConfig,requesting nits when no mapping exists.]
11-16 03:37:16.203 1504 1601 I am_wtf : [0,1504,system_server,-1,DisplayDeviceConfig,requesting nits when no mapping exists.]
11-16 03:37:16.204 1504 1601 I am_wtf : [0,1504,system_server,-1,DisplayDeviceConfig,requesting nits when no mapping exists.]
11-16 03:37:16.219 1504 1601 I am_wtf : [0,1504,system_server,-1,DisplayDeviceConfig,requesting nits when no mapping exists.]
11-16 03:37:16.220 1504 1601 I am_wtf : [0,1504,system_server,-1,DisplayDeviceConfig,requesting nits when no mapping exists.]
11-16 03:37:16.220 1504 1601 I service_manager_stats: [100,49,11544]
11-16 03:37:16.236 1504 1601 I am_wtf : [0,1504,system_server,-1,DisplayDeviceConfig,requesting nits when no mapping exists.]
11-16 03:37:16.238 1504 1601 I am_wtf : [0,1504,system_server,-1,DisplayDeviceConfig,requesting nits when no mapping exists.]
11-16 03:37:16.254 1504 1601 I am_wtf : [0,1504,system_server,-1,DisplayDeviceConfig,requesting nits when no mapping exists.]
11-16 03:37:16.254 1504 1601 I am_wtf : [0,1504,system_server,-1,DisplayDeviceConfig,requesting nits when no mapping exists.]
11-16 03:37:16.271 1504 1601 I am_wtf : [0,1504,system_server,-1,DisplayDeviceConfig,requesting nits when no mapping exists.]
11-16 03:37:16.272 1504 1601 I am_wtf : [0,1504,system_server,-1,DisplayDeviceConfig,requesting nits when no mapping exists.]
11-16 03:37:16.288 1504 1601 I am_wtf : [0,1504,system_server,-1,DisplayDeviceConfig,requesting nits when no mapping exists.]
11-16 03:37:16.288 1504 1601 I am_wtf : [0,1504,system_server,-1,DisplayDeviceConfig,requesting nits when no mapping exists.]
11-16 03:37:16.303 1504 1601 I am_wtf : [0,1504,system_server,-1,DisplayDeviceConfig,requesting nits when no mapping exists.]
11-16 03:37:16.304 1504 1601 I am_wtf : [0,1504,system_server,-1,DisplayDeviceConfig,requesting nits when no mapping exists.]
11-16 03:37:16.320 1504 1601 I am_wtf : [0,1504,system_server,-1,DisplayDeviceConfig,requesting nits when no mapping exists.]
11-16 03:37:16.322 1504 1601 I am_wtf : [0,1504,system_server,-1,DisplayDeviceConfig,requesting nits when no mapping exists.]
11-16 03:37:16.336 1504 1601 I am_wtf : [0,1504,system_server,-1,DisplayDeviceConfig,requesting nits when no mapping exists.]
11-16 03:37:16.337 1504 1601 I am_wtf : [0,1504,system_server,-1,DisplayDeviceConfig,requesting nits when no mapping exists.]
11-16 03:37:16.354 1504 1601 I am_wtf : [0,1504,system_server,-1,DisplayDeviceConfig,requesting nits when no mapping exists.]
11-16 03:37:16.356 1504 1601 I am_wtf : [0,1504,system_server,-1,DisplayDeviceConfig,requesting nits when no mapping exists.]
11-16 03:37:16.371 1504 1601 I am_wtf : [0,1504,system_server,-1,DisplayDeviceConfig,requesting nits when no mapping exists.]
11-16 03:37:16.372 1504 1601 I am_wtf : [0,1504,system_server,-1,DisplayDeviceConfig,requesting nits when no mapping exists.]
11-16 03:37:16.386 1504 1601 I am_wtf : [0,1504,system_server,-1,DisplayDeviceConfig,requesting nits when no mapping exists.]
11-16 03:37:16.387 1504 1601 I am_wtf : [0,1504,system_server,-1,DisplayDeviceConfig,requesting nits when no mapping exists.]
11-16 03:37:16.403 1504 1601 I am_wtf : [0,1504,system_server,-1,DisplayDeviceConfig,requesting nits when no mapping exists.]
11-16 03:37:16.404 1504 1601 I am_wtf : [0,1504,system_server,-1,DisplayDeviceConfig,requesting nits when no mapping exists.]
11-16 03:37:16.420 1504 1601 I am_wtf : [0,1504,system_server,-1,DisplayDeviceConfig,requesting nits when no mapping exists.]
11-16 03:37:16.421 1504 1601 I am_wtf : [0,1504,system_server,-1,DisplayDeviceConfig,requesting nits when no mapping exists.]
11-16 03:37:16.436 1504 1601 I am_wtf : [0,1504,system_server,-1,DisplayDeviceConfig,requesting nits when no mapping exists.]
11-16 03:37:16.437 1504 1601 I am_wtf : [0,1504,system_server,-1,DisplayDeviceConfig,requesting nits when no mapping exists.]
11-16 03:37:16.454 1504 1601 I am_wtf : [0,1504,system_server,-1,DisplayDeviceConfig,requesting nits when no mapping exists.]
11-16 03:37:16.455 1504 1601 I am_wtf : [0,1504,system_server,-1,DisplayDeviceConfig,requesting nits when no mapping exists.]
11-16 03:37:16.470 1504 1601 I am_wtf : [0,1504,system_server,-1,DisplayDeviceConfig,requesting nits when no mapping exists.]
11-16 03:37:16.471 1504 1601 I am_wtf : [0,1504,system_server,-1,DisplayDeviceConfig,requesting nits when no mapping exists.]
11-16 03:37:16.487 1504 1601 I am_wtf : [0,1504,system_server,-1,DisplayDeviceConfig,requesting nits when no mapping exists.]
11-16 03:37:16.488 1504 1601 I am_wtf : [0,1504,system_server,-1,DisplayDeviceConfig,requesting nits when no mapping exists.]
11-16 03:37:16.504 1504 1601 I am_wtf : [0,1504,system_server,-1,DisplayDeviceConfig,requesting nits when no mapping exists.]
11-16 03:37:16.505 1504 1601 I am_wtf : [0,1504,system_server,-1,DisplayDeviceConfig,requesting nits when no mapping exists.]
11-16 03:37:16.508 1504 1571 I wm_stop_activity: [0,94064340,com.android.gallery3d/.app.GalleryActivity]
11-16 03:37:16.524 1504 1601 I am_wtf : [0,1504,system_server,-1,DisplayDeviceConfig,requesting nits when no mapping exists.]
11-16 03:37:16.529 1504 1601 I am_wtf : [0,1504,system_server,-1,DisplayDeviceConfig,requesting nits when no mapping exists.]
11-16 03:37:16.533 4030 4030 I wm_on_stop_called: [94064340,com.android.gallery3d.app.GalleryActivity,STOP_ACTIVITY_ITEM]
11-16 03:37:16.543 1504 1601 I am_wtf : [0,1504,system_server,-1,DisplayDeviceConfig,requesting nits when no mapping exists.]
11-16 03:37:16.544 1504 1601 I am_wtf : [0,1504,system_server,-1,DisplayDeviceConfig,requesting nits when no mapping exists.]
11-16 03:37:16.555 1504 1601 I am_wtf : [0,1504,system_server,-1,DisplayDeviceConfig,requesting nits when no mapping exists.]
11-16 03:37:16.556 1504 1601 I am_wtf : [0,1504,system_server,-1,DisplayDeviceConfig,requesting nits when no mapping exists.]
11-16 03:37:16.573 1504 1601 I am_wtf : [0,1504,system_server,-1,DisplayDeviceConfig,requesting nits when no mapping exists.]
11-16 03:37:16.574 1504 1601 I am_wtf : [0,1504,system_server,-1,DisplayDeviceConfig,requesting nits when no mapping exists.]
11-16 03:37:16.589 1504 1601 I am_wtf : [0,1504,system_server,-1,DisplayDeviceConfig,requesting nits when no mapping exists.]
11-16 03:37:16.589 1504 1601 I am_wtf : [0,1504,system_server,-1,DisplayDeviceConfig,requesting nits when no mapping exists.]
11-16 03:37:16.607 1504 1601 I am_wtf : [0,1504,system_server,-1,DisplayDeviceConfig,requesting nits when no mapping exists.]
11-16 03:37:16.608 1504 1601 I am_wtf : [0,1504,system_server,-1,DisplayDeviceConfig,requesting nits when no mapping exists.]
11-16 03:37:16.625 1504 1601 I am_wtf : [0,1504,system_server,-1,DisplayDeviceConfig,requesting nits when no mapping exists.]
11-16 03:37:16.626 1504 1601 I am_wtf : [0,1504,system_server,-1,DisplayDeviceConfig,requesting nits when no mapping exists.]
11-16 03:37:16.638 1504 1601 I am_wtf : [0,1504,system_server,-1,DisplayDeviceConfig,requesting nits when no mapping exists.]
11-16 03:37:16.639 1504 1601 I am_wtf : [0,1504,system_server,-1,DisplayDeviceConfig,requesting nits when no mapping exists.]
11-16 03:37:16.655 1504 1601 I am_wtf : [0,1504,system_server,-1,DisplayDeviceConfig,requesting nits when no mapping exists.]
11-16 03:37:16.656 1504 1601 I am_wtf : [0,1504,system_server,-1,DisplayDeviceConfig,requesting nits when no mapping exists.]
11-16 03:37:16.670 1504 1601 I am_wtf : [0,1504,system_server,-1,DisplayDeviceConfig,requesting nits when no mapping exists.]
11-16 03:37:16.672 1504 1601 I am_wtf : [0,1504,system_server,-1,DisplayDeviceConfig,requesting nits when no mapping exists.]
11-16 03:37:16.689 1504 1601 I am_wtf : [0,1504,system_server,-1,DisplayDeviceConfig,requesting nits when no mapping exists.]
11-16 03:37:16.689 1504 1601 I am_wtf : [0,1504,system_server,-1,DisplayDeviceConfig,requesting nits when no mapping exists.]
11-16 03:37:16.705 1504 1601 I am_wtf : [0,1504,system_server,-1,DisplayDeviceConfig,requesting nits when no mapping exists.]
11-16 03:37:16.706 1504 1601 I am_wtf : [0,1504,system_server,-1,DisplayDeviceConfig,requesting nits when no mapping exists.]
11-16 03:37:16.723 1504 1601 I am_wtf : [0,1504,system_server,-1,DisplayDeviceConfig,requesting nits when no mapping exists.]
11-16 03:37:16.723 1504 1601 I am_wtf : [0,1504,system_server,-1,DisplayDeviceConfig,requesting nits when no mapping exists.]
11-16 03:37:16.737 1504 1601 I am_wtf : [0,1504,system_server,-1,DisplayDeviceConfig,requesting nits when no mapping exists.]
11-16 03:37:16.738 1504 1601 I am_wtf : [0,1504,system_server,-1,DisplayDeviceConfig,requesting nits when no mapping exists.]
11-16 03:37:16.754 1504 1601 I am_wtf : [0,1504,system_server,-1,DisplayDeviceConfig,requesting nits when no mapping exists.]
11-16 03:37:16.756 1504 1601 I am_wtf : [0,1504,system_server,-1,DisplayDeviceConfig,requesting nits when no mapping exists.]
11-16 03:37:16.772 1504 1601 I am_wtf : [0,1504,system_server,-1,DisplayDeviceConfig,requesting nits when no mapping exists.]
11-16 03:37:16.774 1504 1601 I am_wtf : [0,1504,system_server,-1,DisplayDeviceConfig,requesting nits when no mapping exists.]
11-16 03:37:16.791 1504 1601 I am_wtf : [0,1504,system_server,-1,DisplayDeviceConfig,requesting nits when no mapping exists.]
11-16 03:37:16.792 1504 1601 I am_wtf : [0,1504,system_server,-1,DisplayDeviceConfig,requesting nits when no mapping exists.]
11-16 03:37:16.810 1504 1601 I am_wtf : [0,1504,system_server,-1,DisplayDeviceConfig,requesting nits when no mapping exists.]
11-16 03:37:16.811 1504 1601 I am_wtf : [0,1504,system_server,-1,DisplayDeviceConfig,requesting nits when no mapping exists.]
11-16 03:37:16.825 1504 1601 I am_wtf : [0,1504,system_server,-1,DisplayDeviceConfig,requesting nits when no mapping exists.]
11-16 03:37:16.827 1504 1601 I am_wtf : [0,1504,system_server,-1,DisplayDeviceConfig,requesting nits when no mapping exists.]
11-16 03:37:16.838 1504 1601 I am_wtf : [0,1504,system_server,-1,DisplayDeviceConfig,requesting nits when no mapping exists.]
11-16 03:37:16.839 1504 1601 I am_wtf : [0,1504,system_server,-1,DisplayDeviceConfig,requesting nits when no mapping exists.]
11-16 03:37:16.859 1504 1601 I am_wtf : [0,1504,system_server,-1,DisplayDeviceConfig,requesting nits when no mapping exists.]
11-16 03:37:16.859 1504 1601 I am_wtf : [0,1504,system_server,-1,DisplayDeviceConfig,requesting nits when no mapping exists.]
11-16 03:37:16.877 1504 1601 I am_wtf : [0,1504,system_server,-1,DisplayDeviceConfig,requesting nits when no mapping exists.]
11-16 03:37:16.878 1504 1601 I am_wtf : [0,1504,system_server,-1,DisplayDeviceConfig,requesting nits when no mapping exists.]
11-16 03:37:16.892 1504 1601 I am_wtf : [0,1504,system_server,-1,DisplayDeviceConfig,requesting nits when no mapping exists.]
11-16 03:37:16.893 1504 1601 I am_wtf : [0,1504,system_server,-1,DisplayDeviceConfig,requesting nits when no mapping exists.]
11-16 03:37:16.908 1504 1601 I am_wtf : [0,1504,system_server,-1,DisplayDeviceConfig,requesting nits when no mapping exists.]
11-16 03:37:16.909 1504 1601 I am_wtf : [0,1504,system_server,-1,DisplayDeviceConfig,requesting nits when no mapping exists.]
11-16 03:37:16.923 1504 1601 I am_wtf : [0,1504,system_server,-1,DisplayDeviceConfig,requesting nits when no mapping exists.]
11-16 03:37:16.923 1504 1601 I am_wtf : [0,1504,system_server,-1,DisplayDeviceConfig,requesting nits when no mapping exists.]
11-16 03:37:16.939 1504 1601 I am_wtf : [0,1504,system_server,-1,DisplayDeviceConfig,requesting nits when no mapping exists.]
11-16 03:37:16.945 1504 1601 I am_wtf : [0,1504,system_server,-1,DisplayDeviceConfig,requesting nits when no mapping exists.]
11-16 03:37:16.958 1504 1601 I am_wtf : [0,1504,system_server,-1,DisplayDeviceConfig,requesting nits when no mapping exists.]
11-16 03:37:16.961 1504 1601 I am_wtf : [0,1504,system_server,-1,DisplayDeviceConfig,requesting nits when no mapping exists.]
11-16 03:37:37.379 4541 4541 I auditd : type=1400 audit(0.0:259): avc: denied { read } for comm="app_process" name="u:object_r:odsign_prop:s0" dev="tmpfs" ino=2273 scontext=u:r:shell:s0 tcontext=u:object_r:odsign_prop:s0 tclass=file permissive=0
11-16 03:37:37.599 4558 4558 I auditd : type=1400 audit(0.0:260): avc: denied { read } for comm="app_process" name="u:object_r:odsign_prop:s0" dev="tmpfs" ino=2273 scontext=u:r:shell:s0 tcontext=u:object_r:odsign_prop:s0 tclass=file permissive=0
11-16 03:37:38.222 1504 1682 I input_interaction: Interaction with: 629a07c com.thundercomm.screensaver/android.service.dreams.DreamActivity (server), edge-swipe (server), swipe-up (server), PointerEventDispatcher0 (server),
11-16 03:37:38.226 1504 1534 I wm_finish_activity: [0,238935888,286,com.thundercomm.screensaver/android.service.dreams.DreamActivity,finish-activity]
11-16 03:37:38.226 1504 1534 I wm_task_moved: [283,1,7]
11-16 03:37:38.226 1504 1534 I wm_task_to_front: [0,283]
11-16 03:37:38.227 1504 1534 I wm_focused_root_task: [0,0,283,286,finish-top adjustFocusToNextFocusableTask]
11-16 03:37:38.228 1504 1534 I wm_pause_activity: [0,238935888,com.thundercomm.screensaver/android.service.dreams.DreamActivity,userLeaving=false,finish]
11-16 03:37:38.236 1504 1571 I sysui_multi_action: [757,803,799,window_time_0,802,22]
11-16 03:37:38.244 4192 4192 I wm_on_top_resumed_lost_called: [238935888,android.service.dreams.DreamActivity,topStateChangedWhenResumed]
11-16 03:37:38.245 4192 4192 I wm_on_paused_called: [238935888,android.service.dreams.DreamActivity,performPause]
11-16 03:37:38.246 1504 1821 I wm_add_to_stopping: [0,238935888,com.thundercomm.screensaver/android.service.dreams.DreamActivity,completeFinishing]
11-16 03:37:38.250 1504 1821 I wm_set_resumed_activity: [0,com.android.gallery3d/.app.GalleryActivity,resumeTopActivityInnerLocked]
11-16 03:37:38.252 1504 1821 I wm_resume_activity: [0,94064340,283,com.android.gallery3d/.app.GalleryActivity]
11-16 03:37:38.260 1504 1682 I input_focus: [Focus leaving 629a07c com.thundercomm.screensaver/android.service.dreams.DreamActivity (server),reason=NO_WINDOW]
11-16 03:37:38.262 1504 1571 I sysui_multi_action: [757,803,799,window_time_0,802,0]
11-16 03:37:38.264 4030 4030 I wm_on_restart_called: [94064340,com.android.gallery3d.app.GalleryActivity,performRestartActivity]
11-16 03:37:38.265 4030 4030 I wm_on_start_called: [94064340,com.android.gallery3d.app.GalleryActivity,handleStartActivity]
11-16 03:37:38.269 4030 4030 I wm_on_resume_called: [94064340,com.android.gallery3d.app.GalleryActivity,RESUME_ACTIVITY]
11-16 03:37:38.269 4030 4030 I wm_on_top_resumed_gained_called: [94064340,com.android.gallery3d.app.GalleryActivity,topWhenResuming]
11-16 03:37:38.284 1504 1572 I input_focus: [Focus request b39b846 com.android.gallery3d/com.android.gallery3d.app.GalleryActivity,reason=UpdateInputWindows]
11-16 03:37:38.284 1504 1598 I am_pss : [3677,1000,com.thundercomm.gamemode,17347584,13324288,0,119988224,0,10,5]
11-16 03:37:38.297 1504 1598 I am_pss : [3189,1000,com.qti.diagservices,6269952,3829760,0,94773248,0,10,6]
11-16 03:37:38.322 1504 1682 I input_focus: [Focus entering b39b846 com.android.gallery3d/com.android.gallery3d.app.GalleryActivity (server),reason=Window became focusable. Previous reason: NOT_VISIBLE]
11-16 03:37:38.830 1504 1571 I wm_destroy_activity: [0,238935888,286,com.thundercomm.screensaver/android.service.dreams.DreamActivity,finish-imm:idle]
11-16 03:37:38.849 4192 4192 I wm_on_stop_called: [238935888,android.service.dreams.DreamActivity,LIFECYCLER_STOP_ACTIVITY]
11-16 03:37:38.851 4192 4192 I wm_on_destroy_called: [238935888,android.service.dreams.DreamActivity,performDestroy]
11-16 03:37:38.865 1504 1568 I sysui_multi_action: [757,222,758,2]
11-16 03:37:38.866 1504 1568 I sysui_multi_action: [757,804,799,dreaming_minutes,801,0,802,1]
11-16 03:37:38.881 1504 2504 I wm_task_removed: [286,removeChild:removeChild last r=ActivityRecord{e3ddf50 u0 com.thundercomm.screensaver/android.service.dreams.DreamActivity t-1 f}} in t=Task{7ce8175 #286 type=dream A=10051:android:com.thundercomm.screensaver/dream U=0 visible=false mode=fullscreen translucent=true sz=0}]
11-16 03:37:38.881 1504 2504 I wm_task_removed: [286,removeChild]
11-16 03:37:40.128 1504 1682 I input_interaction: Interaction with: b39b846 com.android.gallery3d/com.android.gallery3d.app.GalleryActivity (server), edge-swipe (server), swipe-up (server), PointerEventDispatcher0 (server),
11-16 03:37:40.140 1504 2504 I wm_task_moved: [280,0,0]
11-16 03:37:40.140 1504 2504 I wm_task_moved: [280,0,6]
11-16 03:37:40.148 2496 2496 I wm_on_restart_called: [50203839,com.android.launcher3.uioverrides.QuickstepLauncher,performRestartActivity]
11-16 03:37:40.181 2496 2496 I wm_on_start_called: [50203839,com.android.launcher3.uioverrides.QuickstepLauncher,handleStartActivity]
11-16 03:37:40.201 2496 2496 I sysui_latency: [1,71]
11-16 03:37:40.203 4030 4030 I view_enqueue_input_event: [Motion - Cancel,com.android.gallery3d/com.android.gallery3d.app.GalleryActivity]
11-16 03:37:40.213 1504 1568 I sysui_multi_action: [319,19,322,66,325,849,757,761,758,9,759,5,806,com.android.launcher3,871,com.android.launcher3.uioverrides.QuickstepLauncher,904,com.android.launcher3,905,0,1320,8,1321,5]
11-16 03:37:40.213 1504 1572 I input_focus: [Focus request recents_animation_input_consumer,reason=UpdateInputWindows]
11-16 03:37:40.217 1504 1682 I input_interaction: Interaction with: edge-swipe (server), swipe-up (server), PointerEventDispatcher0 (server),
11-16 03:37:40.243 1504 1682 I input_focus: [Focus leaving b39b846 com.android.gallery3d/com.android.gallery3d.app.GalleryActivity (server),reason=NOT_FOCUSABLE]
11-16 03:37:40.243 1504 1682 I input_focus: [Focus entering recents_animation_input_consumer (server),reason=setFocusedWindow]
11-16 03:37:40.390 1504 1666 I commit_sys_config_file: [settings-1-0,7]
11-16 03:37:40.508 1504 1598 I sysui_latency: [8,71]
11-16 03:37:41.031 1504 1666 I commit_sys_config_file: [settings-1-0,7]
11-16 03:37:41.839 1504 1682 I input_interaction: Interaction with: e1de84c com.android.launcher3/com.android.launcher3.uioverrides.QuickstepLauncher (server), edge-swipe (server), swipe-up (server), PointerEventDispatcher0 (server),
11-16 03:37:42.355 1504 3120 I wm_task_moved: [280,1,7]
11-16 03:37:42.356 1504 3120 I wm_task_moved: [281,1,2147483647]
11-16 03:37:42.356 1504 3120 I wm_task_to_front: [0,281]
11-16 03:37:42.356 4030 4030 I wm_on_top_resumed_lost_called: [94064340,com.android.gallery3d.app.GalleryActivity,topStateChangedWhenResumed]
11-16 03:37:42.357 1504 3120 I wm_focused_root_task: [0,0,280,283,RecentsAnimation.onAnimationFinished()]
11-16 03:37:42.360 1504 3120 I wm_set_resumed_activity: [0,com.android.launcher3/.uioverrides.QuickstepLauncher,RecentsAnimation.onAnimationFinished()]
11-16 03:37:42.363 1504 3120 I wm_pause_activity: [0,94064340,com.android.gallery3d/.app.GalleryActivity,userLeaving=true,pauseBackTasks]
11-16 03:37:42.365 1504 3120 I wm_add_to_stopping: [0,94064340,com.android.gallery3d/.app.GalleryActivity,makeInvisible]
11-16 03:37:42.366 1504 3120 I wm_set_resumed_activity: [0,com.android.launcher3/.uioverrides.QuickstepLauncher,resumeTopActivityInnerLocked]
11-16 03:37:42.367 1504 3120 I wm_resume_activity: [0,50203839,281,com.android.launcher3/.uioverrides.QuickstepLauncher]
11-16 03:37:42.376 1504 1572 I input_focus: [Focus request e1de84c com.android.launcher3/com.android.launcher3.uioverrides.QuickstepLauncher,reason=UpdateInputWindows]
11-16 03:37:42.380 4030 4030 I wm_on_paused_called: [94064340,com.android.gallery3d.app.GalleryActivity,performPause]
11-16 03:37:42.384 1504 1571 I wm_stop_activity: [0,94064340,com.android.gallery3d/.app.GalleryActivity]
11-16 03:37:42.384 1504 1571 I sysui_multi_action: [757,803,799,window_time_0,802,4]
11-16 03:37:42.385 1504 1682 I input_focus: [Focus leaving recents_animation_input_consumer (server),reason=NOT_VISIBLE]
11-16 03:37:42.385 1504 1571 I sysui_multi_action: [757,803,799,window_time_0,802,0]
11-16 03:37:42.386 1504 1682 I input_focus: [Focus entering e1de84c com.android.launcher3/com.android.launcher3.uioverrides.QuickstepLauncher (server),reason=setFocusedWindow]
11-16 03:37:42.387 2496 2496 I wm_on_resume_called: [50203839,com.android.launcher3.uioverrides.QuickstepLauncher,RESUME_ACTIVITY]
11-16 03:37:42.387 2496 2496 I wm_on_top_resumed_gained_called: [50203839,com.android.launcher3.uioverrides.QuickstepLauncher,topStateChangedWhenResumed]
11-16 03:37:42.410 4030 4030 I wm_on_stop_called: [94064340,com.android.gallery3d.app.GalleryActivity,STOP_ACTIVITY_ITEM]
11-16 03:37:42.902 1504 1682 I input_interaction: Interaction with: e1de84c com.android.launcher3/com.android.launcher3.uioverrides.QuickstepLauncher (server), c74be60 com.android.systemui.ImageWallpaper (server), edge-swipe (server), swipe-up (server), PointerEventDispatcher0 (server),
11-16 03:37:43.039 2496 2496 I view_enqueue_input_event: [Motion - Cancel,com.android.launcher3/com.android.launcher3.uioverrides.QuickstepLauncher]
11-16 03:37:43.050 1504 1682 I input_interaction: Interaction with: edge-swipe (server), swipe-up (server), PointerEventDispatcher0 (server),
11-16 03:37:43.220 1504 1666 I commit_sys_config_file: [settings-1-0,4]
11-16 03:37:43.236 1504 1504 I service_manager_stats: [100,61,27016]
11-16 03:37:43.589 1504 1666 I commit_sys_config_file: [settings-1-0,4]
11-16 03:37:44.153 1504 1682 I input_interaction: Interaction with: e1de84c com.android.launcher3/com.android.launcher3.uioverrides.QuickstepLauncher (server), c74be60 com.android.systemui.ImageWallpaper (server), edge-swipe (server), swipe-up (server), PointerEventDispatcher0 (server),
11-16 03:37:44.236 2496 2496 I view_enqueue_input_event: [Motion - Cancel,com.android.launcher3/com.android.launcher3.uioverrides.QuickstepLauncher]
11-16 03:37:44.238 1504 1682 I input_interaction: Interaction with: edge-swipe (server), swipe-up (server), PointerEventDispatcher0 (server),
11-16 03:37:44.407 1504 1666 I commit_sys_config_file: [settings-1-0,4]
11-16 03:37:44.695 1504 1666 I commit_sys_config_file: [settings-1-0,5]
11-16 03:37:45.218 1504 1682 I input_interaction: Interaction with: e1de84c com.android.launcher3/com.android.launcher3.uioverrides.QuickstepLauncher (server), c74be60 com.android.systemui.ImageWallpaper (server), edge-swipe (server), swipe-up (server), PointerEventDispatcher0 (server),
11-16 03:37:45.740 1504 3120 I wm_finish_activity: [0,231441096,282,com.android.music/.MusicBrowserActivity,recent-task-trimmed]
11-16 03:37:45.742 1504 3120 I wm_destroy_activity: [0,231441096,282,com.android.music/.MusicBrowserActivity,finish-imm:finishIfPossible]
11-16 03:37:45.746 1504 3120 I wm_finish_activity: [0,94064340,283,com.android.gallery3d/.app.GalleryActivity,recent-task-trimmed]
11-16 03:37:45.748 1504 3120 I wm_destroy_activity: [0,94064340,283,com.android.gallery3d/.app.GalleryActivity,finish-imm:finishIfPossible]
11-16 03:37:45.753 1504 1571 I sysui_multi_action: [757,803,799,window_time_0,802,4]
11-16 03:37:45.759 4030 4030 I wm_on_destroy_called: [94064340,com.android.gallery3d.app.GalleryActivity,performDestroy]
11-16 03:37:45.765 1504 1571 I am_kill : [0,4030,com.android.gallery3d,0,remove task]
11-16 03:37:45.769 3441 3441 I wm_on_destroy_called: [231441096,com.android.music.MusicBrowserActivity,performDestroy]
11-16 03:37:45.769 1504 1571 I sysui_multi_action: [757,803,799,window_time_0,802,0]
11-16 03:37:45.777 1504 1821 I wm_task_removed: [282,removeChild:removeChild last r=ActivityRecord{dcb82c8 u0 com.android.music/.MusicBrowserActivity t-1 f}} in t=Task{8c92df8 #282 type=standard A=10086:android.task.music U=0 visible=false mode=fullscreen translucent=true sz=0}]
11-16 03:37:45.777 1504 1821 I wm_task_removed: [282,removeChild]
11-16 03:37:45.784 1504 1504 I sysui_multi_action: [757,128,758,5,759,8,793,766423,794,0,795,766423,796,1,806,com.android.music,857,Channel-music,858,2,947,0,1500,766423,1641,transport,1688,1,1745,1043716538]
11-16 03:37:45.785 1504 1504 I notification_canceled: [0|com.android.music|1|null|10086,8,766423,766423,0,-1,-1,NULL]
11-16 03:37:45.789 1504 1601 I am_uid_running: 10031
11-16 03:37:45.795 1504 1821 I sysui_multi_action: [757,856,758,2,806,com.android.music,857,Channel-music,858,2]
11-16 03:37:45.802 1504 1504 I notification_cancel_all: [1000,1504,com.android.music,0,0,0,20,NULL]
11-16 03:37:45.803 1504 1603 I am_proc_start: [0,4599,10031,com.android.musicfx,broadcast,{com.android.musicfx/com.android.musicfx.ControlPanelReceiver}]
11-16 03:37:45.813 1504 1504 I notification_enqueue: [10081,1968,com.android.systemui,1,empty_media,0,Notification(channel=empty_media_style_id shortcut=null contentView=null vibrate=null sound=null defaults=0x0 flags=0x20 color=0x00000000 category=transport actions=3 vis=PRIVATE),0]
11-16 03:37:45.833 1504 3120 I am_proc_bound: [0,4599,com.android.musicfx]
11-16 03:37:45.846 1504 1534 I am_proc_died: [0,4030,com.android.gallery3d,0,10]
11-16 03:37:45.848 1504 1534 I am_uid_stopped: 10064
11-16 03:37:45.851 1504 1534 I wm_task_removed: [283,removeChild:removeChild last r=ActivityRecord{59b4ed4 u0 com.android.gallery3d/.app.GalleryActivity t-1 f}} in t=Task{b8b83b #283 type=standard A=10064:com.android.gallery3d U=0 visible=false mode=fullscreen translucent=true sz=0}]
11-16 03:37:45.851 1504 1534 I wm_task_removed: [283,removeChild]
11-16 03:37:45.857 1504 1571 I am_uid_running: 10064
11-16 03:37:45.869 1504 1603 I am_proc_start: [0,4615,10064,com.android.gallery3d,NULL,]
11-16 03:37:45.890 1504 4613 I am_proc_bound: [0,4615,com.android.gallery3d]
11-16 03:37:46.016 1504 1504 I sysui_multi_action: [757,1501,758,1,793,203,794,0,795,203,796,1,797,empty_media,806,com.android.systemui,857,empty_media_style_id,858,4,947,0,1500,0,1641,transport,1688,1,1745,1043716538]
11-16 03:37:46.017 1504 1504 I sysui_multi_action: [757,804,799,note_interruptive,801,0,802,1]
11-16 03:37:46.019 1504 1504 I sysui_multi_action: [757,1501,758,1,793,206,794,0,795,206,796,1,797,empty_media,806,com.android.systemui,857,empty_media_style_id,858,4,947,0,1500,0,1641,transport,1688,1,1745,1043716538]
11-16 03:37:46.019 1504 1504 I sysui_multi_action: [757,804,799,note_interruptive,801,0,802,1]
11-16 03:37:46.020 1504 1504 I sysui_multi_action: [757,199,758,1,759,2,793,208,794,0,795,208,796,1,797,empty_media,806,com.android.systemui,857,empty_media_style_id,858,4,947,0,1500,2,1641,transport,1688,1,1745,1043716538]
11-16 03:37:46.021 1504 1504 I notification_alert: [0|com.android.systemui|1|empty_media|10081,0,1,0]
11-16 03:37:46.052 1504 1570 I commit_sys_config_file: [notification-policy,845511]
11-16 03:37:46.866 1504 4613 I wm_task_created: [287,-1]
11-16 03:37:46.873 1504 4613 I wm_task_moved: [287,1,6]
11-16 03:37:46.873 1504 4613 I wm_task_to_front: [0,287]
11-16 03:37:46.874 1504 4613 I wm_create_task: [0,287]
11-16 03:37:46.874 1504 4613 I wm_create_activity: [0,22820526,287,com.android.gallery3d/.app.GalleryActivity,android.intent.action.MAIN,NULL,NULL,270532608]
11-16 03:37:46.874 1504 4613 I wm_task_moved: [287,1,6]
11-16 03:37:46.877 1504 4613 I wm_pause_activity: [0,50203839,com.android.launcher3/.uioverrides.QuickstepLauncher,userLeaving=true,pauseBackTasks]
11-16 03:37:46.896 2496 2496 I wm_on_top_resumed_lost_called: [50203839,com.android.launcher3.uioverrides.QuickstepLauncher,topStateChangedWhenResumed]
11-16 03:37:46.900 2496 2496 I wm_on_paused_called: [50203839,com.android.launcher3.uioverrides.QuickstepLauncher,performPause]
11-16 03:37:46.903 1504 1534 I wm_add_to_stopping: [0,50203839,com.android.launcher3/.uioverrides.QuickstepLauncher,makeInvisible]
11-16 03:37:46.904 1504 1534 I wm_restart_activity: [0,22820526,287,com.android.gallery3d/.app.GalleryActivity]
11-16 03:37:46.906 1504 1534 I wm_set_resumed_activity: [0,com.android.gallery3d/.app.GalleryActivity,minimalResumeActivityLocked]
11-16 03:37:46.910 1504 1571 I am_uid_active: 10064
11-16 03:37:46.913 1504 1571 I sysui_multi_action: [757,803,799,window_time_0,802,1]
11-16 03:37:46.932 1504 1682 I input_focus: [Focus leaving e1de84c com.android.launcher3/com.android.launcher3.uioverrides.QuickstepLauncher (server),reason=NO_WINDOW]
11-16 03:37:46.961 4615 4615 I wm_on_create_called: [22820526,com.android.gallery3d.app.GalleryActivity,performCreate]
11-16 03:37:46.962 4615 4615 I wm_on_start_called: [22820526,com.android.gallery3d.app.GalleryActivity,handleStartActivity]
11-16 03:37:46.966 4615 4615 I wm_on_resume_called: [22820526,com.android.gallery3d.app.GalleryActivity,RESUME_ACTIVITY]
11-16 03:37:46.973 4615 4615 I wm_on_top_resumed_gained_called: [22820526,com.android.gallery3d.app.GalleryActivity,topStateChangedWhenResumed]
11-16 03:37:46.987 1504 1572 I input_focus: [Focus request fb16dc2 com.android.gallery3d/com.android.gallery3d.app.GalleryActivity,reason=UpdateInputWindows]
11-16 03:37:46.993 1504 1504 I notification_enqueue: [10081,1968,com.android.systemui,2048,NULL,0,Notification(channel=updateNotification shortcut=null contentView=null vibrate=null sound=null defaults=0x0 flags=0x0 color=0x00000000 vis=PRIVATE),1]
11-16 03:37:46.993 1968 1968 I sysui_multi_action: [757,111,758,2]
11-16 03:37:46.997 1968 1968 I sysui_multi_action: [757,111,758,2]
11-16 03:37:47.015 1968 1968 I sysui_multi_action: [757,111,758,1]
11-16 03:37:47.016 1968 1968 I sysui_multi_action: [757,126,758,1,759,126,927,0,928,0,1593,0]
11-16 03:37:47.016 1968 1968 I sysui_multi_action: [757,113,758,1,759,113,927,1,928,1,1593,0]
11-16 03:37:47.016 1968 1968 I sysui_multi_action: [757,0,758,1,759,0,927,2,928,0,1593,0]
11-16 03:37:47.016 1968 1968 I sysui_multi_action: [757,0,758,1,759,0,927,3,928,0,1593,0]
11-16 03:37:47.017 1968 1968 I sysui_multi_action: [757,491,758,1,759,491,927,4,928,0,1311,-1,1593,0]
11-16 03:37:47.017 1968 1968 I sysui_multi_action: [757,0,758,1,759,0,927,5,928,0,1593,0]
11-16 03:37:47.018 1968 1968 I sysui_multi_action: [757,111,758,1]
11-16 03:37:47.018 1968 1968 I sysui_multi_action: [757,126,758,1,759,126,927,0,928,0,1593,0]
11-16 03:37:47.018 1968 1968 I sysui_multi_action: [757,113,758,1,759,113,927,1,928,1,1593,0]
11-16 03:37:47.019 1968 1968 I sysui_multi_action: [757,0,758,1,759,0,927,2,928,0,1593,0]
11-16 03:37:47.019 1968 1968 I sysui_multi_action: [757,0,758,1,759,0,927,3,928,0,1593,0]
11-16 03:37:47.042 1504 1568 I sysui_multi_action: [319,75,321,73,322,178,325,856,757,761,758,8,759,1,806,com.android.gallery3d,871,com.android.gallery3d.app.GalleryActivity,904,com.android.launcher3,905,0,1320,4,1321,1]
11-16 03:37:47.043 1504 1568 I wm_activity_launch_time: [0,22820526,com.android.gallery3d/.app.GalleryActivity,178]
11-16 03:37:47.044 1504 1682 I input_focus: [Focus entering fb16dc2 com.android.gallery3d/com.android.gallery3d.app.GalleryActivity (server),reason=Window became focusable. Previous reason: NOT_VISIBLE]
11-16 03:37:47.197 1504 1504 I sysui_multi_action: [757,1501,758,1,793,835532,794,0,795,206,796,2048,806,com.android.systemui,857,updateNotification,858,3,947,0,1500,0,1688,1]
11-16 03:37:47.197 1504 1504 I sysui_multi_action: [757,804,799,note_interruptive,801,0,802,1]
11-16 03:37:47.197 1504 1504 I sysui_multi_action: [757,199,758,1,759,2,793,835533,794,0,795,207,796,2048,806,com.android.systemui,857,updateNotification,858,3,947,0,1500,1,1688,1]
11-16 03:37:47.198 1504 1504 I notification_alert: [0|com.android.systemui|2048|null|10081,0,1,0]
11-16 03:37:47.490 1504 1571 I wm_stop_activity: [0,50203839,com.android.launcher3/.uioverrides.QuickstepLauncher]
11-16 03:37:47.524 2496 2496 I wm_on_stop_called: [50203839,com.android.launcher3.uioverrides.QuickstepLauncher,STOP_ACTIVITY_ITEM]
11-16 03:37:48.094 1504 1682 I input_interaction: Interaction with: fb16dc2 com.android.gallery3d/com.android.gallery3d.app.GalleryActivity (server), edge-swipe (server), swipe-up (server), PointerEventDispatcher0 (server),
11-16 03:37:48.114 1504 1534 I wm_task_moved: [280,0,0]
11-16 03:37:48.121 1504 1534 I wm_task_moved: [280,0,5]
11-16 03:37:48.127 4615 4615 I view_enqueue_input_event: [Motion - Cancel,com.android.gallery3d/com.android.gallery3d.app.GalleryActivity]
11-16 03:37:48.128 1504 1682 I input_interaction: Interaction with: edge-swipe (server), swipe-up (server), PointerEventDispatcher0 (server),
11-16 03:37:48.141 1504 1572 I input_focus: [Focus request recents_animation_input_consumer,reason=UpdateInputWindows]
11-16 03:37:48.149 2496 2496 I wm_on_restart_called: [50203839,com.android.launcher3.uioverrides.QuickstepLauncher,performRestartActivity]
11-16 03:37:48.159 2496 2496 I wm_on_start_called: [50203839,com.android.launcher3.uioverrides.QuickstepLauncher,handleStartActivity]
11-16 03:37:48.163 1504 1682 I input_focus: [Focus leaving fb16dc2 com.android.gallery3d/com.android.gallery3d.app.GalleryActivity (server),reason=NOT_FOCUSABLE]
11-16 03:37:48.163 1504 1682 I input_focus: [Focus entering recents_animation_input_consumer (server),reason=setFocusedWindow]
11-16 03:37:48.169 2496 2496 I sysui_latency: [1,79]
11-16 03:37:48.184 1504 1568 I sysui_multi_action: [319,18,322,60,325,857,757,761,758,9,759,5,806,com.android.launcher3,871,com.android.launcher3.uioverrides.QuickstepLauncher,904,com.android.launcher3,905,0,1320,8,1321,5]
11-16 03:37:48.365 1504 1666 I commit_sys_config_file: [settings-1-0,5]
11-16 03:37:48.475 1504 1598 I sysui_latency: [8,73]
11-16 03:37:49.076 1504 2099 I wm_task_moved: [280,1,6]
11-16 03:37:49.078 4615 4615 I wm_on_top_resumed_lost_called: [22820526,com.android.gallery3d.app.GalleryActivity,topStateChangedWhenResumed]
11-16 03:37:49.079 1504 2099 I wm_task_moved: [281,1,2147483647]
11-16 03:37:49.079 1504 2099 I wm_task_to_front: [0,281]
11-16 03:37:49.080 1504 2099 I wm_focused_root_task: [0,0,280,287,RecentsAnimation.onAnimationFinished()]
11-16 03:37:49.081 1504 2099 I wm_set_resumed_activity: [0,com.android.launcher3/.uioverrides.QuickstepLauncher,RecentsAnimation.onAnimationFinished()]
11-16 03:37:49.084 1504 2099 I wm_pause_activity: [0,22820526,com.android.gallery3d/.app.GalleryActivity,userLeaving=true,pauseBackTasks]
11-16 03:37:49.086 1504 2099 I wm_add_to_stopping: [0,22820526,com.android.gallery3d/.app.GalleryActivity,makeInvisible]
11-16 03:37:49.087 1504 2099 I wm_set_resumed_activity: [0,com.android.launcher3/.uioverrides.QuickstepLauncher,resumeTopActivityInnerLocked]
