11-16 03:44:03.749 1968 1968 I sysui_multi_action: [757,0,758,1,759,0,927,2,928,0,1593,0]
11-16 03:44:03.749 1968 1968 I sysui_multi_action: [757,0,758,1,759,0,927,3,928,0,1593,0]
11-16 03:44:03.750 1968 1968 I sysui_multi_action: [757,491,758,1,759,491,927,4,928,0,1311,-1,1593,0]
11-16 03:44:03.750 1968 1968 I sysui_multi_action: [757,0,758,1,759,0,927,5,928,0,1593,0]
11-16 03:44:03.750 1968 1968 I sysui_multi_action: [757,111,758,1]
11-16 03:44:03.750 1968 1968 I sysui_multi_action: [757,126,758,1,759,126,927,0,928,0,1593,0]
11-16 03:44:03.750 1968 1968 I sysui_multi_action: [757,113,758,1,759,113,927,1,928,1,1593,0]
11-16 03:44:03.750 1968 1968 I sysui_multi_action: [757,0,758,1,759,0,927,2,928,0,1593,0]
11-16 03:44:03.750 1968 1968 I sysui_multi_action: [757,0,758,1,759,0,927,3,928,0,1593,0]
11-16 03:44:03.755 1504 1601 I am_wtf : [0,1504,system_server,-1,DisplayDeviceConfig,requesting nits when no mapping exists.]
11-16 03:44:03.757 1504 1601 I am_wtf : [0,1504,system_server,-1,DisplayDeviceConfig,requesting nits when no mapping exists.]
11-16 03:44:03.765 1504 1601 I am_wtf : [0,1504,system_server,-1,DisplayDeviceConfig,requesting nits when no mapping exists.]
11-16 03:44:03.765 1504 1601 I am_wtf : [0,1504,system_server,-1,DisplayDeviceConfig,requesting nits when no mapping exists.]
11-16 03:44:03.766 1504 1682 I input_focus: [Focus entering 9aafc0a com.thundercomm.screensaver/android.service.dreams.DreamActivity (server),reason=Window became focusable. Previous reason: NOT_VISIBLE]
11-16 03:44:03.783 1504 1601 I am_wtf : [0,1504,system_server,-1,DisplayDeviceConfig,requesting nits when no mapping exists.]
11-16 03:44:03.783 1504 1601 I am_wtf : [0,1504,system_server,-1,DisplayDeviceConfig,requesting nits when no mapping exists.]
11-16 03:44:03.798 1504 1601 I am_wtf : [0,1504,system_server,-1,DisplayDeviceConfig,requesting nits when no mapping exists.]
11-16 03:44:03.799 1504 1601 I am_wtf : [0,1504,system_server,-1,DisplayDeviceConfig,requesting nits when no mapping exists.]
11-16 03:44:03.817 1504 1601 I am_wtf : [0,1504,system_server,-1,DisplayDeviceConfig,requesting nits when no mapping exists.]
11-16 03:44:03.818 1504 1601 I am_wtf : [0,1504,system_server,-1,DisplayDeviceConfig,requesting nits when no mapping exists.]
11-16 03:44:03.831 1504 1601 I am_wtf : [0,1504,system_server,-1,DisplayDeviceConfig,requesting nits when no mapping exists.]
11-16 03:44:03.832 1504 1601 I am_wtf : [0,1504,system_server,-1,DisplayDeviceConfig,requesting nits when no mapping exists.]
11-16 03:44:03.849 1504 1601 I am_wtf : [0,1504,system_server,-1,DisplayDeviceConfig,requesting nits when no mapping exists.]
11-16 03:44:03.851 1504 1601 I am_wtf : [0,1504,system_server,-1,DisplayDeviceConfig,requesting nits when no mapping exists.]
11-16 03:44:03.865 1504 1601 I am_wtf : [0,1504,system_server,-1,DisplayDeviceConfig,requesting nits when no mapping exists.]
11-16 03:44:03.866 1504 1601 I am_wtf : [0,1504,system_server,-1,DisplayDeviceConfig,requesting nits when no mapping exists.]
11-16 03:44:03.882 1504 1601 I am_wtf : [0,1504,system_server,-1,DisplayDeviceConfig,requesting nits when no mapping exists.]
11-16 03:44:03.883 1504 1601 I am_wtf : [0,1504,system_server,-1,DisplayDeviceConfig,requesting nits when no mapping exists.]
11-16 03:44:03.899 1504 1601 I am_wtf : [0,1504,system_server,-1,DisplayDeviceConfig,requesting nits when no mapping exists.]
11-16 03:44:03.900 1504 1601 I am_wtf : [0,1504,system_server,-1,DisplayDeviceConfig,requesting nits when no mapping exists.]
11-16 03:44:03.916 1504 1601 I am_wtf : [0,1504,system_server,-1,DisplayDeviceConfig,requesting nits when no mapping exists.]
11-16 03:44:03.917 1504 1601 I am_wtf : [0,1504,system_server,-1,DisplayDeviceConfig,requesting nits when no mapping exists.]
11-16 03:44:03.929 1504 1504 I sysui_multi_action: [757,1501,758,1,793,1212265,794,0,795,208,796,2048,806,com.android.systemui,857,updateNotification,858,3,947,0,1500,0,1688,1]
11-16 03:44:03.930 1504 1504 I sysui_multi_action: [757,804,799,note_interruptive,801,0,802,1]
11-16 03:44:03.931 1504 1504 I sysui_multi_action: [757,199,758,1,759,2,793,1212266,794,0,795,209,796,2048,806,com.android.systemui,857,updateNotification,858,3,947,0,1500,1,1688,1]
11-16 03:44:03.931 1504 1504 I notification_alert: [0|com.android.systemui|2048|null|10081,0,1,0]
11-16 03:44:03.932 1504 1601 I am_wtf : [0,1504,system_server,-1,DisplayDeviceConfig,requesting nits when no mapping exists.]
11-16 03:44:03.933 1504 1601 I am_wtf : [0,1504,system_server,-1,DisplayDeviceConfig,requesting nits when no mapping exists.]
11-16 03:44:03.950 1504 1601 I am_wtf : [0,1504,system_server,-1,DisplayDeviceConfig,requesting nits when no mapping exists.]
11-16 03:44:03.950 1504 1601 I am_wtf : [0,1504,system_server,-1,DisplayDeviceConfig,requesting nits when no mapping exists.]
11-16 03:44:03.971 1504 1601 I am_wtf : [0,1504,system_server,-1,DisplayDeviceConfig,requesting nits when no mapping exists.]
11-16 03:44:03.972 1504 1601 I am_wtf : [0,1504,system_server,-1,DisplayDeviceConfig,requesting nits when no mapping exists.]
11-16 03:44:03.982 1504 1601 I am_wtf : [0,1504,system_server,-1,DisplayDeviceConfig,requesting nits when no mapping exists.]
11-16 03:44:03.983 1504 1601 I am_wtf : [0,1504,system_server,-1,DisplayDeviceConfig,requesting nits when no mapping exists.]
11-16 03:44:03.998 1504 1601 I am_wtf : [0,1504,system_server,-1,DisplayDeviceConfig,requesting nits when no mapping exists.]
11-16 03:44:03.999 1504 1601 I am_wtf : [0,1504,system_server,-1,DisplayDeviceConfig,requesting nits when no mapping exists.]
11-16 03:44:04.016 1504 1601 I am_wtf : [0,1504,system_server,-1,DisplayDeviceConfig,requesting nits when no mapping exists.]
11-16 03:44:04.016 1504 1601 I am_wtf : [0,1504,system_server,-1,DisplayDeviceConfig,requesting nits when no mapping exists.]
11-16 03:44:04.033 1504 1571 I wm_stop_activity: [0,50203839,com.android.launcher3/.uioverrides.QuickstepLauncher]
11-16 03:44:04.042 1504 1601 I am_wtf : [0,1504,system_server,-1,DisplayDeviceConfig,requesting nits when no mapping exists.]
11-16 03:44:04.043 1504 1601 I am_wtf : [0,1504,system_server,-1,DisplayDeviceConfig,requesting nits when no mapping exists.]
11-16 03:44:04.052 1504 1601 I am_wtf : [0,1504,system_server,-1,DisplayDeviceConfig,requesting nits when no mapping exists.]
11-16 03:44:04.053 1504 1601 I am_wtf : [0,1504,system_server,-1,DisplayDeviceConfig,requesting nits when no mapping exists.]
11-16 03:44:04.067 1504 1601 I am_wtf : [0,1504,system_server,-1,DisplayDeviceConfig,requesting nits when no mapping exists.]
11-16 03:44:04.068 1504 1601 I am_wtf : [0,1504,system_server,-1,DisplayDeviceConfig,requesting nits when no mapping exists.]
11-16 03:44:04.069 2496 2496 I wm_on_stop_called: [50203839,com.android.launcher3.uioverrides.QuickstepLauncher,STOP_ACTIVITY_ITEM]
11-16 03:44:04.083 1504 1601 I am_wtf : [0,1504,system_server,-1,DisplayDeviceConfig,requesting nits when no mapping exists.]
11-16 03:44:04.083 1504 1601 I am_wtf : [0,1504,system_server,-1,DisplayDeviceConfig,requesting nits when no mapping exists.]
11-16 03:44:04.096 1504 1601 I am_wtf : [0,1504,system_server,-1,DisplayDeviceConfig,requesting nits when no mapping exists.]
11-16 03:44:04.098 1504 1601 I am_wtf : [0,1504,system_server,-1,DisplayDeviceConfig,requesting nits when no mapping exists.]
11-16 03:44:04.114 1504 1601 I am_wtf : [0,1504,system_server,-1,DisplayDeviceConfig,requesting nits when no mapping exists.]
11-16 03:44:04.115 1504 1601 I am_wtf : [0,1504,system_server,-1,DisplayDeviceConfig,requesting nits when no mapping exists.]
11-16 03:44:04.129 1504 1601 I am_wtf : [0,1504,system_server,-1,DisplayDeviceConfig,requesting nits when no mapping exists.]
11-16 03:44:04.130 1504 1601 I am_wtf : [0,1504,system_server,-1,DisplayDeviceConfig,requesting nits when no mapping exists.]
11-16 03:44:04.146 1504 1601 I am_wtf : [0,1504,system_server,-1,DisplayDeviceConfig,requesting nits when no mapping exists.]
11-16 03:44:04.147 1504 1601 I am_wtf : [0,1504,system_server,-1,DisplayDeviceConfig,requesting nits when no mapping exists.]
11-16 03:44:04.165 1504 1601 I am_wtf : [0,1504,system_server,-1,DisplayDeviceConfig,requesting nits when no mapping exists.]
11-16 03:44:04.167 1504 1601 I am_wtf : [0,1504,system_server,-1,DisplayDeviceConfig,requesting nits when no mapping exists.]
11-16 03:44:04.180 1504 1601 I am_wtf : [0,1504,system_server,-1,DisplayDeviceConfig,requesting nits when no mapping exists.]
11-16 03:44:04.181 1504 1601 I am_wtf : [0,1504,system_server,-1,DisplayDeviceConfig,requesting nits when no mapping exists.]
11-16 03:44:04.197 1504 1601 I am_wtf : [0,1504,system_server,-1,DisplayDeviceConfig,requesting nits when no mapping exists.]
11-16 03:44:04.198 1504 1601 I am_wtf : [0,1504,system_server,-1,DisplayDeviceConfig,requesting nits when no mapping exists.]
11-16 03:44:04.213 1504 1601 I am_wtf : [0,1504,system_server,-1,DisplayDeviceConfig,requesting nits when no mapping exists.]
11-16 03:44:04.215 1504 1601 I am_wtf : [0,1504,system_server,-1,DisplayDeviceConfig,requesting nits when no mapping exists.]
11-16 03:44:04.230 1504 1601 I am_wtf : [0,1504,system_server,-1,DisplayDeviceConfig,requesting nits when no mapping exists.]
11-16 03:44:04.231 1504 1601 I am_wtf : [0,1504,system_server,-1,DisplayDeviceConfig,requesting nits when no mapping exists.]
11-16 03:44:04.246 1504 1601 I am_wtf : [0,1504,system_server,-1,DisplayDeviceConfig,requesting nits when no mapping exists.]
11-16 03:44:04.248 1504 1601 I am_wtf : [0,1504,system_server,-1,DisplayDeviceConfig,requesting nits when no mapping exists.]
11-16 03:44:04.263 1504 1601 I am_wtf : [0,1504,system_server,-1,DisplayDeviceConfig,requesting nits when no mapping exists.]
11-16 03:44:04.264 1504 1601 I am_wtf : [0,1504,system_server,-1,DisplayDeviceConfig,requesting nits when no mapping exists.]
11-16 03:44:04.282 1504 1601 I am_wtf : [0,1504,system_server,-1,DisplayDeviceConfig,requesting nits when no mapping exists.]
11-16 03:44:04.283 1504 1601 I am_wtf : [0,1504,system_server,-1,DisplayDeviceConfig,requesting nits when no mapping exists.]
11-16 03:44:04.296 1504 1601 I am_wtf : [0,1504,system_server,-1,DisplayDeviceConfig,requesting nits when no mapping exists.]
11-16 03:44:04.298 1504 1601 I am_wtf : [0,1504,system_server,-1,DisplayDeviceConfig,requesting nits when no mapping exists.]
11-16 03:44:04.314 1504 1601 I am_wtf : [0,1504,system_server,-1,DisplayDeviceConfig,requesting nits when no mapping exists.]
11-16 03:44:04.315 1504 1601 I am_wtf : [0,1504,system_server,-1,DisplayDeviceConfig,requesting nits when no mapping exists.]
11-16 03:44:04.332 1504 1601 I am_wtf : [0,1504,system_server,-1,DisplayDeviceConfig,requesting nits when no mapping exists.]
11-16 03:44:04.332 1504 1601 I service_manager_stats: [100,51,7002]
11-16 03:44:04.333 1504 1601 I am_wtf : [0,1504,system_server,-1,DisplayDeviceConfig,requesting nits when no mapping exists.]
11-16 03:44:04.348 1504 1601 I am_wtf : [0,1504,system_server,-1,DisplayDeviceConfig,requesting nits when no mapping exists.]
11-16 03:44:04.349 1504 1601 I am_wtf : [0,1504,system_server,-1,DisplayDeviceConfig,requesting nits when no mapping exists.]
11-16 03:44:04.363 1504 1601 I am_wtf : [0,1504,system_server,-1,DisplayDeviceConfig,requesting nits when no mapping exists.]
11-16 03:44:04.365 1504 1601 I am_wtf : [0,1504,system_server,-1,DisplayDeviceConfig,requesting nits when no mapping exists.]
11-16 03:44:04.380 1504 1601 I am_wtf : [0,1504,system_server,-1,DisplayDeviceConfig,requesting nits when no mapping exists.]
11-16 03:44:04.381 1504 1601 I am_wtf : [0,1504,system_server,-1,DisplayDeviceConfig,requesting nits when no mapping exists.]
11-16 03:44:04.397 1504 1601 I am_wtf : [0,1504,system_server,-1,DisplayDeviceConfig,requesting nits when no mapping exists.]
11-16 03:44:04.398 1504 1601 I am_wtf : [0,1504,system_server,-1,DisplayDeviceConfig,requesting nits when no mapping exists.]
11-16 03:44:04.414 1504 1601 I am_wtf : [0,1504,system_server,-1,DisplayDeviceConfig,requesting nits when no mapping exists.]
11-16 03:44:04.415 1504 1601 I am_wtf : [0,1504,system_server,-1,DisplayDeviceConfig,requesting nits when no mapping exists.]
11-16 03:44:04.430 1504 1601 I am_wtf : [0,1504,system_server,-1,DisplayDeviceConfig,requesting nits when no mapping exists.]
11-16 03:44:04.431 1504 1601 I am_wtf : [0,1504,system_server,-1,DisplayDeviceConfig,requesting nits when no mapping exists.]
11-16 03:44:04.447 1504 1601 I am_wtf : [0,1504,system_server,-1,DisplayDeviceConfig,requesting nits when no mapping exists.]
11-16 03:44:04.448 1504 1601 I am_wtf : [0,1504,system_server,-1,DisplayDeviceConfig,requesting nits when no mapping exists.]
11-16 03:44:04.464 1504 1601 I am_wtf : [0,1504,system_server,-1,DisplayDeviceConfig,requesting nits when no mapping exists.]
11-16 03:44:04.466 1504 1601 I am_wtf : [0,1504,system_server,-1,DisplayDeviceConfig,requesting nits when no mapping exists.]
11-16 03:44:04.481 1504 1601 I am_wtf : [0,1504,system_server,-1,DisplayDeviceConfig,requesting nits when no mapping exists.]
11-16 03:44:04.482 1504 1601 I am_wtf : [0,1504,system_server,-1,DisplayDeviceConfig,requesting nits when no mapping exists.]
11-16 03:44:04.498 1504 1601 I am_wtf : [0,1504,system_server,-1,DisplayDeviceConfig,requesting nits when no mapping exists.]
11-16 03:44:04.500 1504 1601 I am_wtf : [0,1504,system_server,-1,DisplayDeviceConfig,requesting nits when no mapping exists.]
11-16 03:44:04.516 1504 1601 I am_wtf : [0,1504,system_server,-1,DisplayDeviceConfig,requesting nits when no mapping exists.]
11-16 03:44:04.516 1504 1601 I am_wtf : [0,1504,system_server,-1,DisplayDeviceConfig,requesting nits when no mapping exists.]
11-16 03:44:04.531 1504 1601 I am_wtf : [0,1504,system_server,-1,DisplayDeviceConfig,requesting nits when no mapping exists.]
11-16 03:44:04.535 1504 1601 I am_wtf : [0,1504,system_server,-1,DisplayDeviceConfig,requesting nits when no mapping exists.]
11-16 03:44:04.548 1504 1601 I am_wtf : [0,1504,system_server,-1,DisplayDeviceConfig,requesting nits when no mapping exists.]
11-16 03:44:04.549 1504 1601 I am_wtf : [0,1504,system_server,-1,DisplayDeviceConfig,requesting nits when no mapping exists.]
11-16 03:44:04.564 1504 1601 I am_wtf : [0,1504,system_server,-1,DisplayDeviceConfig,requesting nits when no mapping exists.]
11-16 03:44:04.566 1504 1601 I am_wtf : [0,1504,system_server,-1,DisplayDeviceConfig,requesting nits when no mapping exists.]
11-16 03:44:04.581 1504 1601 I am_wtf : [0,1504,system_server,-1,DisplayDeviceConfig,requesting nits when no mapping exists.]
11-16 03:44:04.582 1504 1601 I am_wtf : [0,1504,system_server,-1,DisplayDeviceConfig,requesting nits when no mapping exists.]
11-16 03:44:04.597 1504 1601 I am_wtf : [0,1504,system_server,-1,DisplayDeviceConfig,requesting nits when no mapping exists.]
11-16 03:44:04.598 1504 1601 I am_wtf : [0,1504,system_server,-1,DisplayDeviceConfig,requesting nits when no mapping exists.]
11-16 03:44:04.614 1504 1601 I am_wtf : [0,1504,system_server,-1,DisplayDeviceConfig,requesting nits when no mapping exists.]
11-16 03:44:04.616 1504 1601 I am_wtf : [0,1504,system_server,-1,DisplayDeviceConfig,requesting nits when no mapping exists.]
11-16 03:44:04.633 1504 1601 I am_wtf : [0,1504,system_server,-1,DisplayDeviceConfig,requesting nits when no mapping exists.]
11-16 03:44:04.633 1504 1601 I am_wtf : [0,1504,system_server,-1,DisplayDeviceConfig,requesting nits when no mapping exists.]
11-16 03:44:04.648 1504 1601 I am_wtf : [0,1504,system_server,-1,DisplayDeviceConfig,requesting nits when no mapping exists.]
11-16 03:44:04.649 1504 1601 I am_wtf : [0,1504,system_server,-1,DisplayDeviceConfig,requesting nits when no mapping exists.]
11-16 03:44:04.665 1504 1601 I am_wtf : [0,1504,system_server,-1,DisplayDeviceConfig,requesting nits when no mapping exists.]
11-16 03:44:04.666 1504 1601 I am_wtf : [0,1504,system_server,-1,DisplayDeviceConfig,requesting nits when no mapping exists.]
11-16 03:44:04.681 1504 1601 I am_wtf : [0,1504,system_server,-1,DisplayDeviceConfig,requesting nits when no mapping exists.]
11-16 03:44:04.682 1504 1601 I am_wtf : [0,1504,system_server,-1,DisplayDeviceConfig,requesting nits when no mapping exists.]
11-16 03:44:04.699 1504 1601 I am_wtf : [0,1504,system_server,-1,DisplayDeviceConfig,requesting nits when no mapping exists.]
11-16 03:44:04.700 1504 1601 I am_wtf : [0,1504,system_server,-1,DisplayDeviceConfig,requesting nits when no mapping exists.]
11-16 03:45:10.113 1504 1601 I am_uid_idle: 10066
11-16 03:45:49.621 1504 1668 I am_freeze: [4341,com.android.calendar]
11-16 03:45:49.626 1504 1668 I am_freeze: [4340,com.android.settings]
11-16 03:45:49.628 1504 1668 I am_kill : [0,4341,com.android.calendar,935,Unable to freeze binder interface]
11-16 03:45:49.630 1504 1668 I am_kill : [0,4340,com.android.settings,925,Unable to freeze binder interface]
11-16 03:45:49.655 1504 4276 I am_proc_died: [0,4340,com.android.settings,925,19]
11-16 03:45:49.660 1504 4303 I am_proc_died: [0,4341,com.android.calendar,935,19]
11-16 03:45:49.660 1504 4303 I am_uid_stopped: 10063
11-16 03:45:49.668 1504 1598 I am_pss : [4192,10051,com.thundercomm.screensaver,62460928,56172544,0,175718400,0,2,7]
11-16 03:45:49.676 1504 1598 I am_pss : [4718,10064,com.android.gallery3d,19629056,13529088,0,133414912,0,15,7]
11-16 03:47:45.820 1504 1668 I am_freeze: [3441,com.android.music]
11-16 03:47:45.823 1504 1668 I am_kill : [0,3441,com.android.music,925,Unable to freeze binder interface]
11-16 03:47:45.868 1504 1534 I am_proc_died: [0,3441,com.android.music,925,19]
11-16 03:47:45.870 1504 1534 I am_uid_stopped: 10086
11-16 03:47:45.883 1504 1598 I am_pss : [4192,10051,com.thundercomm.screensaver,63704064,56999936,0,176545792,0,2,6]
11-16 03:47:45.921 1504 1668 I am_freeze: [4599,com.android.musicfx]
11-16 03:47:45.922 1504 1668 I am_kill : [0,4599,com.android.musicfx,915,Unable to freeze binder interface]
11-16 03:47:45.952 1504 1534 I am_proc_died: [0,4599,com.android.musicfx,915,19]
11-16 03:47:45.952 1504 1534 I am_uid_stopped: 10031
11-16 03:53:30.551 566 566 I auditd : type=1400 audit(0.0:261): avc: denied { read } for comm="Binder:566_2" name="wakeup58" dev="sysfs" ino=71843 scontext=u:r:system_suspend:s0 tcontext=u:object_r:sysfs:s0 tclass=dir permissive=0
11-16 03:53:30.555 566 566 I auditd : type=1400 audit(0.0:262): avc: denied { read } for comm="Binder:566_2" name="wakeup48" dev="sysfs" ino=67160 scontext=u:r:system_suspend:s0 tcontext=u:object_r:sysfs:s0 tclass=dir permissive=0
11-16 03:53:30.555 566 566 I auditd : type=1400 audit(0.0:263): avc: denied { read } for comm="Binder:566_2" name="wakeup4" dev="sysfs" ino=47028 scontext=u:r:system_suspend:s0 tcontext=u:object_r:sysfs:s0 tclass=dir permissive=0
11-16 03:53:30.555 566 566 I auditd : type=1400 audit(0.0:264): avc: denied { read } for comm="Binder:566_2" name="wakeup76" dev="sysfs" ino=76764 scontext=u:r:system_suspend:s0 tcontext=u:object_r:sysfs:s0 tclass=dir permissive=0
11-16 03:53:30.559 566 566 I auditd : type=1400 audit(0.0:265): avc: denied { read } for comm="Binder:566_2" name="wakeup28" dev="sysfs" ino=53093 scontext=u:r:system_suspend:s0 tcontext=u:object_r:sysfs:s0 tclass=dir permissive=0
11-16 03:53:30.559 566 566 I auditd : type=1400 audit(0.0:266): avc: denied { read } for comm="Binder:566_2" name="wakeup56" dev="sysfs" ino=71771 scontext=u:r:system_suspend:s0 tcontext=u:object_r:sysfs:s0 tclass=dir permissive=0
11-16 03:53:30.563 566 566 I auditd : type=1400 audit(0.0:267): avc: denied { read } for comm="Binder:566_2" name="wakeup2" dev="sysfs" ino=46552 scontext=u:r:system_suspend:s0 tcontext=u:object_r:sysfs:s0 tclass=dir permissive=0
11-16 03:53:30.617 1504 1598 I commit_sys_config_file: [batterystats,7]
11-16 03:53:30.619 1504 1598 I commit_sys_config_file: [batterystats,2]
11-16 03:53:51.683 1504 2009 I commit_sys_config_file: [appops,1800868]
11-16 03:53:51.859 500 511 I auditd : type=1401 audit(0.0:310): op=security_compute_sid invalid_context=u:r:np_thundercomm_tlog_pstore:s0 scontext=u:r:init:s0 tcontext=u:object_r:np_thundercomm_tlog_pstore_exec:s0 tclass=process
11-16 03:53:54.215 4951 4951 I auditd : type=1400 audit(0.0:311): avc: denied { read } for comm="ls" name="/" dev="dm-5" ino=2 scontext=u:r:system_app:s0 tcontext=u:object_r:rootfs:s0 tclass=dir permissive=0
11-16 03:53:54.263 4955 4955 I auditd : type=1400 audit(0.0:312): avc: denied { read } for comm="ls" name="/" dev="dm-5" ino=2 scontext=u:r:system_app:s0 tcontext=u:object_r:rootfs:s0 tclass=dir permissive=0
11-16 03:55:49.763 1504 1668 I am_freeze: [2607,com.thundercomm.gamemode.provider]
11-16 03:55:49.765 1504 1668 I am_kill : [0,2607,com.thundercomm.gamemode.provider,905,Unable to freeze binder interface]
11-16 03:55:49.806 1504 1821 I am_proc_died: [0,2607,com.thundercomm.gamemode.provider,905,19]
11-16 03:55:49.807 1504 1821 I am_uid_stopped: 10066
11-16 03:55:49.819 1504 1598 I am_pss : [4192,10051,com.thundercomm.screensaver,64694272,57880576,0,177426432,0,2,7]
11-16 03:55:49.829 1504 1598 I am_pss : [4718,10064,com.android.gallery3d,20203520,13529088,0,133414912,0,15,6]
11-16 03:55:49.838 1504 1598 I am_pss : [1965,1002,com.android.bluetooth,36086784,26664960,0,152760320,0,0,8]
11-16 03:55:49.845 1504 1598 I am_pss : [2742,10095,com.android.providers.media.module,17835008,13828096,0,119189504,0,0,6]
11-16 03:55:49.855 1504 1598 I am_pss : [3919,10027,com.baidu.input,69262336,63074304,0,177160192,0,7,8]
11-16 03:55:49.863 1504 1598 I am_pss : [2378,10096,android.ext.services,17671168,7409664,0,135913472,0,5,7]
11-16 03:55:49.871 1504 1598 I am_pss : [3677,1000,com.thundercomm.gamemode,17835008,13492224,0,120156160,0,10,7]
11-16 03:55:49.877 1504 1598 I am_pss : [2998,10076,com.qualcomm.location.XT,6973440,4575232,0,94162944,0,6,5]
11-16 03:55:49.882 1504 1598 I am_pss : [3575,2000,com.android.shell,6599680,4255744,0,92364800,0,19,5]
11-16 03:55:49.889 1504 1598 I am_pss : [3506,10024,com.android.packageinstaller,7640064,5439488,0,91303936,0,19,5]
11-16 03:55:49.894 1504 1598 I am_pss : [3424,10030,com.android.managedprovisioning,9550848,7270400,0,94769152,0,19,5]
11-16 03:55:49.900 1504 1598 I am_pss : [3189,1000,com.qti.diagservices,6483968,3829760,0,94773248,0,10,5]
11-16 03:55:49.906 1504 1598 I am_pss : [2861,10089,com.qualcomm.qti.workloadclassifier,8806400,6537216,0,93646848,0,0,5]
11-16 03:55:49.913 1504 1598 I am_pss : [2868,10071,com.qualcomm.location,11215872,7704576,0,106041344,0,0,6]
11-16 03:55:49.918 1504 1598 I am_pss : [2815,10083,com.qualcomm.qti.qccnetstat,6676480,4337664,0,92151808,0,0,5]
11-16 03:55:49.924 1504 1598 I am_pss : [2807,10077,com.qualcomm.qti.services.systemhelper:systemhelper_service,6884352,4485120,0,94150656,0,0,5]
11-16 03:55:49.928 1504 1598 I am_pss : [2796,10053,.pasr,5879808,3641344,0,89706496,0,0,4]
11-16 03:55:49.934 1504 1598 I am_pss : [2776,10057,ts.car.uart,6664192,4427776,0,90906624,0,0,5]
11-16 03:55:49.943 1504 1598 I am_pss : [2769,10084,com.hht.lebocast,45149184,21348352,0,117149696,0,0,7]
11-16 03:55:49.949 1504 1598 I am_pss : [2346,1000,com.thundercomm.tcservice,9843712,7356416,0,98181120,0,0,5]
11-16 03:55:49.955 1504 1598 I am_pss : [2357,1000,com.qualcomm.qti.qdma,10006528,6426624,0,106274816,0,0,5]
11-16 03:55:49.961 1504 1598 I am_pss : [3158,10062,com.qualcomm.qti.devicestatisticsservice,5807104,3571712,0,89509888,0,0,5]
11-16 03:55:49.966 1504 1598 I am_pss : [2335,1000,com.thundercomm.remotecontrolservice,14007296,11223040,0,104882176,0,0,5]
11-16 03:55:49.971 1504 1598 I am_pss : [2271,10087,com.qti.qualcomm.mstatssystemservice,5946368,3702784,0,90480640,0,0,4]
11-16 03:55:49.978 1504 1598 I am_pss : [2293,1068,com.android.se,6328320,3997696,0,92143616,0,0,5]
11-16 03:55:49.984 1504 1598 I am_pss : [2244,1073,com.android.networkstack.process,12796928,9703424,0,105922560,0,0,6]
11-16 03:55:49.990 1504 1598 I am_pss : [2248,1000,vendor.qti.qesdk.sysservice,6003712,3706880,0,91267072,0,0,5]
11-16 03:55:49.995 1504 1598 I am_pss : [2220,1000,com.tc.logclient,7588864,5222400,0,94593024,0,0,4]
11-16 03:55:50.001 1504 1598 I am_pss : [2209,1000,com.thundercomm.tchttpserver,13318144,11026432,0,98783232,0,0,5]
11-16 03:55:50.007 1504 1598 I am_pss : [2174,10055,.qtidataservices,6364160,4079616,0,91877376,0,0,5]
11-16 03:55:50.012 1504 1598 I am_pss : [2153,1000,com.thundercomm.tcsetupWizard,7223296,5013504,0,91103232,0,0,5]
11-16 03:55:50.018 1504 1598 I am_pss : [2172,1001,.dataservices,8832000,6426624,0,95145984,0,0,5]
11-16 03:55:50.024 1504 1598 I am_pss : [2140,1000,com.thundercomm.microsettings,37827584,34037760,0,131600384,0,0,5]
11-16 03:55:50.029 1504 1598 I am_pss : [2095,1000,com.thundercomm.microservice,13592576,11288576,0,99274752,0,0,5]
11-16 03:55:50.039 1504 1598 I am_pss : [1968,10081,com.android.systemui,94203904,75853824,0,254509056,0,0,9]
11-16 03:55:50.059 1504 1598 I am_pss : [1504,1000,system,244908032,156422144,0,568475648,0,0,18]
11-16 03:55:50.079 1504 1598 I commit_sys_config_file: [procstats,5]
11-16 03:57:02.695 1504 1682 I input_interaction: Interaction with: 9aafc0a com.thundercomm.screensaver/android.service.dreams.DreamActivity (server), edge-swipe (server), swipe-up (server), PointerEventDispatcher0 (server),
11-16 03:57:02.699 1504 2505 I wm_finish_activity: [0,155254270,290,com.thundercomm.screensaver/android.service.dreams.DreamActivity,finish-activity]
11-16 03:57:02.700 1504 2505 I wm_task_moved: [280,1,6]
11-16 03:57:02.701 1504 2505 I wm_task_moved: [281,1,2147483647]
11-16 03:57:02.701 1504 2505 I wm_task_to_front: [0,281]
11-16 03:57:02.701 1504 2505 I wm_focused_root_task: [0,0,280,290,finish-top adjustFocusToNextFocusableTask]
11-16 03:57:02.701 1504 2505 I wm_set_resumed_activity: [0,com.android.launcher3/.uioverrides.QuickstepLauncher,finish-top adjustFocusToNextFocusableTask]
11-16 03:57:02.702 1504 2505 I wm_pause_activity: [0,155254270,com.thundercomm.screensaver/android.service.dreams.DreamActivity,userLeaving=false,finish]
11-16 03:57:02.712 4192 4192 I wm_on_top_resumed_lost_called: [155254270,android.service.dreams.DreamActivity,topStateChangedWhenResumed]
11-16 03:57:02.713 1504 1571 I sysui_multi_action: [757,803,799,window_time_0,802,779]
11-16 03:57:02.716 4192 4192 I wm_on_paused_called: [155254270,android.service.dreams.DreamActivity,performPause]
11-16 03:57:02.717 1504 2505 I wm_add_to_stopping: [0,155254270,com.thundercomm.screensaver/android.service.dreams.DreamActivity,completeFinishing]
11-16 03:57:02.719 1504 2505 I wm_set_resumed_activity: [0,com.android.launcher3/.uioverrides.QuickstepLauncher,resumeTopActivityInnerLocked]
11-16 03:57:02.720 1504 2505 I wm_resume_activity: [0,50203839,281,com.android.launcher3/.uioverrides.QuickstepLauncher]
11-16 03:57:02.726 1504 1571 I sysui_multi_action: [757,803,799,window_time_0,802,0]
11-16 03:57:02.731 1504 1571 I am_uid_running: 10086
11-16 03:57:02.734 2496 2496 I wm_on_restart_called: [50203839,com.android.launcher3.uioverrides.QuickstepLauncher,performRestartActivity]
11-16 03:57:02.735 2496 2496 I wm_on_start_called: [50203839,com.android.launcher3.uioverrides.QuickstepLauncher,handleStartActivity]
11-16 03:57:02.735 1504 1682 I input_focus: [Focus leaving 9aafc0a com.thundercomm.screensaver/android.service.dreams.DreamActivity (server),reason=NO_WINDOW]
11-16 03:57:02.736 2496 2496 I wm_on_resume_called: [50203839,com.android.launcher3.uioverrides.QuickstepLauncher,RESUME_ACTIVITY]
11-16 03:57:02.736 2496 2496 I wm_on_top_resumed_gained_called: [50203839,com.android.launcher3.uioverrides.QuickstepLauncher,topWhenResuming]
11-16 03:57:02.738 4192 4192 I view_enqueue_input_event: [Motion - Cancel,com.thundercomm.screensaver/android.service.dreams.DreamActivity]
11-16 03:57:02.746 1504 1572 I input_focus: [Focus request e1de84c com.android.launcher3/com.android.launcher3.uioverrides.QuickstepLauncher,reason=UpdateInputWindows]
11-16 03:57:02.746 1504 1571 I am_uid_running: 10063
11-16 03:57:02.749 1504 1603 I am_proc_start: [0,4975,10086,com.android.music,NULL,]
11-16 03:57:02.756 1504 1821 I am_uid_running: 10066
11-16 03:57:02.770 1504 1603 I am_proc_start: [0,4985,1000,com.android.settings,NULL,]
11-16 03:57:02.775 1504 1682 I input_focus: [Focus entering e1de84c com.android.launcher3/com.android.launcher3.uioverrides.QuickstepLauncher (server),reason=setFocusedWindow]
11-16 03:57:02.782 1504 1603 I am_proc_start: [0,5003,10063,com.android.calendar,NULL,]
11-16 03:57:02.783 1504 1821 I am_proc_bound: [0,4975,com.android.music]
11-16 03:57:02.799 1504 1603 I am_proc_start: [0,5013,10066,com.thundercomm.gamemode.provider,content provider,{com.thundercomm.gamemode.provider/com.thundercomm.gamemode.provider.SettingsProvider}]
11-16 03:57:02.802 1504 2493 I am_proc_bound: [0,4985,com.android.settings]
11-16 03:57:02.805 1504 1821 I am_proc_bound: [0,5003,com.android.calendar]
11-16 03:57:02.810 1504 2505 I am_proc_bound: [0,5013,com.thundercomm.gamemode.provider]
11-16 03:57:02.869 1504 1504 I am_uid_active: 10066
11-16 03:57:03.009 1504 1571 I wm_destroy_activity: [0,155254270,290,com.thundercomm.screensaver/android.service.dreams.DreamActivity,finish-imm:idle]
11-16 03:57:03.025 4192 4192 I wm_on_stop_called: [155254270,android.service.dreams.DreamActivity,LIFECYCLER_STOP_ACTIVITY]
11-16 03:57:03.027 4192 4192 I wm_on_destroy_called: [155254270,android.service.dreams.DreamActivity,performDestroy]
11-16 03:57:03.032 1504 1568 I sysui_multi_action: [757,222,758,2]
11-16 03:57:03.032 1504 1568 I sysui_multi_action: [757,804,799,dreaming_minutes,801,12,802,1]
11-16 03:57:03.043 1504 1821 I wm_task_removed: [290,removeChild:removeChild last r=ActivityRecord{940fdfe u0 com.thundercomm.screensaver/android.service.dreams.DreamActivity t-1 f}} in t=Task{69d8a6b #290 type=dream A=10051:android:com.thundercomm.screensaver/dream U=0 visible=false mode=fullscreen translucent=true sz=0}]
11-16 03:57:03.043 1504 1821 I wm_task_removed: [290,removeChild]
11-16 03:57:03.461 1504 1682 I input_interaction: Interaction with: e1de84c com.android.launcher3/com.android.launcher3.uioverrides.QuickstepLauncher (server), c74be60 com.android.systemui.ImageWallpaper (server), edge-swipe (server), swipe-up (server), PointerEventDispatcher0 (server),
11-16 03:57:03.736 2496 2496 I view_enqueue_input_event: [Motion - Cancel,com.android.launcher3/com.android.launcher3.uioverrides.QuickstepLauncher]
11-16 03:57:03.741 1504 1682 I input_interaction: Interaction with: edge-swipe (server), swipe-up (server), PointerEventDispatcher0 (server),
11-16 03:57:03.926 1504 1666 I commit_sys_config_file: [settings-1-0,4]
11-16 03:57:04.596 1504 1666 I commit_sys_config_file: [settings-1-0,5]
11-16 03:57:04.622 1504 1682 I input_interaction: Interaction with: e1de84c com.android.launcher3/com.android.launcher3.uioverrides.QuickstepLauncher (server), c74be60 com.android.systemui.ImageWallpaper (server), edge-swipe (server), swipe-up (server), PointerEventDispatcher0 (server),
11-16 03:57:04.708 2496 2496 I view_enqueue_input_event: [Motion - Cancel,com.android.launcher3/com.android.launcher3.uioverrides.QuickstepLauncher]
11-16 03:57:04.715 1504 1682 I input_interaction: Interaction with: edge-swipe (server), swipe-up (server), PointerEventDispatcher0 (server),
11-16 03:57:04.894 1504 1666 I commit_sys_config_file: [settings-1-0,5]
11-16 03:57:05.435 1504 1666 I commit_sys_config_file: [settings-1-0,7]
11-16 03:57:14.830 1504 1682 I input_interaction: Interaction with: e1de84c com.android.launcher3/com.android.launcher3.uioverrides.QuickstepLauncher (server), c74be60 com.android.systemui.ImageWallpaper (server), edge-swipe (server), swipe-up (server), PointerEventDispatcher0 (server),
11-16 03:57:15.598 2496 2496 I view_enqueue_input_event: [Motion - Cancel,com.android.launcher3/com.android.launcher3.uioverrides.QuickstepLauncher]
11-16 03:57:15.605 1504 1682 I input_interaction: Interaction with: edge-swipe (server), swipe-up (server), PointerEventDispatcher0 (server),
11-16 03:57:15.791 1504 1666 I commit_sys_config_file: [settings-1-0,8]
11-16 03:57:16.156 1504 1666 I commit_sys_config_file: [settings-1-0,5]
11-16 03:57:16.513 1504 1682 I input_interaction: Interaction with: e1de84c com.android.launcher3/com.android.launcher3.uioverrides.QuickstepLauncher (server), c74be60 com.android.systemui.ImageWallpaper (server), edge-swipe (server), swipe-up (server), PointerEventDispatcher0 (server),
11-16 03:57:16.658 2496 2496 I view_enqueue_input_event: [Motion - Cancel,com.android.launcher3/com.android.launcher3.uioverrides.QuickstepLauncher]
11-16 03:57:16.665 1504 1682 I input_interaction: Interaction with: edge-swipe (server), swipe-up (server), PointerEventDispatcher0 (server),
11-16 03:57:16.841 1504 1666 I commit_sys_config_file: [settings-1-0,4]
11-16 03:57:17.174 1504 1666 I commit_sys_config_file: [settings-1-0,4]
11-16 03:57:18.019 1504 1682 I input_interaction: Interaction with: e1de84c com.android.launcher3/com.android.launcher3.uioverrides.QuickstepLauncher (server), c74be60 com.android.systemui.ImageWallpaper (server), edge-swipe (server), swipe-up (server), PointerEventDispatcher0 (server),
11-16 03:57:18.540 1504 4899 I wm_finish_activity: [0,143607890,288,com.android.gallery3d/.app.GalleryActivity,recent-task-trimmed]
11-16 03:57:18.545 1504 4899 I wm_destroy_activity: [0,143607890,288,com.android.gallery3d/.app.GalleryActivity,finish-imm:finishIfPossible]
11-16 03:57:18.554 4718 4718 I wm_on_destroy_called: [143607890,com.android.gallery3d.app.GalleryActivity,performDestroy]
11-16 03:57:18.561 1504 1571 I am_kill : [0,4718,com.android.gallery3d,0,remove task]
11-16 03:57:18.567 1504 1571 I sysui_multi_action: [757,803,799,window_time_0,802,16]
11-16 03:57:18.606 1504 2059 I am_proc_died: [0,4718,com.android.gallery3d,0,10]
11-16 03:57:18.609 1504 2059 I am_uid_stopped: 10064
11-16 03:57:18.614 1504 2059 I wm_task_removed: [288,removeChild:removeChild last r=ActivityRecord{88f4852 u0 com.android.gallery3d/.app.GalleryActivity t-1 f}} in t=Task{1f2279b #288 type=standard A=10064:com.android.gallery3d U=0 visible=false mode=fullscreen translucent=true sz=0}]
11-16 03:57:18.614 1504 2059 I wm_task_removed: [288,removeChild]
11-16 03:57:18.619 1504 1571 I am_uid_running: 10064
11-16 03:57:18.637 1504 1603 I am_proc_start: [0,5056,10064,com.android.gallery3d,NULL,]
11-16 03:57:18.672 1504 5055 I am_proc_bound: [0,5056,com.android.gallery3d]
11-16 03:57:21.187 1504 2504 I wm_task_created: [291,-1]
11-16 03:57:21.194 1504 2504 I wm_task_moved: [291,1,6]
11-16 03:57:21.194 1504 2504 I wm_task_to_front: [0,291]
11-16 03:57:21.195 1504 2504 I wm_create_task: [0,291]
11-16 03:57:21.195 1504 2504 I wm_create_activity: [0,25563463,291,com.android.gallery3d/.app.GalleryActivity,android.intent.action.MAIN,NULL,NULL,270532608]
11-16 03:57:21.195 1504 2504 I wm_task_moved: [291,1,6]
11-16 03:57:21.197 1504 2504 I wm_pause_activity: [0,50203839,com.android.launcher3/.uioverrides.QuickstepLauncher,userLeaving=true,pauseBackTasks]
11-16 03:57:21.204 2496 2496 I wm_on_top_resumed_lost_called: [50203839,com.android.launcher3.uioverrides.QuickstepLauncher,topStateChangedWhenResumed]
11-16 03:57:21.206 2496 2496 I wm_on_paused_called: [50203839,com.android.launcher3.uioverrides.QuickstepLauncher,performPause]
11-16 03:57:21.212 1504 2504 I wm_add_to_stopping: [0,50203839,com.android.launcher3/.uioverrides.QuickstepLauncher,makeInvisible]
11-16 03:57:21.213 1504 2504 I wm_restart_activity: [0,25563463,291,com.android.gallery3d/.app.GalleryActivity]
11-16 03:57:21.214 1504 2504 I wm_set_resumed_activity: [0,com.android.gallery3d/.app.GalleryActivity,minimalResumeActivityLocked]
11-16 03:57:21.220 1504 1571 I am_uid_active: 10064
11-16 03:57:21.222 1504 1571 I sysui_multi_action: [757,803,799,window_time_0,802,2]
11-16 03:57:21.247 1504 1682 I input_focus: [Focus leaving e1de84c com.android.launcher3/com.android.launcher3.uioverrides.QuickstepLauncher (server),reason=NO_WINDOW]
11-16 03:57:21.266 5056 5056 I wm_on_create_called: [25563463,com.android.gallery3d.app.GalleryActivity,performCreate]
11-16 03:57:21.267 5056 5056 I wm_on_start_called: [25563463,com.android.gallery3d.app.GalleryActivity,handleStartActivity]
11-16 03:57:21.271 5056 5056 I wm_on_resume_called: [25563463,com.android.gallery3d.app.GalleryActivity,RESUME_ACTIVITY]
11-16 03:57:21.278 5056 5056 I wm_on_top_resumed_gained_called: [25563463,com.android.gallery3d.app.GalleryActivity,topStateChangedWhenResumed]
11-16 03:57:21.285 1504 1572 I input_focus: [Focus request 94d94b com.android.gallery3d/com.android.gallery3d.app.GalleryActivity,reason=UpdateInputWindows]
11-16 03:57:21.292 1968 1968 I sysui_multi_action: [757,111,758,2]
11-16 03:57:21.292 1504 1504 I notification_enqueue: [10081,1968,com.android.systemui,2048,NULL,0,Notification(channel=updateNotification shortcut=null contentView=null vibrate=null sound=null defaults=0x0 flags=0x0 color=0x00000000 vis=PRIVATE),1]
11-16 03:57:21.294 1968 1968 I sysui_multi_action: [757,111,758,2]
11-16 03:57:21.306 1968 1968 I sysui_multi_action: [757,111,758,1]
11-16 03:57:21.306 1968 1968 I sysui_multi_action: [757,126,758,1,759,126,927,0,928,0,1593,0]
11-16 03:57:21.306 1968 1968 I sysui_multi_action: [757,113,758,1,759,113,927,1,928,1,1593,0]
11-16 03:57:21.306 1968 1968 I sysui_multi_action: [757,0,758,1,759,0,927,2,928,0,1593,0]
11-16 03:57:21.307 1968 1968 I sysui_multi_action: [757,0,758,1,759,0,927,3,928,0,1593,0]
11-16 03:57:21.307 1968 1968 I sysui_multi_action: [757,491,758,1,759,491,927,4,928,0,1311,-1,1593,0]
11-16 03:57:21.307 1968 1968 I sysui_multi_action: [757,0,758,1,759,0,927,5,928,0,1593,0]
11-16 03:57:21.307 1968 1968 I sysui_multi_action: [757,111,758,1]
11-16 03:57:21.308 1968 1968 I sysui_multi_action: [757,126,758,1,759,126,927,0,928,0,1593,0]
11-16 03:57:21.308 1968 1968 I sysui_multi_action: [757,113,758,1,759,113,927,1,928,1,1593,0]
11-16 03:57:21.308 1968 1968 I sysui_multi_action: [757,0,758,1,759,0,927,2,928,0,1593,0]
11-16 03:57:21.308 1968 1968 I sysui_multi_action: [757,0,758,1,759,0,927,3,928,0,1593,0]
11-16 03:57:21.325 1504 1568 I sysui_multi_action: [319,67,321,64,322,140,325,2030,757,761,758,8,759,1,806,com.android.gallery3d,871,com.android.gallery3d.app.GalleryActivity,904,com.android.launcher3,905,0,1320,4,1321,1]
11-16 03:57:21.330 1504 1682 I input_focus: [Focus entering 94d94b com.android.gallery3d/com.android.gallery3d.app.GalleryActivity (server),reason=Window became focusable. Previous reason: NOT_VISIBLE]
11-16 03:57:21.332 1504 1568 I wm_activity_launch_time: [0,25563463,com.android.gallery3d/.app.GalleryActivity,140]
11-16 03:57:21.499 1504 1504 I sysui_multi_action: [757,1501,758,1,793,2009831,794,0,795,205,796,2048,806,com.android.systemui,857,updateNotification,858,3,947,0,1500,0,1688,1]
11-16 03:57:21.499 1504 1504 I sysui_multi_action: [757,804,799,note_interruptive,801,0,802,1]
11-16 03:57:21.499 1504 1504 I sysui_multi_action: [757,199,758,1,759,2,793,2009835,794,0,795,209,796,2048,806,com.android.systemui,857,updateNotification,858,3,947,0,1500,4,1688,1]
11-16 03:57:21.499 1504 1504 I notification_alert: [0|com.android.systemui|2048|null|10081,0,1,0]
11-16 03:57:21.803 1504 1571 I wm_stop_activity: [0,50203839,com.android.launcher3/.uioverrides.QuickstepLauncher]
11-16 03:57:21.851 2496 2496 I wm_on_stop_called: [50203839,com.android.launcher3.uioverrides.QuickstepLauncher,STOP_ACTIVITY_ITEM]
11-16 03:57:22.549 1504 1682 I input_interaction: Interaction with: 94d94b com.android.gallery3d/com.android.gallery3d.app.GalleryActivity (server), edge-swipe (server), swipe-up (server), PointerEventDispatcher0 (server),
11-16 03:57:22.562 1504 2493 I wm_task_moved: [280,0,0]
11-16 03:57:22.563 1504 2493 I wm_task_moved: [280,0,5]
11-16 03:57:22.580 2496 2496 I wm_on_restart_called: [50203839,com.android.launcher3.uioverrides.QuickstepLauncher,performRestartActivity]
11-16 03:57:22.591 2496 2496 I wm_on_start_called: [50203839,com.android.launcher3.uioverrides.QuickstepLauncher,handleStartActivity]
11-16 03:57:22.617 1504 1568 I sysui_multi_action: [319,14,322,46,325,2032,757,761,758,9,759,5,806,com.android.launcher3,871,com.android.launcher3.uioverrides.QuickstepLauncher,904,com.android.launcher3,905,0,1320,8,1321,5]
11-16 03:57:22.660 5056 5056 I view_enqueue_input_event: [Motion - Cancel,com.android.gallery3d/com.android.gallery3d.app.GalleryActivity]
11-16 03:57:22.660 2496 2496 I sysui_latency: [1,59]
11-16 03:57:22.666 1504 1572 I input_focus: [Focus request recents_animation_input_consumer,reason=UpdateInputWindows]
11-16 03:57:22.677 1504 1682 I input_interaction: Interaction with: edge-swipe (server), swipe-up (server), PointerEventDispatcher0 (server),
11-16 03:57:22.701 1504 1682 I input_focus: [Focus leaving 94d94b com.android.gallery3d/com.android.gallery3d.app.GalleryActivity (server),reason=NOT_FOCUSABLE]
11-16 03:57:22.701 1504 1682 I input_focus: [Focus entering recents_animation_input_consumer (server),reason=setFocusedWindow]
11-16 03:57:22.803 1504 1666 I commit_sys_config_file: [settings-1-0,12]
11-16 03:57:22.910 1504 1598 I sysui_latency: [8,54]
11-16 03:57:23.538 1504 1666 I commit_sys_config_file: [settings-1-0,8]
11-16 03:57:24.276 1504 1682 I input_interaction: Interaction with: e1de84c com.android.launcher3/com.android.launcher3.uioverrides.QuickstepLauncher (server), edge-swipe (server), swipe-up (server), PointerEventDispatcher0 (server),
11-16 03:57:24.779 1504 2505 I wm_task_moved: [280,1,6]
11-16 03:57:24.785 1504 2505 I wm_task_moved: [281,1,2147483647]
11-16 03:57:24.785 1504 2505 I wm_task_to_front: [0,281]
11-16 03:57:24.785 1504 2505 I wm_focused_root_task: [0,0,280,291,RecentsAnimation.onAnimationFinished()]
11-16 03:57:24.785 5056 5056 I wm_on_top_resumed_lost_called: [25563463,com.android.gallery3d.app.GalleryActivity,topStateChangedWhenResumed]
11-16 03:57:24.786 1504 2505 I wm_set_resumed_activity: [0,com.android.launcher3/.uioverrides.QuickstepLauncher,RecentsAnimation.onAnimationFinished()]
11-16 03:57:24.788 1504 2505 I wm_pause_activity: [0,25563463,com.android.gallery3d/.app.GalleryActivity,userLeaving=true,pauseBackTasks]
11-16 03:57:24.790 1504 2505 I wm_add_to_stopping: [0,25563463,com.android.gallery3d/.app.GalleryActivity,makeInvisible]
11-16 03:57:24.791 1504 2505 I wm_set_resumed_activity: [0,com.android.launcher3/.uioverrides.QuickstepLauncher,resumeTopActivityInnerLocked]
11-16 03:57:24.793 1504 2505 I wm_resume_activity: [0,50203839,281,com.android.launcher3/.uioverrides.QuickstepLauncher]
11-16 03:57:24.796 2496 2496 I wm_on_resume_called: [50203839,com.android.launcher3.uioverrides.QuickstepLauncher,RESUME_ACTIVITY]
11-16 03:57:24.812 1504 1572 I input_focus: [Focus request e1de84c com.android.launcher3/com.android.launcher3.uioverrides.QuickstepLauncher,reason=UpdateInputWindows]
11-16 03:57:24.815 1504 2504 I wm_stop_activity: [0,25563463,com.android.gallery3d/.app.GalleryActivity]
11-16 03:57:24.818 5056 5056 I wm_on_paused_called: [25563463,com.android.gallery3d.app.GalleryActivity,performPause]
11-16 03:57:24.820 5056 5056 I wm_on_stop_called: [25563463,com.android.gallery3d.app.GalleryActivity,STOP_ACTIVITY_ITEM]
11-16 03:57:24.823 1504 1682 I input_focus: [Focus leaving recents_animation_input_consumer (server),reason=NOT_VISIBLE]
11-16 03:57:24.823 1504 1682 I input_focus: [Focus entering e1de84c com.android.launcher3/com.android.launcher3.uioverrides.QuickstepLauncher (server),reason=setFocusedWindow]
11-16 03:57:24.826 2496 2496 I wm_on_top_resumed_gained_called: [50203839,com.android.launcher3.uioverrides.QuickstepLauncher,topStateChangedWhenResumed]
11-16 03:57:24.827 1504 1571 I sysui_multi_action: [757,803,799,window_time_0,802,4]
11-16 03:57:24.844 1504 1571 I sysui_multi_action: [757,803,799,window_time_0,802,0]
11-16 03:57:24.865 1504 1598 I am_pss : [5003,10063,com.android.calendar,6938624,4866048,0,92184576,0,19,6]
11-16 03:57:24.874 1504 1598 I am_pss : [4985,1000,com.android.settings,26939392,24924160,0,111120384,0,19,6]
11-16 03:57:24.882 1504 1598 I am_pss : [4975,10086,com.android.music,7045120,4812800,0,91639808,0,19,5]
11-16 03:57:25.544 1504 1682 I input_interaction: Interaction with: e1de84c com.android.launcher3/com.android.launcher3.uioverrides.QuickstepLauncher (server), c74be60 com.android.systemui.ImageWallpaper (server), edge-swipe (server), swipe-up (server), PointerEventDispatcher0 (server),
11-16 03:57:26.818 1504 5055 I wm_task_moved: [291,1,6]
11-16 03:57:26.818 1504 5055 I wm_task_to_front: [0,291]
11-16 03:57:26.819 1504 5055 I wm_focused_root_task: [0,0,291,280,bringingFoundTaskToFront]
11-16 03:57:26.820 1504 5055 I wm_set_resumed_activity: [0,com.android.gallery3d/.app.GalleryActivity,bringingFoundTaskToFront]
11-16 03:57:26.826 1504 5055 I wm_set_resumed_activity: [0,com.android.gallery3d/.app.GalleryActivity,resumeTopActivityInnerLocked]
11-16 03:57:26.828 1504 5055 I wm_resume_activity: [0,25563463,291,com.android.gallery3d/.app.GalleryActivity]
11-16 03:57:26.829 1504 5055 I wm_finish_activity: [0,25563463,291,com.android.gallery3d/.app.GalleryActivity,clear-task-all]
11-16 03:57:26.829 1504 5055 I wm_pause_activity: [0,25563463,com.android.gallery3d/.app.GalleryActivity,userLeaving=false,finish]
11-16 03:57:26.832 1504 5055 I wm_task_moved: [291,1,6]
11-16 03:57:26.832 1504 5055 I wm_create_activity: [0,199516974,291,com.android.gallery3d/.app.GalleryActivity,NULL,NULL,NULL,272662528]
11-16 03:57:26.840 2496 2496 I wm_on_top_resumed_lost_called: [50203839,com.android.launcher3.uioverrides.QuickstepLauncher,topStateChangedWhenResumed]
11-16 03:57:26.847 5056 5056 I wm_on_restart_called: [25563463,com.android.gallery3d.app.GalleryActivity,performRestartActivity]
11-16 03:57:26.849 5056 5056 I wm_on_start_called: [25563463,com.android.gallery3d.app.GalleryActivity,handleStartActivity]
11-16 03:57:26.852 5056 5056 I wm_on_resume_called: [25563463,com.android.gallery3d.app.GalleryActivity,RESUME_ACTIVITY]
11-16 03:57:26.853 5056 5056 I wm_on_paused_called: [25563463,com.android.gallery3d.app.GalleryActivity,performPause]
11-16 03:57:26.854 1504 2504 I wm_add_to_stopping: [0,25563463,com.android.gallery3d/.app.GalleryActivity,completeFinishing]
11-16 03:57:26.858 1504 2504 I wm_restart_activity: [0,199516974,291,com.android.gallery3d/.app.GalleryActivity]
11-16 03:57:26.859 1504 2504 I wm_set_resumed_activity: [0,com.android.gallery3d/.app.GalleryActivity,minimalResumeActivityLocked]
11-16 03:57:26.864 1504 1571 I sysui_multi_action: [757,803,799,window_time_0,802,2]
11-16 03:57:26.906 5056 5056 I wm_on_create_called: [199516974,com.android.gallery3d.app.GalleryActivity,performCreate]
11-16 03:57:26.907 5056 5056 I wm_on_start_called: [199516974,com.android.gallery3d.app.GalleryActivity,handleStartActivity]
11-16 03:57:26.908 5056 5056 I wm_on_resume_called: [199516974,com.android.gallery3d.app.GalleryActivity,RESUME_ACTIVITY]
11-16 03:57:26.910 5056 5056 I wm_on_top_resumed_gained_called: [199516974,com.android.gallery3d.app.GalleryActivity,topStateChangedWhenResumed]
11-16 03:57:26.922 1504 1572 I input_focus: [Focus request 6803648 com.android.gallery3d/com.android.gallery3d.app.GalleryActivity,reason=UpdateInputWindows]
11-16 03:57:26.945 1504 1682 I input_focus: [Focus leaving e1de84c com.android.launcher3/com.android.launcher3.uioverrides.QuickstepLauncher (server),reason=Waiting for window because NOT_VISIBLE]
11-16 03:57:26.968 1504 1568 I wm_activity_launch_time: [0,199516974,com.android.gallery3d/.app.GalleryActivity,152]
11-16 03:57:26.979 1504 1682 I input_focus: [Focus entering 6803648 com.android.gallery3d/com.android.gallery3d.app.GalleryActivity (server),reason=Window became focusable. Previous reason: NOT_VISIBLE]
11-16 03:57:27.252 1504 1571 I wm_destroy_activity: [0,25563463,291,com.android.gallery3d/.app.GalleryActivity,finish-imm:idle]
11-16 03:57:27.256 5056 5056 I wm_on_stop_called: [25563463,com.android.gallery3d.app.GalleryActivity,LIFECYCLER_STOP_ACTIVITY]
11-16 03:57:27.258 5056 5056 I wm_on_destroy_called: [25563463,com.android.gallery3d.app.GalleryActivity,performDestroy]
11-16 03:57:28.552 1504 5055 I wm_task_created: [292,-1]
11-16 03:57:28.559 1504 5055 I wm_task_moved: [292,1,7]
11-16 03:57:28.559 1504 5055 I wm_task_to_front: [0,292]
11-16 03:57:28.560 1504 5055 I wm_create_task: [0,292]
11-16 03:57:28.560 1504 5055 I wm_create_activity: [0,33989478,292,com.android.music/.VideoBrowserActivity,android.intent.action.MAIN,NULL,NULL,270532608]
11-16 03:57:28.560 1504 5055 I wm_task_moved: [292,1,7]
11-16 03:57:28.560 5056 5056 I wm_on_top_resumed_lost_called: [199516974,com.android.gallery3d.app.GalleryActivity,topStateChangedWhenResumed]
11-16 03:57:28.561 1504 5055 I wm_pause_activity: [0,50203839,com.android.launcher3/.uioverrides.QuickstepLauncher,userLeaving=true,pauseBackTasks]
11-16 03:57:28.578 2496 2496 I wm_on_paused_called: [50203839,com.android.launcher3.uioverrides.QuickstepLauncher,performPause]
11-16 03:57:28.587 1504 2504 I wm_add_to_stopping: [0,50203839,com.android.launcher3/.uioverrides.QuickstepLauncher,makeInvisible]
11-16 03:57:28.588 1504 2504 I wm_restart_activity: [0,33989478,292,com.android.music/.VideoBrowserActivity]
11-16 03:57:28.590 1504 2504 I wm_set_resumed_activity: [0,com.android.music/.VideoBrowserActivity,minimalResumeActivityLocked]
11-16 03:57:28.594 1504 1571 I am_uid_active: 10086
11-16 03:57:28.615 1504 1571 I sysui_multi_action: [757,803,799,window_time_2,802,2]
11-16 03:57:28.641 4975 4975 I wm_on_create_called: [33989478,com.android.music.VideoBrowserActivity,performCreate]
11-16 03:57:28.642 4975 4975 I wm_on_start_called: [33989478,com.android.music.VideoBrowserActivity,handleStartActivity]
11-16 03:57:28.643 4975 4975 I wm_on_resume_called: [33989478,com.android.music.VideoBrowserActivity,RESUME_ACTIVITY]
11-16 03:57:28.648 4975 4975 I wm_on_top_resumed_gained_called: [33989478,com.android.music.VideoBrowserActivity,topStateChangedWhenResumed]
