11-16 03:23:47.118 1504 1535 I am_uid_active: 10082
11-16 03:23:47.473 1504 2101 I am_proc_died: [0,3713,com.qti.ltebc,0,11]
11-16 03:23:47.473 1504 2101 I am_broadcast_discard_app: [0,253851716,android.intent.action.MEDIA_MOUNTED,2,ResolveInfo{b1d1812 com.qti.ltebc/com.qualcomm.ltebc.LTEBroadcastReceiver m=0x208000}]
11-16 03:23:47.474 1504 2101 I am_uid_stopped: 10082
11-16 03:23:47.495 1504 1535 I am_uid_running: 10082
11-16 03:23:47.513 1504 1603 I am_proc_start: [0,3743,10082,com.qti.ltebc,broadcast,{com.qti.ltebc/com.qualcomm.ltebc.LTEBroadcastReceiver}]
11-16 03:23:47.543 1504 2493 I am_proc_bound: [0,3743,com.qti.ltebc]
11-16 03:23:47.548 1504 2493 I am_uid_active: 10082
11-16 03:23:47.841 1504 1598 I sysui_multi_action: [757,1717,758,1,759,0]
11-16 03:23:47.842 1504 1598 I sysui_multi_action: [757,1717,758,2,759,0]
11-16 03:23:47.842 1504 1598 I sysui_multi_action: [757,1717,758,3,759,0]
11-16 03:23:47.886 1504 2101 I am_proc_died: [0,3743,com.qti.ltebc,0,11]
11-16 03:23:47.886 1504 2101 I am_broadcast_discard_app: [0,44681696,android.intent.action.MEDIA_MOUNTED,2,ResolveInfo{cf20772 com.qti.ltebc/com.qualcomm.ltebc.LTEBroadcastReceiver m=0x208000}]
11-16 03:23:47.887 1504 2101 I am_uid_stopped: 10082
11-16 03:23:49.197 1504 1628 I commit_sys_config_file: [package-user-0,3]
11-16 03:23:49.197 1504 1628 I commit_sys_config_file: [package,56]
11-16 03:23:50.825 1504 2009 I commit_sys_config_file: [appops,10]
11-16 03:23:51.204 1968 1968 I sysui_heads_up_status: [-1|android|26|null|1000,0]
11-16 03:23:51.649 1504 1601 I am_uid_running: 10082
11-16 03:23:51.663 1504 2493 I sysui_multi_action: [757,128,758,2,793,9659,794,5640,795,9659,796,26,798,0,806,android,857,DEVELOPER_IMPORTANT,858,4,947,0,1395,3,1500,9070,1688,1]
11-16 03:23:51.664 1504 2493 I notification_visibility: [-1|android|26|null|1000,0,9659,9659,0,0]
11-16 03:23:51.666 1968 1968 I sysui_multi_action: [757,111,758,2]
11-16 03:23:51.667 1504 1504 I notification_enqueue: [10081,1968,com.android.systemui,2048,NULL,0,Notification(channel=updateNotification shortcut=null contentView=null vibrate=null sound=null defaults=0x0 flags=0x0 color=0x00000000 vis=PRIVATE),0]
11-16 03:23:51.667 1968 1968 I sysui_multi_action: [757,111,758,2]
11-16 03:23:51.678 1504 2101 I sysui_multi_action: [757,127,758,2]
11-16 03:23:51.679 1504 2101 I notification_panel_hidden:
11-16 03:23:51.679 1504 1603 I am_proc_start: [0,3795,10082,com.qti.ltebc,broadcast,{com.qti.ltebc/com.qualcomm.ltebc.LTEBroadcastAlarmReceiver}]
11-16 03:23:51.690 1968 1968 I sysui_multi_action: [757,111,758,1]
11-16 03:23:51.690 1968 1968 I sysui_multi_action: [757,126,758,1,759,126,927,0,928,0,1593,0]
11-16 03:23:51.690 1968 1968 I sysui_multi_action: [757,113,758,1,759,113,927,1,928,1,1593,0]
11-16 03:23:51.691 1968 1968 I sysui_multi_action: [757,0,758,1,759,0,927,2,928,0,1593,0]
11-16 03:23:51.691 1968 1968 I sysui_multi_action: [757,0,758,1,759,0,927,3,928,0,1593,0]
11-16 03:23:51.691 1968 1968 I sysui_multi_action: [757,491,758,1,759,491,927,4,928,0,1311,-1,1593,0]
11-16 03:23:51.692 1968 1968 I sysui_multi_action: [757,0,758,1,759,0,927,5,928,0,1593,0]
11-16 03:23:51.692 1968 1968 I sysui_multi_action: [757,111,758,1]
11-16 03:23:51.692 1968 1968 I sysui_multi_action: [757,126,758,1,759,126,927,0,928,0,1593,0]
11-16 03:23:51.692 1968 1968 I sysui_multi_action: [757,113,758,1,759,113,927,1,928,1,1593,0]
11-16 03:23:51.692 1968 1968 I sysui_multi_action: [757,0,758,1,759,0,927,2,928,0,1593,0]
11-16 03:23:51.692 1968 1968 I sysui_multi_action: [757,0,758,1,759,0,927,3,928,0,1593,0]
11-16 03:23:51.705 1504 2101 I am_proc_bound: [0,3795,com.qti.ltebc]
11-16 03:23:51.710 1504 2101 I am_uid_active: 10082
11-16 03:23:51.868 1504 1504 I sysui_multi_action: [757,1501,758,1,793,204,794,0,795,204,796,2048,806,com.android.systemui,857,updateNotification,858,3,947,0,1500,0,1688,1]
11-16 03:23:51.869 1504 1504 I sysui_multi_action: [757,804,799,note_interruptive,801,0,802,1]
11-16 03:23:51.871 1504 1504 I sysui_multi_action: [757,1501,758,1,793,207,794,0,795,207,796,2048,806,com.android.systemui,857,updateNotification,858,3,947,0,1500,0,1688,1]
11-16 03:23:51.872 1504 1504 I sysui_multi_action: [757,804,799,note_interruptive,801,0,802,1]
11-16 03:23:51.872 1504 1504 I sysui_multi_action: [757,199,758,1,759,2,793,208,794,0,795,208,796,2048,806,com.android.systemui,857,updateNotification,858,3,947,0,1500,1,1688,1]
11-16 03:23:51.872 1504 1504 I notification_alert: [0|com.android.systemui|2048|null|10081,0,1,0]
11-16 03:23:51.867 500 511 I auditd : type=1401 audit(0.0:254): op=security_compute_sid invalid_context=u:r:np_thundercomm_tlog_pstore:s0 scontext=u:r:init:s0 tcontext=u:object_r:np_thundercomm_tlog_pstore_exec:s0 tclass=process
11-16 03:23:52.073 1504 1535 I am_uid_running: 10054
11-16 03:23:52.086 1504 1603 I am_proc_start: [0,3827,10054,com.qualcomm.qti.qms.service.trustzoneaccess,service,{com.qualcomm.qti.qms.service.trustzoneaccess/com.qualcomm.qti.qms.service.trustzoneaccess.TZAccessService}]
11-16 03:23:52.116 1504 1535 I am_proc_bound: [0,3827,com.qualcomm.qti.qms.service.trustzoneaccess]
11-16 03:23:52.230 1504 1535 I am_proc_died: [0,3795,com.qti.ltebc,905,19]
11-16 03:23:52.231 1504 1535 I am_uid_stopped: 10082
11-16 03:23:54.319 3880 3880 I auditd : type=1400 audit(0.0:255): avc: denied { read } for comm="ls" name="/" dev="dm-5" ino=2 scontext=u:r:system_app:s0 tcontext=u:object_r:rootfs:s0 tclass=dir permissive=0
11-16 03:23:54.371 3885 3885 I auditd : type=1400 audit(0.0:256): avc: denied { read } for comm="ls" name="/" dev="dm-5" ino=2 scontext=u:r:system_app:s0 tcontext=u:object_r:rootfs:s0 tclass=dir permissive=0
11-16 03:24:02.841 1504 1598 I am_pss : [2496,10073,com.android.launcher3,90612736,78491648,0,216141824,0,2,15]
11-16 03:24:02.852 1504 1598 I am_pss : [2655,10068,com.android.deskclock,11214848,8486912,0,104140800,0,19,9]
11-16 03:24:02.860 1504 1598 I am_pss : [3029,10090,com.qualcomm.qtil.aptxui,7285760,5718016,0,91893760,0,19,7]
11-16 03:24:02.867 1504 1598 I am_pss : [2998,10076,com.qualcomm.location.XT,6311936,4575232,0,94162944,0,6,6]
11-16 03:24:02.875 1504 1598 I am_pss : [2366,1000,com.android.settings,25297920,14274560,0,135593984,0,19,7]
11-16 03:24:02.881 1504 1598 I am_pss : [2378,10096,android.ext.services,15175680,5902336,0,132349952,0,5,5]
11-16 03:24:02.958 1504 1598 I am_pss : [3081,10032,com.android.traceur,10212352,8511488,0,97603584,0,19,10]
11-16 03:24:04.728 1504 1598 I am_pss : [3189,1000,com.qti.diagservices,5823488,3829760,0,94773248,0,10,11]
11-16 03:24:04.822 1504 1598 I am_pss : [3352,10063,com.android.calendar,6566912,4939776,0,92389376,0,19,11]
11-16 03:24:05.110 1504 1598 I am_pss : [3387,1000,com.android.dynsystem:dynsystem,5659648,3862528,0,91226112,0,19,10]
11-16 03:24:05.125 1504 1598 I am_pss : [3371,1000,com.android.dynsystem,5320704,3682304,0,90226688,0,19,9]
11-16 03:24:05.249 1504 1598 I am_pss : [3424,10030,com.android.managedprovisioning,8884224,7270400,0,94769152,0,19,9]
11-16 03:24:05.377 1504 1598 I am_pss : [3441,10086,com.android.music,8034304,6316032,0,94957568,0,19,11]
11-16 03:24:05.531 1504 1598 I am_pss : [3465,1000,com.android.localtransport,5336064,3739648,0,90931200,0,19,11]
11-16 03:24:05.543 1504 1598 I am_pss : [3457,10059,com.android.onetimeinitializer,5151744,3555328,0,90857472,0,19,10]
11-16 03:24:05.794 1504 1598 I am_pss : [3527,10094,com.android.permissioncontroller,11638784,9895936,0,99004416,0,19,11]
11-16 03:24:05.806 1504 1598 I am_pss : [2877,1000,com.android.keychain,8018944,6393856,0,93556736,0,19,10]
11-16 03:24:05.815 1504 1598 I am_pss : [3506,10024,com.android.packageinstaller,6976512,5439488,0,91303936,0,19,7]
11-16 03:24:06.168 1504 1598 I am_pss : [3575,2000,com.android.shell,5916672,4255744,0,92364800,0,19,11]
11-16 03:24:06.666 1504 1598 I am_pss : [3591,1001,com.android.phone,7681024,5722112,0,93650944,0,19,10]
11-16 03:24:06.793 1504 1598 I am_pss : [3656,10058,com.qualcomm.qti.qms.service.connectionsecurity,18557952,4194304,0,77291520,0,19,9]
11-16 03:24:06.972 1504 1598 I am_pss : [3677,1000,com.thundercomm.gamemode,16677888,12873728,0,117186560,0,10,12]
11-16 03:24:12.015 1504 1535 I snet_event_log: [172655291,-1,]
11-16 03:24:19.466 1504 1682 I input_interaction: Interaction with: cc282f8 com.android.systemui/com.android.systemui.usb.UsbDebuggingActivity (server), edge-swipe (server), swipe-up (server), PointerEventDispatcher0 (server),
11-16 03:24:19.572 1504 1535 I wm_finish_activity: [0,136845977,8,com.android.systemui/.usb.UsbDebuggingActivity,app-request]
11-16 03:24:19.573 1504 1535 I wm_task_moved: [280,1,6]
11-16 03:24:19.576 1504 1535 I wm_task_moved: [281,1,2147483647]
11-16 03:24:19.576 1504 1535 I wm_task_to_front: [0,281]
11-16 03:24:19.576 1504 1535 I wm_focused_root_task: [0,0,280,-1,finish-top adjustFocusToNextFocusableTask]
11-16 03:24:19.586 1504 1535 I wm_pause_activity: [0,136845977,com.android.systemui/.usb.UsbDebuggingActivity,userLeaving=false,finish]
11-16 03:24:19.591 1504 1572 I input_focus: [Focus request e1de84c com.android.launcher3/com.android.launcher3.uioverrides.QuickstepLauncher,reason=UpdateInputWindows]
11-16 03:24:19.591 1968 1968 I wm_on_top_resumed_lost_called: [136845977,com.android.systemui.usb.UsbDebuggingActivity,topStateChangedWhenResumed]
11-16 03:24:19.598 1968 1968 I wm_on_paused_called: [136845977,com.android.systemui.usb.UsbDebuggingActivity,performPause]
11-16 03:24:19.600 1504 2101 I wm_set_resumed_activity: [0,com.android.launcher3/.uioverrides.QuickstepLauncher,resumeTopActivityInnerLocked]
11-16 03:24:19.604 1504 2101 I wm_resume_activity: [0,50203839,281,com.android.launcher3/.uioverrides.QuickstepLauncher]
11-16 03:24:19.605 2496 2496 I wm_on_resume_called: [50203839,com.android.launcher3.uioverrides.QuickstepLauncher,RESUME_ACTIVITY]
11-16 03:24:19.605 2496 2496 I wm_on_top_resumed_gained_called: [50203839,com.android.launcher3.uioverrides.QuickstepLauncher,topWhenResuming]
11-16 03:24:19.621 1504 1682 I input_focus: [Focus leaving cc282f8 com.android.systemui/com.android.systemui.usb.UsbDebuggingActivity (server),reason=NO_WINDOW]
11-16 03:24:19.621 1504 1682 I input_focus: [Focus entering e1de84c com.android.launcher3/com.android.launcher3.uioverrides.QuickstepLauncher (server),reason=setFocusedWindow]
11-16 03:24:19.624 1504 1571 I sysui_multi_action: [757,803,799,window_time_0,802,38]
11-16 03:24:19.624 1504 1568 I sysui_multi_action: [319,34118,322,270,325,15,757,761,758,8,759,2,806,com.android.launcher3,871,com.android.launcher3.uioverrides.QuickstepLauncher,904,com.android.launcher3,905,0,1320,8,1321,5]
11-16 03:24:19.626 1504 1571 I am_uid_running: 10064
11-16 03:24:19.627 1504 1568 I wm_activity_launch_time: [0,50203839,com.android.launcher3/.uioverrides.QuickstepLauncher,270]
11-16 03:24:19.635 1504 1603 I am_proc_start: [0,3898,10064,com.android.gallery3d,NULL,]
11-16 03:24:19.638 1504 1598 I am_pss : [2496,10073,com.android.launcher3,90806272,78520320,0,216272896,0,2,7]
11-16 03:24:19.655 1504 1535 I am_proc_bound: [0,3898,com.android.gallery3d]
11-16 03:24:19.666 1504 2101 I am_uid_running: 10027
11-16 03:24:19.674 1504 1603 I am_proc_start: [0,3919,10027,com.baidu.input,service,{com.baidu.input/com.baidu.input.ImeService}]
11-16 03:24:19.679 1504 2493 I wm_destroy_activity: [0,136845977,8,com.android.systemui/.usb.UsbDebuggingActivity,finish-idle]
11-16 03:24:19.680 1968 1968 I wm_on_stop_called: [136845977,com.android.systemui.usb.UsbDebuggingActivity,LIFECYCLER_STOP_ACTIVITY]
11-16 03:24:19.680 1968 1968 I wm_on_destroy_called: [136845977,com.android.systemui.usb.UsbDebuggingActivity,performDestroy]
11-16 03:24:19.693 1504 2493 I am_proc_bound: [0,3919,com.baidu.input]
11-16 03:24:19.696 1504 2493 I am_uid_active: 10027
11-16 03:24:19.699 1504 1598 I am_pss : [1968,10081,com.android.systemui,88482816,69476352,0,245829632,0,0,9]
11-16 03:24:19.713 1504 1598 I am_pss : [1965,1002,com.android.bluetooth,32433152,23990272,0,147537920,0,0,7]
11-16 03:24:19.720 1504 1598 I am_pss : [3827,10054,com.qualcomm.qti.qms.service.trustzoneaccess,5544960,3788800,0,92266496,0,19,6]
11-16 03:24:19.726 1504 1598 I am_pss : [2742,10095,com.android.providers.media.module,16237568,12922880,0,118181888,0,0,5]
11-16 03:24:19.732 1504 1598 I am_pss : [3552,10026,com.android.providers.calendar,7162880,5206016,0,98574336,0,19,5]
11-16 03:24:19.738 1504 1598 I am_pss : [2928,10022,android.process.media,10633216,8650752,0,102076416,0,19,5]
11-16 03:24:19.744 1504 1598 I am_pss : [3697,10033,com.android.externalstorage,5428224,3813376,0,92131328,0,19,4]
11-16 03:24:19.749 1504 1598 I am_pss : [2543,10088,com.qualcomm.qti.qccauthmgr,6227968,4390912,0,95813632,0,19,4]
11-16 03:24:19.756 1504 1598 I am_pss : [3129,10028,android.process.acore,12828672,9166848,0,116711424,0,19,6]
11-16 03:24:19.761 1504 1598 I am_pss : [2861,10089,com.qualcomm.qti.workloadclassifier,8105984,6537216,0,93646848,0,0,5]
11-16 03:24:19.767 1504 1598 I am_pss : [2868,10071,com.qualcomm.location,9945088,7434240,0,103587840,0,0,4]
11-16 03:24:19.773 1504 1598 I am_pss : [2815,10083,com.qualcomm.qti.qccnetstat,5941248,4337664,0,92151808,0,0,4]
11-16 03:24:19.779 1504 1598 I am_pss : [2807,10077,com.qualcomm.qti.services.systemhelper:systemhelper_service,6178816,4485120,0,94150656,0,0,5]
11-16 03:24:19.784 1504 1598 I am_pss : [2796,10053,.pasr,5148672,3641344,0,89706496,0,0,5]
11-16 03:24:19.790 1504 1598 I am_pss : [2776,10057,ts.car.uart,5938176,4427776,0,90906624,0,0,5]
11-16 03:24:19.797 1504 1598 I am_pss : [2769,10084,com.hht.lebocast,34836480,15618048,0,110874624,0,0,6]
11-16 03:24:19.804 1504 1598 I am_pss : [2346,1000,com.thundercomm.tcservice,8170496,6397952,0,96931840,0,0,6]
11-16 03:24:19.810 1504 1598 I am_pss : [2357,1000,com.qualcomm.qti.qdma,9709568,6430720,0,106274816,0,0,5]
11-16 03:24:19.815 1504 1598 I am_pss : [3158,10062,com.qualcomm.qti.devicestatisticsservice,5075968,3571712,0,89509888,0,0,4]
11-16 03:24:19.820 1504 1598 I am_pss : [2335,1000,com.thundercomm.remotecontrolservice,8891392,6766592,0,100425728,0,0,5]
11-16 03:24:19.826 1504 1598 I am_pss : [2271,10087,com.qti.qualcomm.mstatssystemservice,5222400,3702784,0,90480640,0,0,5]
11-16 03:24:19.831 1504 1598 I am_pss : [2293,1068,com.android.se,5584896,3997696,0,92143616,0,0,5]
11-16 03:24:19.837 1504 1598 I am_pss : [2244,1073,com.android.networkstack.process,11599872,9269248,0,105623552,0,0,5]
11-16 03:24:19.843 1504 1598 I am_pss : [2248,1000,vendor.qti.qesdk.sysservice,5285888,3706880,0,91267072,0,0,4]
11-16 03:24:19.848 1504 1598 I am_pss : [2220,1000,com.tc.logclient,6849536,5206016,0,94576640,0,0,4]
11-16 03:24:19.853 1504 1598 I am_pss : [2209,1000,com.thundercomm.tchttpserver,7464960,5894144,0,93782016,0,0,4]
11-16 03:24:19.858 1504 1598 I am_pss : [2174,10055,.qtidataservices,5630976,4079616,0,91877376,0,0,4]
11-16 03:24:19.863 1504 1598 I am_pss : [2153,1000,com.thundercomm.tcsetupWizard,6505472,5013504,0,91103232,0,0,4]
11-16 03:24:19.868 1504 1598 I am_pss : [2172,1001,.dataservices,8107008,6402048,0,95121408,0,0,4]
11-16 03:24:19.870 1504 1572 I wm_task_removed: [8,removeChild:removeChild last r=ActivityRecord{8281a99 u0 com.android.systemui/.usb.UsbDebuggingActivity t-1 f}} in t=Task{adc131f #8 type=standard A=10081:com.android.systemui U=0 visible=false mode=fullscreen translucent=true sz=0}]
11-16 03:24:19.870 1504 1572 I wm_task_removed: [8,removeChild]
11-16 03:24:19.874 1504 1598 I am_pss : [2140,1000,com.thundercomm.microsettings,37115904,33943552,0,131510272,0,0,6]
11-16 03:24:19.879 1504 1598 I am_pss : [2095,1000,com.thundercomm.microservice,8413184,6832128,0,94818304,0,0,4]
11-16 03:24:19.897 1504 1598 I am_pss : [1504,1000,system,258435072,162058240,0,583651328,0,0,16]
11-16 03:24:20.209 1504 1682 I input_interaction: Interaction with: e1de84c com.android.launcher3/com.android.launcher3.uioverrides.QuickstepLauncher (server), c74be60 com.android.systemui.ImageWallpaper (server), edge-swipe (server), swipe-up (server), PointerEventDispatcher0 (server),
11-16 03:24:20.412 1504 1701 I netstats_mobile_sample: [0,0,0,0,0,0,0,0,0,0,0,0,1668540260411]
11-16 03:24:20.412 1504 1701 I netstats_wifi_sample: [0,0,0,0,0,0,0,0,0,0,0,0,1668540260411]
11-16 03:24:21.066 1504 1682 I input_interaction: Interaction with: d1644c8 StatusBar (server), edge-swipe (server), swipe-up (server), PointerEventDispatcher0 (server),
11-16 03:24:21.070 1968 1968 I sysui_multi_action: [757,803,799,panel_open,802,1]
11-16 03:24:21.072 1968 1968 I sysui_multi_action: [757,1328,758,4,1326,61,1327,1,1329,0]
11-16 03:24:21.132 1504 2059 I sysui_multi_action: [757,127,758,1]
11-16 03:24:21.132 1504 2059 I sysui_multi_action: [757,804,799,note_load,801,3,802,1]
11-16 03:24:21.132 1504 2059 I notification_panel_revealed: 3
11-16 03:24:21.135 1968 1968 I sysui_multi_action: [757,111,758,2]
11-16 03:24:21.135 1968 1968 I sysui_multi_action: [757,111,758,2]
11-16 03:24:21.135 1504 1504 I notification_enqueue: [10081,1968,com.android.systemui,2048,NULL,0,Notification(channel=updateNotification shortcut=null contentView=null vibrate=null sound=null defaults=0x0 flags=0x0 color=0x00000000 vis=PRIVATE),1]
11-16 03:24:21.151 1504 1572 I input_focus: [Focus request bf31f4f NotificationShade,reason=UpdateInputWindows]
11-16 03:24:21.153 1968 1968 I sysui_multi_action: [757,111,758,1]
11-16 03:24:21.153 1968 1968 I sysui_multi_action: [757,126,758,1,759,126,927,0,928,0,1593,0]
11-16 03:24:21.153 1968 1968 I sysui_multi_action: [757,113,758,1,759,113,927,1,928,1,1593,0]
11-16 03:24:21.153 1968 1968 I sysui_multi_action: [757,0,758,1,759,0,927,2,928,0,1593,0]
11-16 03:24:21.153 1968 1968 I sysui_multi_action: [757,0,758,1,759,0,927,3,928,0,1593,0]
11-16 03:24:21.154 1968 1968 I sysui_multi_action: [757,491,758,1,759,491,927,4,928,0,1311,-1,1593,0]
11-16 03:24:21.154 1968 1968 I sysui_multi_action: [757,0,758,1,759,0,927,5,928,0,1593,0]
11-16 03:24:21.154 1968 1968 I sysui_multi_action: [757,111,758,1]
11-16 03:24:21.154 1968 1968 I sysui_multi_action: [757,126,758,1,759,126,927,0,928,0,1593,0]
11-16 03:24:21.154 1968 1968 I sysui_multi_action: [757,113,758,1,759,113,927,1,928,1,1593,0]
11-16 03:24:21.154 1968 1968 I sysui_multi_action: [757,0,758,1,759,0,927,2,928,0,1593,0]
11-16 03:24:21.154 1968 1968 I sysui_multi_action: [757,0,758,1,759,0,927,3,928,0,1593,0]
11-16 03:24:21.175 1968 1968 I sysui_multi_action: [757,111,758,2]
11-16 03:24:21.175 1504 1504 I notification_enqueue: [10081,1968,com.android.systemui,2048,NULL,0,Notification(channel=updateNotification shortcut=null contentView=null vibrate=null sound=null defaults=0x0 flags=0x0 color=0x00000000 vis=PRIVATE),1]
11-16 03:24:21.175 1968 1968 I sysui_multi_action: [757,111,758,2]
11-16 03:24:21.176 1504 1682 I input_focus: [Focus leaving e1de84c com.android.launcher3/com.android.launcher3.uioverrides.QuickstepLauncher (server),reason=setFocusedWindow]
11-16 03:24:21.176 1504 1682 I input_focus: [Focus entering bf31f4f NotificationShade (server),reason=setFocusedWindow]
11-16 03:24:21.179 1968 1968 I sysui_multi_action: [757,111,758,1]
11-16 03:24:21.180 1968 1968 I sysui_multi_action: [757,126,758,1,759,126,927,0,928,1,1593,0]
11-16 03:24:21.180 1968 1968 I sysui_multi_action: [757,113,758,1,759,113,927,1,928,1,1593,0]
11-16 03:24:21.180 1968 1968 I sysui_multi_action: [757,0,758,1,759,0,927,2,928,0,1593,0]
11-16 03:24:21.180 1968 1968 I sysui_multi_action: [757,0,758,1,759,0,927,3,928,0,1593,0]
11-16 03:24:21.180 1968 1968 I sysui_multi_action: [757,491,758,1,759,491,927,4,928,0,1311,-1,1593,0]
11-16 03:24:21.180 1968 1968 I sysui_multi_action: [757,0,758,1,759,0,927,5,928,0,1593,0]
11-16 03:24:21.180 1968 1968 I sysui_multi_action: [757,111,758,1]
11-16 03:24:21.181 1968 1968 I sysui_multi_action: [757,126,758,1,759,126,927,0,928,1,1593,0]
11-16 03:24:21.181 1968 1968 I sysui_multi_action: [757,113,758,1,759,113,927,1,928,1,1593,0]
11-16 03:24:21.181 1968 1968 I sysui_multi_action: [757,0,758,1,759,0,927,2,928,0,1593,0]
11-16 03:24:21.181 1968 1968 I sysui_multi_action: [757,0,758,1,759,0,927,3,928,0,1593,0]
11-16 03:24:21.201 1968 1968 I sysui_multi_action: [757,111,758,2]
11-16 03:24:21.202 1968 1968 I sysui_multi_action: [757,111,758,2]
11-16 03:24:21.202 1504 1504 I notification_enqueue: [10081,1968,com.android.systemui,2048,NULL,0,Notification(channel=updateNotification shortcut=null contentView=null vibrate=null sound=null defaults=0x0 flags=0x0 color=0x00000000 vis=PRIVATE),1]
11-16 03:24:21.207 1968 1968 I sysui_multi_action: [757,111,758,1]
11-16 03:24:21.207 1968 1968 I sysui_multi_action: [757,126,758,1,759,126,927,0,928,1,1593,0]
11-16 03:24:21.207 1968 1968 I sysui_multi_action: [757,113,758,1,759,113,927,1,928,1,1593,0]
11-16 03:24:21.207 1968 1968 I sysui_multi_action: [757,0,758,1,759,0,927,2,928,0,1593,0]
11-16 03:24:21.207 1968 1968 I sysui_multi_action: [757,0,758,1,759,0,927,3,928,0,1593,0]
11-16 03:24:21.207 1968 1968 I sysui_multi_action: [757,491,758,1,759,491,927,4,928,0,1311,-1,1593,0]
11-16 03:24:21.207 1968 1968 I sysui_multi_action: [757,0,758,1,759,0,927,5,928,0,1593,0]
11-16 03:24:21.207 1968 1968 I sysui_multi_action: [757,111,758,1]
11-16 03:24:21.208 1968 1968 I sysui_multi_action: [757,126,758,1,759,126,927,0,928,1,1593,0]
11-16 03:24:21.208 1968 1968 I sysui_multi_action: [757,113,758,1,759,113,927,1,928,1,1593,0]
11-16 03:24:21.208 1968 1968 I sysui_multi_action: [757,0,758,1,759,0,927,2,928,0,1593,0]
11-16 03:24:21.208 1968 1968 I sysui_multi_action: [757,0,758,1,759,0,927,3,928,0,1593,0]
11-16 03:24:21.225 1968 1968 I sysui_multi_action: [757,111,758,2]
11-16 03:24:21.226 1968 1968 I sysui_multi_action: [757,111,758,2]
11-16 03:24:21.226 1504 1504 I notification_enqueue: [10081,1968,com.android.systemui,2048,NULL,0,Notification(channel=updateNotification shortcut=null contentView=null vibrate=null sound=null defaults=0x0 flags=0x0 color=0x00000000 vis=PRIVATE),1]
11-16 03:24:21.229 1968 1968 I sysui_multi_action: [757,111,758,1]
11-16 03:24:21.229 1968 1968 I sysui_multi_action: [757,126,758,1,759,126,927,0,928,1,1593,0]
11-16 03:24:21.229 1968 1968 I sysui_multi_action: [757,113,758,1,759,113,927,1,928,1,1593,0]
11-16 03:24:21.229 1968 1968 I sysui_multi_action: [757,0,758,1,759,0,927,2,928,0,1593,0]
11-16 03:24:21.230 1968 1968 I sysui_multi_action: [757,0,758,1,759,0,927,3,928,0,1593,0]
11-16 03:24:21.230 1968 1968 I sysui_multi_action: [757,491,758,1,759,491,927,4,928,0,1311,-1,1593,0]
11-16 03:24:21.230 1968 1968 I sysui_multi_action: [757,0,758,1,759,0,927,5,928,0,1593,0]
11-16 03:24:21.230 1968 1968 I sysui_multi_action: [757,111,758,1]
11-16 03:24:21.230 1968 1968 I sysui_multi_action: [757,126,758,1,759,126,927,0,928,1,1593,0]
11-16 03:24:21.230 1968 1968 I sysui_multi_action: [757,113,758,1,759,113,927,1,928,1,1593,0]
11-16 03:24:21.230 1968 1968 I sysui_multi_action: [757,0,758,1,759,0,927,2,928,0,1593,0]
11-16 03:24:21.230 1968 1968 I sysui_multi_action: [757,0,758,1,759,0,927,3,928,0,1593,0]
11-16 03:24:21.249 1968 1968 I sysui_multi_action: [757,111,758,2]
11-16 03:24:21.249 1968 1968 I sysui_multi_action: [757,111,758,2]
11-16 03:24:21.249 1504 1504 I notification_enqueue: [10081,1968,com.android.systemui,2048,NULL,0,Notification(channel=updateNotification shortcut=null contentView=null vibrate=null sound=null defaults=0x0 flags=0x0 color=0x00000000 vis=PRIVATE),1]
11-16 03:24:21.254 1968 1968 I sysui_multi_action: [757,111,758,1]
11-16 03:24:21.254 1968 1968 I sysui_multi_action: [757,126,758,1,759,126,927,0,928,1,1593,0]
11-16 03:24:21.254 1968 1968 I sysui_multi_action: [757,113,758,1,759,113,927,1,928,1,1593,0]
11-16 03:24:21.254 1968 1968 I sysui_multi_action: [757,0,758,1,759,0,927,2,928,0,1593,0]
11-16 03:24:21.254 1968 1968 I sysui_multi_action: [757,0,758,1,759,0,927,3,928,0,1593,0]
11-16 03:24:21.254 1968 1968 I sysui_multi_action: [757,491,758,1,759,491,927,4,928,0,1311,-1,1593,0]
11-16 03:24:21.255 1968 1968 I sysui_multi_action: [757,0,758,1,759,0,927,5,928,0,1593,0]
11-16 03:24:21.255 1968 1968 I sysui_multi_action: [757,111,758,1]
11-16 03:24:21.255 1968 1968 I sysui_multi_action: [757,126,758,1,759,126,927,0,928,1,1593,0]
11-16 03:24:21.255 1968 1968 I sysui_multi_action: [757,113,758,1,759,113,927,1,928,1,1593,0]
11-16 03:24:21.255 1968 1968 I sysui_multi_action: [757,0,758,1,759,0,927,2,928,0,1593,0]
11-16 03:24:21.255 1968 1968 I sysui_multi_action: [757,0,758,1,759,0,927,3,928,0,1593,0]
11-16 03:24:21.268 1968 1968 I sysui_multi_action: [757,111,758,2]
11-16 03:24:21.269 1968 1968 I sysui_multi_action: [757,111,758,2]
11-16 03:24:21.269 1504 1504 I notification_enqueue: [10081,1968,com.android.systemui,2048,NULL,0,Notification(channel=updateNotification shortcut=null contentView=null vibrate=null sound=null defaults=0x0 flags=0x0 color=0x00000000 vis=PRIVATE),1]
11-16 03:24:21.272 1968 1968 I sysui_multi_action: [757,111,758,1]
11-16 03:24:21.272 1968 1968 I sysui_multi_action: [757,126,758,1,759,126,927,0,928,1,1593,0]
11-16 03:24:21.272 1968 1968 I sysui_multi_action: [757,113,758,1,759,113,927,1,928,1,1593,0]
11-16 03:24:21.272 1968 1968 I sysui_multi_action: [757,0,758,1,759,0,927,2,928,0,1593,0]
11-16 03:24:21.272 1968 1968 I sysui_multi_action: [757,0,758,1,759,0,927,3,928,0,1593,0]
11-16 03:24:21.272 1968 1968 I sysui_multi_action: [757,491,758,1,759,491,927,4,928,0,1311,-1,1593,0]
11-16 03:24:21.273 1968 1968 I sysui_multi_action: [757,0,758,1,759,0,927,5,928,0,1593,0]
11-16 03:24:21.273 1968 1968 I sysui_multi_action: [757,111,758,1]
11-16 03:24:21.273 1968 1968 I sysui_multi_action: [757,126,758,1,759,126,927,0,928,1,1593,0]
11-16 03:24:21.273 1968 1968 I sysui_multi_action: [757,113,758,1,759,113,927,1,928,1,1593,0]
11-16 03:24:21.273 1968 1968 I sysui_multi_action: [757,0,758,1,759,0,927,2,928,0,1593,0]
11-16 03:24:21.273 1968 1968 I sysui_multi_action: [757,0,758,1,759,0,927,3,928,0,1593,0]
11-16 03:24:21.338 1504 1504 I sysui_multi_action: [757,1501,758,1,793,29674,794,0,795,205,796,2048,806,com.android.systemui,857,updateNotification,858,3,947,0,1500,0,1688,1]
11-16 03:24:21.339 1504 1504 I sysui_multi_action: [757,804,799,note_interruptive,801,0,802,1]
11-16 03:24:21.339 1504 1504 I sysui_multi_action: [757,199,758,1,759,2,793,29675,794,0,795,206,796,2048,806,com.android.systemui,857,updateNotification,858,3,947,0,1500,1,1688,1]
11-16 03:24:21.340 1504 1504 I notification_alert: [0|com.android.systemui|2048|null|10081,0,1,0]
11-16 03:24:21.685 1504 1535 I sysui_multi_action: [757,128,758,1,793,39681,794,0,795,39681,796,26,798,0,806,android,857,DEVELOPER_IMPORTANT,858,4,947,0,1395,3,1500,39092,1688,1]
11-16 03:24:21.685 1504 1535 I sysui_multi_action: [757,804,799,note_freshness,801,39681,802,1]
11-16 03:24:21.685 1504 1535 I notification_visibility: [-1|android|26|null|1000,1,39681,39681,0,0]
11-16 03:24:21.686 1504 1535 I sysui_multi_action: [757,128,758,1,793,35033,794,0,795,35033,796,17303299,797,com.android.wifi,798,1,806,android,857,NETWORK_AVAILABLE,858,2,947,0,1395,3,1500,34830,1688,1]
11-16 03:24:21.686 1504 1535 I sysui_multi_action: [757,804,799,note_freshness,801,35033,802,1]
11-16 03:24:21.686 1504 1535 I notification_visibility: [0|android|17303299|com.android.wifi|1000,1,35033,35033,0,1]
11-16 03:24:21.686 1504 1535 I sysui_multi_action: [757,128,758,1,793,40224,794,0,795,40224,796,32,798,2,806,android,857,USB,858,1,947,0,1395,3,1500,40160,1688,1]
11-16 03:24:21.687 1504 1535 I sysui_multi_action: [757,804,799,note_freshness,801,40224,802,1]
11-16 03:24:21.687 1504 1535 I notification_visibility: [-1|android|32|null|1000,1,40224,40224,0,2]
11-16 03:24:24.711 1504 1682 I input_interaction: Interaction with: bf31f4f NotificationShade (server), edge-swipe (server), swipe-up (server), PointerEventDispatcher0 (server),
11-16 03:24:25.279 1504 1504 I service_manager_stats: [100,73,40682]
11-16 03:24:25.303 1504 1504 I notification_enqueue: [10081,1968,com.android.systemui,2048,NULL,0,Notification(channel=updateNotification shortcut=null contentView=null vibrate=null sound=null defaults=0x0 flags=0x0 color=0x00000000 vis=PRIVATE),1]
11-16 03:24:25.303 1968 1968 I sysui_multi_action: [757,111,758,2]
11-16 03:24:25.304 1968 1968 I sysui_multi_action: [757,111,758,2]
11-16 03:24:25.309 1968 1968 I sysui_multi_action: [757,111,758,1]
11-16 03:24:25.309 1968 1968 I sysui_multi_action: [757,126,758,1,759,126,927,0,928,1,1593,0]
11-16 03:24:25.309 1968 1968 I sysui_multi_action: [757,113,758,1,759,113,927,1,928,1,1593,0]
11-16 03:24:25.309 1968 1968 I sysui_multi_action: [757,0,758,1,759,0,927,2,928,0,1593,0]
11-16 03:24:25.309 1968 1968 I sysui_multi_action: [757,0,758,1,759,0,927,3,928,0,1593,0]
11-16 03:24:25.310 1968 1968 I sysui_multi_action: [757,491,758,1,759,491,927,4,928,0,1311,-1,1593,0]
11-16 03:24:25.310 1968 1968 I sysui_multi_action: [757,0,758,1,759,0,927,5,928,0,1593,0]
11-16 03:24:25.310 1968 1968 I sysui_multi_action: [757,111,758,1]
11-16 03:24:25.310 1968 1968 I sysui_multi_action: [757,126,758,1,759,126,927,0,928,1,1593,0]
11-16 03:24:25.311 1968 1968 I sysui_multi_action: [757,113,758,1,759,113,927,1,928,1,1593,0]
11-16 03:24:25.311 1968 1968 I sysui_multi_action: [757,0,758,1,759,0,927,2,928,0,1593,0]
11-16 03:24:25.311 1968 1968 I sysui_multi_action: [757,0,758,1,759,0,927,3,928,0,1593,1]
11-16 03:24:25.341 1968 1968 I sysui_multi_action: [757,111,758,2]
11-16 03:24:25.341 1504 1504 I notification_enqueue: [10081,1968,com.android.systemui,2048,NULL,0,Notification(channel=updateNotification shortcut=null contentView=null vibrate=null sound=null defaults=0x0 flags=0x0 color=0x00000000 vis=PRIVATE),1]
11-16 03:24:25.341 1968 1968 I sysui_multi_action: [757,111,758,2]
11-16 03:24:25.348 1968 1968 I sysui_multi_action: [757,111,758,1]
11-16 03:24:25.348 1968 1968 I sysui_multi_action: [757,126,758,1,759,126,927,0,928,1,1593,1]
11-16 03:24:25.348 1968 1968 I sysui_multi_action: [757,113,758,1,759,113,927,1,928,1,1593,1]
11-16 03:24:25.348 1968 1968 I sysui_multi_action: [757,0,758,1,759,0,927,2,928,0,1593,1]
11-16 03:24:25.349 1968 1968 I sysui_multi_action: [757,0,758,1,759,0,927,3,928,0,1593,1]
11-16 03:24:25.349 1968 1968 I sysui_multi_action: [757,491,758,1,759,491,927,4,928,0,1311,-1,1593,0]
11-16 03:24:25.349 1968 1968 I sysui_multi_action: [757,0,758,1,759,0,927,5,928,0,1593,0]
11-16 03:24:25.349 1968 1968 I sysui_multi_action: [757,111,758,1]
11-16 03:24:25.350 1968 1968 I sysui_multi_action: [757,126,758,1,759,126,927,0,928,1,1593,1]
11-16 03:24:25.350 1968 1968 I sysui_multi_action: [757,113,758,1,759,113,927,1,928,1,1593,1]
11-16 03:24:25.350 1968 1968 I sysui_multi_action: [757,0,758,1,759,0,927,2,928,0,1593,1]
11-16 03:24:25.350 1968 1968 I sysui_multi_action: [757,0,758,1,759,0,927,3,928,0,1593,1]
11-16 03:24:25.368 1968 1968 I sysui_multi_action: [757,111,758,2]
11-16 03:24:25.368 1968 1968 I sysui_multi_action: [757,111,758,2]
11-16 03:24:25.371 1968 1968 I sysui_multi_action: [757,111,758,1]
11-16 03:24:25.371 1968 1968 I sysui_multi_action: [757,126,758,1,759,126,927,0,928,1,1593,1]
11-16 03:24:25.372 1968 1968 I sysui_multi_action: [757,113,758,1,759,113,927,1,928,1,1593,1]
11-16 03:24:25.372 1968 1968 I sysui_multi_action: [757,0,758,1,759,0,927,2,928,0,1593,1]
11-16 03:24:25.372 1968 1968 I sysui_multi_action: [757,0,758,1,759,0,927,3,928,0,1593,1]
11-16 03:24:25.372 1968 1968 I sysui_multi_action: [757,491,758,1,759,491,927,4,928,0,1311,-1,1593,0]
11-16 03:24:25.372 1968 1968 I sysui_multi_action: [757,0,758,1,759,0,927,5,928,0,1593,0]
11-16 03:24:25.372 1968 1968 I sysui_multi_action: [757,111,758,1]
11-16 03:24:25.372 1968 1968 I sysui_multi_action: [757,126,758,1,759,126,927,0,928,1,1593,1]
11-16 03:24:25.372 1968 1968 I sysui_multi_action: [757,113,758,1,759,113,927,1,928,1,1593,1]
11-16 03:24:25.372 1968 1968 I sysui_multi_action: [757,0,758,1,759,0,927,2,928,0,1593,1]
11-16 03:24:25.372 1968 1968 I sysui_multi_action: [757,0,758,1,759,0,927,3,928,0,1593,1]
11-16 03:24:25.371 1504 1504 I notification_enqueue: [10081,1968,com.android.systemui,2048,NULL,0,Notification(channel=updateNotification shortcut=null contentView=null vibrate=null sound=null defaults=0x0 flags=0x0 color=0x00000000 vis=PRIVATE),1]
11-16 03:24:25.384 1968 1968 I sysui_multi_action: [757,111,758,2]
11-16 03:24:25.384 1968 1968 I sysui_multi_action: [757,111,758,2]
11-16 03:24:25.384 1504 1504 I notification_enqueue: [10081,1968,com.android.systemui,2048,NULL,0,Notification(channel=updateNotification shortcut=null contentView=null vibrate=null sound=null defaults=0x0 flags=0x0 color=0x00000000 vis=PRIVATE),1]
11-16 03:24:25.389 1968 1968 I sysui_multi_action: [757,111,758,1]
11-16 03:24:25.389 1968 1968 I sysui_multi_action: [757,126,758,1,759,126,927,0,928,1,1593,1]
11-16 03:24:25.389 1968 1968 I sysui_multi_action: [757,113,758,1,759,113,927,1,928,1,1593,1]
11-16 03:24:25.389 1968 1968 I sysui_multi_action: [757,0,758,1,759,0,927,2,928,0,1593,1]
11-16 03:24:25.389 1968 1968 I sysui_multi_action: [757,0,758,1,759,0,927,3,928,0,1593,1]
11-16 03:24:25.390 1968 1968 I sysui_multi_action: [757,491,758,1,759,491,927,4,928,0,1311,-1,1593,0]
11-16 03:24:25.390 1968 1968 I sysui_multi_action: [757,0,758,1,759,0,927,5,928,0,1593,0]
11-16 03:24:25.390 1968 1968 I sysui_multi_action: [757,111,758,1]
11-16 03:24:25.390 1968 1968 I sysui_multi_action: [757,126,758,1,759,126,927,0,928,1,1593,1]
11-16 03:24:25.390 1968 1968 I sysui_multi_action: [757,113,758,1,759,113,927,1,928,1,1593,1]
11-16 03:24:25.390 1968 1968 I sysui_multi_action: [757,0,758,1,759,0,927,2,928,0,1593,1]
11-16 03:24:25.390 1968 1968 I sysui_multi_action: [757,0,758,1,759,0,927,3,928,0,1593,1]
11-16 03:24:25.402 1968 1968 I sysui_multi_action: [757,111,758,2]
11-16 03:24:25.402 1504 1504 I notification_enqueue: [10081,1968,com.android.systemui,2048,NULL,0,Notification(channel=updateNotification shortcut=null contentView=null vibrate=null sound=null defaults=0x0 flags=0x0 color=0x00000000 vis=PRIVATE),1]
11-16 03:24:25.402 1968 1968 I sysui_multi_action: [757,111,758,2]
11-16 03:24:25.407 1968 1968 I sysui_multi_action: [757,111,758,1]
11-16 03:24:25.407 1968 1968 I sysui_multi_action: [757,126,758,1,759,126,927,0,928,1,1593,1]
11-16 03:24:25.407 1968 1968 I sysui_multi_action: [757,113,758,1,759,113,927,1,928,1,1593,1]
11-16 03:24:25.407 1968 1968 I sysui_multi_action: [757,0,758,1,759,0,927,2,928,0,1593,1]
11-16 03:24:25.407 1968 1968 I sysui_multi_action: [757,0,758,1,759,0,927,3,928,0,1593,1]
11-16 03:24:25.408 1968 1968 I sysui_multi_action: [757,491,758,1,759,491,927,4,928,0,1311,-1,1593,0]
11-16 03:24:25.408 1968 1968 I sysui_multi_action: [757,0,758,1,759,0,927,5,928,0,1593,0]
11-16 03:24:25.408 1968 1968 I sysui_multi_action: [757,111,758,1]
11-16 03:24:25.408 1968 1968 I sysui_multi_action: [757,126,758,1,759,126,927,0,928,1,1593,1]
11-16 03:24:25.408 1968 1968 I sysui_multi_action: [757,113,758,1,759,113,927,1,928,1,1593,1]
11-16 03:24:25.408 1968 1968 I sysui_multi_action: [757,0,758,1,759,0,927,2,928,0,1593,1]
11-16 03:24:25.408 1968 1968 I sysui_multi_action: [757,0,758,1,759,0,927,3,928,0,1593,1]
11-16 03:24:25.419 1968 1968 I sysui_multi_action: [757,111,758,2]
11-16 03:24:25.419 1968 1968 I sysui_multi_action: [757,111,758,2]
11-16 03:24:25.419 1504 1504 I notification_enqueue: [10081,1968,com.android.systemui,2048,NULL,0,Notification(channel=updateNotification shortcut=null contentView=null vibrate=null sound=null defaults=0x0 flags=0x0 color=0x00000000 vis=PRIVATE),1]
11-16 03:24:25.421 1968 1968 I sysui_multi_action: [757,111,758,1]
11-16 03:24:25.421 1968 1968 I sysui_multi_action: [757,126,758,1,759,126,927,0,928,1,1593,0]
11-16 03:24:25.421 1968 1968 I sysui_multi_action: [757,113,758,1,759,113,927,1,928,1,1593,0]
11-16 03:24:25.422 1968 1968 I sysui_multi_action: [757,0,758,1,759,0,927,2,928,0,1593,0]
11-16 03:24:25.422 1968 1968 I sysui_multi_action: [757,0,758,1,759,0,927,3,928,0,1593,0]
11-16 03:24:25.422 1968 1968 I sysui_multi_action: [757,491,758,1,759,491,927,4,928,0,1311,-1,1593,0]
11-16 03:24:25.422 1968 1968 I sysui_multi_action: [757,0,758,1,759,0,927,5,928,0,1593,0]
11-16 03:24:25.422 1968 1968 I sysui_multi_action: [757,111,758,1]
11-16 03:24:25.422 1968 1968 I sysui_multi_action: [757,126,758,1,759,126,927,0,928,1,1593,0]
11-16 03:24:25.422 1968 1968 I sysui_multi_action: [757,113,758,1,759,113,927,1,928,1,1593,0]
11-16 03:24:25.422 1968 1968 I sysui_multi_action: [757,0,758,1,759,0,927,2,928,0,1593,1]
11-16 03:24:25.422 1968 1968 I sysui_multi_action: [757,0,758,1,759,0,927,3,928,0,1593,1]
11-16 03:24:25.435 1968 1968 I sysui_multi_action: [757,111,758,2]
11-16 03:24:25.435 1968 1968 I sysui_multi_action: [757,111,758,2]
11-16 03:24:25.435 1504 1504 I notification_enqueue: [10081,1968,com.android.systemui,2048,NULL,0,Notification(channel=updateNotification shortcut=null contentView=null vibrate=null sound=null defaults=0x0 flags=0x0 color=0x00000000 vis=PRIVATE),1]
11-16 03:24:25.437 1968 1968 I sysui_multi_action: [757,111,758,1]
11-16 03:24:25.437 1968 1968 I sysui_multi_action: [757,126,758,1,759,126,927,0,928,1,1593,0]
11-16 03:24:25.437 1968 1968 I sysui_multi_action: [757,113,758,1,759,113,927,1,928,1,1593,0]
11-16 03:24:25.438 1968 1968 I sysui_multi_action: [757,0,758,1,759,0,927,2,928,0,1593,0]
11-16 03:24:25.438 1968 1968 I sysui_multi_action: [757,0,758,1,759,0,927,3,928,0,1593,0]
11-16 03:24:25.438 1968 1968 I sysui_multi_action: [757,491,758,1,759,491,927,4,928,0,1311,-1,1593,0]
11-16 03:24:25.438 1968 1968 I sysui_multi_action: [757,0,758,1,759,0,927,5,928,0,1593,0]
11-16 03:24:25.438 1968 1968 I sysui_multi_action: [757,111,758,1]
11-16 03:24:25.438 1968 1968 I sysui_multi_action: [757,126,758,1,759,126,927,0,928,1,1593,0]
11-16 03:24:25.438 1968 1968 I sysui_multi_action: [757,113,758,1,759,113,927,1,928,1,1593,0]
11-16 03:24:25.438 1968 1968 I sysui_multi_action: [757,0,758,1,759,0,927,2,928,0,1593,0]
11-16 03:24:25.438 1968 1968 I sysui_multi_action: [757,0,758,1,759,0,927,3,928,0,1593,0]
11-16 03:24:25.452 1968 1968 I sysui_multi_action: [757,111,758,2]
11-16 03:24:25.452 1504 1504 I notification_enqueue: [10081,1968,com.android.systemui,2048,NULL,0,Notification(channel=updateNotification shortcut=null contentView=null vibrate=null sound=null defaults=0x0 flags=0x0 color=0x00000000 vis=PRIVATE),1]
11-16 03:24:25.452 1968 1968 I sysui_multi_action: [757,111,758,2]
11-16 03:24:25.455 1968 1968 I sysui_multi_action: [757,111,758,1]
11-16 03:24:25.455 1968 1968 I sysui_multi_action: [757,126,758,1,759,126,927,0,928,1,1593,0]
11-16 03:24:25.455 1968 1968 I sysui_multi_action: [757,113,758,1,759,113,927,1,928,1,1593,0]
11-16 03:24:25.455 1968 1968 I sysui_multi_action: [757,0,758,1,759,0,927,2,928,0,1593,0]
11-16 03:24:25.455 1968 1968 I sysui_multi_action: [757,0,758,1,759,0,927,3,928,0,1593,0]
11-16 03:24:25.455 1968 1968 I sysui_multi_action: [757,491,758,1,759,491,927,4,928,0,1311,-1,1593,0]
11-16 03:24:25.455 1968 1968 I sysui_multi_action: [757,0,758,1,759,0,927,5,928,0,1593,0]
11-16 03:24:25.455 1968 1968 I sysui_multi_action: [757,111,758,1]
11-16 03:24:25.455 1968 1968 I sysui_multi_action: [757,126,758,1,759,126,927,0,928,1,1593,0]
11-16 03:24:25.456 1968 1968 I sysui_multi_action: [757,113,758,1,759,113,927,1,928,1,1593,0]
11-16 03:24:25.456 1968 1968 I sysui_multi_action: [757,0,758,1,759,0,927,2,928,0,1593,0]
11-16 03:24:25.456 1968 1968 I sysui_multi_action: [757,0,758,1,759,0,927,3,928,0,1593,0]
11-16 03:24:25.469 1968 1968 I sysui_multi_action: [757,111,758,2]
11-16 03:24:25.469 1504 1504 I notification_enqueue: [10081,1968,com.android.systemui,2048,NULL,0,Notification(channel=updateNotification shortcut=null contentView=null vibrate=null sound=null defaults=0x0 flags=0x0 color=0x00000000 vis=PRIVATE),1]
11-16 03:24:25.470 1968 1968 I sysui_multi_action: [757,111,758,2]
11-16 03:24:25.472 1968 1968 I sysui_multi_action: [757,111,758,1]
11-16 03:24:25.472 1968 1968 I sysui_multi_action: [757,126,758,1,759,126,927,0,928,1,1593,0]
11-16 03:24:25.472 1968 1968 I sysui_multi_action: [757,113,758,1,759,113,927,1,928,1,1593,0]
11-16 03:24:25.472 1968 1968 I sysui_multi_action: [757,0,758,1,759,0,927,2,928,0,1593,0]
11-16 03:24:25.473 1968 1968 I sysui_multi_action: [757,0,758,1,759,0,927,3,928,0,1593,0]
11-16 03:24:25.473 1968 1968 I sysui_multi_action: [757,491,758,1,759,491,927,4,928,0,1311,-1,1593,0]
11-16 03:24:25.473 1968 1968 I sysui_multi_action: [757,0,758,1,759,0,927,5,928,0,1593,0]
11-16 03:24:25.473 1968 1968 I sysui_multi_action: [757,111,758,1]
11-16 03:24:25.473 1968 1968 I sysui_multi_action: [757,126,758,1,759,126,927,0,928,1,1593,0]
11-16 03:24:25.473 1968 1968 I sysui_multi_action: [757,113,758,1,759,113,927,1,928,1,1593,0]
11-16 03:24:25.473 1968 1968 I sysui_multi_action: [757,0,758,1,759,0,927,2,928,0,1593,0]
11-16 03:24:25.473 1968 1968 I sysui_multi_action: [757,0,758,1,759,0,927,3,928,0,1593,0]
11-16 03:24:25.486 1968 1968 I sysui_multi_action: [757,111,758,2]
11-16 03:24:25.486 1504 1504 I notification_enqueue: [10081,1968,com.android.systemui,2048,NULL,0,Notification(channel=updateNotification shortcut=null contentView=null vibrate=null sound=null defaults=0x0 flags=0x0 color=0x00000000 vis=PRIVATE),1]
11-16 03:24:25.486 1968 1968 I sysui_multi_action: [757,111,758,2]
11-16 03:24:25.489 1968 1968 I sysui_multi_action: [757,111,758,1]
11-16 03:24:25.489 1968 1968 I sysui_multi_action: [757,126,758,1,759,126,927,0,928,1,1593,1]
11-16 03:24:25.489 1968 1968 I sysui_multi_action: [757,113,758,1,759,113,927,1,928,1,1593,1]
11-16 03:24:25.489 1968 1968 I sysui_multi_action: [757,0,758,1,759,0,927,2,928,0,1593,1]
11-16 03:24:25.489 1968 1968 I sysui_multi_action: [757,0,758,1,759,0,927,3,928,0,1593,1]
11-16 03:24:25.489 1968 1968 I sysui_multi_action: [757,491,758,1,759,491,927,4,928,0,1311,-1,1593,0]
11-16 03:24:25.489 1968 1968 I sysui_multi_action: [757,0,758,1,759,0,927,5,928,0,1593,0]
11-16 03:24:25.489 1968 1968 I sysui_multi_action: [757,111,758,1]
11-16 03:24:25.489 1968 1968 I sysui_multi_action: [757,126,758,1,759,126,927,0,928,1,1593,1]
11-16 03:24:25.489 1968 1968 I sysui_multi_action: [757,113,758,1,759,113,927,1,928,1,1593,1]
11-16 03:24:25.490 1968 1968 I sysui_multi_action: [757,0,758,1,759,0,927,2,928,0,1593,1]
11-16 03:24:25.490 1968 1968 I sysui_multi_action: [757,0,758,1,759,0,927,3,928,0,1593,1]
11-16 03:24:25.503 1968 1968 I sysui_multi_action: [757,111,758,2]
11-16 03:24:25.503 1968 1968 I sysui_multi_action: [757,111,758,2]
11-16 03:24:25.503 1504 1504 I notification_enqueue: [10081,1968,com.android.systemui,2048,NULL,0,Notification(channel=updateNotification shortcut=null contentView=null vibrate=null sound=null defaults=0x0 flags=0x0 color=0x00000000 vis=PRIVATE),1]
11-16 03:24:25.504 1504 1504 I sysui_multi_action: [757,1501,758,1,793,33840,794,0,795,203,796,2048,806,com.android.systemui,857,updateNotification,858,3,947,0,1500,0,1688,1]
11-16 03:24:25.505 1504 1504 I sysui_multi_action: [757,804,799,note_interruptive,801,0,802,1]
11-16 03:24:25.505 1504 1504 I sysui_multi_action: [757,199,758,1,759,2,793,33841,794,0,795,204,796,2048,806,com.android.systemui,857,updateNotification,858,3,947,0,1500,1,1688,1]
11-16 03:24:25.505 1504 1504 I notification_alert: [0|com.android.systemui|2048|null|10081,0,1,0]
11-16 03:24:25.506 1968 1968 I sysui_multi_action: [757,111,758,1]
11-16 03:24:25.506 1968 1968 I sysui_multi_action: [757,126,758,1,759,126,927,0,928,1,1593,0]
11-16 03:24:25.506 1968 1968 I sysui_multi_action: [757,113,758,1,759,113,927,1,928,1,1593,0]
11-16 03:24:25.506 1968 1968 I sysui_multi_action: [757,0,758,1,759,0,927,2,928,0,1593,0]
11-16 03:24:25.506 1968 1968 I sysui_multi_action: [757,0,758,1,759,0,927,3,928,0,1593,0]
11-16 03:24:25.506 1968 1968 I sysui_multi_action: [757,491,758,1,759,491,927,4,928,0,1311,-1,1593,0]
11-16 03:24:25.506 1968 1968 I sysui_multi_action: [757,0,758,1,759,0,927,5,928,0,1593,0]
11-16 03:24:25.506 1968 1968 I sysui_multi_action: [757,111,758,1]
11-16 03:24:25.506 1968 1968 I sysui_multi_action: [757,126,758,1,759,126,927,0,928,1,1593,0]
11-16 03:24:25.506 1968 1968 I sysui_multi_action: [757,113,758,1,759,113,927,1,928,1,1593,0]
11-16 03:24:25.507 1968 1968 I sysui_multi_action: [757,0,758,1,759,0,927,2,928,0,1593,0]
11-16 03:24:25.507 1968 1968 I sysui_multi_action: [757,0,758,1,759,0,927,3,928,0,1593,0]
11-16 03:24:25.519 1968 1968 I sysui_multi_action: [757,111,758,2]
11-16 03:24:25.519 1504 1504 I notification_enqueue: [10081,1968,com.android.systemui,2048,NULL,0,Notification(channel=updateNotification shortcut=null contentView=null vibrate=null sound=null defaults=0x0 flags=0x0 color=0x00000000 vis=PRIVATE),1]
11-16 03:24:25.519 1968 1968 I sysui_multi_action: [757,111,758,2]
11-16 03:24:25.522 1968 1968 I sysui_multi_action: [757,111,758,1]
11-16 03:24:25.522 1968 1968 I sysui_multi_action: [757,126,758,1,759,126,927,0,928,1,1593,1]
11-16 03:24:25.522 1968 1968 I sysui_multi_action: [757,113,758,1,759,113,927,1,928,1,1593,1]
11-16 03:24:25.522 1968 1968 I sysui_multi_action: [757,0,758,1,759,0,927,2,928,0,1593,1]
11-16 03:24:25.522 1968 1968 I sysui_multi_action: [757,0,758,1,759,0,927,3,928,0,1593,1]
11-16 03:24:25.522 1968 1968 I sysui_multi_action: [757,491,758,1,759,491,927,4,928,0,1311,-1,1593,0]
11-16 03:24:25.522 1968 1968 I sysui_multi_action: [757,0,758,1,759,0,927,5,928,0,1593,0]
11-16 03:24:25.522 1968 1968 I sysui_multi_action: [757,111,758,1]
11-16 03:24:25.522 1968 1968 I sysui_multi_action: [757,126,758,1,759,126,927,0,928,1,1593,1]
11-16 03:24:25.522 1968 1968 I sysui_multi_action: [757,113,758,1,759,113,927,1,928,1,1593,1]
11-16 03:24:25.522 1968 1968 I sysui_multi_action: [757,0,758,1,759,0,927,2,928,0,1593,1]
11-16 03:24:25.522 1968 1968 I sysui_multi_action: [757,0,758,1,759,0,927,3,928,0,1593,1]
11-16 03:24:25.536 1968 1968 I sysui_multi_action: [757,111,758,2]
11-16 03:24:25.536 1968 1968 I sysui_multi_action: [757,111,758,2]
11-16 03:24:25.538 1968 1968 I sysui_multi_action: [757,111,758,1]
11-16 03:24:25.538 1968 1968 I sysui_multi_action: [757,126,758,1,759,126,927,0,928,1,1593,0]
11-16 03:24:25.538 1968 1968 I sysui_multi_action: [757,113,758,1,759,113,927,1,928,1,1593,1]
11-16 03:24:25.538 1968 1968 I sysui_multi_action: [757,0,758,1,759,0,927,2,928,0,1593,1]
11-16 03:24:25.538 1968 1968 I sysui_multi_action: [757,0,758,1,759,0,927,3,928,0,1593,1]
11-16 03:24:25.538 1968 1968 I sysui_multi_action: [757,491,758,1,759,491,927,4,928,0,1311,-1,1593,0]
11-16 03:24:25.538 1968 1968 I sysui_multi_action: [757,0,758,1,759,0,927,5,928,0,1593,0]
11-16 03:24:25.538 1968 1968 I sysui_multi_action: [757,111,758,1]
11-16 03:24:25.538 1968 1968 I sysui_multi_action: [757,126,758,1,759,126,927,0,928,1,1593,1]
11-16 03:24:25.539 1968 1968 I sysui_multi_action: [757,113,758,1,759,113,927,1,928,1,1593,1]
11-16 03:24:25.539 1968 1968 I sysui_multi_action: [757,0,758,1,759,0,927,2,928,0,1593,1]
11-16 03:24:25.539 1968 1968 I sysui_multi_action: [757,0,758,1,759,0,927,3,928,0,1593,1]
11-16 03:24:25.540 1504 1504 I notification_enqueue: [10081,1968,com.android.systemui,2048,NULL,0,Notification(channel=updateNotification shortcut=null contentView=null vibrate=null sound=null defaults=0x0 flags=0x0 color=0x00000000 vis=PRIVATE),1]
11-16 03:24:25.552 1968 1968 I sysui_multi_action: [757,111,758,2]
11-16 03:24:25.553 1968 1968 I sysui_multi_action: [757,111,758,2]
11-16 03:24:25.553 1504 1504 I notification_enqueue: [10081,1968,com.android.systemui,2048,NULL,0,Notification(channel=updateNotification shortcut=null contentView=null vibrate=null sound=null defaults=0x0 flags=0x0 color=0x00000000 vis=PRIVATE),1]
11-16 03:24:25.555 1968 1968 I sysui_multi_action: [757,111,758,1]
11-16 03:24:25.555 1968 1968 I sysui_multi_action: [757,126,758,1,759,126,927,0,928,1,1593,0]
11-16 03:24:25.555 1968 1968 I sysui_multi_action: [757,113,758,1,759,113,927,1,928,1,1593,0]
11-16 03:24:25.555 1968 1968 I sysui_multi_action: [757,0,758,1,759,0,927,2,928,0,1593,0]
11-16 03:24:25.555 1968 1968 I sysui_multi_action: [757,0,758,1,759,0,927,3,928,0,1593,0]
11-16 03:24:25.555 1968 1968 I sysui_multi_action: [757,491,758,1,759,491,927,4,928,0,1311,-1,1593,0]
11-16 03:24:25.555 1968 1968 I sysui_multi_action: [757,0,758,1,759,0,927,5,928,0,1593,0]
11-16 03:24:25.555 1968 1968 I sysui_multi_action: [757,111,758,1]
11-16 03:24:25.555 1968 1968 I sysui_multi_action: [757,126,758,1,759,126,927,0,928,1,1593,0]
11-16 03:24:25.555 1968 1968 I sysui_multi_action: [757,113,758,1,759,113,927,1,928,1,1593,0]
11-16 03:24:25.555 1968 1968 I sysui_multi_action: [757,0,758,1,759,0,927,2,928,0,1593,0]
11-16 03:24:25.556 1968 1968 I sysui_multi_action: [757,0,758,1,759,0,927,3,928,0,1593,0]
11-16 03:24:25.569 1968 1968 I sysui_multi_action: [757,111,758,2]
11-16 03:24:25.569 1504 1504 I notification_enqueue: [10081,1968,com.android.systemui,2048,NULL,0,Notification(channel=updateNotification shortcut=null contentView=null vibrate=null sound=null defaults=0x0 flags=0x0 color=0x00000000 vis=PRIVATE),1]
11-16 03:24:25.569 1968 1968 I sysui_multi_action: [757,111,758,2]
11-16 03:24:25.571 1968 1968 I sysui_multi_action: [757,111,758,1]
11-16 03:24:25.571 1968 1968 I sysui_multi_action: [757,126,758,1,759,126,927,0,928,1,1593,1]
11-16 03:24:25.571 1968 1968 I sysui_multi_action: [757,113,758,1,759,113,927,1,928,1,1593,1]
11-16 03:24:25.571 1968 1968 I sysui_multi_action: [757,0,758,1,759,0,927,2,928,0,1593,1]
11-16 03:24:25.571 1968 1968 I sysui_multi_action: [757,0,758,1,759,0,927,3,928,0,1593,1]
11-16 03:24:25.571 1968 1968 I sysui_multi_action: [757,491,758,1,759,491,927,4,928,0,1311,-1,1593,0]
11-16 03:24:25.572 1968 1968 I sysui_multi_action: [757,0,758,1,759,0,927,5,928,0,1593,0]
11-16 03:24:25.572 1968 1968 I sysui_multi_action: [757,111,758,1]
11-16 03:24:25.572 1968 1968 I sysui_multi_action: [757,126,758,1,759,126,927,0,928,1,1593,1]
11-16 03:24:25.572 1968 1968 I sysui_multi_action: [757,113,758,1,759,113,927,1,928,1,1593,1]
11-16 03:24:25.572 1968 1968 I sysui_multi_action: [757,0,758,1,759,0,927,2,928,0,1593,1]
11-16 03:24:25.572 1968 1968 I sysui_multi_action: [757,0,758,1,759,0,927,3,928,0,1593,1]
