11-16 03:24:25.585 1968 1968 I sysui_multi_action: [757,111,758,2]
11-16 03:24:25.585 1968 1968 I sysui_multi_action: [757,111,758,2]
11-16 03:24:25.587 1504 1504 I notification_enqueue: [10081,1968,com.android.systemui,2048,NULL,0,Notification(channel=updateNotification shortcut=null contentView=null vibrate=null sound=null defaults=0x0 flags=0x0 color=0x00000000 vis=PRIVATE),1]
11-16 03:24:25.588 1968 1968 I sysui_multi_action: [757,111,758,1]
11-16 03:24:25.588 1968 1968 I sysui_multi_action: [757,126,758,1,759,126,927,0,928,1,1593,1]
11-16 03:24:25.588 1968 1968 I sysui_multi_action: [757,113,758,1,759,113,927,1,928,1,1593,1]
11-16 03:24:25.588 1968 1968 I sysui_multi_action: [757,0,758,1,759,0,927,2,928,0,1593,1]
11-16 03:24:25.588 1968 1968 I sysui_multi_action: [757,0,758,1,759,0,927,3,928,0,1593,1]
11-16 03:24:25.588 1968 1968 I sysui_multi_action: [757,491,758,1,759,491,927,4,928,0,1311,-1,1593,0]
11-16 03:24:25.588 1968 1968 I sysui_multi_action: [757,0,758,1,759,0,927,5,928,0,1593,0]
11-16 03:24:25.588 1968 1968 I sysui_multi_action: [757,111,758,1]
11-16 03:24:25.588 1968 1968 I sysui_multi_action: [757,126,758,1,759,126,927,0,928,1,1593,1]
11-16 03:24:25.588 1968 1968 I sysui_multi_action: [757,113,758,1,759,113,927,1,928,1,1593,1]
11-16 03:24:25.588 1968 1968 I sysui_multi_action: [757,0,758,1,759,0,927,2,928,0,1593,1]
11-16 03:24:25.588 1968 1968 I sysui_multi_action: [757,0,758,1,759,0,927,3,928,0,1593,1]
11-16 03:24:25.604 1968 1968 I sysui_multi_action: [757,111,758,2]
11-16 03:24:25.604 1968 1968 I sysui_multi_action: [757,111,758,2]
11-16 03:24:25.604 1504 1504 I notification_enqueue: [10081,1968,com.android.systemui,2048,NULL,0,Notification(channel=updateNotification shortcut=null contentView=null vibrate=null sound=null defaults=0x0 flags=0x0 color=0x00000000 vis=PRIVATE),1]
11-16 03:24:25.607 1968 1968 I sysui_multi_action: [757,111,758,1]
11-16 03:24:25.607 1968 1968 I sysui_multi_action: [757,126,758,1,759,126,927,0,928,1,1593,0]
11-16 03:24:25.607 1968 1968 I sysui_multi_action: [757,113,758,1,759,113,927,1,928,1,1593,0]
11-16 03:24:25.607 1968 1968 I sysui_multi_action: [757,0,758,1,759,0,927,2,928,0,1593,1]
11-16 03:24:25.607 1968 1968 I sysui_multi_action: [757,0,758,1,759,0,927,3,928,0,1593,1]
11-16 03:24:25.607 1968 1968 I sysui_multi_action: [757,491,758,1,759,491,927,4,928,0,1311,-1,1593,0]
11-16 03:24:25.607 1968 1968 I sysui_multi_action: [757,0,758,1,759,0,927,5,928,0,1593,0]
11-16 03:24:25.607 1968 1968 I sysui_multi_action: [757,111,758,1]
11-16 03:24:25.607 1968 1968 I sysui_multi_action: [757,126,758,1,759,126,927,0,928,1,1593,1]
11-16 03:24:25.607 1968 1968 I sysui_multi_action: [757,113,758,1,759,113,927,1,928,1,1593,1]
11-16 03:24:25.607 1968 1968 I sysui_multi_action: [757,0,758,1,759,0,927,2,928,0,1593,1]
11-16 03:24:25.607 1968 1968 I sysui_multi_action: [757,0,758,1,759,0,927,3,928,0,1593,1]
11-16 03:24:25.621 1968 1968 I sysui_multi_action: [757,111,758,2]
11-16 03:24:25.621 1968 1968 I sysui_multi_action: [757,111,758,2]
11-16 03:24:25.622 1504 1504 I notification_enqueue: [10081,1968,com.android.systemui,2048,NULL,0,Notification(channel=updateNotification shortcut=null contentView=null vibrate=null sound=null defaults=0x0 flags=0x0 color=0x00000000 vis=PRIVATE),1]
11-16 03:24:25.623 1968 1968 I sysui_multi_action: [757,111,758,1]
11-16 03:24:25.623 1968 1968 I sysui_multi_action: [757,126,758,1,759,126,927,0,928,1,1593,0]
11-16 03:24:25.623 1968 1968 I sysui_multi_action: [757,113,758,1,759,113,927,1,928,1,1593,1]
11-16 03:24:25.623 1968 1968 I sysui_multi_action: [757,0,758,1,759,0,927,2,928,0,1593,1]
11-16 03:24:25.623 1968 1968 I sysui_multi_action: [757,0,758,1,759,0,927,3,928,0,1593,1]
11-16 03:24:25.624 1968 1968 I sysui_multi_action: [757,491,758,1,759,491,927,4,928,0,1311,-1,1593,0]
11-16 03:24:25.624 1968 1968 I sysui_multi_action: [757,0,758,1,759,0,927,5,928,0,1593,0]
11-16 03:24:25.624 1968 1968 I sysui_multi_action: [757,111,758,1]
11-16 03:24:25.624 1968 1968 I sysui_multi_action: [757,126,758,1,759,126,927,0,928,1,1593,1]
11-16 03:24:25.624 1968 1968 I sysui_multi_action: [757,113,758,1,759,113,927,1,928,1,1593,1]
11-16 03:24:25.624 1968 1968 I sysui_multi_action: [757,0,758,1,759,0,927,2,928,0,1593,1]
11-16 03:24:25.624 1968 1968 I sysui_multi_action: [757,0,758,1,759,0,927,3,928,0,1593,1]
11-16 03:24:25.635 1968 1968 I sysui_multi_action: [757,111,758,2]
11-16 03:24:25.635 1968 1968 I sysui_multi_action: [757,111,758,2]
11-16 03:24:25.637 1504 1504 I notification_enqueue: [10081,1968,com.android.systemui,2048,NULL,0,Notification(channel=updateNotification shortcut=null contentView=null vibrate=null sound=null defaults=0x0 flags=0x0 color=0x00000000 vis=PRIVATE),1]
11-16 03:24:25.637 1968 1968 I sysui_multi_action: [757,111,758,1]
11-16 03:24:25.638 1968 1968 I sysui_multi_action: [757,126,758,1,759,126,927,0,928,1,1593,0]
11-16 03:24:25.638 1968 1968 I sysui_multi_action: [757,113,758,1,759,113,927,1,928,1,1593,0]
11-16 03:24:25.638 1968 1968 I sysui_multi_action: [757,0,758,1,759,0,927,2,928,0,1593,0]
11-16 03:24:25.638 1968 1968 I sysui_multi_action: [757,0,758,1,759,0,927,3,928,0,1593,0]
11-16 03:24:25.638 1968 1968 I sysui_multi_action: [757,491,758,1,759,491,927,4,928,0,1311,-1,1593,0]
11-16 03:24:25.638 1968 1968 I sysui_multi_action: [757,0,758,1,759,0,927,5,928,0,1593,0]
11-16 03:24:25.638 1968 1968 I sysui_multi_action: [757,111,758,1]
11-16 03:24:25.638 1968 1968 I sysui_multi_action: [757,126,758,1,759,126,927,0,928,1,1593,1]
11-16 03:24:25.638 1968 1968 I sysui_multi_action: [757,113,758,1,759,113,927,1,928,1,1593,1]
11-16 03:24:25.638 1968 1968 I sysui_multi_action: [757,0,758,1,759,0,927,2,928,0,1593,1]
11-16 03:24:25.638 1968 1968 I sysui_multi_action: [757,0,758,1,759,0,927,3,928,0,1593,1]
11-16 03:24:25.651 1968 1968 I sysui_multi_action: [757,111,758,2]
11-16 03:24:25.651 1968 1968 I sysui_multi_action: [757,111,758,2]
11-16 03:24:25.652 1504 1504 I notification_enqueue: [10081,1968,com.android.systemui,2048,NULL,0,Notification(channel=updateNotification shortcut=null contentView=null vibrate=null sound=null defaults=0x0 flags=0x0 color=0x00000000 vis=PRIVATE),1]
11-16 03:24:25.653 1968 1968 I sysui_multi_action: [757,111,758,1]
11-16 03:24:25.654 1968 1968 I sysui_multi_action: [757,126,758,1,759,126,927,0,928,1,1593,0]
11-16 03:24:25.654 1968 1968 I sysui_multi_action: [757,113,758,1,759,113,927,1,928,1,1593,0]
11-16 03:24:25.654 1968 1968 I sysui_multi_action: [757,0,758,1,759,0,927,2,928,0,1593,0]
11-16 03:24:25.654 1968 1968 I sysui_multi_action: [757,0,758,1,759,0,927,3,928,0,1593,0]
11-16 03:24:25.654 1968 1968 I sysui_multi_action: [757,491,758,1,759,491,927,4,928,0,1311,-1,1593,1]
11-16 03:24:25.654 1968 1968 I sysui_multi_action: [757,0,758,1,759,0,927,5,928,0,1593,1]
11-16 03:24:25.654 1968 1968 I sysui_multi_action: [757,111,758,1]
11-16 03:24:25.654 1968 1968 I sysui_multi_action: [757,126,758,1,759,126,927,0,928,1,1593,0]
11-16 03:24:25.654 1968 1968 I sysui_multi_action: [757,113,758,1,759,113,927,1,928,1,1593,0]
11-16 03:24:25.654 1968 1968 I sysui_multi_action: [757,0,758,1,759,0,927,2,928,0,1593,0]
11-16 03:24:25.654 1968 1968 I sysui_multi_action: [757,0,758,1,759,0,927,3,928,0,1593,0]
11-16 03:24:25.669 1968 1968 I sysui_multi_action: [757,111,758,2]
11-16 03:24:25.669 1504 1504 I notification_enqueue: [10081,1968,com.android.systemui,2048,NULL,0,Notification(channel=updateNotification shortcut=null contentView=null vibrate=null sound=null defaults=0x0 flags=0x0 color=0x00000000 vis=PRIVATE),1]
11-16 03:24:25.669 1968 1968 I sysui_multi_action: [757,111,758,2]
11-16 03:24:25.671 1968 1968 I sysui_multi_action: [757,111,758,1]
11-16 03:24:25.672 1968 1968 I sysui_multi_action: [757,126,758,1,759,126,927,0,928,1,1593,0]
11-16 03:24:25.672 1968 1968 I sysui_multi_action: [757,113,758,1,759,113,927,1,928,1,1593,0]
11-16 03:24:25.672 1968 1968 I sysui_multi_action: [757,0,758,1,759,0,927,2,928,0,1593,0]
11-16 03:24:25.672 1968 1968 I sysui_multi_action: [757,0,758,1,759,0,927,3,928,0,1593,0]
11-16 03:24:25.672 1968 1968 I sysui_multi_action: [757,491,758,1,759,491,927,4,928,0,1311,-1,1593,0]
11-16 03:24:25.672 1968 1968 I sysui_multi_action: [757,0,758,1,759,0,927,5,928,0,1593,0]
11-16 03:24:25.672 1968 1968 I sysui_multi_action: [757,111,758,1]
11-16 03:24:25.672 1968 1968 I sysui_multi_action: [757,126,758,1,759,126,927,0,928,1,1593,0]
11-16 03:24:25.672 1968 1968 I sysui_multi_action: [757,113,758,1,759,113,927,1,928,1,1593,0]
11-16 03:24:25.672 1968 1968 I sysui_multi_action: [757,0,758,1,759,0,927,2,928,0,1593,0]
11-16 03:24:25.672 1968 1968 I sysui_multi_action: [757,0,758,1,759,0,927,3,928,0,1593,0]
11-16 03:24:25.686 1968 1968 I sysui_multi_action: [757,111,758,2]
11-16 03:24:25.686 1504 1504 I notification_enqueue: [10081,1968,com.android.systemui,2048,NULL,0,Notification(channel=updateNotification shortcut=null contentView=null vibrate=null sound=null defaults=0x0 flags=0x0 color=0x00000000 vis=PRIVATE),1]
11-16 03:24:25.686 1968 1968 I sysui_multi_action: [757,111,758,2]
11-16 03:24:25.697 1504 1572 I input_focus: [Focus request e1de84c com.android.launcher3/com.android.launcher3.uioverrides.QuickstepLauncher,reason=UpdateInputWindows]
11-16 03:24:25.698 1968 1968 I sysui_multi_action: [757,111,758,1]
11-16 03:24:25.698 1968 1968 I sysui_multi_action: [757,126,758,1,759,126,927,0,928,1,1593,1]
11-16 03:24:25.698 1968 1968 I sysui_multi_action: [757,113,758,1,759,113,927,1,928,1,1593,1]
11-16 03:24:25.698 1968 1968 I sysui_multi_action: [757,0,758,1,759,0,927,2,928,0,1593,1]
11-16 03:24:25.698 1968 1968 I sysui_multi_action: [757,0,758,1,759,0,927,3,928,0,1593,1]
11-16 03:24:25.699 1968 1968 I sysui_multi_action: [757,491,758,1,759,491,927,4,928,0,1311,-1,1593,0]
11-16 03:24:25.699 1968 1968 I sysui_multi_action: [757,0,758,1,759,0,927,5,928,0,1593,0]
11-16 03:24:25.699 1968 1968 I sysui_multi_action: [757,111,758,1]
11-16 03:24:25.699 1968 1968 I sysui_multi_action: [757,126,758,1,759,126,927,0,928,1,1593,1]
11-16 03:24:25.699 1968 1968 I sysui_multi_action: [757,113,758,1,759,113,927,1,928,1,1593,1]
11-16 03:24:25.699 1968 1968 I sysui_multi_action: [757,0,758,1,759,0,927,2,928,0,1593,1]
11-16 03:24:25.699 1968 1968 I sysui_multi_action: [757,0,758,1,759,0,927,3,928,0,1593,1]
11-16 03:24:25.713 1968 1968 I sysui_multi_action: [757,111,758,2]
11-16 03:24:25.713 1504 1504 I notification_enqueue: [10081,1968,com.android.systemui,2048,NULL,0,Notification(channel=updateNotification shortcut=null contentView=null vibrate=null sound=null defaults=0x0 flags=0x0 color=0x00000000 vis=PRIVATE),1]
11-16 03:24:25.713 1968 1968 I sysui_multi_action: [757,111,758,2]
11-16 03:24:25.714 1504 1822 I sysui_multi_action: [757,128,758,2,793,43710,794,4029,795,43710,796,26,798,0,806,android,857,DEVELOPER_IMPORTANT,858,4,947,0,1395,3,1500,43121,1688,1]
11-16 03:24:25.715 1504 1822 I notification_visibility: [-1|android|26|null|1000,0,43710,43710,0,0]
11-16 03:24:25.715 1504 1822 I sysui_multi_action: [757,128,758,2,793,39062,794,4029,795,39062,796,17303299,797,com.android.wifi,798,1,806,android,857,NETWORK_AVAILABLE,858,2,947,0,1395,3,1500,38859,1688,1]
11-16 03:24:25.715 1504 1822 I notification_visibility: [0|android|17303299|com.android.wifi|1000,0,39062,39062,0,1]
11-16 03:24:25.715 1504 1822 I sysui_multi_action: [757,128,758,2,793,44253,794,4029,795,44253,796,32,798,2,806,android,857,USB,858,1,947,0,1395,3,1500,44189,1688,1]
11-16 03:24:25.715 1504 1822 I notification_visibility: [-1|android|32|null|1000,0,44253,44253,0,2]
11-16 03:24:25.716 1504 1822 I sysui_multi_action: [757,127,758,2]
11-16 03:24:25.716 1504 1822 I notification_panel_hidden:
11-16 03:24:25.720 1504 1682 I input_focus: [Focus leaving bf31f4f NotificationShade (server),reason=NOT_FOCUSABLE]
11-16 03:24:25.720 1504 1682 I input_focus: [Focus entering e1de84c com.android.launcher3/com.android.launcher3.uioverrides.QuickstepLauncher (server),reason=setFocusedWindow]
11-16 03:24:25.727 1968 1968 I sysui_multi_action: [757,111,758,1]
11-16 03:24:25.727 1968 1968 I sysui_multi_action: [757,126,758,1,759,126,927,0,928,1,1593,1]
11-16 03:24:25.727 1968 1968 I sysui_multi_action: [757,113,758,1,759,113,927,1,928,1,1593,1]
11-16 03:24:25.727 1968 1968 I sysui_multi_action: [757,0,758,1,759,0,927,2,928,0,1593,1]
11-16 03:24:25.727 1968 1968 I sysui_multi_action: [757,0,758,1,759,0,927,3,928,0,1593,1]
11-16 03:24:25.727 1968 1968 I sysui_multi_action: [757,491,758,1,759,491,927,4,928,0,1311,-1,1593,0]
11-16 03:24:25.727 1968 1968 I sysui_multi_action: [757,0,758,1,759,0,927,5,928,0,1593,0]
11-16 03:24:25.727 1968 1968 I sysui_multi_action: [757,111,758,1]
11-16 03:24:25.728 1968 1968 I sysui_multi_action: [757,126,758,1,759,126,927,0,928,1,1593,1]
11-16 03:24:25.728 1968 1968 I sysui_multi_action: [757,113,758,1,759,113,927,1,928,1,1593,1]
11-16 03:24:25.728 1968 1968 I sysui_multi_action: [757,0,758,1,759,0,927,2,928,0,1593,1]
11-16 03:24:25.728 1968 1968 I sysui_multi_action: [757,0,758,1,759,0,927,3,928,0,1593,1]
11-16 03:24:25.747 1504 1598 I am_pss : [2998,10076,com.qualcomm.location.XT,6252544,4575232,0,94162944,0,6,6]
11-16 03:24:40.804 1504 1598 I am_pss : [3919,10027,com.baidu.input,68156416,62328832,0,176177152,0,7,15]
11-16 03:24:44.989 1504 1682 I input_interaction: Interaction with: e1de84c com.android.launcher3/com.android.launcher3.uioverrides.QuickstepLauncher (server), c74be60 com.android.systemui.ImageWallpaper (server), edge-swipe (server), swipe-up (server), PointerEventDispatcher0 (server),
11-16 03:24:45.880 2496 2496 I view_enqueue_input_event: [Motion - Cancel,com.android.launcher3/com.android.launcher3.uioverrides.QuickstepLauncher]
11-16 03:24:45.886 1504 1682 I input_interaction: Interaction with: edge-swipe (server), swipe-up (server), PointerEventDispatcher0 (server),
11-16 03:24:46.030 1504 1666 I commit_sys_config_file: [settings-1-0,4]
11-16 03:24:46.426 1504 1666 I commit_sys_config_file: [settings-1-0,5]
11-16 03:24:46.489 1504 1682 I input_interaction: Interaction with: e1de84c com.android.launcher3/com.android.launcher3.uioverrides.QuickstepLauncher (server), c74be60 com.android.systemui.ImageWallpaper (server), edge-swipe (server), swipe-up (server), PointerEventDispatcher0 (server),
11-16 03:24:46.555 1504 1682 I input_interaction: Interaction with: edge-swipe (server), swipe-up (server), PointerEventDispatcher0 (server),
11-16 03:24:46.558 2496 2496 I view_enqueue_input_event: [Motion - Cancel,com.android.launcher3/com.android.launcher3.uioverrides.QuickstepLauncher]
11-16 03:24:46.744 1504 1666 I commit_sys_config_file: [settings-1-0,5]
11-16 03:24:47.046 1504 1666 I commit_sys_config_file: [settings-1-0,5]
11-16 03:24:47.961 1504 1682 I input_interaction: Interaction with: e1de84c com.android.launcher3/com.android.launcher3.uioverrides.QuickstepLauncher (server), c74be60 com.android.systemui.ImageWallpaper (server), edge-swipe (server), swipe-up (server), PointerEventDispatcher0 (server),
11-16 03:24:48.501 1504 1571 I am_kill : [0,3898,com.android.gallery3d,905,remove task]
11-16 03:24:48.502 1504 1571 I sysui_multi_action: [757,803,799,window_time_0,802,29]
11-16 03:24:48.532 1504 1822 I am_proc_died: [0,3898,com.android.gallery3d,905,19]
11-16 03:24:48.532 1504 1822 I am_uid_stopped: 10064
11-16 03:24:48.539 1504 1571 I am_uid_running: 10064
11-16 03:24:48.546 1504 1598 I am_pss : [2607,10066,com.thundercomm.gamemode.provider,7560192,5779456,0,96120832,0,19,6]
11-16 03:24:48.550 1504 1603 I am_proc_start: [0,4030,10064,com.android.gallery3d,NULL,]
11-16 03:24:48.556 1504 1598 I am_pss : [3827,10054,com.qualcomm.qti.qms.service.trustzoneaccess,5538816,3788800,0,92266496,0,19,6]
11-16 03:24:48.564 1504 1598 I am_pss : [3552,10026,com.android.providers.calendar,7144448,5206016,0,98574336,0,19,5]
11-16 03:24:48.573 1504 1598 I am_pss : [2655,10068,com.android.deskclock,11524096,8572928,0,104165376,0,19,5]
11-16 03:24:48.575 1504 1535 I am_proc_bound: [0,4030,com.android.gallery3d]
11-16 03:24:48.580 1504 1598 I am_pss : [2928,10022,android.process.media,10626048,8675328,0,102096896,0,19,6]
11-16 03:24:48.586 1504 1598 I am_pss : [3697,10033,com.android.externalstorage,5428224,3813376,0,92131328,0,19,5]
11-16 03:24:48.593 1504 1598 I am_pss : [3677,1000,com.thundercomm.gamemode,17195008,13336576,0,119803904,0,10,6]
11-16 03:24:48.599 1504 1598 I am_pss : [3029,10090,com.qualcomm.qtil.aptxui,7234560,5718016,0,91893760,0,19,6]
11-16 03:24:48.606 1504 1598 I am_pss : [3656,10058,com.qualcomm.qti.qms.service.connectionsecurity,18543616,4194304,0,77291520,0,19,5]
11-16 03:24:48.617 1504 1598 I am_pss : [2543,10088,com.qualcomm.qti.qccauthmgr,6206464,4390912,0,95813632,0,19,6]
11-16 03:24:48.623 1504 1598 I am_pss : [3591,1001,com.android.phone,7628800,5722112,0,93650944,0,19,6]
11-16 03:24:48.629 1504 1598 I am_pss : [3575,2000,com.android.shell,5858304,4255744,0,92364800,0,19,5]
11-16 03:24:48.636 1504 1598 I am_pss : [2366,1000,com.android.settings,25229312,14274560,0,135593984,0,19,6]
11-16 03:24:48.644 1504 1598 I am_pss : [2877,1000,com.android.keychain,7960576,6393856,0,93556736,0,19,5]
11-16 03:24:48.650 1504 1598 I am_pss : [3506,10024,com.android.packageinstaller,6924288,5439488,0,91303936,0,19,5]
11-16 03:24:48.655 1504 1598 I am_pss : [3465,1000,com.android.localtransport,5282816,3739648,0,90931200,0,19,4]
11-16 03:24:48.660 1504 1598 I am_pss : [3457,10059,com.android.onetimeinitializer,5097472,3555328,0,90857472,0,19,5]
11-16 03:24:48.667 1504 1598 I am_pss : [3129,10028,android.process.acore,12585984,8994816,0,116539392,0,19,5]
11-16 03:24:48.673 1504 1598 I am_pss : [3441,10086,com.android.music,7514112,5394432,0,94957568,0,19,4]
11-16 03:24:48.678 1504 1598 I am_pss : [3424,10030,com.android.managedprovisioning,8829952,7270400,0,94769152,0,19,5]
11-16 03:24:48.683 1504 1598 I am_pss : [3387,1000,com.android.dynsystem:dynsystem,5604352,3862528,0,91226112,0,19,5]
11-16 03:24:48.688 1504 1598 I am_pss : [3371,1000,com.android.dynsystem,5268480,3682304,0,90226688,0,19,4]
11-16 03:24:48.693 1504 1598 I am_pss : [3352,10063,com.android.calendar,6110208,4136960,0,92389376,0,19,5]
11-16 03:24:48.699 1504 1598 I am_pss : [3189,1000,com.qti.diagservices,5794816,3829760,0,94773248,0,10,5]
11-16 03:24:48.704 1504 1598 I am_pss : [3081,10032,com.android.traceur,10155008,8511488,0,97603584,0,19,4]
11-16 03:24:50.734 1504 1601 I am_uid_idle: 10028
11-16 03:24:50.950 1504 1598 I am_pss : [2742,10095,com.android.providers.media.module,16240640,12992512,0,118251520,0,0,8]
11-16 03:24:50.959 1504 1598 I am_pss : [2868,10071,com.qualcomm.location,9911296,7434240,0,103587840,0,0,7]
11-16 03:24:51.320 1504 2493 I wm_task_created: [282,-1]
11-16 03:24:51.328 1504 2493 I wm_task_moved: [282,1,6]
11-16 03:24:51.328 1504 2493 I wm_task_to_front: [0,282]
11-16 03:24:51.329 1504 2493 I wm_create_task: [0,282]
11-16 03:24:51.329 1504 2493 I wm_create_activity: [0,231441096,282,com.android.music/.MusicBrowserActivity,android.intent.action.MAIN,NULL,NULL,270532608]
11-16 03:24:51.329 1504 2493 I wm_task_moved: [282,1,6]
11-16 03:24:51.332 1504 2493 I wm_pause_activity: [0,50203839,com.android.launcher3/.uioverrides.QuickstepLauncher,userLeaving=true,pauseBackTasks]
11-16 03:24:51.337 2496 2496 I wm_on_top_resumed_lost_called: [50203839,com.android.launcher3.uioverrides.QuickstepLauncher,topStateChangedWhenResumed]
11-16 03:24:51.338 2496 2496 I wm_on_paused_called: [50203839,com.android.launcher3.uioverrides.QuickstepLauncher,performPause]
11-16 03:24:51.340 1504 2101 I wm_add_to_stopping: [0,50203839,com.android.launcher3/.uioverrides.QuickstepLauncher,makeInvisible]
11-16 03:24:51.340 1504 2101 I wm_restart_activity: [0,231441096,282,com.android.music/.MusicBrowserActivity]
11-16 03:24:51.342 1504 2101 I wm_set_resumed_activity: [0,com.android.music/.MusicBrowserActivity,minimalResumeActivityLocked]
11-16 03:24:51.353 1504 1571 I sysui_multi_action: [757,803,799,window_time_0,802,2]
11-16 03:24:51.363 1504 1682 I input_focus: [Focus leaving e1de84c com.android.launcher3/com.android.launcher3.uioverrides.QuickstepLauncher (server),reason=NO_WINDOW]
11-16 03:24:51.371 1504 1598 I am_pss : [2861,10089,com.qualcomm.qti.workloadclassifier,8096768,6537216,0,93646848,0,0,5]
11-16 03:24:51.378 1504 1598 I am_pss : [2815,10083,com.qualcomm.qti.qccnetstat,5938176,4337664,0,92151808,0,0,5]
11-16 03:24:51.386 1504 1598 I am_pss : [2807,10077,com.qualcomm.qti.services.systemhelper:systemhelper_service,6176768,4485120,0,94150656,0,0,6]
11-16 03:24:51.392 3441 3441 I wm_on_create_called: [231441096,com.android.music.MusicBrowserActivity,performCreate]
11-16 03:24:51.393 1504 1598 I am_pss : [2796,10053,.pasr,5148672,3641344,0,89706496,0,0,4]
11-16 03:24:51.399 1504 1598 I am_pss : [2776,10057,ts.car.uart,5938176,4427776,0,90906624,0,0,5]
11-16 03:24:51.404 1504 1598 I am_pss : [2769,10084,com.hht.lebocast,33938432,14565376,0,110305280,0,0,4]
11-16 03:24:51.406 3441 3441 I wm_on_start_called: [231441096,com.android.music.MusicBrowserActivity,handleStartActivity]
11-16 03:24:51.407 3441 3441 I wm_on_resume_called: [231441096,com.android.music.MusicBrowserActivity,RESUME_ACTIVITY]
11-16 03:24:51.410 1504 1598 I am_pss : [3158,10062,com.qualcomm.qti.devicestatisticsservice,5075968,3571712,0,89509888,0,0,4]
11-16 03:24:51.411 3441 3441 I wm_on_top_resumed_gained_called: [231441096,com.android.music.MusicBrowserActivity,topStateChangedWhenResumed]
11-16 03:24:51.430 1504 2101 I sysui_multi_action: [757,856,758,1,806,com.android.music,857,Channel-music,858,2]
11-16 03:24:51.435 1504 1504 I notification_enqueue: [10086,3441,com.android.music,1,NULL,0,Notification(channel=Channel-music shortcut=null contentView=null vibrate=null sound=null defaults=0x0 flags=0x0 color=0x00000000 category=transport actions=3 vis=PRIVATE),0]
11-16 03:24:51.436 1504 1504 I notification_enqueue: [10086,3441,com.android.music,1,NULL,0,Notification(channel=Channel-music shortcut=null contentView=null vibrate=null sound=null defaults=0x0 flags=0x40 color=0x00000000 category=transport actions=3 vis=PRIVATE),0]
11-16 03:24:51.442 1504 1504 I notification_enqueue: [10086,3441,com.android.music,1,NULL,0,Notification(channel=Channel-music shortcut=null contentView=null vibrate=null sound=null defaults=0x0 flags=0x40 color=0x00000000 category=transport actions=3 vis=PRIVATE),0]
11-16 03:24:51.443 1504 1504 I notification_enqueue: [10086,3441,com.android.music,1,NULL,0,Notification(channel=Channel-music shortcut=null contentView=null vibrate=null sound=null defaults=0x0 flags=0x40 color=0x00000000 category=transport actions=3 vis=PRIVATE),0]
11-16 03:24:51.448 1504 1504 I notification_enqueue: [10086,3441,com.android.music,1,NULL,0,Notification(channel=Channel-music shortcut=null contentView=null vibrate=null sound=null defaults=0x0 flags=0x40 color=0x00000000 category=transport actions=3 vis=PRIVATE),0]
11-16 03:24:51.450 1504 1504 I notification_enqueue: [10086,3441,com.android.music,1,NULL,0,Notification(channel=Channel-music shortcut=null contentView=null vibrate=null sound=null defaults=0x0 flags=0x40 color=0x00000000 category=transport actions=3 vis=PRIVATE),0]
11-16 03:24:51.457 1504 1572 I input_focus: [Focus request 17d416c com.android.music/com.android.music.MusicBrowserActivity,reason=UpdateInputWindows]
11-16 03:24:51.494 1504 1504 I sysui_multi_action: [757,128,758,5,759,8,793,59,794,0,795,59,796,1,806,com.android.music,857,Channel-music,858,2,947,0,1500,59,1641,transport,1688,1,1745,1043716538]
11-16 03:24:51.494 1504 1504 I notification_canceled: [0|com.android.music|1|null|10086,8,59,59,0,-1,-1,NULL]
11-16 03:24:51.498 1504 1682 I input_focus: [Focus entering 17d416c com.android.music/com.android.music.MusicBrowserActivity (server),reason=Window became focusable. Previous reason: NOT_VISIBLE]
11-16 03:24:51.510 1504 1568 I sysui_multi_action: [319,71,321,68,322,181,325,80,757,761,758,8,759,1,806,com.android.music,871,com.android.music.MusicBrowserActivity,904,com.android.launcher3,905,0,1320,4,1321,5]
11-16 03:24:51.512 1504 1568 I wm_activity_launch_time: [0,231441096,com.android.music/.MusicBrowserActivity,181]
11-16 03:24:51.692 1504 1570 I commit_sys_config_file: [notification-policy,71151]
11-16 03:24:51.924 1504 1571 I wm_stop_activity: [0,50203839,com.android.launcher3/.uioverrides.QuickstepLauncher]
11-16 03:24:51.944 2496 2496 I wm_on_stop_called: [50203839,com.android.launcher3.uioverrides.QuickstepLauncher,STOP_ACTIVITY_ITEM]
11-16 03:24:52.056 1504 1682 I input_interaction: Interaction with: 17d416c com.android.music/com.android.music.MusicBrowserActivity (server), edge-swipe (server), swipe-up (server), PointerEventDispatcher0 (server),
11-16 03:24:52.072 1504 2101 I wm_task_moved: [280,0,0]
11-16 03:24:52.072 1504 2101 I wm_task_moved: [280,0,5]
11-16 03:24:52.082 2496 2496 I wm_on_restart_called: [50203839,com.android.launcher3.uioverrides.QuickstepLauncher,performRestartActivity]
11-16 03:24:52.100 2496 2496 I wm_on_start_called: [50203839,com.android.launcher3.uioverrides.QuickstepLauncher,handleStartActivity]
11-16 03:24:52.122 1504 1568 I sysui_multi_action: [319,17,322,40,325,81,757,761,758,9,759,5,806,com.android.launcher3,871,com.android.launcher3.uioverrides.QuickstepLauncher,904,com.android.launcher3,905,0,1320,8,1321,5]
11-16 03:24:52.123 3441 3441 I view_enqueue_input_event: [Motion - Cancel,com.android.music/com.android.music.MusicBrowserActivity]
11-16 03:24:52.125 2496 2496 I sysui_latency: [1,52]
11-16 03:24:52.128 1504 1572 I input_focus: [Focus request recents_animation_input_consumer,reason=UpdateInputWindows]
11-16 03:24:52.136 1504 1682 I input_interaction: Interaction with: edge-swipe (server), swipe-up (server), PointerEventDispatcher0 (server),
11-16 03:24:52.150 1504 1682 I input_focus: [Focus leaving 17d416c com.android.music/com.android.music.MusicBrowserActivity (server),reason=NOT_FOCUSABLE]
11-16 03:24:52.150 1504 1682 I input_focus: [Focus entering recents_animation_input_consumer (server),reason=setFocusedWindow]
11-16 03:24:52.305 1504 1666 I commit_sys_config_file: [settings-1-0,5]
11-16 03:24:52.413 1504 1598 I sysui_latency: [8,52]
11-16 03:24:52.511 1504 1666 I commit_sys_config_file: [settings-1-0,10]
11-16 03:24:53.121 1504 3120 I wm_task_moved: [280,1,6]
11-16 03:24:53.124 3441 3441 I wm_on_top_resumed_lost_called: [231441096,com.android.music.MusicBrowserActivity,topStateChangedWhenResumed]
11-16 03:24:53.124 1504 3120 I wm_task_moved: [281,1,2147483647]
11-16 03:24:53.125 1504 3120 I wm_task_to_front: [0,281]
11-16 03:24:53.125 1504 3120 I wm_focused_root_task: [0,0,280,282,RecentsAnimation.onAnimationFinished()]
11-16 03:24:53.125 1504 3120 I wm_set_resumed_activity: [0,com.android.launcher3/.uioverrides.QuickstepLauncher,RecentsAnimation.onAnimationFinished()]
11-16 03:24:53.128 1504 3120 I wm_pause_activity: [0,231441096,com.android.music/.MusicBrowserActivity,userLeaving=true,pauseBackTasks]
11-16 03:24:53.129 1504 3120 I wm_add_to_stopping: [0,231441096,com.android.music/.MusicBrowserActivity,makeInvisible]
11-16 03:24:53.130 1504 3120 I wm_set_resumed_activity: [0,com.android.launcher3/.uioverrides.QuickstepLauncher,resumeTopActivityInnerLocked]
11-16 03:24:53.131 1504 3120 I wm_resume_activity: [0,50203839,281,com.android.launcher3/.uioverrides.QuickstepLauncher]
11-16 03:24:53.133 2496 2496 I wm_on_resume_called: [50203839,com.android.launcher3.uioverrides.QuickstepLauncher,RESUME_ACTIVITY]
11-16 03:24:53.138 1504 1572 I input_focus: [Focus request e1de84c com.android.launcher3/com.android.launcher3.uioverrides.QuickstepLauncher,reason=UpdateInputWindows]
11-16 03:24:53.145 1504 1571 I wm_stop_activity: [0,231441096,com.android.music/.MusicBrowserActivity]
11-16 03:24:53.146 3441 3441 I wm_on_paused_called: [231441096,com.android.music.MusicBrowserActivity,performPause]
11-16 03:24:53.148 2496 2496 I wm_on_top_resumed_gained_called: [50203839,com.android.launcher3.uioverrides.QuickstepLauncher,topStateChangedWhenResumed]
11-16 03:24:53.154 1504 1682 I input_focus: [Focus leaving recents_animation_input_consumer (server),reason=NOT_VISIBLE]
11-16 03:24:53.154 1504 1682 I input_focus: [Focus entering e1de84c com.android.launcher3/com.android.launcher3.uioverrides.QuickstepLauncher (server),reason=setFocusedWindow]
11-16 03:24:53.159 1504 1571 I sysui_multi_action: [757,803,799,window_time_0,802,2]
11-16 03:24:53.162 1504 1571 I sysui_multi_action: [757,803,799,window_time_0,802,0]
11-16 03:24:53.164 3441 3441 I wm_on_stop_called: [231441096,com.android.music.MusicBrowserActivity,STOP_ACTIVITY_ITEM]
11-16 03:24:53.433 1504 1682 I input_interaction: Interaction with: e1de84c com.android.launcher3/com.android.launcher3.uioverrides.QuickstepLauncher (server), c74be60 com.android.systemui.ImageWallpaper (server), edge-swipe (server), swipe-up (server), PointerEventDispatcher0 (server),
11-16 03:24:53.522 2496 2496 I view_enqueue_input_event: [Motion - Cancel,com.android.launcher3/com.android.launcher3.uioverrides.QuickstepLauncher]
11-16 03:24:53.527 1504 1682 I input_interaction: Interaction with: edge-swipe (server), swipe-up (server), PointerEventDispatcher0 (server),
11-16 03:24:53.693 1504 1666 I commit_sys_config_file: [settings-1-0,5]
11-16 03:24:54.165 1504 1666 I commit_sys_config_file: [settings-1-0,9]
11-16 03:24:56.123 1504 1682 I input_interaction: Interaction with: e1de84c com.android.launcher3/com.android.launcher3.uioverrides.QuickstepLauncher (server), c74be60 com.android.systemui.ImageWallpaper (server), edge-swipe (server), swipe-up (server), PointerEventDispatcher0 (server),
11-16 03:24:58.871 2496 2496 I view_enqueue_input_event: [Motion - Cancel,com.android.launcher3/com.android.launcher3.uioverrides.QuickstepLauncher]
11-16 03:24:58.876 1504 1682 I input_interaction: Interaction with: edge-swipe (server), swipe-up (server), PointerEventDispatcher0 (server),
11-16 03:24:59.056 1504 1666 I commit_sys_config_file: [settings-1-0,5]
11-16 03:24:59.274 1504 3120 I wm_task_moved: [280,1,6]
11-16 03:24:59.276 1504 3120 I wm_set_resumed_activity: [0,com.android.launcher3/.uioverrides.QuickstepLauncher,positionChildAt]
11-16 03:24:59.277 1504 3120 I wm_task_moved: [282,1,6]
11-16 03:24:59.277 1504 3120 I wm_task_to_front: [0,282]
11-16 03:24:59.279 1504 3120 I wm_focused_root_task: [0,0,282,280,moveTaskToFront findTaskToMoveToFront]
11-16 03:24:59.279 2496 2496 I wm_on_top_resumed_lost_called: [50203839,com.android.launcher3.uioverrides.QuickstepLauncher,topStateChangedWhenResumed]
11-16 03:24:59.280 1504 3120 I wm_set_resumed_activity: [0,com.android.music/.MusicBrowserActivity,moveTaskToFront findTaskToMoveToFront]
11-16 03:24:59.284 1504 3120 I wm_pause_activity: [0,50203839,com.android.launcher3/.uioverrides.QuickstepLauncher,userLeaving=true,pauseBackTasks]
11-16 03:24:59.293 2496 2496 I wm_on_paused_called: [50203839,com.android.launcher3.uioverrides.QuickstepLauncher,performPause]
11-16 03:24:59.296 1504 2059 I wm_set_resumed_activity: [0,com.android.music/.MusicBrowserActivity,resumeTopActivityInnerLocked]
11-16 03:24:59.297 1504 2059 I wm_add_to_stopping: [0,50203839,com.android.launcher3/.uioverrides.QuickstepLauncher,makeInvisible]
11-16 03:24:59.298 1504 2059 I wm_resume_activity: [0,231441096,282,com.android.music/.MusicBrowserActivity]
11-16 03:24:59.317 3441 3441 I wm_on_restart_called: [231441096,com.android.music.MusicBrowserActivity,performRestartActivity]
11-16 03:24:59.324 1504 1571 I sysui_multi_action: [757,803,799,window_time_0,802,6]
11-16 03:24:59.329 3441 3441 I wm_on_start_called: [231441096,com.android.music.MusicBrowserActivity,handleStartActivity]
11-16 03:24:59.329 3441 3441 I wm_on_resume_called: [231441096,com.android.music.MusicBrowserActivity,RESUME_ACTIVITY]
11-16 03:24:59.330 3441 3441 I wm_on_top_resumed_gained_called: [231441096,com.android.music.MusicBrowserActivity,topWhenResuming]
11-16 03:24:59.333 1504 1682 I input_focus: [Focus leaving e1de84c com.android.launcher3/com.android.launcher3.uioverrides.QuickstepLauncher (server),reason=NO_WINDOW]
11-16 03:24:59.351 1504 1572 I input_focus: [Focus request 17d416c com.android.music/com.android.music.MusicBrowserActivity,reason=UpdateInputWindows]
11-16 03:24:59.357 1504 1571 I wm_stop_activity: [0,50203839,com.android.launcher3/.uioverrides.QuickstepLauncher]
11-16 03:24:59.358 1504 1568 I sysui_multi_action: [319,54,321,51,322,78,325,88,757,761,758,9,759,4,806,com.android.music,871,com.android.music.MusicBrowserActivity,904,com.android.launcher3,905,0,1320,4,1321,5]
11-16 03:24:59.361 1504 1504 I notification_enqueue: [10086,3441,com.android.music,1,NULL,0,Notification(channel=Channel-music shortcut=null contentView=null vibrate=null sound=null defaults=0x0 flags=0x40 color=0x00000000 category=transport actions=3 vis=PRIVATE),0]
11-16 03:24:59.362 1504 1504 I notification_enqueue: [10086,3441,com.android.music,1,NULL,0,Notification(channel=Channel-music shortcut=null contentView=null vibrate=null sound=null defaults=0x0 flags=0x40 color=0x00000000 category=transport actions=3 vis=PRIVATE),0]
11-16 03:24:59.366 1504 1682 I input_focus: [Focus entering 17d416c com.android.music/com.android.music.MusicBrowserActivity (server),reason=setFocusedWindow]
11-16 03:24:59.393 2496 2496 I wm_on_stop_called: [50203839,com.android.launcher3.uioverrides.QuickstepLauncher,STOP_ACTIVITY_ITEM]
11-16 03:24:59.562 1504 1504 I sysui_multi_action: [757,1501,758,1,793,202,794,0,795,202,796,1,806,com.android.music,857,Channel-music,858,2,947,0,1500,0,1641,transport,1688,1,1745,1043716538]
11-16 03:24:59.563 1504 1504 I sysui_multi_action: [757,804,799,note_interruptive,801,0,802,1]
11-16 03:24:59.596 1504 1666 I commit_sys_config_file: [settings-1-0,11]
11-16 03:24:59.612 1504 1504 I sysui_multi_action: [757,128,758,5,759,8,793,78140,794,0,795,78140,796,1,797,empty_media,806,com.android.systemui,857,empty_media_style_id,858,4,947,0,1500,78085,1641,transport,1688,1,1745,1043716538]
11-16 03:24:59.613 1504 1504 I notification_canceled: [0|com.android.systemui|1|empty_media|10081,8,78140,78140,0,-1,-1,NULL]
11-16 03:24:59.991 1504 1682 I input_interaction: Interaction with: 17d416c com.android.music/com.android.music.MusicBrowserActivity (server), edge-swipe (server), swipe-up (server), PointerEventDispatcher0 (server),
11-16 03:24:59.998 1504 1822 I wm_task_moved: [280,0,0]
11-16 03:24:59.999 1504 1822 I wm_task_moved: [280,0,5]
11-16 03:25:00.022 2496 2496 I wm_on_restart_called: [50203839,com.android.launcher3.uioverrides.QuickstepLauncher,performRestartActivity]
11-16 03:25:00.023 3441 3441 I view_enqueue_input_event: [Motion - Cancel,com.android.music/com.android.music.MusicBrowserActivity]
11-16 03:25:00.025 1504 1572 I input_focus: [Focus request recents_animation_input_consumer,reason=UpdateInputWindows]
11-16 03:25:00.030 1504 1682 I input_interaction: Interaction with: edge-swipe (server), swipe-up (server), PointerEventDispatcher0 (server),
11-16 03:25:00.033 2496 2496 I wm_on_start_called: [50203839,com.android.launcher3.uioverrides.QuickstepLauncher,handleStartActivity]
11-16 03:25:00.043 2496 2496 I sysui_latency: [1,52]
11-16 03:25:00.053 1504 1682 I input_focus: [Focus leaving 17d416c com.android.music/com.android.music.MusicBrowserActivity (server),reason=NOT_FOCUSABLE]
11-16 03:25:00.054 1504 1682 I input_focus: [Focus entering recents_animation_input_consumer (server),reason=setFocusedWindow]
11-16 03:25:00.058 1504 1568 I sysui_multi_action: [319,14,322,51,325,89,757,761,758,9,759,5,806,com.android.launcher3,871,com.android.launcher3.uioverrides.QuickstepLauncher,904,com.android.launcher3,905,0,1320,8,1321,5]
11-16 03:25:00.241 1504 1666 I commit_sys_config_file: [settings-1-0,8]
11-16 03:25:00.350 1504 1598 I sysui_latency: [8,55]
11-16 03:25:00.800 1504 1682 I input_interaction: Interaction with: recents_animation_input_consumer (server), edge-swipe (server), swipe-up (server), PointerEventDispatcher0 (server),
11-16 03:25:00.838 1504 1535 I wm_task_moved: [280,1,6]
11-16 03:25:00.838 1504 1535 I wm_task_moved: [281,1,2147483647]
11-16 03:25:00.838 1504 1535 I wm_task_to_front: [0,281]
11-16 03:25:00.838 1504 1535 I wm_focused_root_task: [0,0,280,282,RecentsAnimation.onAnimationFinished()]
11-16 03:25:00.838 3441 3441 I wm_on_top_resumed_lost_called: [231441096,com.android.music.MusicBrowserActivity,topStateChangedWhenResumed]
11-16 03:25:00.838 1504 1535 I wm_set_resumed_activity: [0,com.android.launcher3/.uioverrides.QuickstepLauncher,RecentsAnimation.onAnimationFinished()]
11-16 03:25:00.839 1504 1535 I wm_pause_activity: [0,231441096,com.android.music/.MusicBrowserActivity,userLeaving=true,pauseBackTasks]
11-16 03:25:00.841 1504 1535 I wm_add_to_stopping: [0,231441096,com.android.music/.MusicBrowserActivity,makeInvisible]
11-16 03:25:00.841 1504 1535 I wm_set_resumed_activity: [0,com.android.launcher3/.uioverrides.QuickstepLauncher,resumeTopActivityInnerLocked]
11-16 03:25:00.842 1504 1535 I wm_resume_activity: [0,50203839,281,com.android.launcher3/.uioverrides.QuickstepLauncher]
11-16 03:25:00.843 2496 2496 I wm_on_resume_called: [50203839,com.android.launcher3.uioverrides.QuickstepLauncher,RESUME_ACTIVITY]
11-16 03:25:00.847 1504 1572 I input_focus: [Focus request e1de84c com.android.launcher3/com.android.launcher3.uioverrides.QuickstepLauncher,reason=UpdateInputWindows]
11-16 03:25:00.848 2496 2496 I wm_on_top_resumed_gained_called: [50203839,com.android.launcher3.uioverrides.QuickstepLauncher,topStateChangedWhenResumed]
11-16 03:25:00.848 3441 3441 I wm_on_paused_called: [231441096,com.android.music.MusicBrowserActivity,performPause]
11-16 03:25:00.853 1504 2493 I wm_stop_activity: [0,231441096,com.android.music/.MusicBrowserActivity]
11-16 03:25:00.854 1504 1682 I input_focus: [Focus leaving recents_animation_input_consumer (server),reason=NOT_VISIBLE]
11-16 03:25:00.870 1504 1571 I sysui_multi_action: [757,803,799,window_time_0,802,2]
11-16 03:25:00.870 1504 1682 I input_focus: [Focus entering e1de84c com.android.launcher3/com.android.launcher3.uioverrides.QuickstepLauncher (server),reason=setFocusedWindow]
11-16 03:25:00.872 3441 3441 I wm_on_stop_called: [231441096,com.android.music.MusicBrowserActivity,STOP_ACTIVITY_ITEM]
11-16 03:25:00.876 1504 1571 I sysui_multi_action: [757,803,799,window_time_0,802,0]
11-16 03:25:00.899 1504 1598 I am_pss : [3919,10027,com.baidu.input,67959808,62402560,0,176365568,0,7,7]
11-16 03:25:02.127 1504 1682 I input_interaction: Interaction with: e1de84c com.android.launcher3/com.android.launcher3.uioverrides.QuickstepLauncher (server), c74be60 com.android.systemui.ImageWallpaper (server), edge-swipe (server), swipe-up (server), PointerEventDispatcher0 (server),
11-16 03:25:02.219 1504 2493 I wm_task_created: [283,-1]
11-16 03:25:02.227 1504 2493 I wm_task_moved: [283,1,7]
11-16 03:25:02.227 1504 2493 I wm_task_to_front: [0,283]
11-16 03:25:02.228 1504 2493 I wm_create_task: [0,283]
11-16 03:25:02.228 1504 2493 I wm_create_activity: [0,94064340,283,com.android.gallery3d/.app.GalleryActivity,android.intent.action.MAIN,NULL,NULL,270532608]
11-16 03:25:02.228 1504 2493 I wm_task_moved: [283,1,7]
11-16 03:25:02.231 1504 2493 I wm_pause_activity: [0,50203839,com.android.launcher3/.uioverrides.QuickstepLauncher,userLeaving=true,pauseBackTasks]
11-16 03:25:02.236 2496 2496 I wm_on_top_resumed_lost_called: [50203839,com.android.launcher3.uioverrides.QuickstepLauncher,topStateChangedWhenResumed]
11-16 03:25:02.237 2496 2496 I wm_on_paused_called: [50203839,com.android.launcher3.uioverrides.QuickstepLauncher,performPause]
11-16 03:25:02.239 1504 1535 I wm_add_to_stopping: [0,50203839,com.android.launcher3/.uioverrides.QuickstepLauncher,makeInvisible]
11-16 03:25:02.240 1504 1535 I wm_restart_activity: [0,94064340,283,com.android.gallery3d/.app.GalleryActivity]
11-16 03:25:02.242 1504 1535 I wm_set_resumed_activity: [0,com.android.gallery3d/.app.GalleryActivity,minimalResumeActivityLocked]
11-16 03:25:02.248 1504 1571 I am_uid_active: 10064
11-16 03:25:02.255 1504 1571 I sysui_multi_action: [757,803,799,window_time_0,802,1]
11-16 03:25:02.270 1504 1598 I am_pss : [3441,10086,com.android.music,21068800,14696448,0,138526720,0,4,7]
11-16 03:25:02.278 1504 1682 I input_focus: [Focus leaving e1de84c com.android.launcher3/com.android.launcher3.uioverrides.QuickstepLauncher (server),reason=NO_WINDOW]
11-16 03:25:02.299 4030 4030 I wm_on_create_called: [94064340,com.android.gallery3d.app.GalleryActivity,performCreate]
11-16 03:25:02.300 4030 4030 I wm_on_start_called: [94064340,com.android.gallery3d.app.GalleryActivity,handleStartActivity]
11-16 03:25:02.308 4030 4030 I wm_on_resume_called: [94064340,com.android.gallery3d.app.GalleryActivity,RESUME_ACTIVITY]
11-16 03:25:02.314 4030 4030 I wm_on_top_resumed_gained_called: [94064340,com.android.gallery3d.app.GalleryActivity,topStateChangedWhenResumed]
11-16 03:25:02.330 1504 1572 I input_focus: [Focus request b39b846 com.android.gallery3d/com.android.gallery3d.app.GalleryActivity,reason=UpdateInputWindows]
11-16 03:25:02.333 1968 1968 I sysui_multi_action: [757,111,758,2]
11-16 03:25:02.333 1504 1504 I notification_enqueue: [10081,1968,com.android.systemui,2048,NULL,0,Notification(channel=updateNotification shortcut=null contentView=null vibrate=null sound=null defaults=0x0 flags=0x0 color=0x00000000 vis=PRIVATE),1]
11-16 03:25:02.334 1968 1968 I sysui_multi_action: [757,111,758,2]
11-16 03:25:02.355 1968 1968 I sysui_multi_action: [757,111,758,1]
11-16 03:25:02.356 1968 1968 I sysui_multi_action: [757,126,758,1,759,126,927,0,928,1,1593,0]
11-16 03:25:02.356 1968 1968 I sysui_multi_action: [757,113,758,1,759,113,927,1,928,1,1593,0]
11-16 03:25:02.356 1968 1968 I sysui_multi_action: [757,0,758,1,759,0,927,2,928,0,1593,0]
11-16 03:25:02.356 1968 1968 I sysui_multi_action: [757,0,758,1,759,0,927,3,928,0,1593,0]
11-16 03:25:02.356 1968 1968 I sysui_multi_action: [757,491,758,1,759,491,927,4,928,0,1311,-1,1593,0]
11-16 03:25:02.356 1968 1968 I sysui_multi_action: [757,0,758,1,759,0,927,5,928,0,1593,0]
11-16 03:25:02.356 1968 1968 I sysui_multi_action: [757,111,758,1]
11-16 03:25:02.356 1968 1968 I sysui_multi_action: [757,126,758,1,759,126,927,0,928,1,1593,0]
11-16 03:25:02.356 1968 1968 I sysui_multi_action: [757,113,758,1,759,113,927,1,928,1,1593,0]
11-16 03:25:02.356 1968 1968 I sysui_multi_action: [757,0,758,1,759,0,927,2,928,0,1593,0]
11-16 03:25:02.356 1968 1968 I sysui_multi_action: [757,0,758,1,759,0,927,3,928,0,1593,0]
11-16 03:25:02.388 1504 1568 I sysui_multi_action: [319,66,321,64,322,173,325,91,757,761,758,8,759,1,806,com.android.gallery3d,871,com.android.gallery3d.app.GalleryActivity,904,com.android.launcher3,905,0,1320,4,1321,1]
11-16 03:25:02.390 1504 1682 I input_focus: [Focus entering b39b846 com.android.gallery3d/com.android.gallery3d.app.GalleryActivity (server),reason=Window became focusable. Previous reason: NOT_VISIBLE]
11-16 03:25:02.391 1504 1568 I wm_activity_launch_time: [0,94064340,com.android.gallery3d/.app.GalleryActivity,173]
11-16 03:25:02.536 1504 1504 I sysui_multi_action: [757,1501,758,1,793,70872,794,0,795,204,796,2048,806,com.android.systemui,857,updateNotification,858,3,947,0,1500,0,1688,1]
11-16 03:25:02.537 1504 1504 I sysui_multi_action: [757,804,799,note_interruptive,801,0,802,1]
11-16 03:25:02.537 1504 1504 I sysui_multi_action: [757,199,758,1,759,2,793,70873,794,0,795,205,796,2048,806,com.android.systemui,857,updateNotification,858,3,947,0,1500,1,1688,1]
11-16 03:25:02.537 1504 1504 I notification_alert: [0|com.android.systemui|2048|null|10081,0,1,0]
11-16 03:25:02.821 1504 1601 I am_uid_idle: 10032
11-16 03:25:02.824 1504 1571 I wm_stop_activity: [0,50203839,com.android.launcher3/.uioverrides.QuickstepLauncher]
11-16 03:25:02.865 2496 2496 I wm_on_stop_called: [50203839,com.android.launcher3.uioverrides.QuickstepLauncher,STOP_ACTIVITY_ITEM]
11-16 03:25:02.973 1504 1682 I input_interaction: Interaction with: b39b846 com.android.gallery3d/com.android.gallery3d.app.GalleryActivity (server), edge-swipe (server), swipe-up (server), PointerEventDispatcher0 (server),
11-16 03:25:02.983 1504 1822 I wm_task_moved: [280,0,0]
11-16 03:25:02.984 1504 1822 I wm_task_moved: [280,0,6]
11-16 03:25:02.988 4030 4030 I view_enqueue_input_event: [Motion - Cancel,com.android.gallery3d/com.android.gallery3d.app.GalleryActivity]
11-16 03:25:02.991 2496 2496 I wm_on_restart_called: [50203839,com.android.launcher3.uioverrides.QuickstepLauncher,performRestartActivity]
11-16 03:25:03.001 1504 1682 I input_interaction: Interaction with: edge-swipe (server), swipe-up (server), PointerEventDispatcher0 (server),
11-16 03:25:03.015 2496 2496 I wm_on_start_called: [50203839,com.android.launcher3.uioverrides.QuickstepLauncher,handleStartActivity]
11-16 03:25:03.017 1504 1572 I input_focus: [Focus request recents_animation_input_consumer,reason=UpdateInputWindows]
11-16 03:25:03.023 2496 2496 I sysui_latency: [1,50]
11-16 03:25:03.026 1504 1682 I input_focus: [Focus leaving b39b846 com.android.gallery3d/com.android.gallery3d.app.GalleryActivity (server),reason=NOT_FOCUSABLE]
11-16 03:25:03.026 1504 1682 I input_focus: [Focus entering recents_animation_input_consumer (server),reason=setFocusedWindow]
11-16 03:25:03.034 1504 1568 I sysui_multi_action: [319,11,322,47,325,92,757,761,758,9,759,5,806,com.android.launcher3,871,com.android.launcher3.uioverrides.QuickstepLauncher,904,com.android.launcher3,905,0,1320,8,1321,5]
11-16 03:25:03.220 1504 1666 I commit_sys_config_file: [settings-1-0,4]
11-16 03:25:03.331 1504 1598 I sysui_latency: [8,52]
11-16 03:25:03.476 1504 1666 I commit_sys_config_file: [settings-1-0,14]
11-16 03:25:03.879 1504 1682 I input_interaction: Interaction with: recents_animation_input_consumer (server), edge-swipe (server), swipe-up (server), PointerEventDispatcher0 (server),
11-16 03:25:03.919 1504 1682 I input_interaction: Interaction with: edge-swipe (server), swipe-up (server), PointerEventDispatcher0 (server),
11-16 03:25:03.940 1504 1822 I wm_task_moved: [280,1,7]
11-16 03:25:03.941 1504 1822 I wm_task_moved: [281,1,2147483647]
11-16 03:25:03.941 1504 1822 I wm_task_to_front: [0,281]
11-16 03:25:03.941 4030 4030 I wm_on_top_resumed_lost_called: [94064340,com.android.gallery3d.app.GalleryActivity,topStateChangedWhenResumed]
11-16 03:25:03.941 1504 1822 I wm_focused_root_task: [0,0,280,283,RecentsAnimation.onAnimationFinished()]
11-16 03:25:03.943 1504 1822 I wm_set_resumed_activity: [0,com.android.launcher3/.uioverrides.QuickstepLauncher,RecentsAnimation.onAnimationFinished()]
11-16 03:25:03.943 1504 1822 I wm_pause_activity: [0,94064340,com.android.gallery3d/.app.GalleryActivity,userLeaving=true,pauseBackTasks]
11-16 03:25:03.944 1504 1822 I wm_add_to_stopping: [0,94064340,com.android.gallery3d/.app.GalleryActivity,makeInvisible]
11-16 03:25:03.945 1504 1822 I wm_set_resumed_activity: [0,com.android.launcher3/.uioverrides.QuickstepLauncher,resumeTopActivityInnerLocked]
11-16 03:25:03.945 1504 1822 I wm_resume_activity: [0,50203839,281,com.android.launcher3/.uioverrides.QuickstepLauncher]
11-16 03:25:03.946 2496 2496 I wm_on_resume_called: [50203839,com.android.launcher3.uioverrides.QuickstepLauncher,RESUME_ACTIVITY]
11-16 03:25:03.950 1504 1572 I input_focus: [Focus request e1de84c com.android.launcher3/com.android.launcher3.uioverrides.QuickstepLauncher,reason=UpdateInputWindows]
11-16 03:25:03.952 4030 4030 I wm_on_paused_called: [94064340,com.android.gallery3d.app.GalleryActivity,performPause]
11-16 03:25:03.953 2496 2496 I wm_on_top_resumed_gained_called: [50203839,com.android.launcher3.uioverrides.QuickstepLauncher,topStateChangedWhenResumed]
11-16 03:25:03.955 1504 1571 I wm_stop_activity: [0,94064340,com.android.gallery3d/.app.GalleryActivity]
11-16 03:25:03.955 1504 1571 I sysui_multi_action: [757,803,799,window_time_0,802,2]
11-16 03:25:03.957 1504 1571 I sysui_multi_action: [757,803,799,window_time_0,802,0]
11-16 03:25:03.961 1504 1682 I input_focus: [Focus leaving recents_animation_input_consumer (server),reason=NOT_VISIBLE]
11-16 03:25:03.961 1504 1682 I input_focus: [Focus entering e1de84c com.android.launcher3/com.android.launcher3.uioverrides.QuickstepLauncher (server),reason=setFocusedWindow]
11-16 03:25:03.968 4030 4030 I wm_on_stop_called: [94064340,com.android.gallery3d.app.GalleryActivity,STOP_ACTIVITY_ITEM]
11-16 03:25:04.107 1504 1666 I commit_sys_config_file: [settings-1-0,4]
11-16 03:25:04.236 1504 2059 I wm_task_moved: [280,1,7]
11-16 03:25:04.236 1504 2059 I wm_set_resumed_activity: [0,com.android.launcher3/.uioverrides.QuickstepLauncher,positionChildAt]
11-16 03:25:04.237 1504 2059 I wm_task_moved: [283,1,7]
11-16 03:25:04.237 1504 2059 I wm_task_to_front: [0,283]
11-16 03:25:04.237 1504 2059 I wm_focused_root_task: [0,0,283,280,moveTaskToFront findTaskToMoveToFront]
11-16 03:25:04.238 2496 2496 I wm_on_top_resumed_lost_called: [50203839,com.android.launcher3.uioverrides.QuickstepLauncher,topStateChangedWhenResumed]
11-16 03:25:04.238 1504 2059 I wm_set_resumed_activity: [0,com.android.gallery3d/.app.GalleryActivity,moveTaskToFront findTaskToMoveToFront]
11-16 03:25:04.240 1504 2059 I wm_pause_activity: [0,50203839,com.android.launcher3/.uioverrides.QuickstepLauncher,userLeaving=true,pauseBackTasks]
11-16 03:25:04.248 2496 2496 I wm_on_paused_called: [50203839,com.android.launcher3.uioverrides.QuickstepLauncher,performPause]
11-16 03:25:04.254 1504 1534 I wm_set_resumed_activity: [0,com.android.gallery3d/.app.GalleryActivity,resumeTopActivityInnerLocked]
11-16 03:25:04.255 1504 1534 I wm_add_to_stopping: [0,50203839,com.android.launcher3/.uioverrides.QuickstepLauncher,makeInvisible]
11-16 03:25:04.256 1504 1534 I wm_resume_activity: [0,94064340,283,com.android.gallery3d/.app.GalleryActivity]
11-16 03:25:04.276 4030 4030 I wm_on_restart_called: [94064340,com.android.gallery3d.app.GalleryActivity,performRestartActivity]
11-16 03:25:04.277 4030 4030 I wm_on_start_called: [94064340,com.android.gallery3d.app.GalleryActivity,handleStartActivity]
