11-16 03:35:54.257 2496 2496 I view_enqueue_input_event: [Motion - Cancel,com.android.launcher3/com.android.launcher3.uioverrides.QuickstepLauncher]
11-16 03:35:54.261 1504 1682 I input_interaction: Interaction with: edge-swipe (server), swipe-up (server), PointerEventDispatcher0 (server),
11-16 03:35:54.447 1504 1666 I commit_sys_config_file: [settings-1-0,5]
11-16 03:35:54.982 1504 1666 I commit_sys_config_file: [settings-1-0,5]
11-16 03:35:55.025 1504 1682 I input_interaction: Interaction with: e1de84c com.android.launcher3/com.android.launcher3.uioverrides.QuickstepLauncher (server), c74be60 com.android.systemui.ImageWallpaper (server), edge-swipe (server), swipe-up (server), PointerEventDispatcher0 (server),
11-16 03:35:55.059 2496 2496 I view_enqueue_input_event: [Motion - Cancel,com.android.launcher3/com.android.launcher3.uioverrides.QuickstepLauncher]
11-16 03:35:55.063 1504 1682 I input_interaction: Interaction with: edge-swipe (server), swipe-up (server), PointerEventDispatcher0 (server),
11-16 03:35:55.247 1504 1666 I commit_sys_config_file: [settings-1-0,4]
11-16 03:35:55.637 1504 1666 I commit_sys_config_file: [settings-1-0,5]
11-16 03:35:55.760 1504 1682 I input_interaction: Interaction with: e1de84c com.android.launcher3/com.android.launcher3.uioverrides.QuickstepLauncher (server), c74be60 com.android.systemui.ImageWallpaper (server), edge-swipe (server), swipe-up (server), PointerEventDispatcher0 (server),
11-16 03:35:55.813 2496 2496 I view_enqueue_input_event: [Motion - Cancel,com.android.launcher3/com.android.launcher3.uioverrides.QuickstepLauncher]
11-16 03:35:55.815 1504 1682 I input_interaction: Interaction with: edge-swipe (server), swipe-up (server), PointerEventDispatcher0 (server),
11-16 03:35:56.002 1504 1666 I commit_sys_config_file: [settings-1-0,5]
11-16 03:35:56.454 1504 1666 I commit_sys_config_file: [settings-1-0,7]
11-16 03:35:56.552 1504 1682 I input_interaction: Interaction with: e1de84c com.android.launcher3/com.android.launcher3.uioverrides.QuickstepLauncher (server), c74be60 com.android.systemui.ImageWallpaper (server), edge-swipe (server), swipe-up (server), PointerEventDispatcher0 (server),
11-16 03:35:56.615 2496 2496 I view_enqueue_input_event: [Motion - Cancel,com.android.launcher3/com.android.launcher3.uioverrides.QuickstepLauncher]
11-16 03:35:56.616 1504 1682 I input_interaction: Interaction with: edge-swipe (server), swipe-up (server), PointerEventDispatcher0 (server),
11-16 03:35:56.803 1504 1666 I commit_sys_config_file: [settings-1-0,6]
11-16 03:35:57.207 1504 1666 I commit_sys_config_file: [settings-1-0,9]
11-16 03:35:57.356 1504 1682 I input_interaction: Interaction with: e1de84c com.android.launcher3/com.android.launcher3.uioverrides.QuickstepLauncher (server), c74be60 com.android.systemui.ImageWallpaper (server), edge-swipe (server), swipe-up (server), PointerEventDispatcher0 (server),
11-16 03:35:57.433 2496 2496 I view_enqueue_input_event: [Motion - Cancel,com.android.launcher3/com.android.launcher3.uioverrides.QuickstepLauncher]
11-16 03:35:57.435 1504 1682 I input_interaction: Interaction with: edge-swipe (server), swipe-up (server), PointerEventDispatcher0 (server),
11-16 03:35:57.620 1504 1666 I commit_sys_config_file: [settings-1-0,5]
11-16 03:35:58.008 1504 1666 I commit_sys_config_file: [settings-1-0,6]
11-16 03:35:58.134 1504 1682 I input_interaction: Interaction with: e1de84c com.android.launcher3/com.android.launcher3.uioverrides.QuickstepLauncher (server), c74be60 com.android.systemui.ImageWallpaper (server), edge-swipe (server), swipe-up (server), PointerEventDispatcher0 (server),
11-16 03:35:58.136 1504 1504 I service_manager_stats: [100,72,360751]
11-16 03:35:58.165 2496 2496 I view_enqueue_input_event: [Motion - Cancel,com.android.launcher3/com.android.launcher3.uioverrides.QuickstepLauncher]
11-16 03:35:58.167 1504 1682 I input_interaction: Interaction with: edge-swipe (server), swipe-up (server), PointerEventDispatcher0 (server),
11-16 03:35:58.357 1504 1666 I commit_sys_config_file: [settings-1-0,7]
11-16 03:35:58.895 1504 1666 I commit_sys_config_file: [settings-1-0,9]
11-16 03:35:58.993 1504 1682 I input_interaction: Interaction with: e1de84c com.android.launcher3/com.android.launcher3.uioverrides.QuickstepLauncher (server), c74be60 com.android.systemui.ImageWallpaper (server), edge-swipe (server), swipe-up (server), PointerEventDispatcher0 (server),
11-16 03:35:59.069 2496 2496 I view_enqueue_input_event: [Motion - Cancel,com.android.launcher3/com.android.launcher3.uioverrides.QuickstepLauncher]
11-16 03:35:59.072 1504 1682 I input_interaction: Interaction with: edge-swipe (server), swipe-up (server), PointerEventDispatcher0 (server),
11-16 03:35:59.261 1504 1666 I commit_sys_config_file: [settings-1-0,8]
11-16 03:35:59.591 1504 1666 I commit_sys_config_file: [settings-1-0,8]
11-16 03:35:59.765 1504 1682 I input_interaction: Interaction with: e1de84c com.android.launcher3/com.android.launcher3.uioverrides.QuickstepLauncher (server), c74be60 com.android.systemui.ImageWallpaper (server), edge-swipe (server), swipe-up (server), PointerEventDispatcher0 (server),
11-16 03:35:59.806 2496 2496 I view_enqueue_input_event: [Motion - Cancel,com.android.launcher3/com.android.launcher3.uioverrides.QuickstepLauncher]
11-16 03:35:59.808 1504 1682 I input_interaction: Interaction with: edge-swipe (server), swipe-up (server), PointerEventDispatcher0 (server),
11-16 03:36:00.597 1504 1682 I input_interaction: Interaction with: e1de84c com.android.launcher3/com.android.launcher3.uioverrides.QuickstepLauncher (server), c74be60 com.android.systemui.ImageWallpaper (server), edge-swipe (server), swipe-up (server), PointerEventDispatcher0 (server),
11-16 03:36:00.642 2496 2496 I view_enqueue_input_event: [Motion - Cancel,com.android.launcher3/com.android.launcher3.uioverrides.QuickstepLauncher]
11-16 03:36:00.644 1504 1682 I input_interaction: Interaction with: edge-swipe (server), swipe-up (server), PointerEventDispatcher0 (server),
11-16 03:36:00.828 1504 1666 I commit_sys_config_file: [settings-1-0,5]
11-16 03:36:01.201 1504 1666 I commit_sys_config_file: [settings-1-0,9]
11-16 03:36:01.433 1504 1682 I input_interaction: Interaction with: e1de84c com.android.launcher3/com.android.launcher3.uioverrides.QuickstepLauncher (server), c74be60 com.android.systemui.ImageWallpaper (server), edge-swipe (server), swipe-up (server), PointerEventDispatcher0 (server),
11-16 03:36:01.465 2496 2496 I view_enqueue_input_event: [Motion - Cancel,com.android.launcher3/com.android.launcher3.uioverrides.QuickstepLauncher]
11-16 03:36:01.469 1504 1682 I input_interaction: Interaction with: edge-swipe (server), swipe-up (server), PointerEventDispatcher0 (server),
11-16 03:36:01.654 1504 1666 I commit_sys_config_file: [settings-1-0,3]
11-16 03:36:01.969 1504 1666 I commit_sys_config_file: [settings-1-0,7]
11-16 03:36:02.140 1504 1682 I input_interaction: Interaction with: e1de84c com.android.launcher3/com.android.launcher3.uioverrides.QuickstepLauncher (server), c74be60 com.android.systemui.ImageWallpaper (server), edge-swipe (server), swipe-up (server), PointerEventDispatcher0 (server),
11-16 03:36:02.194 1504 1682 I input_interaction: Interaction with: edge-swipe (server), swipe-up (server), PointerEventDispatcher0 (server),
11-16 03:36:02.197 2496 2496 I view_enqueue_input_event: [Motion - Cancel,com.android.launcher3/com.android.launcher3.uioverrides.QuickstepLauncher]
11-16 03:36:02.384 1504 1666 I commit_sys_config_file: [settings-1-0,4]
11-16 03:36:02.741 1504 1666 I commit_sys_config_file: [settings-1-0,9]
11-16 03:36:02.915 1504 1682 I input_interaction: Interaction with: e1de84c com.android.launcher3/com.android.launcher3.uioverrides.QuickstepLauncher (server), c74be60 com.android.systemui.ImageWallpaper (server), edge-swipe (server), swipe-up (server), PointerEventDispatcher0 (server),
11-16 03:36:02.962 1504 1682 I input_interaction: Interaction with: edge-swipe (server), swipe-up (server), PointerEventDispatcher0 (server),
11-16 03:36:02.965 2496 2496 I view_enqueue_input_event: [Motion - Cancel,com.android.launcher3/com.android.launcher3.uioverrides.QuickstepLauncher]
11-16 03:36:03.150 1504 1666 I commit_sys_config_file: [settings-1-0,5]
11-16 03:36:03.865 1504 3120 I wm_task_moved: [280,1,7]
11-16 03:36:03.867 1504 3120 I wm_set_resumed_activity: [0,com.android.launcher3/.uioverrides.QuickstepLauncher,positionChildAt]
11-16 03:36:03.868 1504 3120 I wm_task_moved: [283,1,7]
11-16 03:36:03.869 1504 3120 I wm_task_to_front: [0,283]
11-16 03:36:03.870 1504 3120 I wm_focused_root_task: [0,0,283,280,moveTaskToFront findTaskToMoveToFront]
11-16 03:36:03.871 2496 2496 I wm_on_top_resumed_lost_called: [50203839,com.android.launcher3.uioverrides.QuickstepLauncher,topStateChangedWhenResumed]
11-16 03:36:03.872 1504 3120 I wm_set_resumed_activity: [0,com.android.gallery3d/.app.GalleryActivity,moveTaskToFront findTaskToMoveToFront]
11-16 03:36:03.877 1504 3120 I wm_pause_activity: [0,50203839,com.android.launcher3/.uioverrides.QuickstepLauncher,userLeaving=true,pauseBackTasks]
11-16 03:36:03.890 2496 2496 I wm_on_paused_called: [50203839,com.android.launcher3.uioverrides.QuickstepLauncher,performPause]
11-16 03:36:03.893 1504 1535 I wm_set_resumed_activity: [0,com.android.gallery3d/.app.GalleryActivity,resumeTopActivityInnerLocked]
11-16 03:36:03.893 1504 1535 I wm_add_to_stopping: [0,50203839,com.android.launcher3/.uioverrides.QuickstepLauncher,makeInvisible]
11-16 03:36:03.894 1504 1535 I wm_resume_activity: [0,94064340,283,com.android.gallery3d/.app.GalleryActivity]
11-16 03:36:03.904 4030 4030 I wm_on_restart_called: [94064340,com.android.gallery3d.app.GalleryActivity,performRestartActivity]
11-16 03:36:03.906 4030 4030 I wm_on_start_called: [94064340,com.android.gallery3d.app.GalleryActivity,handleStartActivity]
11-16 03:36:03.913 4030 4030 I wm_on_resume_called: [94064340,com.android.gallery3d.app.GalleryActivity,RESUME_ACTIVITY]
11-16 03:36:03.913 4030 4030 I wm_on_top_resumed_gained_called: [94064340,com.android.gallery3d.app.GalleryActivity,topWhenResuming]
11-16 03:36:03.913 1504 1682 I input_focus: [Focus leaving e1de84c com.android.launcher3/com.android.launcher3.uioverrides.QuickstepLauncher (server),reason=NO_WINDOW]
11-16 03:36:03.915 1504 1571 I wm_stop_activity: [0,50203839,com.android.launcher3/.uioverrides.QuickstepLauncher]
11-16 03:36:03.916 1504 1571 I sysui_multi_action: [757,803,799,window_time_0,802,11]
11-16 03:36:03.924 1504 1572 I input_focus: [Focus request b39b846 com.android.gallery3d/com.android.gallery3d.app.GalleryActivity,reason=UpdateInputWindows]
11-16 03:36:03.926 1968 1968 I sysui_multi_action: [757,111,758,2]
11-16 03:36:03.926 1504 1504 I notification_enqueue: [10081,1968,com.android.systemui,2048,NULL,0,Notification(channel=updateNotification shortcut=null contentView=null vibrate=null sound=null defaults=0x0 flags=0x0 color=0x00000000 vis=PRIVATE),1]
11-16 03:36:03.929 1968 1968 I sysui_multi_action: [757,111,758,2]
11-16 03:36:03.929 1504 1598 I am_pss : [3441,10086,com.android.music,21176320,14684160,0,138514432,0,4,7]
11-16 03:36:03.936 1968 1968 I sysui_multi_action: [757,111,758,1]
11-16 03:36:03.936 1968 1968 I sysui_multi_action: [757,126,758,1,759,126,927,0,928,0,1593,0]
11-16 03:36:03.937 1968 1968 I sysui_multi_action: [757,113,758,1,759,113,927,1,928,1,1593,0]
11-16 03:36:03.937 1968 1968 I sysui_multi_action: [757,0,758,1,759,0,927,2,928,0,1593,0]
11-16 03:36:03.937 1968 1968 I sysui_multi_action: [757,0,758,1,759,0,927,3,928,0,1593,0]
11-16 03:36:03.938 1968 1968 I sysui_multi_action: [757,491,758,1,759,491,927,4,928,0,1311,-1,1593,0]
11-16 03:36:03.938 1968 1968 I sysui_multi_action: [757,0,758,1,759,0,927,5,928,0,1593,0]
11-16 03:36:03.938 1968 1968 I sysui_multi_action: [757,111,758,1]
11-16 03:36:03.938 1968 1968 I sysui_multi_action: [757,126,758,1,759,126,927,0,928,0,1593,0]
11-16 03:36:03.939 1968 1968 I sysui_multi_action: [757,113,758,1,759,113,927,1,928,1,1593,0]
11-16 03:36:03.939 1968 1968 I sysui_multi_action: [757,0,758,1,759,0,927,2,928,0,1593,0]
11-16 03:36:03.939 1968 1968 I sysui_multi_action: [757,0,758,1,759,0,927,3,928,0,1593,0]
11-16 03:36:03.951 1504 1568 I sysui_multi_action: [319,41,321,39,322,80,325,753,757,761,758,9,759,4,806,com.android.gallery3d,871,com.android.gallery3d.app.GalleryActivity,904,com.android.launcher3,905,0,1320,4,1321,1]
11-16 03:36:03.962 2496 2496 I wm_on_stop_called: [50203839,com.android.launcher3.uioverrides.QuickstepLauncher,STOP_ACTIVITY_ITEM]
11-16 03:36:03.963 1504 1682 I input_focus: [Focus entering b39b846 com.android.gallery3d/com.android.gallery3d.app.GalleryActivity (server),reason=Window became focusable. Previous reason: NOT_VISIBLE]
11-16 03:36:03.973 1504 1682 I input_interaction: Interaction with: b39b846 com.android.gallery3d/com.android.gallery3d.app.GalleryActivity (server), edge-swipe (server), swipe-up (server), PointerEventDispatcher0 (server),
11-16 03:36:04.014 1504 4276 I wm_task_moved: [280,0,0]
11-16 03:36:04.014 1504 4276 I wm_task_moved: [280,0,6]
11-16 03:36:04.030 1504 1682 I input_interaction: Interaction with: edge-swipe (server), swipe-up (server), PointerEventDispatcher0 (server),
11-16 03:36:04.030 2496 2496 I wm_on_restart_called: [50203839,com.android.launcher3.uioverrides.QuickstepLauncher,performRestartActivity]
11-16 03:36:04.030 4030 4030 I view_enqueue_input_event: [Motion - Cancel,com.android.gallery3d/com.android.gallery3d.app.GalleryActivity]
11-16 03:36:04.036 2496 2496 I wm_on_start_called: [50203839,com.android.launcher3.uioverrides.QuickstepLauncher,handleStartActivity]
11-16 03:36:04.036 1504 1572 I input_focus: [Focus request recents_animation_input_consumer,reason=UpdateInputWindows]
11-16 03:36:04.043 2496 2496 I sysui_latency: [1,70]
11-16 03:36:04.046 1504 1682 I input_focus: [Focus leaving b39b846 com.android.gallery3d/com.android.gallery3d.app.GalleryActivity (server),reason=NOT_FOCUSABLE]
11-16 03:36:04.047 1504 1682 I input_focus: [Focus entering recents_animation_input_consumer (server),reason=setFocusedWindow]
11-16 03:36:04.058 1504 1568 I sysui_multi_action: [319,9,322,36,325,753,757,761,758,9,759,5,806,com.android.launcher3,871,com.android.launcher3.uioverrides.QuickstepLauncher,904,com.android.launcher3,905,0,1320,8,1321,5]
11-16 03:36:04.130 1504 1504 I sysui_multi_action: [757,1501,758,1,793,732466,794,0,795,205,796,2048,806,com.android.systemui,857,updateNotification,858,3,947,0,1500,0,1688,1]
11-16 03:36:04.130 1504 1504 I sysui_multi_action: [757,804,799,note_interruptive,801,0,802,1]
11-16 03:36:04.130 1504 1504 I sysui_multi_action: [757,199,758,1,759,2,793,732466,794,0,795,205,796,2048,806,com.android.systemui,857,updateNotification,858,3,947,0,1500,0,1688,1]
11-16 03:36:04.130 1504 1504 I notification_alert: [0|com.android.systemui|2048|null|10081,0,1,0]
11-16 03:36:04.156 1504 1666 I commit_sys_config_file: [settings-1-0,15]
11-16 03:36:04.351 1504 1598 I sysui_latency: [8,39]
11-16 03:36:04.688 1504 1682 I input_interaction: Interaction with: recents_animation_input_consumer (server), edge-swipe (server), swipe-up (server), PointerEventDispatcher0 (server),
11-16 03:36:04.737 1504 1682 I input_interaction: Interaction with: edge-swipe (server), swipe-up (server), PointerEventDispatcher0 (server),
11-16 03:36:04.750 1504 4276 I wm_task_moved: [280,1,7]
11-16 03:36:04.750 1504 4276 I wm_task_moved: [281,1,2147483647]
11-16 03:36:04.750 1504 4276 I wm_task_to_front: [0,281]
11-16 03:36:04.750 4030 4030 I wm_on_top_resumed_lost_called: [94064340,com.android.gallery3d.app.GalleryActivity,topStateChangedWhenResumed]
11-16 03:36:04.751 1504 4276 I wm_focused_root_task: [0,0,280,283,RecentsAnimation.onAnimationFinished()]
11-16 03:36:04.751 1504 4276 I wm_set_resumed_activity: [0,com.android.launcher3/.uioverrides.QuickstepLauncher,RecentsAnimation.onAnimationFinished()]
11-16 03:36:04.751 1504 4276 I wm_pause_activity: [0,94064340,com.android.gallery3d/.app.GalleryActivity,userLeaving=true,pauseBackTasks]
11-16 03:36:04.751 1504 4276 I wm_add_to_stopping: [0,94064340,com.android.gallery3d/.app.GalleryActivity,makeInvisible]
11-16 03:36:04.752 1504 4276 I wm_set_resumed_activity: [0,com.android.launcher3/.uioverrides.QuickstepLauncher,resumeTopActivityInnerLocked]
11-16 03:36:04.752 1504 4276 I wm_resume_activity: [0,50203839,281,com.android.launcher3/.uioverrides.QuickstepLauncher]
11-16 03:36:04.755 1504 1572 I input_focus: [Focus request e1de84c com.android.launcher3/com.android.launcher3.uioverrides.QuickstepLauncher,reason=UpdateInputWindows]
11-16 03:36:04.758 4030 4030 I wm_on_paused_called: [94064340,com.android.gallery3d.app.GalleryActivity,performPause]
11-16 03:36:04.763 2496 2496 I wm_on_resume_called: [50203839,com.android.launcher3.uioverrides.QuickstepLauncher,RESUME_ACTIVITY]
11-16 03:36:04.764 2496 2496 I wm_on_top_resumed_gained_called: [50203839,com.android.launcher3.uioverrides.QuickstepLauncher,topStateChangedWhenResumed]
11-16 03:36:04.765 1504 1682 I input_focus: [Focus leaving recents_animation_input_consumer (server),reason=NOT_VISIBLE]
11-16 03:36:04.773 1504 1571 I wm_stop_activity: [0,94064340,com.android.gallery3d/.app.GalleryActivity]
11-16 03:36:04.774 1504 1571 I sysui_multi_action: [757,803,799,window_time_0,802,1]
11-16 03:36:04.774 1504 1571 I sysui_multi_action: [757,803,799,window_time_0,802,0]
11-16 03:36:04.782 1504 1682 I input_focus: [Focus entering e1de84c com.android.launcher3/com.android.launcher3.uioverrides.QuickstepLauncher (server),reason=setFocusedWindow]
11-16 03:36:04.786 4030 4030 I wm_on_stop_called: [94064340,com.android.gallery3d.app.GalleryActivity,STOP_ACTIVITY_ITEM]
11-16 03:36:04.923 1504 1666 I commit_sys_config_file: [settings-1-0,7]
11-16 03:36:05.212 1504 1666 I commit_sys_config_file: [settings-1-0,4]
11-16 03:36:05.797 1504 1682 I input_interaction: Interaction with: e1de84c com.android.launcher3/com.android.launcher3.uioverrides.QuickstepLauncher (server), c74be60 com.android.systemui.ImageWallpaper (server), edge-swipe (server), swipe-up (server), PointerEventDispatcher0 (server),
11-16 03:36:05.822 2496 2496 I view_enqueue_input_event: [Motion - Cancel,com.android.launcher3/com.android.launcher3.uioverrides.QuickstepLauncher]
11-16 03:36:05.824 1504 1682 I input_interaction: Interaction with: edge-swipe (server), swipe-up (server), PointerEventDispatcher0 (server),
11-16 03:36:06.345 1504 1682 I input_interaction: Interaction with: e1de84c com.android.launcher3/com.android.launcher3.uioverrides.QuickstepLauncher (server), c74be60 com.android.systemui.ImageWallpaper (server), edge-swipe (server), swipe-up (server), PointerEventDispatcher0 (server),
11-16 03:36:06.385 2496 2496 I view_enqueue_input_event: [Motion - Cancel,com.android.launcher3/com.android.launcher3.uioverrides.QuickstepLauncher]
11-16 03:36:06.388 1504 1682 I input_interaction: Interaction with: edge-swipe (server), swipe-up (server), PointerEventDispatcher0 (server),
11-16 03:36:06.577 1504 1666 I commit_sys_config_file: [settings-1-0,6]
11-16 03:36:07.192 1504 4276 I wm_task_moved: [280,1,7]
11-16 03:36:07.193 1504 4276 I wm_set_resumed_activity: [0,com.android.launcher3/.uioverrides.QuickstepLauncher,positionChildAt]
11-16 03:36:07.193 1504 4276 I wm_task_moved: [283,1,7]
11-16 03:36:07.193 1504 4276 I wm_task_to_front: [0,283]
11-16 03:36:07.194 1504 4276 I wm_focused_root_task: [0,0,283,280,moveTaskToFront findTaskToMoveToFront]
11-16 03:36:07.195 2496 2496 I wm_on_top_resumed_lost_called: [50203839,com.android.launcher3.uioverrides.QuickstepLauncher,topStateChangedWhenResumed]
11-16 03:36:07.195 1504 4276 I wm_set_resumed_activity: [0,com.android.gallery3d/.app.GalleryActivity,moveTaskToFront findTaskToMoveToFront]
11-16 03:36:07.198 1504 4276 I wm_pause_activity: [0,50203839,com.android.launcher3/.uioverrides.QuickstepLauncher,userLeaving=true,pauseBackTasks]
11-16 03:36:07.206 2496 2496 I wm_on_paused_called: [50203839,com.android.launcher3.uioverrides.QuickstepLauncher,performPause]
11-16 03:36:07.211 1504 4276 I wm_set_resumed_activity: [0,com.android.gallery3d/.app.GalleryActivity,resumeTopActivityInnerLocked]
11-16 03:36:07.212 1504 4276 I wm_add_to_stopping: [0,50203839,com.android.launcher3/.uioverrides.QuickstepLauncher,makeInvisible]
11-16 03:36:07.213 1504 4276 I wm_resume_activity: [0,94064340,283,com.android.gallery3d/.app.GalleryActivity]
11-16 03:36:07.233 4030 4030 I wm_on_restart_called: [94064340,com.android.gallery3d.app.GalleryActivity,performRestartActivity]
11-16 03:36:07.234 4030 4030 I wm_on_start_called: [94064340,com.android.gallery3d.app.GalleryActivity,handleStartActivity]
11-16 03:36:07.236 4030 4030 I wm_on_resume_called: [94064340,com.android.gallery3d.app.GalleryActivity,RESUME_ACTIVITY]
11-16 03:36:07.236 4030 4030 I wm_on_top_resumed_gained_called: [94064340,com.android.gallery3d.app.GalleryActivity,topWhenResuming]
11-16 03:36:07.237 1504 1571 I sysui_multi_action: [757,803,799,window_time_0,802,2]
11-16 03:36:07.237 1504 1682 I input_focus: [Focus leaving e1de84c com.android.launcher3/com.android.launcher3.uioverrides.QuickstepLauncher (server),reason=NO_WINDOW]
11-16 03:36:07.249 1504 1572 I input_focus: [Focus request b39b846 com.android.gallery3d/com.android.gallery3d.app.GalleryActivity,reason=UpdateInputWindows]
11-16 03:36:07.251 1504 1504 I notification_enqueue: [10081,1968,com.android.systemui,2048,NULL,0,Notification(channel=updateNotification shortcut=null contentView=null vibrate=null sound=null defaults=0x0 flags=0x0 color=0x00000000 vis=PRIVATE),1]
11-16 03:36:07.251 1968 1968 I sysui_multi_action: [757,111,758,2]
11-16 03:36:07.252 1968 1968 I sysui_multi_action: [757,111,758,2]
11-16 03:36:07.263 1504 1571 I wm_stop_activity: [0,50203839,com.android.launcher3/.uioverrides.QuickstepLauncher]
11-16 03:36:07.263 1968 1968 I sysui_multi_action: [757,111,758,1]
11-16 03:36:07.264 1968 1968 I sysui_multi_action: [757,126,758,1,759,126,927,0,928,0,1593,0]
11-16 03:36:07.264 1968 1968 I sysui_multi_action: [757,113,758,1,759,113,927,1,928,1,1593,0]
11-16 03:36:07.264 1504 1568 I sysui_multi_action: [319,47,321,46,322,68,325,756,757,761,758,9,759,4,806,com.android.gallery3d,871,com.android.gallery3d.app.GalleryActivity,904,com.android.launcher3,905,0,1320,4,1321,1]
11-16 03:36:07.264 1968 1968 I sysui_multi_action: [757,0,758,1,759,0,927,2,928,0,1593,0]
11-16 03:36:07.264 1968 1968 I sysui_multi_action: [757,0,758,1,759,0,927,3,928,0,1593,0]
11-16 03:36:07.264 1968 1968 I sysui_multi_action: [757,491,758,1,759,491,927,4,928,0,1311,-1,1593,0]
11-16 03:36:07.264 1968 1968 I sysui_multi_action: [757,0,758,1,759,0,927,5,928,0,1593,0]
11-16 03:36:07.264 1968 1968 I sysui_multi_action: [757,111,758,1]
11-16 03:36:07.264 1968 1968 I sysui_multi_action: [757,126,758,1,759,126,927,0,928,0,1593,0]
11-16 03:36:07.264 1968 1968 I sysui_multi_action: [757,113,758,1,759,113,927,1,928,1,1593,0]
11-16 03:36:07.264 1968 1968 I sysui_multi_action: [757,0,758,1,759,0,927,2,928,0,1593,0]
11-16 03:36:07.264 1968 1968 I sysui_multi_action: [757,0,758,1,759,0,927,3,928,0,1593,0]
11-16 03:36:07.271 1504 1682 I input_focus: [Focus entering b39b846 com.android.gallery3d/com.android.gallery3d.app.GalleryActivity (server),reason=setFocusedWindow]
11-16 03:36:07.300 2496 2496 I wm_on_stop_called: [50203839,com.android.launcher3.uioverrides.QuickstepLauncher,STOP_ACTIVITY_ITEM]
11-16 03:36:07.444 1504 1682 I input_interaction: Interaction with: b39b846 com.android.gallery3d/com.android.gallery3d.app.GalleryActivity (server), edge-swipe (server), swipe-up (server), PointerEventDispatcher0 (server),
11-16 03:36:07.450 1504 2504 I wm_task_moved: [280,0,0]
11-16 03:36:07.451 1504 2504 I wm_task_moved: [280,0,6]
11-16 03:36:07.464 1504 1504 I sysui_multi_action: [757,1501,758,1,793,735799,794,0,795,214,796,2048,806,com.android.systemui,857,updateNotification,858,3,947,0,1500,0,1688,1]
11-16 03:36:07.464 1504 1504 I sysui_multi_action: [757,804,799,note_interruptive,801,0,802,1]
11-16 03:36:07.465 1504 1504 I sysui_multi_action: [757,199,758,1,759,2,793,735801,794,0,795,216,796,2048,806,com.android.systemui,857,updateNotification,858,3,947,0,1500,2,1688,1]
11-16 03:36:07.465 1504 1504 I notification_alert: [0|com.android.systemui|2048|null|10081,0,1,0]
11-16 03:36:07.470 2496 2496 I wm_on_restart_called: [50203839,com.android.launcher3.uioverrides.QuickstepLauncher,performRestartActivity]
11-16 03:36:07.479 2496 2496 I wm_on_start_called: [50203839,com.android.launcher3.uioverrides.QuickstepLauncher,handleStartActivity]
11-16 03:36:07.480 4030 4030 I view_enqueue_input_event: [Motion - Cancel,com.android.gallery3d/com.android.gallery3d.app.GalleryActivity]
11-16 03:36:07.490 1504 1572 I input_focus: [Focus request recents_animation_input_consumer,reason=UpdateInputWindows]
11-16 03:36:07.490 2496 2496 I sysui_latency: [1,46]
11-16 03:36:07.493 1504 1682 I input_interaction: Interaction with: edge-swipe (server), swipe-up (server), PointerEventDispatcher0 (server),
11-16 03:36:07.500 1504 1568 I sysui_multi_action: [319,12,322,44,325,756,757,761,758,9,759,5,806,com.android.launcher3,871,com.android.launcher3.uioverrides.QuickstepLauncher,904,com.android.launcher3,905,0,1320,8,1321,5]
11-16 03:36:07.504 1504 1682 I input_focus: [Focus leaving b39b846 com.android.gallery3d/com.android.gallery3d.app.GalleryActivity (server),reason=NOT_FOCUSABLE]
11-16 03:36:07.504 1504 1682 I input_focus: [Focus entering recents_animation_input_consumer (server),reason=setFocusedWindow]
11-16 03:36:07.508 1504 1666 I commit_sys_config_file: [settings-1-0,22]
11-16 03:36:07.796 1504 1598 I sysui_latency: [8,48]
11-16 03:36:08.202 1504 1682 I input_interaction: Interaction with: e1de84c com.android.launcher3/com.android.launcher3.uioverrides.QuickstepLauncher (server), edge-swipe (server), swipe-up (server), PointerEventDispatcher0 (server),
11-16 03:36:08.224 2496 2496 I view_enqueue_input_event: [Motion - Cancel,com.android.launcher3/com.android.launcher3.uioverrides.QuickstepLauncher]
11-16 03:36:08.228 1504 1682 I input_interaction: Interaction with: edge-swipe (server), swipe-up (server), PointerEventDispatcher0 (server),
11-16 03:36:08.286 1504 1666 I commit_sys_config_file: [settings-1-0,4]
11-16 03:36:08.442 1504 3120 I wm_task_moved: [280,1,7]
11-16 03:36:08.444 1504 3120 I wm_task_moved: [281,1,2147483647]
11-16 03:36:08.444 1504 3120 I wm_task_to_front: [0,281]
11-16 03:36:08.444 1504 3120 I wm_focused_root_task: [0,0,280,283,RecentsAnimation.onAnimationFinished()]
11-16 03:36:08.445 4030 4030 I wm_on_top_resumed_lost_called: [94064340,com.android.gallery3d.app.GalleryActivity,topStateChangedWhenResumed]
11-16 03:36:08.445 1504 3120 I wm_set_resumed_activity: [0,com.android.launcher3/.uioverrides.QuickstepLauncher,RecentsAnimation.onAnimationFinished()]
11-16 03:36:08.446 1504 3120 I wm_pause_activity: [0,94064340,com.android.gallery3d/.app.GalleryActivity,userLeaving=true,pauseBackTasks]
11-16 03:36:08.447 1504 3120 I wm_add_to_stopping: [0,94064340,com.android.gallery3d/.app.GalleryActivity,makeInvisible]
11-16 03:36:08.447 1504 3120 I wm_set_resumed_activity: [0,com.android.launcher3/.uioverrides.QuickstepLauncher,resumeTopActivityInnerLocked]
11-16 03:36:08.449 1504 3120 I wm_resume_activity: [0,50203839,281,com.android.launcher3/.uioverrides.QuickstepLauncher]
11-16 03:36:08.459 1504 1572 I input_focus: [Focus request e1de84c com.android.launcher3/com.android.launcher3.uioverrides.QuickstepLauncher,reason=UpdateInputWindows]
11-16 03:36:08.460 2496 2496 I wm_on_resume_called: [50203839,com.android.launcher3.uioverrides.QuickstepLauncher,RESUME_ACTIVITY]
11-16 03:36:08.462 4030 4030 I wm_on_paused_called: [94064340,com.android.gallery3d.app.GalleryActivity,performPause]
11-16 03:36:08.467 2496 2496 I wm_on_top_resumed_gained_called: [50203839,com.android.launcher3.uioverrides.QuickstepLauncher,topStateChangedWhenResumed]
11-16 03:36:08.471 1504 1571 I wm_stop_activity: [0,94064340,com.android.gallery3d/.app.GalleryActivity]
11-16 03:36:08.471 1504 1571 I sysui_multi_action: [757,803,799,window_time_0,802,1]
11-16 03:36:08.474 1504 1682 I input_focus: [Focus leaving recents_animation_input_consumer (server),reason=NOT_VISIBLE]
11-16 03:36:08.474 1504 1682 I input_focus: [Focus entering e1de84c com.android.launcher3/com.android.launcher3.uioverrides.QuickstepLauncher (server),reason=setFocusedWindow]
11-16 03:36:08.484 1504 1571 I sysui_multi_action: [757,803,799,window_time_0,802,0]
11-16 03:36:08.497 4030 4030 I wm_on_stop_called: [94064340,com.android.gallery3d.app.GalleryActivity,STOP_ACTIVITY_ITEM]
11-16 03:36:09.051 1504 1682 I input_interaction: Interaction with: e1de84c com.android.launcher3/com.android.launcher3.uioverrides.QuickstepLauncher (server), c74be60 com.android.systemui.ImageWallpaper (server), edge-swipe (server), swipe-up (server), PointerEventDispatcher0 (server),
11-16 03:36:09.099 2496 2496 I view_enqueue_input_event: [Motion - Cancel,com.android.launcher3/com.android.launcher3.uioverrides.QuickstepLauncher]
11-16 03:36:09.100 1504 1682 I input_interaction: Interaction with: edge-swipe (server), swipe-up (server), PointerEventDispatcher0 (server),
11-16 03:36:09.281 1504 1666 I commit_sys_config_file: [settings-1-0,5]
11-16 03:36:09.427 1504 4276 I wm_task_moved: [280,1,7]
11-16 03:36:09.428 1504 4276 I wm_set_resumed_activity: [0,com.android.launcher3/.uioverrides.QuickstepLauncher,positionChildAt]
11-16 03:36:09.428 1504 4276 I wm_task_moved: [283,1,7]
11-16 03:36:09.428 1504 4276 I wm_task_to_front: [0,283]
11-16 03:36:09.429 1504 4276 I wm_focused_root_task: [0,0,283,280,moveTaskToFront findTaskToMoveToFront]
11-16 03:36:09.429 2496 2496 I wm_on_top_resumed_lost_called: [50203839,com.android.launcher3.uioverrides.QuickstepLauncher,topStateChangedWhenResumed]
11-16 03:36:09.431 1504 4276 I wm_set_resumed_activity: [0,com.android.gallery3d/.app.GalleryActivity,moveTaskToFront findTaskToMoveToFront]
11-16 03:36:09.434 1504 4276 I wm_pause_activity: [0,50203839,com.android.launcher3/.uioverrides.QuickstepLauncher,userLeaving=true,pauseBackTasks]
11-16 03:36:09.445 2496 2496 I wm_on_paused_called: [50203839,com.android.launcher3.uioverrides.QuickstepLauncher,performPause]
11-16 03:36:09.450 1504 2032 I wm_set_resumed_activity: [0,com.android.gallery3d/.app.GalleryActivity,resumeTopActivityInnerLocked]
11-16 03:36:09.450 1504 2032 I wm_add_to_stopping: [0,50203839,com.android.launcher3/.uioverrides.QuickstepLauncher,makeInvisible]
11-16 03:36:09.451 1504 2032 I wm_resume_activity: [0,94064340,283,com.android.gallery3d/.app.GalleryActivity]
11-16 03:36:09.476 1504 1571 I wm_stop_activity: [0,50203839,com.android.launcher3/.uioverrides.QuickstepLauncher]
11-16 03:36:09.476 1504 1571 I sysui_multi_action: [757,803,799,window_time_0,802,1]
11-16 03:36:09.476 4030 4030 I wm_on_restart_called: [94064340,com.android.gallery3d.app.GalleryActivity,performRestartActivity]
11-16 03:36:09.477 1504 1682 I input_focus: [Focus leaving e1de84c com.android.launcher3/com.android.launcher3.uioverrides.QuickstepLauncher (server),reason=NO_WINDOW]
11-16 03:36:09.477 4030 4030 I wm_on_start_called: [94064340,com.android.gallery3d.app.GalleryActivity,handleStartActivity]
11-16 03:36:09.479 4030 4030 I wm_on_resume_called: [94064340,com.android.gallery3d.app.GalleryActivity,RESUME_ACTIVITY]
11-16 03:36:09.479 4030 4030 I wm_on_top_resumed_gained_called: [94064340,com.android.gallery3d.app.GalleryActivity,topWhenResuming]
11-16 03:36:09.498 1504 1598 I am_pss : [4192,10051,com.thundercomm.screensaver,28025856,21630976,0,141180928,0,19,6]
11-16 03:36:09.499 1504 1572 I input_focus: [Focus request b39b846 com.android.gallery3d/com.android.gallery3d.app.GalleryActivity,reason=UpdateInputWindows]
11-16 03:36:09.504 1968 1968 I sysui_multi_action: [757,111,758,2]
11-16 03:36:09.504 1504 1504 I notification_enqueue: [10081,1968,com.android.systemui,2048,NULL,0,Notification(channel=updateNotification shortcut=null contentView=null vibrate=null sound=null defaults=0x0 flags=0x0 color=0x00000000 vis=PRIVATE),1]
11-16 03:36:09.505 2496 2496 I wm_on_stop_called: [50203839,com.android.launcher3.uioverrides.QuickstepLauncher,STOP_ACTIVITY_ITEM]
11-16 03:36:09.510 1968 1968 I sysui_multi_action: [757,111,758,2]
11-16 03:36:09.516 1968 1968 I sysui_multi_action: [757,111,758,1]
11-16 03:36:09.516 1968 1968 I sysui_multi_action: [757,126,758,1,759,126,927,0,928,0,1593,0]
11-16 03:36:09.517 1968 1968 I sysui_multi_action: [757,113,758,1,759,113,927,1,928,1,1593,0]
11-16 03:36:09.517 1968 1968 I sysui_multi_action: [757,0,758,1,759,0,927,2,928,0,1593,0]
11-16 03:36:09.517 1968 1968 I sysui_multi_action: [757,0,758,1,759,0,927,3,928,0,1593,0]
11-16 03:36:09.517 1968 1968 I sysui_multi_action: [757,491,758,1,759,491,927,4,928,0,1311,-1,1593,0]
11-16 03:36:09.518 1968 1968 I sysui_multi_action: [757,0,758,1,759,0,927,5,928,0,1593,0]
11-16 03:36:09.518 1968 1968 I sysui_multi_action: [757,111,758,1]
11-16 03:36:09.518 1968 1968 I sysui_multi_action: [757,126,758,1,759,126,927,0,928,0,1593,0]
11-16 03:36:09.518 1968 1968 I sysui_multi_action: [757,113,758,1,759,113,927,1,928,1,1593,0]
11-16 03:36:09.518 1968 1968 I sysui_multi_action: [757,0,758,1,759,0,927,2,928,0,1593,0]
11-16 03:36:09.519 1968 1968 I sysui_multi_action: [757,0,758,1,759,0,927,3,928,0,1593,0]
11-16 03:36:09.523 1504 1568 I sysui_multi_action: [319,40,321,37,322,92,325,758,757,761,758,9,759,4,806,com.android.gallery3d,871,com.android.gallery3d.app.GalleryActivity,904,com.android.launcher3,905,0,1320,4,1321,1]
11-16 03:36:09.526 1504 1682 I input_focus: [Focus entering b39b846 com.android.gallery3d/com.android.gallery3d.app.GalleryActivity (server),reason=setFocusedWindow]
11-16 03:36:09.596 1504 1598 I am_pss : [4341,10063,com.android.calendar,7004160,4890624,0,92344320,0,19,6]
11-16 03:36:09.664 1504 1682 I input_interaction: Interaction with: b39b846 com.android.gallery3d/com.android.gallery3d.app.GalleryActivity (server), edge-swipe (server), swipe-up (server), PointerEventDispatcher0 (server),
11-16 03:36:09.673 1504 4276 I wm_task_moved: [280,0,0]
11-16 03:36:09.673 1504 4276 I wm_task_moved: [280,0,6]
11-16 03:36:09.684 4030 4030 I view_enqueue_input_event: [Motion - Cancel,com.android.gallery3d/com.android.gallery3d.app.GalleryActivity]
11-16 03:36:09.685 2496 2496 I wm_on_restart_called: [50203839,com.android.launcher3.uioverrides.QuickstepLauncher,performRestartActivity]
11-16 03:36:09.685 1504 1682 I input_interaction: Interaction with: edge-swipe (server), swipe-up (server), PointerEventDispatcher0 (server),
11-16 03:36:09.696 2496 2496 I wm_on_start_called: [50203839,com.android.launcher3.uioverrides.QuickstepLauncher,handleStartActivity]
11-16 03:36:09.704 1504 1666 I commit_sys_config_file: [settings-1-0,7]
11-16 03:36:09.704 1504 1572 I input_focus: [Focus request recents_animation_input_consumer,reason=UpdateInputWindows]
11-16 03:36:09.705 2496 2496 I sysui_latency: [1,41]
11-16 03:36:09.708 1504 1504 I sysui_multi_action: [757,1501,758,1,793,738043,794,0,795,206,796,2048,806,com.android.systemui,857,updateNotification,858,3,947,0,1500,0,1688,1]
11-16 03:36:09.708 1504 1504 I sysui_multi_action: [757,804,799,note_interruptive,801,0,802,1]
11-16 03:36:09.709 1504 1504 I sysui_multi_action: [757,199,758,1,759,2,793,738044,794,0,795,207,796,2048,806,com.android.systemui,857,updateNotification,858,3,947,0,1500,1,1688,1]
11-16 03:36:09.710 1504 1682 I input_focus: [Focus leaving b39b846 com.android.gallery3d/com.android.gallery3d.app.GalleryActivity (server),reason=NOT_FOCUSABLE]
11-16 03:36:09.710 1504 1682 I input_focus: [Focus entering recents_animation_input_consumer (server),reason=setFocusedWindow]
11-16 03:36:09.711 1504 1504 I notification_alert: [0|com.android.systemui|2048|null|10081,0,1,0]
11-16 03:36:09.722 1504 1568 I sysui_multi_action: [319,15,322,44,325,759,757,761,758,9,759,5,806,com.android.launcher3,871,com.android.launcher3.uioverrides.QuickstepLauncher,904,com.android.launcher3,905,0,1320,8,1321,5]
11-16 03:36:10.017 1504 1598 I sysui_latency: [8,49]
11-16 03:36:10.035 1504 1666 I commit_sys_config_file: [settings-1-0,4]
11-16 03:36:10.391 1504 1682 I input_interaction: Interaction with: recents_animation_input_consumer (server), edge-swipe (server), swipe-up (server), PointerEventDispatcher0 (server),
11-16 03:36:10.396 1504 4276 I wm_task_moved: [280,1,7]
11-16 03:36:10.403 1504 4276 I wm_task_moved: [281,1,2147483647]
11-16 03:36:10.403 1504 4276 I wm_task_to_front: [0,281]
11-16 03:36:10.403 4030 4030 I wm_on_top_resumed_lost_called: [94064340,com.android.gallery3d.app.GalleryActivity,topStateChangedWhenResumed]
11-16 03:36:10.403 1504 4276 I wm_focused_root_task: [0,0,280,283,RecentsAnimation.onAnimationFinished()]
11-16 03:36:10.403 1504 4276 I wm_set_resumed_activity: [0,com.android.launcher3/.uioverrides.QuickstepLauncher,RecentsAnimation.onAnimationFinished()]
11-16 03:36:10.404 1504 4276 I wm_pause_activity: [0,94064340,com.android.gallery3d/.app.GalleryActivity,userLeaving=true,pauseBackTasks]
11-16 03:36:10.406 1504 4276 I wm_add_to_stopping: [0,94064340,com.android.gallery3d/.app.GalleryActivity,makeInvisible]
11-16 03:36:10.406 1504 4276 I wm_set_resumed_activity: [0,com.android.launcher3/.uioverrides.QuickstepLauncher,resumeTopActivityInnerLocked]
11-16 03:36:10.408 1504 4276 I wm_resume_activity: [0,50203839,281,com.android.launcher3/.uioverrides.QuickstepLauncher]
11-16 03:36:10.412 2496 2496 I wm_on_resume_called: [50203839,com.android.launcher3.uioverrides.QuickstepLauncher,RESUME_ACTIVITY]
11-16 03:36:10.423 1504 1572 I input_focus: [Focus request e1de84c com.android.launcher3/com.android.launcher3.uioverrides.QuickstepLauncher,reason=UpdateInputWindows]
11-16 03:36:10.427 4030 4030 I wm_on_paused_called: [94064340,com.android.gallery3d.app.GalleryActivity,performPause]
11-16 03:36:10.429 1504 1682 I input_focus: [Focus leaving recents_animation_input_consumer (server),reason=NOT_VISIBLE]
11-16 03:36:10.433 1504 1571 I wm_stop_activity: [0,94064340,com.android.gallery3d/.app.GalleryActivity]
11-16 03:36:10.433 1504 1571 I sysui_multi_action: [757,803,799,window_time_0,802,1]
11-16 03:36:10.441 1504 1571 I sysui_multi_action: [757,803,799,window_time_0,802,0]
11-16 03:36:10.445 1504 1682 I input_focus: [Focus entering e1de84c com.android.launcher3/com.android.launcher3.uioverrides.QuickstepLauncher (server),reason=setFocusedWindow]
11-16 03:36:10.450 2496 2496 I wm_on_top_resumed_gained_called: [50203839,com.android.launcher3.uioverrides.QuickstepLauncher,topStateChangedWhenResumed]
11-16 03:36:10.453 1504 1682 I input_interaction: Interaction with: edge-swipe (server), swipe-up (server), PointerEventDispatcher0 (server),
11-16 03:36:10.462 1504 1598 I am_pss : [4340,1000,com.android.settings,27056128,25006080,0,111173632,0,19,6]
11-16 03:36:10.465 4030 4030 I wm_on_stop_called: [94064340,com.android.gallery3d.app.GalleryActivity,STOP_ACTIVITY_ITEM]
11-16 03:36:10.634 1504 1666 I commit_sys_config_file: [settings-1-0,8]
11-16 03:36:10.854 1504 1666 I commit_sys_config_file: [settings-1-0,7]
11-16 03:36:11.157 1504 1682 I input_interaction: Interaction with: e1de84c com.android.launcher3/com.android.launcher3.uioverrides.QuickstepLauncher (server), c74be60 com.android.systemui.ImageWallpaper (server), edge-swipe (server), swipe-up (server), PointerEventDispatcher0 (server),
11-16 03:36:11.211 2496 2496 I view_enqueue_input_event: [Motion - Cancel,com.android.launcher3/com.android.launcher3.uioverrides.QuickstepLauncher]
11-16 03:36:11.212 1504 1682 I input_interaction: Interaction with: edge-swipe (server), swipe-up (server), PointerEventDispatcher0 (server),
11-16 03:36:11.388 1504 1666 I commit_sys_config_file: [settings-1-0,6]
11-16 03:36:11.772 1504 1534 I wm_task_moved: [280,1,7]
11-16 03:36:11.773 1504 1534 I wm_set_resumed_activity: [0,com.android.launcher3/.uioverrides.QuickstepLauncher,positionChildAt]
11-16 03:36:11.773 1504 1534 I wm_task_moved: [283,1,7]
11-16 03:36:11.773 1504 1534 I wm_task_to_front: [0,283]
11-16 03:36:11.774 1504 1534 I wm_focused_root_task: [0,0,283,280,moveTaskToFront findTaskToMoveToFront]
11-16 03:36:11.775 2496 2496 I wm_on_top_resumed_lost_called: [50203839,com.android.launcher3.uioverrides.QuickstepLauncher,topStateChangedWhenResumed]
11-16 03:36:11.775 1504 1534 I wm_set_resumed_activity: [0,com.android.gallery3d/.app.GalleryActivity,moveTaskToFront findTaskToMoveToFront]
11-16 03:36:11.777 1504 1534 I wm_pause_activity: [0,50203839,com.android.launcher3/.uioverrides.QuickstepLauncher,userLeaving=true,pauseBackTasks]
11-16 03:36:11.791 2496 2496 I wm_on_paused_called: [50203839,com.android.launcher3.uioverrides.QuickstepLauncher,performPause]
11-16 03:36:11.795 1504 3120 I wm_set_resumed_activity: [0,com.android.gallery3d/.app.GalleryActivity,resumeTopActivityInnerLocked]
11-16 03:36:11.796 1504 3120 I wm_add_to_stopping: [0,50203839,com.android.launcher3/.uioverrides.QuickstepLauncher,makeInvisible]
11-16 03:36:11.798 1504 3120 I wm_resume_activity: [0,94064340,283,com.android.gallery3d/.app.GalleryActivity]
11-16 03:36:11.810 4030 4030 I wm_on_restart_called: [94064340,com.android.gallery3d.app.GalleryActivity,performRestartActivity]
11-16 03:36:11.811 1504 1571 I sysui_multi_action: [757,803,799,window_time_0,802,2]
11-16 03:36:11.811 4030 4030 I wm_on_start_called: [94064340,com.android.gallery3d.app.GalleryActivity,handleStartActivity]
11-16 03:36:11.815 1504 1682 I input_focus: [Focus leaving e1de84c com.android.launcher3/com.android.launcher3.uioverrides.QuickstepLauncher (server),reason=NO_WINDOW]
11-16 03:36:11.815 4030 4030 I wm_on_resume_called: [94064340,com.android.gallery3d.app.GalleryActivity,RESUME_ACTIVITY]
11-16 03:36:11.815 4030 4030 I wm_on_top_resumed_gained_called: [94064340,com.android.gallery3d.app.GalleryActivity,topWhenResuming]
11-16 03:36:11.829 1968 1968 I sysui_multi_action: [757,111,758,2]
11-16 03:36:11.829 1504 1504 I notification_enqueue: [10081,1968,com.android.systemui,2048,NULL,0,Notification(channel=updateNotification shortcut=null contentView=null vibrate=null sound=null defaults=0x0 flags=0x0 color=0x00000000 vis=PRIVATE),1]
11-16 03:36:11.830 1968 1968 I sysui_multi_action: [757,111,758,2]
11-16 03:36:11.839 1504 1572 I input_focus: [Focus request b39b846 com.android.gallery3d/com.android.gallery3d.app.GalleryActivity,reason=UpdateInputWindows]
11-16 03:36:11.840 1968 1968 I sysui_multi_action: [757,111,758,1]
11-16 03:36:11.842 1968 1968 I sysui_multi_action: [757,126,758,1,759,126,927,0,928,0,1593,0]
11-16 03:36:11.842 1968 1968 I sysui_multi_action: [757,113,758,1,759,113,927,1,928,1,1593,0]
11-16 03:36:11.842 1968 1968 I sysui_multi_action: [757,0,758,1,759,0,927,2,928,0,1593,0]
11-16 03:36:11.842 1968 1968 I sysui_multi_action: [757,0,758,1,759,0,927,3,928,0,1593,0]
11-16 03:36:11.843 1968 1968 I sysui_multi_action: [757,491,758,1,759,491,927,4,928,0,1311,-1,1593,0]
11-16 03:36:11.843 1968 1968 I sysui_multi_action: [757,0,758,1,759,0,927,5,928,0,1593,0]
11-16 03:36:11.843 1968 1968 I sysui_multi_action: [757,111,758,1]
11-16 03:36:11.843 1968 1968 I sysui_multi_action: [757,126,758,1,759,126,927,0,928,0,1593,0]
11-16 03:36:11.843 1968 1968 I sysui_multi_action: [757,113,758,1,759,113,927,1,928,1,1593,0]
11-16 03:36:11.843 1968 1968 I sysui_multi_action: [757,0,758,1,759,0,927,2,928,0,1593,0]
11-16 03:36:11.844 1968 1968 I sysui_multi_action: [757,0,758,1,759,0,927,3,928,0,1593,0]
11-16 03:36:11.859 1504 1571 I wm_stop_activity: [0,50203839,com.android.launcher3/.uioverrides.QuickstepLauncher]
11-16 03:36:11.860 1504 1568 I sysui_multi_action: [319,51,321,49,322,84,325,761,757,761,758,9,759,4,806,com.android.gallery3d,871,com.android.gallery3d.app.GalleryActivity,904,com.android.launcher3,905,0,1320,4,1321,1]
11-16 03:36:11.865 1504 1682 I input_focus: [Focus entering b39b846 com.android.gallery3d/com.android.gallery3d.app.GalleryActivity (server),reason=Window became focusable. Previous reason: NOT_VISIBLE]
11-16 03:36:11.896 2496 2496 I wm_on_stop_called: [50203839,com.android.launcher3.uioverrides.QuickstepLauncher,STOP_ACTIVITY_ITEM]
11-16 03:36:12.033 1504 1504 I sysui_multi_action: [757,1501,758,1,793,740369,794,0,795,205,796,2048,806,com.android.systemui,857,updateNotification,858,3,947,0,1500,0,1688,1]
11-16 03:36:12.034 1504 1504 I sysui_multi_action: [757,804,799,note_interruptive,801,0,802,1]
11-16 03:36:12.034 1504 1504 I sysui_multi_action: [757,199,758,1,759,2,793,740370,794,0,795,206,796,2048,806,com.android.systemui,857,updateNotification,858,3,947,0,1500,1,1688,1]
11-16 03:36:12.034 1504 1504 I notification_alert: [0|com.android.systemui|2048|null|10081,0,1,0]
11-16 03:36:12.086 1504 1666 I commit_sys_config_file: [settings-1-0,4]
11-16 03:36:49.063 1504 1601 I am_uid_idle: 10051
11-16 03:37:04.264 1504 1620 I sysui_multi_action: [757,1696,758,6,759,2]
11-16 03:37:04.282 1504 1601 I am_wtf : [0,1504,system_server,-1,DisplayDeviceConfig,requesting nits when no mapping exists.]
11-16 03:37:04.286 1504 1601 I am_wtf : [0,1504,system_server,-1,DisplayDeviceConfig,requesting nits when no mapping exists.]
11-16 03:37:04.297 1504 1601 I am_wtf : [0,1504,system_server,-1,DisplayDeviceConfig,requesting nits when no mapping exists.]
11-16 03:37:04.299 1504 1601 I am_wtf : [0,1504,system_server,-1,DisplayDeviceConfig,requesting nits when no mapping exists.]
11-16 03:37:04.307 1504 1601 I am_wtf : [0,1504,system_server,-1,DisplayDeviceConfig,requesting nits when no mapping exists.]
11-16 03:37:04.308 1504 1601 I am_wtf : [0,1504,system_server,-1,DisplayDeviceConfig,requesting nits when no mapping exists.]
11-16 03:37:04.323 1504 1601 I am_wtf : [0,1504,system_server,-1,DisplayDeviceConfig,requesting nits when no mapping exists.]
11-16 03:37:04.324 1504 1601 I am_wtf : [0,1504,system_server,-1,DisplayDeviceConfig,requesting nits when no mapping exists.]
11-16 03:37:04.340 1504 1601 I am_wtf : [0,1504,system_server,-1,DisplayDeviceConfig,requesting nits when no mapping exists.]
11-16 03:37:04.341 1504 1601 I am_wtf : [0,1504,system_server,-1,DisplayDeviceConfig,requesting nits when no mapping exists.]
11-16 03:37:04.357 1504 1601 I am_wtf : [0,1504,system_server,-1,DisplayDeviceConfig,requesting nits when no mapping exists.]
11-16 03:37:04.358 1504 1601 I am_wtf : [0,1504,system_server,-1,DisplayDeviceConfig,requesting nits when no mapping exists.]
11-16 03:37:04.374 1504 1601 I am_wtf : [0,1504,system_server,-1,DisplayDeviceConfig,requesting nits when no mapping exists.]
11-16 03:37:04.375 1504 1601 I am_wtf : [0,1504,system_server,-1,DisplayDeviceConfig,requesting nits when no mapping exists.]
11-16 03:37:04.391 1504 1601 I am_wtf : [0,1504,system_server,-1,DisplayDeviceConfig,requesting nits when no mapping exists.]
11-16 03:37:04.392 1504 1601 I am_wtf : [0,1504,system_server,-1,DisplayDeviceConfig,requesting nits when no mapping exists.]
11-16 03:37:04.408 1504 1601 I am_wtf : [0,1504,system_server,-1,DisplayDeviceConfig,requesting nits when no mapping exists.]
11-16 03:37:04.409 1504 1601 I am_wtf : [0,1504,system_server,-1,DisplayDeviceConfig,requesting nits when no mapping exists.]
11-16 03:37:04.425 1504 1601 I am_wtf : [0,1504,system_server,-1,DisplayDeviceConfig,requesting nits when no mapping exists.]
11-16 03:37:04.426 1504 1601 I am_wtf : [0,1504,system_server,-1,DisplayDeviceConfig,requesting nits when no mapping exists.]
11-16 03:37:04.441 1504 1601 I am_wtf : [0,1504,system_server,-1,DisplayDeviceConfig,requesting nits when no mapping exists.]
11-16 03:37:04.442 1504 1601 I am_wtf : [0,1504,system_server,-1,DisplayDeviceConfig,requesting nits when no mapping exists.]
11-16 03:37:04.458 1504 1601 I am_wtf : [0,1504,system_server,-1,DisplayDeviceConfig,requesting nits when no mapping exists.]
11-16 03:37:04.459 1504 1601 I am_wtf : [0,1504,system_server,-1,DisplayDeviceConfig,requesting nits when no mapping exists.]
11-16 03:37:04.474 1504 1601 I am_wtf : [0,1504,system_server,-1,DisplayDeviceConfig,requesting nits when no mapping exists.]
11-16 03:37:04.475 1504 1601 I am_wtf : [0,1504,system_server,-1,DisplayDeviceConfig,requesting nits when no mapping exists.]
11-16 03:37:04.491 1504 1601 I am_wtf : [0,1504,system_server,-1,DisplayDeviceConfig,requesting nits when no mapping exists.]
11-16 03:37:04.492 1504 1601 I am_wtf : [0,1504,system_server,-1,DisplayDeviceConfig,requesting nits when no mapping exists.]
11-16 03:37:04.508 1504 1601 I am_wtf : [0,1504,system_server,-1,DisplayDeviceConfig,requesting nits when no mapping exists.]
11-16 03:37:04.508 1504 1601 I am_wtf : [0,1504,system_server,-1,DisplayDeviceConfig,requesting nits when no mapping exists.]
11-16 03:37:04.525 1504 1601 I am_wtf : [0,1504,system_server,-1,DisplayDeviceConfig,requesting nits when no mapping exists.]
11-16 03:37:04.525 1504 1601 I am_wtf : [0,1504,system_server,-1,DisplayDeviceConfig,requesting nits when no mapping exists.]
11-16 03:37:04.541 1504 1601 I am_wtf : [0,1504,system_server,-1,DisplayDeviceConfig,requesting nits when no mapping exists.]
11-16 03:37:04.542 1504 1601 I am_wtf : [0,1504,system_server,-1,DisplayDeviceConfig,requesting nits when no mapping exists.]
11-16 03:37:04.558 1504 1601 I am_wtf : [0,1504,system_server,-1,DisplayDeviceConfig,requesting nits when no mapping exists.]
11-16 03:37:04.558 1504 1601 I am_wtf : [0,1504,system_server,-1,DisplayDeviceConfig,requesting nits when no mapping exists.]
11-16 03:37:04.574 1504 1601 I am_wtf : [0,1504,system_server,-1,DisplayDeviceConfig,requesting nits when no mapping exists.]
11-16 03:37:04.575 1504 1601 I am_wtf : [0,1504,system_server,-1,DisplayDeviceConfig,requesting nits when no mapping exists.]
11-16 03:37:04.591 1504 1601 I am_wtf : [0,1504,system_server,-1,DisplayDeviceConfig,requesting nits when no mapping exists.]
11-16 03:37:04.592 1504 1601 I am_wtf : [0,1504,system_server,-1,DisplayDeviceConfig,requesting nits when no mapping exists.]
