11-16 03:39:23.742 1504 1601 I am_wtf : [0,1504,system_server,-1,DisplayDeviceConfig,requesting nits when no mapping exists.]
11-16 03:39:23.760 1504 1601 I am_wtf : [0,1504,system_server,-1,DisplayDeviceConfig,requesting nits when no mapping exists.]
11-16 03:39:23.761 1504 1601 I am_wtf : [0,1504,system_server,-1,DisplayDeviceConfig,requesting nits when no mapping exists.]
11-16 03:39:23.775 1504 1601 I am_wtf : [0,1504,system_server,-1,DisplayDeviceConfig,requesting nits when no mapping exists.]
11-16 03:39:23.776 1504 1601 I am_wtf : [0,1504,system_server,-1,DisplayDeviceConfig,requesting nits when no mapping exists.]
11-16 03:39:23.794 1504 1601 I am_wtf : [0,1504,system_server,-1,DisplayDeviceConfig,requesting nits when no mapping exists.]
11-16 03:39:23.795 1504 1601 I am_wtf : [0,1504,system_server,-1,DisplayDeviceConfig,requesting nits when no mapping exists.]
11-16 03:39:23.812 1504 1601 I am_wtf : [0,1504,system_server,-1,DisplayDeviceConfig,requesting nits when no mapping exists.]
11-16 03:39:23.816 1504 1601 I am_wtf : [0,1504,system_server,-1,DisplayDeviceConfig,requesting nits when no mapping exists.]
11-16 03:39:23.833 1504 1601 I am_wtf : [0,1504,system_server,-1,DisplayDeviceConfig,requesting nits when no mapping exists.]
11-16 03:39:23.833 1504 1601 I am_wtf : [0,1504,system_server,-1,DisplayDeviceConfig,requesting nits when no mapping exists.]
11-16 03:39:23.845 1504 1601 I am_wtf : [0,1504,system_server,-1,DisplayDeviceConfig,requesting nits when no mapping exists.]
11-16 03:39:23.845 1504 1601 I service_manager_stats: [100,55,11950]
11-16 03:39:23.846 1504 1601 I am_wtf : [0,1504,system_server,-1,DisplayDeviceConfig,requesting nits when no mapping exists.]
11-16 03:39:23.863 1504 1601 I am_wtf : [0,1504,system_server,-1,DisplayDeviceConfig,requesting nits when no mapping exists.]
11-16 03:39:23.864 1504 1601 I am_wtf : [0,1504,system_server,-1,DisplayDeviceConfig,requesting nits when no mapping exists.]
11-16 03:39:23.875 1504 1601 I am_wtf : [0,1504,system_server,-1,DisplayDeviceConfig,requesting nits when no mapping exists.]
11-16 03:39:23.875 1504 1601 I am_wtf : [0,1504,system_server,-1,DisplayDeviceConfig,requesting nits when no mapping exists.]
11-16 03:39:23.893 1504 1601 I am_wtf : [0,1504,system_server,-1,DisplayDeviceConfig,requesting nits when no mapping exists.]
11-16 03:39:23.893 1504 1601 I am_wtf : [0,1504,system_server,-1,DisplayDeviceConfig,requesting nits when no mapping exists.]
11-16 03:39:23.911 1504 1601 I am_wtf : [0,1504,system_server,-1,DisplayDeviceConfig,requesting nits when no mapping exists.]
11-16 03:39:23.912 1504 1601 I am_wtf : [0,1504,system_server,-1,DisplayDeviceConfig,requesting nits when no mapping exists.]
11-16 03:39:23.927 1504 1601 I am_wtf : [0,1504,system_server,-1,DisplayDeviceConfig,requesting nits when no mapping exists.]
11-16 03:39:23.928 1504 1601 I am_wtf : [0,1504,system_server,-1,DisplayDeviceConfig,requesting nits when no mapping exists.]
11-16 03:39:23.944 1504 1601 I am_wtf : [0,1504,system_server,-1,DisplayDeviceConfig,requesting nits when no mapping exists.]
11-16 03:39:23.944 1504 1601 I am_wtf : [0,1504,system_server,-1,DisplayDeviceConfig,requesting nits when no mapping exists.]
11-16 03:39:23.959 1504 1601 I am_wtf : [0,1504,system_server,-1,DisplayDeviceConfig,requesting nits when no mapping exists.]
11-16 03:39:23.960 1504 1601 I am_wtf : [0,1504,system_server,-1,DisplayDeviceConfig,requesting nits when no mapping exists.]
11-16 03:39:23.977 1504 1601 I am_wtf : [0,1504,system_server,-1,DisplayDeviceConfig,requesting nits when no mapping exists.]
11-16 03:39:23.977 1504 1601 I am_wtf : [0,1504,system_server,-1,DisplayDeviceConfig,requesting nits when no mapping exists.]
11-16 03:39:23.994 1504 1601 I am_wtf : [0,1504,system_server,-1,DisplayDeviceConfig,requesting nits when no mapping exists.]
11-16 03:39:23.995 1504 1601 I am_wtf : [0,1504,system_server,-1,DisplayDeviceConfig,requesting nits when no mapping exists.]
11-16 03:39:24.010 1504 1601 I am_wtf : [0,1504,system_server,-1,DisplayDeviceConfig,requesting nits when no mapping exists.]
11-16 03:39:24.011 1504 1601 I am_wtf : [0,1504,system_server,-1,DisplayDeviceConfig,requesting nits when no mapping exists.]
11-16 03:39:24.026 1504 1601 I am_wtf : [0,1504,system_server,-1,DisplayDeviceConfig,requesting nits when no mapping exists.]
11-16 03:39:24.027 1504 1601 I am_wtf : [0,1504,system_server,-1,DisplayDeviceConfig,requesting nits when no mapping exists.]
11-16 03:39:24.044 1504 1601 I am_wtf : [0,1504,system_server,-1,DisplayDeviceConfig,requesting nits when no mapping exists.]
11-16 03:39:24.045 1504 1601 I am_wtf : [0,1504,system_server,-1,DisplayDeviceConfig,requesting nits when no mapping exists.]
11-16 03:39:24.062 1504 1601 I am_wtf : [0,1504,system_server,-1,DisplayDeviceConfig,requesting nits when no mapping exists.]
11-16 03:39:24.064 1504 1601 I am_wtf : [0,1504,system_server,-1,DisplayDeviceConfig,requesting nits when no mapping exists.]
11-16 03:39:24.064 1504 1571 I wm_stop_activity: [0,143607890,com.android.gallery3d/.app.GalleryActivity]
11-16 03:39:24.077 1504 1601 I am_wtf : [0,1504,system_server,-1,DisplayDeviceConfig,requesting nits when no mapping exists.]
11-16 03:39:24.083 1504 1601 I am_wtf : [0,1504,system_server,-1,DisplayDeviceConfig,requesting nits when no mapping exists.]
11-16 03:39:24.087 4718 4718 I wm_on_stop_called: [143607890,com.android.gallery3d.app.GalleryActivity,STOP_ACTIVITY_ITEM]
11-16 03:39:24.093 1504 1601 I am_wtf : [0,1504,system_server,-1,DisplayDeviceConfig,requesting nits when no mapping exists.]
11-16 03:39:24.097 1504 1601 I am_wtf : [0,1504,system_server,-1,DisplayDeviceConfig,requesting nits when no mapping exists.]
11-16 03:39:24.109 1504 1601 I am_wtf : [0,1504,system_server,-1,DisplayDeviceConfig,requesting nits when no mapping exists.]
11-16 03:39:24.110 1504 1601 I am_wtf : [0,1504,system_server,-1,DisplayDeviceConfig,requesting nits when no mapping exists.]
11-16 03:39:24.124 1504 1601 I am_wtf : [0,1504,system_server,-1,DisplayDeviceConfig,requesting nits when no mapping exists.]
11-16 03:39:24.125 1504 1601 I am_wtf : [0,1504,system_server,-1,DisplayDeviceConfig,requesting nits when no mapping exists.]
11-16 03:39:24.140 1504 1601 I am_wtf : [0,1504,system_server,-1,DisplayDeviceConfig,requesting nits when no mapping exists.]
11-16 03:39:24.141 1504 1601 I am_wtf : [0,1504,system_server,-1,DisplayDeviceConfig,requesting nits when no mapping exists.]
11-16 03:39:24.157 1504 1601 I am_wtf : [0,1504,system_server,-1,DisplayDeviceConfig,requesting nits when no mapping exists.]
11-16 03:39:24.159 1504 1601 I am_wtf : [0,1504,system_server,-1,DisplayDeviceConfig,requesting nits when no mapping exists.]
11-16 03:39:24.174 1504 1601 I am_wtf : [0,1504,system_server,-1,DisplayDeviceConfig,requesting nits when no mapping exists.]
11-16 03:39:24.176 1504 1601 I am_wtf : [0,1504,system_server,-1,DisplayDeviceConfig,requesting nits when no mapping exists.]
11-16 03:39:24.192 1504 1601 I am_wtf : [0,1504,system_server,-1,DisplayDeviceConfig,requesting nits when no mapping exists.]
11-16 03:39:24.193 1504 1601 I am_wtf : [0,1504,system_server,-1,DisplayDeviceConfig,requesting nits when no mapping exists.]
11-16 03:39:24.209 1504 1601 I am_wtf : [0,1504,system_server,-1,DisplayDeviceConfig,requesting nits when no mapping exists.]
11-16 03:39:24.210 1504 1601 I am_wtf : [0,1504,system_server,-1,DisplayDeviceConfig,requesting nits when no mapping exists.]
11-16 03:39:24.224 1504 1601 I am_wtf : [0,1504,system_server,-1,DisplayDeviceConfig,requesting nits when no mapping exists.]
11-16 03:39:24.225 1504 1601 I am_wtf : [0,1504,system_server,-1,DisplayDeviceConfig,requesting nits when no mapping exists.]
11-16 03:39:24.241 1504 1601 I am_wtf : [0,1504,system_server,-1,DisplayDeviceConfig,requesting nits when no mapping exists.]
11-16 03:39:24.242 1504 1601 I am_wtf : [0,1504,system_server,-1,DisplayDeviceConfig,requesting nits when no mapping exists.]
11-16 03:39:24.257 1504 1601 I am_wtf : [0,1504,system_server,-1,DisplayDeviceConfig,requesting nits when no mapping exists.]
11-16 03:39:24.259 1504 1601 I am_wtf : [0,1504,system_server,-1,DisplayDeviceConfig,requesting nits when no mapping exists.]
11-16 03:39:24.275 1504 1601 I am_wtf : [0,1504,system_server,-1,DisplayDeviceConfig,requesting nits when no mapping exists.]
11-16 03:39:24.276 1504 1601 I am_wtf : [0,1504,system_server,-1,DisplayDeviceConfig,requesting nits when no mapping exists.]
11-16 03:39:24.292 1504 1601 I am_wtf : [0,1504,system_server,-1,DisplayDeviceConfig,requesting nits when no mapping exists.]
11-16 03:39:24.293 1504 1601 I am_wtf : [0,1504,system_server,-1,DisplayDeviceConfig,requesting nits when no mapping exists.]
11-16 03:39:24.308 1504 1601 I am_wtf : [0,1504,system_server,-1,DisplayDeviceConfig,requesting nits when no mapping exists.]
11-16 03:39:24.309 1504 1601 I am_wtf : [0,1504,system_server,-1,DisplayDeviceConfig,requesting nits when no mapping exists.]
11-16 03:39:24.324 1504 1601 I am_wtf : [0,1504,system_server,-1,DisplayDeviceConfig,requesting nits when no mapping exists.]
11-16 03:39:24.325 1504 1601 I am_wtf : [0,1504,system_server,-1,DisplayDeviceConfig,requesting nits when no mapping exists.]
11-16 03:39:24.342 1504 1601 I am_wtf : [0,1504,system_server,-1,DisplayDeviceConfig,requesting nits when no mapping exists.]
11-16 03:39:24.342 1504 1601 I am_wtf : [0,1504,system_server,-1,DisplayDeviceConfig,requesting nits when no mapping exists.]
11-16 03:39:24.357 1504 1601 I am_wtf : [0,1504,system_server,-1,DisplayDeviceConfig,requesting nits when no mapping exists.]
11-16 03:39:24.358 1504 1601 I am_wtf : [0,1504,system_server,-1,DisplayDeviceConfig,requesting nits when no mapping exists.]
11-16 03:39:24.376 1504 1601 I am_wtf : [0,1504,system_server,-1,DisplayDeviceConfig,requesting nits when no mapping exists.]
11-16 03:39:24.377 1504 1601 I am_wtf : [0,1504,system_server,-1,DisplayDeviceConfig,requesting nits when no mapping exists.]
11-16 03:39:24.392 1504 1601 I am_wtf : [0,1504,system_server,-1,DisplayDeviceConfig,requesting nits when no mapping exists.]
11-16 03:39:24.393 1504 1601 I am_wtf : [0,1504,system_server,-1,DisplayDeviceConfig,requesting nits when no mapping exists.]
11-16 03:39:24.408 1504 1601 I am_wtf : [0,1504,system_server,-1,DisplayDeviceConfig,requesting nits when no mapping exists.]
11-16 03:39:24.410 1504 1601 I am_wtf : [0,1504,system_server,-1,DisplayDeviceConfig,requesting nits when no mapping exists.]
11-16 03:39:24.425 1504 1601 I am_wtf : [0,1504,system_server,-1,DisplayDeviceConfig,requesting nits when no mapping exists.]
11-16 03:39:24.426 1504 1601 I am_wtf : [0,1504,system_server,-1,DisplayDeviceConfig,requesting nits when no mapping exists.]
11-16 03:39:24.441 1504 1601 I am_wtf : [0,1504,system_server,-1,DisplayDeviceConfig,requesting nits when no mapping exists.]
11-16 03:39:24.442 1504 1601 I am_wtf : [0,1504,system_server,-1,DisplayDeviceConfig,requesting nits when no mapping exists.]
11-16 03:39:24.459 1504 1601 I am_wtf : [0,1504,system_server,-1,DisplayDeviceConfig,requesting nits when no mapping exists.]
11-16 03:39:24.461 1504 1601 I am_wtf : [0,1504,system_server,-1,DisplayDeviceConfig,requesting nits when no mapping exists.]
11-16 03:39:24.475 1504 1601 I am_wtf : [0,1504,system_server,-1,DisplayDeviceConfig,requesting nits when no mapping exists.]
11-16 03:39:24.477 1504 1601 I am_wtf : [0,1504,system_server,-1,DisplayDeviceConfig,requesting nits when no mapping exists.]
11-16 03:39:24.493 1504 1601 I am_wtf : [0,1504,system_server,-1,DisplayDeviceConfig,requesting nits when no mapping exists.]
11-16 03:39:24.494 1504 1601 I am_wtf : [0,1504,system_server,-1,DisplayDeviceConfig,requesting nits when no mapping exists.]
11-16 03:39:24.512 1504 1601 I am_wtf : [0,1504,system_server,-1,DisplayDeviceConfig,requesting nits when no mapping exists.]
11-16 03:39:24.513 1504 1601 I am_wtf : [0,1504,system_server,-1,DisplayDeviceConfig,requesting nits when no mapping exists.]
11-16 03:40:24.066 1504 1601 I am_uid_idle: 10064
11-16 03:40:30.119 1504 1601 I am_uid_idle: 10066
11-16 03:42:56.460 1504 1682 I input_interaction: Interaction with: c2863c2 com.thundercomm.screensaver/android.service.dreams.DreamActivity (server), edge-swipe (server), swipe-up (server), PointerEventDispatcher0 (server),
11-16 03:42:56.462 1504 4717 I wm_finish_activity: [0,217780586,289,com.thundercomm.screensaver/android.service.dreams.DreamActivity,finish-activity]
11-16 03:42:56.462 1504 4717 I wm_task_moved: [288,1,6]
11-16 03:42:56.462 1504 4717 I wm_task_to_front: [0,288]
11-16 03:42:56.463 1504 4717 I wm_focused_root_task: [0,0,288,289,finish-top adjustFocusToNextFocusableTask]
11-16 03:42:56.465 1504 4717 I wm_pause_activity: [0,217780586,com.thundercomm.screensaver/android.service.dreams.DreamActivity,userLeaving=false,finish]
11-16 03:42:56.471 1504 1571 I sysui_multi_action: [757,803,799,window_time_0,802,212]
11-16 03:42:56.471 4192 4192 I wm_on_top_resumed_lost_called: [217780586,android.service.dreams.DreamActivity,topStateChangedWhenResumed]
11-16 03:42:56.472 4192 4192 I wm_on_paused_called: [217780586,android.service.dreams.DreamActivity,performPause]
11-16 03:42:56.473 1504 3120 I wm_add_to_stopping: [0,217780586,com.thundercomm.screensaver/android.service.dreams.DreamActivity,completeFinishing]
11-16 03:42:56.476 1504 3120 I wm_set_resumed_activity: [0,com.android.gallery3d/.app.GalleryActivity,resumeTopActivityInnerLocked]
11-16 03:42:56.478 1504 3120 I wm_resume_activity: [0,143607890,288,com.android.gallery3d/.app.GalleryActivity]
11-16 03:42:56.483 1504 1571 I am_uid_active: 10064
11-16 03:42:56.485 1504 1571 I sysui_multi_action: [757,803,799,window_time_0,802,0]
11-16 03:42:56.500 1504 1504 I am_uid_active: 10066
11-16 03:42:56.503 4192 4192 I view_enqueue_input_event: [Motion - Cancel,com.thundercomm.screensaver/android.service.dreams.DreamActivity]
11-16 03:42:56.504 1504 1682 I input_focus: [Focus leaving c2863c2 com.thundercomm.screensaver/android.service.dreams.DreamActivity (server),reason=NO_WINDOW]
11-16 03:42:56.506 4718 4718 I wm_on_restart_called: [143607890,com.android.gallery3d.app.GalleryActivity,performRestartActivity]
11-16 03:42:56.507 4718 4718 I wm_on_start_called: [143607890,com.android.gallery3d.app.GalleryActivity,handleStartActivity]
11-16 03:42:56.511 4718 4718 I wm_on_resume_called: [143607890,com.android.gallery3d.app.GalleryActivity,RESUME_ACTIVITY]
11-16 03:42:56.511 4718 4718 I wm_on_top_resumed_gained_called: [143607890,com.android.gallery3d.app.GalleryActivity,topWhenResuming]
11-16 03:42:56.530 1504 1572 I input_focus: [Focus request 9378914 com.android.gallery3d/com.android.gallery3d.app.GalleryActivity,reason=UpdateInputWindows]
11-16 03:42:56.570 1504 1682 I input_focus: [Focus entering 9378914 com.android.gallery3d/com.android.gallery3d.app.GalleryActivity (server),reason=Window became focusable. Previous reason: NOT_VISIBLE]
11-16 03:42:56.994 1504 1682 I input_interaction: Interaction with: 9378914 com.android.gallery3d/com.android.gallery3d.app.GalleryActivity (server), edge-swipe (server), swipe-up (server), PointerEventDispatcher0 (server),
11-16 03:42:57.005 1504 4303 I wm_task_moved: [280,0,0]
11-16 03:42:57.006 1504 4303 I wm_task_moved: [280,0,5]
11-16 03:42:57.017 2496 2496 I wm_on_restart_called: [50203839,com.android.launcher3.uioverrides.QuickstepLauncher,performRestartActivity]
11-16 03:42:57.042 2496 2496 I wm_on_start_called: [50203839,com.android.launcher3.uioverrides.QuickstepLauncher,handleStartActivity]
11-16 03:42:57.044 4718 4718 I view_enqueue_input_event: [Motion - Cancel,com.android.gallery3d/com.android.gallery3d.app.GalleryActivity]
11-16 03:42:57.046 1504 1572 I input_focus: [Focus request recents_animation_input_consumer,reason=UpdateInputWindows]
11-16 03:42:57.050 1504 1682 I input_interaction: Interaction with: edge-swipe (server), swipe-up (server), PointerEventDispatcher0 (server),
11-16 03:42:57.053 2496 2496 I sysui_latency: [1,59]
11-16 03:42:57.055 1504 1682 I input_focus: [Focus leaving 9378914 com.android.gallery3d/com.android.gallery3d.app.GalleryActivity (server),reason=NOT_FOCUSABLE]
11-16 03:42:57.055 1504 1682 I input_focus: [Focus entering recents_animation_input_consumer (server),reason=setFocusedWindow]
11-16 03:42:57.073 1504 1571 I wm_destroy_activity: [0,217780586,289,com.thundercomm.screensaver/android.service.dreams.DreamActivity,finish-imm:idle]
11-16 03:42:57.074 1504 1568 I sysui_multi_action: [319,9,322,59,325,1166,757,761,758,9,759,5,806,com.android.launcher3,871,com.android.launcher3.uioverrides.QuickstepLauncher,904,com.android.launcher3,905,0,1320,8,1321,5]
11-16 03:42:57.095 4192 4192 I wm_on_stop_called: [217780586,android.service.dreams.DreamActivity,LIFECYCLER_STOP_ACTIVITY]
11-16 03:42:57.098 4192 4192 I wm_on_destroy_called: [217780586,android.service.dreams.DreamActivity,performDestroy]
11-16 03:42:57.101 1504 1568 I sysui_multi_action: [757,222,758,2]
11-16 03:42:57.101 1504 1568 I sysui_multi_action: [757,804,799,dreaming_minutes,801,3,802,1]
11-16 03:42:57.118 1504 3120 I wm_task_removed: [289,removeChild:removeChild last r=ActivityRecord{cfb116a u0 com.thundercomm.screensaver/android.service.dreams.DreamActivity t-1 f}} in t=Task{eb9c9c3 #289 type=dream A=10051:android:com.thundercomm.screensaver/dream U=0 visible=false mode=fullscreen translucent=true sz=0}]
11-16 03:42:57.118 1504 3120 I wm_task_removed: [289,removeChild]
11-16 03:42:57.246 1504 1666 I commit_sys_config_file: [settings-1-0,3]
11-16 03:42:57.365 1504 1598 I sysui_latency: [8,63]
11-16 03:42:57.648 1504 1682 I input_interaction: Interaction with: recents_animation_input_consumer (server), edge-swipe (server), swipe-up (server), PointerEventDispatcher0 (server),
11-16 03:42:57.695 1504 1682 I input_interaction: Interaction with: edge-swipe (server), swipe-up (server), PointerEventDispatcher0 (server),
11-16 03:42:57.699 1504 4303 I wm_task_moved: [280,1,6]
11-16 03:42:57.699 1504 4303 I wm_task_moved: [281,1,2147483647]
11-16 03:42:57.699 1504 4303 I wm_task_to_front: [0,281]
11-16 03:42:57.699 4718 4718 I wm_on_top_resumed_lost_called: [143607890,com.android.gallery3d.app.GalleryActivity,topStateChangedWhenResumed]
11-16 03:42:57.699 1504 4303 I wm_focused_root_task: [0,0,280,288,RecentsAnimation.onAnimationFinished()]
11-16 03:42:57.700 1504 4303 I wm_set_resumed_activity: [0,com.android.launcher3/.uioverrides.QuickstepLauncher,RecentsAnimation.onAnimationFinished()]
11-16 03:42:57.701 1504 4303 I wm_pause_activity: [0,143607890,com.android.gallery3d/.app.GalleryActivity,userLeaving=true,pauseBackTasks]
11-16 03:42:57.702 1504 4303 I wm_add_to_stopping: [0,143607890,com.android.gallery3d/.app.GalleryActivity,makeInvisible]
11-16 03:42:57.702 1504 4303 I wm_set_resumed_activity: [0,com.android.launcher3/.uioverrides.QuickstepLauncher,resumeTopActivityInnerLocked]
11-16 03:42:57.703 1504 4303 I wm_resume_activity: [0,50203839,281,com.android.launcher3/.uioverrides.QuickstepLauncher]
11-16 03:42:57.706 2496 2496 I wm_on_resume_called: [50203839,com.android.launcher3.uioverrides.QuickstepLauncher,RESUME_ACTIVITY]
11-16 03:42:57.710 1504 1572 I input_focus: [Focus request e1de84c com.android.launcher3/com.android.launcher3.uioverrides.QuickstepLauncher,reason=UpdateInputWindows]
11-16 03:42:57.715 4718 4718 I wm_on_paused_called: [143607890,com.android.gallery3d.app.GalleryActivity,performPause]
11-16 03:42:57.725 1504 1682 I input_focus: [Focus leaving recents_animation_input_consumer (server),reason=NOT_VISIBLE]
11-16 03:42:57.725 1504 1682 I input_focus: [Focus entering e1de84c com.android.launcher3/com.android.launcher3.uioverrides.QuickstepLauncher (server),reason=setFocusedWindow]
11-16 03:42:57.728 2496 2496 I wm_on_top_resumed_gained_called: [50203839,com.android.launcher3.uioverrides.QuickstepLauncher,topStateChangedWhenResumed]
11-16 03:42:57.735 1504 1571 I wm_stop_activity: [0,143607890,com.android.gallery3d/.app.GalleryActivity]
11-16 03:42:57.736 1504 1571 I sysui_multi_action: [757,803,799,window_time_0,802,2]
11-16 03:42:57.739 1504 1571 I sysui_multi_action: [757,803,799,window_time_0,802,0]
11-16 03:42:57.749 4718 4718 I wm_on_stop_called: [143607890,com.android.gallery3d.app.GalleryActivity,STOP_ACTIVITY_ITEM]
11-16 03:42:57.888 1504 1666 I commit_sys_config_file: [settings-1-0,4]
11-16 03:42:58.257 1504 3120 I wm_task_moved: [280,1,6]
11-16 03:42:58.258 1504 3120 I wm_set_resumed_activity: [0,com.android.launcher3/.uioverrides.QuickstepLauncher,positionChildAt]
11-16 03:42:58.259 1504 3120 I wm_task_moved: [288,1,6]
11-16 03:42:58.259 1504 3120 I wm_task_to_front: [0,288]
11-16 03:42:58.261 1504 3120 I wm_focused_root_task: [0,0,288,280,moveTaskToFront findTaskToMoveToFront]
11-16 03:42:58.262 2496 2496 I wm_on_top_resumed_lost_called: [50203839,com.android.launcher3.uioverrides.QuickstepLauncher,topStateChangedWhenResumed]
11-16 03:42:58.262 1504 3120 I wm_set_resumed_activity: [0,com.android.gallery3d/.app.GalleryActivity,moveTaskToFront findTaskToMoveToFront]
11-16 03:42:58.264 1504 3120 I wm_pause_activity: [0,50203839,com.android.launcher3/.uioverrides.QuickstepLauncher,userLeaving=true,pauseBackTasks]
11-16 03:42:58.279 2496 2496 I wm_on_paused_called: [50203839,com.android.launcher3.uioverrides.QuickstepLauncher,performPause]
11-16 03:42:58.290 1504 2099 I wm_set_resumed_activity: [0,com.android.gallery3d/.app.GalleryActivity,resumeTopActivityInnerLocked]
11-16 03:42:58.290 1504 2099 I wm_add_to_stopping: [0,50203839,com.android.launcher3/.uioverrides.QuickstepLauncher,makeInvisible]
11-16 03:42:58.293 1504 2099 I wm_resume_activity: [0,143607890,288,com.android.gallery3d/.app.GalleryActivity]
11-16 03:42:58.322 1504 1571 I wm_stop_activity: [0,50203839,com.android.launcher3/.uioverrides.QuickstepLauncher]
11-16 03:42:58.323 1504 1571 I sysui_multi_action: [757,803,799,window_time_0,802,0]
11-16 03:42:58.334 1504 1682 I input_focus: [Focus leaving e1de84c com.android.launcher3/com.android.launcher3.uioverrides.QuickstepLauncher (server),reason=NO_WINDOW]
11-16 03:42:58.336 4718 4718 I wm_on_restart_called: [143607890,com.android.gallery3d.app.GalleryActivity,performRestartActivity]
11-16 03:42:58.337 4718 4718 I wm_on_start_called: [143607890,com.android.gallery3d.app.GalleryActivity,handleStartActivity]
11-16 03:42:58.339 4718 4718 I wm_on_resume_called: [143607890,com.android.gallery3d.app.GalleryActivity,RESUME_ACTIVITY]
11-16 03:42:58.339 4718 4718 I wm_on_top_resumed_gained_called: [143607890,com.android.gallery3d.app.GalleryActivity,topWhenResuming]
11-16 03:42:58.346 1504 1572 I input_focus: [Focus request 9378914 com.android.gallery3d/com.android.gallery3d.app.GalleryActivity,reason=UpdateInputWindows]
11-16 03:42:58.351 1504 1504 I notification_enqueue: [10081,1968,com.android.systemui,2048,NULL,0,Notification(channel=updateNotification shortcut=null contentView=null vibrate=null sound=null defaults=0x0 flags=0x0 color=0x00000000 vis=PRIVATE),1]
11-16 03:42:58.353 1968 1968 I sysui_multi_action: [757,111,758,2]
11-16 03:42:58.354 1968 1968 I sysui_multi_action: [757,111,758,2]
11-16 03:42:58.365 2496 2496 I wm_on_stop_called: [50203839,com.android.launcher3.uioverrides.QuickstepLauncher,STOP_ACTIVITY_ITEM]
11-16 03:42:58.371 1504 1568 I sysui_multi_action: [319,56,321,54,322,111,325,1167,757,761,758,9,759,4,806,com.android.gallery3d,871,com.android.gallery3d.app.GalleryActivity,904,com.android.launcher3,905,0,1320,4,1321,1]
11-16 03:42:58.372 1968 1968 I sysui_multi_action: [757,111,758,1]
11-16 03:42:58.372 1968 1968 I sysui_multi_action: [757,126,758,1,759,126,927,0,928,0,1593,0]
11-16 03:42:58.373 1968 1968 I sysui_multi_action: [757,113,758,1,759,113,927,1,928,1,1593,0]
11-16 03:42:58.373 1968 1968 I sysui_multi_action: [757,0,758,1,759,0,927,2,928,0,1593,0]
11-16 03:42:58.373 1968 1968 I sysui_multi_action: [757,0,758,1,759,0,927,3,928,0,1593,0]
11-16 03:42:58.374 1968 1968 I sysui_multi_action: [757,491,758,1,759,491,927,4,928,0,1311,-1,1593,0]
11-16 03:42:58.374 1968 1968 I sysui_multi_action: [757,0,758,1,759,0,927,5,928,0,1593,0]
11-16 03:42:58.374 1968 1968 I sysui_multi_action: [757,111,758,1]
11-16 03:42:58.375 1968 1968 I sysui_multi_action: [757,126,758,1,759,126,927,0,928,0,1593,0]
11-16 03:42:58.375 1968 1968 I sysui_multi_action: [757,113,758,1,759,113,927,1,928,1,1593,0]
11-16 03:42:58.375 1968 1968 I sysui_multi_action: [757,0,758,1,759,0,927,2,928,0,1593,0]
11-16 03:42:58.376 1968 1968 I sysui_multi_action: [757,0,758,1,759,0,927,3,928,0,1593,0]
11-16 03:42:58.377 1504 1682 I input_focus: [Focus entering 9378914 com.android.gallery3d/com.android.gallery3d.app.GalleryActivity (server),reason=Window became focusable. Previous reason: NOT_VISIBLE]
11-16 03:42:58.457 1504 1682 I input_interaction: Interaction with: 9378914 com.android.gallery3d/com.android.gallery3d.app.GalleryActivity (server), edge-swipe (server), swipe-up (server), PointerEventDispatcher0 (server),
11-16 03:42:58.465 1504 2099 I wm_task_moved: [280,0,0]
11-16 03:42:58.466 1504 2099 I wm_task_moved: [280,0,5]
11-16 03:42:58.473 2496 2496 I wm_on_restart_called: [50203839,com.android.launcher3.uioverrides.QuickstepLauncher,performRestartActivity]
11-16 03:42:58.486 2496 2496 I wm_on_start_called: [50203839,com.android.launcher3.uioverrides.QuickstepLauncher,handleStartActivity]
11-16 03:42:58.506 4718 4718 I view_enqueue_input_event: [Motion - Cancel,com.android.gallery3d/com.android.gallery3d.app.GalleryActivity]
11-16 03:42:58.506 2496 2496 I sysui_latency: [1,45]
11-16 03:42:58.512 1504 1682 I input_interaction: Interaction with: edge-swipe (server), swipe-up (server), PointerEventDispatcher0 (server),
11-16 03:42:58.517 1504 1572 I input_focus: [Focus request recents_animation_input_consumer,reason=UpdateInputWindows]
11-16 03:42:58.520 1504 1568 I sysui_multi_action: [319,14,322,47,325,1167,757,761,758,9,759,5,806,com.android.launcher3,871,com.android.launcher3.uioverrides.QuickstepLauncher,904,com.android.launcher3,905,0,1320,8,1321,5]
11-16 03:42:58.542 1504 1682 I input_focus: [Focus leaving 9378914 com.android.gallery3d/com.android.gallery3d.app.GalleryActivity (server),reason=NOT_FOCUSABLE]
11-16 03:42:58.542 1504 1682 I input_focus: [Focus entering recents_animation_input_consumer (server),reason=setFocusedWindow]
11-16 03:42:58.554 1504 1504 I sysui_multi_action: [757,1501,758,1,793,1146890,794,0,795,206,796,2048,806,com.android.systemui,857,updateNotification,858,3,947,0,1500,0,1688,1]
11-16 03:42:58.555 1504 1504 I sysui_multi_action: [757,804,799,note_interruptive,801,0,802,1]
11-16 03:42:58.555 1504 1504 I sysui_multi_action: [757,199,758,1,759,2,793,1146891,794,0,795,207,796,2048,806,com.android.systemui,857,updateNotification,858,3,947,0,1500,1,1688,1]
11-16 03:42:58.555 1504 1504 I notification_alert: [0|com.android.systemui|2048|null|10081,0,1,0]
11-16 03:42:58.589 1504 1666 I commit_sys_config_file: [settings-1-0,31]
11-16 03:42:58.776 1504 1666 I commit_sys_config_file: [settings-1-0,5]
11-16 03:42:58.815 1504 1598 I sysui_latency: [8,51]
11-16 03:42:59.150 1504 1682 I input_interaction: Interaction with: recents_animation_input_consumer (server), edge-swipe (server), swipe-up (server), PointerEventDispatcher0 (server),
11-16 03:42:59.201 1504 2504 I wm_task_moved: [280,1,6]
11-16 03:42:59.207 4718 4718 I wm_on_top_resumed_lost_called: [143607890,com.android.gallery3d.app.GalleryActivity,topStateChangedWhenResumed]
11-16 03:42:59.207 1504 2504 I wm_task_moved: [281,1,2147483647]
11-16 03:42:59.207 1504 2504 I wm_task_to_front: [0,281]
11-16 03:42:59.208 1504 2504 I wm_focused_root_task: [0,0,280,288,RecentsAnimation.onAnimationFinished()]
11-16 03:42:59.209 1504 2504 I wm_set_resumed_activity: [0,com.android.launcher3/.uioverrides.QuickstepLauncher,RecentsAnimation.onAnimationFinished()]
11-16 03:42:59.211 1504 2504 I wm_pause_activity: [0,143607890,com.android.gallery3d/.app.GalleryActivity,userLeaving=true,pauseBackTasks]
11-16 03:42:59.213 1504 2504 I wm_add_to_stopping: [0,143607890,com.android.gallery3d/.app.GalleryActivity,makeInvisible]
11-16 03:42:59.214 1504 2504 I wm_set_resumed_activity: [0,com.android.launcher3/.uioverrides.QuickstepLauncher,resumeTopActivityInnerLocked]
11-16 03:42:59.216 1504 2504 I wm_resume_activity: [0,50203839,281,com.android.launcher3/.uioverrides.QuickstepLauncher]
11-16 03:42:59.222 2496 2496 I wm_on_resume_called: [50203839,com.android.launcher3.uioverrides.QuickstepLauncher,RESUME_ACTIVITY]
11-16 03:42:59.232 1504 1572 I input_focus: [Focus request e1de84c com.android.launcher3/com.android.launcher3.uioverrides.QuickstepLauncher,reason=UpdateInputWindows]
11-16 03:42:59.235 4718 4718 I wm_on_paused_called: [143607890,com.android.gallery3d.app.GalleryActivity,performPause]
11-16 03:42:59.242 1504 1571 I wm_stop_activity: [0,143607890,com.android.gallery3d/.app.GalleryActivity]
11-16 03:42:59.243 2496 2496 I wm_on_top_resumed_gained_called: [50203839,com.android.launcher3.uioverrides.QuickstepLauncher,topStateChangedWhenResumed]
11-16 03:42:59.244 1504 1682 I input_focus: [Focus leaving recents_animation_input_consumer (server),reason=NOT_VISIBLE]
11-16 03:42:59.245 1504 1682 I input_focus: [Focus entering e1de84c com.android.launcher3/com.android.launcher3.uioverrides.QuickstepLauncher (server),reason=setFocusedWindow]
11-16 03:42:59.249 1504 1571 I sysui_multi_action: [757,803,799,window_time_0,802,1]
11-16 03:42:59.255 1504 1571 I sysui_multi_action: [757,803,799,window_time_0,802,0]
11-16 03:42:59.275 4718 4718 I wm_on_stop_called: [143607890,com.android.gallery3d.app.GalleryActivity,STOP_ACTIVITY_ITEM]
11-16 03:42:59.772 1504 1682 I input_interaction: Interaction with: e1de84c com.android.launcher3/com.android.launcher3.uioverrides.QuickstepLauncher (server), c74be60 com.android.systemui.ImageWallpaper (server), edge-swipe (server), swipe-up (server), PointerEventDispatcher0 (server),
11-16 03:43:00.490 1504 1504 I service_manager_stats: [100,60,216644]
11-16 03:43:01.035 2496 2496 I view_enqueue_input_event: [Motion - Cancel,com.android.launcher3/com.android.launcher3.uioverrides.QuickstepLauncher]
11-16 03:43:01.040 1504 1682 I input_interaction: Interaction with: edge-swipe (server), swipe-up (server), PointerEventDispatcher0 (server),
11-16 03:43:01.207 1504 1666 I commit_sys_config_file: [settings-1-0,10]
11-16 03:43:01.704 1504 1666 I commit_sys_config_file: [settings-1-0,6]
11-16 03:43:01.855 1504 1682 I input_interaction: Interaction with: e1de84c com.android.launcher3/com.android.launcher3.uioverrides.QuickstepLauncher (server), c74be60 com.android.systemui.ImageWallpaper (server), edge-swipe (server), swipe-up (server), PointerEventDispatcher0 (server),
11-16 03:43:01.904 2496 2496 I view_enqueue_input_event: [Motion - Cancel,com.android.launcher3/com.android.launcher3.uioverrides.QuickstepLauncher]
11-16 03:43:01.905 1504 1682 I input_interaction: Interaction with: edge-swipe (server), swipe-up (server), PointerEventDispatcher0 (server),
11-16 03:43:02.090 1504 1666 I commit_sys_config_file: [settings-1-0,6]
11-16 03:43:02.540 1504 1666 I commit_sys_config_file: [settings-1-0,8]
11-16 03:43:03.481 1504 1682 I input_interaction: Interaction with: e1de84c com.android.launcher3/com.android.launcher3.uioverrides.QuickstepLauncher (server), c74be60 com.android.systemui.ImageWallpaper (server), edge-swipe (server), swipe-up (server), PointerEventDispatcher0 (server),
11-16 03:43:56.610 1504 1620 I sysui_multi_action: [757,1696,758,6,759,2]
11-16 03:43:56.614 1504 1601 I am_wtf : [0,1504,system_server,-1,DisplayDeviceConfig,requesting nits when no mapping exists.]
11-16 03:43:56.617 1504 1601 I am_wtf : [0,1504,system_server,-1,DisplayDeviceConfig,requesting nits when no mapping exists.]
11-16 03:43:56.629 1504 1601 I am_wtf : [0,1504,system_server,-1,DisplayDeviceConfig,requesting nits when no mapping exists.]
11-16 03:43:56.631 1504 1601 I am_wtf : [0,1504,system_server,-1,DisplayDeviceConfig,requesting nits when no mapping exists.]
11-16 03:43:56.646 1504 1601 I am_wtf : [0,1504,system_server,-1,DisplayDeviceConfig,requesting nits when no mapping exists.]
11-16 03:43:56.647 1504 1601 I am_wtf : [0,1504,system_server,-1,DisplayDeviceConfig,requesting nits when no mapping exists.]
11-16 03:43:56.661 1504 1601 I am_wtf : [0,1504,system_server,-1,DisplayDeviceConfig,requesting nits when no mapping exists.]
11-16 03:43:56.662 1504 1601 I am_wtf : [0,1504,system_server,-1,DisplayDeviceConfig,requesting nits when no mapping exists.]
11-16 03:43:56.678 1504 1601 I am_wtf : [0,1504,system_server,-1,DisplayDeviceConfig,requesting nits when no mapping exists.]
11-16 03:43:56.679 1504 1601 I am_wtf : [0,1504,system_server,-1,DisplayDeviceConfig,requesting nits when no mapping exists.]
11-16 03:43:56.695 1504 1601 I am_wtf : [0,1504,system_server,-1,DisplayDeviceConfig,requesting nits when no mapping exists.]
11-16 03:43:56.696 1504 1601 I am_wtf : [0,1504,system_server,-1,DisplayDeviceConfig,requesting nits when no mapping exists.]
11-16 03:43:56.712 1504 1601 I am_wtf : [0,1504,system_server,-1,DisplayDeviceConfig,requesting nits when no mapping exists.]
11-16 03:43:56.713 1504 1601 I am_wtf : [0,1504,system_server,-1,DisplayDeviceConfig,requesting nits when no mapping exists.]
11-16 03:43:56.729 1504 1601 I am_wtf : [0,1504,system_server,-1,DisplayDeviceConfig,requesting nits when no mapping exists.]
11-16 03:43:56.730 1504 1601 I am_wtf : [0,1504,system_server,-1,DisplayDeviceConfig,requesting nits when no mapping exists.]
11-16 03:43:56.745 1504 1601 I am_wtf : [0,1504,system_server,-1,DisplayDeviceConfig,requesting nits when no mapping exists.]
11-16 03:43:56.746 1504 1601 I am_wtf : [0,1504,system_server,-1,DisplayDeviceConfig,requesting nits when no mapping exists.]
11-16 03:43:56.762 1504 1601 I am_wtf : [0,1504,system_server,-1,DisplayDeviceConfig,requesting nits when no mapping exists.]
11-16 03:43:56.763 1504 1601 I am_wtf : [0,1504,system_server,-1,DisplayDeviceConfig,requesting nits when no mapping exists.]
11-16 03:43:56.779 1504 1601 I am_wtf : [0,1504,system_server,-1,DisplayDeviceConfig,requesting nits when no mapping exists.]
11-16 03:43:56.780 1504 1601 I am_wtf : [0,1504,system_server,-1,DisplayDeviceConfig,requesting nits when no mapping exists.]
11-16 03:43:56.795 1504 1601 I am_wtf : [0,1504,system_server,-1,DisplayDeviceConfig,requesting nits when no mapping exists.]
11-16 03:43:56.796 1504 1601 I am_wtf : [0,1504,system_server,-1,DisplayDeviceConfig,requesting nits when no mapping exists.]
11-16 03:43:56.812 1504 1601 I am_wtf : [0,1504,system_server,-1,DisplayDeviceConfig,requesting nits when no mapping exists.]
11-16 03:43:56.813 1504 1601 I am_wtf : [0,1504,system_server,-1,DisplayDeviceConfig,requesting nits when no mapping exists.]
11-16 03:43:56.828 1504 1601 I am_wtf : [0,1504,system_server,-1,DisplayDeviceConfig,requesting nits when no mapping exists.]
11-16 03:43:56.829 1504 1601 I am_wtf : [0,1504,system_server,-1,DisplayDeviceConfig,requesting nits when no mapping exists.]
11-16 03:43:56.845 1504 1601 I am_wtf : [0,1504,system_server,-1,DisplayDeviceConfig,requesting nits when no mapping exists.]
11-16 03:43:56.846 1504 1601 I am_wtf : [0,1504,system_server,-1,DisplayDeviceConfig,requesting nits when no mapping exists.]
11-16 03:43:56.862 1504 1601 I am_wtf : [0,1504,system_server,-1,DisplayDeviceConfig,requesting nits when no mapping exists.]
11-16 03:43:56.863 1504 1601 I am_wtf : [0,1504,system_server,-1,DisplayDeviceConfig,requesting nits when no mapping exists.]
11-16 03:43:56.879 1504 1601 I am_wtf : [0,1504,system_server,-1,DisplayDeviceConfig,requesting nits when no mapping exists.]
11-16 03:43:56.880 1504 1601 I am_wtf : [0,1504,system_server,-1,DisplayDeviceConfig,requesting nits when no mapping exists.]
11-16 03:43:56.896 1504 1601 I am_wtf : [0,1504,system_server,-1,DisplayDeviceConfig,requesting nits when no mapping exists.]
11-16 03:43:56.897 1504 1601 I am_wtf : [0,1504,system_server,-1,DisplayDeviceConfig,requesting nits when no mapping exists.]
11-16 03:43:56.913 1504 1601 I am_wtf : [0,1504,system_server,-1,DisplayDeviceConfig,requesting nits when no mapping exists.]
11-16 03:43:56.914 1504 1601 I am_wtf : [0,1504,system_server,-1,DisplayDeviceConfig,requesting nits when no mapping exists.]
11-16 03:43:56.928 1504 1601 I am_wtf : [0,1504,system_server,-1,DisplayDeviceConfig,requesting nits when no mapping exists.]
11-16 03:43:56.929 1504 1601 I am_wtf : [0,1504,system_server,-1,DisplayDeviceConfig,requesting nits when no mapping exists.]
11-16 03:43:56.945 1504 1601 I am_wtf : [0,1504,system_server,-1,DisplayDeviceConfig,requesting nits when no mapping exists.]
11-16 03:43:56.946 1504 1601 I am_wtf : [0,1504,system_server,-1,DisplayDeviceConfig,requesting nits when no mapping exists.]
11-16 03:43:56.962 1504 1601 I am_wtf : [0,1504,system_server,-1,DisplayDeviceConfig,requesting nits when no mapping exists.]
11-16 03:43:56.963 1504 1601 I am_wtf : [0,1504,system_server,-1,DisplayDeviceConfig,requesting nits when no mapping exists.]
11-16 03:43:56.979 1504 1601 I am_wtf : [0,1504,system_server,-1,DisplayDeviceConfig,requesting nits when no mapping exists.]
11-16 03:43:56.980 1504 1601 I am_wtf : [0,1504,system_server,-1,DisplayDeviceConfig,requesting nits when no mapping exists.]
11-16 03:43:56.996 1504 1601 I am_wtf : [0,1504,system_server,-1,DisplayDeviceConfig,requesting nits when no mapping exists.]
11-16 03:43:56.997 1504 1601 I am_wtf : [0,1504,system_server,-1,DisplayDeviceConfig,requesting nits when no mapping exists.]
11-16 03:43:57.012 1504 1601 I am_wtf : [0,1504,system_server,-1,DisplayDeviceConfig,requesting nits when no mapping exists.]
11-16 03:43:57.013 1504 1601 I am_wtf : [0,1504,system_server,-1,DisplayDeviceConfig,requesting nits when no mapping exists.]
11-16 03:43:57.029 1504 1601 I am_wtf : [0,1504,system_server,-1,DisplayDeviceConfig,requesting nits when no mapping exists.]
11-16 03:43:57.029 1504 1601 I am_wtf : [0,1504,system_server,-1,DisplayDeviceConfig,requesting nits when no mapping exists.]
11-16 03:43:57.046 1504 1601 I am_wtf : [0,1504,system_server,-1,DisplayDeviceConfig,requesting nits when no mapping exists.]
11-16 03:43:57.046 1504 1601 I am_wtf : [0,1504,system_server,-1,DisplayDeviceConfig,requesting nits when no mapping exists.]
11-16 03:43:57.062 1504 1601 I am_wtf : [0,1504,system_server,-1,DisplayDeviceConfig,requesting nits when no mapping exists.]
11-16 03:43:57.063 1504 1601 I am_wtf : [0,1504,system_server,-1,DisplayDeviceConfig,requesting nits when no mapping exists.]
11-16 03:43:57.079 1504 1601 I am_wtf : [0,1504,system_server,-1,DisplayDeviceConfig,requesting nits when no mapping exists.]
11-16 03:43:57.080 1504 1601 I am_wtf : [0,1504,system_server,-1,DisplayDeviceConfig,requesting nits when no mapping exists.]
11-16 03:43:57.096 1504 1601 I am_wtf : [0,1504,system_server,-1,DisplayDeviceConfig,requesting nits when no mapping exists.]
11-16 03:43:57.097 1504 1601 I am_wtf : [0,1504,system_server,-1,DisplayDeviceConfig,requesting nits when no mapping exists.]
11-16 03:43:57.107 1504 1601 I am_uid_idle: 10051
11-16 03:43:57.112 1504 1601 I am_wtf : [0,1504,system_server,-1,DisplayDeviceConfig,requesting nits when no mapping exists.]
11-16 03:43:57.113 1504 1601 I am_wtf : [0,1504,system_server,-1,DisplayDeviceConfig,requesting nits when no mapping exists.]
11-16 03:43:57.129 1504 1601 I am_wtf : [0,1504,system_server,-1,DisplayDeviceConfig,requesting nits when no mapping exists.]
11-16 03:43:57.130 1504 1601 I am_wtf : [0,1504,system_server,-1,DisplayDeviceConfig,requesting nits when no mapping exists.]
11-16 03:43:57.146 1504 1601 I am_wtf : [0,1504,system_server,-1,DisplayDeviceConfig,requesting nits when no mapping exists.]
11-16 03:43:57.146 1504 1601 I am_wtf : [0,1504,system_server,-1,DisplayDeviceConfig,requesting nits when no mapping exists.]
11-16 03:43:57.162 1504 1601 I am_wtf : [0,1504,system_server,-1,DisplayDeviceConfig,requesting nits when no mapping exists.]
11-16 03:43:57.163 1504 1601 I am_wtf : [0,1504,system_server,-1,DisplayDeviceConfig,requesting nits when no mapping exists.]
11-16 03:43:57.180 1504 1601 I am_wtf : [0,1504,system_server,-1,DisplayDeviceConfig,requesting nits when no mapping exists.]
11-16 03:43:57.181 1504 1601 I am_wtf : [0,1504,system_server,-1,DisplayDeviceConfig,requesting nits when no mapping exists.]
11-16 03:43:57.197 1504 1601 I am_wtf : [0,1504,system_server,-1,DisplayDeviceConfig,requesting nits when no mapping exists.]
11-16 03:43:57.197 1504 1601 I am_wtf : [0,1504,system_server,-1,DisplayDeviceConfig,requesting nits when no mapping exists.]
11-16 03:43:57.213 1504 1601 I am_wtf : [0,1504,system_server,-1,DisplayDeviceConfig,requesting nits when no mapping exists.]
11-16 03:43:57.214 1504 1601 I am_wtf : [0,1504,system_server,-1,DisplayDeviceConfig,requesting nits when no mapping exists.]
11-16 03:43:57.230 1504 1601 I am_wtf : [0,1504,system_server,-1,DisplayDeviceConfig,requesting nits when no mapping exists.]
11-16 03:43:57.230 1504 1601 I am_wtf : [0,1504,system_server,-1,DisplayDeviceConfig,requesting nits when no mapping exists.]
11-16 03:43:57.246 1504 1601 I am_wtf : [0,1504,system_server,-1,DisplayDeviceConfig,requesting nits when no mapping exists.]
11-16 03:43:57.247 1504 1601 I am_wtf : [0,1504,system_server,-1,DisplayDeviceConfig,requesting nits when no mapping exists.]
11-16 03:43:57.263 1504 1601 I am_wtf : [0,1504,system_server,-1,DisplayDeviceConfig,requesting nits when no mapping exists.]
11-16 03:43:57.265 1504 1601 I am_wtf : [0,1504,system_server,-1,DisplayDeviceConfig,requesting nits when no mapping exists.]
11-16 03:43:57.280 1504 1601 I am_wtf : [0,1504,system_server,-1,DisplayDeviceConfig,requesting nits when no mapping exists.]
11-16 03:43:57.281 1504 1601 I am_wtf : [0,1504,system_server,-1,DisplayDeviceConfig,requesting nits when no mapping exists.]
11-16 03:43:57.297 1504 1601 I am_wtf : [0,1504,system_server,-1,DisplayDeviceConfig,requesting nits when no mapping exists.]
11-16 03:43:57.298 1504 1601 I am_wtf : [0,1504,system_server,-1,DisplayDeviceConfig,requesting nits when no mapping exists.]
11-16 03:43:57.313 1504 1601 I am_wtf : [0,1504,system_server,-1,DisplayDeviceConfig,requesting nits when no mapping exists.]
11-16 03:43:57.314 1504 1601 I am_wtf : [0,1504,system_server,-1,DisplayDeviceConfig,requesting nits when no mapping exists.]
11-16 03:43:57.329 1504 1601 I am_wtf : [0,1504,system_server,-1,DisplayDeviceConfig,requesting nits when no mapping exists.]
11-16 03:43:57.330 1504 1601 I service_manager_stats: [100,53,56841]
11-16 03:43:57.330 1504 1601 I am_wtf : [0,1504,system_server,-1,DisplayDeviceConfig,requesting nits when no mapping exists.]
11-16 03:43:57.347 1504 1601 I am_wtf : [0,1504,system_server,-1,DisplayDeviceConfig,requesting nits when no mapping exists.]
11-16 03:43:57.348 1504 1601 I am_wtf : [0,1504,system_server,-1,DisplayDeviceConfig,requesting nits when no mapping exists.]
11-16 03:43:57.363 1504 1601 I am_wtf : [0,1504,system_server,-1,DisplayDeviceConfig,requesting nits when no mapping exists.]
11-16 03:43:57.364 1504 1601 I am_wtf : [0,1504,system_server,-1,DisplayDeviceConfig,requesting nits when no mapping exists.]
11-16 03:43:57.380 1504 1601 I am_wtf : [0,1504,system_server,-1,DisplayDeviceConfig,requesting nits when no mapping exists.]
11-16 03:43:57.381 1504 1601 I am_wtf : [0,1504,system_server,-1,DisplayDeviceConfig,requesting nits when no mapping exists.]
11-16 03:43:57.396 1504 1601 I am_wtf : [0,1504,system_server,-1,DisplayDeviceConfig,requesting nits when no mapping exists.]
11-16 03:43:57.399 1504 1601 I am_wtf : [0,1504,system_server,-1,DisplayDeviceConfig,requesting nits when no mapping exists.]
11-16 03:43:57.413 1504 1601 I am_wtf : [0,1504,system_server,-1,DisplayDeviceConfig,requesting nits when no mapping exists.]
11-16 03:43:57.414 1504 1601 I am_wtf : [0,1504,system_server,-1,DisplayDeviceConfig,requesting nits when no mapping exists.]
11-16 03:43:57.430 1504 1601 I am_wtf : [0,1504,system_server,-1,DisplayDeviceConfig,requesting nits when no mapping exists.]
11-16 03:43:57.431 1504 1601 I am_wtf : [0,1504,system_server,-1,DisplayDeviceConfig,requesting nits when no mapping exists.]
11-16 03:43:57.447 1504 1601 I am_wtf : [0,1504,system_server,-1,DisplayDeviceConfig,requesting nits when no mapping exists.]
11-16 03:43:57.448 1504 1601 I am_wtf : [0,1504,system_server,-1,DisplayDeviceConfig,requesting nits when no mapping exists.]
11-16 03:43:57.463 1504 1601 I am_wtf : [0,1504,system_server,-1,DisplayDeviceConfig,requesting nits when no mapping exists.]
11-16 03:43:57.464 1504 1601 I am_wtf : [0,1504,system_server,-1,DisplayDeviceConfig,requesting nits when no mapping exists.]
11-16 03:43:57.480 1504 1601 I am_wtf : [0,1504,system_server,-1,DisplayDeviceConfig,requesting nits when no mapping exists.]
11-16 03:43:57.481 1504 1601 I am_wtf : [0,1504,system_server,-1,DisplayDeviceConfig,requesting nits when no mapping exists.]
11-16 03:43:57.496 1504 1601 I am_wtf : [0,1504,system_server,-1,DisplayDeviceConfig,requesting nits when no mapping exists.]
11-16 03:43:57.498 1504 1601 I am_wtf : [0,1504,system_server,-1,DisplayDeviceConfig,requesting nits when no mapping exists.]
11-16 03:43:57.513 1504 1601 I am_wtf : [0,1504,system_server,-1,DisplayDeviceConfig,requesting nits when no mapping exists.]
11-16 03:43:57.515 1504 1601 I am_wtf : [0,1504,system_server,-1,DisplayDeviceConfig,requesting nits when no mapping exists.]
11-16 03:43:57.530 1504 1601 I am_wtf : [0,1504,system_server,-1,DisplayDeviceConfig,requesting nits when no mapping exists.]
11-16 03:43:57.531 1504 1601 I am_wtf : [0,1504,system_server,-1,DisplayDeviceConfig,requesting nits when no mapping exists.]
11-16 03:43:57.547 1504 1601 I am_wtf : [0,1504,system_server,-1,DisplayDeviceConfig,requesting nits when no mapping exists.]
11-16 03:43:57.549 1504 1601 I am_wtf : [0,1504,system_server,-1,DisplayDeviceConfig,requesting nits when no mapping exists.]
11-16 03:43:57.563 1504 1601 I am_wtf : [0,1504,system_server,-1,DisplayDeviceConfig,requesting nits when no mapping exists.]
11-16 03:43:57.565 1504 1601 I am_wtf : [0,1504,system_server,-1,DisplayDeviceConfig,requesting nits when no mapping exists.]
11-16 03:43:59.254 1504 1601 I am_uid_idle: 10064
11-16 03:44:03.620 1504 1568 I sysui_multi_action: [757,222,758,1]
11-16 03:44:03.624 1504 1568 I am_uid_active: 10051
11-16 03:44:03.633 1504 1598 I am_pss : [4718,10064,com.android.gallery3d,19532800,13529088,0,133414912,0,15,12]
11-16 03:44:03.638 1504 4276 I wm_task_created: [290,-1]
11-16 03:44:03.641 1504 4276 I wm_task_moved: [290,1,7]
11-16 03:44:03.641 1504 4276 I wm_task_to_front: [0,290]
11-16 03:44:03.642 1504 4276 I wm_create_task: [0,290]
11-16 03:44:03.642 1504 4276 I wm_create_activity: [0,155254270,290,com.thundercomm.screensaver/android.service.dreams.DreamActivity,NULL,NULL,NULL,276824064]
11-16 03:44:03.642 1504 4276 I wm_task_moved: [290,1,7]
11-16 03:44:03.642 2496 2496 I wm_on_top_resumed_lost_called: [50203839,com.android.launcher3.uioverrides.QuickstepLauncher,topStateChangedWhenResumed]
11-16 03:44:03.644 1504 4276 I wm_pause_activity: [0,50203839,com.android.launcher3/.uioverrides.QuickstepLauncher,userLeaving=true,pauseBackTasks]
11-16 03:44:03.654 2496 2496 I wm_on_paused_called: [50203839,com.android.launcher3.uioverrides.QuickstepLauncher,performPause]
11-16 03:44:03.656 1504 4276 I wm_add_to_stopping: [0,50203839,com.android.launcher3/.uioverrides.QuickstepLauncher,makeInvisible]
11-16 03:44:03.657 1504 4276 I wm_restart_activity: [0,155254270,290,com.thundercomm.screensaver/android.service.dreams.DreamActivity]
11-16 03:44:03.659 1504 4276 I wm_set_resumed_activity: [0,com.thundercomm.screensaver/android.service.dreams.DreamActivity,minimalResumeActivityLocked]
11-16 03:44:03.669 1504 1571 I sysui_multi_action: [757,803,799,window_time_0,802,65]
11-16 03:44:03.674 4192 4192 I wm_on_create_called: [155254270,android.service.dreams.DreamActivity,performCreate]
11-16 03:44:03.675 4192 4192 I wm_on_start_called: [155254270,android.service.dreams.DreamActivity,handleStartActivity]
11-16 03:44:03.677 4192 4192 I wm_on_resume_called: [155254270,android.service.dreams.DreamActivity,RESUME_ACTIVITY]
11-16 03:44:03.680 1504 1682 I input_focus: [Focus leaving e1de84c com.android.launcher3/com.android.launcher3.uioverrides.QuickstepLauncher (server),reason=NO_WINDOW]
11-16 03:44:03.683 4192 4192 I wm_on_top_resumed_gained_called: [155254270,android.service.dreams.DreamActivity,topStateChangedWhenResumed]
11-16 03:44:03.717 1504 1572 I input_focus: [Focus request 9aafc0a com.thundercomm.screensaver/android.service.dreams.DreamActivity,reason=UpdateInputWindows]
11-16 03:44:03.724 1968 1968 I sysui_multi_action: [757,111,758,2]
11-16 03:44:03.724 1968 1968 I sysui_multi_action: [757,111,758,2]
11-16 03:44:03.724 1504 1504 I notification_enqueue: [10081,1968,com.android.systemui,2048,NULL,0,Notification(channel=updateNotification shortcut=null contentView=null vibrate=null sound=null defaults=0x0 flags=0x0 color=0x00000000 vis=PRIVATE),1]
11-16 03:44:03.735 1504 1620 I sysui_multi_action: [757,1696,758,6,759,3]
11-16 03:44:03.735 1504 1568 I sysui_multi_action: [319,96,322,95,325,1233,757,761,758,8,759,2,806,com.thundercomm.screensaver,871,android.service.dreams.DreamActivity,904,com.thundercomm.screensaver,905,0,1320,4,1321,2]
11-16 03:44:03.735 1504 1568 I wm_activity_launch_time: [0,155254270,com.thundercomm.screensaver/android.service.dreams.DreamActivity,95]
11-16 03:44:03.740 1968 1968 I sysui_multi_action: [757,196,758,2,759,0]
11-16 03:44:03.740 1968 1968 I sysui_status_bar_state: [0,0,1,0,0,1]
11-16 03:44:03.749 1968 1968 I sysui_multi_action: [757,111,758,1]
11-16 03:44:03.749 1968 1968 I sysui_multi_action: [757,126,758,1,759,126,927,0,928,0,1593,0]
11-16 03:44:03.749 1968 1968 I sysui_multi_action: [757,113,758,1,759,113,927,1,928,1,1593,0]
