11-16 04:09:27.139 1504 1504 I GameModeConfig: isGameModeOn = false
11-16 04:09:27.139 1504 1504 I GameModeConfig: isGameModeOn = false
11-16 04:09:27.139 1504 1504 I GameModeConfig: isDisableVoice = true
11-16 04:09:27.143 3677 3677 D GameMode_GameModeService: updateGlobalSettings = gamemode_isgaming
11-16 04:09:27.371 1504 1571 I wm_destroy_activity: [0,236888082,300,com.android.permissioncontroller/.permission.ui.GrantPermissionsActivity,finish-imm:idle]
11-16 04:09:27.372 1504 1571 I wm_stop_activity: [0,50203839,com.android.launcher3/.uioverrides.QuickstepLauncher]
11-16 04:09:27.374 5601 5601 I wm_on_stop_called: [236888082,com.android.permissioncontroller.permission.ui.GrantPermissionsActivity,LIFECYCLER_STOP_ACTIVITY]
11-16 04:09:27.375 5601 5601 I wm_on_destroy_called: [236888082,com.android.permissioncontroller.permission.ui.GrantPermissionsActivity,performDestroy]
11-16 04:09:27.379 3677 5189 I GameMode_ActivityMonitoringService: onForegroundActivitiesChanged uid 10094 pid 5601 fg false
11-16 04:09:27.392 3677 3695 I GameMode_ActivityMonitoringService: Updating top task to: TaskInfoContainer [topActivity=ComponentInfo{com.android.deskclock/com.android.deskclock.DeskClock}, taskId=300, stackId=300, userId=0, displayId=0, position=6
11-16 04:09:27.393 3677 3695 I GameMode_ActivityMonitoringService: Notifying about top task: TaskInfoContainer [topActivity=ComponentInfo{com.android.deskclock/com.android.deskclock.DeskClock}, taskId=300, stackId=300, userId=0, displayId=0, position=6
11-16 04:09:27.393 3677 3695 E GameMode_ActivityMonitoringService: onActivityLaunch:com.android.deskclock
11-16 04:09:27.393 3677 3695 V GameMode_GameTypeUtils: judge isGame:com.android.deskclock
11-16 04:09:27.393 3677 3695 V GameMode_GpuUtils: fps:60
11-16 04:09:27.395 1504 5055 W InputManager-JNI: Input channel object 'a93e337 com.android.permissioncontroller/com.android.permissioncontroller.permission.ui.GrantPermissionsActivity (client)' was disposed without first being removed with the input manager!
11-16 04:09:27.398 3677 3695 D GameMode_GameModeActionUtils: Show GameMode entry by service!
11-16 04:09:27.398 3677 3695 W ContextImpl: Calling a method in the system process without a qualified user: android.app.ContextImpl.startService:1816 android.content.ContextWrapper.startService:774 com.thundercomm.gamemode.ingame.services.GameModeActionUtils.startGameModeService:93 com.thundercomm.gamemode.ingame.services.GameModeActionUtils.startGameModeEntry:21 com.thundercomm.gamemode.ingame.services.ActivityMonitoringService$1.onActivityLaunch:127
11-16 04:09:27.400 3677 3677 D GameMode_GameModeService: type=hide_entry
11-16 04:09:27.400 3677 3695 D GameModeIF_GameModeSettings: getUriFor setting_content_uri_root = content://com.thundercomm.gamemode.api/gamemode_settings , name = gamemode_isgaming
11-16 04:09:27.402 1504 1504 I GameModeConfig: Current uri is uri = content://com.thundercomm.gamemode.api/gamemode_settings/gamemode_isgaming
11-16 04:09:27.402 1504 1504 D GameModeIF_GameModeSettings: getUriFor setting_content_uri_root = content://com.thundercomm.gamemode.api/gamemode_settings , name = gamemode_isgaming
11-16 04:09:27.403 3677 3677 D GameMode_GameSettingsObserver: Game Data change!!!! uri = content://com.thundercomm.gamemode.api/gamemode_settings/gamemode_isgaming
11-16 04:09:27.403 3677 3677 D GameModeIF_GameModeSettings: getUriFor setting_content_uri_root = content://com.thundercomm.gamemode.api/gamemode_settings , name = gamemode_isgaming
11-16 04:09:27.406 3677 3677 D GameMode_GameModeService: updateGlobalSettings = gamemode_isgaming
11-16 04:09:27.406 1504 1504 I GameModeConfig: isGameModeOn = false
11-16 04:09:27.407 1504 1504 I GameModeConfig: isGameModeOn = false
11-16 04:09:27.407 1504 1504 I GameModeConfig: isDisableVoice = true
11-16 04:09:27.409 3677 3695 D GameModeIF_GameModeSettings: gamemode_isgaming set to 0
11-16 04:09:27.412 2496 2496 D StateManager: goToState: Normal
11-16 04:09:27.413 2496 2496 D EditModeHelper: setHotseatVisibility: 0
11-16 04:09:27.422 2496 2496 D StateManager: goToState: Normal
11-16 04:09:27.422 2496 2496 D FreeWindowHelper: enterOrExitRecentTasks: isEnterRecentTasks=false,mExitFlag=0
11-16 04:09:27.423 1504 5497 W ContextImpl: Calling a method in the system process without a qualified user: android.app.ContextImpl.startActivity:1067 com.android.server.wm.FreeFormWindowHelper.exitRecentTasks:401 com.android.server.wm.ActivityTaskManagerService.exitRecentTasks:3795 android.app.IActivityTaskManager$Stub.onTransact:2307 com.android.server.wm.ActivityTaskManagerService.onTransact:5046
11-16 04:09:27.424 1504 1571 I EventSequenceValidator: inc AccIntentStartedEvents to 2
11-16 04:09:27.428 1504 5497 I ActivityTaskManager: START u0 {flg=0x10008000 cmp=com.android.music/.MusicBrowserActivity} from uid 1000
11-16 04:09:27.430 1504 5497 E ANDR-PERF-JNI: com_qualcomm_qtiperformance_native_perf_io_prefetch_start
11-16 04:09:27.432 1504 5497 I wm_task_created: [302,-1]
11-16 04:09:27.432 1504 5497 W ActivityTaskManager: Can't find TaskDisplayArea to determine support for multi window. Task id=302 attached=false
11-16 04:09:27.433 1504 5497 D FreeFormWindowHelper: Need finish old freeform task=Task{4e5e686 #300 type=standard A=10068:com.android.deskclock U=0 visible=true mode=fullscreen translucent=false sz=2}
11-16 04:09:27.433 1504 5497 I wm_finish_activity: [0,171147883,300,com.android.deskclock/.DeskClock,app-request]
11-16 04:09:27.433 850 3128 E ANDR-IOP: io prefetch is disabled
11-16 04:09:27.433 1504 5497 I wm_task_moved: [280,1,7]
11-16 04:09:27.434 1504 5497 I wm_task_moved: [281,1,2147483647]
11-16 04:09:27.434 1504 5497 I wm_task_to_front: [0,281]
11-16 04:09:27.434 5580 5580 I wm_on_top_resumed_lost_called: [171147883,com.android.deskclock.DeskClock,topStateChangedWhenResumed]
11-16 04:09:27.437 1504 5497 I wm_set_resumed_activity: [0,com.android.launcher3/.uioverrides.QuickstepLauncher,finish-top adjustFocusToNextFocusableTask]
11-16 04:09:27.443 645 659 I mpu_uart: [MSG-P:R]:recv sync frame timeout
11-16 04:09:27.446 1504 5497 D ActivityTrigger: ActivityTrigger activityPauseTrigger
11-16 04:09:27.446 1504 5497 I wm_pause_activity: [0,171147883,com.android.deskclock/.DeskClock,userLeaving=false,finish]
11-16 04:09:27.448 1504 5497 D FreeFormWindowHelper: Add freeform task=Task{1262b94 #302 type=standard ?? U=0 visible=false mode=freeform translucent=true sz=0}
11-16 04:09:27.453 1504 5497 I wm_task_moved: [302,1,7]
11-16 04:09:27.453 1504 5497 I wm_task_to_front: [0,302]
11-16 04:09:27.453 1504 5497 I wm_focused_root_task: [0,0,302,280,reuseOrNewTask]
11-16 04:09:27.453 1504 5497 I wm_create_task: [0,302]
11-16 04:09:27.453 1504 5497 I wm_create_activity: [0,117429821,302,com.android.music/.MusicBrowserActivity,NULL,NULL,NULL,268468224]
11-16 04:09:27.453 1504 5497 I wm_task_moved: [302,1,7]
11-16 04:09:27.454 1504 5497 D CompatibilityInfo: mCompatibilityFlags - 4
11-16 04:09:27.454 1504 5497 D CompatibilityInfo: applicationDensity - 240
11-16 04:09:27.454 1504 5497 D CompatibilityInfo: applicationScale - 1.0
11-16 04:09:27.459 1968 1968 V ShadeControllerImpl: NotificationShadeWindow: com.android.systemui.statusbar.phone.NotificationShadeWindowView{5dddc50 I.E...... ......ID 0,0-2560,1080} canPanelBeCollapsed(): false
11-16 04:09:27.461 2496 2496 D EditModeHelper: setHotseatVisibility: 0
11-16 04:09:27.465 1504 5055 W InputManager-JNI: Input channel object 'd26f261 Splash Screen com.android.deskclock (client)' was disposed without first being removed with the input manager!
11-16 04:09:27.475 5580 5580 I wm_on_paused_called: [171147883,com.android.deskclock.DeskClock,performPause]
11-16 04:09:27.479 1504 5497 I wm_add_to_stopping: [0,171147883,com.android.deskclock/.DeskClock,completeFinishing]
11-16 04:09:27.479 1504 5497 I ActivityTaskManager: FOREGROUND_APPLICATION_CHANGED to com.android.music.MusicBrowserActivity
11-16 04:09:27.480 1504 5497 I ActivityTaskManager: The Process com.android.music Already Exists in BG. So sending its PID: 5214
11-16 04:09:27.480 1504 5497 W ActivityTaskManager: Tried to set launchTime (0) < mLastActivityLaunchTime (2752472)
11-16 04:09:27.483 2496 2496 I wm_on_stop_called: [50203839,com.android.launcher3.uioverrides.QuickstepLauncher,STOP_ACTIVITY_ITEM]
11-16 04:09:27.484 1504 5497 I wm_restart_activity: [0,117429821,302,com.android.music/.MusicBrowserActivity]
11-16 04:09:27.484 1504 5497 D CompatibilityInfo: mCompatibilityFlags - 4
11-16 04:09:27.484 1504 5497 D CompatibilityInfo: applicationDensity - 240
11-16 04:09:27.484 1504 5497 D CompatibilityInfo: applicationScale - 1.0
11-16 04:09:27.488 1504 5497 I wm_set_resumed_activity: [0,com.android.music/.MusicBrowserActivity,minimalResumeActivityLocked]
11-16 04:09:27.489 1504 5497 I ActivityTaskManager: FOREGROUND_APPLICATION_CHANGED to com.android.launcher3.uioverrides.QuickstepLauncher
11-16 04:09:27.492 1504 1682 I input_focus: [Focus leaving a1a91e0 com.android.deskclock/com.android.deskclock.DeskClock (server),reason=NO_WINDOW]
11-16 04:09:27.492 1504 5497 I wm_resume_activity: [0,50203839,281,com.android.launcher3/.uioverrides.QuickstepLauncher]
11-16 04:09:27.494 1504 1531 W System : A resource failed to call close.
11-16 04:09:27.494 1504 1531 W System : A resource failed to call close.
11-16 04:09:27.494 1504 1531 W System : A resource failed to call close.
11-16 04:09:27.495 1504 1531 W System : A resource failed to call release.
11-16 04:09:27.495 1504 1531 W System : A resource failed to call close.
11-16 04:09:27.496 1504 1531 W System : A resource failed to call close.
11-16 04:09:27.498 1504 5498 I ActivityTaskManager: Activity reported stop, but no longer stopping: ActivityRecord{2fe0cbf u0 com.android.launcher3/.uioverrides.QuickstepLauncher t281} RESUMED
11-16 04:09:27.498 1504 1571 I sysui_multi_action: [757,803,799,window_time_0,802,1]
11-16 04:09:27.501 2496 2496 I wm_on_restart_called: [50203839,com.android.launcher3.uioverrides.QuickstepLauncher,performRestartActivity]
11-16 04:09:27.501 2496 2496 I wm_on_start_called: [50203839,com.android.launcher3.uioverrides.QuickstepLauncher,handleStartActivity]
11-16 04:09:27.501 2496 2496 I wm_on_resume_called: [50203839,com.android.launcher3.uioverrides.QuickstepLauncher,RESUME_ACTIVITY]
11-16 04:09:27.501 3677 3689 I GameMode_ActivityMonitoringService: onForegroundActivitiesChanged uid 10086 pid 5214 fg true
11-16 04:09:27.503 1504 1531 W System : A resource failed to call close.
11-16 04:09:27.503 1504 1531 W System : A resource failed to call close.
11-16 04:09:27.503 1504 1531 W System : A resource failed to call close.
11-16 04:09:27.503 1504 1531 W System : A resource failed to call close.
11-16 04:09:27.503 1504 1531 W System : A resource failed to call close.
11-16 04:09:27.518 1504 5055 D WindowManager: relayoutVisibleWindow: Window{e1de84c u0 com.android.launcher3/com.android.launcher3.uioverrides.QuickstepLauncher EXITING} mAnimatingExit=true, mRemoveOnExit=false, mDestroying=false
11-16 04:09:27.519 1968 2000 W System : A resource failed to call close.
11-16 04:09:27.519 1968 2000 W System : A resource failed to call close.
11-16 04:09:27.521 3677 3695 I GameMode_ActivityMonitoringService: Updating top task to: TaskInfoContainer [topActivity=ComponentInfo{com.android.music/com.android.music.MusicBrowserActivity}, taskId=302, stackId=302, userId=0, displayId=0, position=7
11-16 04:09:27.522 3677 3695 I GameMode_ActivityMonitoringService: Notifying about top task: TaskInfoContainer [topActivity=ComponentInfo{com.android.music/com.android.music.MusicBrowserActivity}, taskId=302, stackId=302, userId=0, displayId=0, position=7
11-16 04:09:27.522 3677 3695 E GameMode_ActivityMonitoringService: onActivityLaunch:com.android.music
11-16 04:09:27.522 3677 3695 V GameMode_GameTypeUtils: judge isGame:com.android.music
11-16 04:09:27.522 3677 3695 V GameMode_GpuUtils: fps:60
11-16 04:09:27.522 5214 5214 I wm_on_create_called: [117429821,com.android.music.MusicBrowserActivity,performCreate]
11-16 04:09:27.523 1504 5497 D CompatibilityInfo: mCompatibilityFlags - 4
11-16 04:09:27.523 1504 5497 D CompatibilityInfo: applicationDensity - 240
11-16 04:09:27.523 1504 5497 D CompatibilityInfo: applicationScale - 1.0
11-16 04:09:27.524 3677 3689 I GameMode_ActivityMonitoringService: onForegroundServicesChanged uid 10086 pid 5214 fg 0
11-16 04:09:27.529 3677 3695 D GameMode_GameModeActionUtils: Show GameMode entry by service!
11-16 04:09:27.529 3677 3695 W ContextImpl: Calling a method in the system process without a qualified user: android.app.ContextImpl.startService:1816 android.content.ContextWrapper.startService:774 com.thundercomm.gamemode.ingame.services.GameModeActionUtils.startGameModeService:93 com.thundercomm.gamemode.ingame.services.GameModeActionUtils.startGameModeEntry:21 com.thundercomm.gamemode.ingame.services.ActivityMonitoringService$1.onActivityLaunch:127
11-16 04:09:27.532 3677 3695 D GameModeIF_GameModeSettings: getUriFor setting_content_uri_root = content://com.thundercomm.gamemode.api/gamemode_settings , name = gamemode_isgaming
11-16 04:09:27.532 3677 3677 D GameMode_GameModeService: type=hide_entry
11-16 04:09:27.532 5214 5214 I wm_on_start_called: [117429821,com.android.music.MusicBrowserActivity,handleStartActivity]
11-16 04:09:27.533 5214 5214 I wm_on_resume_called: [117429821,com.android.music.MusicBrowserActivity,RESUME_ACTIVITY]
11-16 04:09:27.535 1504 1504 I GameModeConfig: Current uri is uri = content://com.thundercomm.gamemode.api/gamemode_settings/gamemode_isgaming
11-16 04:09:27.535 1504 1504 D GameModeIF_GameModeSettings: getUriFor setting_content_uri_root = content://com.thundercomm.gamemode.api/gamemode_settings , name = gamemode_isgaming
11-16 04:09:27.535 3677 3677 D GameMode_GameSettingsObserver: Game Data change!!!! uri = content://com.thundercomm.gamemode.api/gamemode_settings/gamemode_isgaming
11-16 04:09:27.535 3677 3695 D GameModeIF_GameModeSettings: gamemode_isgaming set to 0
11-16 04:09:27.535 5214 5214 I wm_on_top_resumed_gained_called: [117429821,com.android.music.MusicBrowserActivity,topStateChangedWhenResumed]
11-16 04:09:27.536 3677 3677 D GameModeIF_GameModeSettings: getUriFor setting_content_uri_root = content://com.thundercomm.gamemode.api/gamemode_settings , name = gamemode_isgaming
11-16 04:09:27.537 1504 1504 I GameModeConfig: isGameModeOn = false
11-16 04:09:27.539 3677 3677 D GameMode_GameModeService: updateGlobalSettings = gamemode_isgaming
11-16 04:09:27.539 2346 2423 D ProtectUartService: received RegisterListener token:MUCIC_VOLTAGE_PROTECT
11-16 04:09:27.540 1504 1504 I GameModeConfig: isGameModeOn = false
11-16 04:09:27.540 1504 1504 I GameModeConfig: isDisableVoice = true
11-16 04:09:27.541 1965 3104 D HeadsetService: getHeadsetService(): returning com.android.bluetooth.hfp.HeadsetService@fdba82
11-16 04:09:27.541 1965 3104 D HeadsetService: isAudioOn: The number of audio connected devices 0
11-16 04:09:27.541 1965 3104 D HeadsetService: isScoOrCallActive(): Call Active:falseCall is Ringing:falseSCO is Active:false
11-16 04:09:27.541 1965 3104 D HeadsetService: isAudioOn: The number of audio connected devices 0
11-16 04:09:27.542 1965 3104 V Avrcp_ext: ActiveSession: MediaController (com.android.music@a02903e) null
11-16 04:09:27.542 1965 3104 W Avrcp_ext: playState object null, sending STOPPED
11-16 04:09:27.543 1965 3104 V Avrcp_ext: isBrowseSupported for com.android.music: false
11-16 04:09:27.543 1965 3104 D Avrcp_ext: Adding media player info for com.android.music with id 4
11-16 04:09:27.543 1965 3104 D Avrcp_ext: update #4:MediaPlayerInfo com.android.music (as '音乐') Type = 1, SubType = 0, Status = 0 Feature Bits [40 41 42 44 45 47 48 58] Controller: MediaController (com.android.music@a02903e) null
11-16 04:09:27.544 5214 5214 E MediaPlaybackService: METADATA_KEY_NUM_TRACKS: failed: java.lang.IllegalArgumentException: Invalid type 'long' for key 10
11-16 04:09:27.545 1965 3104 V Avrcp_ext: updateCurrentMediaState: mMediaController: MediaController (com.android.systemui@6b7278e) null
11-16 04:09:27.545 1965 3104 W Avrcp_ext: isMusicActive: false getBluetoothPlayState: 2 A2dp State: 11 mAudioPlaybackIsActive: false
11-16 04:09:27.545 1965 3104 D Avrcp_ext: isMusicActive = false mAudioPlaybackIsActive = false player state = null
11-16 04:09:27.545 1965 3104 I Avrcp_ext: Skipping update due to invalid playback state
11-16 04:09:27.545 1965 3104 V Avrcp_ext: updatePlaybackState, state: null device: null
11-16 04:09:27.545 1965 3104 V Avrcp_ext: Device: no name:
11-16 04:09:27.545 1965 3104 V Avrcp_ext: Device: no name:
11-16 04:09:27.545 1965 3104 V Avrcp_ext: Device: no name:
11-16 04:09:27.545 1965 3104 V Avrcp_ext: Device: no name:
11-16 04:09:27.545 1965 3104 V Avrcp_ext: Device: no name:
11-16 04:09:27.545 1965 3104 V Avrcp_ext: updatePlayerStateAndPosition, old=PlaybackState {state=2, position=-1, buffered position=0, speed=1.0, updated=23843, actions=0, custom actions=[], active item id=-1, error=null}, state=null
11-16 04:09:27.545 1965 3104 I Avrcp_ext: updatePlayerStateAndPosition: device: state = null
11-16 04:09:27.546 5214 5214 E MusicUtils: BypassForAlbum name is null
11-16 04:09:27.548 1504 5055 I sysui_multi_action: [757,856,758,1,806,com.android.music,857,Channel-music,858,2]
11-16 04:09:27.548 1504 1722 I GameModeConfig: isGameModeOn = false
11-16 04:09:27.549 1504 1722 I GameModeConfig: isGameModeOn = false
11-16 04:09:27.549 1504 1722 I GameModeConfig: isGameModeOn = false
11-16 04:09:27.549 1504 1722 I GameModeConfig: isGameModeOn = false
11-16 04:09:27.551 5214 5214 E MusicUtils: BypassForAlbum name is null
11-16 04:09:27.552 1504 1504 I notification_enqueue: [10086,5214,com.android.music,1,NULL,0,Notification(channel=Channel-music shortcut=null contentView=null vibrate=null sound=null defaults=0x0 flags=0x0 color=0x00000000 category=transport actions=3 vis=PRIVATE),0]
11-16 04:09:27.553 1504 1722 I GameModeConfig: isGameModeOn = false
11-16 04:09:27.553 1504 1722 I GameModeConfig: isGameModeOn = false
11-16 04:09:27.553 1504 1722 I GameModeConfig: isGameModeOn = false
11-16 04:09:27.553 1504 1722 I GameModeConfig: isGameModeOn = false
11-16 04:09:27.554 1504 1504 I notification_enqueue: [10086,5214,com.android.music,1,NULL,0,Notification(channel=Channel-music shortcut=null contentView=null vibrate=null sound=null defaults=0x0 flags=0x40 color=0x00000000 category=transport actions=3 vis=PRIVATE),0]
11-16 04:09:27.555 5214 5214 E MusicUtils: BypassForAlbum name is null
11-16 04:09:27.556 1504 1504 I notification_enqueue: [10086,5214,com.android.music,1,NULL,0,Notification(channel=Channel-music shortcut=null contentView=null vibrate=null sound=null defaults=0x0 flags=0x40 color=0x00000000 category=transport actions=3 vis=PRIVATE),0]
11-16 04:09:27.557 1504 1504 I notification_enqueue: [10086,5214,com.android.music,1,NULL,0,Notification(channel=Channel-music shortcut=null contentView=null vibrate=null sound=null defaults=0x0 flags=0x40 color=0x00000000 category=transport actions=3 vis=PRIVATE),0]
11-16 04:09:27.559 1504 1722 I GameModeConfig: isGameModeOn = false
11-16 04:09:27.560 1504 1722 I GameModeConfig: isGameModeOn = false
11-16 04:09:27.560 1504 1722 I GameModeConfig: isGameModeOn = false
11-16 04:09:27.560 1504 1722 I GameModeConfig: isGameModeOn = false
11-16 04:09:27.561 5214 5214 E MusicUtils: BypassForAlbum name is null
11-16 04:09:27.562 1504 1504 I notification_enqueue: [10086,5214,com.android.music,1,NULL,0,Notification(channel=Channel-music shortcut=null contentView=null vibrate=null sound=null defaults=0x0 flags=0x40 color=0x00000000 category=transport actions=3 vis=PRIVATE),0]
11-16 04:09:27.563 1504 1504 I notification_enqueue: [10086,5214,com.android.music,1,NULL,0,Notification(channel=Channel-music shortcut=null contentView=null vibrate=null sound=null defaults=0x0 flags=0x40 color=0x00000000 category=transport actions=3 vis=PRIVATE),0]
11-16 04:09:27.568 1504 1572 I input_focus: [Focus request bc72819 com.android.music/com.android.music.MusicBrowserActivity,reason=UpdateInputWindows]
11-16 04:09:27.576 1504 1504 I sysui_multi_action: [757,128,758,5,759,8,793,25,794,0,795,25,796,1,806,com.android.music,857,Channel-music,858,2,947,0,1500,25,1641,transport,1688,1,1745,1043716538]
11-16 04:09:27.576 1504 1504 I notification_canceled: [0|com.android.music|1|null|10086,8,25,25,0,-1,-1,NULL]
11-16 04:09:27.580 1504 1571 I EventSequenceValidator: dec AccIntentStartedEvents to 1
11-16 04:09:27.580 1504 1568 I sysui_multi_action: [319,153,322,153,325,2756,757,761,758,8,759,2,806,com.android.music,871,com.android.music.MusicBrowserActivity,904,android,905,0,1320,4,1321,5]
11-16 04:09:27.581 1504 1568 I wm_activity_launch_time: [0,117429821,com.android.music/.MusicBrowserActivity,153]
11-16 04:09:27.582 1504 1568 I ActivityTaskManager: Displayed com.android.music/.MusicBrowserActivity: +153ms
11-16 04:09:27.587 645 660 I mpu_uart: [MSG-P:RECV]:No message received in 1000 ms
11-16 04:09:27.592 1504 1682 I input_focus: [Focus entering bc72819 com.android.music/com.android.music.MusicBrowserActivity (server),reason=setFocusedWindow]
11-16 04:09:27.594 3677 3689 I GameMode_ActivityMonitoringService: onTaskStackChanged
11-16 04:09:27.599 3677 3695 I GameMode_ActivityMonitoringService: Updating top task to: TaskInfoContainer [topActivity=ComponentInfo{com.android.music/com.android.music.MusicBrowserActivity}, taskId=302, stackId=302, userId=0, displayId=0, position=7
11-16 04:09:27.599 3677 3695 I GameMode_ActivityMonitoringService: Notifying about top task: TaskInfoContainer [topActivity=ComponentInfo{com.android.music/com.android.music.MusicBrowserActivity}, taskId=302, stackId=302, userId=0, displayId=0, position=7
11-16 04:09:27.599 3677 3695 E GameMode_ActivityMonitoringService: onActivityLaunch:com.android.music
11-16 04:09:27.599 3677 3695 V GameMode_GameTypeUtils: judge isGame:com.android.music
11-16 04:09:27.599 3677 3695 V GameMode_GpuUtils: fps:60
11-16 04:09:27.601 3677 3695 D GameMode_GameModeActionUtils: Show GameMode entry by service!
11-16 04:09:27.601 3677 3695 W ContextImpl: Calling a method in the system process without a qualified user: android.app.ContextImpl.startService:1816 android.content.ContextWrapper.startService:774 com.thundercomm.gamemode.ingame.services.GameModeActionUtils.startGameModeService:93 com.thundercomm.gamemode.ingame.services.GameModeActionUtils.startGameModeEntry:21 com.thundercomm.gamemode.ingame.services.ActivityMonitoringService$1.onActivityLaunch:127
11-16 04:09:27.602 3677 3677 D GameMode_GameModeService: type=hide_entry
11-16 04:09:27.602 3677 3695 D GameModeIF_GameModeSettings: getUriFor setting_content_uri_root = content://com.thundercomm.gamemode.api/gamemode_settings , name = gamemode_isgaming
11-16 04:09:27.603 1504 1504 I GameModeConfig: Current uri is uri = content://com.thundercomm.gamemode.api/gamemode_settings/gamemode_isgaming
11-16 04:09:27.604 1504 1504 D GameModeIF_GameModeSettings: getUriFor setting_content_uri_root = content://com.thundercomm.gamemode.api/gamemode_settings , name = gamemode_isgaming
11-16 04:09:27.604 3677 3695 D GameModeIF_GameModeSettings: gamemode_isgaming set to 0
11-16 04:09:27.605 3677 3677 D GameMode_GameSettingsObserver: Game Data change!!!! uri = content://com.thundercomm.gamemode.api/gamemode_settings/gamemode_isgaming
11-16 04:09:27.605 3677 3677 D GameModeIF_GameModeSettings: getUriFor setting_content_uri_root = content://com.thundercomm.gamemode.api/gamemode_settings , name = gamemode_isgaming
11-16 04:09:27.605 1504 1504 I GameModeConfig: isGameModeOn = false
11-16 04:09:27.606 1504 1504 I GameModeConfig: isGameModeOn = false
11-16 04:09:27.606 1504 1504 I GameModeConfig: isDisableVoice = true
11-16 04:09:27.607 3677 3677 D GameMode_GameModeService: updateGlobalSettings = gamemode_isgaming
11-16 04:09:27.679 1202 4565 I OMX-VENC: venc_dev: stats: avg. fps 56.00, bitrate 1002533
11-16 04:09:27.754 1504 1504 I NotificationService: Cannot find enqueued record for key: 0|com.android.music|1|null|10086
11-16 04:09:27.754 1504 1504 I NotificationService: Cannot find enqueued record for key: 0|com.android.music|1|null|10086
11-16 04:09:27.758 1504 1504 I NotificationService: Cannot find enqueued record for key: 0|com.android.music|1|null|10086
11-16 04:09:27.758 1504 1504 I NotificationService: Cannot find enqueued record for key: 0|com.android.music|1|null|10086
11-16 04:09:27.762 1504 1504 I NotificationService: Cannot find enqueued record for key: 0|com.android.music|1|null|10086
11-16 04:09:27.763 1504 1504 I NotificationService: Cannot find enqueued record for key: 0|com.android.music|1|null|10086
11-16 04:09:27.804 1504 1570 I commit_sys_config_file: [notification-policy,2747263]
11-16 04:09:27.826 2769 2769 W hpplay-java: [main]:IPManager:getActiveNets invalid networkInfo:null
11-16 04:09:27.827 2769 2769 I hpplay-java: [main]:IPManager:getActiveNets eth0:false wifi:false mobile:false ap:false
11-16 04:09:27.827 2769 2769 I hpplay-java: [main]:ServerTaskManager:get local ip:null
11-16 04:09:28.081 1504 1571 I wm_destroy_activity: [0,171147883,300,com.android.deskclock/.DeskClock,finish-imm:idle]
11-16 04:09:28.082 3677 3689 I GameMode_ActivityMonitoringService: onForegroundActivitiesChanged uid 10068 pid 5580 fg false
11-16 04:09:28.087 3677 3695 I GameMode_ActivityMonitoringService: Updating top task to: TaskInfoContainer [topActivity=ComponentInfo{com.android.music/com.android.music.MusicBrowserActivity}, taskId=302, stackId=302, userId=0, displayId=0, position=7
11-16 04:09:28.087 3677 3695 I GameMode_ActivityMonitoringService: Notifying about top task: TaskInfoContainer [topActivity=ComponentInfo{com.android.music/com.android.music.MusicBrowserActivity}, taskId=302, stackId=302, userId=0, displayId=0, position=7
11-16 04:09:28.087 3677 3695 E GameMode_ActivityMonitoringService: onActivityLaunch:com.android.music
11-16 04:09:28.087 3677 3695 V GameMode_GameTypeUtils: judge isGame:com.android.music
11-16 04:09:28.087 3677 3695 V GameMode_GpuUtils: fps:60
11-16 04:09:28.090 3677 3695 D GameMode_GameModeActionUtils: Show GameMode entry by service!
11-16 04:09:28.091 3677 3695 W ContextImpl: Calling a method in the system process without a qualified user: android.app.ContextImpl.startService:1816 android.content.ContextWrapper.startService:774 com.thundercomm.gamemode.ingame.services.GameModeActionUtils.startGameModeService:93 com.thundercomm.gamemode.ingame.services.GameModeActionUtils.startGameModeEntry:21 com.thundercomm.gamemode.ingame.services.ActivityMonitoringService$1.onActivityLaunch:127
11-16 04:09:28.094 3677 3695 D GameModeIF_GameModeSettings: getUriFor setting_content_uri_root = content://com.thundercomm.gamemode.api/gamemode_settings , name = gamemode_isgaming
11-16 04:09:28.095 3677 3677 D GameMode_GameModeService: type=hide_entry
11-16 04:09:28.098 3677 3677 D GameMode_GameSettingsObserver: Game Data change!!!! uri = content://com.thundercomm.gamemode.api/gamemode_settings/gamemode_isgaming
11-16 04:09:28.098 3677 3677 D GameModeIF_GameModeSettings: getUriFor setting_content_uri_root = content://com.thundercomm.gamemode.api/gamemode_settings , name = gamemode_isgaming
11-16 04:09:28.100 3677 3677 D GameMode_GameModeService: updateGlobalSettings = gamemode_isgaming
11-16 04:09:28.101 1504 1504 I GameModeConfig: Current uri is uri = content://com.thundercomm.gamemode.api/gamemode_settings/gamemode_isgaming
11-16 04:09:28.101 1504 1504 D GameModeIF_GameModeSettings: getUriFor setting_content_uri_root = content://com.thundercomm.gamemode.api/gamemode_settings , name = gamemode_isgaming
11-16 04:09:28.104 1504 1504 I GameModeConfig: isGameModeOn = false
11-16 04:09:28.105 1504 1504 I GameModeConfig: isGameModeOn = false
11-16 04:09:28.105 1504 1504 I GameModeConfig: isDisableVoice = true
11-16 04:09:28.106 3677 3695 D GameModeIF_GameModeSettings: gamemode_isgaming set to 0
11-16 04:09:28.122 5580 5580 I wm_on_stop_called: [171147883,com.android.deskclock.DeskClock,LIFECYCLER_STOP_ACTIVITY]
11-16 04:09:28.133 5580 5580 I wm_on_destroy_called: [171147883,com.android.deskclock.DeskClock,performDestroy]
11-16 04:09:28.136 1504 5497 W InputManager-JNI: Input channel object 'a1a91e0 com.android.deskclock/com.android.deskclock.DeskClock (client)' was disposed without first being removed with the input manager!
11-16 04:09:28.141 1504 5497 I wm_task_removed: [300,removeChild:removeChild last r=ActivityRecord{a33826b u0 com.android.deskclock/.DeskClock t-1 f}} in t=Task{4e5e686 #300 type=standard A=10068:com.android.deskclock U=0 visible=false mode=fullscreen translucent=true sz=0}]
11-16 04:09:28.141 1504 5497 I wm_task_removed: [300,removeChild]
11-16 04:09:28.143 1504 5497 I ActivityTaskManager: FOREGROUND_APPLICATION_CHANGED to com.android.music.MusicBrowserActivity
11-16 04:09:28.144 1504 1572 W ActivityTaskManager: Can't find TaskDisplayArea to determine support for multi window. Task id=300 attached=false
11-16 04:09:28.144 1504 1572 W ActivityTaskManager: Can't find TaskDisplayArea to determine support for multi window. Task id=300 attached=false
11-16 04:09:28.587 645 660 I mpu_uart: [MSG-P:RECV]:No message received in 1000 ms
11-16 04:09:28.682 1202 4565 I OMX-VENC: venc_dev: stats: avg. fps 59.82, bitrate 1827799
11-16 04:09:28.829 2769 2769 W hpplay-java: [main]:IPManager:getActiveNets invalid networkInfo:null
11-16 04:09:28.829 2769 2769 I hpplay-java: [main]:IPManager:getActiveNets eth0:false wifi:false mobile:false ap:false
11-16 04:09:28.829 2769 2769 I hpplay-java: [main]:ServerTaskManager:get local ip:null
11-16 04:09:29.295 1504 1601 I am_uid_idle: 10051
11-16 04:09:29.588 645 660 I mpu_uart: [MSG-P:RECV]:No message received in 1000 ms
11-16 04:09:29.702 1202 4565 I OMX-VENC: venc_dev: stats: avg. fps 48.03, bitrate 799670
11-16 04:09:29.832 2769 2769 W hpplay-java: [main]:IPManager:getActiveNets invalid networkInfo:null
11-16 04:09:29.832 2769 2769 I hpplay-java: [main]:IPManager:getActiveNets eth0:false wifi:false mobile:false ap:false
11-16 04:09:29.832 2769 2769 I hpplay-java: [main]:ServerTaskManager:get local ip:null
11-16 04:09:30.446 645 659 I mpu_uart: [MSG-P:R]:recv sync frame timeout
11-16 04:09:30.588 645 660 I mpu_uart: [MSG-P:RECV]:No message received in 1000 ms
11-16 04:09:30.754 1504 2762 E TaskPersister: File error accessing recents directory (directory doesn't exist?).
11-16 04:09:30.834 2769 2769 W hpplay-java: [main]:IPManager:getActiveNets invalid networkInfo:null
11-16 04:09:30.834 2769 2769 I hpplay-java: [main]:IPManager:getActiveNets eth0:false wifi:false mobile:false ap:false
11-16 04:09:30.834 2769 2769 I hpplay-java: [main]:ServerTaskManager:get local ip:null
11-16 04:09:31.588 645 660 I mpu_uart: [MSG-P:RECV]:No message received in 1000 ms
11-16 04:09:31.835 2769 2769 W hpplay-java: [main]:IPManager:getActiveNets invalid networkInfo:null
11-16 04:09:31.835 2769 2769 I hpplay-java: [main]:IPManager:getActiveNets eth0:false wifi:false mobile:false ap:false
11-16 04:09:31.835 2769 2769 I hpplay-java: [main]:ServerTaskManager:get local ip:null
11-16 04:09:32.589 645 660 I mpu_uart: [MSG-P:RECV]:No message received in 1000 ms
11-16 04:09:32.836 2769 2769 W hpplay-java: [main]:IPManager:getActiveNets invalid networkInfo:null
11-16 04:09:32.837 2769 2769 I hpplay-java: [main]:IPManager:getActiveNets eth0:false wifi:false mobile:false ap:false
11-16 04:09:32.837 2769 2769 I hpplay-java: [main]:ServerTaskManager:get local ip:null