11-16 03:29:57.014 1504 1601 I am_wtf : [0,1504,system_server,-1,DisplayDeviceConfig,requesting nits when no mapping exists.]
11-16 03:29:57.015 1504 1601 I am_wtf : [0,1504,system_server,-1,DisplayDeviceConfig,requesting nits when no mapping exists.]
11-16 03:29:57.033 1504 1601 I am_wtf : [0,1504,system_server,-1,DisplayDeviceConfig,requesting nits when no mapping exists.]
11-16 03:29:57.035 1504 1601 I am_wtf : [0,1504,system_server,-1,DisplayDeviceConfig,requesting nits when no mapping exists.]
11-16 03:29:57.049 1504 1601 I am_wtf : [0,1504,system_server,-1,DisplayDeviceConfig,requesting nits when no mapping exists.]
11-16 03:29:57.050 1504 1601 I am_wtf : [0,1504,system_server,-1,DisplayDeviceConfig,requesting nits when no mapping exists.]
11-16 03:29:57.066 1504 1601 I am_wtf : [0,1504,system_server,-1,DisplayDeviceConfig,requesting nits when no mapping exists.]
11-16 03:29:57.066 1504 1601 I am_wtf : [0,1504,system_server,-1,DisplayDeviceConfig,requesting nits when no mapping exists.]
11-16 03:29:57.083 1504 1601 I am_wtf : [0,1504,system_server,-1,DisplayDeviceConfig,requesting nits when no mapping exists.]
11-16 03:29:57.084 1504 1601 I am_wtf : [0,1504,system_server,-1,DisplayDeviceConfig,requesting nits when no mapping exists.]
11-16 03:29:57.099 1504 1601 I am_wtf : [0,1504,system_server,-1,DisplayDeviceConfig,requesting nits when no mapping exists.]
11-16 03:29:57.100 1504 1601 I am_wtf : [0,1504,system_server,-1,DisplayDeviceConfig,requesting nits when no mapping exists.]
11-16 03:29:57.115 1504 1601 I am_wtf : [0,1504,system_server,-1,DisplayDeviceConfig,requesting nits when no mapping exists.]
11-16 03:29:57.117 1504 1601 I am_wtf : [0,1504,system_server,-1,DisplayDeviceConfig,requesting nits when no mapping exists.]
11-16 03:29:57.131 1504 1601 I am_wtf : [0,1504,system_server,-1,DisplayDeviceConfig,requesting nits when no mapping exists.]
11-16 03:29:57.132 1504 1601 I am_wtf : [0,1504,system_server,-1,DisplayDeviceConfig,requesting nits when no mapping exists.]
11-16 03:29:57.148 1504 1601 I am_wtf : [0,1504,system_server,-1,DisplayDeviceConfig,requesting nits when no mapping exists.]
11-16 03:29:57.154 1504 1601 I am_wtf : [0,1504,system_server,-1,DisplayDeviceConfig,requesting nits when no mapping exists.]
11-16 03:29:57.166 1504 1601 I am_wtf : [0,1504,system_server,-1,DisplayDeviceConfig,requesting nits when no mapping exists.]
11-16 03:29:57.167 1504 1601 I am_wtf : [0,1504,system_server,-1,DisplayDeviceConfig,requesting nits when no mapping exists.]
11-16 03:29:57.183 1504 1601 I am_wtf : [0,1504,system_server,-1,DisplayDeviceConfig,requesting nits when no mapping exists.]
11-16 03:29:57.184 1504 1601 I am_wtf : [0,1504,system_server,-1,DisplayDeviceConfig,requesting nits when no mapping exists.]
11-16 03:29:57.198 1504 1601 I am_wtf : [0,1504,system_server,-1,DisplayDeviceConfig,requesting nits when no mapping exists.]
11-16 03:29:57.199 1504 1601 I am_wtf : [0,1504,system_server,-1,DisplayDeviceConfig,requesting nits when no mapping exists.]
11-16 03:29:57.216 1504 1601 I am_wtf : [0,1504,system_server,-1,DisplayDeviceConfig,requesting nits when no mapping exists.]
11-16 03:29:57.217 1504 1601 I am_wtf : [0,1504,system_server,-1,DisplayDeviceConfig,requesting nits when no mapping exists.]
11-16 03:29:57.220 1504 1571 I wm_stop_activity: [0,94064340,com.android.gallery3d/.app.GalleryActivity]
11-16 03:29:57.232 1504 1601 I am_wtf : [0,1504,system_server,-1,DisplayDeviceConfig,requesting nits when no mapping exists.]
11-16 03:29:57.233 1504 1601 I am_wtf : [0,1504,system_server,-1,DisplayDeviceConfig,requesting nits when no mapping exists.]
11-16 03:29:57.245 4030 4030 I wm_on_stop_called: [94064340,com.android.gallery3d.app.GalleryActivity,STOP_ACTIVITY_ITEM]
11-16 03:29:57.249 1504 1601 I am_wtf : [0,1504,system_server,-1,DisplayDeviceConfig,requesting nits when no mapping exists.]
11-16 03:29:57.251 1504 1601 I am_wtf : [0,1504,system_server,-1,DisplayDeviceConfig,requesting nits when no mapping exists.]
11-16 03:29:57.269 1504 1601 I am_wtf : [0,1504,system_server,-1,DisplayDeviceConfig,requesting nits when no mapping exists.]
11-16 03:29:57.271 1504 1601 I am_wtf : [0,1504,system_server,-1,DisplayDeviceConfig,requesting nits when no mapping exists.]
11-16 03:29:57.285 1504 1601 I am_wtf : [0,1504,system_server,-1,DisplayDeviceConfig,requesting nits when no mapping exists.]
11-16 03:29:57.286 1504 1601 I am_wtf : [0,1504,system_server,-1,DisplayDeviceConfig,requesting nits when no mapping exists.]
11-16 03:29:57.301 1504 1601 I am_wtf : [0,1504,system_server,-1,DisplayDeviceConfig,requesting nits when no mapping exists.]
11-16 03:29:57.303 1504 1601 I am_wtf : [0,1504,system_server,-1,DisplayDeviceConfig,requesting nits when no mapping exists.]
11-16 03:29:57.317 1504 1601 I am_wtf : [0,1504,system_server,-1,DisplayDeviceConfig,requesting nits when no mapping exists.]
11-16 03:29:57.318 1504 1601 I am_wtf : [0,1504,system_server,-1,DisplayDeviceConfig,requesting nits when no mapping exists.]
11-16 03:29:57.334 1504 1601 I am_wtf : [0,1504,system_server,-1,DisplayDeviceConfig,requesting nits when no mapping exists.]
11-16 03:29:57.335 1504 1601 I am_wtf : [0,1504,system_server,-1,DisplayDeviceConfig,requesting nits when no mapping exists.]
11-16 03:29:57.349 1504 1601 I am_wtf : [0,1504,system_server,-1,DisplayDeviceConfig,requesting nits when no mapping exists.]
11-16 03:29:57.350 1504 1601 I am_wtf : [0,1504,system_server,-1,DisplayDeviceConfig,requesting nits when no mapping exists.]
11-16 03:29:57.366 1504 1601 I am_wtf : [0,1504,system_server,-1,DisplayDeviceConfig,requesting nits when no mapping exists.]
11-16 03:29:57.367 1504 1601 I am_wtf : [0,1504,system_server,-1,DisplayDeviceConfig,requesting nits when no mapping exists.]
11-16 03:29:57.382 1504 1601 I am_wtf : [0,1504,system_server,-1,DisplayDeviceConfig,requesting nits when no mapping exists.]
11-16 03:29:57.384 1504 1601 I am_wtf : [0,1504,system_server,-1,DisplayDeviceConfig,requesting nits when no mapping exists.]
11-16 03:29:57.384 1504 1601 I service_manager_stats: [100,47,10976]
11-16 03:29:57.404 1504 1601 I am_wtf : [0,1504,system_server,-1,DisplayDeviceConfig,requesting nits when no mapping exists.]
11-16 03:29:57.405 1504 1601 I am_wtf : [0,1504,system_server,-1,DisplayDeviceConfig,requesting nits when no mapping exists.]
11-16 03:29:57.415 1504 1601 I am_wtf : [0,1504,system_server,-1,DisplayDeviceConfig,requesting nits when no mapping exists.]
11-16 03:29:57.417 1504 1601 I am_wtf : [0,1504,system_server,-1,DisplayDeviceConfig,requesting nits when no mapping exists.]
11-16 03:29:57.434 1504 1601 I am_wtf : [0,1504,system_server,-1,DisplayDeviceConfig,requesting nits when no mapping exists.]
11-16 03:29:57.435 1504 1601 I am_wtf : [0,1504,system_server,-1,DisplayDeviceConfig,requesting nits when no mapping exists.]
11-16 03:29:57.453 1504 1601 I am_wtf : [0,1504,system_server,-1,DisplayDeviceConfig,requesting nits when no mapping exists.]
11-16 03:29:57.455 1504 1601 I am_wtf : [0,1504,system_server,-1,DisplayDeviceConfig,requesting nits when no mapping exists.]
11-16 03:29:57.466 1504 1601 I am_wtf : [0,1504,system_server,-1,DisplayDeviceConfig,requesting nits when no mapping exists.]
11-16 03:29:57.468 1504 1601 I am_wtf : [0,1504,system_server,-1,DisplayDeviceConfig,requesting nits when no mapping exists.]
11-16 03:29:57.483 1504 1601 I am_wtf : [0,1504,system_server,-1,DisplayDeviceConfig,requesting nits when no mapping exists.]
11-16 03:29:57.484 1504 1601 I am_wtf : [0,1504,system_server,-1,DisplayDeviceConfig,requesting nits when no mapping exists.]
11-16 03:29:57.498 1504 1601 I am_wtf : [0,1504,system_server,-1,DisplayDeviceConfig,requesting nits when no mapping exists.]
11-16 03:29:57.499 1504 1601 I am_wtf : [0,1504,system_server,-1,DisplayDeviceConfig,requesting nits when no mapping exists.]
11-16 03:29:57.517 1504 1601 I am_wtf : [0,1504,system_server,-1,DisplayDeviceConfig,requesting nits when no mapping exists.]
11-16 03:29:57.519 1504 1601 I am_wtf : [0,1504,system_server,-1,DisplayDeviceConfig,requesting nits when no mapping exists.]
11-16 03:29:57.539 1504 1601 I am_wtf : [0,1504,system_server,-1,DisplayDeviceConfig,requesting nits when no mapping exists.]
11-16 03:29:57.540 1504 1601 I am_wtf : [0,1504,system_server,-1,DisplayDeviceConfig,requesting nits when no mapping exists.]
11-16 03:29:57.555 1504 1601 I am_wtf : [0,1504,system_server,-1,DisplayDeviceConfig,requesting nits when no mapping exists.]
11-16 03:29:57.557 1504 1601 I am_wtf : [0,1504,system_server,-1,DisplayDeviceConfig,requesting nits when no mapping exists.]
11-16 03:29:57.569 1504 1601 I am_wtf : [0,1504,system_server,-1,DisplayDeviceConfig,requesting nits when no mapping exists.]
11-16 03:29:57.571 1504 1601 I am_wtf : [0,1504,system_server,-1,DisplayDeviceConfig,requesting nits when no mapping exists.]
11-16 03:29:57.589 1504 1601 I am_wtf : [0,1504,system_server,-1,DisplayDeviceConfig,requesting nits when no mapping exists.]
11-16 03:29:57.590 1504 1601 I am_wtf : [0,1504,system_server,-1,DisplayDeviceConfig,requesting nits when no mapping exists.]
11-16 03:29:57.605 1504 1601 I am_wtf : [0,1504,system_server,-1,DisplayDeviceConfig,requesting nits when no mapping exists.]
11-16 03:29:57.606 1504 1601 I am_wtf : [0,1504,system_server,-1,DisplayDeviceConfig,requesting nits when no mapping exists.]
11-16 03:29:57.622 1504 1601 I am_wtf : [0,1504,system_server,-1,DisplayDeviceConfig,requesting nits when no mapping exists.]
11-16 03:29:57.623 1504 1601 I am_wtf : [0,1504,system_server,-1,DisplayDeviceConfig,requesting nits when no mapping exists.]
11-16 03:29:57.639 1504 1601 I am_wtf : [0,1504,system_server,-1,DisplayDeviceConfig,requesting nits when no mapping exists.]
11-16 03:29:57.641 1504 1601 I am_wtf : [0,1504,system_server,-1,DisplayDeviceConfig,requesting nits when no mapping exists.]
11-16 03:29:57.653 1504 1601 I am_wtf : [0,1504,system_server,-1,DisplayDeviceConfig,requesting nits when no mapping exists.]
11-16 03:29:57.654 1504 1601 I am_wtf : [0,1504,system_server,-1,DisplayDeviceConfig,requesting nits when no mapping exists.]
11-16 03:29:57.668 1504 1601 I am_wtf : [0,1504,system_server,-1,DisplayDeviceConfig,requesting nits when no mapping exists.]
11-16 03:29:57.669 1504 1601 I am_wtf : [0,1504,system_server,-1,DisplayDeviceConfig,requesting nits when no mapping exists.]
11-16 03:30:57.241 1504 1601 I am_uid_idle: 10064
11-16 03:31:03.277 1504 1601 I am_uid_idle: 10066
11-16 03:33:42.955 1504 1668 I am_freeze: [3081,com.android.traceur]
11-16 03:33:42.957 1504 1668 I am_kill : [0,3081,com.android.traceur,975,Unable to freeze binder interface]
11-16 03:33:43.002 1504 2099 I am_proc_died: [0,3081,com.android.traceur,975,19]
11-16 03:33:43.004 1504 2099 I am_uid_stopped: 10032
11-16 03:33:43.020 1504 1598 I am_pss : [4192,10051,com.thundercomm.screensaver,62637056,57044992,0,176599040,0,2,9]
11-16 03:33:43.032 1504 1598 I am_pss : [4030,10064,com.android.gallery3d,18922496,13361152,0,133591040,0,15,8]
11-16 03:33:43.040 1504 1598 I am_pss : [3441,10086,com.android.music,20319232,14684160,0,138514432,0,4,7]
11-16 03:33:44.815 1504 1668 I am_freeze: [3352,com.android.calendar]
11-16 03:33:44.817 1504 1668 I am_kill : [0,3352,com.android.calendar,975,Unable to freeze binder interface]
11-16 03:33:44.843 1504 2493 I am_proc_died: [0,3352,com.android.calendar,975,19]
11-16 03:33:44.844 1504 2493 I am_uid_stopped: 10063
11-16 03:33:44.948 1504 1668 I am_freeze: [3371,com.android.dynsystem]
11-16 03:33:44.949 1504 1668 I am_kill : [0,3371,com.android.dynsystem,965,Unable to freeze binder interface]
11-16 03:33:44.972 1504 2493 I am_proc_died: [0,3371,com.android.dynsystem,965,19]
11-16 03:33:45.028 1504 1668 I am_freeze: [3387,com.android.dynsystem:dynsystem]
11-16 03:33:45.030 1504 1668 I am_kill : [0,3387,com.android.dynsystem:dynsystem,995,Unable to freeze binder interface]
11-16 03:33:45.055 1504 2493 I am_proc_died: [0,3387,com.android.dynsystem:dynsystem,995,19]
11-16 03:33:45.512 1504 1668 I am_freeze: [3465,com.android.localtransport]
11-16 03:33:45.514 1504 1668 I am_kill : [0,3465,com.android.localtransport,975,Unable to freeze binder interface]
11-16 03:33:45.519 1504 1668 I am_freeze: [3457,com.android.onetimeinitializer]
11-16 03:33:45.520 1504 1668 I am_kill : [0,3457,com.android.onetimeinitializer,985,Unable to freeze binder interface]
11-16 03:33:45.546 1504 2099 I am_proc_died: [0,3465,com.android.localtransport,975,19]
11-16 03:33:45.549 1504 2493 I am_proc_died: [0,3457,com.android.onetimeinitializer,985,19]
11-16 03:33:45.550 1504 2493 I am_uid_stopped: 10059
11-16 03:33:45.606 1504 1668 I am_freeze: [2877,com.android.keychain]
11-16 03:33:45.608 1504 1668 I am_kill : [0,2877,com.android.keychain,965,Unable to freeze binder interface]
11-16 03:33:45.641 1504 2099 I am_proc_died: [0,2877,com.android.keychain,965,19]
11-16 03:33:45.986 1504 1668 I am_freeze: [2366,com.android.settings]
11-16 03:33:45.988 1504 1668 I am_kill : [0,2366,com.android.settings,965,Unable to freeze binder interface]
11-16 03:33:46.041 1504 2099 I am_proc_died: [0,2366,com.android.settings,965,19]
11-16 03:33:46.170 1504 1668 I am_freeze: [3591,com.android.phone]
11-16 03:33:46.172 1504 1668 I am_kill : [0,3591,com.android.phone,955,Unable to freeze binder interface]
11-16 03:33:46.197 1504 4276 I am_proc_died: [0,3591,com.android.phone,955,19]
11-16 03:33:46.778 1504 1668 I am_freeze: [3656,com.qualcomm.qti.qms.service.connectionsecurity]
11-16 03:33:46.780 1504 1668 I am_kill : [0,3656,com.qualcomm.qti.qms.service.connectionsecurity,945,Unable to freeze binder interface]
11-16 03:33:46.817 1504 4276 I am_proc_died: [0,3656,com.qualcomm.qti.qms.service.connectionsecurity,945,19]
11-16 03:33:46.818 1504 4276 I am_uid_stopped: 10058
11-16 03:33:46.832 1504 1668 I am_freeze: [3029,com.qualcomm.qtil.aptxui]
11-16 03:33:46.834 1504 1668 I am_kill : [0,3029,com.qualcomm.qtil.aptxui,935,Unable to freeze binder interface]
11-16 03:33:46.863 1504 2099 I am_proc_died: [0,3029,com.qualcomm.qtil.aptxui,935,19]
11-16 03:33:46.864 1504 2099 I am_uid_stopped: 10090
11-16 03:33:47.490 1504 1668 I am_freeze: [3697,com.android.externalstorage]
11-16 03:33:47.492 1504 1668 I am_kill : [0,3697,com.android.externalstorage,935,Unable to freeze binder interface]
11-16 03:33:47.522 1504 2099 I am_proc_died: [0,3697,com.android.externalstorage,935,19]
11-16 03:33:47.523 1504 2099 I am_uid_stopped: 10033
11-16 03:33:47.936 1504 1668 I am_freeze: [2655,com.android.deskclock]
11-16 03:33:47.938 1504 1668 I am_kill : [0,2655,com.android.deskclock,925,Unable to freeze binder interface]
11-16 03:33:47.972 1504 2099 I am_proc_died: [0,2655,com.android.deskclock,925,19]
11-16 03:33:47.973 1504 2099 I am_uid_stopped: 10068
11-16 03:33:50.990 1504 1668 I am_freeze: [3552,com.android.providers.calendar]
11-16 03:33:50.992 1504 1668 I am_kill : [0,3552,com.android.providers.calendar,935,Unable to freeze binder interface]
11-16 03:33:51.039 1504 2059 I am_proc_died: [0,3552,com.android.providers.calendar,935,19]
11-16 03:33:51.040 1504 2059 I am_uid_stopped: 10026
11-16 03:33:52.201 1504 1668 I am_freeze: [3827,com.qualcomm.qti.qms.service.trustzoneaccess]
11-16 03:33:52.202 1504 1668 I am_kill : [0,3827,com.qualcomm.qti.qms.service.trustzoneaccess,925,Unable to freeze binder interface]
11-16 03:33:52.235 1504 2059 I am_proc_died: [0,3827,com.qualcomm.qti.qms.service.trustzoneaccess,925,19]
11-16 03:33:52.235 1504 2059 I am_uid_stopped: 10054
11-16 03:34:19.724 1504 1668 I am_freeze: [2928,android.process.media]
11-16 03:34:19.728 1504 1668 I am_freeze: [2543,com.qualcomm.qti.qccauthmgr]
11-16 03:34:19.731 1504 1668 I am_freeze: [3129,android.process.acore]
11-16 03:34:19.733 1504 1668 I am_kill : [0,2928,android.process.media,925,Unable to freeze binder interface]
11-16 03:34:19.740 1504 1668 I am_kill : [0,2543,com.qualcomm.qti.qccauthmgr,935,Unable to freeze binder interface]
11-16 03:34:19.741 1504 1668 I am_kill : [0,3129,android.process.acore,965,Unable to freeze binder interface]
11-16 03:34:19.767 1504 2059 I am_proc_died: [0,2928,android.process.media,925,19]
11-16 03:34:19.769 1504 2059 I am_uid_stopped: 10022
11-16 03:34:19.771 1504 2099 I am_proc_died: [0,2543,com.qualcomm.qti.qccauthmgr,935,19]
11-16 03:34:19.773 1504 2099 I am_uid_stopped: 10088
11-16 03:34:19.775 1504 2505 I am_proc_died: [0,3129,android.process.acore,965,19]
11-16 03:34:19.776 1504 2505 I am_uid_stopped: 10028
11-16 03:34:19.781 1504 1598 I am_pss : [4192,10051,com.thundercomm.screensaver,63927296,57487360,0,177041408,0,2,7]
11-16 03:34:19.788 1504 1598 I am_pss : [4030,10064,com.android.gallery3d,19774464,13361152,0,133591040,0,15,6]
11-16 03:34:19.796 1504 1598 I am_pss : [1965,1002,com.android.bluetooth,36108288,28798976,0,149262336,0,0,8]
11-16 03:34:19.803 1504 1598 I am_pss : [2378,10096,android.ext.services,17167360,7081984,0,135585792,0,5,6]
11-16 03:34:19.808 1504 1598 I am_pss : [2346,1000,com.thundercomm.tcservice,9735168,7356416,0,98181120,0,0,5]
11-16 03:34:19.814 1504 1598 I am_pss : [2357,1000,com.qualcomm.qti.qdma,10023936,6426624,0,106274816,0,0,5]
11-16 03:34:19.820 1504 1598 I am_pss : [2335,1000,com.thundercomm.remotecontrolservice,10951680,8183808,0,101842944,0,0,5]
11-16 03:34:19.826 1504 1598 I am_pss : [2271,10087,com.qti.qualcomm.mstatssystemservice,5823488,3702784,0,90480640,0,0,5]
11-16 03:34:19.831 1504 1598 I am_pss : [2293,1068,com.android.se,6202368,3997696,0,92143616,0,0,4]
11-16 03:34:19.837 1504 1598 I am_pss : [2244,1073,com.android.networkstack.process,12619776,9650176,0,105877504,0,0,5]
11-16 03:34:19.843 1504 1598 I am_pss : [2248,1000,vendor.qti.qesdk.sysservice,5879808,3706880,0,91267072,0,0,5]
11-16 03:34:19.848 1504 1598 I am_pss : [2220,1000,com.tc.logclient,7434240,5189632,0,94560256,0,0,4]
11-16 03:34:19.853 1504 1598 I am_pss : [2209,1000,com.thundercomm.tchttpserver,9686016,7507968,0,95346688,0,0,5]
11-16 03:34:19.858 1504 1598 I am_pss : [2174,10055,.qtidataservices,6237184,4079616,0,91877376,0,0,5]
11-16 03:34:19.862 1504 1598 I am_pss : [2153,1000,com.thundercomm.tcsetupWizard,7101440,5013504,0,91103232,0,0,4]
11-16 03:34:19.867 1504 1598 I am_pss : [2172,1001,.dataservices,8697856,6406144,0,95125504,0,0,4]
11-16 03:34:19.873 1504 1598 I am_pss : [2140,1000,com.thundercomm.microsettings,37700608,34037760,0,131600384,0,0,5]
11-16 03:34:19.878 1504 1598 I am_pss : [2095,1000,com.thundercomm.microservice,10431488,8249344,0,96235520,0,0,4]
11-16 03:34:19.888 1504 1598 I am_pss : [1968,10081,com.android.systemui,93463552,74661888,0,255246336,0,0,9]
11-16 03:34:19.907 1504 1598 I am_pss : [1504,1000,system,269182976,180330496,0,592596992,0,0,17]
11-16 03:34:24.037 1504 1666 I commit_sys_config_file: [settings-0-0,3]
11-16 03:34:24.051 843 843 I auditd : type=1400 audit(0.0:258): avc: denied { search } for comm="wifi@1.0-servic" name="tombstones" dev="dm-10" ino=36 scontext=u:r:hal_wifi_default:s0 tcontext=u:object_r:vendor_tombstone_data_file:s0 tclass=dir permissive=0
11-16 03:34:24.094 1504 1504 I sysui_multi_action: [757,128,758,5,759,8,793,637441,794,602408,795,637441,796,17303299,797,com.android.wifi,806,android,857,NETWORK_AVAILABLE,858,2,947,0,1500,637238,1688,1]
11-16 03:34:24.094 1504 1504 I notification_canceled: [0|android|17303299|com.android.wifi|1000,8,637441,637441,602408,-1,-1,NULL]
11-16 03:34:50.989 1504 1668 I am_freeze: [3527,com.android.permissioncontroller]
11-16 03:34:50.991 1504 1668 I am_kill : [0,3527,com.android.permissioncontroller,915,Unable to freeze binder interface]
11-16 03:34:51.030 1504 3120 I am_proc_died: [0,3527,com.android.permissioncontroller,915,19]
11-16 03:34:51.031 1504 3120 I am_uid_stopped: 10094
11-16 03:34:51.041 1504 1598 I am_pss : [2742,10095,com.android.providers.media.module,17538048,13422592,0,118792192,0,0,7]
11-16 03:34:51.046 1504 1598 I am_pss : [2998,10076,com.qualcomm.location.XT,6915072,4575232,0,94162944,0,6,5]
11-16 03:34:51.052 1504 1598 I am_pss : [3575,2000,com.android.shell,6534144,4255744,0,92364800,0,19,5]
11-16 03:34:51.056 1504 1598 I am_pss : [3506,10024,com.android.packageinstaller,7570432,5439488,0,91303936,0,19,4]
11-16 03:34:51.061 1504 1598 I am_pss : [3424,10030,com.android.managedprovisioning,9484288,7270400,0,94769152,0,19,5]
11-16 03:34:51.067 1504 1598 I am_pss : [2868,10071,com.qualcomm.location,11128832,7634944,0,105889792,0,0,5]
11-16 03:35:48.416 1504 1682 I input_interaction: Interaction with: c9979f8 com.thundercomm.screensaver/android.service.dreams.DreamActivity (server), edge-swipe (server), swipe-up (server), PointerEventDispatcher0 (server),
11-16 03:35:48.419 1504 4314 I wm_finish_activity: [0,186767628,285,com.thundercomm.screensaver/android.service.dreams.DreamActivity,finish-activity]
11-16 03:35:48.419 1504 4314 I wm_task_moved: [283,1,7]
11-16 03:35:48.419 1504 4314 I wm_task_to_front: [0,283]
11-16 03:35:48.420 1504 4314 I wm_focused_root_task: [0,0,283,285,finish-top adjustFocusToNextFocusableTask]
11-16 03:35:48.423 1504 4314 I wm_pause_activity: [0,186767628,com.thundercomm.screensaver/android.service.dreams.DreamActivity,userLeaving=false,finish]
11-16 03:35:48.429 1504 1571 I sysui_multi_action: [757,803,799,window_time_0,802,351]
11-16 03:35:48.430 4192 4192 I wm_on_top_resumed_lost_called: [186767628,android.service.dreams.DreamActivity,topStateChangedWhenResumed]
11-16 03:35:48.430 4192 4192 I wm_on_paused_called: [186767628,android.service.dreams.DreamActivity,performPause]
11-16 03:35:48.430 1504 3120 I wm_add_to_stopping: [0,186767628,com.thundercomm.screensaver/android.service.dreams.DreamActivity,completeFinishing]
11-16 03:35:48.434 1504 3120 I wm_set_resumed_activity: [0,com.android.gallery3d/.app.GalleryActivity,resumeTopActivityInnerLocked]
11-16 03:35:48.435 1504 3120 I wm_resume_activity: [0,94064340,283,com.android.gallery3d/.app.GalleryActivity]
11-16 03:35:48.442 1504 1571 I am_uid_active: 10064
11-16 03:35:48.445 1504 1571 I sysui_multi_action: [757,803,799,window_time_0,802,0]
11-16 03:35:48.450 1504 1682 I input_focus: [Focus leaving c9979f8 com.thundercomm.screensaver/android.service.dreams.DreamActivity (server),reason=NO_WINDOW]
11-16 03:35:48.450 4192 4192 I view_enqueue_input_event: [Motion - Cancel,com.thundercomm.screensaver/android.service.dreams.DreamActivity]
11-16 03:35:48.455 4030 4030 I wm_on_restart_called: [94064340,com.android.gallery3d.app.GalleryActivity,performRestartActivity]
11-16 03:35:48.458 1504 1598 I am_pss : [3919,10027,com.baidu.input,68497408,62410752,0,176373760,0,7,8]
11-16 03:35:48.458 4030 4030 I wm_on_start_called: [94064340,com.android.gallery3d.app.GalleryActivity,handleStartActivity]
11-16 03:35:48.463 4030 4030 I wm_on_resume_called: [94064340,com.android.gallery3d.app.GalleryActivity,RESUME_ACTIVITY]
11-16 03:35:48.463 4030 4030 I wm_on_top_resumed_gained_called: [94064340,com.android.gallery3d.app.GalleryActivity,topWhenResuming]
11-16 03:35:48.463 1504 1504 I am_uid_active: 10066
11-16 03:35:48.469 1504 1598 I am_pss : [2861,10089,com.qualcomm.qti.workloadclassifier,8745984,6537216,0,93646848,0,0,5]
11-16 03:35:48.475 1504 1598 I am_pss : [2815,10083,com.qualcomm.qti.qccnetstat,6608896,4337664,0,92151808,0,0,5]
11-16 03:35:48.478 1504 1572 I input_focus: [Focus request b39b846 com.android.gallery3d/com.android.gallery3d.app.GalleryActivity,reason=UpdateInputWindows]
11-16 03:35:48.482 1504 1598 I am_pss : [2807,10077,com.qualcomm.qti.services.systemhelper:systemhelper_service,6834176,4485120,0,94150656,0,0,6]
11-16 03:35:48.489 1504 1598 I am_pss : [2796,10053,.pasr,5805056,3641344,0,89706496,0,0,6]
11-16 03:35:48.495 1504 1598 I am_pss : [2776,10057,ts.car.uart,6590464,4427776,0,90906624,0,0,5]
11-16 03:35:48.501 1504 1598 I am_pss : [2769,10084,com.hht.lebocast,41568256,17735680,0,113475584,0,0,5]
11-16 03:35:48.507 1504 1598 I am_pss : [3158,10062,com.qualcomm.qti.devicestatisticsservice,5732352,3571712,0,89509888,0,0,5]
11-16 03:35:48.509 1504 1682 I input_focus: [Focus entering b39b846 com.android.gallery3d/com.android.gallery3d.app.GalleryActivity (server),reason=Window became focusable. Previous reason: NOT_VISIBLE]
11-16 03:35:48.815 1504 1682 I input_interaction: Interaction with: b39b846 com.android.gallery3d/com.android.gallery3d.app.GalleryActivity (server), edge-swipe (server), swipe-up (server), PointerEventDispatcher0 (server),
11-16 03:35:48.823 1504 3120 I wm_task_moved: [280,0,0]
11-16 03:35:48.824 1504 3120 I wm_task_moved: [280,0,6]
11-16 03:35:48.852 4030 4030 I view_enqueue_input_event: [Motion - Cancel,com.android.gallery3d/com.android.gallery3d.app.GalleryActivity]
11-16 03:35:48.852 2496 2496 I wm_on_restart_called: [50203839,com.android.launcher3.uioverrides.QuickstepLauncher,performRestartActivity]
11-16 03:35:48.855 1504 1572 I input_focus: [Focus request recents_animation_input_consumer,reason=UpdateInputWindows]
11-16 03:35:48.856 1504 1682 I input_interaction: Interaction with: edge-swipe (server), swipe-up (server), PointerEventDispatcher0 (server),
11-16 03:35:48.876 1504 1682 I input_focus: [Focus leaving b39b846 com.android.gallery3d/com.android.gallery3d.app.GalleryActivity (server),reason=NOT_FOCUSABLE]
11-16 03:35:48.877 1504 1682 I input_focus: [Focus entering recents_animation_input_consumer (server),reason=setFocusedWindow]
11-16 03:35:48.883 2496 2496 I wm_on_start_called: [50203839,com.android.launcher3.uioverrides.QuickstepLauncher,handleStartActivity]
11-16 03:35:48.895 2496 2496 I sysui_latency: [1,80]
11-16 03:35:48.913 1504 1568 I sysui_multi_action: [319,13,322,79,325,738,757,761,758,9,759,5,806,com.android.launcher3,871,com.android.launcher3.uioverrides.QuickstepLauncher,904,com.android.launcher3,905,0,1320,8,1321,5]
11-16 03:35:49.011 1504 1571 I wm_destroy_activity: [0,186767628,285,com.thundercomm.screensaver/android.service.dreams.DreamActivity,finish-imm:idle]
11-16 03:35:49.039 4192 4192 I wm_on_stop_called: [186767628,android.service.dreams.DreamActivity,LIFECYCLER_STOP_ACTIVITY]
11-16 03:35:49.040 4192 4192 I wm_on_destroy_called: [186767628,android.service.dreams.DreamActivity,performDestroy]
11-16 03:35:49.045 1504 1568 I sysui_multi_action: [757,222,758,2]
11-16 03:35:49.045 1504 1568 I sysui_multi_action: [757,804,799,dreaming_minutes,801,5,802,1]
11-16 03:35:49.059 1504 2032 I wm_task_removed: [285,removeChild:removeChild last r=ActivityRecord{b21d90c u0 com.thundercomm.screensaver/android.service.dreams.DreamActivity t-1 f}} in t=Task{a8bee41 #285 type=dream A=10051:android:com.thundercomm.screensaver/dream U=0 visible=false mode=fullscreen translucent=true sz=0}]
11-16 03:35:49.060 1504 2032 I wm_task_removed: [285,removeChild]
11-16 03:35:49.087 1504 1666 I commit_sys_config_file: [settings-1-0,4]
11-16 03:35:49.205 1504 1598 I sysui_latency: [8,84]
11-16 03:35:49.462 1504 1682 I input_interaction: Interaction with: recents_animation_input_consumer (server), edge-swipe (server), swipe-up (server), PointerEventDispatcher0 (server),
11-16 03:35:49.485 1504 1534 I wm_task_moved: [280,1,7]
11-16 03:35:49.486 1504 1534 I wm_task_moved: [281,1,2147483647]
11-16 03:35:49.486 1504 1534 I wm_task_to_front: [0,281]
11-16 03:35:49.486 1504 1534 I wm_focused_root_task: [0,0,280,283,RecentsAnimation.onAnimationFinished()]
11-16 03:35:49.486 1504 1534 I wm_set_resumed_activity: [0,com.android.launcher3/.uioverrides.QuickstepLauncher,RecentsAnimation.onAnimationFinished()]
11-16 03:35:49.487 1504 1534 I wm_pause_activity: [0,94064340,com.android.gallery3d/.app.GalleryActivity,userLeaving=true,pauseBackTasks]
11-16 03:35:49.488 1504 1534 I wm_add_to_stopping: [0,94064340,com.android.gallery3d/.app.GalleryActivity,makeInvisible]
11-16 03:35:49.488 1504 1534 I wm_set_resumed_activity: [0,com.android.launcher3/.uioverrides.QuickstepLauncher,resumeTopActivityInnerLocked]
11-16 03:35:49.490 4030 4030 I wm_on_top_resumed_lost_called: [94064340,com.android.gallery3d.app.GalleryActivity,topStateChangedWhenResumed]
11-16 03:35:49.492 1504 1534 I wm_resume_activity: [0,50203839,281,com.android.launcher3/.uioverrides.QuickstepLauncher]
11-16 03:35:49.500 2496 2496 I wm_on_resume_called: [50203839,com.android.launcher3.uioverrides.QuickstepLauncher,RESUME_ACTIVITY]
11-16 03:35:49.505 1504 1572 I input_focus: [Focus request e1de84c com.android.launcher3/com.android.launcher3.uioverrides.QuickstepLauncher,reason=UpdateInputWindows]
11-16 03:35:49.507 2496 2496 I wm_on_top_resumed_gained_called: [50203839,com.android.launcher3.uioverrides.QuickstepLauncher,topStateChangedWhenResumed]
11-16 03:35:49.509 4030 4030 I wm_on_paused_called: [94064340,com.android.gallery3d.app.GalleryActivity,performPause]
11-16 03:35:49.512 1504 1682 I input_focus: [Focus leaving recents_animation_input_consumer (server),reason=NOT_VISIBLE]
11-16 03:35:49.512 1504 1682 I input_focus: [Focus entering e1de84c com.android.launcher3/com.android.launcher3.uioverrides.QuickstepLauncher (server),reason=setFocusedWindow]
11-16 03:35:49.522 1504 2032 I wm_stop_activity: [0,94064340,com.android.gallery3d/.app.GalleryActivity]
11-16 03:35:49.527 1504 1571 I sysui_multi_action: [757,803,799,window_time_0,802,2]
11-16 03:35:49.529 1504 1571 I sysui_multi_action: [757,803,799,window_time_0,802,0]
11-16 03:35:49.531 1504 1571 I am_uid_running: 10063
11-16 03:35:49.539 4030 4030 I wm_on_stop_called: [94064340,com.android.gallery3d.app.GalleryActivity,STOP_ACTIVITY_ITEM]
11-16 03:35:49.550 1504 1603 I am_proc_start: [0,4340,1000,com.android.settings,NULL,]
11-16 03:35:49.559 1504 1603 I am_proc_start: [0,4341,10063,com.android.calendar,NULL,]
11-16 03:35:49.565 1504 1682 I input_interaction: Interaction with: edge-swipe (server), swipe-up (server), PointerEventDispatcher0 (server),
11-16 03:35:49.573 1504 3120 I am_proc_bound: [0,4341,com.android.calendar]
11-16 03:35:49.587 1504 3120 I am_proc_bound: [0,4340,com.android.settings]
11-16 03:35:49.754 1504 1666 I commit_sys_config_file: [settings-1-0,7]
11-16 03:35:50.064 1504 3120 I wm_task_moved: [280,1,7]
11-16 03:35:50.064 1504 3120 I wm_set_resumed_activity: [0,com.android.launcher3/.uioverrides.QuickstepLauncher,positionChildAt]
11-16 03:35:50.064 1504 3120 I wm_task_moved: [283,1,7]
11-16 03:35:50.064 1504 3120 I wm_task_to_front: [0,283]
11-16 03:35:50.065 1504 3120 I wm_focused_root_task: [0,0,283,280,moveTaskToFront findTaskToMoveToFront]
11-16 03:35:50.065 1504 3120 I wm_set_resumed_activity: [0,com.android.gallery3d/.app.GalleryActivity,moveTaskToFront findTaskToMoveToFront]
11-16 03:35:50.066 2496 2496 I wm_on_top_resumed_lost_called: [50203839,com.android.launcher3.uioverrides.QuickstepLauncher,topStateChangedWhenResumed]
11-16 03:35:50.066 1504 3120 I wm_pause_activity: [0,50203839,com.android.launcher3/.uioverrides.QuickstepLauncher,userLeaving=true,pauseBackTasks]
11-16 03:35:50.072 2496 2496 I wm_on_paused_called: [50203839,com.android.launcher3.uioverrides.QuickstepLauncher,performPause]
11-16 03:35:50.077 1504 1534 I wm_set_resumed_activity: [0,com.android.gallery3d/.app.GalleryActivity,resumeTopActivityInnerLocked]
11-16 03:35:50.079 1504 1534 I wm_add_to_stopping: [0,50203839,com.android.launcher3/.uioverrides.QuickstepLauncher,makeInvisible]
11-16 03:35:50.081 1504 1534 I wm_resume_activity: [0,94064340,283,com.android.gallery3d/.app.GalleryActivity]
11-16 03:35:50.095 1504 1571 I sysui_multi_action: [757,803,799,window_time_0,802,0]
11-16 03:35:50.101 4030 4030 I wm_on_restart_called: [94064340,com.android.gallery3d.app.GalleryActivity,performRestartActivity]
11-16 03:35:50.101 1504 1682 I input_focus: [Focus leaving e1de84c com.android.launcher3/com.android.launcher3.uioverrides.QuickstepLauncher (server),reason=NO_WINDOW]
11-16 03:35:50.102 4030 4030 I wm_on_start_called: [94064340,com.android.gallery3d.app.GalleryActivity,handleStartActivity]
11-16 03:35:50.104 4030 4030 I wm_on_resume_called: [94064340,com.android.gallery3d.app.GalleryActivity,RESUME_ACTIVITY]
11-16 03:35:50.104 4030 4030 I wm_on_top_resumed_gained_called: [94064340,com.android.gallery3d.app.GalleryActivity,topWhenResuming]
11-16 03:35:50.122 1504 1572 I input_focus: [Focus request b39b846 com.android.gallery3d/com.android.gallery3d.app.GalleryActivity,reason=UpdateInputWindows]
11-16 03:35:50.127 1968 1968 I sysui_multi_action: [757,111,758,2]
11-16 03:35:50.128 1968 1968 I sysui_multi_action: [757,111,758,2]
11-16 03:35:50.128 1504 1504 I notification_enqueue: [10081,1968,com.android.systemui,2048,NULL,0,Notification(channel=updateNotification shortcut=null contentView=null vibrate=null sound=null defaults=0x0 flags=0x0 color=0x00000000 vis=PRIVATE),1]
11-16 03:35:50.133 1968 1968 I sysui_multi_action: [757,111,758,1]
11-16 03:35:50.134 1968 1968 I sysui_multi_action: [757,126,758,1,759,126,927,0,928,0,1593,0]
11-16 03:35:50.134 1968 1968 I sysui_multi_action: [757,113,758,1,759,113,927,1,928,1,1593,0]
11-16 03:35:50.134 1968 1968 I sysui_multi_action: [757,0,758,1,759,0,927,2,928,0,1593,0]
11-16 03:35:50.134 1968 1968 I sysui_multi_action: [757,0,758,1,759,0,927,3,928,0,1593,0]
11-16 03:35:50.134 1968 1968 I sysui_multi_action: [757,491,758,1,759,491,927,4,928,0,1311,-1,1593,0]
11-16 03:35:50.134 1968 1968 I sysui_multi_action: [757,0,758,1,759,0,927,5,928,0,1593,0]
11-16 03:35:50.134 1968 1968 I sysui_multi_action: [757,111,758,1]
11-16 03:35:50.134 1968 1968 I sysui_multi_action: [757,126,758,1,759,126,927,0,928,0,1593,0]
11-16 03:35:50.134 1968 1968 I sysui_multi_action: [757,113,758,1,759,113,927,1,928,1,1593,0]
11-16 03:35:50.134 1968 1968 I sysui_multi_action: [757,0,758,1,759,0,927,2,928,0,1593,0]
11-16 03:35:50.134 1968 1968 I sysui_multi_action: [757,0,758,1,759,0,927,3,928,0,1593,0]
11-16 03:35:50.138 1504 1571 I wm_stop_activity: [0,50203839,com.android.launcher3/.uioverrides.QuickstepLauncher]
11-16 03:35:50.141 1504 1568 I sysui_multi_action: [319,44,321,43,322,73,325,739,757,761,758,9,759,4,806,com.android.gallery3d,871,com.android.gallery3d.app.GalleryActivity,904,com.android.launcher3,905,0,1320,4,1321,1]
11-16 03:35:50.147 1504 1682 I input_focus: [Focus entering b39b846 com.android.gallery3d/com.android.gallery3d.app.GalleryActivity (server),reason=setFocusedWindow]
11-16 03:35:50.166 2496 2496 I wm_on_stop_called: [50203839,com.android.launcher3.uioverrides.QuickstepLauncher,STOP_ACTIVITY_ITEM]
11-16 03:35:50.186 1504 1682 I input_interaction: Interaction with: b39b846 com.android.gallery3d/com.android.gallery3d.app.GalleryActivity (server), edge-swipe (server), swipe-up (server), PointerEventDispatcher0 (server),
11-16 03:35:50.191 1504 1535 I wm_task_moved: [280,0,0]
11-16 03:35:50.191 1504 1535 I wm_task_moved: [280,0,6]
11-16 03:35:50.195 2496 2496 I wm_on_restart_called: [50203839,com.android.launcher3.uioverrides.QuickstepLauncher,performRestartActivity]
11-16 03:35:50.206 2496 2496 I wm_on_start_called: [50203839,com.android.launcher3.uioverrides.QuickstepLauncher,handleStartActivity]
11-16 03:35:50.227 1504 1568 I sysui_multi_action: [319,7,322,30,325,739,757,761,758,9,759,5,806,com.android.launcher3,871,com.android.launcher3.uioverrides.QuickstepLauncher,904,com.android.launcher3,905,0,1320,8,1321,5]
11-16 03:35:50.249 4030 4030 I view_enqueue_input_event: [Motion - Cancel,com.android.gallery3d/com.android.gallery3d.app.GalleryActivity]
11-16 03:35:50.249 2496 2496 I sysui_latency: [1,33]
11-16 03:35:50.254 1504 1682 I input_interaction: Interaction with: edge-swipe (server), swipe-up (server), PointerEventDispatcher0 (server),
11-16 03:35:50.258 1504 1572 I input_focus: [Focus request recents_animation_input_consumer,reason=UpdateInputWindows]
11-16 03:35:50.280 1504 1682 I input_focus: [Focus leaving b39b846 com.android.gallery3d/com.android.gallery3d.app.GalleryActivity (server),reason=NOT_FOCUSABLE]
11-16 03:35:50.280 1504 1682 I input_focus: [Focus entering recents_animation_input_consumer (server),reason=setFocusedWindow]
11-16 03:35:50.332 1504 1504 I sysui_multi_action: [757,1501,758,1,793,718668,794,0,795,206,796,2048,806,com.android.systemui,857,updateNotification,858,3,947,0,1500,0,1688,1]
11-16 03:35:50.333 1504 1504 I sysui_multi_action: [757,804,799,note_interruptive,801,0,802,1]
11-16 03:35:50.333 1504 1504 I sysui_multi_action: [757,199,758,1,759,2,793,718669,794,0,795,207,796,2048,806,com.android.systemui,857,updateNotification,858,3,947,0,1500,1,1688,1]
11-16 03:35:50.334 1504 1504 I notification_alert: [0|com.android.systemui|2048|null|10081,0,1,0]
11-16 03:35:50.365 1504 1666 I commit_sys_config_file: [settings-1-0,12]
11-16 03:35:50.522 1504 1598 I sysui_latency: [8,33]
11-16 03:35:50.652 1504 1666 I commit_sys_config_file: [settings-1-0,5]
11-16 03:35:51.002 1504 1682 I input_interaction: Interaction with: recents_animation_input_consumer (server), edge-swipe (server), swipe-up (server), PointerEventDispatcher0 (server),
11-16 03:35:51.030 1504 4276 I wm_task_moved: [280,1,7]
11-16 03:35:51.036 1504 4276 I wm_task_moved: [281,1,2147483647]
11-16 03:35:51.036 1504 4276 I wm_task_to_front: [0,281]
11-16 03:35:51.037 1504 4276 I wm_focused_root_task: [0,0,280,283,RecentsAnimation.onAnimationFinished()]
11-16 03:35:51.036 4030 4030 I wm_on_top_resumed_lost_called: [94064340,com.android.gallery3d.app.GalleryActivity,topStateChangedWhenResumed]
11-16 03:35:51.037 1504 4276 I wm_set_resumed_activity: [0,com.android.launcher3/.uioverrides.QuickstepLauncher,RecentsAnimation.onAnimationFinished()]
11-16 03:35:51.038 1504 4276 I wm_pause_activity: [0,94064340,com.android.gallery3d/.app.GalleryActivity,userLeaving=true,pauseBackTasks]
11-16 03:35:51.039 1504 4276 I wm_add_to_stopping: [0,94064340,com.android.gallery3d/.app.GalleryActivity,makeInvisible]
11-16 03:35:51.041 1504 4276 I wm_set_resumed_activity: [0,com.android.launcher3/.uioverrides.QuickstepLauncher,resumeTopActivityInnerLocked]
11-16 03:35:51.043 1504 4276 I wm_resume_activity: [0,50203839,281,com.android.launcher3/.uioverrides.QuickstepLauncher]
11-16 03:35:51.053 1504 1572 I input_focus: [Focus request e1de84c com.android.launcher3/com.android.launcher3.uioverrides.QuickstepLauncher,reason=UpdateInputWindows]
11-16 03:35:51.057 4030 4030 I wm_on_paused_called: [94064340,com.android.gallery3d.app.GalleryActivity,performPause]
11-16 03:35:51.059 1504 1571 I wm_stop_activity: [0,94064340,com.android.gallery3d/.app.GalleryActivity]
11-16 03:35:51.062 1504 1571 I sysui_multi_action: [757,803,799,window_time_0,802,1]
11-16 03:35:51.065 1504 1682 I input_focus: [Focus leaving recents_animation_input_consumer (server),reason=NOT_VISIBLE]
11-16 03:35:51.065 1504 1682 I input_focus: [Focus entering e1de84c com.android.launcher3/com.android.launcher3.uioverrides.QuickstepLauncher (server),reason=setFocusedWindow]
11-16 03:35:51.069 2496 2496 I wm_on_resume_called: [50203839,com.android.launcher3.uioverrides.QuickstepLauncher,RESUME_ACTIVITY]
11-16 03:35:51.072 1504 1682 I input_interaction: Interaction with: edge-swipe (server), swipe-up (server), PointerEventDispatcher0 (server),
11-16 03:35:51.072 2496 2496 I wm_on_top_resumed_gained_called: [50203839,com.android.launcher3.uioverrides.QuickstepLauncher,topStateChangedWhenResumed]
11-16 03:35:51.077 1504 1571 I sysui_multi_action: [757,803,799,window_time_0,802,0]
11-16 03:35:51.094 4030 4030 I wm_on_stop_called: [94064340,com.android.gallery3d.app.GalleryActivity,STOP_ACTIVITY_ITEM]
11-16 03:35:51.240 1504 1666 I commit_sys_config_file: [settings-1-0,5]
11-16 03:35:51.670 1504 1534 I wm_task_moved: [280,1,7]
11-16 03:35:51.671 1504 1534 I wm_set_resumed_activity: [0,com.android.launcher3/.uioverrides.QuickstepLauncher,positionChildAt]
11-16 03:35:51.672 1504 1534 I wm_task_moved: [283,1,7]
11-16 03:35:51.672 1504 1534 I wm_task_to_front: [0,283]
11-16 03:35:51.674 1504 1534 I wm_focused_root_task: [0,0,283,280,moveTaskToFront findTaskToMoveToFront]
11-16 03:35:51.674 2496 2496 I wm_on_top_resumed_lost_called: [50203839,com.android.launcher3.uioverrides.QuickstepLauncher,topStateChangedWhenResumed]
11-16 03:35:51.675 1504 1534 I wm_set_resumed_activity: [0,com.android.gallery3d/.app.GalleryActivity,moveTaskToFront findTaskToMoveToFront]
11-16 03:35:51.678 1504 1534 I wm_pause_activity: [0,50203839,com.android.launcher3/.uioverrides.QuickstepLauncher,userLeaving=true,pauseBackTasks]
11-16 03:35:51.688 2496 2496 I wm_on_paused_called: [50203839,com.android.launcher3.uioverrides.QuickstepLauncher,performPause]
11-16 03:35:51.691 1504 1535 I wm_set_resumed_activity: [0,com.android.gallery3d/.app.GalleryActivity,resumeTopActivityInnerLocked]
11-16 03:35:51.692 1504 1535 I wm_add_to_stopping: [0,50203839,com.android.launcher3/.uioverrides.QuickstepLauncher,makeInvisible]
11-16 03:35:51.694 1504 1535 I wm_resume_activity: [0,94064340,283,com.android.gallery3d/.app.GalleryActivity]
11-16 03:35:51.718 1504 1571 I wm_stop_activity: [0,50203839,com.android.launcher3/.uioverrides.QuickstepLauncher]
11-16 03:35:51.719 1504 1571 I sysui_multi_action: [757,803,799,window_time_0,802,1]
11-16 03:35:51.719 4030 4030 I wm_on_restart_called: [94064340,com.android.gallery3d.app.GalleryActivity,performRestartActivity]
11-16 03:35:51.721 4030 4030 I wm_on_start_called: [94064340,com.android.gallery3d.app.GalleryActivity,handleStartActivity]
11-16 03:35:51.722 1504 1682 I input_focus: [Focus leaving e1de84c com.android.launcher3/com.android.launcher3.uioverrides.QuickstepLauncher (server),reason=NO_WINDOW]
11-16 03:35:51.724 4030 4030 I wm_on_resume_called: [94064340,com.android.gallery3d.app.GalleryActivity,RESUME_ACTIVITY]
11-16 03:35:51.724 4030 4030 I wm_on_top_resumed_gained_called: [94064340,com.android.gallery3d.app.GalleryActivity,topWhenResuming]
11-16 03:35:51.743 1504 1572 I input_focus: [Focus request b39b846 com.android.gallery3d/com.android.gallery3d.app.GalleryActivity,reason=UpdateInputWindows]
11-16 03:35:51.749 1968 1968 I sysui_multi_action: [757,111,758,2]
11-16 03:35:51.749 1504 1504 I notification_enqueue: [10081,1968,com.android.systemui,2048,NULL,0,Notification(channel=updateNotification shortcut=null contentView=null vibrate=null sound=null defaults=0x0 flags=0x0 color=0x00000000 vis=PRIVATE),1]
11-16 03:35:51.752 1968 1968 I sysui_multi_action: [757,111,758,2]
11-16 03:35:51.753 2496 2496 I wm_on_stop_called: [50203839,com.android.launcher3.uioverrides.QuickstepLauncher,STOP_ACTIVITY_ITEM]
11-16 03:35:51.756 1968 1968 I sysui_multi_action: [757,111,758,1]
11-16 03:35:51.757 1968 1968 I sysui_multi_action: [757,126,758,1,759,126,927,0,928,0,1593,0]
11-16 03:35:51.757 1968 1968 I sysui_multi_action: [757,113,758,1,759,113,927,1,928,1,1593,0]
11-16 03:35:51.757 1968 1968 I sysui_multi_action: [757,0,758,1,759,0,927,2,928,0,1593,0]
11-16 03:35:51.757 1968 1968 I sysui_multi_action: [757,0,758,1,759,0,927,3,928,0,1593,0]
11-16 03:35:51.758 1968 1968 I sysui_multi_action: [757,491,758,1,759,491,927,4,928,0,1311,-1,1593,0]
11-16 03:35:51.758 1968 1968 I sysui_multi_action: [757,0,758,1,759,0,927,5,928,0,1593,0]
11-16 03:35:51.758 1968 1968 I sysui_multi_action: [757,111,758,1]
11-16 03:35:51.758 1968 1968 I sysui_multi_action: [757,126,758,1,759,126,927,0,928,0,1593,0]
11-16 03:35:51.758 1968 1968 I sysui_multi_action: [757,113,758,1,759,113,927,1,928,1,1593,0]
11-16 03:35:51.758 1968 1968 I sysui_multi_action: [757,0,758,1,759,0,927,2,928,0,1593,0]
11-16 03:35:51.758 1968 1968 I sysui_multi_action: [757,0,758,1,759,0,927,3,928,0,1593,0]
11-16 03:35:51.774 1504 1568 I sysui_multi_action: [319,39,321,37,322,97,325,741,757,761,758,9,759,4,806,com.android.gallery3d,871,com.android.gallery3d.app.GalleryActivity,904,com.android.launcher3,905,0,1320,4,1321,1]
11-16 03:35:51.784 1504 1682 I input_focus: [Focus entering b39b846 com.android.gallery3d/com.android.gallery3d.app.GalleryActivity (server),reason=Window became focusable. Previous reason: NOT_VISIBLE]
11-16 03:35:51.881 1504 1682 I input_interaction: Interaction with: b39b846 com.android.gallery3d/com.android.gallery3d.app.GalleryActivity (server), edge-swipe (server), swipe-up (server), PointerEventDispatcher0 (server),
11-16 03:35:51.892 1504 4276 I wm_task_moved: [280,0,0]
11-16 03:35:51.892 1504 4276 I wm_task_moved: [280,0,6]
11-16 03:35:51.899 2496 2496 I wm_on_restart_called: [50203839,com.android.launcher3.uioverrides.QuickstepLauncher,performRestartActivity]
11-16 03:35:51.911 2496 2496 I wm_on_start_called: [50203839,com.android.launcher3.uioverrides.QuickstepLauncher,handleStartActivity]
11-16 03:35:51.912 4030 4030 I view_enqueue_input_event: [Motion - Cancel,com.android.gallery3d/com.android.gallery3d.app.GalleryActivity]
11-16 03:35:51.914 1504 1572 I input_focus: [Focus request recents_animation_input_consumer,reason=UpdateInputWindows]
11-16 03:35:51.914 1504 1682 I input_interaction: Interaction with: edge-swipe (server), swipe-up (server), PointerEventDispatcher0 (server),
11-16 03:35:51.925 2496 2496 I sysui_latency: [1,45]
11-16 03:35:51.935 1504 1682 I input_focus: [Focus leaving b39b846 com.android.gallery3d/com.android.gallery3d.app.GalleryActivity (server),reason=NOT_FOCUSABLE]
11-16 03:35:51.935 1504 1682 I input_focus: [Focus entering recents_animation_input_consumer (server),reason=setFocusedWindow]
11-16 03:35:51.942 1504 1666 I commit_sys_config_file: [settings-1-0,6]
11-16 03:35:51.943 1504 1568 I sysui_multi_action: [319,9,322,44,325,741,757,761,758,9,759,5,806,com.android.launcher3,871,com.android.launcher3.uioverrides.QuickstepLauncher,904,com.android.launcher3,905,0,1320,8,1321,5]
11-16 03:35:51.952 1504 1504 I sysui_multi_action: [757,1501,758,1,793,720288,794,0,795,208,796,2048,806,com.android.systemui,857,updateNotification,858,3,947,0,1500,0,1688,1]
11-16 03:35:51.952 1504 1504 I sysui_multi_action: [757,804,799,note_interruptive,801,0,802,1]
11-16 03:35:51.953 1504 1504 I sysui_multi_action: [757,199,758,1,759,2,793,720289,794,0,795,209,796,2048,806,com.android.systemui,857,updateNotification,858,3,947,0,1500,1,1688,1]
11-16 03:35:51.953 1504 1504 I notification_alert: [0|com.android.systemui|2048|null|10081,0,1,0]
11-16 03:35:52.202 1504 1666 I commit_sys_config_file: [settings-1-0,8]
11-16 03:35:52.238 1504 1598 I sysui_latency: [8,53]
11-16 03:35:52.457 1504 1682 I input_interaction: Interaction with: recents_animation_input_consumer (server), edge-swipe (server), swipe-up (server), PointerEventDispatcher0 (server),
11-16 03:35:52.482 1504 4314 I wm_task_moved: [280,1,7]
11-16 03:35:52.483 1504 4314 I wm_task_moved: [281,1,2147483647]
11-16 03:35:52.483 4030 4030 I wm_on_top_resumed_lost_called: [94064340,com.android.gallery3d.app.GalleryActivity,topStateChangedWhenResumed]
11-16 03:35:52.483 1504 4314 I wm_task_to_front: [0,281]
11-16 03:35:52.485 1504 4314 I wm_focused_root_task: [0,0,280,283,RecentsAnimation.onAnimationFinished()]
11-16 03:35:52.492 1504 4314 I wm_set_resumed_activity: [0,com.android.launcher3/.uioverrides.QuickstepLauncher,RecentsAnimation.onAnimationFinished()]
11-16 03:35:52.492 1504 4314 I wm_pause_activity: [0,94064340,com.android.gallery3d/.app.GalleryActivity,userLeaving=true,pauseBackTasks]
11-16 03:35:52.492 1504 4314 I wm_add_to_stopping: [0,94064340,com.android.gallery3d/.app.GalleryActivity,makeInvisible]
11-16 03:35:52.493 1504 4314 I wm_set_resumed_activity: [0,com.android.launcher3/.uioverrides.QuickstepLauncher,resumeTopActivityInnerLocked]
11-16 03:35:52.493 1504 4314 I wm_resume_activity: [0,50203839,281,com.android.launcher3/.uioverrides.QuickstepLauncher]
11-16 03:35:52.497 1504 1572 I input_focus: [Focus request e1de84c com.android.launcher3/com.android.launcher3.uioverrides.QuickstepLauncher,reason=UpdateInputWindows]
11-16 03:35:52.500 4030 4030 I wm_on_paused_called: [94064340,com.android.gallery3d.app.GalleryActivity,performPause]
11-16 03:35:52.502 1504 1682 I input_focus: [Focus leaving recents_animation_input_consumer (server),reason=NOT_VISIBLE]
11-16 03:35:52.503 1504 1682 I input_focus: [Focus entering e1de84c com.android.launcher3/com.android.launcher3.uioverrides.QuickstepLauncher (server),reason=setFocusedWindow]
11-16 03:35:52.508 2496 2496 I wm_on_resume_called: [50203839,com.android.launcher3.uioverrides.QuickstepLauncher,RESUME_ACTIVITY]
11-16 03:35:52.508 2496 2496 I wm_on_top_resumed_gained_called: [50203839,com.android.launcher3.uioverrides.QuickstepLauncher,topStateChangedWhenResumed]
11-16 03:35:52.513 1504 1682 I input_interaction: Interaction with: edge-swipe (server), swipe-up (server), PointerEventDispatcher0 (server),
11-16 03:35:52.518 1504 1571 I wm_stop_activity: [0,94064340,com.android.gallery3d/.app.GalleryActivity]
11-16 03:35:52.519 1504 1571 I sysui_multi_action: [757,803,799,window_time_0,802,1]
11-16 03:35:52.525 1504 1571 I sysui_multi_action: [757,803,799,window_time_0,802,0]
11-16 03:35:52.546 4030 4030 I wm_on_stop_called: [94064340,com.android.gallery3d.app.GalleryActivity,STOP_ACTIVITY_ITEM]
11-16 03:35:52.693 1504 1666 I commit_sys_config_file: [settings-1-0,5]
11-16 03:35:53.185 1504 1666 I commit_sys_config_file: [settings-1-0,6]
11-16 03:35:53.331 1504 1682 I input_interaction: Interaction with: e1de84c com.android.launcher3/com.android.launcher3.uioverrides.QuickstepLauncher (server), c74be60 com.android.systemui.ImageWallpaper (server), edge-swipe (server), swipe-up (server), PointerEventDispatcher0 (server),
11-16 03:35:53.373 1504 1682 I input_interaction: Interaction with: edge-swipe (server), swipe-up (server), PointerEventDispatcher0 (server),
11-16 03:35:53.383 2496 2496 I view_enqueue_input_event: [Motion - Cancel,com.android.launcher3/com.android.launcher3.uioverrides.QuickstepLauncher]
11-16 03:35:53.561 1504 1666 I commit_sys_config_file: [settings-1-0,5]
11-16 03:35:54.168 1504 1666 I commit_sys_config_file: [settings-1-0,8]
11-16 03:35:54.198 1504 1682 I input_interaction: Interaction with: e1de84c com.android.launcher3/com.android.launcher3.uioverrides.QuickstepLauncher (server), c74be60 com.android.systemui.ImageWallpaper (server), edge-swipe (server), swipe-up (server), PointerEventDispatcher0 (server),
