11-16 03:23:40.052 1504 1571 I sysui_multi_action: [757,1594,758,4,759,0,806,NULL]
11-16 03:23:40.091 1504 1504 I configuration_changed: 536894968
11-16 03:23:40.092 1504 1504 I sysui_multi_action: [757,1659,758,4,759,2,1660,0]
11-16 03:23:40.094 1504 1504 I configuration_changed: 8
11-16 03:23:40.167 995 995 I auditd : type=1400 audit(0.0:204): avc: denied { read write } for comm="sensors.qti" name="diag" dev="tmpfs" ino=11695 scontext=u:r:vendor_sensors_qti:s0 tcontext=u:object_r:vendor_diag_device:s0 tclass=chr_file permissive=0 --------- beginning of radio
11-16 03:23:40.230 1504 1504 D TelephonyRegistry: listen oscl: mHasNotifySubscriptionInfoChangedOccurred==false no callback
11-16 03:23:40.300 1504 1733 I storage_state: [41217664-9172-527a-b3d5-edabb50a7d69,0,0,116304592896,118610538496]
11-16 03:23:40.367 995 995 I auditd : type=1400 audit(0.0:205): avc: denied { read write } for comm="sensors.qti" name="diag" dev="tmpfs" ino=11695 scontext=u:r:vendor_sensors_qti:s0 tcontext=u:object_r:vendor_diag_device:s0 tclass=chr_file permissive=0
11-16 03:23:40.493 1504 1666 I commit_sys_config_file: [settings-2-0,1]
11-16 03:23:40.509 1504 1535 I snet_event_log: [172655291,-1,]
11-16 03:23:40.509 1504 1601 I am_wtf : [0,1504,system_server,-1,PowerManagerService,Tried to acquire wake lock for invalid display: 0]
11-16 03:23:40.543 1504 1570 I commit_sys_config_file: [notification-policy,2]
11-16 03:23:40.567 995 995 I auditd : type=1400 audit(0.0:206): avc: denied { read write } for comm="sensors.qti" name="diag" dev="tmpfs" ino=11695 scontext=u:r:vendor_sensors_qti:s0 tcontext=u:object_r:vendor_diag_device:s0 tclass=chr_file permissive=0
11-16 03:23:40.579 1504 1504 I auditd : type=1400 audit(0.0:207): avc: denied { read } for comm="system_server" name="u:object_r:vendor_default_prop:s0" dev="tmpfs" ino=2372 scontext=u:r:system_server:s0 tcontext=u:object_r:vendor_default_prop:s0 tclass=file permissive=0
11-16 03:23:40.632 1504 1816 I stream_devices_changed: [3,0,2]
11-16 03:23:40.644 1504 1816 I stream_devices_changed: [6,0,1]
11-16 03:23:40.663 1504 1601 I am_wtf : [0,1504,system_server,-1,LazyAlarmStore,Removed TIME_TICK alarm]
11-16 03:23:40.666 1504 1504 I configuration_changed: 512
11-16 03:23:40.767 995 995 I auditd : type=1400 audit(0.0:208): avc: denied { read write } for comm="sensors.qti" name="diag" dev="tmpfs" ino=11695 scontext=u:r:vendor_sensors_qti:s0 tcontext=u:object_r:vendor_diag_device:s0 tclass=chr_file permissive=0
11-16 03:23:40.777 1504 1504 I commit_sys_config_file: [package-session,1]
11-16 03:23:40.795 1504 1504 I auditd : type=1400 audit(0.0:209): avc: denied { read } for comm="android.display" name="u:object_r:vendor_wfd_sys_debug_prop:s0" dev="tmpfs" ino=2439 scontext=u:r:system_server:s0 tcontext=u:object_r:vendor_wfd_sys_debug_prop:s0 tclass=file permissive=0
11-16 03:23:40.795 1504 1504 I auditd : type=1400 audit(0.0:210): avc: denied { read } for comm="android.display" name="u:object_r:vendor_wfd_sys_debug_prop:s0" dev="tmpfs" ino=2439 scontext=u:r:system_server:s0 tcontext=u:object_r:vendor_wfd_sys_debug_prop:s0 tclass=file permissive=0
11-16 03:23:40.815 1504 1504 I boot_progress_ams_ready: 10327
11-16 03:23:40.820 1504 1504 I configuration_changed: 268435456
11-16 03:23:40.848 1504 1570 I am_uid_running: 1002
11-16 03:23:40.859 1504 1603 I am_proc_start: [0,1965,1002,com.android.bluetooth,service,{com.android.bluetooth/com.android.bluetooth.btservice.AdapterService}]
11-16 03:23:40.870 1504 1504 I am_uid_running: 10081
11-16 03:23:40.875 1504 1603 I am_proc_start: [0,1968,10081,com.android.systemui,service,{com.android.systemui/com.android.systemui.ImageWallpaper}]
11-16 03:23:40.889 1504 1822 I am_proc_bound: [0,1965,com.android.bluetooth]
11-16 03:23:40.906 1504 1822 I am_uid_active: 1002
11-16 03:23:40.908 1504 1821 I am_proc_bound: [0,1968,com.android.systemui]
11-16 03:23:40.911 1504 1821 I am_uid_active: 10081
11-16 03:23:40.934 1504 1647 I am_uid_running: 1037
11-16 03:23:40.940 1504 1702 I commit_sys_config_file: [net-policy,1]
11-16 03:23:40.953 1504 1701 D TelephonyRegistry: listen oscl: mHasNotifySubscriptionInfoChangedOccurred==false no callback
11-16 03:23:40.971 995 995 I auditd : type=1400 audit(0.0:211): avc: denied { read write } for comm="sensors.qti" name="diag" dev="tmpfs" ino=11695 scontext=u:r:vendor_sensors_qti:s0 tcontext=u:object_r:vendor_diag_device:s0 tclass=chr_file permissive=0
11-16 03:23:40.985 1504 1702 D TelephonyRegistry: listen oscl: mHasNotifySubscriptionInfoChangedOccurred==false no callback
11-16 03:23:40.996 1504 1504 D TelephonyRegistry: listen oscl: mHasNotifySubscriptionInfoChangedOccurred==false no callback
11-16 03:23:41.019 1504 1504 D TelephonyRegistry: listen oscl: mHasNotifySubscriptionInfoChangedOccurred==false no callback
11-16 03:23:41.019 1504 1603 I am_proc_start: [0,2040,1037,WebViewLoader-armeabi-v7a,NULL,]
11-16 03:23:41.023 1504 1603 I am_proc_start: [0,2042,1037,WebViewLoader-arm64-v8a,NULL,]
11-16 03:23:41.041 1504 2032 I am_proc_bound: [0,2040,WebViewLoader-armeabi-v7a]
11-16 03:23:41.041 1504 2032 I am_uid_active: 1037
11-16 03:23:41.048 1504 1504 I am_uid_running: 1073
11-16 03:23:41.053 1504 1504 I configuration_changed: 16384
11-16 03:23:41.057 1504 1603 I am_proc_start: [0,2070,1073,com.android.networkstack.process,service,{com.android.networkstack/com.android.server.NetworkStackService}]
11-16 03:23:41.058 1504 1504 D TelephonyRegistry: systemRunning register for intents
11-16 03:23:41.059 1504 1504 I ssm_user_starting: 0
11-16 03:23:41.061 1504 1568 W CarrierConfigManager: Error getting config for subId -1 ICarrierConfigLoader is null
11-16 03:23:41.067 1504 2032 I am_proc_bound: [0,2042,WebViewLoader-arm64-v8a]
11-16 03:23:41.073 1504 1598 I netstats_mobile_sample: [0,0,0,0,0,0,0,0,0,0,0,0,1668540221073]
11-16 03:23:41.073 1504 1598 I netstats_wifi_sample: [0,0,0,0,0,0,0,0,0,0,0,0,1668540221073]
11-16 03:23:41.084 1504 1598 I netstats_mobile_sample: [0,0,0,0,0,0,0,0,0,0,0,0,1668540221084]
11-16 03:23:41.084 1504 1598 I netstats_wifi_sample: [0,0,0,0,0,0,0,0,0,0,0,0,1668540221084]
11-16 03:23:41.096 1504 1504 I am_uid_running: 1001
11-16 03:23:41.101 1504 1504 I am_uid_running: 10055
11-16 03:23:41.105 1504 1598 I netstats_mobile_sample: [0,0,0,0,0,0,0,0,0,0,0,0,1668540221105]
11-16 03:23:41.105 1504 1598 I netstats_wifi_sample: [0,0,0,0,0,0,0,0,0,0,0,0,1668540221105]
11-16 03:23:41.107 1504 1504 I am_uid_running: 10087
11-16 03:23:41.108 1504 1504 I am_uid_running: 1068
11-16 03:23:41.109 1504 1598 I netstats_mobile_sample: [0,0,0,0,0,0,0,0,0,0,0,0,1668540221109]
11-16 03:23:41.109 1504 1598 I netstats_wifi_sample: [0,0,0,0,0,0,0,0,0,0,0,0,1668540221109]
11-16 03:23:41.111 1504 1504 I am_uid_running: 10062
11-16 03:23:41.112 1504 1598 I netstats_mobile_sample: [0,0,0,0,0,0,0,0,0,0,0,0,1668540221112]
11-16 03:23:41.112 1504 1598 I netstats_wifi_sample: [0,0,0,0,0,0,0,0,0,0,0,0,1668540221112]
11-16 03:23:41.122 1504 1598 I netstats_mobile_sample: [0,0,0,0,0,0,0,0,0,0,0,0,1668540221122]
11-16 03:23:41.122 1504 1598 I netstats_wifi_sample: [0,0,0,0,0,0,0,0,0,0,0,0,1668540221122]
11-16 03:23:41.131 1504 1504 I wm_task_created: [2,-1]
11-16 03:23:41.131 1504 1504 I wm_task_moved: [2,1,2147483647]
11-16 03:23:41.132 1504 1598 I netstats_mobile_sample: [0,0,0,0,0,0,0,0,0,0,0,0,1668540221132]
11-16 03:23:41.132 1504 1598 I netstats_wifi_sample: [0,0,0,0,0,0,0,0,0,0,0,0,1668540221132]
11-16 03:23:41.132 1504 1504 I wm_task_moved: [1,1,0]
11-16 03:23:41.133 1504 1504 I wm_create_task: [0,2]
11-16 03:23:41.133 1504 1504 I wm_create_activity: [0,35504835,2,com.android.settings/.FallbackHome,android.intent.action.MAIN,NULL,NULL,276824320]
11-16 03:23:41.133 1504 1504 I wm_task_moved: [1,1,0]
11-16 03:23:41.133 1504 1504 I wm_task_moved: [2,1,2147483647]
11-16 03:23:41.133 1504 1504 I wm_task_to_front: [0,2]
11-16 03:23:41.138 1504 1598 I netstats_mobile_sample: [0,0,0,0,0,0,0,0,0,0,0,0,1668540221138]
11-16 03:23:41.138 1504 1598 I netstats_wifi_sample: [0,0,0,0,0,0,0,0,0,0,0,0,1668540221138]
11-16 03:23:41.145 1504 1598 I netstats_mobile_sample: [0,0,0,0,0,0,0,0,0,0,0,0,1668540221145]
11-16 03:23:41.145 1504 1598 I netstats_wifi_sample: [0,0,0,0,0,0,0,0,0,0,0,0,1668540221145]
11-16 03:23:41.149 1504 1598 I netstats_mobile_sample: [0,0,0,0,0,0,0,0,0,0,0,0,1668540221149]
11-16 03:23:41.149 1504 1598 I netstats_wifi_sample: [0,0,0,0,0,0,0,0,0,0,0,0,1668540221149]
11-16 03:23:41.157 1504 1598 I netstats_mobile_sample: [0,0,0,0,0,0,0,0,0,0,0,0,1668540221157]
11-16 03:23:41.157 1504 1598 I netstats_wifi_sample: [0,0,0,0,0,0,0,0,0,0,0,0,1668540221157]
11-16 03:23:41.166 1504 1598 I netstats_mobile_sample: [0,0,0,0,0,0,0,0,0,0,0,0,1668540221166]
11-16 03:23:41.166 1504 1598 I netstats_wifi_sample: [0,0,0,0,0,0,0,0,0,0,0,0,1668540221166]
11-16 03:23:41.170 1504 1504 I uc_send_user_broadcast: [0,android.intent.action.USER_FOREGROUND]
11-16 03:23:41.171 1504 1504 I uc_send_user_broadcast: [0,android.intent.action.USER_SWITCHED]
11-16 03:23:41.171 1504 1598 I netstats_mobile_sample: [0,0,0,0,0,0,0,0,0,0,0,0,1668540221171]
11-16 03:23:41.171 1504 1598 I netstats_wifi_sample: [0,0,0,0,0,0,0,0,0,0,0,0,1668540221171]
11-16 03:23:41.172 1504 2032 I am_drop_process: 2070
11-16 03:23:41.167 995 995 I auditd : type=1400 audit(0.0:212): avc: denied { read write } for comm="sensors.qti" name="diag" dev="tmpfs" ino=11695 scontext=u:r:vendor_sensors_qti:s0 tcontext=u:object_r:vendor_diag_device:s0 tclass=chr_file permissive=0
11-16 03:23:41.172 1504 1603 I am_proc_start: [0,2095,1000,com.thundercomm.microservice,added application,com.thundercomm.microservice]
11-16 03:23:41.174 1504 2101 I am_proc_bound: [0,2095,com.thundercomm.microservice]
11-16 03:23:41.182 1504 1598 I netstats_mobile_sample: [0,0,0,0,0,0,0,0,0,0,0,0,1668540221181]
11-16 03:23:41.182 1504 1598 I netstats_wifi_sample: [0,0,0,0,0,0,0,0,0,0,0,0,1668540221181]
11-16 03:23:41.182 1504 2099 I am_proc_died: [0,2040,WebViewLoader-armeabi-v7a,-700,0]
11-16 03:23:41.182 1504 1534 I wm_task_created: [3,-1]
11-16 03:23:41.185 1504 2099 I am_low_memory: 5
11-16 03:23:41.186 1504 2099 I wm_task_created: [4,-1]
11-16 03:23:41.187 1504 1822 I am_proc_died: [0,2042,WebViewLoader-arm64-v8a,-700,0]
11-16 03:23:41.188 1504 1822 I am_uid_stopped: 1037
11-16 03:23:41.189 1504 1822 I am_low_memory: 4
11-16 03:23:41.197 1504 1598 I netstats_mobile_sample: [0,0,0,0,0,0,0,0,0,0,0,0,1668540221197]
11-16 03:23:41.197 1504 1598 I netstats_wifi_sample: [0,0,0,0,0,0,0,0,0,0,0,0,1668540221197]
11-16 03:23:41.197 1504 1603 I am_proc_start: [0,2140,1000,com.thundercomm.microsettings,added application,com.thundercomm.microsettings]
11-16 03:23:41.201 1504 1598 D TelephonyRegistry: listen oscl: mHasNotifySubscriptionInfoChangedOccurred==false no callback
11-16 03:23:41.201 1504 1603 I am_proc_start: [0,2153,1000,com.thundercomm.tcsetupWizard,added application,com.thundercomm.tcsetupWizard]
11-16 03:23:41.208 1504 1666 I commit_sys_config_file: [settings-0-0,5]
11-16 03:23:41.213 1504 1504 I notification_cancel_all: [1000,1504,android,0,0,0,20,NULL]
11-16 03:23:41.215 1504 1504 I am_uid_running: 10096
11-16 03:23:41.217 1504 1603 I am_proc_start: [0,2172,1001,.dataservices,added application,.dataservices]
11-16 03:23:41.217 1504 2059 I am_proc_bound: [0,2140,com.thundercomm.microsettings]
11-16 03:23:41.221 1504 1603 I am_proc_start: [0,2174,10055,.qtidataservices,added application,.qtidataservices]
11-16 03:23:41.230 1504 1534 I wm_task_created: [5,-1]
11-16 03:23:41.232 1504 1534 I wm_task_created: [6,-1]
11-16 03:23:41.232 1965 2173 I bt_config_source: 1
11-16 03:23:41.232 1965 2173 I bt_config_source: 3
11-16 03:23:41.236 1504 1534 I wm_task_created: [7,-1]
11-16 03:23:41.245 1504 1534 I am_proc_bound: [0,2172,.dataservices]
11-16 03:23:41.247 1504 1534 I am_uid_active: 1001
11-16 03:23:41.250 1504 1603 I am_proc_start: [0,2209,1000,com.thundercomm.tchttpserver,added application,com.thundercomm.tchttpserver]
11-16 03:23:41.253 1504 1822 I am_proc_bound: [0,2153,com.thundercomm.tcsetupWizard]
11-16 03:23:41.259 1504 1603 I am_proc_start: [0,2220,1000,com.tc.logclient,added application,com.tc.logclient]
11-16 03:23:41.271 1504 1822 I am_proc_bound: [0,2174,.qtidataservices]
11-16 03:23:41.273 1504 1822 I am_uid_active: 10055
11-16 03:23:41.276 1504 1603 I am_proc_start: [0,2244,1073,com.android.networkstack.process,added application,com.android.networkstack.process]
11-16 03:23:41.276 1504 1822 I am_proc_bound: [0,2209,com.thundercomm.tchttpserver]
11-16 03:23:41.289 1504 1603 I am_proc_start: [0,2248,1000,vendor.qti.qesdk.sysservice,added application,vendor.qti.qesdk.sysservice]
11-16 03:23:41.303 1504 1534 I am_proc_bound: [0,2220,com.tc.logclient]
11-16 03:23:41.308 1504 1603 I am_proc_start: [0,2271,10087,com.qti.qualcomm.mstatssystemservice,added application,com.qti.qualcomm.mstatssystemservice]
11-16 03:23:41.322 1504 1603 I am_proc_start: [0,2293,1068,com.android.se,added application,com.android.se]
11-16 03:23:41.329 1504 2099 I am_proc_bound: [0,2248,vendor.qti.qesdk.sysservice]
11-16 03:23:41.336 1504 1534 I am_proc_bound: [0,2244,com.android.networkstack.process]
11-16 03:23:41.341 1504 1534 I am_uid_active: 1073
11-16 03:23:41.358 1504 1603 I am_proc_start: [0,2335,1000,com.thundercomm.remotecontrolservice,added application,com.thundercomm.remotecontrolservice]
11-16 03:23:41.360 1504 2099 I am_proc_bound: [0,2293,com.android.se]
11-16 03:23:41.363 1504 2099 I am_uid_active: 1068
11-16 03:23:41.369 1504 1534 I am_proc_bound: [0,2271,com.qti.qualcomm.mstatssystemservice]
11-16 03:23:41.371 1504 1534 I am_uid_active: 10087
11-16 03:23:41.372 1504 1603 I am_proc_start: [0,2346,1000,com.thundercomm.tcservice,added application,com.thundercomm.tcservice]
11-16 03:23:41.367 995 995 I auditd : type=1400 audit(0.0:213): avc: denied { read write } for comm="sensors.qti" name="diag" dev="tmpfs" ino=11695 scontext=u:r:vendor_sensors_qti:s0 tcontext=u:object_r:vendor_diag_device:s0 tclass=chr_file permissive=0
11-16 03:23:41.373 1504 2099 D TelephonyRegistry: listen oscl: mHasNotifySubscriptionInfoChangedOccurred==false no callback
11-16 03:23:41.382 1504 1603 I am_proc_start: [0,2354,10062,com.qualcomm.qti.devicestatisticsservice,added application,com.qualcomm.qti.devicestatisticsservice]
11-16 03:23:41.387 1504 1603 I am_proc_start: [0,2357,1000,com.qualcomm.qti.qdma,added application,com.qualcomm.qti.qdma]
11-16 03:23:41.400 1504 1603 I am_proc_start: [0,2366,1000,com.android.settings,top-activity,{com.android.settings/com.android.settings.FallbackHome}]
11-16 03:23:41.407 1504 2059 I am_proc_bound: [0,2335,com.thundercomm.remotecontrolservice]
11-16 03:23:41.409 1504 1603 I am_proc_start: [0,2378,10096,android.ext.services,service,{android.ext.services/android.ext.services.autofill.InlineSuggestionRenderServiceImpl}]
11-16 03:23:41.413 1504 2059 I am_proc_bound: [0,2354,com.qualcomm.qti.devicestatisticsservice]
11-16 03:23:41.415 1504 2059 I am_uid_active: 10062
11-16 03:23:41.422 1504 2099 I am_proc_bound: [0,2357,com.qualcomm.qti.qdma]
11-16 03:23:41.433 1504 2099 I am_proc_bound: [0,2346,com.thundercomm.tcservice]
11-16 03:23:41.437 1504 2099 I am_proc_bound: [0,2378,android.ext.services]
11-16 03:23:41.439 1504 2099 I am_uid_active: 10096
11-16 03:23:41.450 1504 2101 I am_proc_bound: [0,2366,com.android.settings]
11-16 03:23:41.457 1504 2101 I wm_restart_activity: [0,35504835,2,com.android.settings/.FallbackHome]
11-16 03:23:41.458 1504 2101 I wm_set_resumed_activity: [0,com.android.settings/.FallbackHome,minimalResumeActivityLocked]
11-16 03:23:41.500 1504 1504 D TelephonyRegistry: listen oscl: mHasNotifySubscriptionInfoChangedOccurred==false no callback
11-16 03:23:41.510 1504 1504 D TelephonyRegistry: notifyCellLocationForSubscriber: subId=2147483647 cellIdentity=null
11-16 03:23:41.511 1504 1504 I notification_enqueue: [1000,1504,android,32,NULL,-1,Notification(channel=USB shortcut=null contentView=null vibrate=null sound=null tick defaults=0x0 flags=0x2 color=0x00000000 vis=PUBLIC),0]
11-16 03:23:41.513 1504 2032 I am_uid_running: 10073
11-16 03:23:41.514 1504 1504 I notification_enqueue: [10081,1968,com.android.systemui,1,empty_media,0,Notification(channel=empty_media_style_id shortcut=null contentView=null vibrate=null sound=null defaults=0x0 flags=0x20 color=0x00000000 category=transport actions=3 vis=PRIVATE),0]
11-16 03:23:41.522 1504 1504 I notification_cancel_all: [1000,1504,com.android.systemui,0,0,0,20,NULL]
11-16 03:23:41.524 1504 1603 I am_proc_start: [0,2496,10073,com.android.launcher3,service,{com.android.launcher3/com.android.quickstep.TouchInteractionService}]
11-16 03:23:41.526 1504 1504 I sysui_multi_action: [757,1501,758,1,793,64,794,0,795,64,796,32,806,android,857,USB,858,1,947,0,1500,0]
11-16 03:23:41.526 1504 1504 I sysui_multi_action: [757,804,799,note_interruptive,801,0,802,1]
11-16 03:23:41.527 1504 1504 I sysui_multi_action: [757,1501,758,1,793,55,794,0,795,55,796,1,797,empty_media,806,com.android.systemui,857,empty_media_style_id,858,4,947,0,1500,0,1641,transport,1745,1043716538]
11-16 03:23:41.527 1504 1504 I sysui_multi_action: [757,804,799,note_interruptive,801,0,802,1]
11-16 03:23:41.549 2366 2366 I wm_on_create_called: [35504835,com.android.settings.FallbackHome,performCreate]
11-16 03:23:41.549 2366 2366 I wm_on_start_called: [35504835,com.android.settings.FallbackHome,handleStartActivity]
11-16 03:23:41.550 2366 2366 I wm_on_resume_called: [35504835,com.android.settings.FallbackHome,RESUME_ACTIVITY]
11-16 03:23:41.558 2366 2366 I wm_on_top_resumed_gained_called: [35504835,com.android.settings.FallbackHome,topStateChangedWhenResumed]
11-16 03:23:41.559 1504 1821 I am_proc_bound: [0,2496,com.android.launcher3]
11-16 03:23:41.560 1968 2491 I sysui_multi_action: [757,213,758,4,759,-1]
11-16 03:23:41.562 1504 1821 I am_uid_active: 10073
11-16 03:23:41.567 1504 1821 I am_uid_running: 10088
11-16 03:23:41.567 1504 1572 I input_focus: [Focus request 535d3e7 com.android.settings/com.android.settings.FallbackHome,reason=UpdateInputWindows]
11-16 03:23:41.567 995 995 I auditd : type=1400 audit(0.0:214): avc: denied { read write } for comm="sensors.qti" name="diag" dev="tmpfs" ino=11695 scontext=u:r:vendor_sensors_qti:s0 tcontext=u:object_r:vendor_diag_device:s0 tclass=chr_file permissive=0
11-16 03:23:41.575 1504 1603 I am_proc_start: [0,2543,10088,com.qualcomm.qti.qccauthmgr,content provider,{com.qualcomm.qti.qccauthmgr/com.qualcomm.qti.qccauthmgr.providers.SMQContentProvider}]
11-16 03:23:41.587 1968 1968 W CarrierConfigManager: Error getting config for subId -1 ICarrierConfigLoader is null
11-16 03:23:41.597 1504 1571 I boot_progress_enable_screen: 11109
11-16 03:23:41.602 1504 2059 D TelephonyRegistry: listen oscl: mHasNotifySubscriptionInfoChangedOccurred==false no callback
11-16 03:23:41.602 1504 1571 I screen_toggled: 1
11-16 03:23:41.604 1504 2059 I am_proc_bound: [0,2543,com.qualcomm.qti.qccauthmgr]
11-16 03:23:41.606 1504 2059 I am_uid_active: 10088
11-16 03:23:41.767 995 995 I auditd : type=1400 audit(0.0:215): avc: denied { read write } for comm="sensors.qti" name="diag" dev="tmpfs" ino=11695 scontext=u:r:vendor_sensors_qti:s0 tcontext=u:object_r:vendor_diag_device:s0 tclass=chr_file permissive=0
11-16 03:23:41.884 1504 2505 I am_uid_running: 10066
11-16 03:23:41.891 1504 1603 I am_proc_start: [0,2607,10066,com.thundercomm.gamemode.provider,content provider,{com.thundercomm.gamemode.provider/com.thundercomm.gamemode.provider.SettingsProvider}]
11-16 03:23:41.902 1504 2505 I am_proc_bound: [0,2607,com.thundercomm.gamemode.provider]
11-16 03:23:41.903 1504 2505 I am_uid_active: 10066
11-16 03:23:41.967 995 995 I auditd : type=1400 audit(0.0:216): avc: denied { read write } for comm="sensors.qti" name="diag" dev="tmpfs" ino=11695 scontext=u:r:vendor_sensors_qti:s0 tcontext=u:object_r:vendor_diag_device:s0 tclass=chr_file permissive=0
11-16 03:23:41.982 1504 1571 I wm_boot_animation_done: 11495
11-16 03:23:42.005 1968 1968 I sysui_multi_action: [757,111,758,1]
11-16 03:23:42.006 1968 1968 I sysui_multi_action: [757,126,758,1,759,126,927,0,928,0,1593,0]
11-16 03:23:42.006 1968 1968 I sysui_multi_action: [757,113,758,1,759,113,927,1,928,0,1593,0]
11-16 03:23:42.006 1968 1968 I sysui_multi_action: [757,0,758,1,759,0,927,2,928,0,1593,0]
11-16 03:23:42.006 1968 1968 I sysui_multi_action: [757,0,758,1,759,0,927,3,928,0,1593,0]
11-16 03:23:42.006 1968 1968 I sysui_multi_action: [757,491,758,1,759,491,927,4,928,0,1311,-1,1593,0]
11-16 03:23:42.006 1968 1968 I sysui_multi_action: [757,0,758,1,759,0,927,5,928,0,1593,0]
11-16 03:23:42.006 1968 1968 I sysui_multi_action: [757,111,758,1]
11-16 03:23:42.006 1968 1968 I sysui_multi_action: [757,126,758,1,759,126,927,0,928,0,1593,0]
11-16 03:23:42.006 1968 1968 I sysui_multi_action: [757,113,758,1,759,113,927,1,928,0,1593,0]
11-16 03:23:42.006 1968 1968 I sysui_multi_action: [757,0,758,1,759,0,927,2,928,0,1593,0]
11-16 03:23:42.006 1968 1968 I sysui_multi_action: [757,0,758,1,759,0,927,3,928,0,1593,0]
11-16 03:23:42.014 1504 1568 I wm_task_created: [8,-1]
11-16 03:23:42.015 1504 1571 I uc_finish_user_boot: 0
11-16 03:23:42.015 1504 1571 I am_user_state_changed: [0,1]
11-16 03:23:42.015 1504 1571 I uc_send_user_broadcast: [0,android.intent.action.LOCKED_BOOT_COMPLETED]
11-16 03:23:42.017 1504 1568 I wm_task_moved: [8,1,6]
11-16 03:23:42.017 1504 1568 I wm_task_to_front: [0,8]
11-16 03:23:42.018 1504 1568 I wm_create_task: [0,8]
11-16 03:23:42.018 1504 1568 I wm_create_activity: [0,136845977,8,com.android.systemui/.usb.UsbDebuggingActivity,NULL,NULL,NULL,276824064]
11-16 03:23:42.018 1504 1568 I wm_task_moved: [8,1,6]
11-16 03:23:42.018 2366 2366 I wm_on_top_resumed_lost_called: [35504835,com.android.settings.FallbackHome,topStateChangedWhenResumed]
11-16 03:23:42.019 1504 1568 I wm_pause_activity: [0,35504835,com.android.settings/.FallbackHome,userLeaving=true,pauseBackTasks]
11-16 03:23:42.022 2366 2366 I wm_on_paused_called: [35504835,com.android.settings.FallbackHome,performPause]
11-16 03:23:42.028 1504 2493 I wm_restart_activity: [0,136845977,8,com.android.systemui/.usb.UsbDebuggingActivity]
11-16 03:23:42.028 1504 2493 I wm_set_resumed_activity: [0,com.android.systemui/.usb.UsbDebuggingActivity,minimalResumeActivityLocked]
11-16 03:23:42.047 2645 2645 I auditd : type=1400 audit(0.0:217): avc: denied { ptrace } for comm="crash_dump64" scontext=u:r:crash_dump:s0 tcontext=u:r:init:s0 tclass=process permissive=0
11-16 03:23:42.064 1968 1968 I wm_on_create_called: [136845977,com.android.systemui.usb.UsbDebuggingActivity,performCreate]
11-16 03:23:42.065 1968 1968 I wm_on_start_called: [136845977,com.android.systemui.usb.UsbDebuggingActivity,handleStartActivity]
11-16 03:23:42.065 1968 1968 I wm_on_resume_called: [136845977,com.android.systemui.usb.UsbDebuggingActivity,RESUME_ACTIVITY]
11-16 03:23:42.067 1504 1571 I uc_finish_user_unlocking: 0
11-16 03:23:42.068 1968 1968 I wm_on_top_resumed_gained_called: [136845977,com.android.systemui.usb.UsbDebuggingActivity,topStateChangedWhenResumed]
11-16 03:23:42.070 1504 1601 I am_uid_running: 10068
11-16 03:23:42.080 1504 1571 I sysui_multi_action: [757,803,799,window_time_0,802,3]
11-16 03:23:42.082 1504 1603 I am_proc_start: [0,2655,10068,com.android.deskclock,broadcast,{com.android.deskclock/com.android.deskclock.AlarmInitReceiver}]
11-16 03:23:42.086 1504 1572 I input_focus: [Focus request cc282f8 com.android.systemui/com.android.systemui.usb.UsbDebuggingActivity,reason=UpdateInputWindows]
11-16 03:23:42.131 1504 2493 I am_proc_bound: [0,2655,com.android.deskclock]
11-16 03:23:42.135 1504 2493 I am_uid_active: 10068
11-16 03:23:42.164 1504 1504 I notification_enqueue: [1000,1504,android,26,NULL,-1,Notification(channel=DEVELOPER_IMPORTANT shortcut=null contentView=null vibrate=null sound=null tick defaults=0x0 flags=0x2 color=0x00000000 vis=PUBLIC),0]
11-16 03:23:42.167 995 995 I auditd : type=1400 audit(0.0:218): avc: denied { read write } for comm="sensors.qti" name="diag" dev="tmpfs" ino=11695 scontext=u:r:vendor_sensors_qti:s0 tcontext=u:object_r:vendor_diag_device:s0 tclass=chr_file permissive=0
11-16 03:23:42.205 1504 1568 I am_user_state_changed: [0,2]
11-16 03:23:42.206 1504 1601 I ssm_user_unlocking: 0
11-16 03:23:42.217 1504 1568 I sysui_multi_action: [319,988,322,987,325,10,757,761,758,7,759,2,806,com.android.systemui,871,com.android.systemui.usb.UsbDebuggingActivity,904,android,905,0,945,341,1320,8,1321,5]
11-16 03:23:42.220 1504 1568 I wm_activity_launch_time: [0,136845977,com.android.systemui/.usb.UsbDebuggingActivity,987]
11-16 03:23:42.322 1504 1695 I am_uid_running: 10095
11-16 03:23:42.336 1504 1603 I am_proc_start: [0,2742,10095,com.android.providers.media.module,service,{com.android.providers.media.module/com.android.providers.media.fuse.ExternalStorageServiceImpl}]
11-16 03:23:42.339 1504 1601 I uc_finish_user_unlocked: 0
11-16 03:23:42.339 1504 1601 I am_user_state_changed: [0,3]
11-16 03:23:42.341 1504 1568 I wm_task_created: [265,-1]
11-16 03:23:42.341 1504 1568 I wm_task_created: [268,-1]
11-16 03:23:42.342 1504 1568 I wm_task_created: [267,-1]
11-16 03:23:42.343 1504 1568 I wm_task_created: [279,-1]
11-16 03:23:42.344 1504 1601 I am_uid_running: 10084
11-16 03:23:42.344 1504 1601 I am_uid_running: 10057
11-16 03:23:42.345 1504 1601 I am_uid_running: 10053
11-16 03:23:42.347 1504 1601 I am_uid_running: 10077
11-16 03:23:42.347 1504 1601 I am_uid_running: 10083
11-16 03:23:42.348 1504 1601 I am_uid_running: 10089
11-16 03:23:42.348 1504 1601 I am_uid_running: 10071
11-16 03:23:42.349 1504 1601 I uc_send_user_broadcast: [0,android.intent.action.USER_UNLOCKED]
11-16 03:23:42.349 1504 1601 I uc_finish_user_unlocked_completed: 0
11-16 03:23:42.358 1504 1601 I ssm_user_unlocked: 0
11-16 03:23:42.361 1504 2059 I wm_finish_activity: [0,35504835,2,com.android.settings/.FallbackHome,app-request]
11-16 03:23:42.363 1504 2059 I wm_destroy_activity: [0,35504835,2,com.android.settings/.FallbackHome,finish-imm:finishIfPossible]
11-16 03:23:42.367 995 995 I auditd : type=1400 audit(0.0:219): avc: denied { read write } for comm="sensors.qti" name="diag" dev="tmpfs" ino=11695 scontext=u:r:vendor_sensors_qti:s0 tcontext=u:object_r:vendor_diag_device:s0 tclass=chr_file permissive=0
11-16 03:23:42.368 1504 1568 I uc_send_user_broadcast: [0,android.intent.action.BOOT_COMPLETED]
11-16 03:23:42.376 1504 2504 I am_proc_bound: [0,2742,com.android.providers.media.module]
11-16 03:23:42.376 2366 2366 I wm_on_stop_called: [35504835,com.android.settings.FallbackHome,LIFECYCLER_STOP_ACTIVITY]
11-16 03:23:42.385 1504 2504 I am_uid_active: 10095
11-16 03:23:42.389 1504 1603 I am_proc_start: [0,2769,10084,com.hht.lebocast,added application,com.hht.lebocast]
11-16 03:23:42.392 2366 2366 I wm_on_destroy_called: [35504835,com.android.settings.FallbackHome,performDestroy]
11-16 03:23:42.396 1504 1603 I am_proc_start: [0,2776,10057,ts.car.uart,added application,ts.car.uart]
11-16 03:23:42.407 1504 1535 I am_proc_bound: [0,2769,com.hht.lebocast]
11-16 03:23:42.411 1504 1535 I am_uid_active: 10084
11-16 03:23:42.413 1504 1603 I am_proc_start: [0,2796,10053,.pasr,added application,.pasr]
11-16 03:23:42.428 1504 1603 I am_proc_start: [0,2807,10077,com.qualcomm.qti.services.systemhelper:systemhelper_service,added application,com.qualcomm.qti.services.systemhelper:systemhelper_service]
11-16 03:23:42.431 1504 1535 I am_proc_bound: [0,2776,ts.car.uart]
11-16 03:23:42.439 2812 2812 I auditd : type=1400 audit(0.0:220): avc: denied { read } for comm="ip" name="rt_tables" dev="dm-10" ino=341 scontext=u:r:ethernet:s0 tcontext=u:object_r:net_data_file:s0 tclass=file permissive=0
11-16 03:23:42.453 1504 1535 I am_uid_active: 10057
11-16 03:23:42.456 1504 2059 I am_proc_bound: [0,2796,.pasr]
11-16 03:23:42.458 1504 2059 I am_uid_active: 10053
11-16 03:23:42.458 1504 1603 I am_proc_start: [0,2815,10083,com.qualcomm.qti.qccnetstat,added application,com.qualcomm.qti.qccnetstat]
11-16 03:23:42.459 1504 2493 I am_proc_bound: [0,2807,com.qualcomm.qti.services.systemhelper:systemhelper_service]
11-16 03:23:42.462 1504 2493 I am_uid_active: 10077
11-16 03:23:42.463 1504 1821 I am_proc_bound: [0,2815,com.qualcomm.qti.qccnetstat]
11-16 03:23:42.467 1504 1821 I am_uid_active: 10083
11-16 03:23:42.467 2853 2853 I auditd : type=1400 audit(0.0:221): avc: denied { read } for comm="ip" name="rt_tables" dev="dm-10" ino=341 scontext=u:r:ethernet:s0 tcontext=u:object_r:net_data_file:s0 tclass=file permissive=0
11-16 03:23:42.485 1504 1603 I am_proc_start: [0,2861,10089,com.qualcomm.qti.workloadclassifier,added application,com.qualcomm.qti.workloadclassifier]
11-16 03:23:42.486 1504 1821 I am_uid_active: 10071
11-16 03:23:42.493 1504 1603 I am_proc_start: [0,2868,10071,com.qualcomm.location,added application,com.qualcomm.location]
11-16 03:23:42.500 1504 1603 I am_proc_start: [0,2877,1000,com.android.keychain,service,{com.android.keychain/com.android.keychain.KeyChainService}]
11-16 03:23:42.511 1504 2493 I am_proc_bound: [0,2868,com.qualcomm.location]
11-16 03:23:42.520 1504 1821 I am_proc_bound: [0,2861,com.qualcomm.qti.workloadclassifier]
11-16 03:23:42.523 1504 1821 I am_uid_active: 10089
11-16 03:23:42.524 1504 1601 I am_uid_running: 10022
11-16 03:23:42.527 1504 2505 I am_proc_bound: [0,2877,com.android.keychain]
11-16 03:23:42.537 1504 1603 I am_proc_start: [0,2928,10022,android.process.media,broadcast,{com.android.mtp/com.android.mtp.MtpReceiver}]
11-16 03:23:42.551 1504 2493 I am_proc_bound: [0,2928,android.process.media]
11-16 03:23:42.567 816 816 I auditd : type=1400 audit(0.0:222): avc: denied { read } for comm="Loc_hal_worker" name="u:object_r:vendor_pd_locater_dbg_prop:s0" dev="tmpfs" ino=2403 scontext=u:r:vendor_hal_gnss_qti:s0 tcontext=u:object_r:vendor_pd_locater_dbg_prop:s0 tclass=file permissive=0
11-16 03:23:42.592 1504 1504 I sysui_multi_action: [757,1501,758,1,793,588,794,0,795,588,796,26,806,android,857,DEVELOPER_IMPORTANT,858,4,947,0,1500,0]
11-16 03:23:42.593 1504 1504 I sysui_multi_action: [757,804,799,note_interruptive,801,0,802,1]
11-16 03:23:42.593 1504 1504 I sysui_multi_action: [757,1501,758,1,793,589,794,0,795,589,796,26,806,android,857,DEVELOPER_IMPORTANT,858,4,947,0,1500,0,1688,1]
11-16 03:23:42.593 1504 1504 I sysui_multi_action: [757,804,799,note_interruptive,801,0,802,1]
11-16 03:23:42.593 1504 1504 I sysui_multi_action: [757,199,758,1,759,2,793,589,794,0,795,589,796,26,806,android,857,DEVELOPER_IMPORTANT,858,4,947,0,1500,0,1688,1]
11-16 03:23:42.593 1504 1504 I notification_alert: [-1|android|26|null|1000,0,1,0]
11-16 03:23:42.647 1504 2504 I am_uid_running: 10076
11-16 03:23:42.653 1504 2504 D TelephonyRegistry: listen oscl: mHasNotifySubscriptionInfoChangedOccurred==false no callback
11-16 03:23:42.654 1504 1603 I am_proc_start: [0,2998,10076,com.qualcomm.location.XT,service,{com.qualcomm.location.XT/com.qualcomm.location.XT.XTSrv}]
11-16 03:23:42.672 1504 1535 I am_proc_bound: [0,2998,com.qualcomm.location.XT]
11-16 03:23:42.674 1504 1535 I am_uid_active: 10076
11-16 03:23:42.690 1504 2099 I am_uid_running: 10090
11-16 03:23:42.699 1504 1603 I am_proc_start: [0,3029,10090,com.qualcomm.qtil.aptxui,broadcast,{com.qualcomm.qtil.aptxui/com.qualcomm.qtil.aptxui.aptxuiBootReceiver}]
11-16 03:23:42.716 1504 2505 I am_proc_bound: [0,3029,com.qualcomm.qtil.aptxui]
11-16 03:23:42.720 1504 2505 I am_uid_active: 10090
11-16 03:23:42.719 3031 3031 I auditd : type=1400 audit(0.0:223): avc: denied { read } for comm="ip" name="rt_tables" dev="dm-10" ino=341 scontext=u:r:ethernet:s0 tcontext=u:object_r:net_data_file:s0 tclass=file permissive=0
11-16 03:23:42.735 3052 3052 I auditd : type=1400 audit(0.0:224): avc: denied { read } for comm="ip" name="rt_tables" dev="dm-10" ino=341 scontext=u:r:ethernet:s0 tcontext=u:object_r:net_data_file:s0 tclass=file permissive=0
11-16 03:23:42.775 808 808 I auditd : type=1400 audit(0.0:225): avc: denied { read write } for comm="bluetooth@1.0-s" name="diag" dev="tmpfs" ino=11695 scontext=u:r:hal_bluetooth_default:s0 tcontext=u:object_r:vendor_diag_device:s0 tclass=chr_file permissive=0
11-16 03:23:42.820 1504 2505 I am_uid_running: 10032
11-16 03:23:42.827 1504 1603 I am_proc_start: [0,3081,10032,com.android.traceur,broadcast,{com.android.traceur/com.android.traceur.Receiver}]
11-16 03:23:42.848 1504 2099 I am_proc_bound: [0,3081,com.android.traceur]
11-16 03:23:42.850 1504 2099 I am_uid_active: 10032
11-16 03:23:42.873 1504 2505 D TelephonyRegistry: listen oscl: mHasNotifySubscriptionInfoChangedOccurred==false no callback
11-16 03:23:42.881 1504 1572 I wm_task_removed: [2,cleanUpResourcesForDestroy]
11-16 03:23:42.881 1504 1572 I wm_task_removed: [1,removeChild:removeChild last r=Task{60835fd #2 type=home A=1000:com.android.settings.FallbackHome U=0 visible=false mode=fullscreen translucent=true sz=0} in t=Task{951ce24 #1 type=home ?? U=0 visible=true mode=fullscreen translucent=true sz=0}]
11-16 03:23:42.881 1504 1572 I wm_task_removed: [1,removeChild]
11-16 03:23:42.882 1504 1572 I wm_task_removed: [2,removeChild:removeChild last r=ActivityRecord{21dc2c3 u0 com.android.settings/.FallbackHome t-1 f}} in t=Task{60835fd #2 type=home A=1000:com.android.settings.FallbackHome U=0 visible=false mode=fullscreen translucent=true sz=0}]
11-16 03:23:42.882 1504 1572 I wm_task_removed: [2,removeChild]
11-16 03:23:42.907 1965 1965 I liblog : 195
11-16 03:23:42.907 1965 3113 I liblog : 2
11-16 03:23:42.928 1504 2504 I am_uid_running: 10028
11-16 03:23:42.936 1504 1603 I am_proc_start: [0,3129,10028,android.process.acore,content provider,{com.android.providers.contacts/com.android.providers.contacts.ContactsProvider2}]
11-16 03:23:42.935 3126 3126 I auditd : type=1400 audit(0.0:226): avc: denied { read } for comm="ip" name="rt_tables" dev="dm-10" ino=341 scontext=u:r:ethernet:s0 tcontext=u:object_r:net_data_file:s0 tclass=file permissive=0
11-16 03:23:42.947 1504 2493 I am_crash: [2354,0,com.qualcomm.qti.devicestatisticsservice,814235213,java.lang.ClassNotFoundException,android.hidl.manager.V1_0.IServiceNotification$Stub,DeviceStatisticsService.java,83]
11-16 03:23:42.949 1504 2493 I sysui_multi_action: [757,316,758,4,759,-1]
11-16 03:23:42.954 1504 2059 I am_proc_bound: [0,3129,android.process.acore]
11-16 03:23:42.954 1504 1601 I am_wtf : [0,1504,system_server,-1,BootReceiver,open failed: ENOENT (No such file or directory)]
11-16 03:23:42.956 1504 2059 I am_uid_active: 10028
11-16 03:23:42.958 1504 2493 I am_proc_died: [0,2354,com.qualcomm.qti.devicestatisticsservice,-800,0]
11-16 03:23:42.958 1504 2493 I am_schedule_service_restart: [0,com.qualcomm.qti.devicestatisticsservice/.DeviceStatisticsService,0]
11-16 03:23:42.958 1504 2493 I am_uid_stopped: 10062
11-16 03:23:42.958 1504 2493 I am_uid_running: 10062
11-16 03:23:42.958 1504 2493 I am_uid_active: 10062
11-16 03:23:42.964 1504 1603 I am_proc_start: [0,3158,10062,com.qualcomm.qti.devicestatisticsservice,restart,com.qualcomm.qti.devicestatisticsservice]
11-16 03:23:42.968 1504 3154 I commit_sys_config_file: [log-files,2]
11-16 03:23:42.970 1504 3154 I am_uid_active: 10022
11-16 03:23:42.993 1504 1535 I am_proc_bound: [0,3158,com.qualcomm.qti.devicestatisticsservice]
11-16 03:23:42.993 1504 2059 D TelephonyRegistry: listen oscl: mHasNotifySubscriptionInfoChangedOccurred==false no callback
11-16 03:23:43.010 1504 1603 I am_proc_start: [0,3189,1000,com.qti.diagservices,broadcast,{com.qti.diagservices/com.qti.diagservices.Diag_OnBoot}]
11-16 03:23:43.029 1504 2493 I am_proc_bound: [0,3189,com.qti.diagservices]
11-16 03:23:43.052 1504 1598 I am_meminfo: [958181376,4994551808,12288,305614848,601006080]
11-16 03:23:43.058 1504 1598 I am_pss : [2543,10088,com.qualcomm.qti.qccauthmgr,6825984,4292608,0,95387648,2,5,5]
11-16 03:23:43.064 1504 1598 I am_pss : [2378,10096,android.ext.services,9994240,4829184,0,102977536,2,5,5]
11-16 03:23:43.071 1504 1598 I am_pss : [2496,10073,com.android.launcher3,21565440,17973248,0,115236864,2,5,5]
11-16 03:23:43.078 1504 1598 I am_pss : [1965,1002,com.android.bluetooth,32363520,27004928,0,138305536,2,0,7]
11-16 03:23:43.084 1504 1598 I am_pss : [2346,1000,com.thundercomm.tcservice,8233984,5885952,0,94543872,2,0,5]
11-16 03:23:43.090 1504 1598 I am_pss : [2357,1000,com.qualcomm.qti.qdma,11535360,7380992,0,106721280,2,0,5]
11-16 03:23:43.097 1504 1598 I am_pss : [2335,1000,com.thundercomm.remotecontrolservice,9330688,6565888,0,99672064,2,0,6]
11-16 03:23:43.109 1504 1598 I am_pss : [2271,10087,com.qti.qualcomm.mstatssystemservice,5736448,3588096,0,89927680,2,0,5]
11-16 03:23:43.114 1504 1598 I am_pss : [2293,1068,com.android.se,6144000,3911680,0,91619328,2,0,4]
11-16 03:23:43.120 1504 1598 I am_pss : [2244,1073,com.android.networkstack.process,11602944,8474624,0,103944192,2,0,5]
11-16 03:23:43.126 1504 1598 I am_pss : [2248,1000,vendor.qti.qesdk.sysservice,5812224,3592192,0,90689536,2,0,5]
11-16 03:23:43.132 1504 1598 I am_pss : [2220,1000,com.tc.logclient,6700032,4591616,0,90120192,2,0,5]
11-16 03:23:43.138 1504 1598 I am_pss : [2209,1000,com.thundercomm.tchttpserver,7447552,5337088,0,90869760,2,0,5]
11-16 03:23:43.144 1504 1598 I am_pss : [2174,10055,.qtidataservices,6144000,3956736,0,91271168,2,0,6]
11-16 03:23:43.150 1504 1598 I am_pss : [2153,1000,com.thundercomm.tcsetupWizard,7012352,4902912,0,90451968,2,0,5]
11-16 03:23:43.156 1504 1598 I am_pss : [2172,1001,.dataservices,8620032,6250496,0,94732288,2,0,5]
11-16 03:23:43.162 1504 1598 I am_pss : [2140,1000,com.thundercomm.microsettings,36993024,31907840,0,128286720,2,0,5]
11-16 03:23:43.168 1504 1598 I am_pss : [2095,1000,com.thundercomm.microservice,9080832,6803456,0,94654464,2,0,5]
11-16 03:23:43.178 1504 1598 I am_pss : [1968,10081,com.android.systemui,89948160,68407296,0,241311744,2,1,8]
11-16 03:23:43.194 1504 1598 I am_pss : [1504,1000,system,232480768,134033408,0,551444480,2,0,15]
11-16 03:23:43.631 3325 3325 I auditd : type=1400 audit(0.0:233): avc: denied { read } for comm="ip" name="rt_tables" dev="dm-10" ino=341 scontext=u:r:ethernet:s0 tcontext=u:object_r:net_data_file:s0 tclass=file permissive=0
11-16 03:23:43.647 3327 3327 I auditd : type=1400 audit(0.0:234): avc: denied { read } for comm="ip" name="rt_tables" dev="dm-10" ino=341 scontext=u:r:ethernet:s0 tcontext=u:object_r:net_data_file:s0 tclass=file permissive=0
11-16 03:23:43.651 2689 2689 I auditd : type=1400 audit(0.0:235): avc: denied { write } for comm="sh" name="ip_forward" dev="proc" ino=14988 scontext=u:r:ethernet:s0 tcontext=u:object_r:proc_net:s0 tclass=file permissive=0
11-16 03:23:43.651 2689 2689 I auditd : type=1400 audit(0.0:236): avc: denied { write } for comm="sh" name="ip_default_ttl" dev="proc" ino=26711 scontext=u:r:ethernet:s0 tcontext=u:object_r:proc_net:s0 tclass=file permissive=0
11-16 03:23:43.651 2689 2689 I auditd : type=1400 audit(0.0:237): avc: denied { write } for comm="sh" name="tcp_keepalive_probes" dev="proc" ino=26712 scontext=u:r:ethernet:s0 tcontext=u:object_r:proc_net:s0 tclass=file permissive=0
11-16 03:23:44.080 1504 1568 I wm_task_moved: [8,1,5]
11-16 03:23:44.081 1504 1568 I wm_set_resumed_activity: [0,com.android.systemui/.usb.UsbDebuggingActivity,positionChildAt]
11-16 03:23:44.231 1504 1570 I commit_sys_config_file: [jobs,6]
11-16 03:23:44.596 1504 1701 I service_manager_stats: [700,277,5566]
11-16 03:23:44.601 1504 1701 I netstats_mobile_sample: [0,0,0,0,0,0,0,0,0,0,0,0,1668540224601]
11-16 03:23:44.601 1504 1701 I netstats_wifi_sample: [0,0,0,0,0,0,0,0,0,0,0,0,1668540224601]
11-16 03:23:44.619 1504 1701 I netstats_mobile_sample: [0,0,0,0,0,0,0,0,0,0,0,0,1668540224619]
11-16 03:23:44.619 1504 1701 I netstats_wifi_sample: [0,0,0,0,0,0,0,0,0,0,0,0,1668540224619]
11-16 03:23:44.706 1504 1504 I am_uid_running: 10063
11-16 03:23:44.716 1504 1603 I am_proc_start: [0,3352,10063,com.android.calendar,broadcast,{com.android.calendar/com.android.calendar.alerts.AlertReceiver}]
11-16 03:23:44.735 1504 2493 I am_proc_bound: [0,3352,com.android.calendar]
11-16 03:23:44.743 1504 2493 I am_uid_active: 10063
11-16 03:23:44.855 1504 1603 I am_proc_start: [0,3371,1000,com.android.dynsystem,broadcast,{com.android.dynsystem/com.android.dynsystem.BootCompletedReceiver}]
11-16 03:23:44.889 1504 2493 I am_proc_bound: [0,3371,com.android.dynsystem]
11-16 03:23:44.934 1504 2493 I am_uid_running: 10069
11-16 03:23:44.944 1504 1603 I am_proc_start: [0,3387,1000,com.android.dynsystem:dynsystem,service,{com.android.dynsystem/com.android.dynsystem.DynamicSystemInstallationService}]
11-16 03:23:44.954 1504 1603 I am_proc_start: [0,3388,10069,com.android.inputmethod.latin,broadcast,{com.android.inputmethod.latin/com.android.inputmethod.latin.SystemBroadcastReceiver}]
11-16 03:23:44.969 1504 1822 I am_proc_bound: [0,3387,com.android.dynsystem:dynsystem]
11-16 03:23:44.986 1504 2493 I am_proc_bound: [0,3388,com.android.inputmethod.latin]
11-16 03:23:44.991 1504 2493 I am_uid_active: 10069
11-16 03:23:45.091 1504 2099 I am_proc_died: [0,3388,com.android.inputmethod.latin,0,11]
11-16 03:23:45.092 1504 2099 I am_broadcast_discard_app: [0,221206036,android.intent.action.BOOT_COMPLETED,17,ResolveInfo{1d4a653 com.android.inputmethod.latin/.SystemBroadcastReceiver m=0x108000}]
11-16 03:23:45.092 1504 2099 I am_uid_stopped: 10069
11-16 03:23:45.095 1504 1601 I am_uid_running: 10030
11-16 03:23:45.105 1504 1603 I am_proc_start: [0,3424,10030,com.android.managedprovisioning,broadcast,{com.android.managedprovisioning/com.android.managedprovisioning.BootReminder}]
11-16 03:23:45.131 1504 1822 I am_proc_bound: [0,3424,com.android.managedprovisioning]
11-16 03:23:45.135 1504 1822 I am_uid_active: 10030
11-16 03:23:45.235 1504 2493 I am_uid_running: 10086
11-16 03:23:45.246 1504 1603 I am_proc_start: [0,3441,10086,com.android.music,broadcast,{com.android.music/com.android.music.MediaPlaybackReceiver}]
11-16 03:23:45.274 1504 2493 I am_proc_bound: [0,3441,com.android.music]
11-16 03:23:45.278 1504 2493 I am_uid_active: 10086
11-16 03:23:45.358 1504 2493 I am_uid_running: 10059
11-16 03:23:45.385 1504 1603 I am_proc_start: [0,3457,10059,com.android.onetimeinitializer,broadcast,{com.android.onetimeinitializer/com.android.onetimeinitializer.OneTimeInitializerReceiver}]
11-16 03:23:45.396 1504 2743 I backup_transport_lifecycle: [com.android.localtransport/.LocalTransportService,1]
11-16 03:23:45.398 1504 1504 I notification_cancel_all: [1002,1965,com.android.bluetooth,0,0,64,9,NULL]
11-16 03:23:45.413 1504 1603 I am_proc_start: [0,3465,1000,com.android.localtransport,service,{com.android.localtransport/com.android.localtransport.LocalTransportService}]
11-16 03:23:45.428 1504 2493 I am_proc_bound: [0,3457,com.android.onetimeinitializer]
11-16 03:23:45.432 1504 2493 I am_uid_active: 10059
11-16 03:23:45.446 1504 3120 I am_proc_bound: [0,3465,com.android.localtransport]
11-16 03:23:45.483 1504 1504 I backup_transport_connection: [com.android.localtransport/.LocalTransportService,1]
11-16 03:23:45.486 1504 2743 I backup_transport_lifecycle: [com.android.localtransport/.LocalTransportService,0]
11-16 03:23:45.486 1504 2743 I backup_transport_connection: [com.android.localtransport/.LocalTransportService,0]
11-16 03:23:45.497 1968 1968 I sysui_multi_action: [757,803,799,note_peek,802,1]
11-16 03:23:45.504 1504 1822 I wm_task_created: [280,-1]
11-16 03:23:45.506 1504 1822 I wm_task_created: [281,-1]
11-16 03:23:45.506 1504 1822 I wm_task_moved: [281,0,-2147483648]
11-16 03:23:45.507 1504 1822 I wm_create_task: [0,281]
11-16 03:23:45.507 1504 1822 I wm_create_activity: [0,50203839,281,com.android.launcher3/.uioverrides.QuickstepLauncher,android.intent.action.MAIN,NULL,NULL,268500992]
11-16 03:23:45.510 1504 1822 I wm_restart_activity: [0,50203839,281,com.android.launcher3/.uioverrides.QuickstepLauncher]
11-16 03:23:45.511 1504 1822 I wm_add_to_stopping: [0,50203839,com.android.launcher3/.uioverrides.QuickstepLauncher,preloadRecents]
11-16 03:23:45.514 1504 2059 I am_uid_running: 10024
11-16 03:23:45.514 1504 2493 I sysui_multi_action: [757,127,758,1]
11-16 03:23:45.514 1504 2493 I sysui_multi_action: [757,804,799,note_load,801,1,802,1]
11-16 03:23:45.514 1504 2493 I notification_panel_revealed: 1
11-16 03:23:45.518 1968 1968 I sysui_heads_up_status: [-1|android|26|null|1000,1]
11-16 03:23:45.523 1504 1603 I am_proc_start: [0,3506,10024,com.android.packageinstaller,broadcast,{com.android.packageinstaller/com.android.packageinstaller.TemporaryFileManager}]
11-16 03:23:45.542 1504 2493 I am_proc_bound: [0,3506,com.android.packageinstaller]
11-16 03:23:45.549 1504 2493 I am_uid_active: 10024
11-16 03:23:45.613 1504 1535 I am_uid_running: 10094
11-16 03:23:45.620 1504 1603 I am_proc_start: [0,3527,10094,com.android.permissioncontroller,broadcast,{com.android.permissioncontroller/com.android.permissioncontroller.permission.service.LocationAccessCheck$SetupPeriodicBackgroundLocationAccessCheck}]
11-16 03:23:45.638 1504 1822 I am_proc_bound: [0,3527,com.android.permissioncontroller]
11-16 03:23:45.646 1504 1822 I am_uid_active: 10094
11-16 03:23:45.732 2496 2496 I wm_on_create_called: [50203839,com.android.launcher3.uioverrides.QuickstepLauncher,performCreate]
11-16 03:23:45.733 2496 2496 I wm_on_start_called: [50203839,com.android.launcher3.uioverrides.QuickstepLauncher,handleStartActivity]
11-16 03:23:45.733 2496 2496 I wm_on_resume_called: [50203839,com.android.launcher3.uioverrides.QuickstepLauncher,LIFECYCLER_RESUME_ACTIVITY]
11-16 03:23:45.737 2496 2496 I wm_on_paused_called: [50203839,com.android.launcher3.uioverrides.QuickstepLauncher,performPause]
11-16 03:23:45.766 991 1062 I sf_stop_bootanim: 15279
11-16 03:23:45.775 1504 1682 I input_focus: [Focus entering cc282f8 com.android.systemui/com.android.systemui.usb.UsbDebuggingActivity (server),reason=setFocusedWindow]
11-16 03:23:45.790 1504 2059 I am_uid_running: 10026
11-16 03:23:45.801 1504 1603 I am_proc_start: [0,3552,10026,com.android.providers.calendar,broadcast,{com.android.providers.calendar/com.android.providers.calendar.CalendarReceiver}]
11-16 03:23:45.823 1504 2059 I am_proc_bound: [0,3552,com.android.providers.calendar]
11-16 03:23:45.827 1504 2059 I am_uid_active: 10026
11-16 03:23:45.948 1504 1822 I am_uid_running: 2000
11-16 03:23:45.960 1504 1603 I am_proc_start: [0,3575,2000,com.android.shell,broadcast,{com.android.shell/com.android.shell.HeapDumpReceiver}]
11-16 03:23:45.987 1504 2059 I am_proc_bound: [0,3575,com.android.shell]
11-16 03:23:45.997 1504 2059 I am_uid_active: 2000
11-16 03:23:46.023 1504 2059 I sysui_multi_action: [757,128,758,1,793,4019,794,0,795,4019,796,26,798,0,806,android,857,DEVELOPER_IMPORTANT,858,4,947,0,1395,2,1500,3430,1688,1]
11-16 03:23:46.023 1504 2059 I sysui_multi_action: [757,804,799,note_freshness,801,4019,802,1]
11-16 03:23:46.023 1504 2059 I notification_visibility: [-1|android|26|null|1000,1,4019,4019,0,0]
11-16 03:23:46.060 1504 1603 I am_proc_start: [0,3591,1001,com.android.phone,broadcast,{com.android.stk/com.android.stk.BootCompletedReceiver}]
11-16 03:23:46.081 1504 1822 I am_proc_bound: [0,3591,com.android.phone]
11-16 03:23:46.149 3591 3591 D CAT : BootCompletedReceiver: [ACTION_BOOT_COMPLETED]
11-16 03:23:46.150 3591 3591 D CAT : StkAppService: onCreate()+
11-16 03:23:46.150 3591 3591 D CAT : StkAppService: simCount: 1
11-16 03:23:46.151 3591 3591 D CAT : StkAppService: slotId: 0
11-16 03:23:46.153 3591 3591 D CAT : StkAppService: onStart sim id: 0, op: 5, *****
11-16 03:23:46.153 3591 3591 D CAT : StkAppService: mStkService is: -1
11-16 03:23:46.157 3591 3591 D CAT : StkAppService: onDestroy()
11-16 03:23:46.158 1504 2059 I am_uid_running: 10082
11-16 03:23:46.170 1504 1603 I am_proc_start: [0,3609,10082,com.qti.ltebc,broadcast,{com.qti.ltebc/com.qualcomm.ltebc.LTEBroadcastBootReceiver}]
11-16 03:23:46.198 1504 2059 I am_proc_bound: [0,3609,com.qti.ltebc]
11-16 03:23:46.202 1504 2059 I am_uid_active: 10082
11-16 03:23:46.551 3648 3648 I auditd : type=1400 audit(0.0:253): avc: denied { read } for comm="cat" name="address" dev="sysfs" ino=68965 scontext=u:r:platform_app:s0:c512,c768 tcontext=u:object_r:sysfs:s0 tclass=file permissive=0 app=com.hht.lebocast
11-16 03:23:46.655 1504 1504 I notification_enqueue: [1000,1504,android,17303299,com.android.wifi,0,Notification(channel=NETWORK_AVAILABLE shortcut=null contentView=null vibrate=null sound=null tick defaults=0x0 flags=0x100 color=0x00000000 actions=2 vis=PRIVATE),0]
11-16 03:23:46.679 1504 1535 I am_uid_running: 10058
11-16 03:23:46.684 1504 2493 I am_proc_died: [0,3609,com.qti.ltebc,905,19]
11-16 03:23:46.684 1504 2493 I am_uid_stopped: 10082
11-16 03:23:46.687 1504 2493 I am_uid_active: 10058
11-16 03:23:46.688 1504 1603 I am_proc_start: [0,3656,10058,com.qualcomm.qti.qms.service.connectionsecurity,broadcast,{com.qualcomm.qti.qms.service.connectionsecurity/com.qualcomm.qti.qms.service.connectionsecurity.ConnSecBroadcastReceiver}]
11-16 03:23:46.714 1504 2493 I am_proc_bound: [0,3656,com.qualcomm.qti.qms.service.connectionsecurity]
11-16 03:23:46.814 1504 1603 I am_proc_start: [0,3677,1000,com.thundercomm.gamemode,broadcast,{com.thundercomm.gamemode/com.thundercomm.gamemode.ingame.services.BootCompletedReceiver}]
11-16 03:23:46.840 1504 1535 I am_proc_bound: [0,3677,com.thundercomm.gamemode]
11-16 03:23:46.856 1504 1504 I sysui_multi_action: [757,1501,758,1,793,203,794,0,795,203,796,17303299,797,com.android.wifi,806,android,857,NETWORK_AVAILABLE,858,2,947,0,1500,0,1688,1]
11-16 03:23:46.856 1504 1504 I sysui_multi_action: [757,804,799,note_interruptive,801,0,802,1]
11-16 03:23:46.960 1504 1601 I am_uid_running: 10033
11-16 03:23:46.972 1504 1603 I am_proc_start: [0,3697,10033,com.android.externalstorage,broadcast,{com.android.externalstorage/com.android.externalstorage.MountReceiver}]
11-16 03:23:46.997 1504 1535 I am_proc_bound: [0,3697,com.android.externalstorage]
11-16 03:23:47.070 1504 1535 I am_uid_running: 10082
11-16 03:23:47.081 1504 1603 I am_proc_start: [0,3713,10082,com.qti.ltebc,broadcast,{com.qti.ltebc/com.qualcomm.ltebc.LTEBroadcastReceiver}]
11-16 03:23:47.113 1504 1535 I am_proc_bound: [0,3713,com.qti.ltebc]
