11-16 03:37:49.089 1504 2099 I wm_resume_activity: [0,50203839,281,com.android.launcher3/.uioverrides.QuickstepLauncher]
11-16 03:37:49.089 2496 2496 I wm_on_resume_called: [50203839,com.android.launcher3.uioverrides.QuickstepLauncher,RESUME_ACTIVITY]
11-16 03:37:49.096 1504 1572 I input_focus: [Focus request e1de84c com.android.launcher3/com.android.launcher3.uioverrides.QuickstepLauncher,reason=UpdateInputWindows]
11-16 03:37:49.098 2496 2496 I wm_on_top_resumed_gained_called: [50203839,com.android.launcher3.uioverrides.QuickstepLauncher,topStateChangedWhenResumed]
11-16 03:37:49.099 1504 1682 I input_focus: [Focus leaving recents_animation_input_consumer (server),reason=NOT_VISIBLE]
11-16 03:37:49.101 1504 1822 I wm_stop_activity: [0,22820526,com.android.gallery3d/.app.GalleryActivity]
11-16 03:37:49.107 4615 4615 I wm_on_paused_called: [22820526,com.android.gallery3d.app.GalleryActivity,performPause]
11-16 03:37:49.108 1504 1571 I sysui_multi_action: [757,803,799,window_time_0,802,2]
11-16 03:37:49.109 1504 1571 I sysui_multi_action: [757,803,799,window_time_0,802,0]
11-16 03:37:49.115 4615 4615 I wm_on_stop_called: [22820526,com.android.gallery3d.app.GalleryActivity,STOP_ACTIVITY_ITEM]
11-16 03:37:49.134 1504 1682 I input_focus: [Focus entering e1de84c com.android.launcher3/com.android.launcher3.uioverrides.QuickstepLauncher (server),reason=setFocusedWindow]
11-16 03:37:49.900 1504 1682 I input_interaction: Interaction with: e1de84c com.android.launcher3/com.android.launcher3.uioverrides.QuickstepLauncher (server), c74be60 com.android.systemui.ImageWallpaper (server), edge-swipe (server), swipe-up (server), PointerEventDispatcher0 (server),
11-16 03:37:51.220 2496 2496 I view_enqueue_input_event: [Motion - Cancel,com.android.launcher3/com.android.launcher3.uioverrides.QuickstepLauncher]
11-16 03:37:51.224 1504 1682 I input_interaction: Interaction with: edge-swipe (server), swipe-up (server), PointerEventDispatcher0 (server),
11-16 03:37:51.397 1504 1666 I commit_sys_config_file: [settings-1-0,27]
11-16 03:37:51.989 1504 1534 I wm_task_moved: [280,1,6]
11-16 03:37:51.989 1504 1534 I wm_set_resumed_activity: [0,com.android.launcher3/.uioverrides.QuickstepLauncher,positionChildAt]
11-16 03:37:51.990 1504 1534 I wm_task_moved: [287,1,6]
11-16 03:37:51.990 1504 1534 I wm_task_to_front: [0,287]
11-16 03:37:51.991 1504 1534 I wm_focused_root_task: [0,0,287,280,moveTaskToFront findTaskToMoveToFront]
11-16 03:37:51.992 2496 2496 I wm_on_top_resumed_lost_called: [50203839,com.android.launcher3.uioverrides.QuickstepLauncher,topStateChangedWhenResumed]
11-16 03:37:51.992 1504 1534 I wm_set_resumed_activity: [0,com.android.gallery3d/.app.GalleryActivity,moveTaskToFront findTaskToMoveToFront]
11-16 03:37:51.994 1504 1534 I wm_pause_activity: [0,50203839,com.android.launcher3/.uioverrides.QuickstepLauncher,userLeaving=true,pauseBackTasks]
11-16 03:37:52.004 2496 2496 I wm_on_paused_called: [50203839,com.android.launcher3.uioverrides.QuickstepLauncher,performPause]
11-16 03:37:52.015 1504 4613 I wm_set_resumed_activity: [0,com.android.gallery3d/.app.GalleryActivity,resumeTopActivityInnerLocked]
11-16 03:37:52.015 1504 4613 I wm_add_to_stopping: [0,50203839,com.android.launcher3/.uioverrides.QuickstepLauncher,makeInvisible]
11-16 03:37:52.018 1504 4613 I wm_resume_activity: [0,22820526,287,com.android.gallery3d/.app.GalleryActivity]
11-16 03:37:52.031 1504 1571 I sysui_multi_action: [757,803,799,window_time_0,802,3]
11-16 03:37:52.032 4615 4615 I wm_on_restart_called: [22820526,com.android.gallery3d.app.GalleryActivity,performRestartActivity]
11-16 03:37:52.033 4615 4615 I wm_on_start_called: [22820526,com.android.gallery3d.app.GalleryActivity,handleStartActivity]
11-16 03:37:52.035 4615 4615 I wm_on_resume_called: [22820526,com.android.gallery3d.app.GalleryActivity,RESUME_ACTIVITY]
11-16 03:37:52.035 4615 4615 I wm_on_top_resumed_gained_called: [22820526,com.android.gallery3d.app.GalleryActivity,topWhenResuming]
11-16 03:37:52.038 1504 1682 I input_focus: [Focus leaving e1de84c com.android.launcher3/com.android.launcher3.uioverrides.QuickstepLauncher (server),reason=NO_WINDOW]
11-16 03:37:52.045 1504 1572 I input_focus: [Focus request fb16dc2 com.android.gallery3d/com.android.gallery3d.app.GalleryActivity,reason=UpdateInputWindows]
11-16 03:37:52.054 1968 1968 I sysui_multi_action: [757,111,758,2]
11-16 03:37:52.054 1968 1968 I sysui_multi_action: [757,111,758,2]
11-16 03:37:52.057 1504 1504 I notification_enqueue: [10081,1968,com.android.systemui,2048,NULL,0,Notification(channel=updateNotification shortcut=null contentView=null vibrate=null sound=null defaults=0x0 flags=0x0 color=0x00000000 vis=PRIVATE),1]
11-16 03:37:52.065 1504 1571 I wm_stop_activity: [0,50203839,com.android.launcher3/.uioverrides.QuickstepLauncher]
11-16 03:37:52.066 1504 1568 I sysui_multi_action: [319,58,321,56,322,73,325,861,757,761,758,9,759,4,806,com.android.gallery3d,871,com.android.gallery3d.app.GalleryActivity,904,com.android.launcher3,905,0,1320,4,1321,1]
11-16 03:37:52.070 1968 1968 I sysui_multi_action: [757,111,758,1]
11-16 03:37:52.070 1968 1968 I sysui_multi_action: [757,126,758,1,759,126,927,0,928,0,1593,0]
11-16 03:37:52.070 1968 1968 I sysui_multi_action: [757,113,758,1,759,113,927,1,928,1,1593,0]
11-16 03:37:52.070 1968 1968 I sysui_multi_action: [757,0,758,1,759,0,927,2,928,0,1593,0]
11-16 03:37:52.070 1968 1968 I sysui_multi_action: [757,0,758,1,759,0,927,3,928,0,1593,0]
11-16 03:37:52.070 1968 1968 I sysui_multi_action: [757,491,758,1,759,491,927,4,928,0,1311,-1,1593,0]
11-16 03:37:52.070 1968 1968 I sysui_multi_action: [757,0,758,1,759,0,927,5,928,0,1593,0]
11-16 03:37:52.070 1968 1968 I sysui_multi_action: [757,111,758,1]
11-16 03:37:52.070 1968 1968 I sysui_multi_action: [757,126,758,1,759,126,927,0,928,0,1593,0]
11-16 03:37:52.070 1968 1968 I sysui_multi_action: [757,113,758,1,759,113,927,1,928,1,1593,0]
11-16 03:37:52.070 1968 1968 I sysui_multi_action: [757,0,758,1,759,0,927,2,928,0,1593,0]
11-16 03:37:52.070 1968 1968 I sysui_multi_action: [757,0,758,1,759,0,927,3,928,0,1593,0]
11-16 03:37:52.072 1504 1682 I input_focus: [Focus entering fb16dc2 com.android.gallery3d/com.android.gallery3d.app.GalleryActivity (server),reason=Window became focusable. Previous reason: NOT_VISIBLE]
11-16 03:37:52.102 2496 2496 I wm_on_stop_called: [50203839,com.android.launcher3.uioverrides.QuickstepLauncher,STOP_ACTIVITY_ITEM]
11-16 03:37:52.261 1504 1504 I sysui_multi_action: [757,1501,758,1,793,840596,794,0,795,208,796,2048,806,com.android.systemui,857,updateNotification,858,3,947,0,1500,0,1688,1]
11-16 03:37:52.261 1504 1504 I sysui_multi_action: [757,804,799,note_interruptive,801,0,802,1]
11-16 03:37:52.261 1504 1504 I sysui_multi_action: [757,199,758,1,759,2,793,840597,794,0,795,209,796,2048,806,com.android.systemui,857,updateNotification,858,3,947,0,1500,1,1688,1]
11-16 03:37:52.261 1504 1504 I notification_alert: [0|com.android.systemui|2048|null|10081,0,1,0]
11-16 03:37:52.305 1504 1666 I commit_sys_config_file: [settings-1-0,10]
11-16 03:37:52.770 1504 1682 I input_interaction: Interaction with: fb16dc2 com.android.gallery3d/com.android.gallery3d.app.GalleryActivity (server), edge-swipe (server), swipe-up (server), PointerEventDispatcher0 (server),
11-16 03:37:52.782 1504 2099 I wm_task_moved: [280,0,0]
11-16 03:37:52.783 1504 2099 I wm_task_moved: [280,0,5]
11-16 03:37:52.810 2496 2496 I wm_on_restart_called: [50203839,com.android.launcher3.uioverrides.QuickstepLauncher,performRestartActivity]
11-16 03:37:52.822 2496 2496 I wm_on_start_called: [50203839,com.android.launcher3.uioverrides.QuickstepLauncher,handleStartActivity]
11-16 03:37:52.852 1504 1568 I sysui_multi_action: [319,15,322,60,325,862,757,761,758,9,759,5,806,com.android.launcher3,871,com.android.launcher3.uioverrides.QuickstepLauncher,904,com.android.launcher3,905,0,1320,8,1321,5]
11-16 03:37:52.853 4615 4615 I view_enqueue_input_event: [Motion - Cancel,com.android.gallery3d/com.android.gallery3d.app.GalleryActivity]
11-16 03:37:52.854 2496 2496 I sysui_latency: [1,68]
11-16 03:37:52.860 1504 1682 I input_interaction: Interaction with: edge-swipe (server), swipe-up (server), PointerEventDispatcher0 (server),
11-16 03:37:52.863 1504 1572 I input_focus: [Focus request recents_animation_input_consumer,reason=UpdateInputWindows]
11-16 03:37:52.892 1504 1682 I input_focus: [Focus leaving fb16dc2 com.android.gallery3d/com.android.gallery3d.app.GalleryActivity (server),reason=NOT_FOCUSABLE]
11-16 03:37:52.892 1504 1682 I input_focus: [Focus entering recents_animation_input_consumer (server),reason=setFocusedWindow]
11-16 03:37:53.027 1504 1666 I commit_sys_config_file: [settings-1-0,6]
11-16 03:37:53.145 1504 1598 I sysui_latency: [8,65]
11-16 03:37:53.712 1504 1666 I commit_sys_config_file: [settings-1-0,6]
11-16 03:37:54.456 1504 1682 I input_interaction: Interaction with: e1de84c com.android.launcher3/com.android.launcher3.uioverrides.QuickstepLauncher (server), edge-swipe (server), swipe-up (server), PointerEventDispatcher0 (server),
11-16 03:37:54.968 1504 2099 I wm_task_moved: [280,1,6]
11-16 03:37:54.972 4615 4615 I wm_on_top_resumed_lost_called: [22820526,com.android.gallery3d.app.GalleryActivity,topStateChangedWhenResumed]
11-16 03:37:54.973 1504 2099 I wm_task_moved: [281,1,2147483647]
11-16 03:37:54.973 1504 2099 I wm_task_to_front: [0,281]
11-16 03:37:54.974 1504 2099 I wm_focused_root_task: [0,0,280,287,RecentsAnimation.onAnimationFinished()]
11-16 03:37:54.975 1504 2099 I wm_set_resumed_activity: [0,com.android.launcher3/.uioverrides.QuickstepLauncher,RecentsAnimation.onAnimationFinished()]
11-16 03:37:54.980 1504 2099 I wm_pause_activity: [0,22820526,com.android.gallery3d/.app.GalleryActivity,userLeaving=true,pauseBackTasks]
11-16 03:37:54.988 1504 2099 I wm_add_to_stopping: [0,22820526,com.android.gallery3d/.app.GalleryActivity,makeInvisible]
11-16 03:37:54.989 1504 2099 I wm_set_resumed_activity: [0,com.android.launcher3/.uioverrides.QuickstepLauncher,resumeTopActivityInnerLocked]
11-16 03:37:54.991 1504 2099 I wm_resume_activity: [0,50203839,281,com.android.launcher3/.uioverrides.QuickstepLauncher]
11-16 03:37:54.992 2496 2496 I wm_on_resume_called: [50203839,com.android.launcher3.uioverrides.QuickstepLauncher,RESUME_ACTIVITY]
11-16 03:37:55.003 1504 1572 I input_focus: [Focus request e1de84c com.android.launcher3/com.android.launcher3.uioverrides.QuickstepLauncher,reason=UpdateInputWindows]
11-16 03:37:55.009 4615 4615 I wm_on_paused_called: [22820526,com.android.gallery3d.app.GalleryActivity,performPause]
11-16 03:37:55.013 1504 1682 I input_focus: [Focus leaving recents_animation_input_consumer (server),reason=NOT_VISIBLE]
11-16 03:37:55.014 1504 1682 I input_focus: [Focus entering e1de84c com.android.launcher3/com.android.launcher3.uioverrides.QuickstepLauncher (server),reason=setFocusedWindow]
11-16 03:37:55.015 1504 4314 I wm_stop_activity: [0,22820526,com.android.gallery3d/.app.GalleryActivity]
11-16 03:37:55.019 2496 2496 I wm_on_top_resumed_gained_called: [50203839,com.android.launcher3.uioverrides.QuickstepLauncher,topStateChangedWhenResumed]
11-16 03:37:55.024 1504 1571 I sysui_multi_action: [757,803,799,window_time_0,802,3]
11-16 03:37:55.031 1504 1571 I sysui_multi_action: [757,803,799,window_time_0,802,0]
11-16 03:37:55.045 4615 4615 I wm_on_stop_called: [22820526,com.android.gallery3d.app.GalleryActivity,STOP_ACTIVITY_ITEM]
11-16 03:37:56.305 1504 1682 I input_interaction: Interaction with: e1de84c com.android.launcher3/com.android.launcher3.uioverrides.QuickstepLauncher (server), PointerEventDispatcher0 (server),
11-16 03:38:11.521 1504 1682 I input_interaction: Interaction with: e1de84c com.android.launcher3/com.android.launcher3.uioverrides.QuickstepLauncher (server), c74be60 com.android.systemui.ImageWallpaper (server), edge-swipe (server), swipe-up (server), PointerEventDispatcher0 (server),
11-16 03:38:11.608 2496 2496 I view_enqueue_input_event: [Motion - Cancel,com.android.launcher3/com.android.launcher3.uioverrides.QuickstepLauncher]
11-16 03:38:11.617 1504 1682 I input_interaction: Interaction with: edge-swipe (server), swipe-up (server), PointerEventDispatcher0 (server),
11-16 03:38:11.781 1504 1666 I commit_sys_config_file: [settings-1-0,11]
11-16 03:38:12.165 1504 1666 I commit_sys_config_file: [settings-1-0,4]
11-16 03:38:12.874 1504 1682 I input_interaction: Interaction with: e1de84c com.android.launcher3/com.android.launcher3.uioverrides.QuickstepLauncher (server), c74be60 com.android.systemui.ImageWallpaper (server), edge-swipe (server), swipe-up (server), PointerEventDispatcher0 (server),
11-16 03:38:13.388 1504 2504 I wm_finish_activity: [0,22820526,287,com.android.gallery3d/.app.GalleryActivity,recent-task-trimmed]
11-16 03:38:13.391 1504 2504 I wm_destroy_activity: [0,22820526,287,com.android.gallery3d/.app.GalleryActivity,finish-imm:finishIfPossible]
11-16 03:38:13.396 1504 1571 I am_kill : [0,4615,com.android.gallery3d,0,remove task]
11-16 03:38:13.396 4615 4615 I wm_on_destroy_called: [22820526,com.android.gallery3d.app.GalleryActivity,performDestroy]
11-16 03:38:13.397 1504 1571 I sysui_multi_action: [757,803,799,window_time_0,802,18]
11-16 03:38:13.429 1504 1534 I am_proc_died: [0,4615,com.android.gallery3d,0,10]
11-16 03:38:13.436 1504 1534 I am_uid_stopped: 10064
11-16 03:38:13.437 1504 1534 I wm_task_removed: [287,removeChild:removeChild last r=ActivityRecord{15c36ae u0 com.android.gallery3d/.app.GalleryActivity t-1 f}} in t=Task{44f9e74 #287 type=standard A=10064:com.android.gallery3d U=0 visible=false mode=fullscreen translucent=true sz=0}]
11-16 03:38:13.437 1504 1534 I wm_task_removed: [287,removeChild]
11-16 03:38:13.442 1504 1571 I am_uid_running: 10064
11-16 03:38:13.446 1504 1598 I am_pss : [4599,10031,com.android.musicfx,5835776,3792896,0,90607616,0,19,6]
11-16 03:38:13.455 1504 1598 I am_pss : [3441,10086,com.android.music,21202944,14544896,0,138215424,0,19,6]
11-16 03:38:13.465 1504 1603 I am_proc_start: [0,4718,10064,com.android.gallery3d,NULL,]
11-16 03:38:13.499 1504 2099 I am_proc_bound: [0,4718,com.android.gallery3d]
11-16 03:38:15.649 1504 3120 I wm_task_created: [288,-1]
11-16 03:38:15.654 1504 3120 I wm_task_moved: [288,1,6]
11-16 03:38:15.654 1504 3120 I wm_task_to_front: [0,288]
11-16 03:38:15.655 1504 3120 I wm_create_task: [0,288]
11-16 03:38:15.655 1504 3120 I wm_create_activity: [0,143607890,288,com.android.gallery3d/.app.GalleryActivity,android.intent.action.MAIN,NULL,NULL,270532608]
11-16 03:38:15.656 1504 3120 I wm_task_moved: [288,1,6]
11-16 03:38:15.660 1504 3120 I wm_pause_activity: [0,50203839,com.android.launcher3/.uioverrides.QuickstepLauncher,userLeaving=true,pauseBackTasks]
11-16 03:38:15.671 2496 2496 I wm_on_top_resumed_lost_called: [50203839,com.android.launcher3.uioverrides.QuickstepLauncher,topStateChangedWhenResumed]
11-16 03:38:15.676 2496 2496 I wm_on_paused_called: [50203839,com.android.launcher3.uioverrides.QuickstepLauncher,performPause]
11-16 03:38:15.680 1504 1534 I wm_add_to_stopping: [0,50203839,com.android.launcher3/.uioverrides.QuickstepLauncher,makeInvisible]
11-16 03:38:15.681 1504 1534 I wm_restart_activity: [0,143607890,288,com.android.gallery3d/.app.GalleryActivity]
11-16 03:38:15.682 1504 1534 I wm_set_resumed_activity: [0,com.android.gallery3d/.app.GalleryActivity,minimalResumeActivityLocked]
11-16 03:38:15.687 1504 1571 I am_uid_active: 10064
11-16 03:38:15.698 2496 2496 I view_enqueue_input_event: [Key - Cancel,com.android.launcher3/com.android.launcher3.uioverrides.QuickstepLauncher]
11-16 03:38:15.702 1504 1682 I input_focus: [Focus leaving e1de84c com.android.launcher3/com.android.launcher3.uioverrides.QuickstepLauncher (server),reason=NO_WINDOW]
11-16 03:38:15.703 1504 1571 I sysui_multi_action: [757,803,799,window_time_0,802,3]
11-16 03:38:15.750 4718 4718 I wm_on_create_called: [143607890,com.android.gallery3d.app.GalleryActivity,performCreate]
11-16 03:38:15.751 4718 4718 I wm_on_start_called: [143607890,com.android.gallery3d.app.GalleryActivity,handleStartActivity]
11-16 03:38:15.755 4718 4718 I wm_on_resume_called: [143607890,com.android.gallery3d.app.GalleryActivity,RESUME_ACTIVITY]
11-16 03:38:15.763 4718 4718 I wm_on_top_resumed_gained_called: [143607890,com.android.gallery3d.app.GalleryActivity,topStateChangedWhenResumed]
11-16 03:38:15.772 1504 1572 I input_focus: [Focus request 9378914 com.android.gallery3d/com.android.gallery3d.app.GalleryActivity,reason=UpdateInputWindows]
11-16 03:38:15.776 1968 1968 I sysui_multi_action: [757,111,758,2]
11-16 03:38:15.776 1504 1504 I notification_enqueue: [10081,1968,com.android.systemui,2048,NULL,0,Notification(channel=updateNotification shortcut=null contentView=null vibrate=null sound=null defaults=0x0 flags=0x0 color=0x00000000 vis=PRIVATE),1]
11-16 03:38:15.779 1968 1968 I sysui_multi_action: [757,111,758,2]
11-16 03:38:15.793 1968 1968 I sysui_multi_action: [757,111,758,1]
11-16 03:38:15.793 1968 1968 I sysui_multi_action: [757,126,758,1,759,126,927,0,928,0,1593,0]
11-16 03:38:15.793 1968 1968 I sysui_multi_action: [757,113,758,1,759,113,927,1,928,1,1593,0]
11-16 03:38:15.793 1968 1968 I sysui_multi_action: [757,0,758,1,759,0,927,2,928,0,1593,0]
11-16 03:38:15.793 1968 1968 I sysui_multi_action: [757,0,758,1,759,0,927,3,928,0,1593,0]
11-16 03:38:15.794 1968 1968 I sysui_multi_action: [757,491,758,1,759,491,927,4,928,0,1311,-1,1593,0]
11-16 03:38:15.794 1968 1968 I sysui_multi_action: [757,0,758,1,759,0,927,5,928,0,1593,0]
11-16 03:38:15.794 1968 1968 I sysui_multi_action: [757,111,758,1]
11-16 03:38:15.795 1968 1968 I sysui_multi_action: [757,126,758,1,759,126,927,0,928,0,1593,0]
11-16 03:38:15.795 1968 1968 I sysui_multi_action: [757,113,758,1,759,113,927,1,928,1,1593,0]
11-16 03:38:15.795 1968 1968 I sysui_multi_action: [757,0,758,1,759,0,927,2,928,0,1593,0]
11-16 03:38:15.795 1968 1968 I sysui_multi_action: [757,0,758,1,759,0,927,3,928,0,1593,0]
11-16 03:38:15.854 1504 1568 I sysui_multi_action: [319,72,321,69,322,206,325,885,757,761,758,8,759,1,806,com.android.gallery3d,871,com.android.gallery3d.app.GalleryActivity,904,com.android.launcher3,905,0,1320,4,1321,1]
11-16 03:38:15.861 1504 1568 I wm_activity_launch_time: [0,143607890,com.android.gallery3d/.app.GalleryActivity,206]
11-16 03:38:15.866 1504 1682 I input_focus: [Focus entering 9378914 com.android.gallery3d/com.android.gallery3d.app.GalleryActivity (server),reason=Window became focusable. Previous reason: NOT_VISIBLE]
11-16 03:38:15.983 1504 1504 I sysui_multi_action: [757,1501,758,1,793,864318,794,0,795,209,796,2048,806,com.android.systemui,857,updateNotification,858,3,947,0,1500,0,1688,1]
11-16 03:38:15.984 1504 1504 I sysui_multi_action: [757,804,799,note_interruptive,801,0,802,1]
11-16 03:38:15.985 1504 1504 I sysui_multi_action: [757,199,758,1,759,2,793,864321,794,0,795,212,796,2048,806,com.android.systemui,857,updateNotification,858,3,947,0,1500,3,1688,1]
11-16 03:38:15.986 1504 1504 I notification_alert: [0|com.android.systemui|2048|null|10081,0,1,0]
11-16 03:38:16.276 1504 1571 I wm_stop_activity: [0,50203839,com.android.launcher3/.uioverrides.QuickstepLauncher]
11-16 03:38:16.317 2496 2496 I wm_on_stop_called: [50203839,com.android.launcher3.uioverrides.QuickstepLauncher,STOP_ACTIVITY_ITEM]
11-16 03:38:16.987 1504 1682 I input_interaction: Interaction with: 9378914 com.android.gallery3d/com.android.gallery3d.app.GalleryActivity (server), edge-swipe (server), swipe-up (server), PointerEventDispatcher0 (server),
11-16 03:38:17.001 1504 3120 I wm_task_moved: [280,0,0]
11-16 03:38:17.002 1504 3120 I wm_task_moved: [280,0,5]
11-16 03:38:17.024 4718 4718 I view_enqueue_input_event: [Motion - Cancel,com.android.gallery3d/com.android.gallery3d.app.GalleryActivity]
11-16 03:38:17.028 1504 1572 I input_focus: [Focus request recents_animation_input_consumer,reason=UpdateInputWindows]
11-16 03:38:17.034 2496 2496 I wm_on_restart_called: [50203839,com.android.launcher3.uioverrides.QuickstepLauncher,performRestartActivity]
11-16 03:38:17.036 1504 1682 I input_interaction: Interaction with: edge-swipe (server), swipe-up (server), PointerEventDispatcher0 (server),
11-16 03:38:17.043 2496 2496 I wm_on_start_called: [50203839,com.android.launcher3.uioverrides.QuickstepLauncher,handleStartActivity]
11-16 03:38:17.049 1504 1682 I input_focus: [Focus leaving 9378914 com.android.gallery3d/com.android.gallery3d.app.GalleryActivity (server),reason=NOT_FOCUSABLE]
11-16 03:38:17.049 1504 1682 I input_focus: [Focus entering recents_animation_input_consumer (server),reason=setFocusedWindow]
11-16 03:38:17.057 2496 2496 I sysui_latency: [1,72]
11-16 03:38:17.072 1504 1568 I sysui_multi_action: [319,17,322,64,325,886,757,761,758,9,759,5,806,com.android.launcher3,871,com.android.launcher3.uioverrides.QuickstepLauncher,904,com.android.launcher3,905,0,1320,8,1321,5]
11-16 03:38:17.247 1504 1666 I commit_sys_config_file: [settings-1-0,4]
11-16 03:38:17.367 1504 1598 I sysui_latency: [8,74]
11-16 03:38:17.982 1504 1534 I wm_task_moved: [280,1,6]
11-16 03:38:17.983 4718 4718 I wm_on_top_resumed_lost_called: [143607890,com.android.gallery3d.app.GalleryActivity,topStateChangedWhenResumed]
11-16 03:38:17.988 1504 1534 I wm_task_moved: [281,1,2147483647]
11-16 03:38:17.991 1504 1534 I wm_task_to_front: [0,281]
11-16 03:38:17.992 1504 1534 I wm_focused_root_task: [0,0,280,288,RecentsAnimation.onAnimationFinished()]
11-16 03:38:17.992 1504 1534 I wm_set_resumed_activity: [0,com.android.launcher3/.uioverrides.QuickstepLauncher,RecentsAnimation.onAnimationFinished()]
11-16 03:38:17.993 1504 1534 I wm_pause_activity: [0,143607890,com.android.gallery3d/.app.GalleryActivity,userLeaving=true,pauseBackTasks]
11-16 03:38:17.994 1504 1534 I wm_add_to_stopping: [0,143607890,com.android.gallery3d/.app.GalleryActivity,makeInvisible]
11-16 03:38:17.995 1504 1534 I wm_set_resumed_activity: [0,com.android.launcher3/.uioverrides.QuickstepLauncher,resumeTopActivityInnerLocked]
11-16 03:38:17.996 1504 1534 I wm_resume_activity: [0,50203839,281,com.android.launcher3/.uioverrides.QuickstepLauncher]
11-16 03:38:17.996 2496 2496 I wm_on_resume_called: [50203839,com.android.launcher3.uioverrides.QuickstepLauncher,RESUME_ACTIVITY]
11-16 03:38:18.003 1504 1572 I input_focus: [Focus request e1de84c com.android.launcher3/com.android.launcher3.uioverrides.QuickstepLauncher,reason=UpdateInputWindows]
11-16 03:38:18.010 2496 2496 I wm_on_top_resumed_gained_called: [50203839,com.android.launcher3.uioverrides.QuickstepLauncher,topStateChangedWhenResumed]
11-16 03:38:18.011 1504 1534 I wm_stop_activity: [0,143607890,com.android.gallery3d/.app.GalleryActivity]
11-16 03:38:18.013 1504 1571 I sysui_multi_action: [757,803,799,window_time_0,802,2]
11-16 03:38:18.014 1504 1571 I sysui_multi_action: [757,803,799,window_time_0,802,0]
11-16 03:38:18.014 4718 4718 I wm_on_paused_called: [143607890,com.android.gallery3d.app.GalleryActivity,performPause]
11-16 03:38:18.019 1504 1682 I input_focus: [Focus leaving recents_animation_input_consumer (server),reason=NOT_VISIBLE]
11-16 03:38:18.019 1504 1682 I input_focus: [Focus entering e1de84c com.android.launcher3/com.android.launcher3.uioverrides.QuickstepLauncher (server),reason=setFocusedWindow]
11-16 03:38:18.023 4718 4718 I wm_on_stop_called: [143607890,com.android.gallery3d.app.GalleryActivity,STOP_ACTIVITY_ITEM]
11-16 03:38:18.236 1504 1682 I input_interaction: Interaction with: e1de84c com.android.launcher3/com.android.launcher3.uioverrides.QuickstepLauncher (server), c74be60 com.android.systemui.ImageWallpaper (server), edge-swipe (server), swipe-up (server), PointerEventDispatcher0 (server),
11-16 03:38:18.348 2496 2496 I view_enqueue_input_event: [Motion - Cancel,com.android.launcher3/com.android.launcher3.uioverrides.QuickstepLauncher]
11-16 03:38:18.352 1504 1682 I input_interaction: Interaction with: edge-swipe (server), swipe-up (server), PointerEventDispatcher0 (server),
11-16 03:38:18.525 1504 1666 I commit_sys_config_file: [settings-1-0,7]
11-16 03:38:19.304 1504 4717 I wm_task_moved: [280,1,6]
11-16 03:38:19.307 1504 4717 I wm_set_resumed_activity: [0,com.android.launcher3/.uioverrides.QuickstepLauncher,positionChildAt]
11-16 03:38:19.307 1504 4717 I wm_task_moved: [288,1,6]
11-16 03:38:19.307 1504 4717 I wm_task_to_front: [0,288]
11-16 03:38:19.308 1504 4717 I wm_focused_root_task: [0,0,288,280,moveTaskToFront findTaskToMoveToFront]
11-16 03:38:19.308 2496 2496 I wm_on_top_resumed_lost_called: [50203839,com.android.launcher3.uioverrides.QuickstepLauncher,topStateChangedWhenResumed]
11-16 03:38:19.309 1504 4717 I wm_set_resumed_activity: [0,com.android.gallery3d/.app.GalleryActivity,moveTaskToFront findTaskToMoveToFront]
11-16 03:38:19.310 1504 4717 I wm_pause_activity: [0,50203839,com.android.launcher3/.uioverrides.QuickstepLauncher,userLeaving=true,pauseBackTasks]
11-16 03:38:19.322 2496 2496 I wm_on_paused_called: [50203839,com.android.launcher3.uioverrides.QuickstepLauncher,performPause]
11-16 03:38:19.333 1504 3120 I wm_set_resumed_activity: [0,com.android.gallery3d/.app.GalleryActivity,resumeTopActivityInnerLocked]
11-16 03:38:19.333 1504 3120 I wm_add_to_stopping: [0,50203839,com.android.launcher3/.uioverrides.QuickstepLauncher,makeInvisible]
11-16 03:38:19.335 1504 3120 I wm_resume_activity: [0,143607890,288,com.android.gallery3d/.app.GalleryActivity]
11-16 03:38:19.343 4718 4718 I wm_on_restart_called: [143607890,com.android.gallery3d.app.GalleryActivity,performRestartActivity]
11-16 03:38:19.345 4718 4718 I wm_on_start_called: [143607890,com.android.gallery3d.app.GalleryActivity,handleStartActivity]
11-16 03:38:19.355 1504 1682 I input_focus: [Focus leaving e1de84c com.android.launcher3/com.android.launcher3.uioverrides.QuickstepLauncher (server),reason=NO_WINDOW]
11-16 03:38:19.360 1504 1571 I wm_stop_activity: [0,50203839,com.android.launcher3/.uioverrides.QuickstepLauncher]
11-16 03:38:19.360 1504 1571 I sysui_multi_action: [757,803,799,window_time_0,802,1]
11-16 03:38:19.362 4718 4718 I wm_on_resume_called: [143607890,com.android.gallery3d.app.GalleryActivity,RESUME_ACTIVITY]
11-16 03:38:19.362 4718 4718 I wm_on_top_resumed_gained_called: [143607890,com.android.gallery3d.app.GalleryActivity,topWhenResuming]
11-16 03:38:19.378 1504 1572 I input_focus: [Focus request 9378914 com.android.gallery3d/com.android.gallery3d.app.GalleryActivity,reason=UpdateInputWindows]
11-16 03:38:19.383 1968 1968 I sysui_multi_action: [757,111,758,2]
11-16 03:38:19.383 1968 1968 I sysui_multi_action: [757,111,758,2]
11-16 03:38:19.383 1504 1504 I notification_enqueue: [10081,1968,com.android.systemui,2048,NULL,0,Notification(channel=updateNotification shortcut=null contentView=null vibrate=null sound=null defaults=0x0 flags=0x0 color=0x00000000 vis=PRIVATE),1]
11-16 03:38:19.391 2496 2496 I wm_on_stop_called: [50203839,com.android.launcher3.uioverrides.QuickstepLauncher,STOP_ACTIVITY_ITEM]
11-16 03:38:19.397 1504 1568 I sysui_multi_action: [319,44,321,42,322,85,325,888,757,761,758,9,759,4,806,com.android.gallery3d,871,com.android.gallery3d.app.GalleryActivity,904,com.android.launcher3,905,0,1320,4,1321,1]
11-16 03:38:19.405 1968 1968 I sysui_multi_action: [757,111,758,1]
11-16 03:38:19.405 1968 1968 I sysui_multi_action: [757,126,758,1,759,126,927,0,928,0,1593,0]
11-16 03:38:19.405 1968 1968 I sysui_multi_action: [757,113,758,1,759,113,927,1,928,1,1593,0]
11-16 03:38:19.405 1968 1968 I sysui_multi_action: [757,0,758,1,759,0,927,2,928,0,1593,0]
11-16 03:38:19.405 1968 1968 I sysui_multi_action: [757,0,758,1,759,0,927,3,928,0,1593,0]
11-16 03:38:19.406 1968 1968 I sysui_multi_action: [757,491,758,1,759,491,927,4,928,0,1311,-1,1593,0]
11-16 03:38:19.406 1968 1968 I sysui_multi_action: [757,0,758,1,759,0,927,5,928,0,1593,0]
11-16 03:38:19.406 1968 1968 I sysui_multi_action: [757,111,758,1]
11-16 03:38:19.406 1968 1968 I sysui_multi_action: [757,126,758,1,759,126,927,0,928,0,1593,0]
11-16 03:38:19.406 1968 1968 I sysui_multi_action: [757,113,758,1,759,113,927,1,928,1,1593,0]
11-16 03:38:19.406 1968 1968 I sysui_multi_action: [757,0,758,1,759,0,927,2,928,0,1593,0]
11-16 03:38:19.406 1968 1968 I sysui_multi_action: [757,0,758,1,759,0,927,3,928,0,1593,0]
11-16 03:38:19.408 1504 1682 I input_focus: [Focus entering 9378914 com.android.gallery3d/com.android.gallery3d.app.GalleryActivity (server),reason=setFocusedWindow]
11-16 03:38:19.586 1504 1666 I commit_sys_config_file: [settings-1-0,8]
11-16 03:38:19.589 1504 1504 I sysui_multi_action: [757,1501,758,1,793,867925,794,0,795,211,796,2048,806,com.android.systemui,857,updateNotification,858,3,947,0,1500,0,1688,1]
11-16 03:38:19.589 1504 1504 I sysui_multi_action: [757,804,799,note_interruptive,801,0,802,1]
11-16 03:38:19.589 1504 1504 I sysui_multi_action: [757,199,758,1,759,2,793,867925,794,0,795,211,796,2048,806,com.android.systemui,857,updateNotification,858,3,947,0,1500,0,1688,1]
11-16 03:38:19.589 1504 1504 I notification_alert: [0|com.android.systemui|2048|null|10081,0,1,0]
11-16 03:38:38.874 1504 1601 I am_uid_idle: 10051
11-16 03:38:45.785 1504 1601 I am_uid_idle: 10086
11-16 03:39:11.443 1504 1620 I sysui_multi_action: [757,1696,758,6,759,2]
11-16 03:39:11.451 1504 1601 I am_wtf : [0,1504,system_server,-1,DisplayDeviceConfig,requesting nits when no mapping exists.]
11-16 03:39:11.457 1504 1601 I am_wtf : [0,1504,system_server,-1,DisplayDeviceConfig,requesting nits when no mapping exists.]
11-16 03:39:11.466 1504 1601 I am_wtf : [0,1504,system_server,-1,DisplayDeviceConfig,requesting nits when no mapping exists.]
11-16 03:39:11.468 1504 1601 I am_wtf : [0,1504,system_server,-1,DisplayDeviceConfig,requesting nits when no mapping exists.]
11-16 03:39:11.476 1504 1601 I am_wtf : [0,1504,system_server,-1,DisplayDeviceConfig,requesting nits when no mapping exists.]
11-16 03:39:11.478 1504 1601 I am_wtf : [0,1504,system_server,-1,DisplayDeviceConfig,requesting nits when no mapping exists.]
11-16 03:39:11.493 1504 1601 I am_wtf : [0,1504,system_server,-1,DisplayDeviceConfig,requesting nits when no mapping exists.]
11-16 03:39:11.494 1504 1601 I am_wtf : [0,1504,system_server,-1,DisplayDeviceConfig,requesting nits when no mapping exists.]
11-16 03:39:11.511 1504 1601 I am_wtf : [0,1504,system_server,-1,DisplayDeviceConfig,requesting nits when no mapping exists.]
11-16 03:39:11.512 1504 1601 I am_wtf : [0,1504,system_server,-1,DisplayDeviceConfig,requesting nits when no mapping exists.]
11-16 03:39:11.526 1504 1601 I am_wtf : [0,1504,system_server,-1,DisplayDeviceConfig,requesting nits when no mapping exists.]
11-16 03:39:11.528 1504 1601 I am_wtf : [0,1504,system_server,-1,DisplayDeviceConfig,requesting nits when no mapping exists.]
11-16 03:39:11.543 1504 1601 I am_wtf : [0,1504,system_server,-1,DisplayDeviceConfig,requesting nits when no mapping exists.]
11-16 03:39:11.544 1504 1601 I am_wtf : [0,1504,system_server,-1,DisplayDeviceConfig,requesting nits when no mapping exists.]
11-16 03:39:11.561 1504 1601 I am_wtf : [0,1504,system_server,-1,DisplayDeviceConfig,requesting nits when no mapping exists.]
11-16 03:39:11.562 1504 1601 I am_wtf : [0,1504,system_server,-1,DisplayDeviceConfig,requesting nits when no mapping exists.]
11-16 03:39:11.577 1504 1601 I am_wtf : [0,1504,system_server,-1,DisplayDeviceConfig,requesting nits when no mapping exists.]
11-16 03:39:11.578 1504 1601 I am_wtf : [0,1504,system_server,-1,DisplayDeviceConfig,requesting nits when no mapping exists.]
11-16 03:39:11.594 1504 1601 I am_wtf : [0,1504,system_server,-1,DisplayDeviceConfig,requesting nits when no mapping exists.]
11-16 03:39:11.595 1504 1601 I am_wtf : [0,1504,system_server,-1,DisplayDeviceConfig,requesting nits when no mapping exists.]
11-16 03:39:11.610 1504 1601 I am_wtf : [0,1504,system_server,-1,DisplayDeviceConfig,requesting nits when no mapping exists.]
11-16 03:39:11.611 1504 1601 I am_wtf : [0,1504,system_server,-1,DisplayDeviceConfig,requesting nits when no mapping exists.]
11-16 03:39:11.627 1504 1601 I am_wtf : [0,1504,system_server,-1,DisplayDeviceConfig,requesting nits when no mapping exists.]
11-16 03:39:11.628 1504 1601 I am_wtf : [0,1504,system_server,-1,DisplayDeviceConfig,requesting nits when no mapping exists.]
11-16 03:39:11.644 1504 1601 I am_wtf : [0,1504,system_server,-1,DisplayDeviceConfig,requesting nits when no mapping exists.]
11-16 03:39:11.645 1504 1601 I am_wtf : [0,1504,system_server,-1,DisplayDeviceConfig,requesting nits when no mapping exists.]
11-16 03:39:11.660 1504 1601 I am_wtf : [0,1504,system_server,-1,DisplayDeviceConfig,requesting nits when no mapping exists.]
11-16 03:39:11.661 1504 1601 I am_wtf : [0,1504,system_server,-1,DisplayDeviceConfig,requesting nits when no mapping exists.]
11-16 03:39:11.677 1504 1601 I am_wtf : [0,1504,system_server,-1,DisplayDeviceConfig,requesting nits when no mapping exists.]
11-16 03:39:11.678 1504 1601 I am_wtf : [0,1504,system_server,-1,DisplayDeviceConfig,requesting nits when no mapping exists.]
11-16 03:39:11.694 1504 1601 I am_wtf : [0,1504,system_server,-1,DisplayDeviceConfig,requesting nits when no mapping exists.]
11-16 03:39:11.695 1504 1601 I am_wtf : [0,1504,system_server,-1,DisplayDeviceConfig,requesting nits when no mapping exists.]
11-16 03:39:11.711 1504 1601 I am_wtf : [0,1504,system_server,-1,DisplayDeviceConfig,requesting nits when no mapping exists.]
11-16 03:39:11.712 1504 1601 I am_wtf : [0,1504,system_server,-1,DisplayDeviceConfig,requesting nits when no mapping exists.]
11-16 03:39:11.727 1504 1601 I am_wtf : [0,1504,system_server,-1,DisplayDeviceConfig,requesting nits when no mapping exists.]
11-16 03:39:11.728 1504 1601 I am_wtf : [0,1504,system_server,-1,DisplayDeviceConfig,requesting nits when no mapping exists.]
11-16 03:39:11.744 1504 1601 I am_wtf : [0,1504,system_server,-1,DisplayDeviceConfig,requesting nits when no mapping exists.]
11-16 03:39:11.744 1504 1601 I am_wtf : [0,1504,system_server,-1,DisplayDeviceConfig,requesting nits when no mapping exists.]
11-16 03:39:11.760 1504 1601 I am_wtf : [0,1504,system_server,-1,DisplayDeviceConfig,requesting nits when no mapping exists.]
11-16 03:39:11.761 1504 1601 I am_wtf : [0,1504,system_server,-1,DisplayDeviceConfig,requesting nits when no mapping exists.]
11-16 03:39:11.777 1504 1601 I am_wtf : [0,1504,system_server,-1,DisplayDeviceConfig,requesting nits when no mapping exists.]
11-16 03:39:11.778 1504 1601 I am_wtf : [0,1504,system_server,-1,DisplayDeviceConfig,requesting nits when no mapping exists.]
11-16 03:39:11.794 1504 1601 I am_wtf : [0,1504,system_server,-1,DisplayDeviceConfig,requesting nits when no mapping exists.]
11-16 03:39:11.794 1504 1601 I am_wtf : [0,1504,system_server,-1,DisplayDeviceConfig,requesting nits when no mapping exists.]
11-16 03:39:11.811 1504 1601 I am_wtf : [0,1504,system_server,-1,DisplayDeviceConfig,requesting nits when no mapping exists.]
11-16 03:39:11.812 1504 1601 I am_wtf : [0,1504,system_server,-1,DisplayDeviceConfig,requesting nits when no mapping exists.]
11-16 03:39:11.828 1504 1601 I am_wtf : [0,1504,system_server,-1,DisplayDeviceConfig,requesting nits when no mapping exists.]
11-16 03:39:11.829 1504 1601 I am_wtf : [0,1504,system_server,-1,DisplayDeviceConfig,requesting nits when no mapping exists.]
11-16 03:39:11.844 1504 1601 I am_wtf : [0,1504,system_server,-1,DisplayDeviceConfig,requesting nits when no mapping exists.]
11-16 03:39:11.845 1504 1601 I am_wtf : [0,1504,system_server,-1,DisplayDeviceConfig,requesting nits when no mapping exists.]
11-16 03:39:11.861 1504 1601 I am_wtf : [0,1504,system_server,-1,DisplayDeviceConfig,requesting nits when no mapping exists.]
11-16 03:39:11.861 1504 1601 I am_wtf : [0,1504,system_server,-1,DisplayDeviceConfig,requesting nits when no mapping exists.]
11-16 03:39:11.877 1504 1601 I am_wtf : [0,1504,system_server,-1,DisplayDeviceConfig,requesting nits when no mapping exists.]
11-16 03:39:11.878 1504 1601 I am_wtf : [0,1504,system_server,-1,DisplayDeviceConfig,requesting nits when no mapping exists.]
11-16 03:39:11.894 1504 1601 I am_wtf : [0,1504,system_server,-1,DisplayDeviceConfig,requesting nits when no mapping exists.]
11-16 03:39:11.895 1504 1601 I am_wtf : [0,1504,system_server,-1,DisplayDeviceConfig,requesting nits when no mapping exists.]
11-16 03:39:11.895 1504 1601 I service_manager_stats: [100,75,88659]
11-16 03:39:11.911 1504 1601 I am_wtf : [0,1504,system_server,-1,DisplayDeviceConfig,requesting nits when no mapping exists.]
11-16 03:39:11.912 1504 1601 I am_wtf : [0,1504,system_server,-1,DisplayDeviceConfig,requesting nits when no mapping exists.]
11-16 03:39:11.928 1504 1601 I am_wtf : [0,1504,system_server,-1,DisplayDeviceConfig,requesting nits when no mapping exists.]
11-16 03:39:11.929 1504 1601 I am_wtf : [0,1504,system_server,-1,DisplayDeviceConfig,requesting nits when no mapping exists.]
11-16 03:39:11.944 1504 1601 I am_wtf : [0,1504,system_server,-1,DisplayDeviceConfig,requesting nits when no mapping exists.]
11-16 03:39:11.945 1504 1601 I am_wtf : [0,1504,system_server,-1,DisplayDeviceConfig,requesting nits when no mapping exists.]
11-16 03:39:11.961 1504 1601 I am_wtf : [0,1504,system_server,-1,DisplayDeviceConfig,requesting nits when no mapping exists.]
11-16 03:39:11.962 1504 1601 I am_wtf : [0,1504,system_server,-1,DisplayDeviceConfig,requesting nits when no mapping exists.]
11-16 03:39:11.978 1504 1601 I am_wtf : [0,1504,system_server,-1,DisplayDeviceConfig,requesting nits when no mapping exists.]
11-16 03:39:11.979 1504 1601 I am_wtf : [0,1504,system_server,-1,DisplayDeviceConfig,requesting nits when no mapping exists.]
11-16 03:39:11.994 1504 1601 I am_wtf : [0,1504,system_server,-1,DisplayDeviceConfig,requesting nits when no mapping exists.]
11-16 03:39:11.996 1504 1601 I am_wtf : [0,1504,system_server,-1,DisplayDeviceConfig,requesting nits when no mapping exists.]
11-16 03:39:12.012 1504 1601 I am_wtf : [0,1504,system_server,-1,DisplayDeviceConfig,requesting nits when no mapping exists.]
11-16 03:39:12.013 1504 1601 I am_wtf : [0,1504,system_server,-1,DisplayDeviceConfig,requesting nits when no mapping exists.]
11-16 03:39:12.028 1504 1601 I am_wtf : [0,1504,system_server,-1,DisplayDeviceConfig,requesting nits when no mapping exists.]
11-16 03:39:12.028 1504 1601 I am_wtf : [0,1504,system_server,-1,DisplayDeviceConfig,requesting nits when no mapping exists.]
11-16 03:39:12.045 1504 1601 I am_wtf : [0,1504,system_server,-1,DisplayDeviceConfig,requesting nits when no mapping exists.]
11-16 03:39:12.046 1504 1601 I am_wtf : [0,1504,system_server,-1,DisplayDeviceConfig,requesting nits when no mapping exists.]
11-16 03:39:12.061 1504 1601 I am_wtf : [0,1504,system_server,-1,DisplayDeviceConfig,requesting nits when no mapping exists.]
11-16 03:39:12.062 1504 1601 I am_wtf : [0,1504,system_server,-1,DisplayDeviceConfig,requesting nits when no mapping exists.]
11-16 03:39:12.078 1504 1601 I am_wtf : [0,1504,system_server,-1,DisplayDeviceConfig,requesting nits when no mapping exists.]
11-16 03:39:12.078 1504 1601 I am_wtf : [0,1504,system_server,-1,DisplayDeviceConfig,requesting nits when no mapping exists.]
11-16 03:39:12.094 1504 1601 I am_wtf : [0,1504,system_server,-1,DisplayDeviceConfig,requesting nits when no mapping exists.]
11-16 03:39:12.095 1504 1601 I am_wtf : [0,1504,system_server,-1,DisplayDeviceConfig,requesting nits when no mapping exists.]
11-16 03:39:12.111 1504 1601 I am_wtf : [0,1504,system_server,-1,DisplayDeviceConfig,requesting nits when no mapping exists.]
11-16 03:39:12.112 1504 1601 I am_wtf : [0,1504,system_server,-1,DisplayDeviceConfig,requesting nits when no mapping exists.]
11-16 03:39:12.129 1504 1601 I am_wtf : [0,1504,system_server,-1,DisplayDeviceConfig,requesting nits when no mapping exists.]
11-16 03:39:12.129 1504 1601 I am_wtf : [0,1504,system_server,-1,DisplayDeviceConfig,requesting nits when no mapping exists.]
11-16 03:39:12.145 1504 1601 I am_wtf : [0,1504,system_server,-1,DisplayDeviceConfig,requesting nits when no mapping exists.]
11-16 03:39:12.146 1504 1601 I am_wtf : [0,1504,system_server,-1,DisplayDeviceConfig,requesting nits when no mapping exists.]
11-16 03:39:12.161 1504 1601 I am_wtf : [0,1504,system_server,-1,DisplayDeviceConfig,requesting nits when no mapping exists.]
11-16 03:39:12.162 1504 1601 I am_wtf : [0,1504,system_server,-1,DisplayDeviceConfig,requesting nits when no mapping exists.]
11-16 03:39:12.179 1504 1601 I am_wtf : [0,1504,system_server,-1,DisplayDeviceConfig,requesting nits when no mapping exists.]
11-16 03:39:12.180 1504 1601 I am_wtf : [0,1504,system_server,-1,DisplayDeviceConfig,requesting nits when no mapping exists.]
11-16 03:39:12.195 1504 1601 I am_wtf : [0,1504,system_server,-1,DisplayDeviceConfig,requesting nits when no mapping exists.]
11-16 03:39:12.197 1504 1601 I am_wtf : [0,1504,system_server,-1,DisplayDeviceConfig,requesting nits when no mapping exists.]
11-16 03:39:12.213 1504 1601 I am_wtf : [0,1504,system_server,-1,DisplayDeviceConfig,requesting nits when no mapping exists.]
11-16 03:39:12.214 1504 1601 I am_wtf : [0,1504,system_server,-1,DisplayDeviceConfig,requesting nits when no mapping exists.]
11-16 03:39:12.228 1504 1601 I am_wtf : [0,1504,system_server,-1,DisplayDeviceConfig,requesting nits when no mapping exists.]
11-16 03:39:12.230 1504 1601 I am_wtf : [0,1504,system_server,-1,DisplayDeviceConfig,requesting nits when no mapping exists.]
11-16 03:39:12.245 1504 1601 I am_wtf : [0,1504,system_server,-1,DisplayDeviceConfig,requesting nits when no mapping exists.]
11-16 03:39:12.246 1504 1601 I am_wtf : [0,1504,system_server,-1,DisplayDeviceConfig,requesting nits when no mapping exists.]
11-16 03:39:12.262 1504 1601 I am_wtf : [0,1504,system_server,-1,DisplayDeviceConfig,requesting nits when no mapping exists.]
11-16 03:39:12.263 1504 1601 I am_wtf : [0,1504,system_server,-1,DisplayDeviceConfig,requesting nits when no mapping exists.]
11-16 03:39:12.280 1504 1601 I am_wtf : [0,1504,system_server,-1,DisplayDeviceConfig,requesting nits when no mapping exists.]
11-16 03:39:12.281 1504 1601 I am_wtf : [0,1504,system_server,-1,DisplayDeviceConfig,requesting nits when no mapping exists.]
11-16 03:39:12.295 1504 1601 I am_wtf : [0,1504,system_server,-1,DisplayDeviceConfig,requesting nits when no mapping exists.]
11-16 03:39:12.296 1504 1601 I am_wtf : [0,1504,system_server,-1,DisplayDeviceConfig,requesting nits when no mapping exists.]
11-16 03:39:12.312 1504 1601 I am_wtf : [0,1504,system_server,-1,DisplayDeviceConfig,requesting nits when no mapping exists.]
11-16 03:39:12.313 1504 1601 I am_wtf : [0,1504,system_server,-1,DisplayDeviceConfig,requesting nits when no mapping exists.]
11-16 03:39:12.328 1504 1601 I am_wtf : [0,1504,system_server,-1,DisplayDeviceConfig,requesting nits when no mapping exists.]
11-16 03:39:12.330 1504 1601 I am_wtf : [0,1504,system_server,-1,DisplayDeviceConfig,requesting nits when no mapping exists.]
11-16 03:39:12.347 1504 1601 I am_wtf : [0,1504,system_server,-1,DisplayDeviceConfig,requesting nits when no mapping exists.]
11-16 03:39:12.348 1504 1601 I am_wtf : [0,1504,system_server,-1,DisplayDeviceConfig,requesting nits when no mapping exists.]
11-16 03:39:12.362 1504 1601 I am_wtf : [0,1504,system_server,-1,DisplayDeviceConfig,requesting nits when no mapping exists.]
11-16 03:39:12.364 1504 1601 I am_wtf : [0,1504,system_server,-1,DisplayDeviceConfig,requesting nits when no mapping exists.]
11-16 03:39:12.380 1504 1601 I am_wtf : [0,1504,system_server,-1,DisplayDeviceConfig,requesting nits when no mapping exists.]
11-16 03:39:12.381 1504 1601 I am_wtf : [0,1504,system_server,-1,DisplayDeviceConfig,requesting nits when no mapping exists.]
11-16 03:39:12.396 1504 1601 I am_wtf : [0,1504,system_server,-1,DisplayDeviceConfig,requesting nits when no mapping exists.]
11-16 03:39:12.397 1504 1601 I am_wtf : [0,1504,system_server,-1,DisplayDeviceConfig,requesting nits when no mapping exists.]
11-16 03:39:23.429 1504 1568 I sysui_multi_action: [757,222,758,1]
11-16 03:39:23.431 1504 1568 I am_uid_active: 10051
11-16 03:39:23.434 1504 1598 I am_pss : [4718,10064,com.android.gallery3d,75190272,69287936,0,189104128,0,2,11]
11-16 03:39:23.444 1504 1598 I am_pss : [4599,10031,com.android.musicfx,5790720,3792896,0,90607616,0,19,8]
11-16 03:39:23.449 1504 4717 I wm_task_created: [289,-1]
11-16 03:39:23.453 1504 4717 I wm_task_moved: [289,1,7]
11-16 03:39:23.453 1504 4717 I wm_task_to_front: [0,289]
11-16 03:39:23.453 1504 1598 I am_pss : [3441,10086,com.android.music,20661248,14430208,0,138215424,0,19,8]
11-16 03:39:23.454 1504 4717 I wm_create_task: [0,289]
11-16 03:39:23.454 1504 4717 I wm_create_activity: [0,217780586,289,com.thundercomm.screensaver/android.service.dreams.DreamActivity,NULL,NULL,NULL,276824064]
11-16 03:39:23.454 1504 4717 I wm_task_moved: [289,1,7]
11-16 03:39:23.454 4718 4718 I wm_on_top_resumed_lost_called: [143607890,com.android.gallery3d.app.GalleryActivity,topStateChangedWhenResumed]
11-16 03:39:23.457 1504 4717 I wm_pause_activity: [0,143607890,com.android.gallery3d/.app.GalleryActivity,userLeaving=true,pauseBackTasks]
11-16 03:39:23.470 4718 4718 I wm_on_paused_called: [143607890,com.android.gallery3d.app.GalleryActivity,performPause]
11-16 03:39:23.473 1504 4717 I wm_add_to_stopping: [0,143607890,com.android.gallery3d/.app.GalleryActivity,makeInvisible]
11-16 03:39:23.474 1504 4717 I wm_restart_activity: [0,217780586,289,com.thundercomm.screensaver/android.service.dreams.DreamActivity]
11-16 03:39:23.478 1504 4717 I wm_set_resumed_activity: [0,com.thundercomm.screensaver/android.service.dreams.DreamActivity,minimalResumeActivityLocked]
11-16 03:39:23.488 4192 4192 I wm_on_create_called: [217780586,android.service.dreams.DreamActivity,performCreate]
11-16 03:39:23.489 4192 4192 I wm_on_start_called: [217780586,android.service.dreams.DreamActivity,handleStartActivity]
11-16 03:39:23.492 1504 1571 I sysui_multi_action: [757,803,799,window_time_0,802,65]
11-16 03:39:23.494 4192 4192 I wm_on_resume_called: [217780586,android.service.dreams.DreamActivity,RESUME_ACTIVITY]
11-16 03:39:23.499 4192 4192 I wm_on_top_resumed_gained_called: [217780586,android.service.dreams.DreamActivity,topStateChangedWhenResumed]
11-16 03:39:23.508 1504 1682 I input_focus: [Focus leaving 9378914 com.android.gallery3d/com.android.gallery3d.app.GalleryActivity (server),reason=NO_WINDOW]
11-16 03:39:23.535 1504 1572 I input_focus: [Focus request c2863c2 com.thundercomm.screensaver/android.service.dreams.DreamActivity,reason=UpdateInputWindows]
11-16 03:39:23.555 1504 1620 I sysui_multi_action: [757,1696,758,6,759,3]
11-16 03:39:23.558 1504 1601 I am_wtf : [0,1504,system_server,-1,DisplayDeviceConfig,requesting nits when no mapping exists.]
11-16 03:39:23.560 1504 1682 I input_focus: [Focus entering c2863c2 com.thundercomm.screensaver/android.service.dreams.DreamActivity (server),reason=setFocusedWindow]
11-16 03:39:23.567 1504 1601 I am_wtf : [0,1504,system_server,-1,DisplayDeviceConfig,requesting nits when no mapping exists.]
11-16 03:39:23.573 1504 1568 I sysui_multi_action: [319,107,322,100,325,952,757,761,758,8,759,2,806,com.thundercomm.screensaver,871,android.service.dreams.DreamActivity,904,com.thundercomm.screensaver,905,0,1320,4,1321,2]
11-16 03:39:23.575 1504 1601 I am_wtf : [0,1504,system_server,-1,DisplayDeviceConfig,requesting nits when no mapping exists.]
11-16 03:39:23.577 1504 1601 I am_wtf : [0,1504,system_server,-1,DisplayDeviceConfig,requesting nits when no mapping exists.]
11-16 03:39:23.577 1504 1568 I wm_activity_launch_time: [0,217780586,com.thundercomm.screensaver/android.service.dreams.DreamActivity,100]
11-16 03:39:23.599 1504 1601 I am_wtf : [0,1504,system_server,-1,DisplayDeviceConfig,requesting nits when no mapping exists.]
11-16 03:39:23.601 1504 1601 I am_wtf : [0,1504,system_server,-1,DisplayDeviceConfig,requesting nits when no mapping exists.]
11-16 03:39:23.607 1504 1601 I am_wtf : [0,1504,system_server,-1,DisplayDeviceConfig,requesting nits when no mapping exists.]
11-16 03:39:23.608 1504 1601 I am_wtf : [0,1504,system_server,-1,DisplayDeviceConfig,requesting nits when no mapping exists.]
11-16 03:39:23.625 1504 1601 I am_wtf : [0,1504,system_server,-1,DisplayDeviceConfig,requesting nits when no mapping exists.]
11-16 03:39:23.626 1504 1601 I am_wtf : [0,1504,system_server,-1,DisplayDeviceConfig,requesting nits when no mapping exists.]
11-16 03:39:23.647 1504 1601 I am_wtf : [0,1504,system_server,-1,DisplayDeviceConfig,requesting nits when no mapping exists.]
11-16 03:39:23.648 1504 1601 I am_wtf : [0,1504,system_server,-1,DisplayDeviceConfig,requesting nits when no mapping exists.]
11-16 03:39:23.658 1504 1601 I am_wtf : [0,1504,system_server,-1,DisplayDeviceConfig,requesting nits when no mapping exists.]
11-16 03:39:23.658 1504 1601 I am_wtf : [0,1504,system_server,-1,DisplayDeviceConfig,requesting nits when no mapping exists.]
11-16 03:39:23.675 1504 1601 I am_wtf : [0,1504,system_server,-1,DisplayDeviceConfig,requesting nits when no mapping exists.]
11-16 03:39:23.676 1504 1601 I am_wtf : [0,1504,system_server,-1,DisplayDeviceConfig,requesting nits when no mapping exists.]
11-16 03:39:23.692 1504 1601 I am_wtf : [0,1504,system_server,-1,DisplayDeviceConfig,requesting nits when no mapping exists.]
11-16 03:39:23.695 1504 1601 I am_wtf : [0,1504,system_server,-1,DisplayDeviceConfig,requesting nits when no mapping exists.]
11-16 03:39:23.711 1504 1601 I am_wtf : [0,1504,system_server,-1,DisplayDeviceConfig,requesting nits when no mapping exists.]
11-16 03:39:23.712 1504 1601 I am_wtf : [0,1504,system_server,-1,DisplayDeviceConfig,requesting nits when no mapping exists.]
11-16 03:39:23.727 1504 1601 I am_wtf : [0,1504,system_server,-1,DisplayDeviceConfig,requesting nits when no mapping exists.]
11-16 03:39:23.728 1504 1601 I am_wtf : [0,1504,system_server,-1,DisplayDeviceConfig,requesting nits when no mapping exists.]
11-16 03:39:23.741 1504 1601 I am_wtf : [0,1504,system_server,-1,DisplayDeviceConfig,requesting nits when no mapping exists.]
