11-16 03:57:55.093 2496 2496 I wm_on_top_resumed_gained_called: [50203839,com.android.launcher3.uioverrides.QuickstepLauncher,topStateChangedWhenResumed]
11-16 03:57:55.113 1504 1682 I input_focus: [Focus leaving 1206e00 com.android.deskclock/com.android.deskclock.DeskClock (server),reason=setFocusedWindow]
11-16 03:57:55.113 1504 1682 I input_focus: [Focus entering e1de84c com.android.launcher3/com.android.launcher3.uioverrides.QuickstepLauncher (server),reason=setFocusedWindow]
11-16 03:57:55.409 1504 1682 I input_interaction: Interaction with: e1de84c com.android.launcher3/com.android.launcher3.uioverrides.QuickstepLauncher (server), c74be60 com.android.systemui.ImageWallpaper (server), edge-swipe (server), swipe-up (server), PointerEventDispatcher0 (server),
11-16 03:57:55.540 2496 2496 I view_enqueue_input_event: [Motion - Cancel,com.android.launcher3/com.android.launcher3.uioverrides.QuickstepLauncher]
11-16 03:57:55.546 1504 1682 I input_interaction: Interaction with: edge-swipe (server), swipe-up (server), PointerEventDispatcher0 (server),
11-16 03:57:55.732 1504 1666 I commit_sys_config_file: [settings-1-0,4]
11-16 03:57:56.003 1504 1666 I commit_sys_config_file: [settings-1-0,5]
11-16 03:57:56.113 1504 4613 I wm_finish_activity: [0,75809773,296,com.android.deskclock/.DeskClock,app-request]
11-16 03:57:56.135 1504 4613 I wm_pause_activity: [0,75809773,com.android.deskclock/.DeskClock,userLeaving=false,finish]
11-16 03:57:56.143 5256 5256 I wm_on_paused_called: [75809773,com.android.deskclock.DeskClock,performPause]
11-16 03:57:56.145 1504 4899 I wm_destroy_activity: [0,75809773,296,com.android.deskclock/.DeskClock,finish-imm:completePausedLocked]
11-16 03:57:56.171 1504 1571 I sysui_multi_action: [757,803,799,window_time_2,802,3]
11-16 03:57:56.185 5256 5256 I wm_on_stop_called: [75809773,com.android.deskclock.DeskClock,LIFECYCLER_STOP_ACTIVITY]
11-16 03:57:56.197 5256 5256 I wm_on_destroy_called: [75809773,com.android.deskclock.DeskClock,performDestroy]
11-16 03:57:56.464 1504 1572 I wm_task_removed: [296,removeChild:removeChild last r=ActivityRecord{484c3ed u0 com.android.deskclock/.DeskClock t-1 f}} in t=Task{f88204 #296 type=standard A=10068:com.android.deskclock U=0 visible=false mode=freeform translucent=true sz=0}]
11-16 03:57:56.464 1504 1572 I wm_task_removed: [296,removeChild]
11-16 03:57:57.019 1504 1682 I input_interaction: Interaction with: e1de84c com.android.launcher3/com.android.launcher3.uioverrides.QuickstepLauncher (server), c74be60 com.android.systemui.ImageWallpaper (server), edge-swipe (server), swipe-up (server), PointerEventDispatcher0 (server),
11-16 03:57:57.161 1504 4303 I wm_task_created: [297,-1]
11-16 03:57:57.174 1504 4303 I wm_task_moved: [297,1,6]
11-16 03:57:57.174 1504 4303 I wm_task_to_front: [0,297]
11-16 03:57:57.174 1504 4303 I wm_create_task: [0,297]
11-16 03:57:57.174 1504 4303 I wm_create_activity: [0,49079947,297,com.android.music/.MusicBrowserActivity,NULL,NULL,NULL,268468224]
11-16 03:57:57.174 1504 4303 I wm_task_moved: [297,1,6]
11-16 03:57:57.178 1504 4303 I wm_restart_activity: [0,49079947,297,com.android.music/.MusicBrowserActivity]
11-16 03:57:57.179 1504 4303 I wm_set_resumed_activity: [0,com.android.music/.MusicBrowserActivity,minimalResumeActivityLocked]
11-16 03:57:57.183 1504 1571 I am_uid_active: 10086
11-16 03:57:57.189 2496 2496 I wm_on_top_resumed_lost_called: [50203839,com.android.launcher3.uioverrides.QuickstepLauncher,topStateChangedWhenResumed]
11-16 03:57:57.240 5214 5214 I wm_on_create_called: [49079947,com.android.music.MusicBrowserActivity,performCreate]
11-16 03:57:57.248 5214 5214 I wm_on_start_called: [49079947,com.android.music.MusicBrowserActivity,handleStartActivity]
11-16 03:57:57.248 5214 5214 I wm_on_resume_called: [49079947,com.android.music.MusicBrowserActivity,RESUME_ACTIVITY]
11-16 03:57:57.255 5214 5214 I wm_on_top_resumed_gained_called: [49079947,com.android.music.MusicBrowserActivity,topStateChangedWhenResumed]
11-16 03:57:57.271 1504 4613 I sysui_multi_action: [757,856,758,1,806,com.android.music,857,Channel-music,858,2]
11-16 03:57:57.276 1504 1504 I notification_enqueue: [10086,5214,com.android.music,1,NULL,0,Notification(channel=Channel-music shortcut=null contentView=null vibrate=null sound=null defaults=0x0 flags=0x0 color=0x00000000 category=transport actions=3 vis=PRIVATE),0]
11-16 03:57:57.277 1504 1504 I notification_enqueue: [10086,5214,com.android.music,1,NULL,0,Notification(channel=Channel-music shortcut=null contentView=null vibrate=null sound=null defaults=0x0 flags=0x40 color=0x00000000 category=transport actions=3 vis=PRIVATE),0]
11-16 03:57:57.286 1504 1504 I notification_enqueue: [10086,5214,com.android.music,1,NULL,0,Notification(channel=Channel-music shortcut=null contentView=null vibrate=null sound=null defaults=0x0 flags=0x40 color=0x00000000 category=transport actions=3 vis=PRIVATE),0]
11-16 03:57:57.290 1504 1504 I notification_enqueue: [10086,5214,com.android.music,1,NULL,0,Notification(channel=Channel-music shortcut=null contentView=null vibrate=null sound=null defaults=0x0 flags=0x40 color=0x00000000 category=transport actions=3 vis=PRIVATE),0]
11-16 03:57:57.295 1504 1504 I notification_enqueue: [10086,5214,com.android.music,1,NULL,0,Notification(channel=Channel-music shortcut=null contentView=null vibrate=null sound=null defaults=0x0 flags=0x40 color=0x00000000 category=transport actions=3 vis=PRIVATE),0]
11-16 03:57:57.296 1504 1504 I notification_enqueue: [10086,5214,com.android.music,1,NULL,0,Notification(channel=Channel-music shortcut=null contentView=null vibrate=null sound=null defaults=0x0 flags=0x40 color=0x00000000 category=transport actions=3 vis=PRIVATE),0]
11-16 03:57:57.308 1504 1572 I input_focus: [Focus request c0be7ba com.android.music/com.android.music.MusicBrowserActivity,reason=UpdateInputWindows]
11-16 03:57:57.333 1504 1682 I input_focus: [Focus leaving e1de84c com.android.launcher3/com.android.launcher3.uioverrides.QuickstepLauncher (server),reason=Waiting for window because NOT_VISIBLE]
11-16 03:57:57.342 1504 1568 I sysui_multi_action: [319,186,322,186,325,2066,757,761,758,8,759,2,806,com.android.music,871,com.android.music.MusicBrowserActivity,904,com.android.launcher3,905,0,1320,4,1321,5]
11-16 03:57:57.344 1504 1568 I wm_activity_launch_time: [0,49079947,com.android.music/.MusicBrowserActivity,186]
11-16 03:57:57.350 1504 1504 I sysui_multi_action: [757,128,758,5,759,8,793,75,794,0,795,75,796,1,806,com.android.music,857,Channel-music,858,2,947,0,1500,75,1641,transport,1688,1,1745,1043716538]
11-16 03:57:57.351 1504 1682 I input_focus: [Focus entering c0be7ba com.android.music/com.android.music.MusicBrowserActivity (server),reason=Window became focusable. Previous reason: NOT_VISIBLE]
11-16 03:57:57.351 1504 1504 I notification_canceled: [0|com.android.music|1|null|10086,8,75,75,0,-1,-1,NULL]
11-16 03:57:57.530 1504 1570 I commit_sys_config_file: [notification-policy,2056989]
11-16 03:57:58.618 2496 2496 I view_enqueue_input_event: [Motion - Cancel,com.android.launcher3/com.android.launcher3.uioverrides.QuickstepLauncher]
11-16 03:57:58.628 1504 1682 I input_interaction: Interaction with: edge-swipe (server), swipe-up (server), PointerEventDispatcher0 (server),
11-16 03:57:58.904 1504 4899 I wm_task_moved: [280,1,6]
11-16 03:57:58.906 1504 4899 I wm_set_resumed_activity: [0,com.android.launcher3/.uioverrides.QuickstepLauncher,positionChildAt]
11-16 03:57:58.906 1504 4899 I wm_task_moved: [281,1,2147483647]
11-16 03:57:58.906 1504 4899 I wm_task_to_front: [0,281]
11-16 03:57:58.906 5214 5214 I wm_on_top_resumed_lost_called: [49079947,com.android.music.MusicBrowserActivity,topStateChangedWhenResumed]
11-16 03:57:58.906 1504 4899 I wm_focused_root_task: [0,0,280,297,bringingFoundTaskToFront]
11-16 03:57:58.906 1504 4899 I wm_set_resumed_activity: [0,com.android.launcher3/.uioverrides.QuickstepLauncher,bringingFoundTaskToFront]
11-16 03:57:58.909 1504 4899 I wm_new_intent: [0,50203839,281,com.android.launcher3/.uioverrides.QuickstepLauncher,android.intent.action.MAIN,NULL,NULL,268500992]
11-16 03:57:58.909 1504 4899 I wm_task_moved: [280,1,6]
11-16 03:57:58.909 1504 4899 I wm_set_resumed_activity: [0,com.android.launcher3/.uioverrides.QuickstepLauncher,positionChildAt]
11-16 03:57:58.915 1504 1572 I input_focus: [Focus request e1de84c com.android.launcher3/com.android.launcher3.uioverrides.QuickstepLauncher,reason=UpdateInputWindows]
11-16 03:57:58.915 2496 2496 I wm_on_paused_called: [50203839,com.android.launcher3.uioverrides.QuickstepLauncher,performPause]
11-16 03:57:58.916 2496 2496 I wm_on_resume_called: [50203839,com.android.launcher3.uioverrides.QuickstepLauncher,LIFECYCLER_RESUME_ACTIVITY]
11-16 03:57:58.916 2496 2496 I wm_on_top_resumed_gained_called: [50203839,com.android.launcher3.uioverrides.QuickstepLauncher,topStateChangedWhenResumed]
11-16 03:57:58.939 1504 1682 I input_focus: [Focus leaving c0be7ba com.android.music/com.android.music.MusicBrowserActivity (server),reason=setFocusedWindow]
11-16 03:57:58.939 1504 1682 I input_focus: [Focus entering e1de84c com.android.launcher3/com.android.launcher3.uioverrides.QuickstepLauncher (server),reason=setFocusedWindow]
11-16 03:57:59.278 1504 1682 I input_interaction: Interaction with: e1de84c com.android.launcher3/com.android.launcher3.uioverrides.QuickstepLauncher (server), c74be60 com.android.systemui.ImageWallpaper (server), edge-swipe (server), swipe-up (server), PointerEventDispatcher0 (server),
11-16 03:57:59.366 1504 1682 I input_interaction: Interaction with: edge-swipe (server), swipe-up (server), PointerEventDispatcher0 (server),
11-16 03:57:59.367 2496 2496 I view_enqueue_input_event: [Motion - Cancel,com.android.launcher3/com.android.launcher3.uioverrides.QuickstepLauncher]
11-16 03:57:59.565 1504 1666 I commit_sys_config_file: [settings-1-0,10]
11-16 03:57:59.946 1504 1666 I commit_sys_config_file: [settings-1-0,6]
11-16 03:58:00.483 1504 1682 I input_interaction: Interaction with: e1de84c com.android.launcher3/com.android.launcher3.uioverrides.QuickstepLauncher (server), c74be60 com.android.systemui.ImageWallpaper (server), edge-swipe (server), swipe-up (server), PointerEventDispatcher0 (server),
11-16 03:58:00.643 2496 2496 I view_enqueue_input_event: [Motion - Cancel,com.android.launcher3/com.android.launcher3.uioverrides.QuickstepLauncher]
11-16 03:58:00.651 1504 1682 I input_interaction: Interaction with: edge-swipe (server), swipe-up (server), PointerEventDispatcher0 (server),
11-16 03:58:00.817 1504 1666 I commit_sys_config_file: [settings-1-0,6]
11-16 03:58:01.153 1504 1666 I commit_sys_config_file: [settings-1-0,4]
11-16 03:58:01.258 1504 2032 I wm_finish_activity: [0,49079947,297,com.android.music/.MusicBrowserActivity,app-request]
11-16 03:58:01.273 1504 2032 I wm_pause_activity: [0,49079947,com.android.music/.MusicBrowserActivity,userLeaving=false,finish]
11-16 03:58:01.275 5214 5214 I wm_on_paused_called: [49079947,com.android.music.MusicBrowserActivity,performPause]
11-16 03:58:01.285 1504 4303 I wm_destroy_activity: [0,49079947,297,com.android.music/.MusicBrowserActivity,finish-imm:completePausedLocked]
11-16 03:58:01.307 1504 1571 I sysui_multi_action: [757,803,799,window_time_0,802,5]
11-16 03:58:01.314 5214 5214 I wm_on_stop_called: [49079947,com.android.music.MusicBrowserActivity,LIFECYCLER_STOP_ACTIVITY]
11-16 03:58:01.328 5214 5214 I wm_on_destroy_called: [49079947,com.android.music.MusicBrowserActivity,performDestroy]
11-16 03:58:01.339 1504 1601 I am_uid_running: 10031
11-16 03:58:01.345 1504 5212 I sysui_multi_action: [757,856,758,2,806,com.android.music,857,Channel-music,858,2]
11-16 03:58:01.345 1504 1504 I notification_cancel_all: [1000,1504,com.android.music,0,0,0,20,NULL]
11-16 03:58:01.350 1504 1603 I am_proc_start: [0,5351,10031,com.android.musicfx,broadcast,{com.android.musicfx/com.android.musicfx.ControlPanelReceiver}]
11-16 03:58:01.371 1504 5212 I am_proc_bound: [0,5351,com.android.musicfx]
11-16 03:58:01.576 1504 1572 I wm_task_removed: [297,removeChild:removeChild last r=ActivityRecord{2ece68b u0 com.android.music/.MusicBrowserActivity t-1 f}} in t=Task{a595b7c #297 type=standard A=10086:android.task.music U=0 visible=false mode=freeform translucent=true sz=0}]
11-16 03:58:01.576 1504 1572 I wm_task_removed: [297,removeChild]
11-16 03:58:01.605 1504 1570 I commit_sys_config_file: [notification-policy,2061063]
11-16 03:58:01.946 1504 1682 I input_interaction: Interaction with: e1de84c com.android.launcher3/com.android.launcher3.uioverrides.QuickstepLauncher (server), c74be60 com.android.systemui.ImageWallpaper (server), edge-swipe (server), swipe-up (server), PointerEventDispatcher0 (server),
11-16 03:58:02.094 1504 5212 I wm_task_moved: [280,1,6]
11-16 03:58:02.094 1504 5212 I wm_set_resumed_activity: [0,com.android.launcher3/.uioverrides.QuickstepLauncher,positionChildAt]
11-16 03:58:02.106 1504 5212 I wm_task_moved: [296,1,6]
11-16 03:58:02.106 1504 5212 I wm_task_to_front: [0,296]
11-16 03:58:02.107 1504 5212 I wm_focused_root_task: [0,0,296,280,reuseOrNewTask]
11-16 03:58:02.107 1504 5212 I wm_create_activity: [0,119776208,296,com.android.deskclock/.DeskClock,NULL,NULL,NULL,269516800]
11-16 03:58:02.110 1504 5212 I wm_pause_activity: [0,50203839,com.android.launcher3/.uioverrides.QuickstepLauncher,userLeaving=true,pauseBackTasks]
11-16 03:58:02.114 2496 2496 I wm_on_top_resumed_lost_called: [50203839,com.android.launcher3.uioverrides.QuickstepLauncher,topStateChangedWhenResumed]
11-16 03:58:02.114 2496 2496 I wm_on_paused_called: [50203839,com.android.launcher3.uioverrides.QuickstepLauncher,performPause]
11-16 03:58:02.122 1504 5213 I wm_add_to_stopping: [0,50203839,com.android.launcher3/.uioverrides.QuickstepLauncher,makeInvisible]
11-16 03:58:02.123 1504 5213 I wm_restart_activity: [0,119776208,296,com.android.deskclock/.DeskClock]
11-16 03:58:02.125 1504 5213 I wm_set_resumed_activity: [0,com.android.deskclock/.DeskClock,minimalResumeActivityLocked]
11-16 03:58:02.140 1504 1571 I sysui_multi_action: [757,803,799,window_time_0,802,1]
11-16 03:58:02.145 1504 1682 I input_focus: [Focus leaving e1de84c com.android.launcher3/com.android.launcher3.uioverrides.QuickstepLauncher (server),reason=NO_WINDOW]
11-16 03:58:02.160 1504 5212 I service_manager_stats: [100,87,31916]
11-16 03:58:02.163 1504 5212 I wm_task_moved: [296,1,6]
11-16 03:58:02.164 1504 5212 I wm_set_resumed_activity: [0,com.android.deskclock/.DeskClock,positionChildAt]
11-16 03:58:02.164 1504 5212 I wm_create_activity: [0,176948747,296,com.android.permissioncontroller/.permission.ui.GrantPermissionsActivity,android.content.pm.action.REQUEST_PERMISSIONS,NULL,NULL,8388608]
11-16 03:58:02.165 1504 5212 I wm_pause_activity: [0,119776208,com.android.deskclock/.DeskClock,userLeaving=true,resumeTopActivityInnerLocked]
11-16 03:58:02.191 5256 5256 I wm_on_create_called: [119776208,com.android.deskclock.DeskClock,performCreate]
11-16 03:58:02.192 5256 5256 I wm_on_start_called: [119776208,com.android.deskclock.DeskClock,handleStartActivity]
11-16 03:58:02.193 5256 5256 I wm_on_resume_called: [119776208,com.android.deskclock.DeskClock,RESUME_ACTIVITY]
11-16 03:58:02.197 5256 5256 I wm_on_top_resumed_gained_called: [119776208,com.android.deskclock.DeskClock,topStateChangedWhenResumed]
11-16 03:58:02.197 5256 5256 I wm_on_top_resumed_lost_called: [119776208,com.android.deskclock.DeskClock,topStateChangedWhenResumed]
11-16 03:58:02.197 5256 5256 I wm_on_paused_called: [119776208,com.android.deskclock.DeskClock,performPause]
11-16 03:58:02.199 1504 5212 I wm_restart_activity: [0,176948747,296,com.android.permissioncontroller/.permission.ui.GrantPermissionsActivity]
11-16 03:58:02.200 1504 5212 I wm_set_resumed_activity: [0,com.android.permissioncontroller/.permission.ui.GrantPermissionsActivity,minimalResumeActivityLocked]
11-16 03:58:02.205 1504 1571 I sysui_multi_action: [757,803,799,window_time_0,802,0]
11-16 03:58:02.224 5276 5276 I wm_on_create_called: [176948747,com.android.permissioncontroller.permission.ui.GrantPermissionsActivity,performCreate]
11-16 03:58:02.225 5276 5276 I wm_on_start_called: [176948747,com.android.permissioncontroller.permission.ui.GrantPermissionsActivity,handleStartActivity]
11-16 03:58:02.225 5276 5276 I wm_on_resume_called: [176948747,com.android.permissioncontroller.permission.ui.GrantPermissionsActivity,RESUME_ACTIVITY]
11-16 03:58:02.228 5276 5276 I wm_on_top_resumed_gained_called: [176948747,com.android.permissioncontroller.permission.ui.GrantPermissionsActivity,topStateChangedWhenResumed]
11-16 03:58:02.240 1504 1572 I input_focus: [Focus request 2a61232 com.android.permissioncontroller/com.android.permissioncontroller.permission.ui.GrantPermissionsActivity,reason=UpdateInputWindows]
11-16 03:58:02.250 1504 4303 I wm_finish_activity: [0,176948747,296,com.android.permissioncontroller/.permission.ui.GrantPermissionsActivity,app-request]
11-16 03:58:02.258 1504 4303 I wm_pause_activity: [0,176948747,com.android.permissioncontroller/.permission.ui.GrantPermissionsActivity,userLeaving=false,finish]
11-16 03:58:02.261 5276 5276 I wm_on_top_resumed_lost_called: [176948747,com.android.permissioncontroller.permission.ui.GrantPermissionsActivity,topStateChangedWhenResumed]
11-16 03:58:02.261 5276 5276 I wm_on_paused_called: [176948747,com.android.permissioncontroller.permission.ui.GrantPermissionsActivity,performPause]
11-16 03:58:02.262 1504 1682 I input_focus: [Focus entering 2a61232 com.android.permissioncontroller/com.android.permissioncontroller.permission.ui.GrantPermissionsActivity (server),reason=Window became focusable. Previous reason: NOT_VISIBLE]
11-16 03:58:02.262 1504 1535 I wm_add_to_stopping: [0,176948747,com.android.permissioncontroller/.permission.ui.GrantPermissionsActivity,completeFinishing]
11-16 03:58:02.264 1504 1535 I wm_set_resumed_activity: [0,com.android.deskclock/.DeskClock,resumeTopActivityInnerLocked]
11-16 03:58:02.265 1504 1535 I wm_resume_activity: [0,119776208,296,com.android.deskclock/.DeskClock]
11-16 03:58:02.278 1504 1572 I input_focus: [Focus request be32f01 com.android.deskclock/com.android.deskclock.DeskClock,reason=UpdateInputWindows]
11-16 03:58:02.280 1504 1682 I input_focus: [Focus leaving 2a61232 com.android.permissioncontroller/com.android.permissioncontroller.permission.ui.GrantPermissionsActivity (server),reason=NO_WINDOW]
11-16 03:58:02.280 1504 1571 I sysui_multi_action: [757,803,799,window_time_0,802,0]
11-16 03:58:02.297 5256 5256 I wm_on_activity_result_called: [119776208,com.android.deskclock.DeskClock,ACTIVITY_RESULT]
11-16 03:58:02.297 5256 5256 I wm_on_resume_called: [119776208,com.android.deskclock.DeskClock,RESUME_ACTIVITY]
11-16 03:58:02.299 5256 5256 I wm_on_top_resumed_gained_called: [119776208,com.android.deskclock.DeskClock,topWhenResuming]
11-16 03:58:02.309 1504 1568 I sysui_multi_action: [319,152,321,74,322,204,325,2071,757,761,758,8,759,2,806,com.android.permissioncontroller,871,com.android.permissioncontroller.permission.ui.GrantPermissionsActivity,904,com.android.deskclock,905,0,1320,8,1321,5]
11-16 03:58:02.314 1504 1682 I input_focus: [Focus entering be32f01 com.android.deskclock/com.android.deskclock.DeskClock (server),reason=Window became focusable. Previous reason: NOT_VISIBLE]
11-16 03:58:02.318 1504 1568 I wm_activity_launch_time: [0,176948747,com.android.permissioncontroller/.permission.ui.GrantPermissionsActivity,204]
11-16 03:58:02.615 1504 1571 I wm_destroy_activity: [0,176948747,296,com.android.permissioncontroller/.permission.ui.GrantPermissionsActivity,finish-imm:idle]
11-16 03:58:02.616 1504 1571 I wm_stop_activity: [0,50203839,com.android.launcher3/.uioverrides.QuickstepLauncher]
11-16 03:58:02.617 5276 5276 I wm_on_stop_called: [176948747,com.android.permissioncontroller.permission.ui.GrantPermissionsActivity,LIFECYCLER_STOP_ACTIVITY]
11-16 03:58:02.617 5276 5276 I wm_on_destroy_called: [176948747,com.android.permissioncontroller.permission.ui.GrantPermissionsActivity,performDestroy]
11-16 03:58:02.669 1504 4613 I wm_task_created: [298,-1]
11-16 03:58:02.670 1504 4613 I wm_finish_activity: [0,119776208,296,com.android.deskclock/.DeskClock,app-request]
11-16 03:58:02.671 1504 4613 I wm_task_moved: [280,1,7]
11-16 03:58:02.671 1504 4613 I wm_task_moved: [281,1,2147483647]
11-16 03:58:02.671 1504 4613 I wm_task_to_front: [0,281]
11-16 03:58:02.671 5256 5256 I wm_on_top_resumed_lost_called: [119776208,com.android.deskclock.DeskClock,topStateChangedWhenResumed]
11-16 03:58:02.673 1504 4613 I wm_set_resumed_activity: [0,com.android.launcher3/.uioverrides.QuickstepLauncher,finish-top adjustFocusToNextFocusableTask]
11-16 03:58:02.679 1504 4613 I wm_pause_activity: [0,119776208,com.android.deskclock/.DeskClock,userLeaving=false,finish]
11-16 03:58:02.688 1504 4613 I wm_task_moved: [298,1,7]
11-16 03:58:02.688 1504 4613 I wm_task_to_front: [0,298]
11-16 03:58:02.688 1504 4613 I wm_focused_root_task: [0,0,298,280,reuseOrNewTask]
11-16 03:58:02.688 1504 4613 I wm_create_task: [0,298]
11-16 03:58:02.688 1504 4613 I wm_create_activity: [0,197026824,298,com.android.music/.MusicBrowserActivity,NULL,NULL,NULL,268468224]
11-16 03:58:02.689 1504 4613 I wm_task_moved: [298,1,7]
11-16 03:58:02.701 2496 2496 I wm_on_stop_called: [50203839,com.android.launcher3.uioverrides.QuickstepLauncher,STOP_ACTIVITY_ITEM]
11-16 03:58:02.701 5256 5256 I wm_on_paused_called: [119776208,com.android.deskclock.DeskClock,performPause]
11-16 03:58:02.701 1504 1535 I wm_add_to_stopping: [0,119776208,com.android.deskclock/.DeskClock,completeFinishing]
11-16 03:58:02.706 1504 1535 I wm_restart_activity: [0,197026824,298,com.android.music/.MusicBrowserActivity]
11-16 03:58:02.707 1504 1535 I wm_set_resumed_activity: [0,com.android.music/.MusicBrowserActivity,minimalResumeActivityLocked]
11-16 03:58:02.711 1504 1535 I wm_resume_activity: [0,50203839,281,com.android.launcher3/.uioverrides.QuickstepLauncher]
11-16 03:58:02.729 1504 1571 I sysui_multi_action: [757,803,799,window_time_0,802,1]
11-16 03:58:02.730 2496 2496 I wm_on_restart_called: [50203839,com.android.launcher3.uioverrides.QuickstepLauncher,performRestartActivity]
11-16 03:58:02.731 1504 1682 I input_focus: [Focus leaving be32f01 com.android.deskclock/com.android.deskclock.DeskClock (server),reason=NO_WINDOW]
11-16 03:58:02.735 2496 2496 I wm_on_start_called: [50203839,com.android.launcher3.uioverrides.QuickstepLauncher,handleStartActivity]
11-16 03:58:02.736 2496 2496 I wm_on_resume_called: [50203839,com.android.launcher3.uioverrides.QuickstepLauncher,RESUME_ACTIVITY]
11-16 03:58:02.737 5214 5214 I wm_on_create_called: [197026824,com.android.music.MusicBrowserActivity,performCreate]
11-16 03:58:02.748 5214 5214 I wm_on_start_called: [197026824,com.android.music.MusicBrowserActivity,handleStartActivity]
11-16 03:58:02.748 5214 5214 I wm_on_resume_called: [197026824,com.android.music.MusicBrowserActivity,RESUME_ACTIVITY]
11-16 03:58:02.750 5214 5214 I wm_on_top_resumed_gained_called: [197026824,com.android.music.MusicBrowserActivity,topStateChangedWhenResumed]
11-16 03:58:02.774 1504 2032 I sysui_multi_action: [757,856,758,1,806,com.android.music,857,Channel-music,858,2]
11-16 03:58:02.778 1504 1504 I notification_enqueue: [10086,5214,com.android.music,1,NULL,0,Notification(channel=Channel-music shortcut=null contentView=null vibrate=null sound=null defaults=0x0 flags=0x0 color=0x00000000 category=transport actions=3 vis=PRIVATE),0]
11-16 03:58:02.779 1504 1504 I notification_enqueue: [10086,5214,com.android.music,1,NULL,0,Notification(channel=Channel-music shortcut=null contentView=null vibrate=null sound=null defaults=0x0 flags=0x40 color=0x00000000 category=transport actions=3 vis=PRIVATE),0]
11-16 03:58:02.782 1504 1504 I notification_enqueue: [10086,5214,com.android.music,1,NULL,0,Notification(channel=Channel-music shortcut=null contentView=null vibrate=null sound=null defaults=0x0 flags=0x40 color=0x00000000 category=transport actions=3 vis=PRIVATE),0]
11-16 03:58:02.782 1504 1504 I notification_enqueue: [10086,5214,com.android.music,1,NULL,0,Notification(channel=Channel-music shortcut=null contentView=null vibrate=null sound=null defaults=0x0 flags=0x40 color=0x00000000 category=transport actions=3 vis=PRIVATE),0]
11-16 03:58:02.789 1504 1504 I notification_enqueue: [10086,5214,com.android.music,1,NULL,0,Notification(channel=Channel-music shortcut=null contentView=null vibrate=null sound=null defaults=0x0 flags=0x40 color=0x00000000 category=transport actions=3 vis=PRIVATE),0]
11-16 03:58:02.790 1504 1504 I notification_enqueue: [10086,5214,com.android.music,1,NULL,0,Notification(channel=Channel-music shortcut=null contentView=null vibrate=null sound=null defaults=0x0 flags=0x40 color=0x00000000 category=transport actions=3 vis=PRIVATE),0]
11-16 03:58:02.792 1504 1572 I input_focus: [Focus request 1e7ba80 com.android.music/com.android.music.MusicBrowserActivity,reason=UpdateInputWindows]
11-16 03:58:02.803 1504 1504 I sysui_multi_action: [757,128,758,5,759,8,793,25,794,0,795,25,796,1,806,com.android.music,857,Channel-music,858,2,947,0,1500,25,1641,transport,1688,1,1745,1043716538]
11-16 03:58:02.803 1504 1504 I notification_canceled: [0|com.android.music|1|null|10086,8,25,25,0,-1,-1,NULL]
11-16 03:58:02.803 1504 1568 I sysui_multi_action: [319,147,322,146,325,2072,757,761,758,8,759,2,806,com.android.music,871,com.android.music.MusicBrowserActivity,904,android,905,0,1320,4,1321,5]
11-16 03:58:02.804 1504 1568 I wm_activity_launch_time: [0,197026824,com.android.music/.MusicBrowserActivity,146]
11-16 03:58:02.814 1504 1682 I input_focus: [Focus entering 1e7ba80 com.android.music/com.android.music.MusicBrowserActivity (server),reason=setFocusedWindow]
11-16 03:58:03.031 1504 1570 I commit_sys_config_file: [notification-policy,2062490]
11-16 03:58:03.037 1504 1601 I am_uid_idle: 10051
11-16 03:58:03.303 1504 1571 I wm_destroy_activity: [0,119776208,296,com.android.deskclock/.DeskClock,finish-imm:idle]
11-16 03:58:03.341 5256 5256 I wm_on_stop_called: [119776208,com.android.deskclock.DeskClock,LIFECYCLER_STOP_ACTIVITY]
11-16 03:58:03.348 5256 5256 I wm_on_destroy_called: [119776208,com.android.deskclock.DeskClock,performDestroy]
11-16 03:58:03.354 1504 4613 I wm_task_removed: [296,removeChild:removeChild last r=ActivityRecord{723a3d0 u0 com.android.deskclock/.DeskClock t-1 f}} in t=Task{f88204 #296 type=standard A=10068:com.android.deskclock U=0 visible=false mode=fullscreen translucent=true sz=0}]
11-16 03:58:03.354 1504 4613 I wm_task_removed: [296,removeChild]
11-16 03:58:55.135 1504 1620 I sysui_multi_action: [757,1696,758,6,759,2]
11-16 03:58:55.146 1504 1601 I am_wtf : [0,1504,system_server,-1,DisplayDeviceConfig,requesting nits when no mapping exists.]
11-16 03:58:55.152 1504 1601 I am_wtf : [0,1504,system_server,-1,DisplayDeviceConfig,requesting nits when no mapping exists.]
11-16 03:58:55.162 1504 1601 I am_wtf : [0,1504,system_server,-1,DisplayDeviceConfig,requesting nits when no mapping exists.]
11-16 03:58:55.164 1504 1601 I am_wtf : [0,1504,system_server,-1,DisplayDeviceConfig,requesting nits when no mapping exists.]
11-16 03:58:55.169 1504 1601 I am_wtf : [0,1504,system_server,-1,DisplayDeviceConfig,requesting nits when no mapping exists.]
11-16 03:58:55.170 1504 1601 I am_wtf : [0,1504,system_server,-1,DisplayDeviceConfig,requesting nits when no mapping exists.]
11-16 03:58:55.186 1504 1601 I am_wtf : [0,1504,system_server,-1,DisplayDeviceConfig,requesting nits when no mapping exists.]
11-16 03:58:55.186 1504 1601 I am_wtf : [0,1504,system_server,-1,DisplayDeviceConfig,requesting nits when no mapping exists.]
11-16 03:58:55.203 1504 1601 I am_wtf : [0,1504,system_server,-1,DisplayDeviceConfig,requesting nits when no mapping exists.]
11-16 03:58:55.204 1504 1601 I am_wtf : [0,1504,system_server,-1,DisplayDeviceConfig,requesting nits when no mapping exists.]
11-16 03:58:55.220 1504 1601 I am_wtf : [0,1504,system_server,-1,DisplayDeviceConfig,requesting nits when no mapping exists.]
11-16 03:58:55.221 1504 1601 I am_wtf : [0,1504,system_server,-1,DisplayDeviceConfig,requesting nits when no mapping exists.]
11-16 03:58:55.237 1504 1601 I am_wtf : [0,1504,system_server,-1,DisplayDeviceConfig,requesting nits when no mapping exists.]
11-16 03:58:55.238 1504 1601 I am_wtf : [0,1504,system_server,-1,DisplayDeviceConfig,requesting nits when no mapping exists.]
11-16 03:58:55.253 1504 1601 I am_wtf : [0,1504,system_server,-1,DisplayDeviceConfig,requesting nits when no mapping exists.]
11-16 03:58:55.253 1504 1601 I am_wtf : [0,1504,system_server,-1,DisplayDeviceConfig,requesting nits when no mapping exists.]
11-16 03:58:55.270 1504 1601 I am_wtf : [0,1504,system_server,-1,DisplayDeviceConfig,requesting nits when no mapping exists.]
11-16 03:58:55.271 1504 1601 I am_wtf : [0,1504,system_server,-1,DisplayDeviceConfig,requesting nits when no mapping exists.]
11-16 03:58:55.286 1504 1601 I am_wtf : [0,1504,system_server,-1,DisplayDeviceConfig,requesting nits when no mapping exists.]
11-16 03:58:55.287 1504 1601 I am_wtf : [0,1504,system_server,-1,DisplayDeviceConfig,requesting nits when no mapping exists.]
11-16 03:58:55.304 1504 1601 I am_wtf : [0,1504,system_server,-1,DisplayDeviceConfig,requesting nits when no mapping exists.]
11-16 03:58:55.304 1504 1601 I am_wtf : [0,1504,system_server,-1,DisplayDeviceConfig,requesting nits when no mapping exists.]
11-16 03:58:55.320 1504 1601 I am_wtf : [0,1504,system_server,-1,DisplayDeviceConfig,requesting nits when no mapping exists.]
11-16 03:58:55.322 1504 1601 I am_wtf : [0,1504,system_server,-1,DisplayDeviceConfig,requesting nits when no mapping exists.]
11-16 03:58:55.336 1504 1601 I am_wtf : [0,1504,system_server,-1,DisplayDeviceConfig,requesting nits when no mapping exists.]
11-16 03:58:55.337 1504 1601 I am_wtf : [0,1504,system_server,-1,DisplayDeviceConfig,requesting nits when no mapping exists.]
11-16 03:58:55.353 1504 1601 I am_wtf : [0,1504,system_server,-1,DisplayDeviceConfig,requesting nits when no mapping exists.]
11-16 03:58:55.354 1504 1601 I am_wtf : [0,1504,system_server,-1,DisplayDeviceConfig,requesting nits when no mapping exists.]
11-16 03:58:55.370 1504 1601 I am_wtf : [0,1504,system_server,-1,DisplayDeviceConfig,requesting nits when no mapping exists.]
11-16 03:58:55.371 1504 1601 I am_wtf : [0,1504,system_server,-1,DisplayDeviceConfig,requesting nits when no mapping exists.]
11-16 03:58:55.387 1504 1601 I am_wtf : [0,1504,system_server,-1,DisplayDeviceConfig,requesting nits when no mapping exists.]
11-16 03:58:55.388 1504 1601 I am_wtf : [0,1504,system_server,-1,DisplayDeviceConfig,requesting nits when no mapping exists.]
11-16 03:58:55.404 1504 1601 I am_wtf : [0,1504,system_server,-1,DisplayDeviceConfig,requesting nits when no mapping exists.]
11-16 03:58:55.405 1504 1601 I am_wtf : [0,1504,system_server,-1,DisplayDeviceConfig,requesting nits when no mapping exists.]
11-16 03:58:55.421 1504 1601 I am_wtf : [0,1504,system_server,-1,DisplayDeviceConfig,requesting nits when no mapping exists.]
11-16 03:58:55.422 1504 1601 I am_wtf : [0,1504,system_server,-1,DisplayDeviceConfig,requesting nits when no mapping exists.]
11-16 03:58:55.437 1504 1601 I am_wtf : [0,1504,system_server,-1,DisplayDeviceConfig,requesting nits when no mapping exists.]
11-16 03:58:55.437 1504 1601 I am_wtf : [0,1504,system_server,-1,DisplayDeviceConfig,requesting nits when no mapping exists.]
11-16 03:58:55.453 1504 1601 I am_wtf : [0,1504,system_server,-1,DisplayDeviceConfig,requesting nits when no mapping exists.]
11-16 03:58:55.454 1504 1601 I am_wtf : [0,1504,system_server,-1,DisplayDeviceConfig,requesting nits when no mapping exists.]
11-16 03:58:55.471 1504 1601 I am_wtf : [0,1504,system_server,-1,DisplayDeviceConfig,requesting nits when no mapping exists.]
11-16 03:58:55.472 1504 1601 I am_wtf : [0,1504,system_server,-1,DisplayDeviceConfig,requesting nits when no mapping exists.]
11-16 03:58:55.487 1504 1601 I am_wtf : [0,1504,system_server,-1,DisplayDeviceConfig,requesting nits when no mapping exists.]
11-16 03:58:55.488 1504 1601 I am_wtf : [0,1504,system_server,-1,DisplayDeviceConfig,requesting nits when no mapping exists.]
11-16 03:58:55.504 1504 1601 I am_wtf : [0,1504,system_server,-1,DisplayDeviceConfig,requesting nits when no mapping exists.]
11-16 03:58:55.504 1504 1601 I am_wtf : [0,1504,system_server,-1,DisplayDeviceConfig,requesting nits when no mapping exists.]
11-16 03:58:55.520 1504 1601 I am_wtf : [0,1504,system_server,-1,DisplayDeviceConfig,requesting nits when no mapping exists.]
11-16 03:58:55.521 1504 1601 I am_wtf : [0,1504,system_server,-1,DisplayDeviceConfig,requesting nits when no mapping exists.]
11-16 03:58:55.537 1504 1601 I am_wtf : [0,1504,system_server,-1,DisplayDeviceConfig,requesting nits when no mapping exists.]
11-16 03:58:55.538 1504 1601 I am_wtf : [0,1504,system_server,-1,DisplayDeviceConfig,requesting nits when no mapping exists.]
11-16 03:58:55.553 1504 1601 I am_wtf : [0,1504,system_server,-1,DisplayDeviceConfig,requesting nits when no mapping exists.]
11-16 03:58:55.554 1504 1601 I am_wtf : [0,1504,system_server,-1,DisplayDeviceConfig,requesting nits when no mapping exists.]
11-16 03:58:55.570 1504 1601 I am_wtf : [0,1504,system_server,-1,DisplayDeviceConfig,requesting nits when no mapping exists.]
11-16 03:58:55.571 1504 1601 I am_wtf : [0,1504,system_server,-1,DisplayDeviceConfig,requesting nits when no mapping exists.]
11-16 03:58:55.587 1504 1601 I am_wtf : [0,1504,system_server,-1,DisplayDeviceConfig,requesting nits when no mapping exists.]
11-16 03:58:55.588 1504 1601 I am_wtf : [0,1504,system_server,-1,DisplayDeviceConfig,requesting nits when no mapping exists.]
11-16 03:58:55.604 1504 1601 I am_wtf : [0,1504,system_server,-1,DisplayDeviceConfig,requesting nits when no mapping exists.]
11-16 03:58:55.605 1504 1601 I am_wtf : [0,1504,system_server,-1,DisplayDeviceConfig,requesting nits when no mapping exists.]
11-16 03:58:55.620 1504 1601 I am_wtf : [0,1504,system_server,-1,DisplayDeviceConfig,requesting nits when no mapping exists.]
11-16 03:58:55.621 1504 1601 I am_wtf : [0,1504,system_server,-1,DisplayDeviceConfig,requesting nits when no mapping exists.]
11-16 03:58:55.637 1504 1601 I am_wtf : [0,1504,system_server,-1,DisplayDeviceConfig,requesting nits when no mapping exists.]
11-16 03:58:55.638 1504 1601 I am_wtf : [0,1504,system_server,-1,DisplayDeviceConfig,requesting nits when no mapping exists.]
11-16 03:58:55.654 1504 1601 I am_wtf : [0,1504,system_server,-1,DisplayDeviceConfig,requesting nits when no mapping exists.]
11-16 03:58:55.655 1504 1601 I am_wtf : [0,1504,system_server,-1,DisplayDeviceConfig,requesting nits when no mapping exists.]
11-16 03:58:55.670 1504 1601 I am_wtf : [0,1504,system_server,-1,DisplayDeviceConfig,requesting nits when no mapping exists.]
11-16 03:58:55.671 1504 1601 I am_wtf : [0,1504,system_server,-1,DisplayDeviceConfig,requesting nits when no mapping exists.]
11-16 03:58:55.687 1504 1601 I am_wtf : [0,1504,system_server,-1,DisplayDeviceConfig,requesting nits when no mapping exists.]
11-16 03:58:55.688 1504 1601 I am_wtf : [0,1504,system_server,-1,DisplayDeviceConfig,requesting nits when no mapping exists.]
11-16 03:58:55.704 1504 1601 I am_wtf : [0,1504,system_server,-1,DisplayDeviceConfig,requesting nits when no mapping exists.]
11-16 03:58:55.705 1504 1601 I am_wtf : [0,1504,system_server,-1,DisplayDeviceConfig,requesting nits when no mapping exists.]
11-16 03:58:55.721 1504 1601 I am_wtf : [0,1504,system_server,-1,DisplayDeviceConfig,requesting nits when no mapping exists.]
11-16 03:58:55.722 1504 1601 I am_wtf : [0,1504,system_server,-1,DisplayDeviceConfig,requesting nits when no mapping exists.]
11-16 03:58:55.737 1504 1601 I am_wtf : [0,1504,system_server,-1,DisplayDeviceConfig,requesting nits when no mapping exists.]
11-16 03:58:55.738 1504 1601 I am_wtf : [0,1504,system_server,-1,DisplayDeviceConfig,requesting nits when no mapping exists.]
11-16 03:58:55.754 1504 1601 I am_wtf : [0,1504,system_server,-1,DisplayDeviceConfig,requesting nits when no mapping exists.]
11-16 03:58:55.755 1504 1601 I am_wtf : [0,1504,system_server,-1,DisplayDeviceConfig,requesting nits when no mapping exists.]
11-16 03:58:55.771 1504 1601 I am_wtf : [0,1504,system_server,-1,DisplayDeviceConfig,requesting nits when no mapping exists.]
11-16 03:58:55.772 1504 1601 I am_wtf : [0,1504,system_server,-1,DisplayDeviceConfig,requesting nits when no mapping exists.]
11-16 03:58:55.788 1504 1601 I am_wtf : [0,1504,system_server,-1,DisplayDeviceConfig,requesting nits when no mapping exists.]
11-16 03:58:55.789 1504 1601 I am_wtf : [0,1504,system_server,-1,DisplayDeviceConfig,requesting nits when no mapping exists.]
11-16 03:58:55.804 1504 1601 I am_wtf : [0,1504,system_server,-1,DisplayDeviceConfig,requesting nits when no mapping exists.]
11-16 03:58:55.805 1504 1601 I am_wtf : [0,1504,system_server,-1,DisplayDeviceConfig,requesting nits when no mapping exists.]
11-16 03:58:55.821 1504 1601 I am_wtf : [0,1504,system_server,-1,DisplayDeviceConfig,requesting nits when no mapping exists.]
11-16 03:58:55.822 1504 1601 I am_wtf : [0,1504,system_server,-1,DisplayDeviceConfig,requesting nits when no mapping exists.]
11-16 03:58:55.837 1504 1601 I am_wtf : [0,1504,system_server,-1,DisplayDeviceConfig,requesting nits when no mapping exists.]
11-16 03:58:55.839 1504 1601 I am_wtf : [0,1504,system_server,-1,DisplayDeviceConfig,requesting nits when no mapping exists.]
11-16 03:58:55.854 1504 1601 I am_wtf : [0,1504,system_server,-1,DisplayDeviceConfig,requesting nits when no mapping exists.]
11-16 03:58:55.856 1504 1601 I am_wtf : [0,1504,system_server,-1,DisplayDeviceConfig,requesting nits when no mapping exists.]
11-16 03:58:55.856 1504 1601 I service_manager_stats: [100,52,53697]
11-16 03:58:55.871 1504 1601 I am_wtf : [0,1504,system_server,-1,DisplayDeviceConfig,requesting nits when no mapping exists.]
11-16 03:58:55.872 1504 1601 I am_wtf : [0,1504,system_server,-1,DisplayDeviceConfig,requesting nits when no mapping exists.]
11-16 03:58:55.888 1504 1601 I am_wtf : [0,1504,system_server,-1,DisplayDeviceConfig,requesting nits when no mapping exists.]
11-16 03:58:55.888 1504 1601 I am_wtf : [0,1504,system_server,-1,DisplayDeviceConfig,requesting nits when no mapping exists.]
11-16 03:58:55.904 1504 1601 I am_wtf : [0,1504,system_server,-1,DisplayDeviceConfig,requesting nits when no mapping exists.]
11-16 03:58:55.905 1504 1601 I am_wtf : [0,1504,system_server,-1,DisplayDeviceConfig,requesting nits when no mapping exists.]
11-16 03:58:55.921 1504 1601 I am_wtf : [0,1504,system_server,-1,DisplayDeviceConfig,requesting nits when no mapping exists.]
11-16 03:58:55.922 1504 1601 I am_wtf : [0,1504,system_server,-1,DisplayDeviceConfig,requesting nits when no mapping exists.]
11-16 03:58:55.938 1504 1601 I am_wtf : [0,1504,system_server,-1,DisplayDeviceConfig,requesting nits when no mapping exists.]
11-16 03:58:55.940 1504 1601 I am_wtf : [0,1504,system_server,-1,DisplayDeviceConfig,requesting nits when no mapping exists.]
11-16 03:58:55.954 1504 1601 I am_wtf : [0,1504,system_server,-1,DisplayDeviceConfig,requesting nits when no mapping exists.]
11-16 03:58:55.956 1504 1601 I am_wtf : [0,1504,system_server,-1,DisplayDeviceConfig,requesting nits when no mapping exists.]
11-16 03:58:55.972 1504 1601 I am_wtf : [0,1504,system_server,-1,DisplayDeviceConfig,requesting nits when no mapping exists.]
11-16 03:58:55.975 1504 1601 I am_wtf : [0,1504,system_server,-1,DisplayDeviceConfig,requesting nits when no mapping exists.]
11-16 03:58:55.988 1504 1601 I am_wtf : [0,1504,system_server,-1,DisplayDeviceConfig,requesting nits when no mapping exists.]
11-16 03:58:55.989 1504 1601 I am_wtf : [0,1504,system_server,-1,DisplayDeviceConfig,requesting nits when no mapping exists.]
11-16 03:58:56.005 1504 1601 I am_wtf : [0,1504,system_server,-1,DisplayDeviceConfig,requesting nits when no mapping exists.]
11-16 03:58:56.006 1504 1601 I am_wtf : [0,1504,system_server,-1,DisplayDeviceConfig,requesting nits when no mapping exists.]
11-16 03:58:56.021 1504 1601 I am_wtf : [0,1504,system_server,-1,DisplayDeviceConfig,requesting nits when no mapping exists.]
11-16 03:58:56.023 1504 1601 I am_wtf : [0,1504,system_server,-1,DisplayDeviceConfig,requesting nits when no mapping exists.]
11-16 03:58:56.039 1504 1601 I am_wtf : [0,1504,system_server,-1,DisplayDeviceConfig,requesting nits when no mapping exists.]
11-16 03:58:56.041 1504 1601 I am_wtf : [0,1504,system_server,-1,DisplayDeviceConfig,requesting nits when no mapping exists.]
11-16 03:58:56.055 1504 1601 I am_wtf : [0,1504,system_server,-1,DisplayDeviceConfig,requesting nits when no mapping exists.]
11-16 03:58:56.057 1504 1601 I am_wtf : [0,1504,system_server,-1,DisplayDeviceConfig,requesting nits when no mapping exists.]
11-16 03:58:56.071 1504 1601 I am_wtf : [0,1504,system_server,-1,DisplayDeviceConfig,requesting nits when no mapping exists.]
11-16 03:58:56.073 1504 1601 I am_wtf : [0,1504,system_server,-1,DisplayDeviceConfig,requesting nits when no mapping exists.]
11-16 03:58:56.089 1504 1601 I am_wtf : [0,1504,system_server,-1,DisplayDeviceConfig,requesting nits when no mapping exists.]
11-16 03:58:56.090 1504 1601 I am_wtf : [0,1504,system_server,-1,DisplayDeviceConfig,requesting nits when no mapping exists.]
11-16 03:59:02.092 1504 1568 I sysui_multi_action: [757,222,758,1]
11-16 03:59:02.096 1504 1568 I am_uid_active: 10051
11-16 03:59:02.107 1504 1598 I am_pss : [5214,10086,com.android.music,31773696,25550848,0,150765568,0,2,12]
11-16 03:59:02.118 1504 1598 I am_pss : [5256,10068,com.android.deskclock,30417920,23875584,0,151224320,0,18,10]
11-16 03:59:02.119 1504 4314 I wm_task_created: [299,-1]
11-16 03:59:02.125 1504 4314 I wm_task_moved: [299,1,7]
11-16 03:59:02.125 1504 4314 I wm_task_to_front: [0,299]
11-16 03:59:02.126 5214 5214 I wm_on_top_resumed_lost_called: [197026824,com.android.music.MusicBrowserActivity,topStateChangedWhenResumed]
11-16 03:59:02.126 1504 4314 I wm_create_task: [0,299]
11-16 03:59:02.126 1504 4314 I wm_create_activity: [0,62218769,299,com.thundercomm.screensaver/android.service.dreams.DreamActivity,NULL,NULL,NULL,276824064]
11-16 03:59:02.126 1504 4314 I wm_task_moved: [299,1,7]
11-16 03:59:02.127 1504 1598 I am_pss : [5276,10094,com.android.permissioncontroller,17495040,13344768,0,116412416,0,19,8]
11-16 03:59:02.128 1504 4314 I wm_pause_activity: [0,50203839,com.android.launcher3/.uioverrides.QuickstepLauncher,userLeaving=true,pauseBackTasks]
11-16 03:59:02.130 2496 2496 I wm_on_paused_called: [50203839,com.android.launcher3.uioverrides.QuickstepLauncher,performPause]
11-16 03:59:02.135 1504 1598 I am_pss : [5351,10031,com.android.musicfx,5821440,3870720,0,90632192,0,19,6]
11-16 03:59:02.138 1504 2099 I wm_add_to_stopping: [0,50203839,com.android.launcher3/.uioverrides.QuickstepLauncher,makeInvisible]
11-16 03:59:02.139 1504 2099 I wm_restart_activity: [0,62218769,299,com.thundercomm.screensaver/android.service.dreams.DreamActivity]
11-16 03:59:02.141 1504 1598 I am_pss : [5013,10066,com.thundercomm.gamemode.provider,8316928,6123520,0,96489472,0,19,5]
11-16 03:59:02.142 1504 2099 I wm_set_resumed_activity: [0,com.thundercomm.screensaver/android.service.dreams.DreamActivity,minimalResumeActivityLocked]
11-16 03:59:02.148 1504 1598 I am_pss : [5215,10064,com.android.gallery3d,8451072,6393856,0,94351360,0,19,6]
11-16 03:59:02.161 1504 1571 I sysui_multi_action: [757,803,799,window_time_2,802,59]
11-16 03:59:02.167 4192 4192 I wm_on_create_called: [62218769,android.service.dreams.DreamActivity,performCreate]
11-16 03:59:02.168 4192 4192 I wm_on_start_called: [62218769,android.service.dreams.DreamActivity,handleStartActivity]
11-16 03:59:02.168 4192 4192 I wm_on_resume_called: [62218769,android.service.dreams.DreamActivity,RESUME_ACTIVITY]
11-16 03:59:02.178 4192 4192 I wm_on_top_resumed_gained_called: [62218769,android.service.dreams.DreamActivity,topStateChangedWhenResumed]
11-16 03:59:02.199 1504 1572 I input_focus: [Focus request b7b4613 com.thundercomm.screensaver/android.service.dreams.DreamActivity,reason=UpdateInputWindows]
11-16 03:59:02.201 1968 1968 I sysui_multi_action: [757,111,758,2]
11-16 03:59:02.201 1504 1504 I notification_enqueue: [10081,1968,com.android.systemui,2048,NULL,0,Notification(channel=updateNotification shortcut=null contentView=null vibrate=null sound=null defaults=0x0 flags=0x0 color=0x00000000 vis=PRIVATE),1]
11-16 03:59:02.202 1968 1968 I sysui_multi_action: [757,111,758,2]
11-16 03:59:02.216 1504 1620 I sysui_multi_action: [757,1696,758,6,759,3]
11-16 03:59:02.217 1968 1968 I sysui_multi_action: [757,111,758,1]
11-16 03:59:02.217 1968 1968 I sysui_multi_action: [757,126,758,1,759,126,927,0,928,0,1593,0]
11-16 03:59:02.217 1968 1968 I sysui_multi_action: [757,113,758,1,759,113,927,1,928,1,1593,0]
11-16 03:59:02.218 1968 1968 I sysui_multi_action: [757,0,758,1,759,0,927,2,928,0,1593,0]
11-16 03:59:02.218 1968 1968 I sysui_multi_action: [757,0,758,1,759,0,927,3,928,0,1593,0]
11-16 03:59:02.218 1504 1568 I sysui_multi_action: [319,104,322,103,325,2131,757,761,758,8,759,2,806,com.thundercomm.screensaver,871,android.service.dreams.DreamActivity,904,com.thundercomm.screensaver,905,0,1320,4,1321,2]
11-16 03:59:02.218 1968 1968 I sysui_multi_action: [757,491,758,1,759,491,927,4,928,0,1311,-1,1593,0]
11-16 03:59:02.218 1968 1968 I sysui_multi_action: [757,0,758,1,759,0,927,5,928,0,1593,0]
11-16 03:59:02.218 1968 1968 I sysui_multi_action: [757,111,758,1]
11-16 03:59:02.219 1968 1968 I sysui_multi_action: [757,126,758,1,759,126,927,0,928,0,1593,0]
11-16 03:59:02.219 1968 1968 I sysui_multi_action: [757,113,758,1,759,113,927,1,928,1,1593,0]
11-16 03:59:02.219 1968 1968 I sysui_multi_action: [757,0,758,1,759,0,927,2,928,0,1593,0]
11-16 03:59:02.219 1968 1968 I sysui_multi_action: [757,0,758,1,759,0,927,3,928,0,1593,0]
11-16 03:59:02.220 1504 1568 I wm_activity_launch_time: [0,62218769,com.thundercomm.screensaver/android.service.dreams.DreamActivity,103]
11-16 03:59:02.224 1504 1682 I input_focus: [Focus leaving 1e7ba80 com.android.music/com.android.music.MusicBrowserActivity (server),reason=Waiting for window because NOT_VISIBLE]
11-16 03:59:02.224 1504 1601 I am_wtf : [0,1504,system_server,-1,DisplayDeviceConfig,requesting nits when no mapping exists.]
11-16 03:59:02.225 1504 1601 I am_wtf : [0,1504,system_server,-1,DisplayDeviceConfig,requesting nits when no mapping exists.]
11-16 03:59:02.240 1504 1682 I input_focus: [Focus entering b7b4613 com.thundercomm.screensaver/android.service.dreams.DreamActivity (server),reason=Window became focusable. Previous reason: NOT_VISIBLE]
11-16 03:59:02.240 1504 1601 I am_wtf : [0,1504,system_server,-1,DisplayDeviceConfig,requesting nits when no mapping exists.]
11-16 03:59:02.242 1504 1601 I am_wtf : [0,1504,system_server,-1,DisplayDeviceConfig,requesting nits when no mapping exists.]
11-16 03:59:02.256 1504 1601 I am_wtf : [0,1504,system_server,-1,DisplayDeviceConfig,requesting nits when no mapping exists.]
11-16 03:59:02.257 1504 1601 I am_wtf : [0,1504,system_server,-1,DisplayDeviceConfig,requesting nits when no mapping exists.]
11-16 03:59:02.278 1504 1601 I am_wtf : [0,1504,system_server,-1,DisplayDeviceConfig,requesting nits when no mapping exists.]
11-16 03:59:02.279 1504 1601 I am_wtf : [0,1504,system_server,-1,DisplayDeviceConfig,requesting nits when no mapping exists.]
11-16 03:59:02.289 1504 1601 I am_wtf : [0,1504,system_server,-1,DisplayDeviceConfig,requesting nits when no mapping exists.]
11-16 03:59:02.290 1504 1601 I am_wtf : [0,1504,system_server,-1,DisplayDeviceConfig,requesting nits when no mapping exists.]
11-16 03:59:02.306 1504 1601 I am_wtf : [0,1504,system_server,-1,DisplayDeviceConfig,requesting nits when no mapping exists.]
11-16 03:59:02.307 1504 1601 I am_wtf : [0,1504,system_server,-1,DisplayDeviceConfig,requesting nits when no mapping exists.]
11-16 03:59:02.322 1504 1601 I am_wtf : [0,1504,system_server,-1,DisplayDeviceConfig,requesting nits when no mapping exists.]
11-16 03:59:02.323 1504 1601 I am_wtf : [0,1504,system_server,-1,DisplayDeviceConfig,requesting nits when no mapping exists.]
11-16 03:59:02.341 1504 1601 I am_wtf : [0,1504,system_server,-1,DisplayDeviceConfig,requesting nits when no mapping exists.]
11-16 03:59:02.343 1504 1601 I am_wtf : [0,1504,system_server,-1,DisplayDeviceConfig,requesting nits when no mapping exists.]
11-16 03:59:02.362 1504 1601 I am_wtf : [0,1504,system_server,-1,DisplayDeviceConfig,requesting nits when no mapping exists.]
11-16 03:59:02.363 1504 1601 I am_wtf : [0,1504,system_server,-1,DisplayDeviceConfig,requesting nits when no mapping exists.]
11-16 03:59:02.365 1504 1601 I am_uid_idle: 10094
11-16 03:59:02.373 1504 1601 I am_wtf : [0,1504,system_server,-1,DisplayDeviceConfig,requesting nits when no mapping exists.]
11-16 03:59:02.374 1504 1601 I am_wtf : [0,1504,system_server,-1,DisplayDeviceConfig,requesting nits when no mapping exists.]
11-16 03:59:02.390 1504 1601 I am_wtf : [0,1504,system_server,-1,DisplayDeviceConfig,requesting nits when no mapping exists.]
11-16 03:59:02.391 1504 1601 I am_wtf : [0,1504,system_server,-1,DisplayDeviceConfig,requesting nits when no mapping exists.]
11-16 03:59:02.408 1504 1601 I am_wtf : [0,1504,system_server,-1,DisplayDeviceConfig,requesting nits when no mapping exists.]
11-16 03:59:02.409 1504 1601 I am_wtf : [0,1504,system_server,-1,DisplayDeviceConfig,requesting nits when no mapping exists.]
11-16 03:59:02.413 1504 1504 I sysui_multi_action: [757,1501,758,1,793,2110745,794,0,795,209,796,2048,806,com.android.systemui,857,updateNotification,858,3,947,0,1500,0,1688,1]
11-16 03:59:02.413 1504 1504 I sysui_multi_action: [757,804,799,note_interruptive,801,0,802,1]
11-16 03:59:02.413 1504 1504 I sysui_multi_action: [757,199,758,1,759,2,793,2110749,794,0,795,213,796,2048,806,com.android.systemui,857,updateNotification,858,3,947,0,1500,4,1688,1]
11-16 03:59:02.414 1504 1504 I notification_alert: [0|com.android.systemui|2048|null|10081,0,1,0]
