11-16 04:09:19.061 1504 5055 I wm_restart_activity: [0,63187783,300,com.android.deskclock/.DeskClock]
11-16 04:09:19.061 1504 5055 D CompatibilityInfo: mCompatibilityFlags - 4
11-16 04:09:19.061 1504 5055 D CompatibilityInfo: applicationDensity - 240
11-16 04:09:19.061 1504 5055 D CompatibilityInfo: applicationScale - 1.0
11-16 04:09:19.062 1504 5055 I wm_set_resumed_activity: [0,com.android.deskclock/.DeskClock,minimalResumeActivityLocked]
11-16 04:09:19.063 1504 5055 I am_uid_active: 10068
11-16 04:09:19.064 5580 5580 D CompatibilityChangeReporter: Compat change id reported: 171979766; UID 10068; state: DISABLED
11-16 04:09:19.065 3677 5168 I GameMode_ActivityMonitoringService: onForegroundActivitiesChanged uid 10068 pid 5580 fg true
11-16 04:09:19.066 5580 5580 D ApplicationLoaders: Returning zygote-cached class loader: /system/framework/android.test.base.jar
11-16 04:09:19.073 5580 5580 D nativeloader: classloader namespace configured for unbundled product apk. library_path=/product/app/DeskClock/lib/arm64:/product/lib64:/system/product/lib64
11-16 04:09:19.077 3677 3695 I GameMode_ActivityMonitoringService: Updating top task to: TaskInfoContainer [topActivity=ComponentInfo{com.android.deskclock/com.android.deskclock.DeskClock}, taskId=300, stackId=300, userId=0, displayId=0, position=6
11-16 04:09:19.079 3677 3695 I GameMode_ActivityMonitoringService: Notifying about top task: TaskInfoContainer [topActivity=ComponentInfo{com.android.deskclock/com.android.deskclock.DeskClock}, taskId=300, stackId=300, userId=0, displayId=0, position=6
11-16 04:09:19.079 3677 3695 E GameMode_ActivityMonitoringService: onActivityLaunch:com.android.deskclock
11-16 04:09:19.079 3677 3695 V GameMode_GameTypeUtils: judge isGame:com.android.deskclock
11-16 04:09:19.079 5580 5580 I Perf : Connecting to perf service.
11-16 04:09:19.080 3677 3695 V GameMode_GpuUtils: fps:60
11-16 04:09:19.082 5580 5580 V GraphicsEnvironment: ANGLE Developer option for 'com.android.deskclock' set to: 'default'
11-16 04:09:19.083 5580 5580 V GraphicsEnvironment: ANGLE GameManagerService for com.android.deskclock: false
11-16 04:09:19.083 5580 5580 D NetworkSecurityConfig: No Network Security Config specified, using platform default
11-16 04:09:19.083 5580 5580 D NetworkSecurityConfig: No Network Security Config specified, using platform default
11-16 04:09:19.084 3677 3695 D GameMode_GameModeActionUtils: Show GameMode entry by service!
11-16 04:09:19.085 3677 3695 W ContextImpl: Calling a method in the system process without a qualified user: android.app.ContextImpl.startService:1816 android.content.ContextWrapper.startService:774 com.thundercomm.gamemode.ingame.services.GameModeActionUtils.startGameModeService:93 com.thundercomm.gamemode.ingame.services.GameModeActionUtils.startGameModeEntry:21 com.thundercomm.gamemode.ingame.services.ActivityMonitoringService$1.onActivityLaunch:127
11-16 04:09:19.091 3677 3677 D GameMode_GameModeService: type=hide_entry
11-16 04:09:19.091 3677 3695 D GameModeIF_GameModeSettings: getUriFor setting_content_uri_root = content://com.thundercomm.gamemode.api/gamemode_settings , name = gamemode_isgaming
11-16 04:09:19.096 1504 1504 I GameModeConfig: Current uri is uri = content://com.thundercomm.gamemode.api/gamemode_settings/gamemode_isgaming
11-16 04:09:19.096 1504 1504 D GameModeIF_GameModeSettings: getUriFor setting_content_uri_root = content://com.thundercomm.gamemode.api/gamemode_settings , name = gamemode_isgaming
11-16 04:09:19.096 3677 3677 D GameMode_GameSettingsObserver: Game Data change!!!! uri = content://com.thundercomm.gamemode.api/gamemode_settings/gamemode_isgaming
11-16 04:09:19.096 3677 3677 D GameModeIF_GameModeSettings: getUriFor setting_content_uri_root = content://com.thundercomm.gamemode.api/gamemode_settings , name = gamemode_isgaming
11-16 04:09:19.096 3677 3695 D GameModeIF_GameModeSettings: gamemode_isgaming set to 0
11-16 04:09:19.099 3677 3677 D GameMode_GameModeService: updateGlobalSettings = gamemode_isgaming
11-16 04:09:19.102 1504 1504 I GameModeConfig: isGameModeOn = false
11-16 04:09:19.102 1504 1504 I GameModeConfig: isGameModeOn = false
11-16 04:09:19.102 1504 1504 I GameModeConfig: isDisableVoice = true
11-16 04:09:19.117 5580 5580 D CompatibilityChangeReporter: Compat change id reported: 171228096; UID 10068; state: ENABLED
11-16 04:09:19.122 1504 5497 I ActivityTaskManager: START u0 {act=android.content.pm.action.REQUEST_PERMISSIONS pkg=com.android.permissioncontroller cmp=com.android.permissioncontroller/.permission.ui.GrantPermissionsActivity (has extras)} from uid 10068
11-16 04:09:19.126 1504 5497 I wm_task_moved: [300,1,6]
11-16 04:09:19.126 1504 5497 I wm_set_resumed_activity: [0,com.android.deskclock/.DeskClock,positionChildAt]
11-16 04:09:19.126 1504 5497 I wm_create_activity: [0,83117502,300,com.android.permissioncontroller/.permission.ui.GrantPermissionsActivity,android.content.pm.action.REQUEST_PERMISSIONS,NULL,NULL,8388608]
11-16 04:09:19.127 1504 5497 D CompatibilityInfo: mCompatibilityFlags - 4
11-16 04:09:19.127 1504 5497 D CompatibilityInfo: applicationDensity - 240
11-16 04:09:19.127 1504 5497 D CompatibilityInfo: applicationScale - 1.0
11-16 04:09:19.128 1504 5497 D ActivityTrigger: ActivityTrigger activityPauseTrigger
11-16 04:09:19.128 1504 5497 I wm_pause_activity: [0,63187783,com.android.deskclock/.DeskClock,userLeaving=true,resumeTopActivityInnerLocked]
11-16 04:09:19.131 1504 1571 I am_uid_running: 10094
11-16 04:09:19.131 1504 1571 D CompatibilityChangeReporter: Compat change id reported: 135634846; UID 10094; state: DISABLED
11-16 04:09:19.131 1504 1571 D CompatibilityChangeReporter: Compat change id reported: 177438394; UID 10094; state: DISABLED
11-16 04:09:19.131 1504 1571 D CompatibilityChangeReporter: Compat change id reported: 135772972; UID 10094; state: DISABLED
11-16 04:09:19.131 1504 1571 D CompatibilityChangeReporter: Compat change id reported: 135754954; UID 10094; state: DISABLED
11-16 04:09:19.132 1504 1603 D CompatibilityChangeReporter: Compat change id reported: 143937733; UID 10094; state: DISABLED
11-16 04:09:19.139 666 666 D Zygote : Forked child process 5601
11-16 04:09:19.139 1504 1603 I am_proc_start: [0,5601,10094,com.android.permissioncontroller,pre-top-activity,{com.android.permissioncontroller/com.android.permissioncontroller.permission.ui.GrantPermissionsActivity}]
11-16 04:09:19.139 1504 1603 I ActivityManager: Start proc 5601:com.android.permissioncontroller/u0a94 for pre-top-activity {com.android.permissioncontroller/com.android.permissioncontroller.permission.ui.GrantPermissionsActivity}
11-16 04:09:19.140 1504 5602 W ContextImpl: Calling a method in the system process without a qualified user: android.app.ContextImpl.sendBroadcast:1173 com.qualcomm.qti.Performance$SendGameLaunchBroadcast.run:217 java.lang.Thread.run:920
11-16 04:09:19.142 5601 5601 I libc : SetHeapTaggingLevel: tag level set to 0
11-16 04:09:19.146 5580 5580 I wm_on_create_called: [63187783,com.android.deskclock.DeskClock,performCreate]
11-16 04:09:19.147 5601 5601 E ssioncontrolle: Not starting debugger since process cannot load the jdwp agent.
11-16 04:09:19.148 5601 5601 D ProcessState: Binder ioctl to enable oneway spam detection failed: Invalid argument
11-16 04:09:19.148 5580 5580 I wm_on_start_called: [63187783,com.android.deskclock.DeskClock,handleStartActivity]
11-16 04:09:19.150 2861 3691 W SQLiteLog: (28) double-quoted string literal: "com.android.permissioncontroller"
11-16 04:09:19.150 5580 5580 I wm_on_resume_called: [63187783,com.android.deskclock.DeskClock,RESUME_ACTIVITY]
11-16 04:09:19.150 1504 5055 I am_proc_bound: [0,5601,com.android.permissioncontroller]
11-16 04:09:19.151 1504 5055 D CompatibilityInfo: mCompatibilityFlags - 4
11-16 04:09:19.151 1504 5055 D CompatibilityInfo: applicationDensity - 240
11-16 04:09:19.151 1504 5055 D CompatibilityInfo: applicationScale - 1.0
11-16 04:09:19.152 1504 5055 I ActivityTaskManager: The Process com.android.permissioncontroller Already Exists in BG. So sending its PID: 5601
11-16 04:09:19.155 5601 5601 D CompatibilityChangeReporter: Compat change id reported: 171979766; UID 10094; state: DISABLED
11-16 04:09:19.158 5580 5580 I wm_on_top_resumed_gained_called: [63187783,com.android.deskclock.DeskClock,topStateChangedWhenResumed]
11-16 04:09:19.159 5580 5580 I wm_on_top_resumed_lost_called: [63187783,com.android.deskclock.DeskClock,topStateChangedWhenResumed]
11-16 04:09:19.159 5580 5580 I wm_on_paused_called: [63187783,com.android.deskclock.DeskClock,performPause]
11-16 04:09:19.160 1504 5055 I ActivityTaskManager: FOREGROUND_APPLICATION_CHANGED to com.android.permissioncontroller.permission.ui.GrantPermissionsActivity
11-16 04:09:19.160 1504 5055 I ActivityTaskManager: The Process com.android.permissioncontroller Already Exists in BG. So sending its PID: 5601
11-16 04:09:19.161 1504 5055 I wm_restart_activity: [0,83117502,300,com.android.permissioncontroller/.permission.ui.GrantPermissionsActivity]
11-16 04:09:19.161 5601 5601 D ApplicationLoaders: Returning zygote-cached class loader: /system/framework/android.test.base.jar
11-16 04:09:19.161 1504 5055 D CompatibilityInfo: mCompatibilityFlags - 4
11-16 04:09:19.161 1504 5055 D CompatibilityInfo: applicationDensity - 240
11-16 04:09:19.161 1504 5055 D CompatibilityInfo: applicationScale - 1.0
11-16 04:09:19.164 1504 5055 I wm_set_resumed_activity: [0,com.android.permissioncontroller/.permission.ui.GrantPermissionsActivity,minimalResumeActivityLocked]
11-16 04:09:19.164 1504 1571 I am_uid_active: 10094
11-16 04:09:19.168 1504 1571 I sysui_multi_action: [757,803,799,window_time_0,802,48]
11-16 04:09:19.168 3677 5168 I GameMode_ActivityMonitoringService: onForegroundActivitiesChanged uid 10094 pid 5601 fg true
11-16 04:09:19.173 5601 5601 I Perf : Connecting to perf service.
11-16 04:09:19.175 3677 3695 I GameMode_ActivityMonitoringService: Updating top task to: TaskInfoContainer [topActivity=ComponentInfo{com.android.permissioncontroller/com.android.permissioncontroller.permission.ui.GrantPermissionsActivity}, taskId=300, stackId=300, userId=0, displayId=0, position=6
11-16 04:09:19.175 3677 3695 I GameMode_ActivityMonitoringService: Notifying about top task: TaskInfoContainer [topActivity=ComponentInfo{com.android.permissioncontroller/com.android.permissioncontroller.permission.ui.GrantPermissionsActivity}, taskId=300, stackId=300, userId=0, displayId=0, position=6
11-16 04:09:19.175 3677 3695 E GameMode_ActivityMonitoringService: onActivityLaunch:com.android.permissioncontroller
11-16 04:09:19.175 5601 5601 V GraphicsEnvironment: ANGLE Developer option for 'com.android.permissioncontroller' set to: 'default'
11-16 04:09:19.175 3677 3695 V GameMode_GameTypeUtils: judge isGame:com.android.permissioncontroller
11-16 04:09:19.175 3677 3695 V GameMode_GpuUtils: fps:60
11-16 04:09:19.175 5601 5601 V GraphicsEnvironment: ANGLE GameManagerService for com.android.permissioncontroller: false
11-16 04:09:19.176 5601 5601 D NetworkSecurityConfig: No Network Security Config specified, using platform default
11-16 04:09:19.176 5601 5601 D NetworkSecurityConfig: No Network Security Config specified, using platform default
11-16 04:09:19.176 3677 3695 D GameMode_GameModeActionUtils: Show GameMode entry by service!
11-16 04:09:19.177 3677 3695 W ContextImpl: Calling a method in the system process without a qualified user: android.app.ContextImpl.startService:1816 android.content.ContextWrapper.startService:774 com.thundercomm.gamemode.ingame.services.GameModeActionUtils.startGameModeService:93 com.thundercomm.gamemode.ingame.services.GameModeActionUtils.startGameModeEntry:21 com.thundercomm.gamemode.ingame.services.ActivityMonitoringService$1.onActivityLaunch:127
11-16 04:09:19.178 5601 5601 I CarUiInstaller: CarUiInstaller started for com.android.permissioncontroller
11-16 04:09:19.178 3677 3677 D GameMode_GameModeService: type=hide_entry
11-16 04:09:19.178 3677 3695 D GameModeIF_GameModeSettings: getUriFor setting_content_uri_root = content://com.thundercomm.gamemode.api/gamemode_settings , name = gamemode_isgaming
11-16 04:09:19.181 3677 3677 D GameMode_GameSettingsObserver: Game Data change!!!! uri = content://com.thundercomm.gamemode.api/gamemode_settings/gamemode_isgaming
11-16 04:09:19.181 3677 3695 D GameModeIF_GameModeSettings: gamemode_isgaming set to 0
11-16 04:09:19.181 1504 1504 I GameModeConfig: Current uri is uri = content://com.thundercomm.gamemode.api/gamemode_settings/gamemode_isgaming
11-16 04:09:19.181 3677 3677 D GameModeIF_GameModeSettings: getUriFor setting_content_uri_root = content://com.thundercomm.gamemode.api/gamemode_settings , name = gamemode_isgaming
11-16 04:09:19.181 1504 1504 D GameModeIF_GameModeSettings: getUriFor setting_content_uri_root = content://com.thundercomm.gamemode.api/gamemode_settings , name = gamemode_isgaming
11-16 04:09:19.184 1504 1504 I GameModeConfig: isGameModeOn = false
11-16 04:09:19.184 1504 1504 I GameModeConfig: isGameModeOn = false
11-16 04:09:19.184 1504 1504 I GameModeConfig: isDisableVoice = true
11-16 04:09:19.186 3677 3677 D GameMode_GameModeService: updateGlobalSettings = gamemode_isgaming
11-16 04:09:19.195 5601 5601 D CompatibilityChangeReporter: Compat change id reported: 171228096; UID 10094; state: ENABLED
11-16 04:09:19.205 5580 5597 I AdrenoGLES-0: QUALCOMM build : 47421dbee6, I139f36ad46
11-16 04:09:19.205 5580 5597 I AdrenoGLES-0: Build Date : 02/18/22
11-16 04:09:19.205 5580 5597 I AdrenoGLES-0: OpenGL ES Shader Compiler Version: EV031.32.02.17
11-16 04:09:19.205 5580 5597 I AdrenoGLES-0: Local Branch :
11-16 04:09:19.205 5580 5597 I AdrenoGLES-0: Remote Branch :
11-16 04:09:19.205 5580 5597 I AdrenoGLES-0: Remote Branch :
11-16 04:09:19.205 5580 5597 I AdrenoGLES-0: Reconstruct Branch :
11-16 04:09:19.205 5580 5597 I AdrenoGLES-0: Build Config : S P 10.0.7 AArch64
11-16 04:09:19.205 5580 5597 I AdrenoGLES-0: Driver Path : /vendor/lib64/egl/libGLESv2_adreno.so
11-16 04:09:19.206 5601 5601 I wm_on_create_called: [83117502,com.android.permissioncontroller.permission.ui.GrantPermissionsActivity,performCreate]
11-16 04:09:19.206 503 503 I hwservicemanager: getTransport: Cannot find entry android.hardware.graphics.mapper@4.0::IMapper/default in either framework or device VINTF manifest.
11-16 04:09:19.206 5601 5601 I wm_on_start_called: [83117502,com.android.permissioncontroller.permission.ui.GrantPermissionsActivity,handleStartActivity]
11-16 04:09:19.207 5601 5601 I wm_on_resume_called: [83117502,com.android.permissioncontroller.permission.ui.GrantPermissionsActivity,RESUME_ACTIVITY]
11-16 04:09:19.209 5580 5597 I AdrenoGLES-0: PFP: 0x016dd093, ME: 0x00000000
11-16 04:09:19.214 5601 5601 I wm_on_top_resumed_gained_called: [83117502,com.android.permissioncontroller.permission.ui.GrantPermissionsActivity,topStateChangedWhenResumed]
11-16 04:09:19.216 5580 5597 D libEGL : MSAA-->msaa:0 gamemode:0 4x_msaa:0
11-16 04:09:19.216 5580 5597 D libEGL : MSAA-->msaa:0 gamemode:0 4x_msaa:0
11-16 04:09:19.217 5580 5597 D libEGL : MSAA-->msaa:0 gamemode:0 4x_msaa:0
11-16 04:09:19.221 848 1067 I SDM : HWCDisplay::GetColorModeCount: Supported color mode count = 1
11-16 04:09:19.221 848 1067 I SDM : HWCDisplay::GetColorModes: Color mode = 0 is supported
11-16 04:09:19.221 991 1062 E HWComposer: getSupportedContentTypes: getSupportedContentTypes failed for display 4630946816427681409: Unsupported (8)
11-16 04:09:19.222 5580 5597 D hw-ProcessState: Binder ioctl to enable oneway spam detection failed: Invalid argument
11-16 04:09:19.223 503 503 I hwservicemanager: getTransport: Cannot find entry android.hardware.graphics.mapper@4.0::IMapper/default in either framework or device VINTF manifest.
11-16 04:09:19.223 5580 5627 I Gralloc4: mapper 4.x is not supported
11-16 04:09:19.225 503 503 I hwservicemanager: getTransport: Cannot find entry android.hardware.graphics.allocator@4.0::IAllocator/default in either framework or device VINTF manifest.
11-16 04:09:19.225 5580 5627 W Gralloc4: allocator 4.x is not supported
11-16 04:09:19.226 1504 1572 I input_focus: [Focus request d8f1121 com.android.permissioncontroller/com.android.permissioncontroller.permission.ui.GrantPermissionsActivity,reason=UpdateInputWindows]
11-16 04:09:19.233 5601 5601 E GrantPermissionsViewModel: None of [org.codeaurora.permission.POWER_OFF_ALARM] in {android.permission-group.STORAGE=[android.permission.READ_EXTERNAL_STORAGE]}
11-16 04:09:19.234 1504 5055 I wm_finish_activity: [0,83117502,300,com.android.permissioncontroller/.permission.ui.GrantPermissionsActivity,app-request]
11-16 04:09:19.234 1504 5055 D ActivityTrigger: ActivityTrigger activityPauseTrigger
11-16 04:09:19.234 1504 5055 I wm_pause_activity: [0,83117502,com.android.permissioncontroller/.permission.ui.GrantPermissionsActivity,userLeaving=false,finish]
11-16 04:09:19.238 5601 5601 I wm_on_top_resumed_lost_called: [83117502,com.android.permissioncontroller.permission.ui.GrantPermissionsActivity,topStateChangedWhenResumed]
11-16 04:09:19.238 5601 5601 I wm_on_paused_called: [83117502,com.android.permissioncontroller.permission.ui.GrantPermissionsActivity,performPause]
11-16 04:09:19.239 1504 1682 I input_focus: [Focus leaving e1de84c com.android.launcher3/com.android.launcher3.uioverrides.QuickstepLauncher (server),reason=Waiting for window because NOT_VISIBLE]
11-16 04:09:19.239 1504 4303 I wm_add_to_stopping: [0,83117502,com.android.permissioncontroller/.permission.ui.GrantPermissionsActivity,completeFinishing]
11-16 04:09:19.239 1504 4303 I ActivityTaskManager: FOREGROUND_APPLICATION_CHANGED to com.android.deskclock.DeskClock
11-16 04:09:19.241 1504 4303 I wm_set_resumed_activity: [0,com.android.deskclock/.DeskClock,resumeTopActivityInnerLocked]
11-16 04:09:19.241 1504 4303 I wm_resume_activity: [0,63187783,300,com.android.deskclock/.DeskClock]
11-16 04:09:19.244 1504 1572 I input_focus: [Focus request d645a17 com.android.deskclock/com.android.deskclock.DeskClock,reason=UpdateInputWindows]
11-16 04:09:19.245 5580 5580 D CompatibilityChangeReporter: Compat change id reported: 170233598; UID 10068; state: DISABLED
11-16 04:09:19.246 1504 1571 I sysui_multi_action: [757,803,799,window_time_2,802,0]
11-16 04:09:19.270 5580 5580 I AlarmClock: Power off alarm permission is granted.
11-16 04:09:19.270 5580 5580 I wm_on_activity_result_called: [63187783,com.android.deskclock.DeskClock,ACTIVITY_RESULT]
11-16 04:09:19.270 5580 5580 I wm_on_resume_called: [63187783,com.android.deskclock.DeskClock,RESUME_ACTIVITY]
11-16 04:09:19.271 5580 5580 I wm_on_top_resumed_gained_called: [63187783,com.android.deskclock.DeskClock,topWhenResuming]
11-16 04:09:19.272 1504 1682 I input_focus: [Focus entering d645a17 com.android.deskclock/com.android.deskclock.DeskClock (server),reason=setFocusedWindow]
11-16 04:09:19.330 1504 1598 I am_pss : [5214,10086,com.android.music,22248448,15900672,0,141758464,0,19,7]
11-16 04:09:19.338 1504 1598 I am_pss : [5540,10031,com.android.musicfx,5822464,3837952,0,90603520,0,19,5]
11-16 04:09:19.341 3677 5168 I GameMode_ActivityMonitoringService: onTaskStackChanged
11-16 04:09:19.346 1504 1598 I am_pss : [5507,1000,com.android.settings,27002880,25034752,0,111292416,0,19,5]
11-16 04:09:19.346 3677 3695 I GameMode_ActivityMonitoringService: Updating top task to: TaskInfoContainer [topActivity=ComponentInfo{com.android.deskclock/com.android.deskclock.DeskClock}, taskId=300, stackId=300, userId=0, displayId=0, position=6
11-16 04:09:19.346 3677 3695 I GameMode_ActivityMonitoringService: Notifying about top task: TaskInfoContainer [topActivity=ComponentInfo{com.android.deskclock/com.android.deskclock.DeskClock}, taskId=300, stackId=300, userId=0, displayId=0, position=6
11-16 04:09:19.346 3677 3695 E GameMode_ActivityMonitoringService: onActivityLaunch:com.android.deskclock
11-16 04:09:19.346 3677 3695 V GameMode_GameTypeUtils: judge isGame:com.android.deskclock
11-16 04:09:19.346 3677 3695 V GameMode_GpuUtils: fps:60
11-16 04:09:19.348 3677 3695 D GameMode_GameModeActionUtils: Show GameMode entry by service!
11-16 04:09:19.349 3677 3695 W ContextImpl: Calling a method in the system process without a qualified user: android.app.ContextImpl.startService:1816 android.content.ContextWrapper.startService:774 com.thundercomm.gamemode.ingame.services.GameModeActionUtils.startGameModeService:93 com.thundercomm.gamemode.ingame.services.GameModeActionUtils.startGameModeEntry:21 com.thundercomm.gamemode.ingame.services.ActivityMonitoringService$1.onActivityLaunch:127
11-16 04:09:19.350 3677 3677 D GameMode_GameModeService: type=hide_entry
11-16 04:09:19.351 3677 3695 D GameModeIF_GameModeSettings: getUriFor setting_content_uri_root = content://com.thundercomm.gamemode.api/gamemode_settings , name = gamemode_isgaming
11-16 04:09:19.353 1504 1598 I am_pss : [5500,10064,com.android.gallery3d,8486912,6393856,0,94371840,0,19,6]
11-16 04:09:19.356 1504 1504 I GameModeConfig: Current uri is uri = content://com.thundercomm.gamemode.api/gamemode_settings/gamemode_isgaming
11-16 04:09:19.356 1504 1504 D GameModeIF_GameModeSettings: getUriFor setting_content_uri_root = content://com.thundercomm.gamemode.api/gamemode_settings , name = gamemode_isgaming
11-16 04:09:19.357 3677 3695 D GameModeIF_GameModeSettings: gamemode_isgaming set to 0
11-16 04:09:19.359 1504 1504 I GameModeConfig: isGameModeOn = false
11-16 04:09:19.359 1504 1504 I GameModeConfig: isGameModeOn = false
11-16 04:09:19.359 1504 1504 I GameModeConfig: isDisableVoice = true
11-16 04:09:19.360 3677 3677 D GameMode_GameSettingsObserver: Game Data change!!!! uri = content://com.thundercomm.gamemode.api/gamemode_settings/gamemode_isgaming
11-16 04:09:19.361 3677 3677 D GameModeIF_GameModeSettings: getUriFor setting_content_uri_root = content://com.thundercomm.gamemode.api/gamemode_settings , name = gamemode_isgaming
11-16 04:09:19.362 3677 3677 D GameMode_GameModeService: updateGlobalSettings = gamemode_isgaming
11-16 04:09:19.544 1504 1571 I wm_destroy_activity: [0,83117502,300,com.android.permissioncontroller/.permission.ui.GrantPermissionsActivity,finish-imm:idle]
11-16 04:09:19.546 3677 5168 I GameMode_ActivityMonitoringService: onForegroundActivitiesChanged uid 10094 pid 5601 fg false
11-16 04:09:19.551 5601 5601 I wm_on_stop_called: [83117502,com.android.permissioncontroller.permission.ui.GrantPermissionsActivity,LIFECYCLER_STOP_ACTIVITY]
11-16 04:09:19.552 3677 3695 I GameMode_ActivityMonitoringService: Updating top task to: TaskInfoContainer [topActivity=ComponentInfo{com.android.deskclock/com.android.deskclock.DeskClock}, taskId=300, stackId=300, userId=0, displayId=0, position=6
11-16 04:09:19.553 3677 3695 I GameMode_ActivityMonitoringService: Notifying about top task: TaskInfoContainer [topActivity=ComponentInfo{com.android.deskclock/com.android.deskclock.DeskClock}, taskId=300, stackId=300, userId=0, displayId=0, position=6
11-16 04:09:19.553 3677 3695 E GameMode_ActivityMonitoringService: onActivityLaunch:com.android.deskclock
11-16 04:09:19.553 3677 3695 V GameMode_GameTypeUtils: judge isGame:com.android.deskclock
11-16 04:09:19.553 5601 5601 I wm_on_destroy_called: [83117502,com.android.permissioncontroller.permission.ui.GrantPermissionsActivity,performDestroy]
11-16 04:09:19.553 3677 3695 V GameMode_GpuUtils: fps:60
11-16 04:09:19.556 3677 3695 D GameMode_GameModeActionUtils: Show GameMode entry by service!
11-16 04:09:19.556 1504 4314 W InputManager-JNI: Input channel object 'd8f1121 com.android.permissioncontroller/com.android.permissioncontroller.permission.ui.GrantPermissionsActivity (client)' was disposed without first being removed with the input manager!
11-16 04:09:19.557 3677 3695 W ContextImpl: Calling a method in the system process without a qualified user: android.app.ContextImpl.startService:1816 android.content.ContextWrapper.startService:774 com.thundercomm.gamemode.ingame.services.GameModeActionUtils.startGameModeService:93 com.thundercomm.gamemode.ingame.services.GameModeActionUtils.startGameModeEntry:21 com.thundercomm.gamemode.ingame.services.ActivityMonitoringService$1.onActivityLaunch:127
11-16 04:09:19.559 3677 3695 D GameModeIF_GameModeSettings: getUriFor setting_content_uri_root = content://com.thundercomm.gamemode.api/gamemode_settings , name = gamemode_isgaming
11-16 04:09:19.560 3677 3677 D GameMode_GameModeService: type=hide_entry
11-16 04:09:19.561 3677 3677 D GameMode_GameSettingsObserver: Game Data change!!!! uri = content://com.thundercomm.gamemode.api/gamemode_settings/gamemode_isgaming
11-16 04:09:19.561 3677 3677 D GameModeIF_GameModeSettings: getUriFor setting_content_uri_root = content://com.thundercomm.gamemode.api/gamemode_settings , name = gamemode_isgaming
11-16 04:09:19.561 1504 1504 I GameModeConfig: Current uri is uri = content://com.thundercomm.gamemode.api/gamemode_settings/gamemode_isgaming
11-16 04:09:19.562 1504 1504 D GameModeIF_GameModeSettings: getUriFor setting_content_uri_root = content://com.thundercomm.gamemode.api/gamemode_settings , name = gamemode_isgaming
11-16 04:09:19.562 3677 3695 D GameModeIF_GameModeSettings: gamemode_isgaming set to 0
11-16 04:09:19.564 3677 3677 D GameMode_GameModeService: updateGlobalSettings = gamemode_isgaming
11-16 04:09:19.564 1504 1504 I GameModeConfig: isGameModeOn = false
11-16 04:09:19.565 1504 1504 I GameModeConfig: isGameModeOn = false
11-16 04:09:19.565 1504 1504 I GameModeConfig: isDisableVoice = true
11-16 04:09:19.584 645 660 I mpu_uart: [MSG-P:RECV]:No message received in 1000 ms
11-16 04:09:19.629 1202 4565 I OMX-VENC: venc_dev: stats: avg. fps 58.78, bitrate 3453355
11-16 04:09:19.801 2769 2769 W hpplay-java: [main]:IPManager:getActiveNets invalid networkInfo:null
11-16 04:09:19.802 2769 2769 I hpplay-java: [main]:IPManager:getActiveNets eth0:false wifi:false mobile:false ap:false
11-16 04:09:19.802 2769 2769 I hpplay-java: [main]:ServerTaskManager:get local ip:null
11-16 04:09:20.489 1504 5497 I InputDispatcher: Monitor swipe-up (server) is stealing touch from [e1de84c com.android.launcher3/com.android.launcher3.uioverrides.QuickstepLauncher (server), c74be60 com.android.systemui.ImageWallpaper (server), ]
11-16 04:09:20.490 2496 2496 I view_enqueue_input_event: [Motion - Cancel,com.android.launcher3/com.android.launcher3.uioverrides.QuickstepLauncher]
11-16 04:09:20.496 1504 1682 I input_interaction: Interaction with: edge-swipe (server), swipe-up (server), PointerEventDispatcher0 (server),
11-16 04:09:20.585 645 660 I mpu_uart: [MSG-P:RECV]:No message received in 1000 ms
11-16 04:09:20.629 1202 4565 I OMX-VENC: venc_dev: stats: avg. fps 59.99, bitrate 1136378
11-16 04:09:20.805 2769 2769 W hpplay-java: [main]:IPManager:getActiveNets invalid networkInfo:null
11-16 04:09:20.805 2769 2769 I hpplay-java: [main]:IPManager:getActiveNets eth0:false wifi:false mobile:false ap:false
11-16 04:09:20.805 2769 2769 I hpplay-java: [main]:ServerTaskManager:get local ip:null
11-16 04:09:20.884 1504 4314 I ActivityTaskManager: START u0 {act=android.intent.action.MAIN cat=[android.intent.category.HOME] flg=0x10000000 cmp=com.android.launcher3/.uioverrides.QuickstepLauncher} from uid 10073
11-16 04:09:20.886 1504 1571 I EventSequenceValidator: inc AccIntentStartedEvents to 3
11-16 04:09:20.892 1504 4314 I wm_task_moved: [280,1,6]
11-16 04:09:20.894 1504 4314 I wm_set_resumed_activity: [0,com.android.launcher3/.uioverrides.QuickstepLauncher,positionChildAt]
11-16 04:09:20.894 1504 4314 I wm_task_moved: [281,1,2147483647]
11-16 04:09:20.894 1504 4314 I wm_task_to_front: [0,281]
11-16 04:09:20.894 1504 4314 I wm_focused_root_task: [0,0,280,300,bringingFoundTaskToFront]
11-16 04:09:20.894 1504 4314 I wm_set_resumed_activity: [0,com.android.launcher3/.uioverrides.QuickstepLauncher,bringingFoundTaskToFront]
11-16 04:09:20.895 1504 4314 I wm_new_intent: [0,50203839,281,com.android.launcher3/.uioverrides.QuickstepLauncher,android.intent.action.MAIN,NULL,NULL,268500992]
11-16 04:09:20.896 1504 4314 I wm_task_moved: [280,1,6]
11-16 04:09:20.896 1504 4314 I wm_set_resumed_activity: [0,com.android.launcher3/.uioverrides.QuickstepLauncher,positionChildAt]
11-16 04:09:20.896 1504 4314 I ActivityTaskManager: FOREGROUND_APPLICATION_CHANGED to com.android.launcher3.uioverrides.QuickstepLauncher
11-16 04:09:20.903 1504 1572 I input_focus: [Focus request e1de84c com.android.launcher3/com.android.launcher3.uioverrides.QuickstepLauncher,reason=UpdateInputWindows]
11-16 04:09:20.903 2496 2496 I wm_on_paused_called: [50203839,com.android.launcher3.uioverrides.QuickstepLauncher,performPause]
11-16 04:09:20.904 2496 2496 I wm_on_resume_called: [50203839,com.android.launcher3.uioverrides.QuickstepLauncher,LIFECYCLER_RESUME_ACTIVITY]
11-16 04:09:20.909 5580 5580 I wm_on_top_resumed_lost_called: [63187783,com.android.deskclock.DeskClock,topStateChangedWhenResumed]
11-16 04:09:20.912 1504 1571 I EventSequenceValidator: dec AccIntentStartedEvents to 2
11-16 04:09:20.921 2496 2496 I wm_on_top_resumed_gained_called: [50203839,com.android.launcher3.uioverrides.QuickstepLauncher,topStateChangedWhenResumed]
11-16 04:09:20.926 1968 1968 V ShadeControllerImpl: NotificationShadeWindow: com.android.systemui.statusbar.phone.NotificationShadeWindowView{5dddc50 I.E...... ......ID 0,0-2560,1080} canPanelBeCollapsed(): false
11-16 04:09:20.927 1504 1682 I input_focus: [Focus leaving d645a17 com.android.deskclock/com.android.deskclock.DeskClock (server),reason=setFocusedWindow]
11-16 04:09:20.927 1504 1682 I input_focus: [Focus entering e1de84c com.android.launcher3/com.android.launcher3.uioverrides.QuickstepLauncher (server),reason=setFocusedWindow]
11-16 04:09:21.137 5580 5590 W System : A resource failed to call close.
11-16 04:09:21.138 5580 5590 W System : A resource failed to call close.
11-16 04:09:21.139 5580 5590 W System : A resource failed to call close.
11-16 04:09:21.139 5580 5590 W System : A resource failed to call close.
11-16 04:09:21.139 5580 5590 W System : A resource failed to call close.
11-16 04:09:21.288 1504 1682 I input_interaction: Interaction with: e1de84c com.android.launcher3/com.android.launcher3.uioverrides.QuickstepLauncher (server), c74be60 com.android.systemui.ImageWallpaper (server), edge-swipe (server), swipe-up (server), PointerEventDispatcher0 (server),
11-16 04:09:21.373 2496 2496 D EditModeHelper: setHotseatVisibility: 8
11-16 04:09:21.376 2496 2496 D FreeWindowContainer: reloadTask: TaskInfo{userId=0 taskId=300 displayId=0 isRunning=true baseIntent=Intent { flg=0x10008000 cmp=com.android.deskclock/.DeskClock } baseActivity=ComponentInfo{com.android.deskclock/com.android.deskclock.DeskClock} topActivity=ComponentInfo{com.android.deskclock/com.android.deskclock.DeskClock} origActivity=null realActivity=ComponentInfo{com.android.deskclock/com.android.deskclock.DeskClock} numActivities=1 lastActiveTime=2750394 supportsSplitScreenMultiWindow=true supportsMultiWindow=true resizeMode=1 isResizeable=true token=WCT{android.window.IWindowContainerToken$Stub$Proxy@f72e84} topActivityType=1 pictureInPictureParams=PictureInPictureParams( aspectRatio=null sourceRectHint=null hasSetActions=false isAutoPipEnabled=false isSeamlessResizeEnabled=true) displayCutoutSafeInsets=null topActivityInfo=ActivityInfo{783366d com.android.deskclock.DeskClock} launchCookies=[] positionInParent=Point(0, 72) parentTaskId=-1 isFocused=false isVisible=true topActivityInSizeCompat=false locusId= null}
11-16 04:09:21.377 5580 5580 D CompatibilityChangeReporter: Compat change id reported: 150939131; UID 10068; state: DISABLED
11-16 04:09:21.385 1504 4303 I InputDispatcher: Monitor swipe-up (server) is stealing touch from [e1de84c com.android.launcher3/com.android.launcher3.uioverrides.QuickstepLauncher (server), c74be60 com.android.systemui.ImageWallpaper (server), ]
11-16 04:09:21.387 2496 2496 I view_enqueue_input_event: [Motion - Cancel,com.android.launcher3/com.android.launcher3.uioverrides.QuickstepLauncher]
11-16 04:09:21.389 1504 1682 I input_interaction: Interaction with: edge-swipe (server), swipe-up (server), PointerEventDispatcher0 (server),
11-16 04:09:21.391 1968 1968 V ShadeControllerImpl: NotificationShadeWindow: com.android.systemui.statusbar.phone.NotificationShadeWindowView{5dddc50 I.E...... ......ID 0,0-2560,1080} canPanelBeCollapsed(): false
11-16 04:09:21.439 645 659 I mpu_uart: [MSG-P:R]:recv sync frame timeout
11-16 04:09:21.545 868 868 D vendor.qti.vibrator: Vibrator perform effect 0
11-16 04:09:21.546 868 868 D vendor.qti.vibrator: Vibrator on for timeoutMs: 10
11-16 04:09:21.547 868 5642 D vendor.qti.vibrator: Starting on on another thread
11-16 04:09:21.556 868 868 D vendor.qti.vibrator: QTI Vibrator off
11-16 04:09:21.558 868 5642 D vendor.qti.vibrator: Notifying on complete
11-16 04:09:21.576 868 868 D vendor.qti.vibrator: Vibrator on for timeoutMs: 30
11-16 04:09:21.576 868 5643 D vendor.qti.vibrator: Starting on on another thread
11-16 04:09:21.582 1504 1666 I commit_sys_config_file: [settings-1-0,6]
11-16 04:09:21.585 645 660 I mpu_uart: [MSG-P:RECV]:No message received in 1000 ms
11-16 04:09:21.606 868 5643 D vendor.qti.vibrator: Notifying on complete
11-16 04:09:21.607 868 868 D vendor.qti.vibrator: QTI Vibrator off
11-16 04:09:21.633 1202 4565 I OMX-VENC: venc_dev: stats: avg. fps 50.78, bitrate 2035834
11-16 04:09:21.663 2496 2496 D EditModeHelper: setHotseatVisibility: 0
11-16 04:09:21.664 1504 1504 I service_manager_stats: [100,69,618907]
11-16 04:09:21.809 2769 2769 W hpplay-java: [main]:IPManager:getActiveNets invalid networkInfo:null
11-16 04:09:21.809 2769 2769 I hpplay-java: [main]:IPManager:getActiveNets eth0:false wifi:false mobile:false ap:false
11-16 04:09:21.809 2769 2769 I hpplay-java: [main]:ServerTaskManager:get local ip:null
11-16 04:09:21.870 1504 1666 I commit_sys_config_file: [settings-1-0,4]
11-16 04:09:21.976 2496 2496 D StateManager: goToState: Overview
11-16 04:09:21.977 2496 2496 D FreeWindowHelper: enterOrExitRecentTasks: isEnterRecentTasks=true,mExitFlag=1
11-16 04:09:21.978 1504 5498 I wm_finish_activity: [0,63187783,300,com.android.deskclock/.DeskClock,app-request]
11-16 04:09:22.000 1504 5498 D ActivityTrigger: ActivityTrigger activityPauseTrigger
11-16 04:09:22.001 1504 5498 I wm_pause_activity: [0,63187783,com.android.deskclock/.DeskClock,userLeaving=false,finish]
11-16 04:09:22.005 5580 5580 I wm_on_paused_called: [63187783,com.android.deskclock.DeskClock,performPause]
11-16 04:09:22.008 2496 2496 D FreeWindowContainer: reloadTask: TaskInfo{userId=0 taskId=300 displayId=0 isRunning=false baseIntent=Intent { flg=0x10008000 cmp=com.android.deskclock/.DeskClock } baseActivity=null topActivity=null origActivity=null realActivity=ComponentInfo{com.android.deskclock/com.android.deskclock.DeskClock} numActivities=0 lastActiveTime=2751513 supportsSplitScreenMultiWindow=true supportsMultiWindow=true resizeMode=1 isResizeable=true token=WCT{android.window.IWindowContainerToken$Stub$Proxy@591b349} topActivityType=1 pictureInPictureParams=null displayCutoutSafeInsets=null topActivityInfo=null launchCookies=[] positionInParent=Point(0, 72) parentTaskId=-1 isFocused=false isVisible=true topActivityInSizeCompat=false locusId= null}
11-16 04:09:22.020 1504 5055 I wm_destroy_activity: [0,63187783,300,com.android.deskclock/.DeskClock,finish-imm:completePausedLocked]
11-16 04:09:22.020 2496 2496 D EditModeHelper: setHotseatVisibility: 0
11-16 04:09:22.041 3677 5168 I GameMode_ActivityMonitoringService: onForegroundActivitiesChanged uid 10068 pid 5580 fg false
11-16 04:09:22.043 1504 1571 I sysui_multi_action: [757,803,799,window_time_2,802,3]
11-16 04:09:22.045 1504 2762 E TaskPersister: File error accessing recents directory (directory doesn't exist?).
11-16 04:09:22.048 5580 5580 I wm_on_stop_called: [63187783,com.android.deskclock.DeskClock,LIFECYCLER_STOP_ACTIVITY]
11-16 04:09:22.057 3677 3695 I GameMode_ActivityMonitoringService: Updating top task to: TaskInfoContainer [topActivity=ComponentInfo{com.android.launcher3/com.android.launcher3.uioverrides.QuickstepLauncher}, taskId=281, stackId=280, userId=0, displayId=0, position=6
11-16 04:09:22.058 3677 3695 I GameMode_ActivityMonitoringService: Notifying about top task: TaskInfoContainer [topActivity=ComponentInfo{com.android.launcher3/com.android.launcher3.uioverrides.QuickstepLauncher}, taskId=281, stackId=280, userId=0, displayId=0, position=6
11-16 04:09:22.058 3677 3695 E GameMode_ActivityMonitoringService: onActivityLaunch:com.android.launcher3
11-16 04:09:22.058 3677 3695 V GameMode_GameTypeUtils: judge isGame:com.android.launcher3
11-16 04:09:22.058 3677 3695 V GameMode_GpuUtils: fps:60
11-16 04:09:22.064 3677 3695 D GameMode_GameModeActionUtils: Show GameMode entry by service!
11-16 04:09:22.065 3677 3695 W ContextImpl: Calling a method in the system process without a qualified user: android.app.ContextImpl.startService:1816 android.content.ContextWrapper.startService:774 com.thundercomm.gamemode.ingame.services.GameModeActionUtils.startGameModeService:93 com.thundercomm.gamemode.ingame.services.GameModeActionUtils.startGameModeEntry:21 com.thundercomm.gamemode.ingame.services.ActivityMonitoringService$1.onActivityLaunch:127
11-16 04:09:22.065 5580 5580 I wm_on_destroy_called: [63187783,com.android.deskclock.DeskClock,performDestroy]
11-16 04:09:22.069 3677 3695 D GameModeIF_GameModeSettings: getUriFor setting_content_uri_root = content://com.thundercomm.gamemode.api/gamemode_settings , name = gamemode_isgaming
11-16 04:09:22.069 3677 3677 D GameMode_GameModeService: type=hide_entry
11-16 04:09:22.072 1504 1504 I GameModeConfig: Current uri is uri = content://com.thundercomm.gamemode.api/gamemode_settings/gamemode_isgaming
11-16 04:09:22.072 3677 3677 D GameMode_GameSettingsObserver: Game Data change!!!! uri = content://com.thundercomm.gamemode.api/gamemode_settings/gamemode_isgaming
11-16 04:09:22.072 1504 1504 D GameModeIF_GameModeSettings: getUriFor setting_content_uri_root = content://com.thundercomm.gamemode.api/gamemode_settings , name = gamemode_isgaming
11-16 04:09:22.072 3677 3677 D GameModeIF_GameModeSettings: getUriFor setting_content_uri_root = content://com.thundercomm.gamemode.api/gamemode_settings , name = gamemode_isgaming
11-16 04:09:22.072 3677 3695 D GameModeIF_GameModeSettings: gamemode_isgaming set to 0
11-16 04:09:22.074 1504 1504 I GameModeConfig: isGameModeOn = false
11-16 04:09:22.074 1504 1504 I GameModeConfig: isGameModeOn = false
11-16 04:09:22.074 1504 1504 I GameModeConfig: isDisableVoice = true
11-16 04:09:22.074 3677 3677 D GameMode_GameModeService: updateGlobalSettings = gamemode_isgaming
11-16 04:09:22.075 1504 5497 W InputManager-JNI: Input channel object 'd645a17 com.android.deskclock/com.android.deskclock.DeskClock (client)' was disposed without first being removed with the input manager!
11-16 04:09:22.124 3677 5168 I GameMode_ActivityMonitoringService: onTaskStackChanged
11-16 04:09:22.132 3677 3695 I GameMode_ActivityMonitoringService: Updating top task to: TaskInfoContainer [topActivity=ComponentInfo{com.android.launcher3/com.android.launcher3.uioverrides.QuickstepLauncher}, taskId=281, stackId=280, userId=0, displayId=0, position=6
11-16 04:09:22.132 3677 3695 I GameMode_ActivityMonitoringService: Notifying about top task: TaskInfoContainer [topActivity=ComponentInfo{com.android.launcher3/com.android.launcher3.uioverrides.QuickstepLauncher}, taskId=281, stackId=280, userId=0, displayId=0, position=6
11-16 04:09:22.132 3677 3695 E GameMode_ActivityMonitoringService: onActivityLaunch:com.android.launcher3
11-16 04:09:22.132 3677 3695 V GameMode_GameTypeUtils: judge isGame:com.android.launcher3
11-16 04:09:22.132 3677 3695 V GameMode_GpuUtils: fps:60
11-16 04:09:22.135 3677 3695 D GameMode_GameModeActionUtils: Show GameMode entry by service!
11-16 04:09:22.135 3677 3695 W ContextImpl: Calling a method in the system process without a qualified user: android.app.ContextImpl.startService:1816 android.content.ContextWrapper.startService:774 com.thundercomm.gamemode.ingame.services.GameModeActionUtils.startGameModeService:93 com.thundercomm.gamemode.ingame.services.GameModeActionUtils.startGameModeEntry:21 com.thundercomm.gamemode.ingame.services.ActivityMonitoringService$1.onActivityLaunch:127
11-16 04:09:22.138 3677 3695 D GameModeIF_GameModeSettings: getUriFor setting_content_uri_root = content://com.thundercomm.gamemode.api/gamemode_settings , name = gamemode_isgaming
11-16 04:09:22.139 3677 3677 D GameMode_GameModeService: type=hide_entry
11-16 04:09:22.141 1504 1504 I GameModeConfig: Current uri is uri = content://com.thundercomm.gamemode.api/gamemode_settings/gamemode_isgaming
11-16 04:09:22.141 1504 1504 D GameModeIF_GameModeSettings: getUriFor setting_content_uri_root = content://com.thundercomm.gamemode.api/gamemode_settings , name = gamemode_isgaming
11-16 04:09:22.142 3677 3695 D GameModeIF_GameModeSettings: gamemode_isgaming set to 0
11-16 04:09:22.144 1504 1504 I GameModeConfig: isGameModeOn = false
11-16 04:09:22.144 1504 1504 I GameModeConfig: isGameModeOn = false
11-16 04:09:22.144 1504 1504 I GameModeConfig: isDisableVoice = true
11-16 04:09:22.144 3677 3677 D GameMode_GameSettingsObserver: Game Data change!!!! uri = content://com.thundercomm.gamemode.api/gamemode_settings/gamemode_isgaming
11-16 04:09:22.145 3677 3677 D GameModeIF_GameModeSettings: getUriFor setting_content_uri_root = content://com.thundercomm.gamemode.api/gamemode_settings , name = gamemode_isgaming
11-16 04:09:22.147 3677 3677 D GameMode_GameModeService: updateGlobalSettings = gamemode_isgaming
11-16 04:09:22.311 1504 1572 I wm_task_removed: [300,removeChild:removeChild last r=ActivityRecord{3c42b47 u0 com.android.deskclock/.DeskClock t-1 f}} in t=Task{4e5e686 #300 type=standard A=10068:com.android.deskclock U=0 visible=false mode=freeform translucent=true sz=0}]
11-16 04:09:22.311 1504 1572 I wm_task_removed: [300,removeChild]
11-16 04:09:22.311 1504 1572 D FreeFormWindowHelper: Remove freefrom task=Task{4e5e686 #300 type=standard A=10068:com.android.deskclock U=0 visible=false mode=freeform translucent=true sz=0}
11-16 04:09:22.585 645 660 I mpu_uart: [MSG-P:RECV]:No message received in 1000 ms
11-16 04:09:22.650 1202 4565 I OMX-VENC: venc_dev: stats: avg. fps 53.13, bitrate 1964855
11-16 04:09:22.811 2769 2769 W hpplay-java: [main]:IPManager:getActiveNets invalid networkInfo:null
11-16 04:09:22.811 2769 2769 I hpplay-java: [main]:IPManager:getActiveNets eth0:false wifi:false mobile:false ap:false
11-16 04:09:22.811 2769 2769 I hpplay-java: [main]:ServerTaskManager:get local ip:null
11-16 04:09:22.842 1504 1682 I input_interaction: Interaction with: e1de84c com.android.launcher3/com.android.launcher3.uioverrides.QuickstepLauncher (server), c74be60 com.android.systemui.ImageWallpaper (server), edge-swipe (server), swipe-up (server), PointerEventDispatcher0 (server),
11-16 04:09:22.930 2496 2496 D FreeWindowHelper: setExitFlag: old=0,new=1
11-16 04:09:22.932 1504 5055 I ActivityTaskManager: START u0 {flg=0x10008000 cmp=com.android.music/.MusicBrowserActivity} from uid 10073
11-16 04:09:22.933 1504 1571 I EventSequenceValidator: inc AccIntentStartedEvents to 3
11-16 04:09:22.939 1504 5055 E ANDR-PERF-JNI: com_qualcomm_qtiperformance_native_perf_io_prefetch_start
11-16 04:09:22.941 1504 5055 I wm_task_created: [301,-1]
11-16 04:09:22.941 1504 5055 W ActivityTaskManager: Can't find TaskDisplayArea to determine support for multi window. Task id=301 attached=false
11-16 04:09:22.943 1504 5055 D FreeFormWindowHelper: Add freeform task=Task{144f442 #301 type=standard ?? U=0 visible=false mode=freeform translucent=true sz=0}
11-16 04:09:22.952 850 3128 E ANDR-IOP: io prefetch is disabled
11-16 04:09:22.954 1504 5055 I wm_task_moved: [301,1,6]
11-16 04:09:22.954 1504 5055 I wm_task_to_front: [0,301]
11-16 04:09:22.955 1504 5055 I wm_create_task: [0,301]
11-16 04:09:22.955 1504 5055 I wm_create_activity: [0,164908115,301,com.android.music/.MusicBrowserActivity,NULL,NULL,NULL,268468224]
11-16 04:09:22.955 1504 5055 I wm_task_moved: [301,1,6]
11-16 04:09:22.956 1504 5055 D CompatibilityInfo: mCompatibilityFlags - 4
11-16 04:09:22.957 1504 5055 D CompatibilityInfo: applicationDensity - 240
11-16 04:09:22.957 1504 5055 D CompatibilityInfo: applicationScale - 1.0
11-16 04:09:22.957 1504 5055 I ActivityTaskManager: FOREGROUND_APPLICATION_CHANGED to com.android.music.MusicBrowserActivity
11-16 04:09:22.958 1504 5055 I ActivityTaskManager: The Process com.android.music Already Exists in BG. So sending its PID: 5214
11-16 04:09:22.958 1504 5055 W ActivityTaskManager: Tried to set launchTime (0) < mLastActivityLaunchTime (2072219)
11-16 04:09:22.960 1504 5055 I wm_restart_activity: [0,164908115,301,com.android.music/.MusicBrowserActivity]
11-16 04:09:22.960 1504 5055 D CompatibilityInfo: mCompatibilityFlags - 4
11-16 04:09:22.960 1504 5055 D CompatibilityInfo: applicationDensity - 240
11-16 04:09:22.960 1504 5055 D CompatibilityInfo: applicationScale - 1.0
11-16 04:09:22.962 1504 5055 I wm_set_resumed_activity: [0,com.android.music/.MusicBrowserActivity,minimalResumeActivityLocked]
11-16 04:09:22.966 2496 2496 D StateManager: goToState: Normal
11-16 04:09:22.967 2496 2496 D EditModeHelper: setHotseatVisibility: 0
11-16 04:09:22.969 2496 2496 I wm_on_top_resumed_lost_called: [50203839,com.android.launcher3.uioverrides.QuickstepLauncher,topStateChangedWhenResumed]
11-16 04:09:22.973 3677 3739 I GameMode_ActivityMonitoringService: onForegroundActivitiesChanged uid 10086 pid 5214 fg true
11-16 04:09:22.981 2496 2496 D FreeWindowHelper: enterOrExitRecentTasks: isEnterRecentTasks=false,mExitFlag=1
11-16 04:09:22.982 1504 1571 I EventSequenceValidator: dec AccIntentStartedEvents to 2
11-16 04:09:22.985 3677 3695 I GameMode_ActivityMonitoringService: Updating top task to: TaskInfoContainer [topActivity=ComponentInfo{com.android.music/com.android.music.MusicBrowserActivity}, taskId=301, stackId=301, userId=0, displayId=0, position=6
11-16 04:09:22.985 3677 3695 I GameMode_ActivityMonitoringService: Notifying about top task: TaskInfoContainer [topActivity=ComponentInfo{com.android.music/com.android.music.MusicBrowserActivity}, taskId=301, stackId=301, userId=0, displayId=0, position=6
11-16 04:09:22.986 3677 3695 E GameMode_ActivityMonitoringService: onActivityLaunch:com.android.music
11-16 04:09:22.986 3677 3695 V GameMode_GameTypeUtils: judge isGame:com.android.music
11-16 04:09:22.986 3677 3695 V GameMode_GpuUtils: fps:60
11-16 04:09:22.988 3677 3695 D GameMode_GameModeActionUtils: Show GameMode entry by service!
11-16 04:09:22.989 3677 3695 W ContextImpl: Calling a method in the system process without a qualified user: android.app.ContextImpl.startService:1816 android.content.ContextWrapper.startService:774 com.thundercomm.gamemode.ingame.services.GameModeActionUtils.startGameModeService:93 com.thundercomm.gamemode.ingame.services.GameModeActionUtils.startGameModeEntry:21 com.thundercomm.gamemode.ingame.services.ActivityMonitoringService$1.onActivityLaunch:127
11-16 04:09:22.991 3677 3695 D GameModeIF_GameModeSettings: getUriFor setting_content_uri_root = content://com.thundercomm.gamemode.api/gamemode_settings , name = gamemode_isgaming
11-16 04:09:22.991 3677 3677 D GameMode_GameModeService: type=hide_entry
11-16 04:09:22.993 3677 3677 D GameMode_GameSettingsObserver: Game Data change!!!! uri = content://com.thundercomm.gamemode.api/gamemode_settings/gamemode_isgaming
11-16 04:09:22.993 3677 3677 D GameModeIF_GameModeSettings: getUriFor setting_content_uri_root = content://com.thundercomm.gamemode.api/gamemode_settings , name = gamemode_isgaming
11-16 04:09:22.993 1504 1504 I GameModeConfig: Current uri is uri = content://com.thundercomm.gamemode.api/gamemode_settings/gamemode_isgaming
11-16 04:09:22.993 1504 1504 D GameModeIF_GameModeSettings: getUriFor setting_content_uri_root = content://com.thundercomm.gamemode.api/gamemode_settings , name = gamemode_isgaming
11-16 04:09:22.994 3677 3695 D GameModeIF_GameModeSettings: gamemode_isgaming set to 0
11-16 04:09:22.995 3677 3677 D GameMode_GameModeService: updateGlobalSettings = gamemode_isgaming
11-16 04:09:22.996 1504 1504 I GameModeConfig: isGameModeOn = false
11-16 04:09:22.997 1504 1504 I GameModeConfig: isGameModeOn = false
11-16 04:09:22.997 1504 1504 I GameModeConfig: isDisableVoice = true
11-16 04:09:23.008 5214 5214 I wm_on_create_called: [164908115,com.android.music.MusicBrowserActivity,performCreate]
11-16 04:09:23.009 1504 1534 D CompatibilityInfo: mCompatibilityFlags - 4
11-16 04:09:23.009 1504 1534 D CompatibilityInfo: applicationDensity - 240
11-16 04:09:23.009 1504 1534 D CompatibilityInfo: applicationScale - 1.0
11-16 04:09:23.010 3677 5189 I GameMode_ActivityMonitoringService: onForegroundServicesChanged uid 10086 pid 5214 fg 0
11-16 04:09:23.021 5214 5214 I wm_on_start_called: [164908115,com.android.music.MusicBrowserActivity,handleStartActivity]
11-16 04:09:23.021 5214 5214 I wm_on_resume_called: [164908115,com.android.music.MusicBrowserActivity,RESUME_ACTIVITY]
11-16 04:09:23.023 5214 5214 I wm_on_top_resumed_gained_called: [164908115,com.android.music.MusicBrowserActivity,topStateChangedWhenResumed]
11-16 04:09:23.027 1965 3104 V Avrcp_ext: updateCurrentMediaState: mMediaController: MediaController (com.android.systemui@6b7278e) null
11-16 04:09:23.027 1965 3104 W Avrcp_ext: isMusicActive: false getBluetoothPlayState: 2 A2dp State: 11 mAudioPlaybackIsActive: false
11-16 04:09:23.027 1965 3104 D Avrcp_ext: isMusicActive = false mAudioPlaybackIsActive = false player state = null
11-16 04:09:23.027 2346 2423 D ProtectUartService: received RegisterListener token:MUCIC_VOLTAGE_PROTECT
11-16 04:09:23.028 1965 3104 I Avrcp_ext: Skipping update due to invalid playback state
11-16 04:09:23.028 1965 3104 V Avrcp_ext: updatePlaybackState, state: null device: null
11-16 04:09:23.028 1965 3104 V Avrcp_ext: Device: no name:
11-16 04:09:23.028 1965 3104 V Avrcp_ext: Device: no name:
11-16 04:09:23.028 1965 3104 V Avrcp_ext: Device: no name:
11-16 04:09:23.028 1965 3104 V Avrcp_ext: Device: no name:
