11-16 03:57:28.654 1504 1572 I input_focus: [Focus request bf4b216 com.android.music/com.android.music.VideoBrowserActivity,reason=UpdateInputWindows]
11-16 03:57:28.682 1504 1682 I input_focus: [Focus leaving 6803648 com.android.gallery3d/com.android.gallery3d.app.GalleryActivity (server),reason=Waiting for window because NOT_VISIBLE]
11-16 03:57:28.690 1504 1568 I sysui_multi_action: [319,64,321,60,322,139,325,2038,757,761,758,8,759,1,806,com.android.music,871,com.android.music.VideoBrowserActivity,904,com.android.launcher3,905,0,1320,4,1321,5]
11-16 03:57:28.693 1504 1568 I wm_activity_launch_time: [0,33989478,com.android.music/.VideoBrowserActivity,139]
11-16 03:57:28.700 1504 1682 I input_focus: [Focus entering bf4b216 com.android.music/com.android.music.VideoBrowserActivity (server),reason=Window became focusable. Previous reason: NOT_VISIBLE]
11-16 03:57:29.148 1504 1571 I wm_stop_activity: [0,50203839,com.android.launcher3/.uioverrides.QuickstepLauncher]
11-16 03:57:29.208 2496 2496 I wm_on_stop_called: [50203839,com.android.launcher3.uioverrides.QuickstepLauncher,STOP_ACTIVITY_ITEM]
11-16 03:57:30.133 1504 1682 I input_interaction: Interaction with: bf4b216 com.android.music/com.android.music.VideoBrowserActivity (server), edge-swipe (server), swipe-up (server), PointerEventDispatcher0 (server),
11-16 03:57:30.150 1504 5055 I wm_task_moved: [280,0,0]
11-16 03:57:30.153 1504 5055 I wm_task_moved: [280,0,6]
11-16 03:57:30.165 2496 2496 I wm_on_restart_called: [50203839,com.android.launcher3.uioverrides.QuickstepLauncher,performRestartActivity]
11-16 03:57:30.167 1504 2504 I wm_finish_activity: [0,199516974,291,com.android.gallery3d/.app.GalleryActivity,app-request]
11-16 03:57:30.172 1504 2504 I wm_pause_activity: [0,199516974,com.android.gallery3d/.app.GalleryActivity,userLeaving=false,finish]
11-16 03:57:30.178 5056 5056 I wm_on_paused_called: [199516974,com.android.gallery3d.app.GalleryActivity,performPause]
11-16 03:57:30.187 1504 2101 I wm_destroy_activity: [0,199516974,291,com.android.gallery3d/.app.GalleryActivity,finish-imm:completePausedLocked]
11-16 03:57:30.200 1504 1571 I sysui_multi_action: [757,803,799,window_time_0,802,1]
11-16 03:57:30.203 2496 2496 I wm_on_start_called: [50203839,com.android.launcher3.uioverrides.QuickstepLauncher,handleStartActivity]
11-16 03:57:30.230 1504 1568 I sysui_multi_action: [319,15,322,72,325,2039,757,761,758,9,759,5,806,com.android.launcher3,871,com.android.launcher3.uioverrides.QuickstepLauncher,904,com.android.launcher3,905,0,1320,8,1321,5]
11-16 03:57:30.231 4975 4975 I view_enqueue_input_event: [Motion - Cancel,com.android.music/com.android.music.VideoBrowserActivity]
11-16 03:57:30.232 2496 2496 I sysui_latency: [1,81]
11-16 03:57:30.236 1504 1572 I input_focus: [Focus request recents_animation_input_consumer,reason=UpdateInputWindows]
11-16 03:57:30.237 5056 5056 I wm_on_stop_called: [199516974,com.android.gallery3d.app.GalleryActivity,LIFECYCLER_STOP_ACTIVITY]
11-16 03:57:30.239 5056 5056 I wm_on_destroy_called: [199516974,com.android.gallery3d.app.GalleryActivity,performDestroy]
11-16 03:57:30.242 1504 1682 I input_interaction: Interaction with: edge-swipe (server), swipe-up (server), PointerEventDispatcher0 (server),
11-16 03:57:30.243 1504 1504 I service_manager_stats: [100,66,805911]
11-16 03:57:30.247 1504 2059 I wm_task_removed: [291,removeChild:removeChild last r=ActivityRecord{be4632e u0 com.android.gallery3d/.app.GalleryActivity t-1 f}} in t=Task{f2e626a #291 type=standard A=10064:com.android.gallery3d U=0 visible=false mode=freeform translucent=true sz=0}]
11-16 03:57:30.247 1504 2059 I wm_task_removed: [291,removeChild]
11-16 03:57:30.253 1504 1682 I input_focus: [Focus leaving bf4b216 com.android.music/com.android.music.VideoBrowserActivity (server),reason=NOT_FOCUSABLE]
11-16 03:57:30.260 1504 1682 I input_focus: [Focus entering recents_animation_input_consumer (server),reason=setFocusedWindow]
11-16 03:57:30.410 1504 1666 I commit_sys_config_file: [settings-1-0,8]
11-16 03:57:30.525 1504 1598 I sysui_latency: [8,85]
11-16 03:57:31.237 1504 1666 I commit_sys_config_file: [settings-1-0,5]
11-16 03:57:32.072 1504 1682 I input_interaction: Interaction with: e1de84c com.android.launcher3/com.android.launcher3.uioverrides.QuickstepLauncher (server), edge-swipe (server), swipe-up (server), PointerEventDispatcher0 (server),
11-16 03:57:32.166 1504 2059 I wm_task_moved: [280,1,6]
11-16 03:57:32.168 1504 2059 I wm_focused_root_task: [0,0,280,292,startActivityFromRecents]
11-16 03:57:32.169 1504 2059 I wm_task_moved: [292,1,6]
11-16 03:57:32.169 4975 4975 I wm_on_top_resumed_lost_called: [33989478,com.android.music.VideoBrowserActivity,topStateChangedWhenResumed]
11-16 03:57:32.169 1504 2059 I wm_set_resumed_activity: [0,com.android.music/.VideoBrowserActivity,positionChildAt]
11-16 03:57:32.169 1504 2059 I wm_focused_root_task: [0,0,292,280,moveTaskToFront findTaskToMoveToFront]
11-16 03:57:32.169 1504 2059 I wm_set_resumed_activity: [0,com.android.music/.VideoBrowserActivity,moveTaskToFront findTaskToMoveToFront]
11-16 03:57:32.180 4975 4975 I wm_on_top_resumed_gained_called: [33989478,com.android.music.VideoBrowserActivity,topStateChangedWhenResumed]
11-16 03:57:32.555 1504 2101 I wm_add_to_stopping: [0,50203839,com.android.launcher3/.uioverrides.QuickstepLauncher,makeInvisible]
11-16 03:57:32.566 1504 1572 I input_focus: [Focus request bf4b216 com.android.music/com.android.music.VideoBrowserActivity,reason=UpdateInputWindows]
11-16 03:57:32.568 1504 1571 I wm_stop_activity: [0,50203839,com.android.launcher3/.uioverrides.QuickstepLauncher]
11-16 03:57:32.575 1504 1682 I input_focus: [Focus leaving recents_animation_input_consumer (server),reason=NOT_VISIBLE]
11-16 03:57:32.576 1504 1682 I input_focus: [Focus entering bf4b216 com.android.music/com.android.music.VideoBrowserActivity (server),reason=setFocusedWindow]
11-16 03:57:32.596 1504 5055 I wm_task_created: [293,-1]
11-16 03:57:32.602 1504 5055 I wm_task_moved: [293,1,7]
11-16 03:57:32.602 1504 5055 I wm_task_to_front: [0,293]
11-16 03:57:32.603 1504 5055 I wm_create_task: [0,293]
11-16 03:57:32.603 1504 5055 I wm_create_activity: [0,202727368,293,com.android.gallery3d/.app.GalleryActivity,android.intent.action.MAIN,NULL,NULL,270532608]
11-16 03:57:32.603 1504 5055 I wm_task_moved: [293,1,7]
11-16 03:57:32.603 4975 4975 I wm_on_top_resumed_lost_called: [33989478,com.android.music.VideoBrowserActivity,topStateChangedWhenResumed]
11-16 03:57:32.605 1504 5055 I wm_restart_activity: [0,202727368,293,com.android.gallery3d/.app.GalleryActivity]
11-16 03:57:32.606 1504 5055 I wm_set_resumed_activity: [0,com.android.gallery3d/.app.GalleryActivity,minimalResumeActivityLocked]
11-16 03:57:32.625 2496 2496 I wm_on_stop_called: [50203839,com.android.launcher3.uioverrides.QuickstepLauncher,STOP_ACTIVITY_ITEM]
11-16 03:57:32.637 5056 5056 I wm_on_create_called: [202727368,com.android.gallery3d.app.GalleryActivity,performCreate]
11-16 03:57:32.638 5056 5056 I wm_on_start_called: [202727368,com.android.gallery3d.app.GalleryActivity,handleStartActivity]
11-16 03:57:32.642 5056 5056 I wm_on_resume_called: [202727368,com.android.gallery3d.app.GalleryActivity,RESUME_ACTIVITY]
11-16 03:57:32.644 5056 5056 I wm_on_top_resumed_gained_called: [202727368,com.android.gallery3d.app.GalleryActivity,topStateChangedWhenResumed]
11-16 03:57:32.662 1504 1572 I input_focus: [Focus request 1f65fe0 com.android.gallery3d/com.android.gallery3d.app.GalleryActivity,reason=UpdateInputWindows]
11-16 03:57:32.691 1504 1682 I input_focus: [Focus leaving bf4b216 com.android.music/com.android.music.VideoBrowserActivity (server),reason=Waiting for window because NOT_VISIBLE]
11-16 03:57:32.698 1504 1568 I sysui_multi_action: [319,105,322,105,325,2042,757,761,758,8,759,2,806,com.android.gallery3d,871,com.android.gallery3d.app.GalleryActivity,904,android,905,0,1320,4,1321,1]
11-16 03:57:32.699 1504 1568 I wm_activity_launch_time: [0,202727368,com.android.gallery3d/.app.GalleryActivity,105]
11-16 03:57:32.708 1504 1682 I input_focus: [Focus entering 1f65fe0 com.android.gallery3d/com.android.gallery3d.app.GalleryActivity (server),reason=Window became focusable. Previous reason: NOT_VISIBLE]
11-16 03:57:33.756 1504 1682 I input_interaction: Interaction with: bf4b216 com.android.music/com.android.music.VideoBrowserActivity (server), edge-swipe (server), swipe-up (server), PointerEventDispatcher0 (server),
11-16 03:57:33.762 1504 1571 I wm_task_moved: [292,1,7]
11-16 03:57:33.762 1504 1571 I wm_task_to_front: [0,292]
11-16 03:57:33.769 1504 1571 I wm_set_resumed_activity: [0,com.android.music/.VideoBrowserActivity,positionChildAt]
11-16 03:57:33.769 1504 1571 I wm_focused_root_task: [0,0,292,293,setFocusedTask]
11-16 03:57:33.769 1504 1571 I wm_set_resumed_activity: [0,com.android.music/.VideoBrowserActivity,setFocusedTask]
11-16 03:57:33.770 5056 5056 I wm_on_top_resumed_lost_called: [202727368,com.android.gallery3d.app.GalleryActivity,topStateChangedWhenResumed]
11-16 03:57:33.771 4975 4975 I wm_on_top_resumed_gained_called: [33989478,com.android.music.VideoBrowserActivity,topStateChangedWhenResumed]
11-16 03:57:33.771 1504 1572 I input_focus: [Focus request bf4b216 com.android.music/com.android.music.VideoBrowserActivity,reason=UpdateInputWindows]
11-16 03:57:33.778 1504 2059 I wm_task_moved: [280,0,0]
11-16 03:57:33.779 1504 2059 I wm_task_moved: [280,0,6]
11-16 03:57:33.790 2496 2496 I wm_on_restart_called: [50203839,com.android.launcher3.uioverrides.QuickstepLauncher,performRestartActivity]
11-16 03:57:33.796 1504 2099 I wm_finish_activity: [0,202727368,293,com.android.gallery3d/.app.GalleryActivity,app-request]
11-16 03:57:33.798 1504 1682 I input_focus: [Focus leaving 1f65fe0 com.android.gallery3d/com.android.gallery3d.app.GalleryActivity (server),reason=setFocusedWindow]
11-16 03:57:33.798 1504 1682 I input_focus: [Focus entering bf4b216 com.android.music/com.android.music.VideoBrowserActivity (server),reason=setFocusedWindow]
11-16 03:57:33.809 1504 2099 I wm_pause_activity: [0,202727368,com.android.gallery3d/.app.GalleryActivity,userLeaving=false,finish]
11-16 03:57:33.812 5056 5056 I wm_on_paused_called: [202727368,com.android.gallery3d.app.GalleryActivity,performPause]
11-16 03:57:33.817 1504 2101 I wm_destroy_activity: [0,202727368,293,com.android.gallery3d/.app.GalleryActivity,finish-imm:completePausedLocked]
11-16 03:57:33.838 2496 2496 I wm_on_start_called: [50203839,com.android.launcher3.uioverrides.QuickstepLauncher,handleStartActivity]
11-16 03:57:33.848 1504 1571 I sysui_multi_action: [757,803,799,window_time_0,802,4]
11-16 03:57:33.854 5056 5056 I wm_on_stop_called: [202727368,com.android.gallery3d.app.GalleryActivity,LIFECYCLER_STOP_ACTIVITY]
11-16 03:57:33.856 2496 2496 I sysui_latency: [1,93]
11-16 03:57:33.857 4975 4975 I view_enqueue_input_event: [Motion - Cancel,com.android.music/com.android.music.VideoBrowserActivity]
11-16 03:57:33.864 1504 1572 I input_focus: [Focus request recents_animation_input_consumer,reason=UpdateInputWindows]
11-16 03:57:33.864 5056 5056 I wm_on_destroy_called: [202727368,com.android.gallery3d.app.GalleryActivity,performDestroy]
11-16 03:57:33.865 1504 1568 I sysui_multi_action: [319,15,322,76,325,2043,757,761,758,9,759,5,806,com.android.launcher3,871,com.android.launcher3.uioverrides.QuickstepLauncher,904,com.android.launcher3,905,0,1320,8,1321,5]
11-16 03:57:33.867 1504 1682 I input_interaction: Interaction with: edge-swipe (server), swipe-up (server), PointerEventDispatcher0 (server),
11-16 03:57:33.876 1504 2493 I wm_task_removed: [293,removeChild:removeChild last r=ActivityRecord{c155fc8 u0 com.android.gallery3d/.app.GalleryActivity t-1 f}} in t=Task{56602e5 #293 type=standard A=10064:com.android.gallery3d U=0 visible=false mode=freeform translucent=true sz=0}]
11-16 03:57:33.876 1504 2493 I wm_task_removed: [293,removeChild]
11-16 03:57:33.877 1504 1682 I input_focus: [Focus leaving bf4b216 com.android.music/com.android.music.VideoBrowserActivity (server),reason=NOT_FOCUSABLE]
11-16 03:57:33.878 1504 1682 I input_focus: [Focus entering recents_animation_input_consumer (server),reason=setFocusedWindow]
11-16 03:57:34.048 1504 1666 I commit_sys_config_file: [settings-1-0,11]
11-16 03:57:34.155 1504 1598 I sysui_latency: [8,93]
11-16 03:57:34.723 1504 1666 I commit_sys_config_file: [settings-1-0,6]
11-16 03:57:34.768 1504 1682 I input_interaction: Interaction with: e1de84c com.android.launcher3/com.android.launcher3.uioverrides.QuickstepLauncher (server), edge-swipe (server), swipe-up (server), PointerEventDispatcher0 (server),
11-16 03:57:34.882 2496 2496 I view_enqueue_input_event: [Motion - Cancel,com.android.launcher3/com.android.launcher3.uioverrides.QuickstepLauncher]
11-16 03:57:34.892 1504 1682 I input_interaction: Interaction with: edge-swipe (server), swipe-up (server), PointerEventDispatcher0 (server),
11-16 03:57:35.963 1504 1682 I input_interaction: Interaction with: e1de84c com.android.launcher3/com.android.launcher3.uioverrides.QuickstepLauncher (server), edge-swipe (server), swipe-up (server), PointerEventDispatcher0 (server),
11-16 03:57:36.036 1504 2504 I wm_task_moved: [280,1,6]
11-16 03:57:36.038 1504 2504 I wm_focused_root_task: [0,0,280,292,startActivityFromRecents]
11-16 03:57:36.038 1504 2504 I wm_task_moved: [292,1,6]
11-16 03:57:36.038 4975 4975 I wm_on_top_resumed_lost_called: [33989478,com.android.music.VideoBrowserActivity,topStateChangedWhenResumed]
11-16 03:57:36.038 1504 2504 I wm_set_resumed_activity: [0,com.android.music/.VideoBrowserActivity,positionChildAt]
11-16 03:57:36.039 1504 2504 I wm_focused_root_task: [0,0,292,280,moveTaskToFront findTaskToMoveToFront]
11-16 03:57:36.039 1504 2504 I wm_set_resumed_activity: [0,com.android.music/.VideoBrowserActivity,moveTaskToFront findTaskToMoveToFront]
11-16 03:57:36.052 4975 4975 I wm_on_top_resumed_gained_called: [33989478,com.android.music.VideoBrowserActivity,topStateChangedWhenResumed]
11-16 03:57:37.171 1504 2505 I wm_task_moved: [280,1,6]
11-16 03:57:37.173 1504 2505 I wm_focused_root_task: [0,0,280,292,startActivityFromRecents]
11-16 03:57:37.173 1504 2505 I wm_task_moved: [292,1,6]
11-16 03:57:37.174 1504 2505 I wm_set_resumed_activity: [0,com.android.music/.VideoBrowserActivity,positionChildAt]
11-16 03:57:37.174 1504 2505 I wm_focused_root_task: [0,0,292,280,moveTaskToFront findTaskToMoveToFront]
11-16 03:57:37.174 1504 2505 I wm_set_resumed_activity: [0,com.android.music/.VideoBrowserActivity,moveTaskToFront findTaskToMoveToFront]
11-16 03:57:37.177 4975 4975 I wm_on_top_resumed_lost_called: [33989478,com.android.music.VideoBrowserActivity,topStateChangedWhenResumed]
11-16 03:57:37.182 4975 4975 I wm_on_top_resumed_gained_called: [33989478,com.android.music.VideoBrowserActivity,topStateChangedWhenResumed]
11-16 03:57:37.993 1504 2504 I wm_task_moved: [280,1,6]
11-16 03:57:37.995 1504 2504 I wm_focused_root_task: [0,0,280,292,startActivityFromRecents]
11-16 03:57:37.995 4975 4975 I wm_on_top_resumed_lost_called: [33989478,com.android.music.VideoBrowserActivity,topStateChangedWhenResumed]
11-16 03:57:37.995 1504 2504 I wm_task_moved: [292,1,6]
11-16 03:57:37.996 1504 2504 I wm_set_resumed_activity: [0,com.android.music/.VideoBrowserActivity,positionChildAt]
11-16 03:57:37.996 1504 2504 I wm_focused_root_task: [0,0,292,280,moveTaskToFront findTaskToMoveToFront]
11-16 03:57:37.996 1504 2504 I wm_set_resumed_activity: [0,com.android.music/.VideoBrowserActivity,moveTaskToFront findTaskToMoveToFront]
11-16 03:57:38.006 4975 4975 I wm_on_top_resumed_gained_called: [33989478,com.android.music.VideoBrowserActivity,topStateChangedWhenResumed]
11-16 03:57:38.354 1504 2505 I wm_task_moved: [280,1,6]
11-16 03:57:38.356 4975 4975 I wm_on_top_resumed_lost_called: [33989478,com.android.music.VideoBrowserActivity,topStateChangedWhenResumed]
11-16 03:57:38.357 1504 2505 I wm_focused_root_task: [0,0,280,292,startActivityFromRecents]
11-16 03:57:38.357 1504 2505 I wm_task_moved: [292,1,6]
11-16 03:57:38.358 1504 2505 I wm_set_resumed_activity: [0,com.android.music/.VideoBrowserActivity,positionChildAt]
11-16 03:57:38.358 1504 2505 I wm_focused_root_task: [0,0,292,280,moveTaskToFront findTaskToMoveToFront]
11-16 03:57:38.358 1504 2505 I wm_set_resumed_activity: [0,com.android.music/.VideoBrowserActivity,moveTaskToFront findTaskToMoveToFront]
11-16 03:57:38.371 4975 4975 I wm_on_top_resumed_gained_called: [33989478,com.android.music.VideoBrowserActivity,topStateChangedWhenResumed]
11-16 03:57:40.654 1504 2101 I wm_task_created: [294,-1]
11-16 03:57:40.660 1504 2101 I wm_task_moved: [294,1,7]
11-16 03:57:40.660 1504 2101 I wm_task_to_front: [0,294]
11-16 03:57:40.661 1504 2101 I wm_create_task: [0,294]
11-16 03:57:40.661 1504 2101 I wm_create_activity: [0,126051358,294,com.android.gallery3d/.app.GalleryActivity,android.intent.action.MAIN,NULL,NULL,270532608]
11-16 03:57:40.661 1504 2101 I wm_task_moved: [294,1,7]
11-16 03:57:40.661 4975 4975 I wm_on_top_resumed_lost_called: [33989478,com.android.music.VideoBrowserActivity,topStateChangedWhenResumed]
11-16 03:57:40.664 1504 2101 I wm_restart_activity: [0,126051358,294,com.android.gallery3d/.app.GalleryActivity]
11-16 03:57:40.666 1504 2101 I wm_set_resumed_activity: [0,com.android.gallery3d/.app.GalleryActivity,minimalResumeActivityLocked]
11-16 03:57:40.711 5056 5056 I wm_on_create_called: [126051358,com.android.gallery3d.app.GalleryActivity,performCreate]
11-16 03:57:40.713 5056 5056 I wm_on_start_called: [126051358,com.android.gallery3d.app.GalleryActivity,handleStartActivity]
11-16 03:57:40.715 5056 5056 I wm_on_resume_called: [126051358,com.android.gallery3d.app.GalleryActivity,RESUME_ACTIVITY]
11-16 03:57:40.717 5056 5056 I wm_on_top_resumed_gained_called: [126051358,com.android.gallery3d.app.GalleryActivity,topStateChangedWhenResumed]
11-16 03:57:40.734 1504 1572 I input_focus: [Focus request bb9afb8 com.android.gallery3d/com.android.gallery3d.app.GalleryActivity,reason=UpdateInputWindows]
11-16 03:57:40.762 1504 1682 I input_focus: [Focus leaving recents_animation_input_consumer (server),reason=Waiting for window because NOT_VISIBLE]
11-16 03:57:40.774 1504 1568 I sysui_multi_action: [319,118,322,117,325,2050,757,761,758,8,759,2,806,com.android.gallery3d,871,com.android.gallery3d.app.GalleryActivity,904,android,905,0,1320,4,1321,1]
11-16 03:57:40.776 1504 1568 I wm_activity_launch_time: [0,126051358,com.android.gallery3d/.app.GalleryActivity,117]
11-16 03:57:40.778 1504 1682 I input_focus: [Focus entering bb9afb8 com.android.gallery3d/com.android.gallery3d.app.GalleryActivity (server),reason=Window became focusable. Previous reason: NOT_VISIBLE]
11-16 03:57:40.831 1504 1598 I am_pss : [4975,10086,com.android.music,49998848,44703744,0,161726464,0,2,6]
11-16 03:57:41.048 1504 2101 I wm_task_moved: [280,1,7]
11-16 03:57:41.050 1504 2101 I wm_task_moved: [281,1,2147483647]
11-16 03:57:41.050 1504 2101 I wm_task_to_front: [0,281]
11-16 03:57:41.050 5056 5056 I wm_on_top_resumed_lost_called: [126051358,com.android.gallery3d.app.GalleryActivity,topStateChangedWhenResumed]
11-16 03:57:41.050 1504 2101 I wm_focused_root_task: [0,0,280,294,RecentsAnimation.onAnimationFinished()]
11-16 03:57:41.050 1504 2101 I wm_set_resumed_activity: [0,com.android.launcher3/.uioverrides.QuickstepLauncher,RecentsAnimation.onAnimationFinished()]
11-16 03:57:41.052 1504 2101 I wm_pause_activity: [0,33989478,com.android.music/.VideoBrowserActivity,userLeaving=true,pauseBackTasks]
11-16 03:57:41.054 4975 4975 I wm_on_paused_called: [33989478,com.android.music.VideoBrowserActivity,performPause]
11-16 03:57:41.055 1504 2101 I wm_add_to_stopping: [0,33989478,com.android.music/.VideoBrowserActivity,makeInvisible]
11-16 03:57:41.056 1504 2101 I wm_set_resumed_activity: [0,com.android.launcher3/.uioverrides.QuickstepLauncher,resumeTopActivityInnerLocked]
11-16 03:57:41.057 1504 2101 I wm_resume_activity: [0,50203839,281,com.android.launcher3/.uioverrides.QuickstepLauncher]
11-16 03:57:41.071 2496 2496 I wm_on_resume_called: [50203839,com.android.launcher3.uioverrides.QuickstepLauncher,RESUME_ACTIVITY]
11-16 03:57:41.078 1504 1572 I input_focus: [Focus request e1de84c com.android.launcher3/com.android.launcher3.uioverrides.QuickstepLauncher,reason=UpdateInputWindows]
11-16 03:57:41.080 2496 2496 I wm_on_top_resumed_gained_called: [50203839,com.android.launcher3.uioverrides.QuickstepLauncher,topStateChangedWhenResumed]
11-16 03:57:41.088 1504 2504 I wm_stop_activity: [0,33989478,com.android.music/.VideoBrowserActivity]
11-16 03:57:41.089 4975 4975 I wm_on_stop_called: [33989478,com.android.music.VideoBrowserActivity,STOP_ACTIVITY_ITEM]
11-16 03:57:41.090 1504 1571 I sysui_multi_action: [757,803,799,window_time_0,802,7]
11-16 03:57:41.092 1504 1571 I sysui_multi_action: [757,803,799,window_time_0,802,0]
11-16 03:57:41.095 1504 1682 I input_focus: [Focus leaving bb9afb8 com.android.gallery3d/com.android.gallery3d.app.GalleryActivity (server),reason=setFocusedWindow]
11-16 03:57:41.095 1504 1682 I input_focus: [Focus entering e1de84c com.android.launcher3/com.android.launcher3.uioverrides.QuickstepLauncher (server),reason=setFocusedWindow]
11-16 03:57:42.313 1504 1682 I input_interaction: Interaction with: e1de84c com.android.launcher3/com.android.launcher3.uioverrides.QuickstepLauncher (server), c74be60 com.android.systemui.ImageWallpaper (server), edge-swipe (server), swipe-up (server), PointerEventDispatcher0 (server),
11-16 03:57:42.454 2496 2496 I view_enqueue_input_event: [Motion - Cancel,com.android.launcher3/com.android.launcher3.uioverrides.QuickstepLauncher]
11-16 03:57:42.475 1504 1682 I input_interaction: Interaction with: edge-swipe (server), swipe-up (server), PointerEventDispatcher0 (server),
11-16 03:57:42.619 1504 1666 I commit_sys_config_file: [settings-1-0,4]
11-16 03:57:42.988 1504 1666 I commit_sys_config_file: [settings-1-0,5]
11-16 03:57:43.179 1504 1682 I input_interaction: Interaction with: e1de84c com.android.launcher3/com.android.launcher3.uioverrides.QuickstepLauncher (server), c74be60 com.android.systemui.ImageWallpaper (server), edge-swipe (server), swipe-up (server), PointerEventDispatcher0 (server),
11-16 03:57:43.302 1504 1682 I input_interaction: Interaction with: edge-swipe (server), swipe-up (server), PointerEventDispatcher0 (server),
11-16 03:57:43.303 2496 2496 I view_enqueue_input_event: [Motion - Cancel,com.android.launcher3/com.android.launcher3.uioverrides.QuickstepLauncher]
11-16 03:57:43.489 1504 1666 I commit_sys_config_file: [settings-1-0,4]
11-16 03:57:43.888 1504 1666 I commit_sys_config_file: [settings-1-0,7]
11-16 03:57:44.707 1504 1682 I input_interaction: Interaction with: e1de84c com.android.launcher3/com.android.launcher3.uioverrides.QuickstepLauncher (server), c74be60 com.android.systemui.ImageWallpaper (server), edge-swipe (server), swipe-up (server), PointerEventDispatcher0 (server),
11-16 03:57:44.836 2496 2496 I view_enqueue_input_event: [Motion - Cancel,com.android.launcher3/com.android.launcher3.uioverrides.QuickstepLauncher]
11-16 03:57:44.844 1504 1682 I input_interaction: Interaction with: edge-swipe (server), swipe-up (server), PointerEventDispatcher0 (server),
11-16 03:57:45.034 1504 1666 I commit_sys_config_file: [settings-1-0,13]
11-16 03:57:45.334 1504 1666 I commit_sys_config_file: [settings-1-0,4]
11-16 03:57:45.437 1504 2101 I wm_finish_activity: [0,126051358,294,com.android.gallery3d/.app.GalleryActivity,app-request]
11-16 03:57:45.460 1504 2101 I wm_pause_activity: [0,126051358,com.android.gallery3d/.app.GalleryActivity,userLeaving=false,finish]
11-16 03:57:45.468 5056 5056 I wm_on_paused_called: [126051358,com.android.gallery3d.app.GalleryActivity,performPause]
11-16 03:57:45.481 1504 2099 I wm_destroy_activity: [0,126051358,294,com.android.gallery3d/.app.GalleryActivity,finish-imm:completePausedLocked]
11-16 03:57:45.498 1504 1571 I sysui_multi_action: [757,803,799,window_time_0,802,5]
11-16 03:57:45.513 5056 5056 I wm_on_stop_called: [126051358,com.android.gallery3d.app.GalleryActivity,LIFECYCLER_STOP_ACTIVITY]
11-16 03:57:45.518 5056 5056 I wm_on_destroy_called: [126051358,com.android.gallery3d.app.GalleryActivity,performDestroy]
11-16 03:57:45.788 1504 1572 I wm_task_removed: [294,removeChild:removeChild last r=ActivityRecord{783641e u0 com.android.gallery3d/.app.GalleryActivity t-1 f}} in t=Task{de3b059 #294 type=standard A=10064:com.android.gallery3d U=0 visible=false mode=freeform translucent=true sz=0}]
11-16 03:57:45.788 1504 1572 I wm_task_removed: [294,removeChild]
11-16 03:57:45.878 1504 1682 I input_interaction: Interaction with: e1de84c com.android.launcher3/com.android.launcher3.uioverrides.QuickstepLauncher (server), c74be60 com.android.systemui.ImageWallpaper (server), edge-swipe (server), swipe-up (server), PointerEventDispatcher0 (server),
11-16 03:57:45.979 1504 2101 I wm_task_moved: [280,1,6]
11-16 03:57:45.980 1504 2101 I wm_set_resumed_activity: [0,com.android.launcher3/.uioverrides.QuickstepLauncher,positionChildAt]
11-16 03:57:45.980 1504 2101 I wm_task_moved: [292,1,6]
11-16 03:57:45.980 1504 2101 I wm_task_to_front: [0,292]
11-16 03:57:45.981 1504 2101 I wm_focused_root_task: [0,0,292,280,moveTaskToFront findTaskToMoveToFront]
11-16 03:57:45.981 1504 2101 I wm_set_resumed_activity: [0,com.android.music/.VideoBrowserActivity,moveTaskToFront findTaskToMoveToFront]
11-16 03:57:45.982 1504 2101 I wm_pause_activity: [0,50203839,com.android.launcher3/.uioverrides.QuickstepLauncher,userLeaving=true,pauseBackTasks]
11-16 03:57:45.988 2496 2496 I wm_on_top_resumed_lost_called: [50203839,com.android.launcher3.uioverrides.QuickstepLauncher,topStateChangedWhenResumed]
11-16 03:57:45.990 2496 2496 I wm_on_paused_called: [50203839,com.android.launcher3.uioverrides.QuickstepLauncher,performPause]
11-16 03:57:45.995 1504 2099 I wm_set_resumed_activity: [0,com.android.music/.VideoBrowserActivity,resumeTopActivityInnerLocked]
11-16 03:57:45.996 1504 2099 I wm_add_to_stopping: [0,50203839,com.android.launcher3/.uioverrides.QuickstepLauncher,makeInvisible]
11-16 03:57:45.999 1504 2099 I wm_resume_activity: [0,33989478,292,com.android.music/.VideoBrowserActivity]
11-16 03:57:46.018 4975 4975 I wm_on_restart_called: [33989478,com.android.music.VideoBrowserActivity,performRestartActivity]
11-16 03:57:46.018 4975 4975 I wm_on_start_called: [33989478,com.android.music.VideoBrowserActivity,handleStartActivity]
11-16 03:57:46.018 4975 4975 I wm_on_resume_called: [33989478,com.android.music.VideoBrowserActivity,RESUME_ACTIVITY]
11-16 03:57:46.018 4975 4975 I wm_on_top_resumed_gained_called: [33989478,com.android.music.VideoBrowserActivity,topWhenResuming]
11-16 03:57:46.023 1504 1682 I input_focus: [Focus leaving e1de84c com.android.launcher3/com.android.launcher3.uioverrides.QuickstepLauncher (server),reason=NO_WINDOW]
11-16 03:57:46.042 1504 1572 I input_focus: [Focus request bf4b216 com.android.music/com.android.music.VideoBrowserActivity,reason=UpdateInputWindows]
11-16 03:57:46.042 1504 1571 I sysui_multi_action: [757,803,799,window_time_0,802,0]
11-16 03:57:46.051 1504 1568 I sysui_multi_action: [319,48,321,44,322,66,325,2055,757,761,758,9,759,4,806,com.android.music,871,com.android.music.VideoBrowserActivity,904,com.android.launcher3,905,0,1320,4,1321,5]
11-16 03:57:46.057 1504 1682 I input_focus: [Focus entering bf4b216 com.android.music/com.android.music.VideoBrowserActivity (server),reason=setFocusedWindow]
11-16 03:57:46.064 1504 1598 I am_pss : [5003,10063,com.android.calendar,6551552,4091904,0,92184576,0,19,6]
11-16 03:57:46.072 1504 1598 I am_pss : [4985,1000,com.android.settings,26941440,24924160,0,111120384,0,19,7]
11-16 03:57:46.416 1504 1571 I wm_stop_activity: [0,50203839,com.android.launcher3/.uioverrides.QuickstepLauncher]
11-16 03:57:46.453 1504 2505 I wm_task_created: [295,-1]
11-16 03:57:46.456 1504 2505 I wm_task_moved: [295,1,7]
11-16 03:57:46.456 1504 2505 I wm_task_to_front: [0,295]
11-16 03:57:46.457 1504 2505 I wm_create_task: [0,295]
11-16 03:57:46.457 1504 2505 I wm_create_activity: [0,36473249,295,com.android.gallery3d/.app.GalleryActivity,android.intent.action.MAIN,NULL,NULL,270532608]
11-16 03:57:46.457 1504 2505 I wm_task_moved: [295,1,7]
11-16 03:57:46.457 4975 4975 I wm_on_top_resumed_lost_called: [33989478,com.android.music.VideoBrowserActivity,topStateChangedWhenResumed]
11-16 03:57:46.460 1504 2505 I wm_restart_activity: [0,36473249,295,com.android.gallery3d/.app.GalleryActivity]
11-16 03:57:46.462 1504 2505 I wm_set_resumed_activity: [0,com.android.gallery3d/.app.GalleryActivity,minimalResumeActivityLocked]
11-16 03:57:46.477 2496 2496 I wm_on_stop_called: [50203839,com.android.launcher3.uioverrides.QuickstepLauncher,STOP_ACTIVITY_ITEM]
11-16 03:57:46.486 5056 5056 I wm_on_create_called: [36473249,com.android.gallery3d.app.GalleryActivity,performCreate]
11-16 03:57:46.487 5056 5056 I wm_on_start_called: [36473249,com.android.gallery3d.app.GalleryActivity,handleStartActivity]
11-16 03:57:46.489 5056 5056 I wm_on_resume_called: [36473249,com.android.gallery3d.app.GalleryActivity,RESUME_ACTIVITY]
11-16 03:57:46.494 5056 5056 I wm_on_top_resumed_gained_called: [36473249,com.android.gallery3d.app.GalleryActivity,topStateChangedWhenResumed]
11-16 03:57:46.511 1504 1572 I input_focus: [Focus request 3804620 com.android.gallery3d/com.android.gallery3d.app.GalleryActivity,reason=UpdateInputWindows]
11-16 03:57:46.542 1504 1682 I input_focus: [Focus leaving bf4b216 com.android.music/com.android.music.VideoBrowserActivity (server),reason=Waiting for window because NOT_VISIBLE]
11-16 03:57:46.547 1504 1568 I sysui_multi_action: [319,96,322,96,325,2055,757,761,758,8,759,2,806,com.android.gallery3d,871,com.android.gallery3d.app.GalleryActivity,904,android,905,0,1320,4,1321,1]
11-16 03:57:46.548 1504 1568 I wm_activity_launch_time: [0,36473249,com.android.gallery3d/.app.GalleryActivity,96]
11-16 03:57:46.558 1504 1682 I input_focus: [Focus entering 3804620 com.android.gallery3d/com.android.gallery3d.app.GalleryActivity (server),reason=Window became focusable. Previous reason: NOT_VISIBLE]
11-16 03:57:47.979 1504 1682 I input_interaction: Interaction with: bf4b216 com.android.music/com.android.music.VideoBrowserActivity (server), edge-swipe (server), swipe-up (server), PointerEventDispatcher0 (server),
11-16 03:57:47.981 1504 1571 I wm_task_moved: [292,1,7]
11-16 03:57:47.981 1504 1571 I wm_task_to_front: [0,292]
11-16 03:57:47.987 1504 1571 I wm_set_resumed_activity: [0,com.android.music/.VideoBrowserActivity,positionChildAt]
11-16 03:57:47.987 1504 1571 I wm_focused_root_task: [0,0,292,295,setFocusedTask]
11-16 03:57:47.987 1504 1571 I wm_set_resumed_activity: [0,com.android.music/.VideoBrowserActivity,setFocusedTask]
11-16 03:57:47.988 5056 5056 I wm_on_top_resumed_lost_called: [36473249,com.android.gallery3d.app.GalleryActivity,topStateChangedWhenResumed]
11-16 03:57:47.989 1504 1572 I input_focus: [Focus request bf4b216 com.android.music/com.android.music.VideoBrowserActivity,reason=UpdateInputWindows]
11-16 03:57:47.992 4975 4975 I wm_on_top_resumed_gained_called: [33989478,com.android.music.VideoBrowserActivity,topStateChangedWhenResumed]
11-16 03:57:47.997 1504 2505 I wm_task_moved: [280,0,0]
11-16 03:57:47.997 1504 2505 I wm_task_moved: [280,0,6]
11-16 03:57:48.005 2496 2496 I wm_on_restart_called: [50203839,com.android.launcher3.uioverrides.QuickstepLauncher,performRestartActivity]
11-16 03:57:48.015 1504 2101 I wm_finish_activity: [0,36473249,295,com.android.gallery3d/.app.GalleryActivity,app-request]
11-16 03:57:48.015 1504 1682 I input_focus: [Focus leaving 3804620 com.android.gallery3d/com.android.gallery3d.app.GalleryActivity (server),reason=setFocusedWindow]
11-16 03:57:48.017 1504 1682 I input_focus: [Focus entering bf4b216 com.android.music/com.android.music.VideoBrowserActivity (server),reason=setFocusedWindow]
11-16 03:57:48.031 1504 2101 I wm_pause_activity: [0,36473249,com.android.gallery3d/.app.GalleryActivity,userLeaving=false,finish]
11-16 03:57:48.034 5056 5056 I wm_on_paused_called: [36473249,com.android.gallery3d.app.GalleryActivity,performPause]
11-16 03:57:48.042 1504 2505 I wm_destroy_activity: [0,36473249,295,com.android.gallery3d/.app.GalleryActivity,finish-imm:completePausedLocked]
11-16 03:57:48.053 2496 2496 I wm_on_start_called: [50203839,com.android.launcher3.uioverrides.QuickstepLauncher,handleStartActivity]
11-16 03:57:48.064 1504 1571 I sysui_multi_action: [757,803,799,window_time_0,802,2]
11-16 03:57:48.082 1504 1568 I sysui_multi_action: [319,12,322,80,325,2057,757,761,758,9,759,5,806,com.android.launcher3,871,com.android.launcher3.uioverrides.QuickstepLauncher,904,com.android.launcher3,905,0,1320,8,1321,5]
11-16 03:57:48.083 1504 1682 I input_interaction: Interaction with: edge-swipe (server), swipe-up (server), PointerEventDispatcher0 (server),
11-16 03:57:48.083 2496 2496 I sysui_latency: [1,96]
11-16 03:57:48.084 4975 4975 I view_enqueue_input_event: [Motion - Cancel,com.android.music/com.android.music.VideoBrowserActivity]
11-16 03:57:48.086 1504 1572 I input_focus: [Focus request recents_animation_input_consumer,reason=UpdateInputWindows]
11-16 03:57:48.088 5056 5056 I wm_on_stop_called: [36473249,com.android.gallery3d.app.GalleryActivity,LIFECYCLER_STOP_ACTIVITY]
11-16 03:57:48.093 5056 5056 I wm_on_destroy_called: [36473249,com.android.gallery3d.app.GalleryActivity,performDestroy]
11-16 03:57:48.104 1504 2493 I wm_task_removed: [295,removeChild:removeChild last r=ActivityRecord{22c89a1 u0 com.android.gallery3d/.app.GalleryActivity t-1 f}} in t=Task{db9be08 #295 type=standard A=10064:com.android.gallery3d U=0 visible=false mode=freeform translucent=true sz=0}]
11-16 03:57:48.104 1504 2493 I wm_task_removed: [295,removeChild]
11-16 03:57:48.112 1504 1682 I input_focus: [Focus leaving bf4b216 com.android.music/com.android.music.VideoBrowserActivity (server),reason=NOT_FOCUSABLE]
11-16 03:57:48.112 1504 1682 I input_focus: [Focus entering recents_animation_input_consumer (server),reason=setFocusedWindow]
11-16 03:57:48.258 1504 1666 I commit_sys_config_file: [settings-1-0,6]
11-16 03:57:48.379 1504 1598 I sysui_latency: [8,87]
11-16 03:57:48.962 1504 1666 I commit_sys_config_file: [settings-1-0,4]
11-16 03:57:49.404 1504 1682 I input_interaction: Interaction with: e1de84c com.android.launcher3/com.android.launcher3.uioverrides.QuickstepLauncher (server), edge-swipe (server), swipe-up (server), PointerEventDispatcher0 (server),
11-16 03:57:49.834 1504 4717 I wm_task_moved: [280,1,6]
11-16 03:57:49.836 1504 4717 I wm_focused_root_task: [0,0,280,292,RecentsAnimation.onAnimationFinished()]
11-16 03:57:49.836 4975 4975 I wm_on_top_resumed_lost_called: [33989478,com.android.music.VideoBrowserActivity,topStateChangedWhenResumed]
11-16 03:57:49.839 1504 4717 I wm_pause_activity: [0,33989478,com.android.music/.VideoBrowserActivity,userLeaving=false,pauseBackTasks]
11-16 03:57:49.842 1504 4717 I wm_set_resumed_activity: [0,com.android.launcher3/.uioverrides.QuickstepLauncher,resumeTopActivityInnerLocked]
11-16 03:57:49.845 1504 4717 I wm_resume_activity: [0,50203839,281,com.android.launcher3/.uioverrides.QuickstepLauncher]
11-16 03:57:49.846 1504 4717 I wm_add_to_stopping: [0,33989478,com.android.music/.VideoBrowserActivity,makeInvisible]
11-16 03:57:49.858 4975 4975 I wm_on_paused_called: [33989478,com.android.music.VideoBrowserActivity,performPause]
11-16 03:57:49.859 1504 1572 I input_focus: [Focus request e1de84c com.android.launcher3/com.android.launcher3.uioverrides.QuickstepLauncher,reason=UpdateInputWindows]
11-16 03:57:49.864 2496 2496 I wm_on_resume_called: [50203839,com.android.launcher3.uioverrides.QuickstepLauncher,RESUME_ACTIVITY]
11-16 03:57:49.865 2496 2496 I wm_on_top_resumed_gained_called: [50203839,com.android.launcher3.uioverrides.QuickstepLauncher,topStateChangedWhenResumed]
11-16 03:57:49.870 1504 1682 I input_focus: [Focus leaving recents_animation_input_consumer (server),reason=NOT_VISIBLE]
11-16 03:57:49.871 1504 1571 I wm_stop_activity: [0,33989478,com.android.music/.VideoBrowserActivity]
11-16 03:57:49.872 1504 1571 I sysui_multi_action: [757,803,799,window_time_0,802,2]
11-16 03:57:49.879 4975 4975 I wm_on_stop_called: [33989478,com.android.music.VideoBrowserActivity,STOP_ACTIVITY_ITEM]
11-16 03:57:49.883 1504 1682 I input_focus: [Focus entering e1de84c com.android.launcher3/com.android.launcher3.uioverrides.QuickstepLauncher (server),reason=setFocusedWindow]
11-16 03:57:49.933 1504 1571 I am_kill : [0,5056,com.android.gallery3d,900,remove task]
11-16 03:57:49.934 1504 1571 I sysui_multi_action: [757,803,799,window_time_0,802,0]
11-16 03:57:49.965 1504 2099 I am_proc_died: [0,5056,com.android.gallery3d,900,18]
11-16 03:57:49.966 1504 2099 I am_uid_stopped: 10064
11-16 03:57:49.966 1504 5212 I wm_finish_activity: [0,33989478,292,com.android.music/.VideoBrowserActivity,recent-task-trimmed]
11-16 03:57:49.967 1504 5212 I wm_destroy_activity: [0,33989478,292,com.android.music/.VideoBrowserActivity,finish-imm:finishIfPossible]
11-16 03:57:49.970 4975 4975 I wm_on_destroy_called: [33989478,com.android.music.VideoBrowserActivity,performDestroy]
11-16 03:57:49.972 1504 1571 I am_kill : [0,4975,com.android.music,905,remove task]
11-16 03:57:49.975 1504 1571 I sysui_multi_action: [757,803,799,window_time_0,802,0]
11-16 03:57:49.977 1504 1571 I am_uid_stopped: 10086
11-16 03:57:49.977 1504 1571 I am_uid_running: 10086
11-16 03:57:49.979 1504 1571 I am_uid_running: 10064
11-16 03:57:49.993 1504 1682 I input_interaction: Interaction with: e1de84c com.android.launcher3/com.android.launcher3.uioverrides.QuickstepLauncher (server), c74be60 com.android.systemui.ImageWallpaper (server), edge-swipe (server), swipe-up (server), PointerEventDispatcher0 (server),
11-16 03:57:50.006 1504 2504 I am_proc_died: [0,4975,com.android.music,905,19]
11-16 03:57:50.009 1504 2504 I wm_task_removed: [292,removeChild:removeChild last r=ActivityRecord{206a366 u0 com.android.music/.VideoBrowserActivity t-1 f}} in t=Task{c5a3643 #292 type=standard A=10086:android.task.video U=0 visible=false mode=fullscreen translucent=true sz=0}]
11-16 03:57:50.009 1504 2504 I wm_task_removed: [292,removeChild]
11-16 03:57:50.017 1504 1603 I am_proc_start: [0,5214,10086,com.android.music,NULL,]
11-16 03:57:50.026 1504 1603 I am_proc_start: [0,5215,10064,com.android.gallery3d,NULL,]
11-16 03:57:50.052 1504 2504 I am_proc_bound: [0,5215,com.android.gallery3d]
11-16 03:57:50.054 1504 4303 I am_proc_bound: [0,5214,com.android.music]
11-16 03:57:51.928 2496 2496 I view_enqueue_input_event: [Motion - Cancel,com.android.launcher3/com.android.launcher3.uioverrides.QuickstepLauncher]
11-16 03:57:51.929 1504 1682 I input_interaction: Interaction with: edge-swipe (server), swipe-up (server), PointerEventDispatcher0 (server),
11-16 03:57:52.111 1504 1666 I commit_sys_config_file: [settings-1-0,6]
11-16 03:57:52.375 1504 1666 I commit_sys_config_file: [settings-1-0,8]
11-16 03:57:53.000 1504 1682 I input_interaction: Interaction with: e1de84c com.android.launcher3/com.android.launcher3.uioverrides.QuickstepLauncher (server), c74be60 com.android.systemui.ImageWallpaper (server), edge-swipe (server), swipe-up (server), PointerEventDispatcher0 (server),
11-16 03:57:53.115 1504 4613 I wm_task_created: [296,-1]
11-16 03:57:53.128 1504 4613 I wm_task_moved: [296,1,6]
11-16 03:57:53.128 1504 4613 I wm_task_to_front: [0,296]
11-16 03:57:53.129 1504 4613 I wm_create_task: [0,296]
11-16 03:57:53.129 1504 4613 I wm_create_activity: [0,75809773,296,com.android.deskclock/.DeskClock,NULL,NULL,NULL,268468224]
11-16 03:57:53.129 1504 4613 I wm_task_moved: [296,1,6]
11-16 03:57:53.138 2496 2496 I wm_on_top_resumed_lost_called: [50203839,com.android.launcher3.uioverrides.QuickstepLauncher,topStateChangedWhenResumed]
11-16 03:57:53.141 1504 1571 I am_uid_running: 10068
11-16 03:57:53.147 1156 1156 I auditd : type=1400 audit(0.0:313): avc: denied { read } for comm="traced_probes" name="format" dev="tracefs" ino=6416 scontext=u:r:traced_probes:s0 tcontext=u:object_r:debugfs_tracing_debug:s0 tclass=file permissive=0
11-16 03:57:53.147 1156 1156 I auditd : type=1400 audit(0.0:314): avc: denied { read } for comm="traced_probes" name="format" dev="tracefs" ino=6404 scontext=u:r:traced_probes:s0 tcontext=u:object_r:debugfs_tracing_debug:s0 tclass=file permissive=0
11-16 03:57:53.147 1156 1156 I auditd : type=1400 audit(0.0:315): avc: denied { read } for comm="traced_probes" name="format" dev="tracefs" ino=6410 scontext=u:r:traced_probes:s0 tcontext=u:object_r:debugfs_tracing_debug:s0 tclass=file permissive=0
11-16 03:57:53.147 1156 1156 I auditd : type=1400 audit(0.0:316): avc: denied { read } for comm="traced_probes" name="format" dev="tracefs" ino=6422 scontext=u:r:traced_probes:s0 tcontext=u:object_r:debugfs_tracing_debug:s0 tclass=file permissive=0
11-16 03:57:53.147 1156 1156 I auditd : type=1400 audit(0.0:317): avc: denied { read } for comm="traced_probes" name="format" dev="tracefs" ino=6428 scontext=u:r:traced_probes:s0 tcontext=u:object_r:debugfs_tracing_debug:s0 tclass=file permissive=0
11-16 03:57:53.147 1156 1156 I auditd : type=1400 audit(0.0:318): avc: denied { read } for comm="traced_probes" name="format" dev="tracefs" ino=6464 scontext=u:r:traced_probes:s0 tcontext=u:object_r:debugfs_tracing_debug:s0 tclass=file permissive=0
11-16 03:57:53.147 1156 1156 I auditd : type=1400 audit(0.0:319): avc: denied { read } for comm="traced_probes" name="format" dev="tracefs" ino=6374 scontext=u:r:traced_probes:s0 tcontext=u:object_r:debugfs_tracing_debug:s0 tclass=file permissive=0
11-16 03:57:53.165 1504 1603 I am_proc_start: [0,5256,10068,com.android.deskclock,top-activity,{com.android.deskclock/com.android.deskclock.DeskClock}]
11-16 03:57:53.189 1504 4613 I am_proc_bound: [0,5256,com.android.deskclock]
11-16 03:57:53.192 1504 4613 I wm_restart_activity: [0,75809773,296,com.android.deskclock/.DeskClock]
11-16 03:57:53.193 1504 4613 I wm_set_resumed_activity: [0,com.android.deskclock/.DeskClock,minimalResumeActivityLocked]
11-16 03:57:53.193 1504 4613 I am_uid_active: 10068
11-16 03:57:53.245 1504 1535 I wm_task_moved: [296,1,6]
11-16 03:57:53.245 1504 1535 I wm_set_resumed_activity: [0,com.android.deskclock/.DeskClock,positionChildAt]
11-16 03:57:53.246 1504 1535 I wm_create_activity: [0,220481242,296,com.android.permissioncontroller/.permission.ui.GrantPermissionsActivity,android.content.pm.action.REQUEST_PERMISSIONS,NULL,NULL,8388608]
11-16 03:57:53.249 1504 1535 I wm_pause_activity: [0,75809773,com.android.deskclock/.DeskClock,userLeaving=true,resumeTopActivityInnerLocked]
11-16 03:57:53.253 1504 1571 I am_uid_running: 10094
11-16 03:57:53.262 1504 1603 I am_proc_start: [0,5276,10094,com.android.permissioncontroller,pre-top-activity,{com.android.permissioncontroller/com.android.permissioncontroller.permission.ui.GrantPermissionsActivity}]
11-16 03:57:53.268 5256 5256 I wm_on_create_called: [75809773,com.android.deskclock.DeskClock,performCreate]
11-16 03:57:53.269 5256 5256 I wm_on_start_called: [75809773,com.android.deskclock.DeskClock,handleStartActivity]
11-16 03:57:53.271 5256 5256 I wm_on_resume_called: [75809773,com.android.deskclock.DeskClock,RESUME_ACTIVITY]
11-16 03:57:53.274 1504 1535 I am_proc_bound: [0,5276,com.android.permissioncontroller]
11-16 03:57:53.281 5256 5256 I wm_on_top_resumed_gained_called: [75809773,com.android.deskclock.DeskClock,topStateChangedWhenResumed]
11-16 03:57:53.282 5256 5256 I wm_on_top_resumed_lost_called: [75809773,com.android.deskclock.DeskClock,topStateChangedWhenResumed]
11-16 03:57:53.282 5256 5256 I wm_on_paused_called: [75809773,com.android.deskclock.DeskClock,performPause]
11-16 03:57:53.283 1504 2032 I wm_restart_activity: [0,220481242,296,com.android.permissioncontroller/.permission.ui.GrantPermissionsActivity]
11-16 03:57:53.284 1504 2032 I wm_set_resumed_activity: [0,com.android.permissioncontroller/.permission.ui.GrantPermissionsActivity,minimalResumeActivityLocked]
11-16 03:57:53.284 1504 1571 I am_uid_active: 10094
11-16 03:57:53.285 1504 1571 I sysui_multi_action: [757,803,799,window_time_0,802,3]
11-16 03:57:53.367 5276 5276 I wm_on_create_called: [220481242,com.android.permissioncontroller.permission.ui.GrantPermissionsActivity,performCreate]
11-16 03:57:53.368 5276 5276 I wm_on_start_called: [220481242,com.android.permissioncontroller.permission.ui.GrantPermissionsActivity,handleStartActivity]
11-16 03:57:53.368 5276 5276 I wm_on_resume_called: [220481242,com.android.permissioncontroller.permission.ui.GrantPermissionsActivity,RESUME_ACTIVITY]
11-16 03:57:53.374 5276 5276 I wm_on_top_resumed_gained_called: [220481242,com.android.permissioncontroller.permission.ui.GrantPermissionsActivity,topStateChangedWhenResumed]
11-16 03:57:53.383 1504 1572 I input_focus: [Focus request 94fc006 com.android.permissioncontroller/com.android.permissioncontroller.permission.ui.GrantPermissionsActivity,reason=UpdateInputWindows]
11-16 03:57:53.391 1504 1682 I input_focus: [Focus leaving e1de84c com.android.launcher3/com.android.launcher3.uioverrides.QuickstepLauncher (server),reason=Waiting for window because NOT_VISIBLE]
11-16 03:57:53.396 1504 4899 I wm_finish_activity: [0,220481242,296,com.android.permissioncontroller/.permission.ui.GrantPermissionsActivity,app-request]
11-16 03:57:53.403 1504 4899 I wm_pause_activity: [0,220481242,com.android.permissioncontroller/.permission.ui.GrantPermissionsActivity,userLeaving=false,finish]
11-16 03:57:53.406 5276 5276 I wm_on_top_resumed_lost_called: [220481242,com.android.permissioncontroller.permission.ui.GrantPermissionsActivity,topStateChangedWhenResumed]
11-16 03:57:53.408 5276 5276 I wm_on_paused_called: [220481242,com.android.permissioncontroller.permission.ui.GrantPermissionsActivity,performPause]
11-16 03:57:53.408 1504 1682 I input_focus: [Focus entering 94fc006 com.android.permissioncontroller/com.android.permissioncontroller.permission.ui.GrantPermissionsActivity (server),reason=Window became focusable. Previous reason: NOT_VISIBLE]
11-16 03:57:53.408 1504 4613 I wm_add_to_stopping: [0,220481242,com.android.permissioncontroller/.permission.ui.GrantPermissionsActivity,completeFinishing]
11-16 03:57:53.409 1504 4613 I wm_set_resumed_activity: [0,com.android.deskclock/.DeskClock,resumeTopActivityInnerLocked]
11-16 03:57:53.410 1504 4613 I wm_resume_activity: [0,75809773,296,com.android.deskclock/.DeskClock]
11-16 03:57:53.412 1504 1568 I sysui_multi_action: [319,292,322,291,325,2062,757,761,758,7,759,2,806,com.android.permissioncontroller,871,com.android.permissioncontroller.permission.ui.GrantPermissionsActivity,904,com.android.deskclock,905,0,945,174,1320,8,1321,5]
11-16 03:57:53.413 1504 1568 I wm_activity_launch_time: [0,220481242,com.android.permissioncontroller/.permission.ui.GrantPermissionsActivity,291]
11-16 03:57:53.418 1504 1572 I input_focus: [Focus request 1206e00 com.android.deskclock/com.android.deskclock.DeskClock,reason=UpdateInputWindows]
11-16 03:57:53.419 1504 1571 I sysui_multi_action: [757,803,799,window_time_2,802,0]
11-16 03:57:53.420 5256 5256 I wm_on_activity_result_called: [75809773,com.android.deskclock.DeskClock,ACTIVITY_RESULT]
11-16 03:57:53.420 5256 5256 I wm_on_resume_called: [75809773,com.android.deskclock.DeskClock,RESUME_ACTIVITY]
11-16 03:57:53.421 5256 5256 I wm_on_top_resumed_gained_called: [75809773,com.android.deskclock.DeskClock,topWhenResuming]
11-16 03:57:53.425 1504 1682 I input_focus: [Focus leaving 94fc006 com.android.permissioncontroller/com.android.permissioncontroller.permission.ui.GrantPermissionsActivity (server),reason=NO_WINDOW]
11-16 03:57:53.440 1504 1682 I input_focus: [Focus entering 1206e00 com.android.deskclock/com.android.deskclock.DeskClock (server),reason=setFocusedWindow]
11-16 03:57:53.681 1504 1571 I wm_destroy_activity: [0,220481242,296,com.android.permissioncontroller/.permission.ui.GrantPermissionsActivity,finish-imm:idle]
11-16 03:57:53.698 5276 5276 I wm_on_stop_called: [220481242,com.android.permissioncontroller.permission.ui.GrantPermissionsActivity,LIFECYCLER_STOP_ACTIVITY]
11-16 03:57:53.700 5276 5276 I wm_on_destroy_called: [220481242,com.android.permissioncontroller.permission.ui.GrantPermissionsActivity,performDestroy]
11-16 03:57:54.731 2496 2496 I view_enqueue_input_event: [Motion - Cancel,com.android.launcher3/com.android.launcher3.uioverrides.QuickstepLauncher]
11-16 03:57:54.743 1504 1682 I input_interaction: Interaction with: edge-swipe (server), swipe-up (server), PointerEventDispatcher0 (server),
11-16 03:57:55.062 1504 5212 I wm_task_moved: [280,1,6]
11-16 03:57:55.072 1504 5212 I wm_set_resumed_activity: [0,com.android.launcher3/.uioverrides.QuickstepLauncher,positionChildAt]
11-16 03:57:55.072 1504 5212 I wm_task_moved: [281,1,2147483647]
11-16 03:57:55.072 1504 5212 I wm_task_to_front: [0,281]
11-16 03:57:55.072 1504 5212 I wm_focused_root_task: [0,0,280,296,bringingFoundTaskToFront]
11-16 03:57:55.072 1504 5212 I wm_set_resumed_activity: [0,com.android.launcher3/.uioverrides.QuickstepLauncher,bringingFoundTaskToFront]
11-16 03:57:55.074 1504 5212 I wm_new_intent: [0,50203839,281,com.android.launcher3/.uioverrides.QuickstepLauncher,android.intent.action.MAIN,NULL,NULL,268500992]
11-16 03:57:55.074 1504 5212 I wm_task_moved: [280,1,6]
11-16 03:57:55.075 1504 5212 I wm_set_resumed_activity: [0,com.android.launcher3/.uioverrides.QuickstepLauncher,positionChildAt]
11-16 03:57:55.077 5256 5256 I wm_on_top_resumed_lost_called: [75809773,com.android.deskclock.DeskClock,topStateChangedWhenResumed]
11-16 03:57:55.083 1504 1572 I input_focus: [Focus request e1de84c com.android.launcher3/com.android.launcher3.uioverrides.QuickstepLauncher,reason=UpdateInputWindows]
11-16 03:57:55.083 2496 2496 I wm_on_paused_called: [50203839,com.android.launcher3.uioverrides.QuickstepLauncher,performPause]
11-16 03:57:55.085 2496 2496 I wm_on_resume_called: [50203839,com.android.launcher3.uioverrides.QuickstepLauncher,LIFECYCLER_RESUME_ACTIVITY]
