11-16 03:59:02.423 1504 1601 I am_wtf : [0,1504,system_server,-1,DisplayDeviceConfig,requesting nits when no mapping exists.]
11-16 03:59:02.429 1504 1601 I am_wtf : [0,1504,system_server,-1,DisplayDeviceConfig,requesting nits when no mapping exists.]
11-16 03:59:02.441 1504 1601 I am_wtf : [0,1504,system_server,-1,DisplayDeviceConfig,requesting nits when no mapping exists.]
11-16 03:59:02.442 1504 1601 I am_wtf : [0,1504,system_server,-1,DisplayDeviceConfig,requesting nits when no mapping exists.]
11-16 03:59:02.456 1504 1601 I am_wtf : [0,1504,system_server,-1,DisplayDeviceConfig,requesting nits when no mapping exists.]
11-16 03:59:02.457 1504 1601 I am_wtf : [0,1504,system_server,-1,DisplayDeviceConfig,requesting nits when no mapping exists.]
11-16 03:59:02.472 1504 1601 I am_wtf : [0,1504,system_server,-1,DisplayDeviceConfig,requesting nits when no mapping exists.]
11-16 03:59:02.474 1504 1601 I am_wtf : [0,1504,system_server,-1,DisplayDeviceConfig,requesting nits when no mapping exists.]
11-16 03:59:02.492 1504 1601 I am_wtf : [0,1504,system_server,-1,DisplayDeviceConfig,requesting nits when no mapping exists.]
11-16 03:59:02.493 1504 1601 I am_wtf : [0,1504,system_server,-1,DisplayDeviceConfig,requesting nits when no mapping exists.]
11-16 03:59:02.510 1504 1571 I wm_stop_activity: [0,50203839,com.android.launcher3/.uioverrides.QuickstepLauncher]
11-16 03:59:02.514 1504 1601 I am_wtf : [0,1504,system_server,-1,DisplayDeviceConfig,requesting nits when no mapping exists.]
11-16 03:59:02.516 1504 1601 I am_wtf : [0,1504,system_server,-1,DisplayDeviceConfig,requesting nits when no mapping exists.]
11-16 03:59:02.529 1504 1601 I am_wtf : [0,1504,system_server,-1,DisplayDeviceConfig,requesting nits when no mapping exists.]
11-16 03:59:02.530 1504 1601 I am_wtf : [0,1504,system_server,-1,DisplayDeviceConfig,requesting nits when no mapping exists.]
11-16 03:59:02.539 1504 1601 I am_wtf : [0,1504,system_server,-1,DisplayDeviceConfig,requesting nits when no mapping exists.]
11-16 03:59:02.540 1504 1601 I am_wtf : [0,1504,system_server,-1,DisplayDeviceConfig,requesting nits when no mapping exists.]
11-16 03:59:02.545 2496 2496 I wm_on_stop_called: [50203839,com.android.launcher3.uioverrides.QuickstepLauncher,STOP_ACTIVITY_ITEM]
11-16 03:59:02.556 1504 1601 I am_wtf : [0,1504,system_server,-1,DisplayDeviceConfig,requesting nits when no mapping exists.]
11-16 03:59:02.557 1504 1601 I am_wtf : [0,1504,system_server,-1,DisplayDeviceConfig,requesting nits when no mapping exists.]
11-16 03:59:02.570 1504 1601 I am_wtf : [0,1504,system_server,-1,DisplayDeviceConfig,requesting nits when no mapping exists.]
11-16 03:59:02.571 1504 1601 I am_wtf : [0,1504,system_server,-1,DisplayDeviceConfig,requesting nits when no mapping exists.]
11-16 03:59:02.587 1504 1601 I am_wtf : [0,1504,system_server,-1,DisplayDeviceConfig,requesting nits when no mapping exists.]
11-16 03:59:02.588 1504 1601 I am_wtf : [0,1504,system_server,-1,DisplayDeviceConfig,requesting nits when no mapping exists.]
11-16 03:59:02.604 1504 1601 I am_wtf : [0,1504,system_server,-1,DisplayDeviceConfig,requesting nits when no mapping exists.]
11-16 03:59:02.605 1504 1601 I am_wtf : [0,1504,system_server,-1,DisplayDeviceConfig,requesting nits when no mapping exists.]
11-16 03:59:02.621 1504 1601 I am_wtf : [0,1504,system_server,-1,DisplayDeviceConfig,requesting nits when no mapping exists.]
11-16 03:59:02.622 1504 1601 I am_wtf : [0,1504,system_server,-1,DisplayDeviceConfig,requesting nits when no mapping exists.]
11-16 03:59:02.637 1504 1601 I am_wtf : [0,1504,system_server,-1,DisplayDeviceConfig,requesting nits when no mapping exists.]
11-16 03:59:02.638 1504 1601 I am_wtf : [0,1504,system_server,-1,DisplayDeviceConfig,requesting nits when no mapping exists.]
11-16 03:59:02.654 1504 1601 I am_wtf : [0,1504,system_server,-1,DisplayDeviceConfig,requesting nits when no mapping exists.]
11-16 03:59:02.655 1504 1601 I am_wtf : [0,1504,system_server,-1,DisplayDeviceConfig,requesting nits when no mapping exists.]
11-16 03:59:02.672 1504 1601 I am_wtf : [0,1504,system_server,-1,DisplayDeviceConfig,requesting nits when no mapping exists.]
11-16 03:59:02.673 1504 1601 I am_wtf : [0,1504,system_server,-1,DisplayDeviceConfig,requesting nits when no mapping exists.]
11-16 03:59:02.689 1504 1601 I am_wtf : [0,1504,system_server,-1,DisplayDeviceConfig,requesting nits when no mapping exists.]
11-16 03:59:02.691 1504 1601 I am_wtf : [0,1504,system_server,-1,DisplayDeviceConfig,requesting nits when no mapping exists.]
11-16 03:59:02.706 1504 1601 I am_wtf : [0,1504,system_server,-1,DisplayDeviceConfig,requesting nits when no mapping exists.]
11-16 03:59:02.707 1504 1601 I am_wtf : [0,1504,system_server,-1,DisplayDeviceConfig,requesting nits when no mapping exists.]
11-16 03:59:02.723 1504 1601 I am_wtf : [0,1504,system_server,-1,DisplayDeviceConfig,requesting nits when no mapping exists.]
11-16 03:59:02.724 1504 1601 I am_wtf : [0,1504,system_server,-1,DisplayDeviceConfig,requesting nits when no mapping exists.]
11-16 03:59:02.733 1504 1601 I am_uid_idle: 10068
11-16 03:59:02.738 1504 1601 I am_wtf : [0,1504,system_server,-1,DisplayDeviceConfig,requesting nits when no mapping exists.]
11-16 03:59:02.739 1504 1601 I am_wtf : [0,1504,system_server,-1,DisplayDeviceConfig,requesting nits when no mapping exists.]
11-16 03:59:02.755 1504 1601 I am_wtf : [0,1504,system_server,-1,DisplayDeviceConfig,requesting nits when no mapping exists.]
11-16 03:59:02.756 1504 1601 I am_wtf : [0,1504,system_server,-1,DisplayDeviceConfig,requesting nits when no mapping exists.]
11-16 03:59:02.756 1504 1601 I service_manager_stats: [100,63,6900]
11-16 03:59:02.771 1504 1601 I am_wtf : [0,1504,system_server,-1,DisplayDeviceConfig,requesting nits when no mapping exists.]
11-16 03:59:02.772 1504 1601 I am_wtf : [0,1504,system_server,-1,DisplayDeviceConfig,requesting nits when no mapping exists.]
11-16 03:59:02.789 1504 1601 I am_wtf : [0,1504,system_server,-1,DisplayDeviceConfig,requesting nits when no mapping exists.]
11-16 03:59:02.790 1504 1601 I am_wtf : [0,1504,system_server,-1,DisplayDeviceConfig,requesting nits when no mapping exists.]
11-16 03:59:02.805 1504 1601 I am_wtf : [0,1504,system_server,-1,DisplayDeviceConfig,requesting nits when no mapping exists.]
11-16 03:59:02.807 1504 1601 I am_wtf : [0,1504,system_server,-1,DisplayDeviceConfig,requesting nits when no mapping exists.]
11-16 03:59:02.824 1504 1601 I am_wtf : [0,1504,system_server,-1,DisplayDeviceConfig,requesting nits when no mapping exists.]
11-16 03:59:02.825 1504 1601 I am_wtf : [0,1504,system_server,-1,DisplayDeviceConfig,requesting nits when no mapping exists.]
11-16 03:59:02.838 1504 1601 I am_wtf : [0,1504,system_server,-1,DisplayDeviceConfig,requesting nits when no mapping exists.]
11-16 03:59:02.840 1504 1601 I am_wtf : [0,1504,system_server,-1,DisplayDeviceConfig,requesting nits when no mapping exists.]
11-16 03:59:02.856 1504 1601 I am_wtf : [0,1504,system_server,-1,DisplayDeviceConfig,requesting nits when no mapping exists.]
11-16 03:59:02.857 1504 1601 I am_wtf : [0,1504,system_server,-1,DisplayDeviceConfig,requesting nits when no mapping exists.]
11-16 03:59:02.872 1504 1601 I am_wtf : [0,1504,system_server,-1,DisplayDeviceConfig,requesting nits when no mapping exists.]
11-16 03:59:02.873 1504 1601 I am_wtf : [0,1504,system_server,-1,DisplayDeviceConfig,requesting nits when no mapping exists.]
11-16 03:59:02.888 1504 1601 I am_wtf : [0,1504,system_server,-1,DisplayDeviceConfig,requesting nits when no mapping exists.]
11-16 03:59:02.889 1504 1601 I am_wtf : [0,1504,system_server,-1,DisplayDeviceConfig,requesting nits when no mapping exists.]
11-16 03:59:02.907 1504 1601 I am_wtf : [0,1504,system_server,-1,DisplayDeviceConfig,requesting nits when no mapping exists.]
11-16 03:59:02.908 1504 1601 I am_wtf : [0,1504,system_server,-1,DisplayDeviceConfig,requesting nits when no mapping exists.]
11-16 03:59:02.924 1504 1601 I am_wtf : [0,1504,system_server,-1,DisplayDeviceConfig,requesting nits when no mapping exists.]
11-16 03:59:02.925 1504 1601 I am_wtf : [0,1504,system_server,-1,DisplayDeviceConfig,requesting nits when no mapping exists.]
11-16 03:59:02.940 1504 1601 I am_wtf : [0,1504,system_server,-1,DisplayDeviceConfig,requesting nits when no mapping exists.]
11-16 03:59:02.941 1504 1601 I am_wtf : [0,1504,system_server,-1,DisplayDeviceConfig,requesting nits when no mapping exists.]
11-16 03:59:02.956 1504 1601 I am_wtf : [0,1504,system_server,-1,DisplayDeviceConfig,requesting nits when no mapping exists.]
11-16 03:59:02.957 1504 1601 I am_wtf : [0,1504,system_server,-1,DisplayDeviceConfig,requesting nits when no mapping exists.]
11-16 03:59:02.974 1504 1601 I am_wtf : [0,1504,system_server,-1,DisplayDeviceConfig,requesting nits when no mapping exists.]
11-16 03:59:02.976 1504 1601 I am_wtf : [0,1504,system_server,-1,DisplayDeviceConfig,requesting nits when no mapping exists.]
11-16 03:59:02.990 1504 1601 I am_wtf : [0,1504,system_server,-1,DisplayDeviceConfig,requesting nits when no mapping exists.]
11-16 03:59:02.990 1504 1601 I am_wtf : [0,1504,system_server,-1,DisplayDeviceConfig,requesting nits when no mapping exists.]
11-16 03:59:03.008 1504 1601 I am_wtf : [0,1504,system_server,-1,DisplayDeviceConfig,requesting nits when no mapping exists.]
11-16 03:59:03.010 1504 1601 I am_wtf : [0,1504,system_server,-1,DisplayDeviceConfig,requesting nits when no mapping exists.]
11-16 03:59:03.024 1504 1601 I am_wtf : [0,1504,system_server,-1,DisplayDeviceConfig,requesting nits when no mapping exists.]
11-16 03:59:03.025 1504 1601 I am_wtf : [0,1504,system_server,-1,DisplayDeviceConfig,requesting nits when no mapping exists.]
11-16 03:59:03.039 1504 1601 I am_wtf : [0,1504,system_server,-1,DisplayDeviceConfig,requesting nits when no mapping exists.]
11-16 03:59:03.040 1504 1601 I am_wtf : [0,1504,system_server,-1,DisplayDeviceConfig,requesting nits when no mapping exists.]
11-16 03:59:03.055 1504 1601 I am_wtf : [0,1504,system_server,-1,DisplayDeviceConfig,requesting nits when no mapping exists.]
11-16 03:59:03.056 1504 1601 I am_wtf : [0,1504,system_server,-1,DisplayDeviceConfig,requesting nits when no mapping exists.]
11-16 03:59:03.073 1504 1601 I am_wtf : [0,1504,system_server,-1,DisplayDeviceConfig,requesting nits when no mapping exists.]
11-16 03:59:03.074 1504 1601 I am_wtf : [0,1504,system_server,-1,DisplayDeviceConfig,requesting nits when no mapping exists.]
11-16 03:59:03.091 1504 1601 I am_wtf : [0,1504,system_server,-1,DisplayDeviceConfig,requesting nits when no mapping exists.]
11-16 03:59:03.093 1504 1601 I am_wtf : [0,1504,system_server,-1,DisplayDeviceConfig,requesting nits when no mapping exists.]
11-16 03:59:03.106 1504 1601 I am_wtf : [0,1504,system_server,-1,DisplayDeviceConfig,requesting nits when no mapping exists.]
11-16 03:59:03.107 1504 1601 I am_wtf : [0,1504,system_server,-1,DisplayDeviceConfig,requesting nits when no mapping exists.]
11-16 03:59:03.125 1504 1601 I am_wtf : [0,1504,system_server,-1,DisplayDeviceConfig,requesting nits when no mapping exists.]
11-16 03:59:03.126 1504 1601 I am_wtf : [0,1504,system_server,-1,DisplayDeviceConfig,requesting nits when no mapping exists.]
11-16 03:59:03.142 1504 1601 I am_wtf : [0,1504,system_server,-1,DisplayDeviceConfig,requesting nits when no mapping exists.]
11-16 03:59:03.143 1504 1601 I am_wtf : [0,1504,system_server,-1,DisplayDeviceConfig,requesting nits when no mapping exists.]
11-16 03:59:03.163 1504 1601 I am_wtf : [0,1504,system_server,-1,DisplayDeviceConfig,requesting nits when no mapping exists.]
11-16 03:59:03.164 1504 1601 I am_wtf : [0,1504,system_server,-1,DisplayDeviceConfig,requesting nits when no mapping exists.]
11-16 03:59:03.182 1504 1601 I am_wtf : [0,1504,system_server,-1,DisplayDeviceConfig,requesting nits when no mapping exists.]
11-16 03:59:03.184 1504 1601 I am_wtf : [0,1504,system_server,-1,DisplayDeviceConfig,requesting nits when no mapping exists.]
11-16 04:00:08.581 1504 1601 I am_uid_idle: 10066
11-16 04:04:23.198 1504 1701 I netstats_mobile_sample: [0,0,0,0,0,0,0,0,0,0,0,0,1668542663198]
11-16 04:04:23.198 1504 1701 I netstats_wifi_sample: [0,0,0,0,0,0,0,0,0,0,0,0,1668542663198]
11-16 04:04:23.207 1504 1598 I am_pss : [4192,10051,com.thundercomm.screensaver,64046080,58077184,0,177631232,0,2,14]
11-16 04:05:49.829 1504 1668 I am_freeze: [3189,com.qti.diagservices]
11-16 04:05:49.830 1504 1668 I am_kill : [0,3189,com.qti.diagservices,985,Unable to freeze binder interface]
11-16 04:05:49.863 1504 4314 I am_proc_died: [0,3189,com.qti.diagservices,985,10]
11-16 04:05:49.865 1504 4314 I am_schedule_service_restart: [0,com.qti.diagservices/.QTIDiagServices,1000]
11-16 04:05:49.877 1504 1598 I am_pss : [5214,10086,com.android.music,32328704,25985024,0,151859200,0,2,7]
11-16 04:05:49.886 1504 1598 I am_pss : [5256,10068,com.android.deskclock,30459904,23875584,0,151224320,0,18,7]
11-16 04:05:49.893 1504 1598 I am_pss : [5276,10094,com.android.permissioncontroller,17537024,13344768,0,116412416,0,19,5]
11-16 04:05:49.898 1504 1598 I am_pss : [5351,10031,com.android.musicfx,5864448,3870720,0,90632192,0,19,4]
11-16 04:05:49.903 1504 1598 I am_pss : [5215,10064,com.android.gallery3d,8494080,6393856,0,94351360,0,19,4]
11-16 04:05:50.904 1504 1603 I am_proc_start: [0,5469,1000,com.qti.diagservices,service,{com.qti.diagservices/com.qti.diagservices.QTIDiagServices}]
11-16 04:05:50.958 1504 4314 I am_proc_bound: [0,5469,com.qti.diagservices]
11-16 04:05:50.995 5469 5469 I auditd : type=1400 audit(0.0:526): avc: denied { read write } for comm="ti.diagservices" name="diag" dev="tmpfs" ino=11695 scontext=u:r:system_app:s0 tcontext=u:object_r:vendor_diag_device:s0 tclass=chr_file permissive=0
11-16 04:07:02.879 1504 1668 I am_freeze: [4985,com.android.settings]
11-16 04:07:02.882 1504 1668 I am_freeze: [5003,com.android.calendar]
11-16 04:07:02.884 1504 1668 I am_kill : [0,4985,com.android.settings,955,Unable to freeze binder interface]
11-16 04:07:02.886 1504 1668 I am_kill : [0,5003,com.android.calendar,945,Unable to freeze binder interface]
11-16 04:07:02.923 1504 4314 I am_proc_died: [0,5003,com.android.calendar,945,19]
11-16 04:07:02.924 1504 4314 I am_uid_stopped: 10063
11-16 04:07:02.927 1504 4613 I am_proc_died: [0,4985,com.android.settings,955,19]
11-16 04:07:02.937 1504 1598 I am_pss : [5214,10086,com.android.music,32429056,26042368,0,151916544,0,2,8]
11-16 04:07:02.943 1504 1598 I am_pss : [5469,1000,com.qti.diagservices,6195200,3866624,0,93704192,0,10,6]
11-16 04:07:50.080 1504 1668 I am_freeze: [5215,com.android.gallery3d]
11-16 04:07:50.081 1504 1668 I am_kill : [0,5215,com.android.gallery3d,935,Unable to freeze binder interface]
11-16 04:07:50.114 1504 4613 I am_proc_died: [0,5215,com.android.gallery3d,935,19]
11-16 04:07:50.115 1504 4613 I am_uid_stopped: 10064
11-16 04:07:50.123 1504 1598 I am_pss : [5469,1000,com.qti.diagservices,6242304,3866624,0,93704192,0,10,6]
11-16 04:08:01.453 1504 1668 I am_freeze: [5351,com.android.musicfx]
11-16 04:08:01.454 1504 1668 I am_kill : [0,5351,com.android.musicfx,925,Unable to freeze binder interface]
11-16 04:08:01.496 1504 4314 I am_proc_died: [0,5351,com.android.musicfx,925,19]
11-16 04:08:01.497 1504 4314 I am_uid_stopped: 10031
11-16 04:08:02.659 1504 1668 I am_freeze: [5276,com.android.permissioncontroller]
11-16 04:08:02.660 1504 1668 I am_kill : [0,5276,com.android.permissioncontroller,915,Unable to freeze binder interface]
11-16 04:08:02.715 1504 4314 I am_proc_died: [0,5276,com.android.permissioncontroller,915,19]
11-16 04:08:02.716 1504 4314 I am_uid_stopped: 10094
11-16 04:08:03.320 1504 1668 I am_freeze: [5256,com.android.deskclock]
11-16 04:08:03.322 1504 1668 I am_kill : [0,5256,com.android.deskclock,900,Unable to freeze binder interface]
11-16 04:08:03.376 1504 4314 I am_proc_died: [0,5256,com.android.deskclock,900,18]
11-16 04:08:03.377 1504 4314 I am_uid_stopped: 10068
11-16 04:08:29.160 1504 1682 I input_interaction: Interaction with: b7b4613 com.thundercomm.screensaver/android.service.dreams.DreamActivity (server), edge-swipe (server), swipe-up (server), PointerEventDispatcher0 (server),
11-16 04:08:29.165 1504 4314 I wm_finish_activity: [0,62218769,299,com.thundercomm.screensaver/android.service.dreams.DreamActivity,finish-activity]
11-16 04:08:29.165 1504 4314 I wm_task_moved: [298,1,6]
11-16 04:08:29.165 1504 4314 I wm_task_to_front: [0,298]
11-16 04:08:29.167 1504 4314 I wm_set_resumed_activity: [0,com.android.music/.MusicBrowserActivity,positionChildAt]
11-16 04:08:29.167 1504 4314 I wm_focused_root_task: [0,0,298,299,finish-top adjustFocusToNextFocusableTask]
11-16 04:08:29.167 1504 4314 I wm_set_resumed_activity: [0,com.android.music/.MusicBrowserActivity,finish-top]
11-16 04:08:29.169 1504 4314 I wm_pause_activity: [0,62218769,com.thundercomm.screensaver/android.service.dreams.DreamActivity,userLeaving=false,finish]
11-16 04:08:29.183 4192 4192 I wm_on_top_resumed_lost_called: [62218769,android.service.dreams.DreamActivity,topStateChangedWhenResumed]
11-16 04:08:29.184 4192 4192 I wm_on_paused_called: [62218769,android.service.dreams.DreamActivity,performPause]
11-16 04:08:29.184 5214 5214 I wm_on_top_resumed_gained_called: [197026824,com.android.music.MusicBrowserActivity,topStateChangedWhenResumed]
11-16 04:08:29.189 1504 4303 I wm_resume_activity: [0,50203839,281,com.android.launcher3/.uioverrides.QuickstepLauncher]
11-16 04:08:29.203 1504 1682 I input_focus: [Focus leaving b7b4613 com.thundercomm.screensaver/android.service.dreams.DreamActivity (server),reason=NO_WINDOW]
11-16 04:08:29.203 4192 4192 I view_enqueue_input_event: [Motion - Cancel,com.thundercomm.screensaver/android.service.dreams.DreamActivity]
11-16 04:08:29.207 1504 1571 I sysui_multi_action: [757,803,799,window_time_0,802,567]
11-16 04:08:29.209 1504 1572 I input_focus: [Focus request 1e7ba80 com.android.music/com.android.music.MusicBrowserActivity,reason=UpdateInputWindows]
11-16 04:08:29.210 2496 2496 I wm_on_restart_called: [50203839,com.android.launcher3.uioverrides.QuickstepLauncher,performRestartActivity]
11-16 04:08:29.211 2496 2496 I wm_on_start_called: [50203839,com.android.launcher3.uioverrides.QuickstepLauncher,handleStartActivity]
11-16 04:08:29.212 2496 2496 I wm_on_resume_called: [50203839,com.android.launcher3.uioverrides.QuickstepLauncher,RESUME_ACTIVITY]
11-16 04:08:29.213 1504 1571 I sysui_multi_action: [757,803,799,window_time_2,802,0]
11-16 04:08:29.215 1504 1571 I am_uid_running: 10064
11-16 04:08:29.235 1504 1603 I am_proc_start: [0,5500,10064,com.android.gallery3d,NULL,]
11-16 04:08:29.238 1504 1504 I am_uid_active: 10066
11-16 04:08:29.245 1504 1682 I input_focus: [Focus entering 1e7ba80 com.android.music/com.android.music.MusicBrowserActivity (server),reason=setFocusedWindow]
11-16 04:08:29.253 1504 1603 I am_proc_start: [0,5507,1000,com.android.settings,NULL,]
11-16 04:08:29.260 1504 5498 I am_proc_bound: [0,5500,com.android.gallery3d]
11-16 04:08:29.277 1504 5497 I am_proc_bound: [0,5507,com.android.settings]
11-16 04:08:29.279 1504 5498 I wm_destroy_activity: [0,62218769,299,com.thundercomm.screensaver/android.service.dreams.DreamActivity,finish-idle]
11-16 04:08:29.280 4192 4192 I wm_on_stop_called: [62218769,android.service.dreams.DreamActivity,LIFECYCLER_STOP_ACTIVITY]
11-16 04:08:29.280 4192 4192 I wm_on_destroy_called: [62218769,android.service.dreams.DreamActivity,performDestroy]
11-16 04:08:29.292 1504 1568 I sysui_multi_action: [757,222,758,2]
11-16 04:08:29.292 1504 1568 I sysui_multi_action: [757,804,799,dreaming_minutes,801,9,802,1]
11-16 04:08:29.500 1504 1572 I wm_task_removed: [299,removeChild:removeChild last r=ActivityRecord{3b56211 u0 com.thundercomm.screensaver/android.service.dreams.DreamActivity t-1 f}} in t=Task{d4e6ab2 #299 type=dream A=10051:android:com.thundercomm.screensaver/dream U=0 visible=false mode=fullscreen translucent=true sz=0}]
11-16 04:08:29.500 1504 1572 I wm_task_removed: [299,removeChild]
11-16 04:08:30.632 1504 1682 I input_interaction: Interaction with: 1e7ba80 com.android.music/com.android.music.MusicBrowserActivity (server), edge-swipe (server), swipe-up (server), PointerEventDispatcher0 (server),
11-16 04:08:30.751 1504 5497 I wm_finish_activity: [0,197026824,298,com.android.music/.MusicBrowserActivity,finish-activity]
11-16 04:08:30.752 1504 5497 I wm_task_moved: [280,1,6]
11-16 04:08:30.755 1504 5497 I wm_set_resumed_activity: [0,com.android.launcher3/.uioverrides.QuickstepLauncher,positionChildAt]
11-16 04:08:30.755 1504 5497 I wm_task_moved: [281,1,2147483647]
11-16 04:08:30.756 1504 5497 I wm_task_to_front: [0,281]
11-16 04:08:30.756 1504 5497 I wm_focused_root_task: [0,0,280,-1,finish-top adjustFocusToNextFocusableTask]
11-16 04:08:30.756 1504 5497 I wm_set_resumed_activity: [0,com.android.launcher3/.uioverrides.QuickstepLauncher,finish-top]
11-16 04:08:30.769 1504 5497 I wm_pause_activity: [0,197026824,com.android.music/.MusicBrowserActivity,userLeaving=false,finish]
11-16 04:08:30.775 5214 5214 I wm_on_top_resumed_lost_called: [197026824,com.android.music.MusicBrowserActivity,topStateChangedWhenResumed]
11-16 04:08:30.775 1504 1572 I input_focus: [Focus request e1de84c com.android.launcher3/com.android.launcher3.uioverrides.QuickstepLauncher,reason=UpdateInputWindows]
11-16 04:08:30.776 5214 5214 I wm_on_paused_called: [197026824,com.android.music.MusicBrowserActivity,performPause]
11-16 04:08:30.776 2496 2496 I wm_on_top_resumed_gained_called: [50203839,com.android.launcher3.uioverrides.QuickstepLauncher,topStateChangedWhenResumed]
11-16 04:08:30.777 1504 5498 I wm_destroy_activity: [0,197026824,298,com.android.music/.MusicBrowserActivity,finish-imm:completePausedLocked]
11-16 04:08:30.790 1504 1682 I input_focus: [Focus leaving 1e7ba80 com.android.music/com.android.music.MusicBrowserActivity (server),reason=NO_WINDOW]
11-16 04:08:30.791 1504 1682 I input_focus: [Focus entering e1de84c com.android.launcher3/com.android.launcher3.uioverrides.QuickstepLauncher (server),reason=setFocusedWindow]
11-16 04:08:30.805 5214 5214 I wm_on_stop_called: [197026824,com.android.music.MusicBrowserActivity,LIFECYCLER_STOP_ACTIVITY]
11-16 04:08:30.816 1504 1571 I sysui_multi_action: [757,803,799,window_time_2,802,2]
11-16 04:08:30.816 1504 1571 I sysui_multi_action: [757,803,799,window_time_0,802,0]
11-16 04:08:30.819 5214 5214 I wm_on_destroy_called: [197026824,com.android.music.MusicBrowserActivity,performDestroy]
11-16 04:08:30.833 1504 1601 I am_uid_running: 10031
11-16 04:08:30.838 1504 4303 I sysui_multi_action: [757,856,758,2,806,com.android.music,857,Channel-music,858,2]
11-16 04:08:30.842 1504 1603 I am_proc_start: [0,5540,10031,com.android.musicfx,broadcast,{com.android.musicfx/com.android.musicfx.ControlPanelReceiver}]
11-16 04:08:30.846 1504 1504 I notification_cancel_all: [1000,1504,com.android.music,0,0,0,20,NULL]
11-16 04:08:30.866 1504 4303 I am_proc_bound: [0,5540,com.android.musicfx]
11-16 04:08:31.071 1504 1572 I wm_task_removed: [298,removeChild:removeChild last r=ActivityRecord{bbe6408 u0 com.android.music/.MusicBrowserActivity t-1 f}} in t=Task{e3075ab #298 type=standard A=10086:android.task.music U=0 visible=false mode=freeform translucent=true sz=0}]
11-16 04:08:31.071 1504 1572 I wm_task_removed: [298,removeChild]
11-16 04:08:31.095 1504 1570 I commit_sys_config_file: [notification-policy,2690553]
11-16 04:08:31.848 1504 1682 I input_interaction: Interaction with: e1de84c com.android.launcher3/com.android.launcher3.uioverrides.QuickstepLauncher (server), c74be60 com.android.systemui.ImageWallpaper (server), edge-swipe (server), swipe-up (server), PointerEventDispatcher0 (server),
11-16 04:08:31.999 1504 1682 I input_interaction: Interaction with: edge-swipe (server), swipe-up (server), PointerEventDispatcher0 (server),
11-16 04:08:32.004 2496 2496 I view_enqueue_input_event: [Motion - Cancel,com.android.launcher3/com.android.launcher3.uioverrides.QuickstepLauncher]
11-16 04:08:32.169 1504 1666 I commit_sys_config_file: [settings-1-0,7]
11-16 04:08:32.455 1504 1666 I commit_sys_config_file: [settings-1-0,5]
11-16 04:08:33.114 1504 1682 I input_interaction: Interaction with: e1de84c com.android.launcher3/com.android.launcher3.uioverrides.QuickstepLauncher (server), c74be60 com.android.systemui.ImageWallpaper (server), edge-swipe (server), swipe-up (server), PointerEventDispatcher0 (server), --------- beginning of main
11-16 04:08:40.574 645 660 I mpu_uart: [MSG-P:RECV]:No message received in 1000 ms
11-16 04:08:40.718 2769 2769 W hpplay-java: [main]:IPManager:getActiveNets invalid networkInfo:null
11-16 04:08:40.718 2769 2769 I hpplay-java: [main]:IPManager:getActiveNets eth0:false wifi:false mobile:false ap:false
11-16 04:08:40.719 2769 2769 I hpplay-java: [main]:ServerTaskManager:get local ip:null --------- beginning of system
11-16 04:08:40.777 1504 1571 W ActivityTaskManager: Launch timeout has expired, giving up wake lock!
11-16 04:08:41.574 645 660 I mpu_uart: [MSG-P:RECV]:No message received in 1000 ms
11-16 04:08:41.721 2769 2769 W hpplay-java: [main]:IPManager:getActiveNets invalid networkInfo:null
11-16 04:08:41.721 2769 2769 I hpplay-java: [main]:IPManager:getActiveNets eth0:false wifi:false mobile:false ap:false
11-16 04:08:41.721 2769 2769 I hpplay-java: [main]:ServerTaskManager:get local ip:null
11-16 04:08:42.397 645 659 I mpu_uart: [MSG-P:R]:recv sync frame timeout
11-16 04:08:42.574 645 660 I mpu_uart: [MSG-P:RECV]:No message received in 1000 ms
11-16 04:08:42.723 2769 2769 W hpplay-java: [main]:IPManager:getActiveNets invalid networkInfo:null
11-16 04:08:42.723 2769 2769 I hpplay-java: [main]:IPManager:getActiveNets eth0:false wifi:false mobile:false ap:false
11-16 04:08:42.723 2769 2769 I hpplay-java: [main]:ServerTaskManager:get local ip:null
11-16 04:08:43.575 645 660 I mpu_uart: [MSG-P:RECV]:No message received in 1000 ms
11-16 04:08:43.725 2769 2769 W hpplay-java: [main]:IPManager:getActiveNets invalid networkInfo:null
11-16 04:08:43.725 2769 2769 I hpplay-java: [main]:IPManager:getActiveNets eth0:false wifi:false mobile:false ap:false
11-16 04:08:43.725 2769 2769 I hpplay-java: [main]:ServerTaskManager:get local ip:null
11-16 04:08:44.575 645 660 I mpu_uart: [MSG-P:RECV]:No message received in 1000 ms
11-16 04:08:44.727 2769 2769 W hpplay-java: [main]:IPManager:getActiveNets invalid networkInfo:null
11-16 04:08:44.727 2769 2769 I hpplay-java: [main]:IPManager:getActiveNets eth0:false wifi:false mobile:false ap:false
11-16 04:08:44.727 2769 2769 I hpplay-java: [main]:ServerTaskManager:get local ip:null
11-16 04:08:45.400 645 659 I mpu_uart: [MSG-P:R]:recv sync frame timeout
11-16 04:08:45.575 645 660 I mpu_uart: [MSG-P:RECV]:No message received in 1000 ms
11-16 04:08:45.729 2769 2769 W hpplay-java: [main]:IPManager:getActiveNets invalid networkInfo:null
11-16 04:08:45.729 2769 2769 I hpplay-java: [main]:IPManager:getActiveNets eth0:false wifi:false mobile:false ap:false
11-16 04:08:45.729 2769 2769 I hpplay-java: [main]:ServerTaskManager:get local ip:null
11-16 04:08:46.575 645 660 I mpu_uart: [MSG-P:RECV]:No message received in 1000 ms
11-16 04:08:46.730 2769 2769 W hpplay-java: [main]:IPManager:getActiveNets invalid networkInfo:null
11-16 04:08:46.731 2769 2769 I hpplay-java: [main]:IPManager:getActiveNets eth0:false wifi:false mobile:false ap:false
11-16 04:08:46.731 2769 2769 I hpplay-java: [main]:ServerTaskManager:get local ip:null
11-16 04:08:47.576 645 660 I mpu_uart: [MSG-P:RECV]:No message received in 1000 ms
11-16 04:08:47.732 2769 2769 W hpplay-java: [main]:IPManager:getActiveNets invalid networkInfo:null
11-16 04:08:47.733 2769 2769 I hpplay-java: [main]:IPManager:getActiveNets eth0:false wifi:false mobile:false ap:false
11-16 04:08:47.733 2769 2769 I hpplay-java: [main]:ServerTaskManager:get local ip:null
11-16 04:08:48.247 2769 2769 I hpplay-java: [main]:IMTask:getIMRoot
11-16 04:08:48.255 2769 5566 W hpplay-java: [AsyncTask #142]:HttpRequest:
11-16 04:08:48.256 2769 5566 W hpplay-java: [AsyncTask #142]:HttpRequest:
11-16 04:08:48.258 2769 5566 W hpplay-java: [AsyncTask #142]:HttpRequest:
11-16 04:08:48.258 2769 2769 E hpplay-java: [main]:IMTask:getIMRoot failed
11-16 04:08:48.403 645 659 I mpu_uart: [MSG-P:R]:recv sync frame timeout
11-16 04:08:48.576 645 660 I mpu_uart: [MSG-P:RECV]:No message received in 1000 ms
11-16 04:08:48.734 2769 2769 W hpplay-java: [main]:IPManager:getActiveNets invalid networkInfo:null
11-16 04:08:48.734 2769 2769 I hpplay-java: [main]:IPManager:getActiveNets eth0:false wifi:false mobile:false ap:false
11-16 04:08:48.734 2769 2769 I hpplay-java: [main]:ServerTaskManager:get local ip:null
11-16 04:08:49.576 645 660 I mpu_uart: [MSG-P:RECV]:No message received in 1000 ms
11-16 04:08:49.736 2769 2769 W hpplay-java: [main]:IPManager:getActiveNets invalid networkInfo:null
11-16 04:08:49.736 2769 2769 I hpplay-java: [main]:IPManager:getActiveNets eth0:false wifi:false mobile:false ap:false
11-16 04:08:49.736 2769 2769 I hpplay-java: [main]:ServerTaskManager:get local ip:null
11-16 04:08:50.576 645 660 I mpu_uart: [MSG-P:RECV]:No message received in 1000 ms
11-16 04:08:50.738 2769 2769 W hpplay-java: [main]:IPManager:getActiveNets invalid networkInfo:null
11-16 04:08:50.738 2769 2769 I hpplay-java: [main]:IPManager:getActiveNets eth0:false wifi:false mobile:false ap:false
11-16 04:08:50.738 2769 2769 I hpplay-java: [main]:ServerTaskManager:get local ip:null
11-16 04:08:51.406 645 659 I mpu_uart: [MSG-P:R]:recv sync frame timeout
11-16 04:08:51.577 645 660 I mpu_uart: [MSG-P:RECV]:No message received in 1000 ms
11-16 04:08:51.740 2769 2769 W hpplay-java: [main]:IPManager:getActiveNets invalid networkInfo:null
11-16 04:08:51.740 2769 2769 I hpplay-java: [main]:IPManager:getActiveNets eth0:false wifi:false mobile:false ap:false
11-16 04:08:51.740 2769 2769 I hpplay-java: [main]:ServerTaskManager:get local ip:null
11-16 04:08:52.577 645 660 I mpu_uart: [MSG-P:RECV]:No message received in 1000 ms
11-16 04:08:52.741 2769 2769 W hpplay-java: [main]:IPManager:getActiveNets invalid networkInfo:null
11-16 04:08:52.741 2769 2769 I hpplay-java: [main]:IPManager:getActiveNets eth0:false wifi:false mobile:false ap:false
11-16 04:08:52.741 2769 2769 I hpplay-java: [main]:ServerTaskManager:get local ip:null
11-16 04:08:53.577 645 660 I mpu_uart: [MSG-P:RECV]:No message received in 1000 ms
11-16 04:08:53.742 2769 2769 W hpplay-java: [main]:IPManager:getActiveNets invalid networkInfo:null
11-16 04:08:53.743 2769 2769 I hpplay-java: [main]:IPManager:getActiveNets eth0:false wifi:false mobile:false ap:false
11-16 04:08:53.743 2769 2769 I hpplay-java: [main]:ServerTaskManager:get local ip:null
11-16 04:08:54.410 645 659 I mpu_uart: [MSG-P:R]:recv sync frame timeout
11-16 04:08:54.577 645 660 I mpu_uart: [MSG-P:RECV]:No message received in 1000 ms
11-16 04:08:54.744 2769 2769 W hpplay-java: [main]:IPManager:getActiveNets invalid networkInfo:null
11-16 04:08:54.744 2769 2769 I hpplay-java: [main]:IPManager:getActiveNets eth0:false wifi:false mobile:false ap:false
11-16 04:08:54.744 2769 2769 I hpplay-java: [main]:ServerTaskManager:get local ip:null
11-16 04:08:55.578 645 660 I mpu_uart: [MSG-P:RECV]:No message received in 1000 ms
11-16 04:08:55.746 2769 2769 W hpplay-java: [main]:IPManager:getActiveNets invalid networkInfo:null
11-16 04:08:55.746 2769 2769 I hpplay-java: [main]:IPManager:getActiveNets eth0:false wifi:false mobile:false ap:false
11-16 04:08:55.746 2769 2769 I hpplay-java: [main]:ServerTaskManager:get local ip:null
11-16 04:08:56.578 645 660 I mpu_uart: [MSG-P:RECV]:No message received in 1000 ms
11-16 04:08:56.748 2769 2769 W hpplay-java: [main]:IPManager:getActiveNets invalid networkInfo:null
11-16 04:08:56.748 2769 2769 I hpplay-java: [main]:IPManager:getActiveNets eth0:false wifi:false mobile:false ap:false
11-16 04:08:56.748 2769 2769 I hpplay-java: [main]:ServerTaskManager:get local ip:null
11-16 04:08:57.413 645 659 I mpu_uart: [MSG-P:R]:recv sync frame timeout
11-16 04:08:57.578 645 660 I mpu_uart: [MSG-P:RECV]:No message received in 1000 ms
11-16 04:08:57.750 2769 2769 W hpplay-java: [main]:IPManager:getActiveNets invalid networkInfo:null
11-16 04:08:57.750 2769 2769 I hpplay-java: [main]:IPManager:getActiveNets eth0:false wifi:false mobile:false ap:false
11-16 04:08:57.750 2769 2769 I hpplay-java: [main]:ServerTaskManager:get local ip:null
11-16 04:08:58.578 645 660 I mpu_uart: [MSG-P:RECV]:No message received in 1000 ms
11-16 04:08:58.752 2769 2769 W hpplay-java: [main]:IPManager:getActiveNets invalid networkInfo:null
11-16 04:08:58.752 2769 2769 I hpplay-java: [main]:IPManager:getActiveNets eth0:false wifi:false mobile:false ap:false
11-16 04:08:58.752 2769 2769 I hpplay-java: [main]:ServerTaskManager:get local ip:null
11-16 04:08:59.579 645 660 I mpu_uart: [MSG-P:RECV]:No message received in 1000 ms
11-16 04:08:59.754 2769 2769 W hpplay-java: [main]:IPManager:getActiveNets invalid networkInfo:null
11-16 04:08:59.754 2769 2769 I hpplay-java: [main]:IPManager:getActiveNets eth0:false wifi:false mobile:false ap:false
11-16 04:08:59.754 2769 2769 I hpplay-java: [main]:ServerTaskManager:get local ip:null
11-16 04:09:00.003 1968 1968 D KeyguardUpdateMonitor: received broadcast android.intent.action.TIME_TICK
11-16 04:09:00.004 1968 1968 D KeyguardUpdateMonitor: handleTimeUpdate
11-16 04:09:00.070 1202 4565 I OMX-VENC: venc_dev: stats: avg. fps 0.31, bitrate 1950
11-16 04:09:00.416 645 659 I mpu_uart: [MSG-P:R]:recv sync frame timeout
11-16 04:09:00.579 645 660 I mpu_uart: [MSG-P:RECV]:No message received in 1000 ms
11-16 04:09:00.756 2769 2769 W hpplay-java: [main]:IPManager:getActiveNets invalid networkInfo:null
11-16 04:09:00.757 2769 2769 I hpplay-java: [main]:IPManager:getActiveNets eth0:false wifi:false mobile:false ap:false
11-16 04:09:00.757 2769 2769 I hpplay-java: [main]:ServerTaskManager:get local ip:null
11-16 04:09:01.074 1202 4565 I OMX-VENC: venc_dev: stats: avg. fps 9.96, bitrate 62710
11-16 04:09:01.579 645 660 I mpu_uart: [MSG-P:RECV]:No message received in 1000 ms
11-16 04:09:01.759 2769 2769 W hpplay-java: [main]:IPManager:getActiveNets invalid networkInfo:null
11-16 04:09:01.759 2769 2769 I hpplay-java: [main]:IPManager:getActiveNets eth0:false wifi:false mobile:false ap:false
11-16 04:09:01.759 2769 2769 I hpplay-java: [main]:ServerTaskManager:get local ip:null
11-16 04:09:02.580 645 660 I mpu_uart: [MSG-P:RECV]:No message received in 1000 ms
11-16 04:09:02.761 2769 2769 W hpplay-java: [main]:IPManager:getActiveNets invalid networkInfo:null
11-16 04:09:02.761 2769 2769 I hpplay-java: [main]:IPManager:getActiveNets eth0:false wifi:false mobile:false ap:false
11-16 04:09:02.761 2769 2769 I hpplay-java: [main]:ServerTaskManager:get local ip:null
11-16 04:09:03.419 645 659 I mpu_uart: [MSG-P:R]:recv sync frame timeout
11-16 04:09:03.580 645 660 I mpu_uart: [MSG-P:RECV]:No message received in 1000 ms
11-16 04:09:03.763 2769 2769 W hpplay-java: [main]:IPManager:getActiveNets invalid networkInfo:null
11-16 04:09:03.763 2769 2769 I hpplay-java: [main]:IPManager:getActiveNets eth0:false wifi:false mobile:false ap:false
11-16 04:09:03.763 2769 2769 I hpplay-java: [main]:ServerTaskManager:get local ip:null
11-16 04:09:04.580 645 660 I mpu_uart: [MSG-P:RECV]:No message received in 1000 ms
11-16 04:09:04.765 2769 2769 W hpplay-java: [main]:IPManager:getActiveNets invalid networkInfo:null
11-16 04:09:04.765 2769 2769 I hpplay-java: [main]:IPManager:getActiveNets eth0:false wifi:false mobile:false ap:false
11-16 04:09:04.765 2769 2769 I hpplay-java: [main]:ServerTaskManager:get local ip:null
11-16 04:09:05.580 645 660 I mpu_uart: [MSG-P:RECV]:No message received in 1000 ms
11-16 04:09:05.767 2769 2769 W hpplay-java: [main]:IPManager:getActiveNets invalid networkInfo:null
11-16 04:09:05.767 2769 2769 I hpplay-java: [main]:IPManager:getActiveNets eth0:false wifi:false mobile:false ap:false
11-16 04:09:05.767 2769 2769 I hpplay-java: [main]:ServerTaskManager:get local ip:null
11-16 04:09:06.422 645 659 I mpu_uart: [MSG-P:R]:recv sync frame timeout
11-16 04:09:06.581 645 660 I mpu_uart: [MSG-P:RECV]:No message received in 1000 ms
11-16 04:09:06.768 2769 2769 W hpplay-java: [main]:IPManager:getActiveNets invalid networkInfo:null
11-16 04:09:06.769 2769 2769 I hpplay-java: [main]:IPManager:getActiveNets eth0:false wifi:false mobile:false ap:false
11-16 04:09:06.769 2769 2769 I hpplay-java: [main]:ServerTaskManager:get local ip:null
11-16 04:09:07.581 645 660 I mpu_uart: [MSG-P:RECV]:No message received in 1000 ms
11-16 04:09:07.771 2769 2769 W hpplay-java: [main]:IPManager:getActiveNets invalid networkInfo:null
11-16 04:09:07.771 2769 2769 I hpplay-java: [main]:IPManager:getActiveNets eth0:false wifi:false mobile:false ap:false
11-16 04:09:07.771 2769 2769 I hpplay-java: [main]:ServerTaskManager:get local ip:null
11-16 04:09:08.581 645 660 I mpu_uart: [MSG-P:RECV]:No message received in 1000 ms
11-16 04:09:08.773 2769 2769 W hpplay-java: [main]:IPManager:getActiveNets invalid networkInfo:null
11-16 04:09:08.773 2769 2769 I hpplay-java: [main]:IPManager:getActiveNets eth0:false wifi:false mobile:false ap:false
11-16 04:09:08.774 2769 2769 I hpplay-java: [main]:ServerTaskManager:get local ip:null
11-16 04:09:09.428 645 659 I mpu_uart: [MSG-P:R]:recv sync frame timeout
11-16 04:09:09.470 1202 4565 I OMX-VENC: venc_dev: stats: avg. fps 0.12, bitrate 762
11-16 04:09:09.511 2496 2496 D StateManager: goToState: Normal
11-16 04:09:09.513 2496 2496 D EditModeHelper: setHotseatVisibility: 0
11-16 04:09:09.524 2496 2496 D FreeWindowHelper: enterOrExitRecentTasks: isEnterRecentTasks=false,mExitFlag=0
11-16 04:09:09.582 645 660 I mpu_uart: [MSG-P:RECV]:No message received in 1000 ms
11-16 04:09:09.723 1192 1252 I selfinstaller: create socket failed: Network is unreachable 101
11-16 04:09:09.778 2769 2769 W hpplay-java: [main]:IPManager:getActiveNets invalid networkInfo:null
11-16 04:09:09.778 2769 2769 I hpplay-java: [main]:IPManager:getActiveNets eth0:false wifi:false mobile:false ap:false
11-16 04:09:09.778 2769 2769 I hpplay-java: [main]:ServerTaskManager:get local ip:null
11-16 04:09:10.471 1202 4565 I OMX-VENC: venc_dev: stats: avg. fps 51.95, bitrate 2806968
11-16 04:09:10.582 645 660 I mpu_uart: [MSG-P:RECV]:No message received in 1000 ms
11-16 04:09:10.780 2769 2769 W hpplay-java: [main]:IPManager:getActiveNets invalid networkInfo:null
11-16 04:09:10.781 2769 2769 I hpplay-java: [main]:IPManager:getActiveNets eth0:false wifi:false mobile:false ap:false
11-16 04:09:10.781 2769 2769 I hpplay-java: [main]:ServerTaskManager:get local ip:null
11-16 04:09:11.475 1202 4565 I OMX-VENC: venc_dev: stats: avg. fps 58.78, bitrate 1054237
11-16 04:09:11.582 645 660 I mpu_uart: [MSG-P:RECV]:No message received in 1000 ms
11-16 04:09:11.783 2769 2769 W hpplay-java: [main]:IPManager:getActiveNets invalid networkInfo:null
11-16 04:09:11.783 2769 2769 I hpplay-java: [main]:IPManager:getActiveNets eth0:false wifi:false mobile:false ap:false
11-16 04:09:11.783 2769 2769 I hpplay-java: [main]:ServerTaskManager:get local ip:null
11-16 04:09:12.431 645 659 I mpu_uart: [MSG-P:R]:recv sync frame timeout
11-16 04:09:12.533 1202 4565 I OMX-VENC: venc_dev: stats: avg. fps 17.01, bitrate 305672
11-16 04:09:12.583 645 660 I mpu_uart: [MSG-P:RECV]:No message received in 1000 ms
11-16 04:09:12.786 2769 2769 W hpplay-java: [main]:IPManager:getActiveNets invalid networkInfo:null
11-16 04:09:12.786 2769 2769 I hpplay-java: [main]:IPManager:getActiveNets eth0:false wifi:false mobile:false ap:false
11-16 04:09:12.786 2769 2769 I hpplay-java: [main]:ServerTaskManager:get local ip:null
11-16 04:09:13.583 645 660 I mpu_uart: [MSG-P:RECV]:No message received in 1000 ms
11-16 04:09:13.788 2769 2769 W hpplay-java: [main]:IPManager:getActiveNets invalid networkInfo:null
11-16 04:09:13.788 2769 2769 I hpplay-java: [main]:IPManager:getActiveNets eth0:false wifi:false mobile:false ap:false
11-16 04:09:13.788 2769 2769 I hpplay-java: [main]:ServerTaskManager:get local ip:null
11-16 04:09:14.583 645 660 I mpu_uart: [MSG-P:RECV]:No message received in 1000 ms
11-16 04:09:14.790 2769 2769 W hpplay-java: [main]:IPManager:getActiveNets invalid networkInfo:null
11-16 04:09:14.790 2769 2769 I hpplay-java: [main]:IPManager:getActiveNets eth0:false wifi:false mobile:false ap:false
11-16 04:09:14.790 2769 2769 I hpplay-java: [main]:ServerTaskManager:get local ip:null
11-16 04:09:15.434 645 659 I mpu_uart: [MSG-P:R]:recv sync frame timeout
11-16 04:09:15.583 645 660 I mpu_uart: [MSG-P:RECV]:No message received in 1000 ms
11-16 04:09:15.792 2769 2769 W hpplay-java: [main]:IPManager:getActiveNets invalid networkInfo:null
11-16 04:09:15.792 2769 2769 I hpplay-java: [main]:IPManager:getActiveNets eth0:false wifi:false mobile:false ap:false
11-16 04:09:15.792 2769 2769 I hpplay-java: [main]:ServerTaskManager:get local ip:null
11-16 04:09:16.584 645 660 I mpu_uart: [MSG-P:RECV]:No message received in 1000 ms
11-16 04:09:16.794 2769 2769 W hpplay-java: [main]:IPManager:getActiveNets invalid networkInfo:null
11-16 04:09:16.794 2769 2769 I hpplay-java: [main]:IPManager:getActiveNets eth0:false wifi:false mobile:false ap:false
11-16 04:09:16.794 2769 2769 I hpplay-java: [main]:ServerTaskManager:get local ip:null
11-16 04:09:17.584 645 660 I mpu_uart: [MSG-P:RECV]:No message received in 1000 ms
11-16 04:09:17.599 1202 4565 I OMX-VENC: venc_dev: stats: avg. fps 0.39, bitrate 7125
11-16 04:09:17.649 2496 2496 D EditModeHelper: setHotseatVisibility: 8
11-16 04:09:17.655 2496 2496 D FreeWindowContainer: reloadTask: null
11-16 04:09:17.668 1504 4613 I InputDispatcher: Monitor swipe-up (server) is stealing touch from [e1de84c com.android.launcher3/com.android.launcher3.uioverrides.QuickstepLauncher (server), c74be60 com.android.systemui.ImageWallpaper (server), ]
11-16 04:09:17.670 2496 2496 I view_enqueue_input_event: [Motion - Cancel,com.android.launcher3/com.android.launcher3.uioverrides.QuickstepLauncher]
11-16 04:09:17.673 1504 1682 I input_interaction: Interaction with: edge-swipe (server), swipe-up (server), PointerEventDispatcher0 (server),
11-16 04:09:17.673 1968 1968 V ShadeControllerImpl: NotificationShadeWindow: com.android.systemui.statusbar.phone.NotificationShadeWindowView{5dddc50 I.E...... ......ID 0,0-2560,1080} canPanelBeCollapsed(): false
11-16 04:09:17.768 868 868 D vendor.qti.vibrator: Vibrator perform effect 0
11-16 04:09:17.769 868 868 D vendor.qti.vibrator: Vibrator on for timeoutMs: 10
11-16 04:09:17.769 868 5572 D vendor.qti.vibrator: Starting on on another thread
11-16 04:09:17.779 868 868 D vendor.qti.vibrator: QTI Vibrator off
11-16 04:09:17.779 868 5572 D vendor.qti.vibrator: Notifying on complete
11-16 04:09:17.796 2769 2769 W hpplay-java: [main]:IPManager:getActiveNets invalid networkInfo:null
11-16 04:09:17.796 2769 2769 I hpplay-java: [main]:IPManager:getActiveNets eth0:false wifi:false mobile:false ap:false
11-16 04:09:17.796 2769 2769 I hpplay-java: [main]:ServerTaskManager:get local ip:null
11-16 04:09:17.799 868 868 D vendor.qti.vibrator: Vibrator on for timeoutMs: 30
11-16 04:09:17.800 868 5573 D vendor.qti.vibrator: Starting on on another thread
11-16 04:09:17.831 868 5573 D vendor.qti.vibrator: Notifying on complete
11-16 04:09:17.832 868 868 D vendor.qti.vibrator: QTI Vibrator off
11-16 04:09:17.859 1504 1666 I commit_sys_config_file: [settings-1-0,7]
11-16 04:09:17.920 2496 2496 D EditModeHelper: setHotseatVisibility: 0
11-16 04:09:18.130 1504 1666 I commit_sys_config_file: [settings-1-0,4]
11-16 04:09:18.233 2496 2496 D StateManager: goToState: Overview
11-16 04:09:18.233 2496 2496 D FreeWindowHelper: enterOrExitRecentTasks: isEnterRecentTasks=true,mExitFlag=0
11-16 04:09:18.236 2496 2496 D FreeWindowContainer: reloadTask: null
11-16 04:09:18.255 2496 2496 D EditModeHelper: setHotseatVisibility: 0
11-16 04:09:18.279 2496 5190 I OpenGLRenderer: Davey! duration=9223369289110ms; Flags=0, FrameTimelineVsyncId=47655, IntendedVsync=2747744327995, Vsync=2747744327995, InputEventId=0, HandleInputStart=2747744894627, AnimationStart=2747744897960, PerformTraversalsStart=2747770300512, DrawStart=2747772522804, FrameDeadline=2747782327993, FrameInterval=2747744887543, FrameStartTime=16666666, SyncQueued=2747775838637, SyncStart=2747775903637, IssueDrawCommandsStart=2747776723637, SwapBuffers=2747781883064, FrameCompleted=9223372036854775807, DequeueBufferDuration=34010, QueueBufferDuration=542916, GpuCompleted=9223372036854775807, SwapBuffersCompleted=2747782787752, DisplayPresentTime=64,
11-16 04:09:18.436 645 659 I mpu_uart: [MSG-P:R]:recv sync frame timeout
11-16 04:09:18.584 645 660 I mpu_uart: [MSG-P:RECV]:No message received in 1000 ms
11-16 04:09:18.608 1202 4565 I OMX-VENC: venc_dev: stats: avg. fps 51.54, bitrate 2547093
11-16 04:09:18.800 2769 2769 W hpplay-java: [main]:IPManager:getActiveNets invalid networkInfo:null
11-16 04:09:18.800 2769 2769 I hpplay-java: [main]:IPManager:getActiveNets eth0:false wifi:false mobile:false ap:false
11-16 04:09:18.800 2769 2769 I hpplay-java: [main]:ServerTaskManager:get local ip:null
11-16 04:09:18.865 1504 1682 I input_interaction: Interaction with: e1de84c com.android.launcher3/com.android.launcher3.uioverrides.QuickstepLauncher (server), c74be60 com.android.systemui.ImageWallpaper (server), edge-swipe (server), swipe-up (server), PointerEventDispatcher0 (server),
11-16 04:09:18.968 2496 2496 D FreeWindowHelper: setExitFlag: old=0,new=1
11-16 04:09:18.970 1504 5055 I ActivityTaskManager: START u0 {flg=0x10008000 cmp=com.android.deskclock/.DeskClock} from uid 10073
11-16 04:09:18.971 1504 1571 I EventSequenceValidator: inc AccIntentStartedEvents to 2
11-16 04:09:18.980 1504 5055 E ANDR-PERF-JNI: com_qualcomm_qtiperformance_native_perf_io_prefetch_start
11-16 04:09:18.981 1504 5055 I wm_task_created: [300,-1]
11-16 04:09:18.982 1504 5055 W ActivityTaskManager: Can't find TaskDisplayArea to determine support for multi window. Task id=300 attached=false
11-16 04:09:18.984 1504 5055 D FreeFormWindowHelper: Add freeform task=Task{4e5e686 #300 type=standard ?? U=0 visible=false mode=freeform translucent=true sz=0}
11-16 04:09:18.990 1504 5055 D CompatibilityChangeReporter: Compat change id reported: 184838306; UID 10068; state: DISABLED
11-16 04:09:18.990 1504 5055 D CompatibilityChangeReporter: Compat change id reported: 185004937; UID 10068; state: DISABLED
11-16 04:09:18.991 1504 5055 D CompatibilityChangeReporter: Compat change id reported: 181136395; UID 10068; state: DISABLED
11-16 04:09:18.991 1504 5055 D CompatibilityChangeReporter: Compat change id reported: 174042936; UID 10068; state: DISABLED
11-16 04:09:18.992 850 3128 E ANDR-IOP: io prefetch is disabled
11-16 04:09:18.992 1504 5055 I wm_task_moved: [300,1,6]
11-16 04:09:18.992 1504 5055 I wm_task_to_front: [0,300]
11-16 04:09:18.993 1504 5055 I wm_create_task: [0,300]
11-16 04:09:18.993 1504 5055 I wm_create_activity: [0,63187783,300,com.android.deskclock/.DeskClock,NULL,NULL,NULL,268468224]
11-16 04:09:18.993 1504 5055 I wm_task_moved: [300,1,6]
11-16 04:09:18.993 1504 5055 D CompatibilityInfo: mCompatibilityFlags - 4
11-16 04:09:18.993 1504 5055 D CompatibilityInfo: applicationDensity - 240
11-16 04:09:18.993 1504 5055 D CompatibilityInfo: applicationScale - 1.0
11-16 04:09:18.994 1504 5055 I ActivityTaskManager: FOREGROUND_APPLICATION_CHANGED to com.android.deskclock.DeskClock
11-16 04:09:18.998 2496 2496 D StateManager: goToState: Normal
11-16 04:09:18.999 2496 2496 D EditModeHelper: setHotseatVisibility: 0
11-16 04:09:19.001 1504 1571 I am_uid_running: 10068
11-16 04:09:19.001 2496 2496 I wm_on_top_resumed_lost_called: [50203839,com.android.launcher3.uioverrides.QuickstepLauncher,topStateChangedWhenResumed]
11-16 04:09:19.004 2496 2496 D FreeWindowHelper: enterOrExitRecentTasks: isEnterRecentTasks=false,mExitFlag=1
11-16 04:09:19.009 1504 1571 D CompatibilityChangeReporter: Compat change id reported: 135634846; UID 10068; state: DISABLED
11-16 04:09:19.009 1504 1571 D CompatibilityChangeReporter: Compat change id reported: 177438394; UID 10068; state: DISABLED
11-16 04:09:19.009 1504 1571 D CompatibilityChangeReporter: Compat change id reported: 135772972; UID 10068; state: DISABLED
11-16 04:09:19.009 1504 1571 D CompatibilityChangeReporter: Compat change id reported: 135754954; UID 10068; state: DISABLED
11-16 04:09:19.009 1504 1603 D CompatibilityChangeReporter: Compat change id reported: 143937733; UID 10068; state: DISABLED
11-16 04:09:19.014 1158 1158 I perfetto: ing_service_impl.cc:912 Configured tracing session 2, #sources:1, duration:5000 ms, #buffers:1, total buffer size:4096 KB, total sessions:1, uid:1071 session name: ""
11-16 04:09:19.014 1156 1156 I perfetto: probes_producer.cc:241 Ftrace setup (target_buf=2)
11-16 04:09:19.023 1156 1156 I perfetto: ftrace_procfs.cc:206 enabled ftrace in /sys/kernel/tracing/
11-16 04:09:19.031 666 666 D Zygote : Forked child process 5580
11-16 04:09:19.033 1504 1603 I am_proc_start: [0,5580,10068,com.android.deskclock,top-activity,{com.android.deskclock/com.android.deskclock.DeskClock}]
11-16 04:09:19.033 1504 1603 I ActivityManager: Start proc 5580:com.android.deskclock/u0a68 for top-activity {com.android.deskclock/com.android.deskclock.DeskClock}
11-16 04:09:19.038 5580 5580 I libc : SetHeapTaggingLevel: tag level set to 0
11-16 04:09:19.050 5580 5580 E droid.deskcloc: Not starting debugger since process cannot load the jdwp agent.
11-16 04:09:19.053 5580 5580 D ProcessState: Binder ioctl to enable oneway spam detection failed: Invalid argument
11-16 04:09:19.057 1504 5055 I am_proc_bound: [0,5580,com.android.deskclock]
11-16 04:09:19.059 1504 5055 D CompatibilityInfo: mCompatibilityFlags - 4
11-16 04:09:19.059 1504 5055 D CompatibilityInfo: applicationDensity - 240
11-16 04:09:19.059 1504 5055 D CompatibilityInfo: applicationScale - 1.0
11-16 04:09:19.060 1504 5055 I ActivityTaskManager: The Process com.android.deskclock Already Exists in BG. So sending its PID: 5580
