11-16 04:09:23.028 1965 3104 V Avrcp_ext: Device: no name:
11-16 04:09:23.028 1965 3104 V Avrcp_ext: updatePlayerStateAndPosition, old=PlaybackState {state=2, position=-1, buffered position=0, speed=1.0, updated=23843, actions=0, custom actions=[], active item id=-1, error=null}, state=null
11-16 04:09:23.028 1965 3104 I Avrcp_ext: updatePlayerStateAndPosition: device: state = null
11-16 04:09:23.028 1965 3104 D HeadsetService: getHeadsetService(): returning com.android.bluetooth.hfp.HeadsetService@fdba82
11-16 04:09:23.028 1965 3104 D HeadsetService: isAudioOn: The number of audio connected devices 0
11-16 04:09:23.028 1965 3104 D HeadsetService: isScoOrCallActive(): Call Active:falseCall is Ringing:falseSCO is Active:false
11-16 04:09:23.028 1965 3104 D HeadsetService: isAudioOn: The number of audio connected devices 0
11-16 04:09:23.031 1965 3104 V Avrcp_ext: ActiveSession: MediaController (com.android.music@ab178f9) null
11-16 04:09:23.031 1965 3104 W Avrcp_ext: playState object null, sending STOPPED
11-16 04:09:23.031 1965 3104 V Avrcp_ext: isBrowseSupported for com.android.music: false
11-16 04:09:23.031 1965 3104 D Avrcp_ext: Adding media player info for com.android.music with id 4
11-16 04:09:23.032 1965 3104 D Avrcp_ext: update #4:MediaPlayerInfo com.android.music (as '音乐') Type = 1, SubType = 0, Status = 0 Feature Bits [40 41 42 44 45 47 48 58] Controller: MediaController (com.android.music@ab178f9) null
11-16 04:09:23.032 1965 3104 V Avrcp_ext: updateCurrentMediaState: mMediaController: MediaController (com.android.systemui@6b7278e) null
11-16 04:09:23.033 1965 3104 W Avrcp_ext: isMusicActive: false getBluetoothPlayState: 2 A2dp State: 11 mAudioPlaybackIsActive: false
11-16 04:09:23.033 1965 3104 D Avrcp_ext: isMusicActive = false mAudioPlaybackIsActive = false player state = null
11-16 04:09:23.033 1965 3104 I Avrcp_ext: Skipping update due to invalid playback state
11-16 04:09:23.033 1965 3104 V Avrcp_ext: updatePlaybackState, state: null device: null
11-16 04:09:23.033 1965 3104 V Avrcp_ext: Device: no name:
11-16 04:09:23.033 1965 3104 V Avrcp_ext: Device: no name:
11-16 04:09:23.033 1965 3104 V Avrcp_ext: Device: no name:
11-16 04:09:23.033 1965 3104 V Avrcp_ext: Device: no name:
11-16 04:09:23.033 1965 3104 V Avrcp_ext: Device: no name:
11-16 04:09:23.033 1965 3104 V Avrcp_ext: updatePlayerStateAndPosition, old=PlaybackState {state=2, position=-1, buffered position=0, speed=1.0, updated=23843, actions=0, custom actions=[], active item id=-1, error=null}, state=null
11-16 04:09:23.033 1965 3104 I Avrcp_ext: updatePlayerStateAndPosition: device: state = null
11-16 04:09:23.033 5214 5214 E MediaPlaybackService: METADATA_KEY_NUM_TRACKS: failed: java.lang.IllegalArgumentException: Invalid type 'long' for key 10
11-16 04:09:23.036 5214 5214 E MusicUtils: BypassForAlbum name is null
11-16 04:09:23.038 1504 1534 I sysui_multi_action: [757,856,758,1,806,com.android.music,857,Channel-music,858,2]
11-16 04:09:23.039 1504 1722 I GameModeConfig: isGameModeOn = false
11-16 04:09:23.039 1504 1722 I GameModeConfig: isGameModeOn = false
11-16 04:09:23.039 1504 1722 I GameModeConfig: isGameModeOn = false
11-16 04:09:23.039 1504 1722 I GameModeConfig: isGameModeOn = false
11-16 04:09:23.041 5214 5214 E MusicUtils: BypassForAlbum name is null
11-16 04:09:23.043 1504 1504 I notification_enqueue: [10086,5214,com.android.music,1,NULL,0,Notification(channel=Channel-music shortcut=null contentView=null vibrate=null sound=null defaults=0x0 flags=0x0 color=0x00000000 category=transport actions=3 vis=PRIVATE),0]
11-16 04:09:23.044 1504 1504 I notification_enqueue: [10086,5214,com.android.music,1,NULL,0,Notification(channel=Channel-music shortcut=null contentView=null vibrate=null sound=null defaults=0x0 flags=0x40 color=0x00000000 category=transport actions=3 vis=PRIVATE),0]
11-16 04:09:23.046 1504 1722 I GameModeConfig: isGameModeOn = false
11-16 04:09:23.046 1504 1722 I GameModeConfig: isGameModeOn = false
11-16 04:09:23.046 1504 1722 I GameModeConfig: isGameModeOn = false
11-16 04:09:23.046 1504 1722 I GameModeConfig: isGameModeOn = false
11-16 04:09:23.047 5214 5214 E MusicUtils: BypassForAlbum name is null
11-16 04:09:23.049 1504 1504 I notification_enqueue: [10086,5214,com.android.music,1,NULL,0,Notification(channel=Channel-music shortcut=null contentView=null vibrate=null sound=null defaults=0x0 flags=0x40 color=0x00000000 category=transport actions=3 vis=PRIVATE),0]
11-16 04:09:23.054 5214 5214 E MusicUtils: BypassForAlbum name is null
11-16 04:09:23.053 1504 1722 I GameModeConfig: isGameModeOn = false
11-16 04:09:23.057 1504 1722 I GameModeConfig: isGameModeOn = false
11-16 04:09:23.057 1504 1722 I GameModeConfig: isGameModeOn = false
11-16 04:09:23.057 1504 1722 I GameModeConfig: isGameModeOn = false
11-16 04:09:23.057 1504 1504 I notification_enqueue: [10086,5214,com.android.music,1,NULL,0,Notification(channel=Channel-music shortcut=null contentView=null vibrate=null sound=null defaults=0x0 flags=0x40 color=0x00000000 category=transport actions=3 vis=PRIVATE),0]
11-16 04:09:23.058 1504 1504 I notification_enqueue: [10086,5214,com.android.music,1,NULL,0,Notification(channel=Channel-music shortcut=null contentView=null vibrate=null sound=null defaults=0x0 flags=0x40 color=0x00000000 category=transport actions=3 vis=PRIVATE),0]
11-16 04:09:23.062 1504 1504 I notification_enqueue: [10086,5214,com.android.music,1,NULL,0,Notification(channel=Channel-music shortcut=null contentView=null vibrate=null sound=null defaults=0x0 flags=0x40 color=0x00000000 category=transport actions=3 vis=PRIVATE),0]
11-16 04:09:23.064 1504 1572 I input_focus: [Focus request 9ffa531 com.android.music/com.android.music.MusicBrowserActivity,reason=UpdateInputWindows]
11-16 04:09:23.075 1504 1504 I sysui_multi_action: [757,128,758,5,759,8,793,32,794,0,795,32,796,1,806,com.android.music,857,Channel-music,858,2,947,0,1500,32,1641,transport,1688,1,1745,1043716538]
11-16 04:09:23.075 1504 1504 I notification_canceled: [0|com.android.music|1|null|10086,8,32,32,0,-1,-1,NULL]
11-16 04:09:23.076 1504 1571 I EventSequenceValidator: dec AccIntentStartedEvents to 1
11-16 04:09:23.079 1504 1568 I sysui_multi_action: [319,142,322,142,325,2752,757,761,758,8,759,2,806,com.android.music,871,com.android.music.MusicBrowserActivity,904,com.android.launcher3,905,0,1320,4,1321,5]
11-16 04:09:23.080 1504 1568 I wm_activity_launch_time: [0,164908115,com.android.music/.MusicBrowserActivity,142]
11-16 04:09:23.081 1504 1568 I ActivityTaskManager: Displayed com.android.music/.MusicBrowserActivity: +142ms
11-16 04:09:23.081 1504 1682 I input_focus: [Focus leaving e1de84c com.android.launcher3/com.android.launcher3.uioverrides.QuickstepLauncher (server),reason=setFocusedWindow]
11-16 04:09:23.081 1504 1682 I input_focus: [Focus entering 9ffa531 com.android.music/com.android.music.MusicBrowserActivity (server),reason=setFocusedWindow]
11-16 04:09:23.244 1504 1504 I NotificationService: Cannot find enqueued record for key: 0|com.android.music|1|null|10086
11-16 04:09:23.244 1504 1504 I NotificationService: Cannot find enqueued record for key: 0|com.android.music|1|null|10086
11-16 04:09:23.250 1504 1504 I NotificationService: Cannot find enqueued record for key: 0|com.android.music|1|null|10086
11-16 04:09:23.257 1504 1504 I NotificationService: Cannot find enqueued record for key: 0|com.android.music|1|null|10086
11-16 04:09:23.258 1504 1504 I NotificationService: Cannot find enqueued record for key: 0|com.android.music|1|null|10086
11-16 04:09:23.263 1504 1504 I NotificationService: Cannot find enqueued record for key: 0|com.android.music|1|null|10086
11-16 04:09:23.294 1504 1570 I commit_sys_config_file: [notification-policy,2742753]
11-16 04:09:23.586 645 660 I mpu_uart: [MSG-P:RECV]:No message received in 1000 ms
11-16 04:09:23.655 1202 4565 I OMX-VENC: venc_dev: stats: avg. fps 48.77, bitrate 2582983
11-16 04:09:23.814 2769 2769 W hpplay-java: [main]:IPManager:getActiveNets invalid networkInfo:null
11-16 04:09:23.814 2769 2769 I hpplay-java: [main]:IPManager:getActiveNets eth0:false wifi:false mobile:false ap:false
11-16 04:09:23.814 2769 2769 I hpplay-java: [main]:ServerTaskManager:get local ip:null
11-16 04:09:24.018 1158 1158 I perfetto: ng_service_impl.cc:1821 FlushAndDisableTracing(2) done, success=1
11-16 04:09:24.019 1156 1156 I perfetto: probes_producer.cc:340 Producer stop (id=2)
11-16 04:09:24.020 1156 1156 I perfetto: ftrace_procfs.cc:213 disabled ftrace in /sys/kernel/tracing/
11-16 04:09:24.023 1158 1158 I perfetto: ng_service_impl.cc:2293 Tracing session 2 ended, total sessions:0
11-16 04:09:24.442 645 659 I mpu_uart: [MSG-P:R]:recv sync frame timeout
11-16 04:09:24.583 1504 5055 I InputDispatcher: Monitor swipe-up (server) is stealing touch from [e1de84c com.android.launcher3/com.android.launcher3.uioverrides.QuickstepLauncher (server), c74be60 com.android.systemui.ImageWallpaper (server), ]
11-16 04:09:24.583 2496 2496 I view_enqueue_input_event: [Motion - Cancel,com.android.launcher3/com.android.launcher3.uioverrides.QuickstepLauncher]
11-16 04:09:24.586 645 660 I mpu_uart: [MSG-P:RECV]:No message received in 1000 ms
11-16 04:09:24.596 1504 1682 I input_interaction: Interaction with: edge-swipe (server), swipe-up (server), PointerEventDispatcher0 (server),
11-16 04:09:24.655 1202 4565 I OMX-VENC: venc_dev: stats: avg. fps 59.95, bitrate 1095859
11-16 04:09:24.816 2769 2769 W hpplay-java: [main]:IPManager:getActiveNets invalid networkInfo:null
11-16 04:09:24.816 2769 2769 I hpplay-java: [main]:IPManager:getActiveNets eth0:false wifi:false mobile:false ap:false
11-16 04:09:24.816 2769 2769 I hpplay-java: [main]:ServerTaskManager:get local ip:null
11-16 04:09:24.856 1504 1571 I EventSequenceValidator: inc AccIntentStartedEvents to 2
11-16 04:09:24.858 1504 4303 I ActivityTaskManager: START u0 {act=android.intent.action.MAIN cat=[android.intent.category.HOME] flg=0x10000000 cmp=com.android.launcher3/.uioverrides.QuickstepLauncher} from uid 10073
11-16 04:09:24.861 1504 4303 I wm_task_moved: [280,1,6]
11-16 04:09:24.863 1504 4303 I wm_set_resumed_activity: [0,com.android.launcher3/.uioverrides.QuickstepLauncher,positionChildAt]
11-16 04:09:24.863 1504 4303 I wm_task_moved: [281,1,2147483647]
11-16 04:09:24.863 1504 4303 I wm_task_to_front: [0,281]
11-16 04:09:24.864 1504 4303 I wm_focused_root_task: [0,0,280,301,bringingFoundTaskToFront]
11-16 04:09:24.864 1504 4303 I wm_set_resumed_activity: [0,com.android.launcher3/.uioverrides.QuickstepLauncher,bringingFoundTaskToFront]
11-16 04:09:24.864 5214 5214 I wm_on_top_resumed_lost_called: [164908115,com.android.music.MusicBrowserActivity,topStateChangedWhenResumed]
11-16 04:09:24.865 1504 4303 I wm_new_intent: [0,50203839,281,com.android.launcher3/.uioverrides.QuickstepLauncher,android.intent.action.MAIN,NULL,NULL,268500992]
11-16 04:09:24.865 1504 4303 I wm_task_moved: [280,1,6]
11-16 04:09:24.865 1504 4303 I wm_set_resumed_activity: [0,com.android.launcher3/.uioverrides.QuickstepLauncher,positionChildAt]
11-16 04:09:24.866 1504 4303 I ActivityTaskManager: FOREGROUND_APPLICATION_CHANGED to com.android.launcher3.uioverrides.QuickstepLauncher
11-16 04:09:24.876 1504 1572 I input_focus: [Focus request e1de84c com.android.launcher3/com.android.launcher3.uioverrides.QuickstepLauncher,reason=UpdateInputWindows]
11-16 04:09:24.877 1504 1571 I EventSequenceValidator: dec AccIntentStartedEvents to 1
11-16 04:09:24.878 2496 2496 I wm_on_paused_called: [50203839,com.android.launcher3.uioverrides.QuickstepLauncher,performPause]
11-16 04:09:24.879 2496 2496 I wm_on_resume_called: [50203839,com.android.launcher3.uioverrides.QuickstepLauncher,LIFECYCLER_RESUME_ACTIVITY]
11-16 04:09:24.879 2496 2496 I wm_on_top_resumed_gained_called: [50203839,com.android.launcher3.uioverrides.QuickstepLauncher,topStateChangedWhenResumed]
11-16 04:09:24.889 1968 1968 V ShadeControllerImpl: NotificationShadeWindow: com.android.systemui.statusbar.phone.NotificationShadeWindowView{5dddc50 I.E...... ......ID 0,0-2560,1080} canPanelBeCollapsed(): false
11-16 04:09:24.903 1504 1682 I input_focus: [Focus leaving 9ffa531 com.android.music/com.android.music.MusicBrowserActivity (server),reason=setFocusedWindow]
11-16 04:09:24.903 1504 1682 I input_focus: [Focus entering e1de84c com.android.launcher3/com.android.launcher3.uioverrides.QuickstepLauncher (server),reason=setFocusedWindow]
11-16 04:09:25.186 1504 1682 I input_interaction: Interaction with: e1de84c com.android.launcher3/com.android.launcher3.uioverrides.QuickstepLauncher (server), c74be60 com.android.systemui.ImageWallpaper (server), edge-swipe (server), swipe-up (server), PointerEventDispatcher0 (server),
11-16 04:09:25.300 2496 2496 D EditModeHelper: setHotseatVisibility: 8
11-16 04:09:25.303 2496 2496 D FreeWindowContainer: reloadTask: TaskInfo{userId=0 taskId=301 displayId=0 isRunning=true baseIntent=Intent { flg=0x10008000 cmp=com.android.music/.MusicBrowserActivity } baseActivity=ComponentInfo{com.android.music/com.android.music.MusicBrowserActivity} topActivity=ComponentInfo{com.android.music/com.android.music.MusicBrowserActivity} origActivity=null realActivity=ComponentInfo{com.android.music/com.android.music.MusicBrowserActivity} numActivities=1 lastActiveTime=2754363 supportsSplitScreenMultiWindow=true supportsMultiWindow=true resizeMode=1 isResizeable=true token=WCT{android.window.IWindowContainerToken$Stub$Proxy@8161ee3} topActivityType=1 pictureInPictureParams=PictureInPictureParams( aspectRatio=null sourceRectHint=null hasSetActions=false isAutoPipEnabled=false isSeamlessResizeEnabled=true) displayCutoutSafeInsets=null topActivityInfo=ActivityInfo{56680e0 com.android.music.MusicBrowserActivity} launchCookies=[] positionInParent=Point(0, 72) parentTaskId=-1 isFocused=false isVisible=true topActivityInSizeCompat=false locusId= null}
11-16 04:09:25.316 1504 5498 I InputDispatcher: Monitor swipe-up (server) is stealing touch from [e1de84c com.android.launcher3/com.android.launcher3.uioverrides.QuickstepLauncher (server), c74be60 com.android.systemui.ImageWallpaper (server), ]
11-16 04:09:25.320 2496 2496 I view_enqueue_input_event: [Motion - Cancel,com.android.launcher3/com.android.launcher3.uioverrides.QuickstepLauncher]
11-16 04:09:25.321 1504 1682 I input_interaction: Interaction with: edge-swipe (server), swipe-up (server), PointerEventDispatcher0 (server),
11-16 04:09:25.330 1504 3934 D libEGL : MSAA-->msaa:0 gamemode:0 4x_msaa:0
11-16 04:09:25.331 1504 3934 D libEGL : MSAA-->msaa:0 gamemode:0 4x_msaa:0
11-16 04:09:25.331 1968 1968 V ShadeControllerImpl: NotificationShadeWindow: com.android.systemui.statusbar.phone.NotificationShadeWindowView{5dddc50 I.E...... ......ID 0,0-2560,1080} canPanelBeCollapsed(): false
11-16 04:09:25.332 1504 3934 D libEGL : MSAA-->msaa:0 gamemode:0 4x_msaa:0
11-16 04:09:25.420 868 868 D vendor.qti.vibrator: Vibrator perform effect 0
11-16 04:09:25.452 868 868 D vendor.qti.vibrator: Vibrator on for timeoutMs: 30
11-16 04:09:25.452 868 5660 D vendor.qti.vibrator: Starting on on another thread
11-16 04:09:25.483 868 5660 D vendor.qti.vibrator: Notifying on complete
11-16 04:09:25.484 868 868 D vendor.qti.vibrator: QTI Vibrator off
11-16 04:09:25.506 1504 1666 I commit_sys_config_file: [settings-1-0,4]
11-16 04:09:25.586 645 660 I mpu_uart: [MSG-P:RECV]:No message received in 1000 ms
11-16 04:09:25.600 2496 2496 D EditModeHelper: setHotseatVisibility: 0
11-16 04:09:25.660 1202 4565 I OMX-VENC: venc_dev: stats: avg. fps 43.78, bitrate 1699866
11-16 04:09:25.810 1504 1666 I commit_sys_config_file: [settings-1-0,7]
11-16 04:09:25.821 2769 2769 W hpplay-java: [main]:IPManager:getActiveNets invalid networkInfo:null
11-16 04:09:25.821 2769 2769 I hpplay-java: [main]:IPManager:getActiveNets eth0:false wifi:false mobile:false ap:false
11-16 04:09:25.821 2769 2769 I hpplay-java: [main]:ServerTaskManager:get local ip:null
11-16 04:09:25.834 1504 2762 E TaskPersister: File error accessing recents directory (directory doesn't exist?).
11-16 04:09:25.918 2496 2496 D StateManager: goToState: Overview
11-16 04:09:25.918 2496 2496 D FreeWindowHelper: enterOrExitRecentTasks: isEnterRecentTasks=true,mExitFlag=1
11-16 04:09:25.919 1504 1534 I wm_finish_activity: [0,164908115,301,com.android.music/.MusicBrowserActivity,app-request]
11-16 04:09:25.925 1504 1534 D ActivityTrigger: ActivityTrigger activityPauseTrigger
11-16 04:09:25.926 1504 1534 I wm_pause_activity: [0,164908115,com.android.music/.MusicBrowserActivity,userLeaving=false,finish]
11-16 04:09:25.927 5214 5214 I wm_on_paused_called: [164908115,com.android.music.MusicBrowserActivity,performPause]
11-16 04:09:25.933 2496 2496 D FreeWindowContainer: reloadTask: TaskInfo{userId=0 taskId=301 displayId=0 isRunning=false baseIntent=Intent { flg=0x10008000 cmp=com.android.music/.MusicBrowserActivity } baseActivity=null topActivity=null origActivity=null realActivity=ComponentInfo{com.android.music/com.android.music.MusicBrowserActivity} numActivities=0 lastActiveTime=2755439 supportsSplitScreenMultiWindow=true supportsMultiWindow=true resizeMode=1 isResizeable=true token=WCT{android.window.IWindowContainerToken$Stub$Proxy@c027f0f} topActivityType=1 pictureInPictureParams=null displayCutoutSafeInsets=null topActivityInfo=null launchCookies=[] positionInParent=Point(0, 72) parentTaskId=-1 isFocused=false isVisible=true topActivityInSizeCompat=false locusId= null}
11-16 04:09:25.938 1504 5498 I wm_destroy_activity: [0,164908115,301,com.android.music/.MusicBrowserActivity,finish-imm:completePausedLocked]
11-16 04:09:25.948 2496 2496 D EditModeHelper: setHotseatVisibility: 0
11-16 04:09:25.953 3677 5189 I GameMode_ActivityMonitoringService: onForegroundActivitiesChanged uid 10086 pid 5214 fg false
11-16 04:09:25.966 1504 5498 W ActivityManager: Receiver with filter android.content.IntentFilter@7041298 already registered for pid 5214, callerPackage is com.android.music
11-16 04:09:25.972 1504 1571 I sysui_multi_action: [757,803,799,window_time_0,802,4]
11-16 04:09:25.973 5214 5214 I wm_on_stop_called: [164908115,com.android.music.MusicBrowserActivity,LIFECYCLER_STOP_ACTIVITY]
11-16 04:09:25.977 3677 3695 I GameMode_ActivityMonitoringService: Updating top task to: TaskInfoContainer [topActivity=ComponentInfo{com.android.launcher3/com.android.launcher3.uioverrides.QuickstepLauncher}, taskId=281, stackId=280, userId=0, displayId=0, position=6
11-16 04:09:25.977 3677 3695 I GameMode_ActivityMonitoringService: Notifying about top task: TaskInfoContainer [topActivity=ComponentInfo{com.android.launcher3/com.android.launcher3.uioverrides.QuickstepLauncher}, taskId=281, stackId=280, userId=0, displayId=0, position=6
11-16 04:09:25.978 3677 3695 E GameMode_ActivityMonitoringService: onActivityLaunch:com.android.launcher3
11-16 04:09:25.978 3677 3695 V GameMode_GameTypeUtils: judge isGame:com.android.launcher3
11-16 04:09:25.978 3677 3695 V GameMode_GpuUtils: fps:60
11-16 04:09:25.980 3677 3695 D GameMode_GameModeActionUtils: Show GameMode entry by service!
11-16 04:09:25.981 3677 3695 W ContextImpl: Calling a method in the system process without a qualified user: android.app.ContextImpl.startService:1816 android.content.ContextWrapper.startService:774 com.thundercomm.gamemode.ingame.services.GameModeActionUtils.startGameModeService:93 com.thundercomm.gamemode.ingame.services.GameModeActionUtils.startGameModeEntry:21 com.thundercomm.gamemode.ingame.services.ActivityMonitoringService$1.onActivityLaunch:127
11-16 04:09:25.984 3677 3677 D GameMode_GameModeService: type=hide_entry
11-16 04:09:25.984 5214 5214 I wm_on_destroy_called: [164908115,com.android.music.MusicBrowserActivity,performDestroy]
11-16 04:09:25.984 3677 3695 D GameModeIF_GameModeSettings: getUriFor setting_content_uri_root = content://com.thundercomm.gamemode.api/gamemode_settings , name = gamemode_isgaming
11-16 04:09:25.988 1504 5498 W InputManager-JNI: Input channel object '9ffa531 com.android.music/com.android.music.MusicBrowserActivity (client)' was disposed without first being removed with the input manager!
11-16 04:09:25.989 1504 1504 I GameModeConfig: Current uri is uri = content://com.thundercomm.gamemode.api/gamemode_settings/gamemode_isgaming
11-16 04:09:25.989 1504 1504 D GameModeIF_GameModeSettings: getUriFor setting_content_uri_root = content://com.thundercomm.gamemode.api/gamemode_settings , name = gamemode_isgaming
11-16 04:09:25.990 3677 3695 D GameModeIF_GameModeSettings: gamemode_isgaming set to 0
11-16 04:09:25.992 3677 3677 D GameMode_GameSettingsObserver: Game Data change!!!! uri = content://com.thundercomm.gamemode.api/gamemode_settings/gamemode_isgaming
11-16 04:09:25.992 3677 3677 D GameModeIF_GameModeSettings: getUriFor setting_content_uri_root = content://com.thundercomm.gamemode.api/gamemode_settings , name = gamemode_isgaming
11-16 04:09:25.992 3677 5189 I GameMode_ActivityMonitoringService: onForegroundServicesChanged uid 10086 pid 5214 fg 0
11-16 04:09:25.993 5214 5214 V MediaPlayer: resetDrmState: mDrmInfo=null mDrmProvisioningThread=null mPrepareDrmInProgress=false mActiveDrmScheme=false
11-16 04:09:25.993 5214 5214 V MediaPlayer: cleanDrmObj: mDrmObj=null mDrmSessionId=null
11-16 04:09:25.993 5214 5214 V MediaPlayer: resetDrmState: mDrmInfo=null mDrmProvisioningThread=null mPrepareDrmInProgress=false mActiveDrmScheme=false
11-16 04:09:25.993 5214 5214 V MediaPlayer: cleanDrmObj: mDrmObj=null mDrmSessionId=null
11-16 04:09:25.993 1504 5497 I MediaFocusControl: abandonAudioFocus() from uid/pid 10086/5214 clientId=android.media.AudioManager@758856ecom.android.music.MediaPlaybackService$4@a6c840f
11-16 04:09:25.994 1504 1504 I GameModeConfig: isGameModeOn = false
11-16 04:09:25.994 2346 2423 D ProtectUartService: received unRegisterListener token:MUCIC_VOLTAGE_PROTECT
11-16 04:09:25.995 1965 3104 D Avrcp_ext: AudioManager Player: AudioPlaybackConfiguration piid:71 deviceId:0 type:android.media.SoundPool u/pid:10081/1968 state:idle attr:AudioAttributes: usage=USAGE_ASSISTANCE_SONIFICATION content=CONTENT_TYPE_SONIFICATION flags=0x800 tags= bundle=null sessionId:0
11-16 04:09:25.995 1965 3104 D Avrcp_ext: AudioManager Player: AudioPlaybackConfiguration piid:87 deviceId:0 type:android.media.SoundPool u/pid:1000/3677 state:idle attr:AudioAttributes: usage=USAGE_ASSISTANCE_SONIFICATION content=CONTENT_TYPE_SONIFICATION flags=0x801 tags= bundle=null sessionId:0
11-16 04:09:25.995 1965 3104 D Avrcp_ext: AudioManager Player: AudioPlaybackConfiguration piid:63 deviceId:0 type:android.media.SoundPool u/pid:1000/1504 state:idle attr:AudioAttributes: usage=USAGE_ASSISTANCE_SONIFICATION content=CONTENT_TYPE_SONIFICATION flags=0x800 tags= bundle=null sessionId:0
11-16 04:09:25.995 1965 3104 D Avrcp_ext: AudioManager isPlaying: false, mAudioPlaybackIsActive = false
11-16 04:09:25.995 1965 3104 D Avrcp_ext: AudioManager Reset Active Player
11-16 04:09:25.997 1504 1504 I GameModeConfig: isGameModeOn = false
11-16 04:09:25.998 1504 1504 I GameModeConfig: isDisableVoice = true
11-16 04:09:25.999 1504 1601 D CompatibilityChangeReporter: Compat change id reported: 168419799; UID 10031; state: DISABLED
11-16 04:09:25.999 1504 1601 D CompatibilityInfo: mCompatibilityFlags - 4
11-16 04:09:25.999 1504 1601 D CompatibilityInfo: applicationDensity - 240
11-16 04:09:25.999 1504 1601 D CompatibilityInfo: applicationScale - 1.0
11-16 04:09:25.999 1965 3104 V Avrcp_ext: updateCurrentMediaState: mMediaController: MediaController (com.android.systemui@6b7278e) null
11-16 04:09:25.999 1965 3104 W Avrcp_ext: isMusicActive: false getBluetoothPlayState: 2 A2dp State: 11 mAudioPlaybackIsActive: false
11-16 04:09:26.000 1965 3104 D Avrcp_ext: isMusicActive = false mAudioPlaybackIsActive = false player state = null
11-16 04:09:26.000 5540 5540 V MusicFXControlPanelReceiver: onReceive
11-16 04:09:26.000 5540 5540 V MusicFXControlPanelReceiver: Action: android.media.action.CLOSE_AUDIO_EFFECT_CONTROL_SESSION
11-16 04:09:26.000 5540 5540 V MusicFXControlPanelReceiver: Package name: com.android.music
11-16 04:09:26.000 5540 5540 V MusicFXControlPanelReceiver: Audio session: 257
11-16 04:09:26.000 5540 5540 V MusicFXControlPanelEffect: closeSession(android.app.ReceiverRestrictedContext@8ec7236, com.android.music, 257)
11-16 04:09:26.000 1965 3104 I Avrcp_ext: Skipping update due to invalid playback state
11-16 04:09:26.000 1965 3104 V Avrcp_ext: updatePlaybackState, state: null device: null
11-16 04:09:26.000 1965 3104 V Avrcp_ext: Device: no name:
11-16 04:09:26.000 1965 3104 V Avrcp_ext: Device: no name:
11-16 04:09:26.000 1965 3104 V Avrcp_ext: Device: no name:
11-16 04:09:26.000 1965 3104 V Avrcp_ext: Device: no name:
11-16 04:09:26.000 1965 3104 V Avrcp_ext: Device: no name:
11-16 04:09:26.000 1965 3104 V Avrcp_ext: updatePlayerStateAndPosition, old=PlaybackState {state=2, position=-1, buffered position=0, speed=1.0, updated=23843, actions=0, custom actions=[], active item id=-1, error=null}, state=null
11-16 04:09:26.000 1965 3104 I Avrcp_ext: updatePlayerStateAndPosition: device: state = null
11-16 04:09:26.001 1504 4613 D CompatibilityInfo: mCompatibilityFlags - 4
11-16 04:09:26.001 1504 4613 D CompatibilityInfo: applicationDensity - 240
11-16 04:09:26.001 1504 4613 D CompatibilityInfo: applicationScale - 1.0
11-16 04:09:26.001 5540 5540 V MusicFXControlPanelReceiver: onReceive
11-16 04:09:26.001 5540 5540 V MusicFXControlPanelReceiver: Action: android.media.action.CLOSE_AUDIO_EFFECT_CONTROL_SESSION
11-16 04:09:26.001 5540 5540 V MusicFXControlPanelReceiver: Package name: com.android.music
11-16 04:09:26.001 5540 5540 V MusicFXControlPanelReceiver: Audio session: 257
11-16 04:09:26.001 5540 5540 V MusicFXControlPanelEffect: closeSession(android.app.ReceiverRestrictedContext@8ec7236, com.android.music, 257)
11-16 04:09:26.002 3677 3677 D GameMode_GameModeService: updateGlobalSettings = gamemode_isgaming
11-16 04:09:26.003 1504 1504 I notification_cancel_all: [1000,1504,com.android.music,0,0,0,20,NULL]
11-16 04:09:26.003 1504 4613 I sysui_multi_action: [757,856,758,2,806,com.android.music,857,Channel-music,858,2]
11-16 04:09:26.004 1504 4613 W NotificationHistory: Attempted to remove channel for locked/gone/disabled user 0
11-16 04:09:26.005 1504 1601 W BroadcastQueue: Background execution not allowed: receiving Intent { act=com.android.music.updatewidget flg=0x10 } to com.android.music/.MediaAppWidgetProvider
11-16 04:09:26.006 1968 2000 W System : A resource failed to call close.
11-16 04:09:26.006 1504 1601 W BroadcastQueue: Background execution not allowed: receiving Intent { act=com.android.music.updatewidget flg=0x10 } to com.android.music/.MediaAppWidgetProviderLarge
11-16 04:09:26.006 1968 2000 W System : A resource failed to call close.
11-16 04:09:26.006 1968 2000 W System : A resource failed to call close.
11-16 04:09:26.007 1968 2000 W System : A resource failed to call release.
11-16 04:09:26.008 1968 2000 W System : A resource failed to call close.
11-16 04:09:26.009 1968 2000 W System : A resource failed to call release.
11-16 04:09:26.041 3677 5189 I GameMode_ActivityMonitoringService: onTaskStackChanged
11-16 04:09:26.046 3677 3695 I GameMode_ActivityMonitoringService: Updating top task to: TaskInfoContainer [topActivity=ComponentInfo{com.android.launcher3/com.android.launcher3.uioverrides.QuickstepLauncher}, taskId=281, stackId=280, userId=0, displayId=0, position=6
11-16 04:09:26.047 3677 3695 I GameMode_ActivityMonitoringService: Notifying about top task: TaskInfoContainer [topActivity=ComponentInfo{com.android.launcher3/com.android.launcher3.uioverrides.QuickstepLauncher}, taskId=281, stackId=280, userId=0, displayId=0, position=6
11-16 04:09:26.047 3677 3695 E GameMode_ActivityMonitoringService: onActivityLaunch:com.android.launcher3
11-16 04:09:26.047 3677 3695 V GameMode_GameTypeUtils: judge isGame:com.android.launcher3
11-16 04:09:26.048 3677 3695 V GameMode_GpuUtils: fps:60
11-16 04:09:26.049 3677 3695 D GameMode_GameModeActionUtils: Show GameMode entry by service!
11-16 04:09:26.050 3677 3695 W ContextImpl: Calling a method in the system process without a qualified user: android.app.ContextImpl.startService:1816 android.content.ContextWrapper.startService:774 com.thundercomm.gamemode.ingame.services.GameModeActionUtils.startGameModeService:93 com.thundercomm.gamemode.ingame.services.GameModeActionUtils.startGameModeEntry:21 com.thundercomm.gamemode.ingame.services.ActivityMonitoringService$1.onActivityLaunch:127
11-16 04:09:26.052 3677 3695 D GameModeIF_GameModeSettings: getUriFor setting_content_uri_root = content://com.thundercomm.gamemode.api/gamemode_settings , name = gamemode_isgaming
11-16 04:09:26.053 3677 3677 D GameMode_GameModeService: type=hide_entry
11-16 04:09:26.055 1504 1504 I GameModeConfig: Current uri is uri = content://com.thundercomm.gamemode.api/gamemode_settings/gamemode_isgaming
11-16 04:09:26.055 1504 1504 D GameModeIF_GameModeSettings: getUriFor setting_content_uri_root = content://com.thundercomm.gamemode.api/gamemode_settings , name = gamemode_isgaming
11-16 04:09:26.055 3677 3695 D GameModeIF_GameModeSettings: gamemode_isgaming set to 0
11-16 04:09:26.056 1504 1504 I GameModeConfig: isGameModeOn = false
11-16 04:09:26.057 1504 1504 I GameModeConfig: isGameModeOn = false
11-16 04:09:26.057 1504 1504 I GameModeConfig: isDisableVoice = true
11-16 04:09:26.060 3677 3677 D GameMode_GameSettingsObserver: Game Data change!!!! uri = content://com.thundercomm.gamemode.api/gamemode_settings/gamemode_isgaming
11-16 04:09:26.060 3677 3677 D GameModeIF_GameModeSettings: getUriFor setting_content_uri_root = content://com.thundercomm.gamemode.api/gamemode_settings , name = gamemode_isgaming
11-16 04:09:26.062 3677 3677 D GameMode_GameModeService: updateGlobalSettings = gamemode_isgaming
11-16 04:09:26.237 1504 1572 I wm_task_removed: [301,removeChild:removeChild last r=ActivityRecord{9d44c53 u0 com.android.music/.MusicBrowserActivity t-1 f}} in t=Task{144f442 #301 type=standard A=10086:android.task.music U=0 visible=false mode=freeform translucent=true sz=0}]
11-16 04:09:26.237 1504 1572 I wm_task_removed: [301,removeChild]
11-16 04:09:26.237 1504 1572 D FreeFormWindowHelper: Remove freefrom task=Task{144f442 #301 type=standard A=10086:android.task.music U=0 visible=false mode=freeform translucent=true sz=0}
11-16 04:09:26.267 1504 1570 I commit_sys_config_file: [notification-policy,2745725]
11-16 04:09:26.586 645 660 I mpu_uart: [MSG-P:RECV]:No message received in 1000 ms
11-16 04:09:26.661 1202 4565 I OMX-VENC: venc_dev: stats: avg. fps 58.97, bitrate 2032896
11-16 04:09:26.699 1504 1682 I input_interaction: Interaction with: e1de84c com.android.launcher3/com.android.launcher3.uioverrides.QuickstepLauncher (server), c74be60 com.android.systemui.ImageWallpaper (server), edge-swipe (server), swipe-up (server), PointerEventDispatcher0 (server),
11-16 04:09:26.805 1504 5498 D FreeFormWindowHelper: Add freeform task=Task{4e5e686 #300 type=standard A=10068:com.android.deskclock U=0 visible=false mode=freeform translucent=true sz=0}
11-16 04:09:26.811 1504 5498 I wm_task_moved: [280,1,6]
11-16 04:09:26.812 1504 5498 I wm_set_resumed_activity: [0,com.android.launcher3/.uioverrides.QuickstepLauncher,positionChildAt]
11-16 04:09:26.813 1504 5498 I ActivityTaskManager: START u0 {flg=0x10108000 cmp=com.android.deskclock/.DeskClock} from uid 10073
11-16 04:09:26.820 1504 5498 D CompatibilityChangeReporter: Compat change id reported: 174042980; UID 10068; state: DISABLED
11-16 04:09:26.822 1504 5498 I wm_task_moved: [300,1,6]
11-16 04:09:26.823 1504 5498 I wm_task_to_front: [0,300]
11-16 04:09:26.823 2769 2769 W hpplay-java: [main]:IPManager:getActiveNets invalid networkInfo:null
11-16 04:09:26.823 2769 2769 I hpplay-java: [main]:IPManager:getActiveNets eth0:false wifi:false mobile:false ap:false
11-16 04:09:26.823 2769 2769 I hpplay-java: [main]:ServerTaskManager:get local ip:null
11-16 04:09:26.824 1504 5498 I wm_focused_root_task: [0,0,300,280,reuseOrNewTask]
11-16 04:09:26.824 1504 5498 I wm_create_activity: [0,171147883,300,com.android.deskclock/.DeskClock,NULL,NULL,NULL,269516800]
11-16 04:09:26.826 1504 5498 D CompatibilityChangeReporter: Compat change id reported: 168419799; UID 10068; state: DISABLED
11-16 04:09:26.827 1504 5498 D CompatibilityInfo: mCompatibilityFlags - 4
11-16 04:09:26.827 1504 5498 D CompatibilityInfo: applicationDensity - 240
11-16 04:09:26.827 1504 5498 D CompatibilityInfo: applicationScale - 1.0
11-16 04:09:26.828 1504 5498 D ActivityTrigger: ActivityTrigger activityPauseTrigger
11-16 04:09:26.829 1504 5498 I wm_pause_activity: [0,50203839,com.android.launcher3/.uioverrides.QuickstepLauncher,userLeaving=true,pauseBackTasks]
11-16 04:09:26.835 2496 2496 I wm_on_top_resumed_lost_called: [50203839,com.android.launcher3.uioverrides.QuickstepLauncher,topStateChangedWhenResumed]
11-16 04:09:26.837 2496 2496 I wm_on_paused_called: [50203839,com.android.launcher3.uioverrides.QuickstepLauncher,performPause]
11-16 04:09:26.838 1504 4613 I ActivityTaskManager: FOREGROUND_APPLICATION_CHANGED to com.android.deskclock.DeskClock
11-16 04:09:26.839 1504 4613 I ActivityTaskManager: The Process com.android.deskclock Already Exists in BG. So sending its PID: 5580
11-16 04:09:26.839 1504 4613 W ActivityTaskManager: Tried to set launchTime (0) < mLastActivityLaunchTime (2748573)
11-16 04:09:26.839 1504 4613 I wm_add_to_stopping: [0,50203839,com.android.launcher3/.uioverrides.QuickstepLauncher,makeInvisible]
11-16 04:09:26.841 1504 1571 I EventSequenceValidator: inc AccIntentStartedEvents to 2
11-16 04:09:26.841 1504 4613 I wm_restart_activity: [0,171147883,300,com.android.deskclock/.DeskClock]
11-16 04:09:26.841 1504 4613 D CompatibilityInfo: mCompatibilityFlags - 4
11-16 04:09:26.841 1504 4613 D CompatibilityInfo: applicationDensity - 240
11-16 04:09:26.841 1504 4613 D CompatibilityInfo: applicationScale - 1.0
11-16 04:09:26.843 1504 4613 I wm_set_resumed_activity: [0,com.android.deskclock/.DeskClock,minimalResumeActivityLocked]
11-16 04:09:26.857 1504 1682 I input_focus: [Focus leaving e1de84c com.android.launcher3/com.android.launcher3.uioverrides.QuickstepLauncher (server),reason=NO_WINDOW]
11-16 04:09:26.859 1504 1571 I sysui_multi_action: [757,803,799,window_time_0,802,1]
11-16 04:09:26.860 3677 5189 I GameMode_ActivityMonitoringService: onForegroundActivitiesChanged uid 10068 pid 5580 fg true
11-16 04:09:26.863 3677 3695 I GameMode_ActivityMonitoringService: Updating top task to: TaskInfoContainer [topActivity=ComponentInfo{com.android.deskclock/com.android.deskclock.DeskClock}, taskId=300, stackId=300, userId=0, displayId=0, position=6
11-16 04:09:26.864 3677 3695 I GameMode_ActivityMonitoringService: Notifying about top task: TaskInfoContainer [topActivity=ComponentInfo{com.android.deskclock/com.android.deskclock.DeskClock}, taskId=300, stackId=300, userId=0, displayId=0, position=6
11-16 04:09:26.864 3677 3695 E GameMode_ActivityMonitoringService: onActivityLaunch:com.android.deskclock
11-16 04:09:26.864 3677 3695 V GameMode_GameTypeUtils: judge isGame:com.android.deskclock
11-16 04:09:26.864 3677 3695 V GameMode_GpuUtils: fps:60
11-16 04:09:26.869 3677 3695 D GameMode_GameModeActionUtils: Show GameMode entry by service!
11-16 04:09:26.869 3677 3695 W ContextImpl: Calling a method in the system process without a qualified user: android.app.ContextImpl.startService:1816 android.content.ContextWrapper.startService:774 com.thundercomm.gamemode.ingame.services.GameModeActionUtils.startGameModeService:93 com.thundercomm.gamemode.ingame.services.GameModeActionUtils.startGameModeEntry:21 com.thundercomm.gamemode.ingame.services.ActivityMonitoringService$1.onActivityLaunch:127
11-16 04:09:26.871 3677 3677 D GameMode_GameModeService: type=hide_entry
11-16 04:09:26.871 3677 3695 D GameModeIF_GameModeSettings: getUriFor setting_content_uri_root = content://com.thundercomm.gamemode.api/gamemode_settings , name = gamemode_isgaming
11-16 04:09:26.873 1504 1504 I GameModeConfig: Current uri is uri = content://com.thundercomm.gamemode.api/gamemode_settings/gamemode_isgaming
11-16 04:09:26.873 1504 1504 D GameModeIF_GameModeSettings: getUriFor setting_content_uri_root = content://com.thundercomm.gamemode.api/gamemode_settings , name = gamemode_isgaming
11-16 04:09:26.873 3677 3695 D GameModeIF_GameModeSettings: gamemode_isgaming set to 0
11-16 04:09:26.873 3677 3677 D GameMode_GameSettingsObserver: Game Data change!!!! uri = content://com.thundercomm.gamemode.api/gamemode_settings/gamemode_isgaming
11-16 04:09:26.873 3677 3677 D GameModeIF_GameModeSettings: getUriFor setting_content_uri_root = content://com.thundercomm.gamemode.api/gamemode_settings , name = gamemode_isgaming
11-16 04:09:26.875 1504 1504 I GameModeConfig: isGameModeOn = false
11-16 04:09:26.875 1504 1504 I GameModeConfig: isGameModeOn = false
11-16 04:09:26.875 1504 1504 I GameModeConfig: isDisableVoice = true
11-16 04:09:26.876 3677 3677 D GameMode_GameModeService: updateGlobalSettings = gamemode_isgaming
11-16 04:09:26.883 1504 5498 I ActivityTaskManager: START u0 {act=android.content.pm.action.REQUEST_PERMISSIONS pkg=com.android.permissioncontroller cmp=com.android.permissioncontroller/.permission.ui.GrantPermissionsActivity (has extras)} from uid 10068
11-16 04:09:26.887 1504 5498 D CompatibilityChangeReporter: Compat change id reported: 174042980; UID 10094; state: DISABLED
11-16 04:09:26.887 1504 5498 D CompatibilityChangeReporter: Compat change id reported: 184838306; UID 10094; state: DISABLED
11-16 04:09:26.888 1504 5498 D CompatibilityChangeReporter: Compat change id reported: 185004937; UID 10094; state: DISABLED
11-16 04:09:26.889 1504 5498 D CompatibilityChangeReporter: Compat change id reported: 181136395; UID 10094; state: DISABLED
11-16 04:09:26.889 1504 5498 D CompatibilityChangeReporter: Compat change id reported: 174042936; UID 10094; state: DISABLED
11-16 04:09:26.890 1504 5498 I wm_task_moved: [300,1,6]
11-16 04:09:26.891 1504 5498 I wm_set_resumed_activity: [0,com.android.deskclock/.DeskClock,positionChildAt]
11-16 04:09:26.891 1504 5498 I wm_create_activity: [0,236888082,300,com.android.permissioncontroller/.permission.ui.GrantPermissionsActivity,android.content.pm.action.REQUEST_PERMISSIONS,NULL,NULL,8388608]
11-16 04:09:26.892 1504 5498 D CompatibilityChangeReporter: Compat change id reported: 168419799; UID 10094; state: DISABLED
11-16 04:09:26.892 1504 5498 D CompatibilityInfo: mCompatibilityFlags - 4
11-16 04:09:26.892 1504 5498 D CompatibilityInfo: applicationDensity - 240
11-16 04:09:26.892 1504 5498 D CompatibilityInfo: applicationScale - 1.0
11-16 04:09:26.892 1504 5498 D ActivityTrigger: ActivityTrigger activityPauseTrigger
11-16 04:09:26.893 1504 5498 I wm_pause_activity: [0,171147883,com.android.deskclock/.DeskClock,userLeaving=true,resumeTopActivityInnerLocked]
11-16 04:09:26.922 5580 5580 I wm_on_create_called: [171147883,com.android.deskclock.DeskClock,performCreate]
11-16 04:09:26.924 5580 5580 I wm_on_start_called: [171147883,com.android.deskclock.DeskClock,handleStartActivity]
11-16 04:09:26.925 5580 5580 I wm_on_resume_called: [171147883,com.android.deskclock.DeskClock,RESUME_ACTIVITY]
11-16 04:09:26.929 5580 5580 I wm_on_top_resumed_gained_called: [171147883,com.android.deskclock.DeskClock,topStateChangedWhenResumed]
11-16 04:09:26.929 5580 5580 I wm_on_top_resumed_lost_called: [171147883,com.android.deskclock.DeskClock,topStateChangedWhenResumed]
11-16 04:09:26.929 5580 5580 I wm_on_paused_called: [171147883,com.android.deskclock.DeskClock,performPause]
11-16 04:09:26.930 1504 5497 I ActivityTaskManager: FOREGROUND_APPLICATION_CHANGED to com.android.permissioncontroller.permission.ui.GrantPermissionsActivity
11-16 04:09:26.930 1504 5497 I ActivityTaskManager: The Process com.android.permissioncontroller Already Exists in BG. So sending its PID: 5601
11-16 04:09:26.932 1504 5497 W ActivityTaskManager: Tried to set launchTime (0) < mLastActivityLaunchTime (2748673)
11-16 04:09:26.934 1504 5497 I wm_restart_activity: [0,236888082,300,com.android.permissioncontroller/.permission.ui.GrantPermissionsActivity]
11-16 04:09:26.935 1504 5497 D CompatibilityInfo: mCompatibilityFlags - 4
11-16 04:09:26.935 1504 5497 D CompatibilityInfo: applicationDensity - 240
11-16 04:09:26.935 1504 5497 D CompatibilityInfo: applicationScale - 1.0
11-16 04:09:26.936 1504 5497 I wm_set_resumed_activity: [0,com.android.permissioncontroller/.permission.ui.GrantPermissionsActivity,minimalResumeActivityLocked]
11-16 04:09:26.938 3677 5189 I GameMode_ActivityMonitoringService: onForegroundActivitiesChanged uid 10094 pid 5601 fg true
11-16 04:09:26.945 1504 1571 I sysui_multi_action: [757,803,799,window_time_0,802,0]
11-16 04:09:26.950 3677 3695 I GameMode_ActivityMonitoringService: Updating top task to: TaskInfoContainer [topActivity=ComponentInfo{com.android.permissioncontroller/com.android.permissioncontroller.permission.ui.GrantPermissionsActivity}, taskId=300, stackId=300, userId=0, displayId=0, position=6
11-16 04:09:26.950 3677 3695 I GameMode_ActivityMonitoringService: Notifying about top task: TaskInfoContainer [topActivity=ComponentInfo{com.android.permissioncontroller/com.android.permissioncontroller.permission.ui.GrantPermissionsActivity}, taskId=300, stackId=300, userId=0, displayId=0, position=6
11-16 04:09:26.950 3677 3695 E GameMode_ActivityMonitoringService: onActivityLaunch:com.android.permissioncontroller
11-16 04:09:26.950 3677 3695 V GameMode_GameTypeUtils: judge isGame:com.android.permissioncontroller
11-16 04:09:26.950 3677 3695 V GameMode_GpuUtils: fps:60
11-16 04:09:26.954 3677 3695 D GameMode_GameModeActionUtils: Show GameMode entry by service!
11-16 04:09:26.954 3677 3695 W ContextImpl: Calling a method in the system process without a qualified user: android.app.ContextImpl.startService:1816 android.content.ContextWrapper.startService:774 com.thundercomm.gamemode.ingame.services.GameModeActionUtils.startGameModeService:93 com.thundercomm.gamemode.ingame.services.GameModeActionUtils.startGameModeEntry:21 com.thundercomm.gamemode.ingame.services.ActivityMonitoringService$1.onActivityLaunch:127
11-16 04:09:26.959 3677 3677 D GameMode_GameModeService: type=hide_entry
11-16 04:09:26.959 3677 3695 D GameModeIF_GameModeSettings: getUriFor setting_content_uri_root = content://com.thundercomm.gamemode.api/gamemode_settings , name = gamemode_isgaming
11-16 04:09:26.961 3677 3677 D GameMode_GameSettingsObserver: Game Data change!!!! uri = content://com.thundercomm.gamemode.api/gamemode_settings/gamemode_isgaming
11-16 04:09:26.961 3677 3677 D GameModeIF_GameModeSettings: getUriFor setting_content_uri_root = content://com.thundercomm.gamemode.api/gamemode_settings , name = gamemode_isgaming
11-16 04:09:26.962 3677 3695 D GameModeIF_GameModeSettings: gamemode_isgaming set to 0
11-16 04:09:26.962 1504 1504 I GameModeConfig: Current uri is uri = content://com.thundercomm.gamemode.api/gamemode_settings/gamemode_isgaming
11-16 04:09:26.962 1504 1504 D GameModeIF_GameModeSettings: getUriFor setting_content_uri_root = content://com.thundercomm.gamemode.api/gamemode_settings , name = gamemode_isgaming
11-16 04:09:26.965 1504 1504 I GameModeConfig: isGameModeOn = false
11-16 04:09:26.966 1504 1504 I GameModeConfig: isGameModeOn = false
11-16 04:09:26.966 1504 1504 I GameModeConfig: isDisableVoice = true
11-16 04:09:26.966 5601 5601 I wm_on_create_called: [236888082,com.android.permissioncontroller.permission.ui.GrantPermissionsActivity,performCreate]
11-16 04:09:26.967 3677 3677 D GameMode_GameModeService: updateGlobalSettings = gamemode_isgaming
11-16 04:09:26.967 5601 5601 I wm_on_start_called: [236888082,com.android.permissioncontroller.permission.ui.GrantPermissionsActivity,handleStartActivity]
11-16 04:09:26.967 5601 5601 I wm_on_resume_called: [236888082,com.android.permissioncontroller.permission.ui.GrantPermissionsActivity,RESUME_ACTIVITY]
11-16 04:09:26.970 5601 5601 I wm_on_top_resumed_gained_called: [236888082,com.android.permissioncontroller.permission.ui.GrantPermissionsActivity,topStateChangedWhenResumed]
11-16 04:09:26.984 1504 1572 I input_focus: [Focus request a93e337 com.android.permissioncontroller/com.android.permissioncontroller.permission.ui.GrantPermissionsActivity,reason=UpdateInputWindows]
11-16 04:09:26.987 5601 5601 E GrantPermissionsViewModel: None of [org.codeaurora.permission.POWER_OFF_ALARM] in {android.permission-group.STORAGE=[android.permission.READ_EXTERNAL_STORAGE]}
11-16 04:09:26.992 1504 5498 I wm_finish_activity: [0,236888082,300,com.android.permissioncontroller/.permission.ui.GrantPermissionsActivity,app-request]
11-16 04:09:27.001 1504 5498 D ActivityTrigger: ActivityTrigger activityPauseTrigger
11-16 04:09:27.002 1504 5498 I wm_pause_activity: [0,236888082,com.android.permissioncontroller/.permission.ui.GrantPermissionsActivity,userLeaving=false,finish]
11-16 04:09:27.004 5601 5601 I wm_on_top_resumed_lost_called: [236888082,com.android.permissioncontroller.permission.ui.GrantPermissionsActivity,topStateChangedWhenResumed]
11-16 04:09:27.007 1504 1682 I input_focus: [Focus entering a93e337 com.android.permissioncontroller/com.android.permissioncontroller.permission.ui.GrantPermissionsActivity (server),reason=Window became focusable. Previous reason: NOT_VISIBLE]
11-16 04:09:27.011 5601 5601 I wm_on_paused_called: [236888082,com.android.permissioncontroller.permission.ui.GrantPermissionsActivity,performPause]
11-16 04:09:27.018 1504 5055 I wm_add_to_stopping: [0,236888082,com.android.permissioncontroller/.permission.ui.GrantPermissionsActivity,completeFinishing]
11-16 04:09:27.018 1504 5055 I ActivityTaskManager: FOREGROUND_APPLICATION_CHANGED to com.android.deskclock.DeskClock
11-16 04:09:27.019 1504 5055 I wm_set_resumed_activity: [0,com.android.deskclock/.DeskClock,resumeTopActivityInnerLocked]
11-16 04:09:27.020 1504 5055 I wm_resume_activity: [0,171147883,300,com.android.deskclock/.DeskClock]
11-16 04:09:27.024 1504 1682 I input_focus: [Focus leaving a93e337 com.android.permissioncontroller/com.android.permissioncontroller.permission.ui.GrantPermissionsActivity (server),reason=NO_WINDOW]
11-16 04:09:27.028 1504 1572 I input_focus: [Focus request a1a91e0 com.android.deskclock/com.android.deskclock.DeskClock,reason=UpdateInputWindows]
11-16 04:09:27.029 1504 1571 I sysui_multi_action: [757,803,799,window_time_0,802,0]
11-16 04:09:27.035 5580 5580 I AlarmClock: Power off alarm permission is granted.
11-16 04:09:27.035 5580 5580 I wm_on_activity_result_called: [171147883,com.android.deskclock.DeskClock,ACTIVITY_RESULT]
11-16 04:09:27.035 5580 5580 I wm_on_resume_called: [171147883,com.android.deskclock.DeskClock,RESUME_ACTIVITY]
11-16 04:09:27.037 1504 1571 I EventSequenceValidator: dec AccIntentStartedEvents to 1
11-16 04:09:27.037 5580 5580 I wm_on_top_resumed_gained_called: [171147883,com.android.deskclock.DeskClock,topWhenResuming]
11-16 04:09:27.041 1504 1682 I input_focus: [Focus entering a1a91e0 com.android.deskclock/com.android.deskclock.DeskClock (server),reason=setFocusedWindow]
11-16 04:09:27.046 1504 1568 I sysui_multi_action: [319,177,321,90,322,223,325,2756,757,761,758,8,759,2,806,com.android.permissioncontroller,871,com.android.permissioncontroller.permission.ui.GrantPermissionsActivity,904,com.android.deskclock,905,0,1320,8,1321,5]
11-16 04:09:27.049 1504 1568 I wm_activity_launch_time: [0,236888082,com.android.permissioncontroller/.permission.ui.GrantPermissionsActivity,223]
11-16 04:09:27.051 1504 1568 I ActivityTaskManager: Displayed com.android.permissioncontroller/.permission.ui.GrantPermissionsActivity: +223ms
11-16 04:09:27.121 3677 5189 I GameMode_ActivityMonitoringService: onTaskStackChanged
11-16 04:09:27.126 3677 3695 I GameMode_ActivityMonitoringService: Updating top task to: TaskInfoContainer [topActivity=ComponentInfo{com.android.deskclock/com.android.deskclock.DeskClock}, taskId=300, stackId=300, userId=0, displayId=0, position=6
11-16 04:09:27.126 3677 3695 I GameMode_ActivityMonitoringService: Notifying about top task: TaskInfoContainer [topActivity=ComponentInfo{com.android.deskclock/com.android.deskclock.DeskClock}, taskId=300, stackId=300, userId=0, displayId=0, position=6
11-16 04:09:27.126 3677 3695 E GameMode_ActivityMonitoringService: onActivityLaunch:com.android.deskclock
11-16 04:09:27.126 3677 3695 V GameMode_GameTypeUtils: judge isGame:com.android.deskclock
11-16 04:09:27.126 3677 3695 V GameMode_GpuUtils: fps:60
11-16 04:09:27.129 3677 3695 D GameMode_GameModeActionUtils: Show GameMode entry by service!
11-16 04:09:27.129 3677 3695 W ContextImpl: Calling a method in the system process without a qualified user: android.app.ContextImpl.startService:1816 android.content.ContextWrapper.startService:774 com.thundercomm.gamemode.ingame.services.GameModeActionUtils.startGameModeService:93 com.thundercomm.gamemode.ingame.services.GameModeActionUtils.startGameModeEntry:21 com.thundercomm.gamemode.ingame.services.ActivityMonitoringService$1.onActivityLaunch:127
11-16 04:09:27.132 3677 3677 D GameMode_GameModeService: type=hide_entry
11-16 04:09:27.135 3677 3695 D GameModeIF_GameModeSettings: getUriFor setting_content_uri_root = content://com.thundercomm.gamemode.api/gamemode_settings , name = gamemode_isgaming
11-16 04:09:27.137 1504 1504 I GameModeConfig: Current uri is uri = content://com.thundercomm.gamemode.api/gamemode_settings/gamemode_isgaming
11-16 04:09:27.137 3677 3677 D GameMode_GameSettingsObserver: Game Data change!!!! uri = content://com.thundercomm.gamemode.api/gamemode_settings/gamemode_isgaming
11-16 04:09:27.137 1504 1504 D GameModeIF_GameModeSettings: getUriFor setting_content_uri_root = content://com.thundercomm.gamemode.api/gamemode_settings , name = gamemode_isgaming
11-16 04:09:27.137 3677 3677 D GameModeIF_GameModeSettings: getUriFor setting_content_uri_root = content://com.thundercomm.gamemode.api/gamemode_settings , name = gamemode_isgaming
11-16 04:09:27.137 3677 3695 D GameModeIF_GameModeSettings: gamemode_isgaming set to 0
