--------- beginning of events
01-01 08:00:08.660 502 502 I snet_event_log: [121035042,-1,]
01-01 08:00:08.662 502 502 I auditd : SELinux: Loaded service_contexts from:
01-01 08:00:08.662 502 502 I auditd : /system/etc/selinux/plat_service_contexts
01-01 08:00:08.662 502 502 I auditd : /system_ext/etc/selinux/system_ext_service_contexts
01-01 08:00:08.662 502 502 I auditd : /product/etc/selinux/product_service_contexts
01-01 08:00:08.662 502 502 I auditd : /vendor/etc/selinux/vendor_service_contexts
01-01 08:00:00.195 500 500 I auditd : type=2000 audit(0.0:1): state=initialized audit_enabled=0 res=1
01-01 08:00:07.887 500 500 I auditd : type=1403 audit(0.0:2): auid=4294967295 ses=4294967295 lsm=selinux res=1
01-01 08:00:07.887 500 500 I auditd : type=1404 audit(0.0:3): enforcing=1 old_enforcing=0 auid=4294967295 ses=4294967295 enabled=1 old-enabled=1 lsm=selinux res=1
01-01 08:00:07.943 1 1 I auditd : type=1107 audit(0.0:4): uid=0 auid=4294967295 ses=4294967295 subj=u:r:init:s0 msg='avc: denied { read } for property=persist.debug.trace pid=0 uid=0 gid=0 scontext=u:r:vendor_init:s0 tcontext=u:object_r:persist_debug_prop:s0 tclass=file permissive=0'
01-01 08:00:08.327 1 1 I auditd : type=1400 audit(0.0:5): avc: denied { mounton } for comm="init" path="/sys/kernel/tracing" dev="tracefs" ino=1 scontext=u:r:init:s0 tcontext=u:object_r:debugfs_tracing_debug:s0 tclass=dir permissive=0
01-01 08:00:08.665 504 504 I snet_event_log: [121035042,-1,]
01-01 08:00:08.663 512 512 I auditd : type=1400 audit(0.0:6): avc: denied { ptrace } for comm="crash_dump64" scontext=u:r:crash_dump:s0 tcontext=u:r:init:s0 tclass=process permissive=0
01-01 08:00:08.699 543 543 I auditd : type=1400 audit(0.0:7): avc: denied { kill } for comm="e2fsck" capability=5 scontext=u:r:fsck:s0 tcontext=u:r:fsck:s0 tclass=capability permissive=0
01-01 08:00:08.703 552 552 I auditd : type=1400 audit(0.0:8): avc: denied { read write } for comm="fsck_msdos" name="sde51" dev="tmpfs" ino=12448 scontext=u:r:fsck:s0 tcontext=u:object_r:block_device:s0 tclass=blk_file permissive=0
01-01 08:00:08.703 552 552 I auditd : type=1400 audit(0.0:9): avc: denied { read } for comm="fsck_msdos" name="sde51" dev="tmpfs" ino=12448 scontext=u:r:fsck:s0 tcontext=u:object_r:block_device:s0 tclass=blk_file permissive=0
01-01 08:00:08.703 552 552 I auditd : type=1400 audit(0.0:10): avc: denied { kill } for comm="fsck_msdos" capability=5 scontext=u:r:fsck:s0 tcontext=u:r:fsck:s0 tclass=capability permissive=0
01-01 08:00:09.767 608 608 I auditd : type=1400 audit(0.0:11): avc: denied { kill } for comm="vdc" capability=5 scontext=u:r:vdc:s0 tcontext=u:r:vdc:s0 tclass=capability permissive=0
01-01 08:00:09.786 567 567 I auditd : SELinux: Loaded keystore2_key_contexts from:
01-01 08:00:09.786 567 567 I auditd : /system/etc/selinux/plat_keystore2_key_contexts
01-01 08:00:09.827 611 611 I auditd : type=1400 audit(0.0:12): avc: denied { kill } for comm="fsck.f2fs" capability=5 scontext=u:r:fsck:s0 tcontext=u:r:fsck:s0 tclass=capability permissive=0
01-01 08:00:09.859 610 610 I auditd : type=1400 audit(0.0:13): avc: denied { kill } for comm="vdc" capability=5 scontext=u:r:vdc:s0 tcontext=u:r:vdc:s0 tclass=capability permissive=0
01-01 08:00:10.000 1 1 I auditd : type=1400 audit(0.0:14): avc: denied { getattr } for comm="init" path="/product/bin/init.qti.display.sh" dev="dm-7" ino=68 scontext=u:r:init:s0 tcontext=u:object_r:vendor_sys_qti_display_exec:s0 tclass=file permissive=0
01-01 08:00:10.041 653 653 I liblog : 354
01-01 08:00:10.043 653 653 I liblog : 259
01-01 08:00:10.045 653 653 I liblog : 6
01-01 08:00:10.291 666 666 I boot_progress_start: 6651
01-01 08:00:10.547 846 846 I auditd : type=1400 audit(0.0:15): avc: denied { read } for comm="vendor.qti.hard" name="u:object_r:vendor_cap_configstore_dbg_prop:s0" dev="tmpfs" ino=2347 scontext=u:r:vendor_hal_capabilityconfigstore_qti_default:s0 tcontext=u:object_r:vendor_cap_configstore_dbg_prop:s0 tclass=file permissive=0
01-01 08:00:10.605 667 667 I snet_event_log: [200284993,-1,]
01-01 08:00:10.607 666 666 I snet_event_log: [200284993,-1,]
01-01 08:00:10.611 7 7 I auditd : type=1400 audit(0.0:16): avc: denied { create } for comm="kworker/u16:0" scontext=u:r:kernel:s0 tcontext=u:r:kernel:s0 tclass=qipcrtr_socket permissive=0
01-01 08:00:10.611 80 80 I auditd : type=1400 audit(0.0:17): avc: denied { create } for comm="kworker/u16:1" scontext=u:r:kernel:s0 tcontext=u:r:kernel:s0 tclass=qipcrtr_socket permissive=0
01-01 08:00:10.611 275 275 I auditd : type=1400 audit(0.0:18): avc: denied { create } for comm="kworker/u16:4" scontext=u:r:kernel:s0 tcontext=u:r:kernel:s0 tclass=qipcrtr_socket permissive=0
01-01 08:00:10.611 275 275 I auditd : type=1400 audit(0.0:19): avc: denied { create } for comm="kworker/u16:4" scontext=u:r:kernel:s0 tcontext=u:r:kernel:s0 tclass=qipcrtr_socket permissive=0
01-01 08:00:10.611 275 275 I auditd : type=1400 audit(0.0:20): avc: denied { create } for comm="kworker/u16:4" scontext=u:r:kernel:s0 tcontext=u:r:kernel:s0 tclass=qipcrtr_socket permissive=0
01-01 08:00:10.611 271 271 I auditd : type=1400 audit(0.0:21): avc: denied { create } for comm="kworker/u16:2" scontext=u:r:kernel:s0 tcontext=u:r:kernel:s0 tclass=qipcrtr_socket permissive=0
01-01 08:00:10.611 271 271 I auditd : type=1400 audit(0.0:22): avc: denied { create } for comm="kworker/u16:2" scontext=u:r:kernel:s0 tcontext=u:r:kernel:s0 tclass=qipcrtr_socket permissive=0
01-01 08:00:10.611 275 275 I auditd : type=1400 audit(0.0:23): avc: denied { create } for comm="kworker/u16:4" scontext=u:r:kernel:s0 tcontext=u:r:kernel:s0 tclass=qipcrtr_socket permissive=0
01-01 08:00:10.611 271 271 I auditd : type=1400 audit(0.0:24): avc: denied { create } for comm="kworker/u16:2" scontext=u:r:kernel:s0 tcontext=u:r:kernel:s0 tclass=qipcrtr_socket permissive=0
01-01 08:00:10.611 275 275 I auditd : type=1400 audit(0.0:25): avc: denied { create } for comm="kworker/u16:4" scontext=u:r:kernel:s0 tcontext=u:r:kernel:s0 tclass=qipcrtr_socket permissive=0
01-01 08:00:10.611 275 275 I auditd : type=1400 audit(0.0:26): avc: denied { create } for comm="kworker/u16:4" scontext=u:r:kernel:s0 tcontext=u:r:kernel:s0 tclass=qipcrtr_socket permissive=0
01-01 08:00:10.611 271 271 I auditd : type=1400 audit(0.0:27): avc: denied { create } for comm="kworker/u16:2" scontext=u:r:kernel:s0 tcontext=u:r:kernel:s0 tclass=qipcrtr_socket permissive=0
01-01 08:00:10.611 271 271 I auditd : type=1400 audit(0.0:28): avc: denied { create } for comm="kworker/u16:2" scontext=u:r:kernel:s0 tcontext=u:r:kernel:s0 tclass=qipcrtr_socket permissive=0
01-01 08:00:10.615 273 273 I auditd : type=1400 audit(0.0:29): avc: denied { create } for comm="kworker/u16:3" scontext=u:r:kernel:s0 tcontext=u:r:kernel:s0 tclass=qipcrtr_socket permissive=0
01-01 08:00:10.615 273 273 I auditd : type=1400 audit(0.0:30): avc: denied { create } for comm="kworker/u16:3" scontext=u:r:kernel:s0 tcontext=u:r:kernel:s0 tclass=qipcrtr_socket permissive=0
01-01 08:00:10.615 273 273 I auditd : type=1400 audit(0.0:32): avc: denied { create } for comm="kworker/u16:3" scontext=u:r:kernel:s0 tcontext=u:r:kernel:s0 tclass=qipcrtr_socket permissive=0
01-01 08:00:10.615 343 343 I auditd : type=1400 audit(0.0:31): avc: denied { create } for comm="kworker/u16:13" scontext=u:r:kernel:s0 tcontext=u:r:kernel:s0 tclass=qipcrtr_socket permissive=0
01-01 08:00:10.615 343 343 I auditd : type=1400 audit(0.0:33): avc: denied { create } for comm="kworker/u16:13" scontext=u:r:kernel:s0 tcontext=u:r:kernel:s0 tclass=qipcrtr_socket permissive=0
01-01 08:00:10.615 277 277 I auditd : type=1400 audit(0.0:34): avc: denied { create } for comm="kworker/u16:5" scontext=u:r:kernel:s0 tcontext=u:r:kernel:s0 tclass=qipcrtr_socket permissive=0
01-01 08:00:10.615 343 343 I auditd : type=1400 audit(0.0:35): avc: denied { create } for comm="kworker/u16:13" scontext=u:r:kernel:s0 tcontext=u:r:kernel:s0 tclass=qipcrtr_socket permissive=0
01-01 08:00:10.615 279 279 I auditd : type=1400 audit(0.0:36): avc: denied { create } for comm="kworker/u16:6" scontext=u:r:kernel:s0 tcontext=u:r:kernel:s0 tclass=qipcrtr_socket permissive=0
01-01 08:00:10.683 469 469 I auditd : type=1400 audit(0.0:37): avc: denied { setattr } for comm="init" name="rawdump" dev="tmpfs" ino=14494 scontext=u:r:vendor_init:s0 tcontext=u:object_r:block_device:s0 tclass=lnk_file permissive=0
01-01 08:00:10.683 469 469 I auditd : type=1400 audit(0.0:38): avc: denied { setattr } for comm="init" name="rawdump" dev="tmpfs" ino=14494 scontext=u:r:vendor_init:s0 tcontext=u:object_r:block_device:s0 tclass=lnk_file permissive=0
01-01 08:00:10.703 848 848 I auditd : type=1400 audit(0.0:39): avc: denied { read write } for comm="vendor.qti.hard" name="diag" dev="tmpfs" ino=11695 scontext=u:r:hal_graphics_composer_default:s0 tcontext=u:object_r:vendor_diag_device:s0 tclass=chr_file permissive=0
01-01 08:00:10.710 666 666 I boot_progress_preload_start: 7069
01-01 08:00:10.719 995 995 I auditd : type=1400 audit(0.0:40): avc: denied { read write } for comm="sensors.qti" name="diag" dev="tmpfs" ino=11695 scontext=u:r:vendor_sensors_qti:s0 tcontext=u:object_r:vendor_diag_device:s0 tclass=chr_file permissive=0
01-01 08:00:10.781 502 502 I auditd : avc: denied { find } for pid=991 uid=1000 name=vendor.qti.hardware.display.config.IDisplayConfig/default scontext=u:r:surfaceflinger:s0 tcontext=u:object_r:default_android_service:s0 tclass=service_manager permissive=0
01-01 08:00:10.783 502 502 I auditd : avc: denied { find } for pid=991 uid=1000 name=vendor.qti.hardware.display.config.IDisplayConfig/default scontext=u:r:surfaceflinger:s0 tcontext=u:object_r:default_android_service:s0 tclass=service_manager permissive=0
01-01 08:00:10.907 1035 1035 I auditd : type=1400 audit(0.0:41): avc: denied { write } for comm="init.qcom.usb.s" name="uvc.0" dev="configfs" ino=16241 scontext=u:r:vendor_qti_init_shell:s0 tcontext=u:object_r:configfs:s0 tclass=dir permissive=0
01-01 08:00:10.907 1035 1035 I auditd : type=1400 audit(0.0:42): avc: denied { write } for comm="init.qcom.usb.s" name="uvc.0" dev="configfs" ino=16241 scontext=u:r:vendor_qti_init_shell:s0 tcontext=u:object_r:configfs:s0 tclass=dir permissive=0
01-01 08:00:10.911 1113 1113 I auditd : type=1400 audit(0.0:43): avc: denied { write } for comm="mkdir" name="header" dev="configfs" ino=16243 scontext=u:r:vendor_qti_init_shell:s0 tcontext=u:object_r:configfs:s0 tclass=dir permissive=0
01-01 08:00:10.919 1114 1114 I auditd : type=1400 audit(0.0:44): avc: denied { write } for comm="ln" name="fs" dev="configfs" ino=16252 scontext=u:r:vendor_qti_init_shell:s0 tcontext=u:object_r:configfs:s0 tclass=dir permissive=0
01-01 08:00:10.919 995 995 I auditd : type=1400 audit(0.0:45): avc: denied { read write } for comm="sensors.qti" name="diag" dev="tmpfs" ino=11695 scontext=u:r:vendor_sensors_qti:s0 tcontext=u:object_r:vendor_diag_device:s0 tclass=chr_file permissive=0
01-01 08:00:10.927 1115 1115 I auditd : type=1400 audit(0.0:46): avc: denied { write } for comm="ln" name="ss" dev="configfs" ino=16253 scontext=u:r:vendor_qti_init_shell:s0 tcontext=u:object_r:configfs:s0 tclass=dir permissive=0
01-01 08:00:10.935 1116 1116 I auditd : type=1400 audit(0.0:47): avc: denied { write } for comm="mkdir" name="uncompressed" dev="configfs" ino=16256 scontext=u:r:vendor_qti_init_shell:s0 tcontext=u:object_r:configfs:s0 tclass=dir permissive=0
01-01 08:00:10.939 1117 1117 I auditd : type=1400 audit(0.0:48): avc: denied { write } for comm="mkdir" name="uncompressed" dev="configfs" ino=16256 scontext=u:r:vendor_qti_init_shell:s0 tcontext=u:object_r:configfs:s0 tclass=dir permissive=0
01-01 08:00:10.947 1118 1118 I auditd : type=1400 audit(0.0:49): avc: denied { write } for comm="mkdir" name="mjpeg" dev="configfs" ino=16257 scontext=u:r:vendor_qti_init_shell:s0 tcontext=u:object_r:configfs:s0 tclass=dir permissive=0
01-01 08:00:10.967 1119 1119 I auditd : type=1400 audit(0.0:50): avc: denied { write } for comm="mkdir" name="mjpeg" dev="configfs" ino=16257 scontext=u:r:vendor_qti_init_shell:s0 tcontext=u:object_r:configfs:s0 tclass=dir permissive=0
01-01 08:00:10.975 1120 1120 I auditd : type=1400 audit(0.0:51): avc: denied { write } for comm="mkdir" name="h264" dev="configfs" ino=16258 scontext=u:r:vendor_qti_init_shell:s0 tcontext=u:object_r:configfs:s0 tclass=dir permissive=0
01-01 08:00:10.979 1121 1121 I auditd : type=1400 audit(0.0:52): avc: denied { write } for comm="mkdir" name="h264" dev="configfs" ino=16258 scontext=u:r:vendor_qti_init_shell:s0 tcontext=u:object_r:configfs:s0 tclass=dir permissive=0
01-01 08:00:10.987 1122 1122 I auditd : type=1400 audit(0.0:53): avc: denied { write } for comm="mkdir" name="header" dev="configfs" ino=16255 scontext=u:r:vendor_qti_init_shell:s0 tcontext=u:object_r:configfs:s0 tclass=dir permissive=0
01-01 08:00:10.991 1123 1123 I auditd : type=1400 audit(0.0:54): avc: denied { write } for comm="ln" name="header" dev="configfs" ino=16255 scontext=u:r:vendor_qti_init_shell:s0 tcontext=u:object_r:configfs:s0 tclass=dir permissive=0
01-01 08:00:10.999 1124 1124 I auditd : type=1400 audit(0.0:55): avc: denied { write } for comm="ln" name="header" dev="configfs" ino=16255 scontext=u:r:vendor_qti_init_shell:s0 tcontext=u:object_r:configfs:s0 tclass=dir permissive=0
01-01 08:00:11.003 1125 1125 I auditd : type=1400 audit(0.0:56): avc: denied { write } for comm="ln" name="header" dev="configfs" ino=16255 scontext=u:r:vendor_qti_init_shell:s0 tcontext=u:object_r:configfs:s0 tclass=dir permissive=0
01-01 08:00:11.011 1126 1126 I auditd : type=1400 audit(0.0:57): avc: denied { write } for comm="ln" name="fs" dev="configfs" ino=16262 scontext=u:r:vendor_qti_init_shell:s0 tcontext=u:object_r:configfs:s0 tclass=dir permissive=0
01-01 08:00:11.015 1130 1130 I auditd : type=1400 audit(0.0:58): avc: denied { write } for comm="ln" name="hs" dev="configfs" ino=16263 scontext=u:r:vendor_qti_init_shell:s0 tcontext=u:object_r:configfs:s0 tclass=dir permissive=0
01-01 08:00:11.019 1131 1131 I auditd : type=1400 audit(0.0:59): avc: denied { write } for comm="ln" name="ss" dev="configfs" ino=16264 scontext=u:r:vendor_qti_init_shell:s0 tcontext=u:object_r:configfs:s0 tclass=dir permissive=0
01-01 08:00:11.119 995 995 I auditd : type=1400 audit(0.0:60): avc: denied { read write } for comm="sensors.qti" name="diag" dev="tmpfs" ino=11695 scontext=u:r:vendor_sensors_qti:s0 tcontext=u:object_r:vendor_diag_device:s0 tclass=chr_file permissive=0
01-01 08:00:11.159 1168 1168 I auditd : type=1400 audit(0.0:61): avc: denied { read write } for comm="dpmd" name="diag" dev="tmpfs" ino=11695 scontext=u:r:vendor_dpmd:s0 tcontext=u:object_r:vendor_diag_device:s0 tclass=chr_file permissive=0
01-01 08:00:11.163 1181 1181 I auditd : type=1400 audit(0.0:62): avc: denied { read write } for comm="dpmd" name="diag" dev="tmpfs" ino=11695 scontext=u:r:vendor_dpmd:s0 tcontext=u:object_r:vendor_diag_device:s0 tclass=chr_file permissive=0
01-01 08:00:11.215 1215 1215 I auditd : type=1400 audit(0.0:63): avc: denied { read write } for comm="imsqmidaemon" name="diag" dev="tmpfs" ino=11695 scontext=u:r:vendor_ims:s0 tcontext=u:object_r:vendor_diag_device:s0 tclass=chr_file permissive=0
01-01 08:00:11.219 1215 1215 I auditd : type=1400 audit(0.0:64): avc: denied { read write } for comm="imsqmidaemon" name="diag" dev="tmpfs" ino=11695 scontext=u:r:vendor_ims:s0 tcontext=u:object_r:vendor_diag_device:s0 tclass=chr_file permissive=0
01-01 08:00:11.219 1215 1215 I auditd : type=1400 audit(0.0:65): avc: denied { read write } for comm="imsqmidaemon" name="diag" dev="tmpfs" ino=11695 scontext=u:r:vendor_ims:s0 tcontext=u:object_r:vendor_diag_device:s0 tclass=chr_file permissive=0
01-01 08:00:11.219 1215 1215 I auditd : type=1400 audit(0.0:66): avc: denied { read write } for comm="imsqmidaemon" name="diag" dev="tmpfs" ino=11695 scontext=u:r:vendor_ims:s0 tcontext=u:object_r:vendor_diag_device:s0 tclass=chr_file permissive=0
01-01 08:00:11.219 1215 1215 I auditd : type=1400 audit(0.0:67): avc: denied { read write } for comm="imsqmidaemon" name="diag" dev="tmpfs" ino=11695 scontext=u:r:vendor_ims:s0 tcontext=u:object_r:vendor_diag_device:s0 tclass=chr_file permissive=0
01-01 08:00:11.219 1215 1215 I auditd : type=1400 audit(0.0:69): avc: denied { read write } for comm="imsqmidaemon" name="diag" dev="tmpfs" ino=11695 scontext=u:r:vendor_ims:s0 tcontext=u:object_r:vendor_diag_device:s0 tclass=chr_file permissive=0
01-01 08:00:11.219 1222 1222 I auditd : type=1400 audit(0.0:68): avc: denied { read write } for comm="ipacm-diag" name="diag" dev="tmpfs" ino=11695 scontext=u:r:hal_tetheroffload_default:s0 tcontext=u:object_r:vendor_diag_device:s0 tclass=chr_file permissive=0
01-01 08:00:11.219 1215 1215 I auditd : type=1400 audit(0.0:70): avc: denied { read write } for comm="imsqmidaemon" name="diag" dev="tmpfs" ino=11695 scontext=u:r:vendor_ims:s0 tcontext=u:object_r:vendor_diag_device:s0 tclass=chr_file permissive=0
01-01 08:00:11.223 1215 1215 I auditd : type=1400 audit(0.0:71): avc: denied { read write } for comm="imsqmidaemon" name="diag" dev="tmpfs" ino=11695 scontext=u:r:vendor_ims:s0 tcontext=u:object_r:vendor_diag_device:s0 tclass=chr_file permissive=0
01-01 08:00:11.223 1215 1215 I auditd : type=1400 audit(0.0:72): avc: denied { read write } for comm="imsqmidaemon" name="diag" dev="tmpfs" ino=11695 scontext=u:r:vendor_ims:s0 tcontext=u:object_r:vendor_diag_device:s0 tclass=chr_file permissive=0
01-01 08:00:11.223 1215 1215 I auditd : type=1400 audit(0.0:73): avc: denied { read write } for comm="imsqmidaemon" name="diag" dev="tmpfs" ino=11695 scontext=u:r:vendor_ims:s0 tcontext=u:object_r:vendor_diag_device:s0 tclass=chr_file permissive=0
01-01 08:00:11.319 995 995 I auditd : type=1400 audit(0.0:74): avc: denied { read write } for comm="sensors.qti" name="diag" dev="tmpfs" ino=11695 scontext=u:r:vendor_sensors_qti:s0 tcontext=u:object_r:vendor_diag_device:s0 tclass=chr_file permissive=0
01-01 08:00:11.371 1213 1213 I auditd : type=1400 audit(0.0:75): avc: denied { read write } for comm="ims_rtp_daemon" name="diag" dev="tmpfs" ino=11695 scontext=u:r:vendor_hal_imsrtp:s0 tcontext=u:object_r:vendor_diag_device:s0 tclass=chr_file permissive=0
01-01 08:00:11.391 1363 1363 I auditd : type=1400 audit(0.0:76): avc: denied { read write } for comm="imsdatadaemon" name="diag" dev="tmpfs" ino=11695 scontext=u:r:vendor_ims:s0 tcontext=u:object_r:vendor_diag_device:s0 tclass=chr_file permissive=0
01-01 08:00:11.391 1363 1363 I auditd : type=1400 audit(0.0:77): avc: denied { read write } for comm="imsdatadaemon" name="diag" dev="tmpfs" ino=11695 scontext=u:r:vendor_ims:s0 tcontext=u:object_r:vendor_diag_device:s0 tclass=chr_file permissive=0
01-01 08:00:11.391 1363 1363 I auditd : type=1400 audit(0.0:78): avc: denied { read write } for comm="imsdatadaemon" name="diag" dev="tmpfs" ino=11695 scontext=u:r:vendor_ims:s0 tcontext=u:object_r:vendor_diag_device:s0 tclass=chr_file permissive=0
01-01 08:00:11.391 1363 1363 I auditd : type=1400 audit(0.0:79): avc: denied { read write } for comm="imsdatadaemon" name="diag" dev="tmpfs" ino=11695 scontext=u:r:vendor_ims:s0 tcontext=u:object_r:vendor_diag_device:s0 tclass=chr_file permissive=0
01-01 08:00:11.391 1363 1363 I auditd : type=1400 audit(0.0:80): avc: denied { read write } for comm="imsdatadaemon" name="diag" dev="tmpfs" ino=11695 scontext=u:r:vendor_ims:s0 tcontext=u:object_r:vendor_diag_device:s0 tclass=chr_file permissive=0
01-01 08:00:11.391 1363 1363 I auditd : type=1400 audit(0.0:81): avc: denied { read write } for comm="imsdatadaemon" name="diag" dev="tmpfs" ino=11695 scontext=u:r:vendor_ims:s0 tcontext=u:object_r:vendor_diag_device:s0 tclass=chr_file permissive=0
01-01 08:00:11.391 1363 1363 I auditd : type=1400 audit(0.0:82): avc: denied { read write } for comm="imsdatadaemon" name="diag" dev="tmpfs" ino=11695 scontext=u:r:vendor_ims:s0 tcontext=u:object_r:vendor_diag_device:s0 tclass=chr_file permissive=0
01-01 08:00:11.391 1363 1363 I auditd : type=1400 audit(0.0:83): avc: denied { read write } for comm="imsdatadaemon" name="diag" dev="tmpfs" ino=11695 scontext=u:r:vendor_ims:s0 tcontext=u:object_r:vendor_diag_device:s0 tclass=chr_file permissive=0
01-01 08:00:11.391 1363 1363 I auditd : type=1400 audit(0.0:84): avc: denied { read write } for comm="imsdatadaemon" name="diag" dev="tmpfs" ino=11695 scontext=u:r:vendor_ims:s0 tcontext=u:object_r:vendor_diag_device:s0 tclass=chr_file permissive=0
01-01 08:00:11.391 1363 1363 I auditd : type=1400 audit(0.0:85): avc: denied { read write } for comm="imsdatadaemon" name="diag" dev="tmpfs" ino=11695 scontext=u:r:vendor_ims:s0 tcontext=u:object_r:vendor_diag_device:s0 tclass=chr_file permissive=0
01-01 08:00:11.391 1363 1363 I auditd : type=1400 audit(0.0:86): avc: denied { read write } for comm="imsdatadaemon" name="diag" dev="tmpfs" ino=11695 scontext=u:r:vendor_ims:s0 tcontext=u:object_r:vendor_diag_device:s0 tclass=chr_file permissive=0
01-01 08:00:11.391 1363 1363 I auditd : type=1400 audit(0.0:87): avc: denied { read write } for comm="imsdatadaemon" name="diag" dev="tmpfs" ino=11695 scontext=u:r:vendor_ims:s0 tcontext=u:object_r:vendor_diag_device:s0 tclass=chr_file permissive=0
01-01 08:00:11.391 1363 1363 I auditd : type=1400 audit(0.0:88): avc: denied { read write } for comm="imsdatadaemon" name="diag" dev="tmpfs" ino=11695 scontext=u:r:vendor_ims:s0 tcontext=u:object_r:vendor_diag_device:s0 tclass=chr_file permissive=0
01-01 08:00:11.391 1363 1363 I auditd : type=1400 audit(0.0:89): avc: denied { read write } for comm="imsdatadaemon" name="diag" dev="tmpfs" ino=11695 scontext=u:r:vendor_ims:s0 tcontext=u:object_r:vendor_diag_device:s0 tclass=chr_file permissive=0
01-01 08:00:11.391 1363 1363 I auditd : type=1400 audit(0.0:90): avc: denied { read write } for comm="imsdatadaemon" name="diag" dev="tmpfs" ino=11695 scontext=u:r:vendor_ims:s0 tcontext=u:object_r:vendor_diag_device:s0 tclass=chr_file permissive=0
01-01 08:00:11.391 1363 1363 I auditd : type=1400 audit(0.0:91): avc: denied { read write } for comm="imsdatadaemon" name="diag" dev="tmpfs" ino=11695 scontext=u:r:vendor_ims:s0 tcontext=u:object_r:vendor_diag_device:s0 tclass=chr_file permissive=0
01-01 08:00:11.391 1363 1363 I auditd : type=1400 audit(0.0:92): avc: denied { read write } for comm="imsdatadaemon" name="diag" dev="tmpfs" ino=11695 scontext=u:r:vendor_ims:s0 tcontext=u:object_r:vendor_diag_device:s0 tclass=chr_file permissive=0
01-01 08:00:11.391 1363 1363 I auditd : type=1400 audit(0.0:93): avc: denied { read write } for comm="imsdatadaemon" name="diag" dev="tmpfs" ino=11695 scontext=u:r:vendor_ims:s0 tcontext=u:object_r:vendor_diag_device:s0 tclass=chr_file permissive=0
01-01 08:00:11.391 1363 1363 I auditd : type=1400 audit(0.0:94): avc: denied { read write } for comm="imsdatadaemon" name="diag" dev="tmpfs" ino=11695 scontext=u:r:vendor_ims:s0 tcontext=u:object_r:vendor_diag_device:s0 tclass=chr_file permissive=0
01-01 08:00:11.391 1363 1363 I auditd : type=1400 audit(0.0:95): avc: denied { read write } for comm="imsdatadaemon" name="diag" dev="tmpfs" ino=11695 scontext=u:r:vendor_ims:s0 tcontext=u:object_r:vendor_diag_device:s0 tclass=chr_file permissive=0
01-01 08:00:11.391 1363 1363 I auditd : type=1400 audit(0.0:96): avc: denied { read write } for comm="imsdatadaemon" name="diag" dev="tmpfs" ino=11695 scontext=u:r:vendor_ims:s0 tcontext=u:object_r:vendor_diag_device:s0 tclass=chr_file permissive=0
01-01 08:00:11.391 1363 1363 I auditd : type=1400 audit(0.0:97): avc: denied { read write } for comm="imsdatadaemon" name="diag" dev="tmpfs" ino=11695 scontext=u:r:vendor_ims:s0 tcontext=u:object_r:vendor_diag_device:s0 tclass=chr_file permissive=0
01-01 08:00:11.391 1363 1363 I auditd : type=1400 audit(0.0:98): avc: denied { read write } for comm="imsdatadaemon" name="diag" dev="tmpfs" ino=11695 scontext=u:r:vendor_ims:s0 tcontext=u:object_r:vendor_diag_device:s0 tclass=chr_file permissive=0
01-01 08:00:11.391 1363 1363 I auditd : type=1400 audit(0.0:99): avc: denied { read write } for comm="imsdatadaemon" name="diag" dev="tmpfs" ino=11695 scontext=u:r:vendor_ims:s0 tcontext=u:object_r:vendor_diag_device:s0 tclass=chr_file permissive=0
01-01 08:00:11.391 1363 1363 I auditd : type=1400 audit(0.0:100): avc: denied { read write } for comm="imsdatadaemon" name="diag" dev="tmpfs" ino=11695 scontext=u:r:vendor_ims:s0 tcontext=u:object_r:vendor_diag_device:s0 tclass=chr_file permissive=0
01-01 08:00:11.391 1363 1363 I auditd : type=1400 audit(0.0:101): avc: denied { read write } for comm="imsdatadaemon" name="diag" dev="tmpfs" ino=11695 scontext=u:r:vendor_ims:s0 tcontext=u:object_r:vendor_diag_device:s0 tclass=chr_file permissive=0
01-01 08:00:11.391 1363 1363 I auditd : type=1400 audit(0.0:102): avc: denied { read write } for comm="imsdatadaemon" name="diag" dev="tmpfs" ino=11695 scontext=u:r:vendor_ims:s0 tcontext=u:object_r:vendor_diag_device:s0 tclass=chr_file permissive=0
01-01 08:00:11.391 1363 1363 I auditd : type=1400 audit(0.0:103): avc: denied { read write } for comm="imsdatadaemon" name="diag" dev="tmpfs" ino=11695 scontext=u:r:vendor_ims:s0 tcontext=u:object_r:vendor_diag_device:s0 tclass=chr_file permissive=0
01-01 08:00:11.391 1363 1363 I auditd : type=1400 audit(0.0:104): avc: denied { read write } for comm="imsdatadaemon" name="diag" dev="tmpfs" ino=11695 scontext=u:r:vendor_ims:s0 tcontext=u:object_r:vendor_diag_device:s0 tclass=chr_file permissive=0
01-01 08:00:11.391 1363 1363 I auditd : type=1400 audit(0.0:105): avc: denied { read write } for comm="imsdatadaemon" name="diag" dev="tmpfs" ino=11695 scontext=u:r:vendor_ims:s0 tcontext=u:object_r:vendor_diag_device:s0 tclass=chr_file permissive=0
01-01 08:00:11.395 1363 1363 I auditd : type=1400 audit(0.0:106): avc: denied { read write } for comm="imsdatadaemon" name="diag" dev="tmpfs" ino=11695 scontext=u:r:vendor_ims:s0 tcontext=u:object_r:vendor_diag_device:s0 tclass=chr_file permissive=0
01-01 08:00:11.395 1363 1363 I auditd : type=1400 audit(0.0:107): avc: denied { read write } for comm="imsdatadaemon" name="diag" dev="tmpfs" ino=11695 scontext=u:r:vendor_ims:s0 tcontext=u:object_r:vendor_diag_device:s0 tclass=chr_file permissive=0
01-01 08:00:11.395 1363 1363 I auditd : type=1400 audit(0.0:108): avc: denied { read write } for comm="imsdatadaemon" name="diag" dev="tmpfs" ino=11695 scontext=u:r:vendor_ims:s0 tcontext=u:object_r:vendor_diag_device:s0 tclass=chr_file permissive=0
01-01 08:00:11.411 1204 1204 I auditd : type=1400 audit(0.0:109): avc: denied { read write } for comm="cnd" name="diag" dev="tmpfs" ino=11695 scontext=u:r:vendor_cnd:s0 tcontext=u:object_r:vendor_diag_device:s0 tclass=chr_file permissive=0
01-01 08:00:11.483 817 817 I auditd : type=1400 audit(0.0:110): avc: denied { read } for comm="android.hardwar" name="type" dev="sysfs" ino=63508 scontext=u:r:hal_health_default:s0 tcontext=u:object_r:sysfs:s0 tclass=file permissive=0
01-01 08:00:11.515 1460 1460 I auditd : type=1400 audit(0.0:111): avc: denied { read } for comm="ip" name="rt_tables" dev="dm-10" ino=341 scontext=u:r:ethernet:s0 tcontext=u:object_r:net_data_file:s0 tclass=file permissive=0
01-01 08:00:11.519 995 995 I auditd : type=1400 audit(0.0:112): avc: denied { read write } for comm="sensors.qti" name="diag" dev="tmpfs" ino=11695 scontext=u:r:vendor_sensors_qti:s0 tcontext=u:object_r:vendor_diag_device:s0 tclass=chr_file permissive=0
01-01 08:00:11.519 1462 1462 I auditd : type=1400 audit(0.0:113): avc: denied { read } for comm="ip" name="rt_tables" dev="dm-10" ino=341 scontext=u:r:ethernet:s0 tcontext=u:object_r:net_data_file:s0 tclass=file permissive=0
01-01 08:00:11.547 1471 1471 I auditd : type=1400 audit(0.0:114): avc: denied { getattr } for comm="hvdcp_opti" path="/dev/kmsg" dev="tmpfs" ino=12297 scontext=u:r:vendor_hvdcp:s0 tcontext=u:object_r:kmsg_device:s0 tclass=chr_file permissive=0
01-01 08:00:11.547 1471 1471 I auditd : type=1400 audit(0.0:115): avc: denied { write } for comm="hvdcp_opti" name="kmsg" dev="tmpfs" ino=12297 scontext=u:r:vendor_hvdcp:s0 tcontext=u:object_r:kmsg_device:s0 tclass=chr_file permissive=0
01-01 08:00:11.547 1471 1471 I auditd : type=1400 audit(0.0:116): avc: denied { read } for comm="hvdcp_opti" name="devices" dev="sysfs" ino=46854 scontext=u:r:vendor_hvdcp:s0 tcontext=u:object_r:sysfs:s0 tclass=dir permissive=0
01-01 08:00:11.576 666 666 I boot_progress_preload_end: 7936
01-01 08:00:11.579 1483 1483 I auditd : type=1400 audit(0.0:117): avc: denied { read } for comm="ip" name="rt_tables" dev="dm-10" ino=341 scontext=u:r:ethernet:s0 tcontext=u:object_r:net_data_file:s0 tclass=file permissive=0
01-01 08:00:11.583 1484 1484 I auditd : type=1400 audit(0.0:118): avc: denied { read } for comm="ip" name="rt_tables" dev="dm-10" ino=341 scontext=u:r:ethernet:s0 tcontext=u:object_r:net_data_file:s0 tclass=file permissive=0
01-01 08:00:11.639 1497 1497 I auditd : type=1400 audit(0.0:119): avc: denied { read } for comm="ip" name="rt_tables" dev="dm-10" ino=341 scontext=u:r:ethernet:s0 tcontext=u:object_r:net_data_file:s0 tclass=file permissive=0
01-01 08:00:11.643 1498 1498 I auditd : type=1400 audit(0.0:120): avc: denied { read } for comm="ip" name="rt_tables" dev="dm-10" ino=341 scontext=u:r:ethernet:s0 tcontext=u:object_r:net_data_file:s0 tclass=file permissive=0
01-01 08:00:11.711 1519 1519 I auditd : type=1400 audit(0.0:121): avc: denied { read } for comm="ip" name="rt_tables" dev="dm-10" ino=341 scontext=u:r:ethernet:s0 tcontext=u:object_r:net_data_file:s0 tclass=file permissive=0
01-01 08:00:11.715 1520 1520 I auditd : type=1400 audit(0.0:122): avc: denied { read } for comm="ip" name="rt_tables" dev="dm-10" ino=341 scontext=u:r:ethernet:s0 tcontext=u:object_r:net_data_file:s0 tclass=file permissive=0
01-01 08:00:11.719 995 995 I auditd : type=1400 audit(0.0:123): avc: denied { read write } for comm="sensors.qti" name="diag" dev="tmpfs" ino=11695 scontext=u:r:vendor_sensors_qti:s0 tcontext=u:object_r:vendor_diag_device:s0 tclass=chr_file permissive=0
01-01 08:00:11.769 1504 1504 I system_server_start: [1,8123,8123]
01-01 08:00:11.769 1504 1504 I boot_progress_system_run: 8129
01-01 08:00:11.779 1543 1543 I auditd : type=1400 audit(0.0:124): avc: denied { read } for comm="ip" name="rt_tables" dev="dm-10" ino=341 scontext=u:r:ethernet:s0 tcontext=u:object_r:net_data_file:s0 tclass=file permissive=0
01-01 08:00:11.783 1544 1544 I auditd : type=1400 audit(0.0:125): avc: denied { read } for comm="ip" name="rt_tables" dev="dm-10" ino=341 scontext=u:r:ethernet:s0 tcontext=u:object_r:net_data_file:s0 tclass=file permissive=0
01-01 08:00:11.847 1557 1557 I auditd : type=1400 audit(0.0:126): avc: denied { read } for comm="ip" name="rt_tables" dev="dm-10" ino=341 scontext=u:r:ethernet:s0 tcontext=u:object_r:net_data_file:s0 tclass=file permissive=0
01-01 08:00:11.851 1558 1558 I auditd : type=1400 audit(0.0:127): avc: denied { read } for comm="ip" name="rt_tables" dev="dm-10" ino=341 scontext=u:r:ethernet:s0 tcontext=u:object_r:net_data_file:s0 tclass=file permissive=0
01-01 08:00:11.851 1210 1210 I auditd : type=1400 audit(0.0:128): avc: denied { write } for comm="sh" name="ip_forward" dev="proc" ino=14988 scontext=u:r:ethernet:s0 tcontext=u:object_r:proc_net:s0 tclass=file permissive=0
01-01 08:00:11.855 1210 1210 I auditd : type=1400 audit(0.0:129): avc: denied { write } for comm="sh" name="ip_default_ttl" dev="proc" ino=26711 scontext=u:r:ethernet:s0 tcontext=u:object_r:proc_net:s0 tclass=file permissive=0
01-01 08:00:11.855 1210 1210 I auditd : type=1400 audit(0.0:130): avc: denied { write } for comm="sh" name="tcp_keepalive_probes" dev="proc" ino=26712 scontext=u:r:ethernet:s0 tcontext=u:object_r:proc_net:s0 tclass=file permissive=0
01-01 08:00:11.855 1210 1210 I auditd : type=1400 audit(0.0:131): avc: denied { write } for comm="sh" name="tcp_keepalive_intvl" dev="proc" ino=26713 scontext=u:r:ethernet:s0 tcontext=u:object_r:proc_net:s0 tclass=file permissive=0
01-01 08:00:11.855 1210 1210 I auditd : type=1400 audit(0.0:132): avc: denied { write } for comm="sh" name="tcp_keepalive_time" dev="proc" ino=26714 scontext=u:r:ethernet:s0 tcontext=u:object_r:proc_net:s0 tclass=file permissive=0
01-01 08:00:11.855 1210 1210 I auditd : type=1400 audit(0.0:133): avc: denied { write } for comm="sh" name="tcp_rmem" dev="proc" ino=26715 scontext=u:r:ethernet:s0 tcontext=u:object_r:proc_net:s0 tclass=file permissive=0
01-01 08:00:11.855 1210 1210 I auditd : type=1400 audit(0.0:134): avc: denied { write } for comm="sh" name="tcp_wmem" dev="proc" ino=26716 scontext=u:r:ethernet:s0 tcontext=u:object_r:proc_net:s0 tclass=file permissive=0
01-01 08:00:11.855 1210 1210 I auditd : type=1400 audit(0.0:135): avc: denied { write } for comm="sh" name="tcp_synack_retries" dev="proc" ino=20629 scontext=u:r:ethernet:s0 tcontext=u:object_r:proc_net:s0 tclass=file permissive=0
01-01 08:00:11.855 1210 1210 I auditd : type=1400 audit(0.0:136): avc: denied { write } for comm="sh" name="tcp_syn_retries" dev="proc" ino=20628 scontext=u:r:ethernet:s0 tcontext=u:object_r:proc_net:s0 tclass=file permissive=0
01-01 08:00:11.855 1210 1210 I auditd : type=1400 audit(0.0:137): avc: denied { write } for comm="sh" name="tcp_max_tw_buckets" dev="proc" ino=26717 scontext=u:r:ethernet:s0 tcontext=u:object_r:proc_net:s0 tclass=file permissive=0
01-01 08:00:11.855 1210 1210 I auditd : type=1400 audit(0.0:138): avc: denied { write } for comm="sh" name="tcp_retries2" dev="proc" ino=20631 scontext=u:r:ethernet:s0 tcontext=u:object_r:proc_net:s0 tclass=file permissive=0
01-01 08:00:11.855 1210 1210 I auditd : type=1400 audit(0.0:139): avc: denied { write } for comm="sh" name="icmp_echo_ignore_all" dev="proc" ino=26718 scontext=u:r:ethernet:s0 tcontext=u:object_r:proc_net:s0 tclass=file permissive=0
01-01 08:00:11.855 1210 1210 I auditd : type=1400 audit(0.0:140): avc: denied { write } for comm="sh" name="icmp_echo_ignore_broadcasts" dev="proc" ino=26719 scontext=u:r:ethernet:s0 tcontext=u:object_r:proc_net:s0 tclass=file permissive=0
01-01 08:00:11.855 1210 1210 I auditd : type=1400 audit(0.0:141): avc: denied { write } for comm="sh" name="tcp_window_scaling" dev="proc" ino=26720 scontext=u:r:ethernet:s0 tcontext=u:object_r:proc_net:s0 tclass=file permissive=0
01-01 08:00:11.855 1210 1210 I auditd : type=1400 audit(0.0:142): avc: denied { write } for comm="sh" name="drop_gratuitous_arp" dev="proc" ino=26721 scontext=u:r:ethernet:s0 tcontext=u:object_r:proc_net:s0 tclass=file permissive=0
01-01 08:00:11.855 1210 1210 I auditd : type=1400 audit(0.0:143): avc: denied { write } for comm="sh" name="arp_accept" dev="proc" ino=26722 scontext=u:r:ethernet:s0 tcontext=u:object_r:proc_net:s0 tclass=file permissive=0
01-01 08:00:11.855 1210 1210 I auditd : type=1400 audit(0.0:144): avc: denied { write } for comm="sh" name="arp_notify" dev="proc" ino=26723 scontext=u:r:ethernet:s0 tcontext=u:object_r:proc_net:s0 tclass=file permissive=0
01-01 08:00:11.855 1210 1210 I auditd : type=1400 audit(0.0:145): avc: denied { write } for comm="sh" name="arp_ignore" dev="proc" ino=26724 scontext=u:r:ethernet:s0 tcontext=u:object_r:proc_net:s0 tclass=file permissive=0
01-01 08:00:11.919 995 995 I auditd : type=1400 audit(0.0:146): avc: denied { read write } for comm="sensors.qti" name="diag" dev="tmpfs" ino=11695 scontext=u:r:vendor_sensors_qti:s0 tcontext=u:object_r:vendor_diag_device:s0 tclass=chr_file permissive=0
01-01 08:00:12.119 995 995 I auditd : type=1400 audit(0.0:147): avc: denied { read write } for comm="sensors.qti" name="diag" dev="tmpfs" ino=11695 scontext=u:r:vendor_sensors_qti:s0 tcontext=u:object_r:vendor_diag_device:s0 tclass=chr_file permissive=0
01-01 08:00:12.147 566 566 I auditd : type=1400 audit(0.0:148): avc: denied { read } for comm="Binder:566_2" name="wakeup58" dev="sysfs" ino=71843 scontext=u:r:system_suspend:s0 tcontext=u:object_r:sysfs:s0 tclass=dir permissive=0
01-01 08:00:12.147 566 566 I auditd : type=1400 audit(0.0:149): avc: denied { read } for comm="Binder:566_2" name="wakeup48" dev="sysfs" ino=67160 scontext=u:r:system_suspend:s0 tcontext=u:object_r:sysfs:s0 tclass=dir permissive=0
01-01 08:00:12.147 566 566 I auditd : type=1400 audit(0.0:150): avc: denied { read } for comm="Binder:566_2" name="wakeup4" dev="sysfs" ino=47028 scontext=u:r:system_suspend:s0 tcontext=u:object_r:sysfs:s0 tclass=dir permissive=0
01-01 08:00:12.147 566 566 I auditd : type=1400 audit(0.0:151): avc: denied { read } for comm="Binder:566_2" name="wakeup76" dev="sysfs" ino=76764 scontext=u:r:system_suspend:s0 tcontext=u:object_r:sysfs:s0 tclass=dir permissive=0
01-01 08:00:12.147 566 566 I auditd : type=1400 audit(0.0:152): avc: denied { read } for comm="Binder:566_2" name="wakeup28" dev="sysfs" ino=53093 scontext=u:r:system_suspend:s0 tcontext=u:object_r:sysfs:s0 tclass=dir permissive=0
01-01 08:00:12.147 566 566 I auditd : type=1400 audit(0.0:153): avc: denied { read } for comm="Binder:566_2" name="wakeup56" dev="sysfs" ino=71771 scontext=u:r:system_suspend:s0 tcontext=u:object_r:sysfs:s0 tclass=dir permissive=0
01-01 08:00:12.147 566 566 I auditd : type=1400 audit(0.0:154): avc: denied { read } for comm="Binder:566_2" name="wakeup2" dev="sysfs" ino=46552 scontext=u:r:system_suspend:s0 tcontext=u:object_r:sysfs:s0 tclass=dir permissive=0
01-01 08:00:12.147 566 566 I auditd : type=1400 audit(0.0:155): avc: denied { read } for comm="Binder:566_2" name="wakeup36" dev="sysfs" ino=58606 scontext=u:r:system_suspend:s0 tcontext=u:object_r:sysfs:s0 tclass=dir permissive=0
01-01 08:00:12.147 566 566 I auditd : type=1400 audit(0.0:156): avc: denied { read } for comm="Binder:566_2" name="wakeup54" dev="sysfs" ino=71699 scontext=u:r:system_suspend:s0 tcontext=u:object_r:sysfs:s0 tclass=dir permissive=0
01-01 08:00:12.147 566 566 I auditd : type=1400 audit(0.0:157): avc: denied { read } for comm="Binder:566_2" name="wakeup44" dev="sysfs" ino=66017 scontext=u:r:system_suspend:s0 tcontext=u:object_r:sysfs:s0 tclass=dir permissive=0
01-01 08:00:12.147 566 566 I auditd : type=1400 audit(0.0:158): avc: denied { read } for comm="Binder:566_2" name="wakeup0" dev="sysfs" ino=43760 scontext=u:r:system_suspend:s0 tcontext=u:object_r:sysfs:s0 tclass=dir permissive=0
01-01 08:00:12.147 566 566 I auditd : type=1400 audit(0.0:159): avc: denied { read } for comm="Binder:566_2" name="wakeup62" dev="sysfs" ino=71999 scontext=u:r:system_suspend:s0 tcontext=u:object_r:sysfs:s0 tclass=dir permissive=0
01-01 08:00:12.147 566 566 I auditd : type=1400 audit(0.0:160): avc: denied { read } for comm="Binder:566_2" name="wakeup52" dev="sysfs" ino=71627 scontext=u:r:system_suspend:s0 tcontext=u:object_r:sysfs:s0 tclass=dir permissive=0
01-01 08:00:12.147 566 566 I auditd : type=1400 audit(0.0:161): avc: denied { read } for comm="Binder:566_2" name="wakeup9" dev="sysfs" ino=52077 scontext=u:r:system_suspend:s0 tcontext=u:object_r:sysfs:s0 tclass=dir permissive=0
01-01 08:00:12.147 566 566 I auditd : type=1400 audit(0.0:162): avc: denied { read } for comm="Binder:566_2" name="wakeup32" dev="sysfs" ino=53483 scontext=u:r:system_suspend:s0 tcontext=u:object_r:sysfs:s0 tclass=dir permissive=0
01-01 08:00:12.147 566 566 I auditd : type=1400 audit(0.0:163): avc: denied { read } for comm="Binder:566_2" name="wakeup60" dev="sysfs" ino=71927 scontext=u:r:system_suspend:s0 tcontext=u:object_r:sysfs:s0 tclass=dir permissive=0
01-01 08:00:12.147 566 566 I auditd : type=1400 audit(0.0:164): avc: denied { read } for comm="Binder:566_2" name="wakeup50" dev="sysfs" ino=71555 scontext=u:r:system_suspend:s0 tcontext=u:object_r:sysfs:s0 tclass=dir permissive=0
01-01 08:00:12.147 566 566 I auditd : type=1400 audit(0.0:165): avc: denied { read } for comm="Binder:566_2" name="wakeup7" dev="sysfs" ino=51989 scontext=u:r:system_suspend:s0 tcontext=u:object_r:sysfs:s0 tclass=dir permissive=0
01-01 08:00:12.147 566 566 I auditd : type=1400 audit(0.0:166): avc: denied { read } for comm="Binder:566_2" name="wakeup40" dev="sysfs" ino=62880 scontext=u:r:system_suspend:s0 tcontext=u:object_r:sysfs:s0 tclass=dir permissive=0
01-01 08:00:12.147 566 566 I auditd : type=1400 audit(0.0:167): avc: denied { read } for comm="Binder:566_2" name="wakeup30" dev="sysfs" ino=53304 scontext=u:r:system_suspend:s0 tcontext=u:object_r:sysfs:s0 tclass=dir permissive=0
01-01 08:00:12.147 566 566 I auditd : type=1400 audit(0.0:168): avc: denied { read } for comm="Binder:566_2" name="wakeup59" dev="sysfs" ino=71891 scontext=u:r:system_suspend:s0 tcontext=u:object_r:sysfs:s0 tclass=dir permissive=0
01-01 08:00:12.147 566 566 I auditd : type=1400 audit(0.0:169): avc: denied { read } for comm="Binder:566_2" name="wakeup5" dev="sysfs" ino=47060 scontext=u:r:system_suspend:s0 tcontext=u:object_r:sysfs:s0 tclass=dir permissive=0
01-01 08:00:12.147 566 566 I auditd : type=1400 audit(0.0:170): avc: denied { read } for comm="Binder:566_2" name="wakeup77" dev="sysfs" ino=76828 scontext=u:r:system_suspend:s0 tcontext=u:object_r:sysfs:s0 tclass=dir permissive=0
01-01 08:00:12.147 566 566 I auditd : type=1400 audit(0.0:171): avc: denied { read } for comm="Binder:566_2" name="wakeup39" dev="sysfs" ino=62844 scontext=u:r:system_suspend:s0 tcontext=u:object_r:sysfs:s0 tclass=dir permissive=0
01-01 08:00:12.147 566 566 I auditd : type=1400 audit(0.0:172): avc: denied { read } for comm="Binder:566_2" name="wakeup29" dev="sysfs" ino=53202 scontext=u:r:system_suspend:s0 tcontext=u:object_r:sysfs:s0 tclass=dir permissive=0
01-01 08:00:12.147 566 566 I auditd : type=1400 audit(0.0:173): avc: denied { read } for comm="Binder:566_2" name="wakeup57" dev="sysfs" ino=71807 scontext=u:r:system_suspend:s0 tcontext=u:object_r:sysfs:s0 tclass=dir permissive=0
01-01 08:00:12.147 566 566 I auditd : type=1400 audit(0.0:174): avc: denied { read } for comm="Binder:566_2" name="wakeup19" dev="sysfs" ino=52522 scontext=u:r:system_suspend:s0 tcontext=u:object_r:sysfs:s0 tclass=dir permissive=0
01-01 08:00:12.147 566 566 I auditd : type=1400 audit(0.0:175): avc: denied { read } for comm="Binder:566_2" name="wakeup75" dev="sysfs" ino=76702 scontext=u:r:system_suspend:s0 tcontext=u:object_r:sysfs:s0 tclass=dir permissive=0
01-01 08:00:12.147 566 566 I auditd : type=1400 audit(0.0:176): avc: denied { read } for comm="Binder:566_2" name="wakeup37" dev="sysfs" ino=58642 scontext=u:r:system_suspend:s0 tcontext=u:object_r:sysfs:s0 tclass=dir permissive=0
01-01 08:00:12.147 566 566 I auditd : type=1400 audit(0.0:177): avc: denied { read } for comm="Binder:566_2" name="wakeup27" dev="sysfs" ino=53059 scontext=u:r:system_suspend:s0 tcontext=u:object_r:sysfs:s0 tclass=dir permissive=0
01-01 08:00:12.147 566 566 I auditd : type=1400 audit(0.0:178): avc: denied { read } for comm="Binder:566_2" name="wakeup55" dev="sysfs" ino=71735 scontext=u:r:system_suspend:s0 tcontext=u:object_r:sysfs:s0 tclass=dir permissive=0
01-01 08:00:12.147 566 566 I auditd : type=1400 audit(0.0:179): avc: denied { read } for comm="Binder:566_2" name="wakeup17" dev="sysfs" ino=52446 scontext=u:r:system_suspend:s0 tcontext=u:object_r:sysfs:s0 tclass=dir permissive=0
01-01 08:00:12.147 566 566 I auditd : type=1400 audit(0.0:180): avc: denied { read } for comm="Binder:566_2" name="wakeup1" dev="sysfs" ino=43788 scontext=u:r:system_suspend:s0 tcontext=u:object_r:sysfs:s0 tclass=dir permissive=0
01-01 08:00:12.151 566 566 I auditd : type=1400 audit(0.0:181): avc: denied { read } for comm="Binder:566_2" name="wakeup63" dev="sysfs" ino=72035 scontext=u:r:system_suspend:s0 tcontext=u:object_r:sysfs:s0 tclass=dir permissive=0
01-01 08:00:12.151 566 566 I auditd : type=1400 audit(0.0:182): avc: denied { read } for comm="Binder:566_2" name="wakeup25" dev="sysfs" ino=52856 scontext=u:r:system_suspend:s0 tcontext=u:object_r:sysfs:s0 tclass=dir permissive=0
01-01 08:00:12.151 566 566 I auditd : type=1400 audit(0.0:183): avc: denied { read } for comm="Binder:566_2" name="wakeup53" dev="sysfs" ino=71663 scontext=u:r:system_suspend:s0 tcontext=u:object_r:sysfs:s0 tclass=dir permissive=0
01-01 08:00:12.151 566 566 I auditd : type=1400 audit(0.0:184): avc: denied { read } for comm="Binder:566_2" name="wakeup15" dev="sysfs" ino=52346 scontext=u:r:system_suspend:s0 tcontext=u:object_r:sysfs:s0 tclass=dir permissive=0
01-01 08:00:12.151 566 566 I auditd : type=1400 audit(0.0:185): avc: denied { read } for comm="Binder:566_2" name="wakeup43" dev="sysfs" ino=65999 scontext=u:r:system_suspend:s0 tcontext=u:object_r:sysfs:s0 tclass=dir permissive=0
01-01 08:00:12.151 566 566 I auditd : type=1400 audit(0.0:186): avc: denied { read } for comm="Binder:566_2" name="wakeup33" dev="sysfs" ino=56962 scontext=u:r:system_suspend:s0 tcontext=u:object_r:sysfs:s0 tclass=dir permissive=0
01-01 08:00:12.151 566 566 I auditd : type=1400 audit(0.0:187): avc: denied { read } for comm="Binder:566_2" name="wakeup61" dev="sysfs" ino=71963 scontext=u:r:system_suspend:s0 tcontext=u:object_r:sysfs:s0 tclass=dir permissive=0
01-01 08:00:12.151 566 566 I auditd : type=1400 audit(0.0:188): avc: denied { read } for comm="Binder:566_2" name="wakeup23" dev="sysfs" ino=52757 scontext=u:r:system_suspend:s0 tcontext=u:object_r:sysfs:s0 tclass=dir permissive=0
01-01 08:00:12.151 566 566 I auditd : type=1400 audit(0.0:189): avc: denied { read } for comm="Binder:566_2" name="wakeup51" dev="sysfs" ino=71591 scontext=u:r:system_suspend:s0 tcontext=u:object_r:sysfs:s0 tclass=dir permissive=0
01-01 08:00:12.151 566 566 I auditd : type=1400 audit(0.0:190): avc: denied { read } for comm="Binder:566_2" name="wakeup8" dev="sysfs" ino=52015 scontext=u:r:system_suspend:s0 tcontext=u:object_r:sysfs:s0 tclass=dir permissive=0
01-01 08:00:12.151 566 566 I auditd : type=1400 audit(0.0:191): avc: denied { read } for comm="Binder:566_2" name="wakeup13" dev="sysfs" ino=52238 scontext=u:r:system_suspend:s0 tcontext=u:object_r:sysfs:s0 tclass=dir permissive=0
01-01 08:00:12.151 566 566 I auditd : type=1400 audit(0.0:192): avc: denied { read } for comm="Binder:566_2" name="wakeup41" dev="sysfs" ino=63527 scontext=u:r:system_suspend:s0 tcontext=u:object_r:sysfs:s0 tclass=dir permissive=0
01-01 08:00:12.151 566 566 I auditd : type=1400 audit(0.0:193): avc: denied { read } for comm="Binder:566_2" name="wakeup31" dev="sysfs" ino=53361 scontext=u:r:system_suspend:s0 tcontext=u:object_r:sysfs:s0 tclass=dir permissive=0
01-01 08:00:12.151 566 566 I auditd : type=1400 audit(0.0:194): avc: denied { read } for comm="Binder:566_2" name="wakeup21" dev="sysfs" ino=52597 scontext=u:r:system_suspend:s0 tcontext=u:object_r:sysfs:s0 tclass=dir permissive=0
01-01 08:00:12.151 566 566 I auditd : type=1400 audit(0.0:195): avc: denied { read } for comm="Binder:566_2" name="wakeup6" dev="sysfs" ino=51963 scontext=u:r:system_suspend:s0 tcontext=u:object_r:sysfs:s0 tclass=dir permissive=0
01-01 08:00:12.151 566 566 I auditd : type=1400 audit(0.0:196): avc: denied { read } for comm="Binder:566_2" name="wakeup11" dev="sysfs" ino=52153 scontext=u:r:system_suspend:s0 tcontext=u:object_r:sysfs:s0 tclass=dir permissive=0
01-01 08:00:12.156 1504 1598 I commit_sys_config_file: [batterystats,1]
01-01 08:00:12.157 1504 1598 I commit_sys_config_file: [batterystats,0]
01-01 08:00:12.184 1504 1504 I service_manager_stats: [100,33,8543]
01-01 08:00:12.195 1266 1266 I auditd : type=1400 audit(0.0:197): avc: denied { read write } for comm="qfp-daemon" name="diag" dev="tmpfs" ino=11695 scontext=u:r:vendor_qfp-daemon:s0 tcontext=u:object_r:vendor_diag_device:s0 tclass=chr_file permissive=0
01-01 08:00:12.207 1504 1504 I rescue_note: [0,1,8566]
01-01 08:00:12.224 1504 1571 I am_wtf : [0,1504,system_server,-1,DisplayDeviceConfig,requesting nits when no mapping exists.]
01-01 08:00:12.224 1504 1571 I am_wtf : [0,1504,system_server,-1,DisplayDeviceConfig,requesting nits when no mapping exists.]
01-01 08:00:12.231 1504 1504 I boot_progress_pms_start: 8591
01-01 08:00:12.318 1504 1504 I boot_progress_pms_system_scan_start: 8678
01-01 08:00:12.319 995 995 I auditd : type=1400 audit(0.0:198): avc: denied { read write } for comm="sensors.qti" name="diag" dev="tmpfs" ino=11695 scontext=u:r:vendor_sensors_qti:s0 tcontext=u:object_r:vendor_diag_device:s0 tclass=chr_file permissive=0
01-01 08:00:12.519 995 995 I auditd : type=1400 audit(0.0:199): avc: denied { read write } for comm="sensors.qti" name="diag" dev="tmpfs" ino=11695 scontext=u:r:vendor_sensors_qti:s0 tcontext=u:object_r:vendor_diag_device:s0 tclass=chr_file permissive=0
01-01 08:00:12.719 995 995 I auditd : type=1400 audit(0.0:200): avc: denied { read write } for comm="sensors.qti" name="diag" dev="tmpfs" ino=11695 scontext=u:r:vendor_sensors_qti:s0 tcontext=u:object_r:vendor_diag_device:s0 tclass=chr_file permissive=0
01-01 08:00:12.815 1504 1504 I boot_progress_pms_data_scan_start: 9174
01-01 08:00:12.821 1504 1504 I boot_progress_pms_scan_end: 9181
01-01 08:00:12.916 1504 1504 I commit_sys_config_file: [package-user-0,3]
01-01 08:00:12.916 1504 1504 I commit_sys_config_file: [package,37]
01-01 08:00:12.916 1504 1504 I boot_progress_pms_ready: 9275
01-01 08:00:12.923 995 995 I auditd : type=1400 audit(0.0:201): avc: denied { read write } for comm="sensors.qti" name="diag" dev="tmpfs" ino=11695 scontext=u:r:vendor_sensors_qti:s0 tcontext=u:object_r:vendor_diag_device:s0 tclass=chr_file permissive=0
01-01 08:00:12.941 1504 1504 I am_uid_running: 1000
01-01 08:00:12.943 1504 1504 I am_uid_active: 1000
01-01 08:00:12.979 1504 1504 I commit_sys_config_file: [overlays,1]
01-01 08:00:13.000 1504 1596 I battery_status: [1,1,0,0,]
01-01 08:00:13.075 801 801 I auditd : type=1400 audit(0.0:202): avc: denied { read write } for comm="HwBinder:801_2" name="diag" dev="tmpfs" ino=11695 scontext=u:r:hal_audio_default:s0 tcontext=u:object_r:vendor_diag_device:s0 tclass=chr_file permissive=0
01-01 08:00:13.123 995 995 I auditd : type=1400 audit(0.0:203): avc: denied { read write } for comm="sensors.qti" name="diag" dev="tmpfs" ino=11695 scontext=u:r:vendor_sensors_qti:s0 tcontext=u:object_r:vendor_diag_device:s0 tclass=chr_file permissive=0
11-16 03:23:40.045 1504 1504 I wm_task_created: [1,-1]
