11-16 03:25:04.278 1504 1682 I input_focus: [Focus leaving e1de84c com.android.launcher3/com.android.launcher3.uioverrides.QuickstepLauncher (server),reason=NO_WINDOW]
11-16 03:25:04.281 4030 4030 I wm_on_resume_called: [94064340,com.android.gallery3d.app.GalleryActivity,RESUME_ACTIVITY]
11-16 03:25:04.281 4030 4030 I wm_on_top_resumed_gained_called: [94064340,com.android.gallery3d.app.GalleryActivity,topWhenResuming]
11-16 03:25:04.285 1504 1571 I sysui_multi_action: [757,803,799,window_time_0,802,0]
11-16 03:25:04.303 1504 1572 I input_focus: [Focus request b39b846 com.android.gallery3d/com.android.gallery3d.app.GalleryActivity,reason=UpdateInputWindows]
11-16 03:25:04.314 1968 1968 I sysui_multi_action: [757,111,758,2]
11-16 03:25:04.314 1504 1504 I notification_enqueue: [10081,1968,com.android.systemui,2048,NULL,0,Notification(channel=updateNotification shortcut=null contentView=null vibrate=null sound=null defaults=0x0 flags=0x0 color=0x00000000 vis=PRIVATE),1]
11-16 03:25:04.314 1968 1968 I sysui_multi_action: [757,111,758,2]
11-16 03:25:04.327 1968 1968 I sysui_multi_action: [757,111,758,1]
11-16 03:25:04.328 1968 1968 I sysui_multi_action: [757,126,758,1,759,126,927,0,928,1,1593,0]
11-16 03:25:04.328 1968 1968 I sysui_multi_action: [757,113,758,1,759,113,927,1,928,1,1593,0]
11-16 03:25:04.328 1968 1968 I sysui_multi_action: [757,0,758,1,759,0,927,2,928,0,1593,0]
11-16 03:25:04.328 1968 1968 I sysui_multi_action: [757,0,758,1,759,0,927,3,928,0,1593,0]
11-16 03:25:04.328 1968 1968 I sysui_multi_action: [757,491,758,1,759,491,927,4,928,0,1311,-1,1593,0]
11-16 03:25:04.328 1968 1968 I sysui_multi_action: [757,0,758,1,759,0,927,5,928,0,1593,0]
11-16 03:25:04.328 1968 1968 I sysui_multi_action: [757,111,758,1]
11-16 03:25:04.328 1968 1968 I sysui_multi_action: [757,126,758,1,759,126,927,0,928,1,1593,0]
11-16 03:25:04.328 1968 1968 I sysui_multi_action: [757,113,758,1,759,113,927,1,928,1,1593,0]
11-16 03:25:04.328 1968 1968 I sysui_multi_action: [757,0,758,1,759,0,927,2,928,0,1593,0]
11-16 03:25:04.328 1968 1968 I sysui_multi_action: [757,0,758,1,759,0,927,3,928,0,1593,0]
11-16 03:25:04.331 1504 1571 I wm_stop_activity: [0,50203839,com.android.launcher3/.uioverrides.QuickstepLauncher]
11-16 03:25:04.333 1504 1568 I sysui_multi_action: [319,51,321,50,322,92,325,93,757,761,758,9,759,4,806,com.android.gallery3d,871,com.android.gallery3d.app.GalleryActivity,904,com.android.launcher3,905,0,1320,4,1321,1]
11-16 03:25:04.345 1504 1682 I input_focus: [Focus entering b39b846 com.android.gallery3d/com.android.gallery3d.app.GalleryActivity (server),reason=Window became focusable. Previous reason: NOT_VISIBLE]
11-16 03:25:04.362 2496 2496 I wm_on_stop_called: [50203839,com.android.launcher3.uioverrides.QuickstepLauncher,STOP_ACTIVITY_ITEM]
11-16 03:25:04.519 1504 1504 I sysui_multi_action: [757,1501,758,1,793,72853,794,0,795,205,796,2048,806,com.android.systemui,857,updateNotification,858,3,947,0,1500,0,1688,1]
11-16 03:25:04.519 1504 1504 I sysui_multi_action: [757,804,799,note_interruptive,801,0,802,1]
11-16 03:25:04.519 1504 1504 I sysui_multi_action: [757,199,758,1,759,2,793,72855,794,0,795,207,796,2048,806,com.android.systemui,857,updateNotification,858,3,947,0,1500,2,1688,1]
11-16 03:25:04.520 1504 1504 I notification_alert: [0|com.android.systemui|2048|null|10081,0,1,0]
11-16 03:25:04.551 1504 1666 I commit_sys_config_file: [settings-1-0,9]
11-16 03:25:04.715 1504 1601 I am_uid_idle: 10063
11-16 03:25:04.805 1504 1601 I am_uid_idle: 10068
11-16 03:25:05.096 1504 1601 I am_uid_idle: 10030
11-16 03:25:05.359 1504 1601 I am_uid_idle: 10059
11-16 03:25:05.517 1504 1601 I am_uid_idle: 10024
11-16 03:25:05.791 1504 1601 I am_uid_idle: 10026
11-16 03:25:05.913 1504 1601 I am_uid_idle: 10022
11-16 03:25:05.949 1504 1601 I am_uid_idle: 2000
11-16 03:25:06.667 1504 1601 I am_uid_idle: 10088
11-16 03:25:06.680 1504 1601 I am_uid_idle: 10058
11-16 03:25:06.788 1504 1601 I am_uid_idle: 10090
11-16 03:25:36.403 1370 4180 I liblog : 115
11-16 03:25:38.895 843 843 I auditd : type=1400 audit(0.0:257): avc: denied { search } for comm="wifi@1.0-servic" name="tombstones" dev="dm-10" ino=36 scontext=u:r:hal_wifi_default:s0 tcontext=u:object_r:vendor_tombstone_data_file:s0 tclass=dir permissive=0
11-16 03:25:50.943 1504 1601 I am_uid_idle: 10094
11-16 03:25:56.993 1504 1620 I sysui_multi_action: [757,1696,758,6,759,2]
11-16 03:25:56.995 1504 1601 I am_wtf : [0,1504,system_server,-1,DisplayDeviceConfig,requesting nits when no mapping exists.]
11-16 03:25:57.000 1504 1601 I am_wtf : [0,1504,system_server,-1,DisplayDeviceConfig,requesting nits when no mapping exists.]
11-16 03:26:06.973 1504 1601 I am_uid_idle: 10066
11-16 03:26:09.940 1504 1568 I sysui_multi_action: [757,222,758,1]
11-16 03:26:09.946 1504 1568 I am_uid_running: 10051
11-16 03:26:09.953 1504 1598 I am_pss : [4030,10064,com.android.gallery3d,64052224,58429440,0,178688000,0,2,12]
11-16 03:26:09.963 1504 1598 I am_pss : [2496,10073,com.android.launcher3,68204544,54394880,0,202731520,0,6,9]
11-16 03:26:09.970 1504 1598 I am_pss : [3441,10086,com.android.music,20620288,14684160,0,138514432,0,4,6]
11-16 03:26:09.971 1504 1603 I am_proc_start: [0,4192,10051,com.thundercomm.screensaver,service,{com.thundercomm.screensaver/com.thundercomm.saverclock.service.ClockScreensaver}]
11-16 03:26:10.005 1504 1821 I am_proc_bound: [0,4192,com.thundercomm.screensaver]
11-16 03:26:10.008 1504 1821 I am_uid_active: 10051
11-16 03:26:10.159 1504 1821 I wm_task_created: [284,-1]
11-16 03:26:10.162 1504 1821 I wm_task_moved: [284,1,8]
11-16 03:26:10.162 1504 1821 I wm_task_to_front: [0,284]
11-16 03:26:10.163 1504 1821 I wm_create_task: [0,284]
11-16 03:26:10.163 1504 1821 I wm_create_activity: [0,134183177,284,com.thundercomm.screensaver/android.service.dreams.DreamActivity,NULL,NULL,NULL,276824064]
11-16 03:26:10.163 1504 1821 I wm_task_moved: [284,1,8]
11-16 03:26:10.164 4030 4030 I wm_on_top_resumed_lost_called: [94064340,com.android.gallery3d.app.GalleryActivity,topStateChangedWhenResumed]
11-16 03:26:10.164 1504 1821 I wm_pause_activity: [0,94064340,com.android.gallery3d/.app.GalleryActivity,userLeaving=true,pauseBackTasks]
11-16 03:26:10.171 4030 4030 I wm_on_paused_called: [94064340,com.android.gallery3d.app.GalleryActivity,performPause]
11-16 03:26:10.175 1504 1821 I wm_add_to_stopping: [0,94064340,com.android.gallery3d/.app.GalleryActivity,makeInvisible]
11-16 03:26:10.176 1504 1821 I wm_restart_activity: [0,134183177,284,com.thundercomm.screensaver/android.service.dreams.DreamActivity]
11-16 03:26:10.177 1504 1821 I wm_set_resumed_activity: [0,com.thundercomm.screensaver/android.service.dreams.DreamActivity,minimalResumeActivityLocked]
11-16 03:26:10.183 1504 1571 I sysui_multi_action: [757,803,799,window_time_0,802,66]
11-16 03:26:10.195 4192 4192 I wm_on_create_called: [134183177,android.service.dreams.DreamActivity,performCreate]
11-16 03:26:10.195 4192 4192 I wm_on_start_called: [134183177,android.service.dreams.DreamActivity,handleStartActivity]
11-16 03:26:10.196 4192 4192 I wm_on_resume_called: [134183177,android.service.dreams.DreamActivity,RESUME_ACTIVITY]
11-16 03:26:10.202 1504 1682 I input_focus: [Focus leaving b39b846 com.android.gallery3d/com.android.gallery3d.app.GalleryActivity (server),reason=NO_WINDOW]
11-16 03:26:10.203 1504 1504 I am_uid_active: 10066
11-16 03:26:10.208 4192 4192 I wm_on_top_resumed_gained_called: [134183177,android.service.dreams.DreamActivity,topStateChangedWhenResumed]
11-16 03:26:10.257 1504 1572 I input_focus: [Focus request 93559e6 com.thundercomm.screensaver/android.service.dreams.DreamActivity,reason=UpdateInputWindows]
11-16 03:26:10.307 1504 1568 I sysui_multi_action: [319,151,322,143,325,159,757,761,758,8,759,2,806,com.thundercomm.screensaver,871,android.service.dreams.DreamActivity,904,com.thundercomm.screensaver,905,0,1320,4,1321,2]
11-16 03:26:10.309 1504 1568 I wm_activity_launch_time: [0,134183177,com.thundercomm.screensaver/android.service.dreams.DreamActivity,143]
11-16 03:26:10.311 1504 1620 I sysui_multi_action: [757,1696,758,6,759,3]
11-16 03:26:10.319 1504 1601 I am_wtf : [0,1504,system_server,-1,DisplayDeviceConfig,requesting nits when no mapping exists.]
11-16 03:26:10.321 1504 1601 I am_wtf : [0,1504,system_server,-1,DisplayDeviceConfig,requesting nits when no mapping exists.]
11-16 03:26:10.321 1504 1682 I input_focus: [Focus entering 93559e6 com.thundercomm.screensaver/android.service.dreams.DreamActivity (server),reason=Window became focusable. Previous reason: NOT_VISIBLE]
11-16 03:26:10.342 1504 1601 I am_wtf : [0,1504,system_server,-1,DisplayDeviceConfig,requesting nits when no mapping exists.]
11-16 03:26:10.344 1504 1601 I am_wtf : [0,1504,system_server,-1,DisplayDeviceConfig,requesting nits when no mapping exists.]
11-16 03:26:10.354 1504 1601 I am_wtf : [0,1504,system_server,-1,DisplayDeviceConfig,requesting nits when no mapping exists.]
11-16 03:26:10.356 1504 1601 I am_wtf : [0,1504,system_server,-1,DisplayDeviceConfig,requesting nits when no mapping exists.]
11-16 03:26:10.370 1504 1601 I am_wtf : [0,1504,system_server,-1,DisplayDeviceConfig,requesting nits when no mapping exists.]
11-16 03:26:10.371 1504 1601 I am_wtf : [0,1504,system_server,-1,DisplayDeviceConfig,requesting nits when no mapping exists.]
11-16 03:26:10.386 1504 1601 I am_wtf : [0,1504,system_server,-1,DisplayDeviceConfig,requesting nits when no mapping exists.]
11-16 03:26:10.387 1504 1601 I am_wtf : [0,1504,system_server,-1,DisplayDeviceConfig,requesting nits when no mapping exists.]
11-16 03:26:10.403 1504 1601 I am_wtf : [0,1504,system_server,-1,DisplayDeviceConfig,requesting nits when no mapping exists.]
11-16 03:26:10.404 1504 1601 I am_wtf : [0,1504,system_server,-1,DisplayDeviceConfig,requesting nits when no mapping exists.]
11-16 03:26:10.419 1504 1601 I am_wtf : [0,1504,system_server,-1,DisplayDeviceConfig,requesting nits when no mapping exists.]
11-16 03:26:10.420 1504 1601 I service_manager_stats: [100,61,105142]
11-16 03:26:10.420 1504 1601 I am_wtf : [0,1504,system_server,-1,DisplayDeviceConfig,requesting nits when no mapping exists.]
11-16 03:26:10.438 1504 1601 I am_wtf : [0,1504,system_server,-1,DisplayDeviceConfig,requesting nits when no mapping exists.]
11-16 03:26:10.439 1504 1601 I am_wtf : [0,1504,system_server,-1,DisplayDeviceConfig,requesting nits when no mapping exists.]
11-16 03:26:10.453 1504 1601 I am_wtf : [0,1504,system_server,-1,DisplayDeviceConfig,requesting nits when no mapping exists.]
11-16 03:26:10.454 1504 1601 I am_wtf : [0,1504,system_server,-1,DisplayDeviceConfig,requesting nits when no mapping exists.]
11-16 03:26:10.470 1504 1601 I am_wtf : [0,1504,system_server,-1,DisplayDeviceConfig,requesting nits when no mapping exists.]
11-16 03:26:10.470 1504 1601 I am_wtf : [0,1504,system_server,-1,DisplayDeviceConfig,requesting nits when no mapping exists.]
11-16 03:26:10.489 1504 1601 I am_wtf : [0,1504,system_server,-1,DisplayDeviceConfig,requesting nits when no mapping exists.]
11-16 03:26:10.490 1504 1601 I am_wtf : [0,1504,system_server,-1,DisplayDeviceConfig,requesting nits when no mapping exists.]
11-16 03:26:10.506 1504 1601 I am_wtf : [0,1504,system_server,-1,DisplayDeviceConfig,requesting nits when no mapping exists.]
11-16 03:26:10.507 1504 1601 I am_wtf : [0,1504,system_server,-1,DisplayDeviceConfig,requesting nits when no mapping exists.]
11-16 03:26:10.520 1504 1601 I am_wtf : [0,1504,system_server,-1,DisplayDeviceConfig,requesting nits when no mapping exists.]
11-16 03:26:10.521 1504 1601 I am_wtf : [0,1504,system_server,-1,DisplayDeviceConfig,requesting nits when no mapping exists.]
11-16 03:26:10.538 1504 1601 I am_wtf : [0,1504,system_server,-1,DisplayDeviceConfig,requesting nits when no mapping exists.]
11-16 03:26:10.539 1504 1601 I am_wtf : [0,1504,system_server,-1,DisplayDeviceConfig,requesting nits when no mapping exists.]
11-16 03:26:10.555 1504 1601 I am_wtf : [0,1504,system_server,-1,DisplayDeviceConfig,requesting nits when no mapping exists.]
11-16 03:26:10.556 1504 1601 I am_wtf : [0,1504,system_server,-1,DisplayDeviceConfig,requesting nits when no mapping exists.]
11-16 03:26:10.577 1504 1601 I am_wtf : [0,1504,system_server,-1,DisplayDeviceConfig,requesting nits when no mapping exists.]
11-16 03:26:10.578 1504 1601 I am_wtf : [0,1504,system_server,-1,DisplayDeviceConfig,requesting nits when no mapping exists.]
11-16 03:26:10.586 1504 1601 I am_wtf : [0,1504,system_server,-1,DisplayDeviceConfig,requesting nits when no mapping exists.]
11-16 03:26:10.587 1504 1601 I am_wtf : [0,1504,system_server,-1,DisplayDeviceConfig,requesting nits when no mapping exists.]
11-16 03:26:10.603 1504 1601 I am_wtf : [0,1504,system_server,-1,DisplayDeviceConfig,requesting nits when no mapping exists.]
11-16 03:26:10.604 1504 1601 I am_wtf : [0,1504,system_server,-1,DisplayDeviceConfig,requesting nits when no mapping exists.]
11-16 03:26:10.622 1504 1601 I am_wtf : [0,1504,system_server,-1,DisplayDeviceConfig,requesting nits when no mapping exists.]
11-16 03:26:10.623 1504 1601 I am_wtf : [0,1504,system_server,-1,DisplayDeviceConfig,requesting nits when no mapping exists.]
11-16 03:26:10.636 1504 1601 I am_wtf : [0,1504,system_server,-1,DisplayDeviceConfig,requesting nits when no mapping exists.]
11-16 03:26:10.637 1504 1601 I am_wtf : [0,1504,system_server,-1,DisplayDeviceConfig,requesting nits when no mapping exists.]
11-16 03:26:10.654 1504 1601 I am_wtf : [0,1504,system_server,-1,DisplayDeviceConfig,requesting nits when no mapping exists.]
11-16 03:26:10.655 1504 1601 I am_wtf : [0,1504,system_server,-1,DisplayDeviceConfig,requesting nits when no mapping exists.]
11-16 03:26:10.671 1504 1601 I am_wtf : [0,1504,system_server,-1,DisplayDeviceConfig,requesting nits when no mapping exists.]
11-16 03:26:10.672 1504 1601 I am_wtf : [0,1504,system_server,-1,DisplayDeviceConfig,requesting nits when no mapping exists.]
11-16 03:26:10.688 1504 1601 I am_wtf : [0,1504,system_server,-1,DisplayDeviceConfig,requesting nits when no mapping exists.]
11-16 03:26:10.689 1504 1601 I am_wtf : [0,1504,system_server,-1,DisplayDeviceConfig,requesting nits when no mapping exists.]
11-16 03:26:10.704 1504 1601 I am_wtf : [0,1504,system_server,-1,DisplayDeviceConfig,requesting nits when no mapping exists.]
11-16 03:26:10.705 1504 1601 I am_wtf : [0,1504,system_server,-1,DisplayDeviceConfig,requesting nits when no mapping exists.]
11-16 03:26:10.721 1504 1601 I am_wtf : [0,1504,system_server,-1,DisplayDeviceConfig,requesting nits when no mapping exists.]
11-16 03:26:10.722 1504 1601 I am_wtf : [0,1504,system_server,-1,DisplayDeviceConfig,requesting nits when no mapping exists.]
11-16 03:26:10.737 1504 1601 I am_wtf : [0,1504,system_server,-1,DisplayDeviceConfig,requesting nits when no mapping exists.]
11-16 03:26:10.738 1504 1601 I am_wtf : [0,1504,system_server,-1,DisplayDeviceConfig,requesting nits when no mapping exists.]
11-16 03:26:10.753 1504 1601 I am_wtf : [0,1504,system_server,-1,DisplayDeviceConfig,requesting nits when no mapping exists.]
11-16 03:26:10.755 1504 1601 I am_wtf : [0,1504,system_server,-1,DisplayDeviceConfig,requesting nits when no mapping exists.]
11-16 03:26:10.772 1504 1601 I am_wtf : [0,1504,system_server,-1,DisplayDeviceConfig,requesting nits when no mapping exists.]
11-16 03:26:10.773 1504 1601 I am_wtf : [0,1504,system_server,-1,DisplayDeviceConfig,requesting nits when no mapping exists.]
11-16 03:26:10.787 1504 1601 I am_wtf : [0,1504,system_server,-1,DisplayDeviceConfig,requesting nits when no mapping exists.]
11-16 03:26:10.789 1504 1601 I am_wtf : [0,1504,system_server,-1,DisplayDeviceConfig,requesting nits when no mapping exists.]
11-16 03:26:10.805 1504 1601 I am_wtf : [0,1504,system_server,-1,DisplayDeviceConfig,requesting nits when no mapping exists.]
11-16 03:26:10.806 1504 1601 I am_wtf : [0,1504,system_server,-1,DisplayDeviceConfig,requesting nits when no mapping exists.]
11-16 03:26:10.810 1504 1571 I wm_stop_activity: [0,94064340,com.android.gallery3d/.app.GalleryActivity]
11-16 03:26:10.824 1504 1601 I am_wtf : [0,1504,system_server,-1,DisplayDeviceConfig,requesting nits when no mapping exists.]
11-16 03:26:10.825 1504 1601 I am_wtf : [0,1504,system_server,-1,DisplayDeviceConfig,requesting nits when no mapping exists.]
11-16 03:26:10.830 4030 4030 I wm_on_stop_called: [94064340,com.android.gallery3d.app.GalleryActivity,STOP_ACTIVITY_ITEM]
11-16 03:26:10.843 1504 1601 I am_wtf : [0,1504,system_server,-1,DisplayDeviceConfig,requesting nits when no mapping exists.]
11-16 03:26:10.844 1504 1601 I am_wtf : [0,1504,system_server,-1,DisplayDeviceConfig,requesting nits when no mapping exists.]
11-16 03:26:10.856 1504 1601 I am_wtf : [0,1504,system_server,-1,DisplayDeviceConfig,requesting nits when no mapping exists.]
11-16 03:26:10.857 1504 1601 I am_wtf : [0,1504,system_server,-1,DisplayDeviceConfig,requesting nits when no mapping exists.]
11-16 03:26:10.874 1504 1601 I am_wtf : [0,1504,system_server,-1,DisplayDeviceConfig,requesting nits when no mapping exists.]
11-16 03:26:10.874 1504 1601 I am_wtf : [0,1504,system_server,-1,DisplayDeviceConfig,requesting nits when no mapping exists.]
11-16 03:26:10.888 1504 1601 I am_wtf : [0,1504,system_server,-1,DisplayDeviceConfig,requesting nits when no mapping exists.]
11-16 03:26:10.893 1504 1601 I am_wtf : [0,1504,system_server,-1,DisplayDeviceConfig,requesting nits when no mapping exists.]
11-16 03:26:10.907 1504 1601 I am_wtf : [0,1504,system_server,-1,DisplayDeviceConfig,requesting nits when no mapping exists.]
11-16 03:26:10.909 1504 1601 I am_wtf : [0,1504,system_server,-1,DisplayDeviceConfig,requesting nits when no mapping exists.]
11-16 03:26:10.923 1504 1601 I am_wtf : [0,1504,system_server,-1,DisplayDeviceConfig,requesting nits when no mapping exists.]
11-16 03:26:10.925 1504 1601 I am_wtf : [0,1504,system_server,-1,DisplayDeviceConfig,requesting nits when no mapping exists.]
11-16 03:26:10.942 1504 1601 I am_wtf : [0,1504,system_server,-1,DisplayDeviceConfig,requesting nits when no mapping exists.]
11-16 03:26:10.943 1504 1601 I am_wtf : [0,1504,system_server,-1,DisplayDeviceConfig,requesting nits when no mapping exists.]
11-16 03:26:10.957 1504 1601 I am_wtf : [0,1504,system_server,-1,DisplayDeviceConfig,requesting nits when no mapping exists.]
11-16 03:26:10.962 1504 1601 I am_wtf : [0,1504,system_server,-1,DisplayDeviceConfig,requesting nits when no mapping exists.]
11-16 03:26:10.972 1504 1601 I am_wtf : [0,1504,system_server,-1,DisplayDeviceConfig,requesting nits when no mapping exists.]
11-16 03:26:10.973 1504 1601 I am_wtf : [0,1504,system_server,-1,DisplayDeviceConfig,requesting nits when no mapping exists.]
11-16 03:26:10.989 1504 1601 I am_wtf : [0,1504,system_server,-1,DisplayDeviceConfig,requesting nits when no mapping exists.]
11-16 03:26:10.991 1504 1601 I am_wtf : [0,1504,system_server,-1,DisplayDeviceConfig,requesting nits when no mapping exists.]
11-16 03:26:11.007 1504 1601 I am_wtf : [0,1504,system_server,-1,DisplayDeviceConfig,requesting nits when no mapping exists.]
11-16 03:26:11.008 1504 1601 I am_wtf : [0,1504,system_server,-1,DisplayDeviceConfig,requesting nits when no mapping exists.]
11-16 03:26:11.022 1504 1601 I am_wtf : [0,1504,system_server,-1,DisplayDeviceConfig,requesting nits when no mapping exists.]
11-16 03:26:11.023 1504 1601 I am_wtf : [0,1504,system_server,-1,DisplayDeviceConfig,requesting nits when no mapping exists.]
11-16 03:26:11.038 1504 1601 I am_wtf : [0,1504,system_server,-1,DisplayDeviceConfig,requesting nits when no mapping exists.]
11-16 03:26:11.039 1504 1601 I am_wtf : [0,1504,system_server,-1,DisplayDeviceConfig,requesting nits when no mapping exists.]
11-16 03:26:11.056 1504 1601 I am_wtf : [0,1504,system_server,-1,DisplayDeviceConfig,requesting nits when no mapping exists.]
11-16 03:26:11.057 1504 1601 I am_wtf : [0,1504,system_server,-1,DisplayDeviceConfig,requesting nits when no mapping exists.]
11-16 03:26:11.071 1504 1601 I am_wtf : [0,1504,system_server,-1,DisplayDeviceConfig,requesting nits when no mapping exists.]
11-16 03:26:11.072 1504 1601 I am_wtf : [0,1504,system_server,-1,DisplayDeviceConfig,requesting nits when no mapping exists.]
11-16 03:26:11.089 1504 1601 I am_wtf : [0,1504,system_server,-1,DisplayDeviceConfig,requesting nits when no mapping exists.]
11-16 03:26:11.090 1504 1601 I am_wtf : [0,1504,system_server,-1,DisplayDeviceConfig,requesting nits when no mapping exists.]
11-16 03:26:11.108 1504 1601 I am_wtf : [0,1504,system_server,-1,DisplayDeviceConfig,requesting nits when no mapping exists.]
11-16 03:26:11.109 1504 1601 I am_wtf : [0,1504,system_server,-1,DisplayDeviceConfig,requesting nits when no mapping exists.]
11-16 03:26:11.128 1504 1601 I am_wtf : [0,1504,system_server,-1,DisplayDeviceConfig,requesting nits when no mapping exists.]
11-16 03:26:11.130 1504 1601 I am_wtf : [0,1504,system_server,-1,DisplayDeviceConfig,requesting nits when no mapping exists.]
11-16 03:26:11.142 1504 1601 I am_wtf : [0,1504,system_server,-1,DisplayDeviceConfig,requesting nits when no mapping exists.]
11-16 03:26:11.143 1504 1601 I am_wtf : [0,1504,system_server,-1,DisplayDeviceConfig,requesting nits when no mapping exists.]
11-16 03:26:11.161 1504 1601 I am_wtf : [0,1504,system_server,-1,DisplayDeviceConfig,requesting nits when no mapping exists.]
11-16 03:26:11.163 1504 1601 I am_wtf : [0,1504,system_server,-1,DisplayDeviceConfig,requesting nits when no mapping exists.]
11-16 03:26:11.175 1504 1601 I am_wtf : [0,1504,system_server,-1,DisplayDeviceConfig,requesting nits when no mapping exists.]
11-16 03:26:11.176 1504 1601 I am_wtf : [0,1504,system_server,-1,DisplayDeviceConfig,requesting nits when no mapping exists.]
11-16 03:26:11.193 1504 1601 I am_wtf : [0,1504,system_server,-1,DisplayDeviceConfig,requesting nits when no mapping exists.]
11-16 03:26:11.194 1504 1601 I am_wtf : [0,1504,system_server,-1,DisplayDeviceConfig,requesting nits when no mapping exists.]
11-16 03:26:11.208 1504 1601 I am_wtf : [0,1504,system_server,-1,DisplayDeviceConfig,requesting nits when no mapping exists.]
11-16 03:26:11.210 1504 1601 I am_wtf : [0,1504,system_server,-1,DisplayDeviceConfig,requesting nits when no mapping exists.]
11-16 03:26:11.225 1504 1601 I am_wtf : [0,1504,system_server,-1,DisplayDeviceConfig,requesting nits when no mapping exists.]
11-16 03:26:11.226 1504 1601 I am_wtf : [0,1504,system_server,-1,DisplayDeviceConfig,requesting nits when no mapping exists.]
11-16 03:26:11.242 1504 1601 I am_wtf : [0,1504,system_server,-1,DisplayDeviceConfig,requesting nits when no mapping exists.]
11-16 03:26:11.243 1504 1601 I am_wtf : [0,1504,system_server,-1,DisplayDeviceConfig,requesting nits when no mapping exists.]
11-16 03:26:11.258 1504 1601 I am_wtf : [0,1504,system_server,-1,DisplayDeviceConfig,requesting nits when no mapping exists.]
11-16 03:26:11.259 1504 1601 I am_wtf : [0,1504,system_server,-1,DisplayDeviceConfig,requesting nits when no mapping exists.]
11-16 03:26:11.272 1504 1601 I am_wtf : [0,1504,system_server,-1,DisplayDeviceConfig,requesting nits when no mapping exists.]
11-16 03:26:11.274 1504 1601 I am_wtf : [0,1504,system_server,-1,DisplayDeviceConfig,requesting nits when no mapping exists.]
11-16 03:27:10.823 1504 1601 I am_uid_idle: 10064
11-16 03:27:16.877 1504 1601 I am_uid_idle: 10066
11-16 03:27:25.065 1370 4187 I liblog : 36
11-16 03:28:52.460 1504 1682 I input_interaction: Interaction with: 93559e6 com.thundercomm.screensaver/android.service.dreams.DreamActivity (server), edge-swipe (server), swipe-up (server), PointerEventDispatcher0 (server),
11-16 03:28:52.463 1504 2493 I wm_finish_activity: [0,134183177,284,com.thundercomm.screensaver/android.service.dreams.DreamActivity,finish-activity]
11-16 03:28:52.463 1504 2493 I wm_task_moved: [283,1,7]
11-16 03:28:52.464 1504 2493 I wm_task_to_front: [0,283]
11-16 03:28:52.464 1504 2493 I wm_focused_root_task: [0,0,283,284,finish-top adjustFocusToNextFocusableTask]
11-16 03:28:52.465 1504 2493 I wm_pause_activity: [0,134183177,com.thundercomm.screensaver/android.service.dreams.DreamActivity,userLeaving=false,finish]
11-16 03:28:52.466 1504 1504 I service_manager_stats: [104,62,162045]
11-16 03:28:52.473 4192 4192 I wm_on_top_resumed_lost_called: [134183177,android.service.dreams.DreamActivity,topStateChangedWhenResumed]
11-16 03:28:52.476 4192 4192 I wm_on_paused_called: [134183177,android.service.dreams.DreamActivity,performPause]
11-16 03:28:52.476 1504 1571 I sysui_multi_action: [757,803,799,window_time_0,802,162]
11-16 03:28:52.477 1504 2101 I wm_add_to_stopping: [0,134183177,com.thundercomm.screensaver/android.service.dreams.DreamActivity,completeFinishing]
11-16 03:28:52.484 1504 2101 I wm_set_resumed_activity: [0,com.android.gallery3d/.app.GalleryActivity,resumeTopActivityInnerLocked]
11-16 03:28:52.486 1504 2101 I wm_resume_activity: [0,94064340,283,com.android.gallery3d/.app.GalleryActivity]
11-16 03:28:52.492 4192 4192 I view_enqueue_input_event: [Motion - Cancel,com.thundercomm.screensaver/android.service.dreams.DreamActivity]
11-16 03:28:52.492 1504 1682 I input_focus: [Focus leaving 93559e6 com.thundercomm.screensaver/android.service.dreams.DreamActivity (server),reason=NO_WINDOW]
11-16 03:28:52.494 1504 1571 I am_uid_active: 10064
11-16 03:28:52.498 1504 1571 I sysui_multi_action: [757,803,799,window_time_0,802,1]
11-16 03:28:52.502 4030 4030 I wm_on_restart_called: [94064340,com.android.gallery3d.app.GalleryActivity,performRestartActivity]
11-16 03:28:52.505 4030 4030 I wm_on_start_called: [94064340,com.android.gallery3d.app.GalleryActivity,handleStartActivity]
11-16 03:28:52.511 4030 4030 I wm_on_resume_called: [94064340,com.android.gallery3d.app.GalleryActivity,RESUME_ACTIVITY]
11-16 03:28:52.511 4030 4030 I wm_on_top_resumed_gained_called: [94064340,com.android.gallery3d.app.GalleryActivity,topWhenResuming]
11-16 03:28:52.514 1504 1598 I am_pss : [2496,10073,com.android.launcher3,68616192,55762944,0,202850304,0,6,9]
11-16 03:28:52.518 1504 1504 I am_uid_active: 10066
11-16 03:28:52.523 1504 1572 I input_focus: [Focus request b39b846 com.android.gallery3d/com.android.gallery3d.app.GalleryActivity,reason=UpdateInputWindows]
11-16 03:28:52.523 1504 1598 I am_pss : [3441,10086,com.android.music,20289536,14684160,0,138514432,0,4,7]
11-16 03:28:52.560 1504 1682 I input_focus: [Focus entering b39b846 com.android.gallery3d/com.android.gallery3d.app.GalleryActivity (server),reason=Window became focusable. Previous reason: NOT_VISIBLE]
11-16 03:28:53.066 1504 1571 I wm_destroy_activity: [0,134183177,284,com.thundercomm.screensaver/android.service.dreams.DreamActivity,finish-imm:idle]
11-16 03:28:53.092 4192 4192 I wm_on_stop_called: [134183177,android.service.dreams.DreamActivity,LIFECYCLER_STOP_ACTIVITY]
11-16 03:28:53.097 4192 4192 I wm_on_destroy_called: [134183177,android.service.dreams.DreamActivity,performDestroy]
11-16 03:28:53.103 1504 1568 I sysui_multi_action: [757,222,758,2]
11-16 03:28:53.103 1504 1568 I sysui_multi_action: [757,804,799,dreaming_minutes,801,2,802,1]
11-16 03:28:53.116 1504 2099 I wm_task_removed: [284,removeChild:removeChild last r=ActivityRecord{7ff7909 u0 com.thundercomm.screensaver/android.service.dreams.DreamActivity t-1 f}} in t=Task{58a1822 #284 type=dream A=10051:android:com.thundercomm.screensaver/dream U=0 visible=false mode=fullscreen translucent=true sz=0}]
11-16 03:28:53.116 1504 2099 I wm_task_removed: [284,removeChild]
11-16 03:29:45.599 1504 1620 I sysui_multi_action: [757,1696,758,6,759,2]
11-16 03:29:45.612 1504 1601 I am_wtf : [0,1504,system_server,-1,DisplayDeviceConfig,requesting nits when no mapping exists.]
11-16 03:29:45.617 1504 1601 I am_wtf : [0,1504,system_server,-1,DisplayDeviceConfig,requesting nits when no mapping exists.]
11-16 03:29:45.628 1504 1601 I am_wtf : [0,1504,system_server,-1,DisplayDeviceConfig,requesting nits when no mapping exists.]
11-16 03:29:45.629 1504 1601 I am_wtf : [0,1504,system_server,-1,DisplayDeviceConfig,requesting nits when no mapping exists.]
11-16 03:29:45.637 1504 1601 I am_wtf : [0,1504,system_server,-1,DisplayDeviceConfig,requesting nits when no mapping exists.]
11-16 03:29:45.639 1504 1601 I am_wtf : [0,1504,system_server,-1,DisplayDeviceConfig,requesting nits when no mapping exists.]
11-16 03:29:45.653 1504 1601 I am_wtf : [0,1504,system_server,-1,DisplayDeviceConfig,requesting nits when no mapping exists.]
11-16 03:29:45.654 1504 1601 I am_wtf : [0,1504,system_server,-1,DisplayDeviceConfig,requesting nits when no mapping exists.]
11-16 03:29:45.670 1504 1601 I am_wtf : [0,1504,system_server,-1,DisplayDeviceConfig,requesting nits when no mapping exists.]
11-16 03:29:45.671 1504 1601 I am_wtf : [0,1504,system_server,-1,DisplayDeviceConfig,requesting nits when no mapping exists.]
11-16 03:29:45.687 1504 1601 I am_wtf : [0,1504,system_server,-1,DisplayDeviceConfig,requesting nits when no mapping exists.]
11-16 03:29:45.688 1504 1601 I am_wtf : [0,1504,system_server,-1,DisplayDeviceConfig,requesting nits when no mapping exists.]
11-16 03:29:45.704 1504 1601 I am_wtf : [0,1504,system_server,-1,DisplayDeviceConfig,requesting nits when no mapping exists.]
11-16 03:29:45.704 1504 1601 I am_wtf : [0,1504,system_server,-1,DisplayDeviceConfig,requesting nits when no mapping exists.]
11-16 03:29:45.720 1504 1601 I am_wtf : [0,1504,system_server,-1,DisplayDeviceConfig,requesting nits when no mapping exists.]
11-16 03:29:45.722 1504 1601 I am_wtf : [0,1504,system_server,-1,DisplayDeviceConfig,requesting nits when no mapping exists.]
11-16 03:29:45.737 1504 1601 I am_wtf : [0,1504,system_server,-1,DisplayDeviceConfig,requesting nits when no mapping exists.]
11-16 03:29:45.738 1504 1601 I am_wtf : [0,1504,system_server,-1,DisplayDeviceConfig,requesting nits when no mapping exists.]
11-16 03:29:45.754 1504 1601 I am_wtf : [0,1504,system_server,-1,DisplayDeviceConfig,requesting nits when no mapping exists.]
11-16 03:29:45.754 1504 1601 I am_wtf : [0,1504,system_server,-1,DisplayDeviceConfig,requesting nits when no mapping exists.]
11-16 03:29:45.770 1504 1601 I am_wtf : [0,1504,system_server,-1,DisplayDeviceConfig,requesting nits when no mapping exists.]
11-16 03:29:45.771 1504 1601 I am_wtf : [0,1504,system_server,-1,DisplayDeviceConfig,requesting nits when no mapping exists.]
11-16 03:29:45.787 1504 1601 I am_wtf : [0,1504,system_server,-1,DisplayDeviceConfig,requesting nits when no mapping exists.]
11-16 03:29:45.788 1504 1601 I am_wtf : [0,1504,system_server,-1,DisplayDeviceConfig,requesting nits when no mapping exists.]
11-16 03:29:45.804 1504 1601 I am_wtf : [0,1504,system_server,-1,DisplayDeviceConfig,requesting nits when no mapping exists.]
11-16 03:29:45.805 1504 1601 I am_wtf : [0,1504,system_server,-1,DisplayDeviceConfig,requesting nits when no mapping exists.]
11-16 03:29:45.821 1504 1601 I am_wtf : [0,1504,system_server,-1,DisplayDeviceConfig,requesting nits when no mapping exists.]
11-16 03:29:45.821 1504 1601 I am_wtf : [0,1504,system_server,-1,DisplayDeviceConfig,requesting nits when no mapping exists.]
11-16 03:29:45.837 1504 1601 I am_wtf : [0,1504,system_server,-1,DisplayDeviceConfig,requesting nits when no mapping exists.]
11-16 03:29:45.839 1504 1601 I am_wtf : [0,1504,system_server,-1,DisplayDeviceConfig,requesting nits when no mapping exists.]
11-16 03:29:45.854 1504 1601 I am_wtf : [0,1504,system_server,-1,DisplayDeviceConfig,requesting nits when no mapping exists.]
11-16 03:29:45.855 1504 1601 I am_wtf : [0,1504,system_server,-1,DisplayDeviceConfig,requesting nits when no mapping exists.]
11-16 03:29:45.871 1504 1601 I am_wtf : [0,1504,system_server,-1,DisplayDeviceConfig,requesting nits when no mapping exists.]
11-16 03:29:45.872 1504 1601 I am_wtf : [0,1504,system_server,-1,DisplayDeviceConfig,requesting nits when no mapping exists.]
11-16 03:29:45.888 1504 1601 I am_wtf : [0,1504,system_server,-1,DisplayDeviceConfig,requesting nits when no mapping exists.]
11-16 03:29:45.890 1504 1601 I am_wtf : [0,1504,system_server,-1,DisplayDeviceConfig,requesting nits when no mapping exists.]
11-16 03:29:45.904 1504 1601 I am_wtf : [0,1504,system_server,-1,DisplayDeviceConfig,requesting nits when no mapping exists.]
11-16 03:29:45.905 1504 1601 I am_wtf : [0,1504,system_server,-1,DisplayDeviceConfig,requesting nits when no mapping exists.]
11-16 03:29:45.921 1504 1601 I am_wtf : [0,1504,system_server,-1,DisplayDeviceConfig,requesting nits when no mapping exists.]
11-16 03:29:45.922 1504 1601 I am_wtf : [0,1504,system_server,-1,DisplayDeviceConfig,requesting nits when no mapping exists.]
11-16 03:29:45.938 1504 1601 I am_wtf : [0,1504,system_server,-1,DisplayDeviceConfig,requesting nits when no mapping exists.]
11-16 03:29:45.939 1504 1601 I am_wtf : [0,1504,system_server,-1,DisplayDeviceConfig,requesting nits when no mapping exists.]
11-16 03:29:45.954 1504 1601 I am_wtf : [0,1504,system_server,-1,DisplayDeviceConfig,requesting nits when no mapping exists.]
11-16 03:29:45.955 1504 1601 I am_wtf : [0,1504,system_server,-1,DisplayDeviceConfig,requesting nits when no mapping exists.]
11-16 03:29:45.971 1504 1601 I am_wtf : [0,1504,system_server,-1,DisplayDeviceConfig,requesting nits when no mapping exists.]
11-16 03:29:45.972 1504 1601 I am_wtf : [0,1504,system_server,-1,DisplayDeviceConfig,requesting nits when no mapping exists.]
11-16 03:29:45.988 1504 1601 I am_wtf : [0,1504,system_server,-1,DisplayDeviceConfig,requesting nits when no mapping exists.]
11-16 03:29:45.989 1504 1601 I am_wtf : [0,1504,system_server,-1,DisplayDeviceConfig,requesting nits when no mapping exists.]
11-16 03:29:46.004 1504 1601 I am_wtf : [0,1504,system_server,-1,DisplayDeviceConfig,requesting nits when no mapping exists.]
11-16 03:29:46.006 1504 1601 I am_wtf : [0,1504,system_server,-1,DisplayDeviceConfig,requesting nits when no mapping exists.]
11-16 03:29:46.021 1504 1601 I am_wtf : [0,1504,system_server,-1,DisplayDeviceConfig,requesting nits when no mapping exists.]
11-16 03:29:46.023 1504 1601 I am_wtf : [0,1504,system_server,-1,DisplayDeviceConfig,requesting nits when no mapping exists.]
11-16 03:29:46.038 1504 1601 I am_wtf : [0,1504,system_server,-1,DisplayDeviceConfig,requesting nits when no mapping exists.]
11-16 03:29:46.039 1504 1601 I am_wtf : [0,1504,system_server,-1,DisplayDeviceConfig,requesting nits when no mapping exists.]
11-16 03:29:46.056 1504 1601 I am_wtf : [0,1504,system_server,-1,DisplayDeviceConfig,requesting nits when no mapping exists.]
11-16 03:29:46.058 1504 1601 I am_wtf : [0,1504,system_server,-1,DisplayDeviceConfig,requesting nits when no mapping exists.]
11-16 03:29:46.071 1504 1601 I am_wtf : [0,1504,system_server,-1,DisplayDeviceConfig,requesting nits when no mapping exists.]
11-16 03:29:46.072 1504 1601 I am_wtf : [0,1504,system_server,-1,DisplayDeviceConfig,requesting nits when no mapping exists.]
11-16 03:29:46.088 1504 1601 I am_wtf : [0,1504,system_server,-1,DisplayDeviceConfig,requesting nits when no mapping exists.]
11-16 03:29:46.089 1504 1601 I am_wtf : [0,1504,system_server,-1,DisplayDeviceConfig,requesting nits when no mapping exists.]
11-16 03:29:46.105 1504 1601 I am_wtf : [0,1504,system_server,-1,DisplayDeviceConfig,requesting nits when no mapping exists.]
11-16 03:29:46.106 1504 1601 I am_wtf : [0,1504,system_server,-1,DisplayDeviceConfig,requesting nits when no mapping exists.]
11-16 03:29:46.121 1504 1601 I am_wtf : [0,1504,system_server,-1,DisplayDeviceConfig,requesting nits when no mapping exists.]
11-16 03:29:46.122 1504 1601 I am_wtf : [0,1504,system_server,-1,DisplayDeviceConfig,requesting nits when no mapping exists.]
11-16 03:29:46.138 1504 1601 I am_wtf : [0,1504,system_server,-1,DisplayDeviceConfig,requesting nits when no mapping exists.]
11-16 03:29:46.139 1504 1601 I am_wtf : [0,1504,system_server,-1,DisplayDeviceConfig,requesting nits when no mapping exists.]
11-16 03:29:46.155 1504 1601 I am_wtf : [0,1504,system_server,-1,DisplayDeviceConfig,requesting nits when no mapping exists.]
11-16 03:29:46.156 1504 1601 I am_wtf : [0,1504,system_server,-1,DisplayDeviceConfig,requesting nits when no mapping exists.]
11-16 03:29:46.172 1504 1601 I am_wtf : [0,1504,system_server,-1,DisplayDeviceConfig,requesting nits when no mapping exists.]
11-16 03:29:46.173 1504 1601 I am_wtf : [0,1504,system_server,-1,DisplayDeviceConfig,requesting nits when no mapping exists.]
11-16 03:29:46.188 1504 1601 I am_wtf : [0,1504,system_server,-1,DisplayDeviceConfig,requesting nits when no mapping exists.]
11-16 03:29:46.189 1504 1601 I am_wtf : [0,1504,system_server,-1,DisplayDeviceConfig,requesting nits when no mapping exists.]
11-16 03:29:46.205 1504 1601 I am_wtf : [0,1504,system_server,-1,DisplayDeviceConfig,requesting nits when no mapping exists.]
11-16 03:29:46.207 1504 1601 I am_wtf : [0,1504,system_server,-1,DisplayDeviceConfig,requesting nits when no mapping exists.]
11-16 03:29:46.221 1504 1601 I am_wtf : [0,1504,system_server,-1,DisplayDeviceConfig,requesting nits when no mapping exists.]
11-16 03:29:46.222 1504 1601 I am_wtf : [0,1504,system_server,-1,DisplayDeviceConfig,requesting nits when no mapping exists.]
11-16 03:29:46.238 1504 1601 I am_wtf : [0,1504,system_server,-1,DisplayDeviceConfig,requesting nits when no mapping exists.]
11-16 03:29:46.239 1504 1601 I am_wtf : [0,1504,system_server,-1,DisplayDeviceConfig,requesting nits when no mapping exists.]
11-16 03:29:46.255 1504 1601 I am_wtf : [0,1504,system_server,-1,DisplayDeviceConfig,requesting nits when no mapping exists.]
11-16 03:29:46.256 1504 1601 I am_wtf : [0,1504,system_server,-1,DisplayDeviceConfig,requesting nits when no mapping exists.]
11-16 03:29:46.272 1504 1601 I am_wtf : [0,1504,system_server,-1,DisplayDeviceConfig,requesting nits when no mapping exists.]
11-16 03:29:46.273 1504 1601 I am_wtf : [0,1504,system_server,-1,DisplayDeviceConfig,requesting nits when no mapping exists.]
11-16 03:29:46.288 1504 1601 I am_wtf : [0,1504,system_server,-1,DisplayDeviceConfig,requesting nits when no mapping exists.]
11-16 03:29:46.289 1504 1601 I am_wtf : [0,1504,system_server,-1,DisplayDeviceConfig,requesting nits when no mapping exists.]
11-16 03:29:46.305 1504 1601 I am_wtf : [0,1504,system_server,-1,DisplayDeviceConfig,requesting nits when no mapping exists.]
11-16 03:29:46.306 1504 1601 I am_wtf : [0,1504,system_server,-1,DisplayDeviceConfig,requesting nits when no mapping exists.]
11-16 03:29:46.322 1504 1601 I am_wtf : [0,1504,system_server,-1,DisplayDeviceConfig,requesting nits when no mapping exists.]
11-16 03:29:46.323 1504 1601 I am_wtf : [0,1504,system_server,-1,DisplayDeviceConfig,requesting nits when no mapping exists.]
11-16 03:29:46.339 1504 1601 I am_wtf : [0,1504,system_server,-1,DisplayDeviceConfig,requesting nits when no mapping exists.]
11-16 03:29:46.340 1504 1601 I am_wtf : [0,1504,system_server,-1,DisplayDeviceConfig,requesting nits when no mapping exists.]
11-16 03:29:46.356 1504 1601 I am_wtf : [0,1504,system_server,-1,DisplayDeviceConfig,requesting nits when no mapping exists.]
11-16 03:29:46.357 1504 1601 I am_wtf : [0,1504,system_server,-1,DisplayDeviceConfig,requesting nits when no mapping exists.]
11-16 03:29:46.372 1504 1601 I am_wtf : [0,1504,system_server,-1,DisplayDeviceConfig,requesting nits when no mapping exists.]
11-16 03:29:46.373 1504 1601 I am_wtf : [0,1504,system_server,-1,DisplayDeviceConfig,requesting nits when no mapping exists.]
11-16 03:29:46.388 1504 1601 I am_wtf : [0,1504,system_server,-1,DisplayDeviceConfig,requesting nits when no mapping exists.]
11-16 03:29:46.389 1504 1601 I am_wtf : [0,1504,system_server,-1,DisplayDeviceConfig,requesting nits when no mapping exists.]
11-16 03:29:46.406 1504 1601 I am_wtf : [0,1504,system_server,-1,DisplayDeviceConfig,requesting nits when no mapping exists.]
11-16 03:29:46.407 1504 1601 I am_wtf : [0,1504,system_server,-1,DisplayDeviceConfig,requesting nits when no mapping exists.]
11-16 03:29:46.408 1504 1601 I service_manager_stats: [100,54,53943]
11-16 03:29:46.422 1504 1601 I am_wtf : [0,1504,system_server,-1,DisplayDeviceConfig,requesting nits when no mapping exists.]
11-16 03:29:46.425 1504 1601 I am_wtf : [0,1504,system_server,-1,DisplayDeviceConfig,requesting nits when no mapping exists.]
11-16 03:29:46.439 1504 1601 I am_wtf : [0,1504,system_server,-1,DisplayDeviceConfig,requesting nits when no mapping exists.]
11-16 03:29:46.440 1504 1601 I am_wtf : [0,1504,system_server,-1,DisplayDeviceConfig,requesting nits when no mapping exists.]
11-16 03:29:46.456 1504 1601 I am_wtf : [0,1504,system_server,-1,DisplayDeviceConfig,requesting nits when no mapping exists.]
11-16 03:29:46.457 1504 1601 I am_wtf : [0,1504,system_server,-1,DisplayDeviceConfig,requesting nits when no mapping exists.]
11-16 03:29:46.472 1504 1601 I am_wtf : [0,1504,system_server,-1,DisplayDeviceConfig,requesting nits when no mapping exists.]
11-16 03:29:46.473 1504 1601 I am_wtf : [0,1504,system_server,-1,DisplayDeviceConfig,requesting nits when no mapping exists.]
11-16 03:29:46.489 1504 1601 I am_wtf : [0,1504,system_server,-1,DisplayDeviceConfig,requesting nits when no mapping exists.]
11-16 03:29:46.492 1504 1601 I am_wtf : [0,1504,system_server,-1,DisplayDeviceConfig,requesting nits when no mapping exists.]
11-16 03:29:46.507 1504 1601 I am_wtf : [0,1504,system_server,-1,DisplayDeviceConfig,requesting nits when no mapping exists.]
11-16 03:29:46.509 1504 1601 I am_wtf : [0,1504,system_server,-1,DisplayDeviceConfig,requesting nits when no mapping exists.]
11-16 03:29:46.525 1504 1601 I am_wtf : [0,1504,system_server,-1,DisplayDeviceConfig,requesting nits when no mapping exists.]
11-16 03:29:46.526 1504 1601 I am_wtf : [0,1504,system_server,-1,DisplayDeviceConfig,requesting nits when no mapping exists.]
11-16 03:29:46.539 1504 1601 I am_wtf : [0,1504,system_server,-1,DisplayDeviceConfig,requesting nits when no mapping exists.]
11-16 03:29:46.540 1504 1601 I am_wtf : [0,1504,system_server,-1,DisplayDeviceConfig,requesting nits when no mapping exists.]
11-16 03:29:46.555 1504 1601 I am_wtf : [0,1504,system_server,-1,DisplayDeviceConfig,requesting nits when no mapping exists.]
11-16 03:29:46.556 1504 1601 I am_wtf : [0,1504,system_server,-1,DisplayDeviceConfig,requesting nits when no mapping exists.]
11-16 03:29:53.113 1504 1601 I am_uid_idle: 10051
11-16 03:29:56.593 1504 1568 I sysui_multi_action: [757,222,758,1]
11-16 03:29:56.596 1504 1568 I am_uid_active: 10051
11-16 03:29:56.604 1504 1598 I am_pss : [4030,10064,com.android.gallery3d,73081856,67698688,0,187998208,0,2,13]
11-16 03:29:56.607 1504 2493 I wm_task_created: [285,-1]
11-16 03:29:56.611 1504 2493 I wm_task_moved: [285,1,8]
11-16 03:29:56.611 1504 2493 I wm_task_to_front: [0,285]
11-16 03:29:56.612 1504 2493 I wm_create_task: [0,285]
11-16 03:29:56.612 1504 2493 I wm_create_activity: [0,186767628,285,com.thundercomm.screensaver/android.service.dreams.DreamActivity,NULL,NULL,NULL,276824064]
11-16 03:29:56.612 1504 2493 I wm_task_moved: [285,1,8]
11-16 03:29:56.612 4030 4030 I wm_on_top_resumed_lost_called: [94064340,com.android.gallery3d.app.GalleryActivity,topStateChangedWhenResumed]
11-16 03:29:56.614 1504 2493 I wm_pause_activity: [0,94064340,com.android.gallery3d/.app.GalleryActivity,userLeaving=true,pauseBackTasks]
11-16 03:29:56.615 1504 1598 I am_pss : [3677,1000,com.thundercomm.gamemode,16952320,13406208,0,120045568,0,10,8]
11-16 03:29:56.624 1504 1598 I am_pss : [3189,1000,com.qti.diagservices,5755904,3829760,0,94773248,0,10,8]
11-16 03:29:56.634 4030 4030 I wm_on_paused_called: [94064340,com.android.gallery3d.app.GalleryActivity,performPause]
11-16 03:29:56.636 1504 2504 I wm_add_to_stopping: [0,94064340,com.android.gallery3d/.app.GalleryActivity,makeInvisible]
11-16 03:29:56.637 1504 2504 I wm_restart_activity: [0,186767628,285,com.thundercomm.screensaver/android.service.dreams.DreamActivity]
11-16 03:29:56.639 1504 2504 I wm_set_resumed_activity: [0,com.thundercomm.screensaver/android.service.dreams.DreamActivity,minimalResumeActivityLocked]
11-16 03:29:56.652 4192 4192 I wm_on_create_called: [186767628,android.service.dreams.DreamActivity,performCreate]
11-16 03:29:56.652 4192 4192 I wm_on_start_called: [186767628,android.service.dreams.DreamActivity,handleStartActivity]
11-16 03:29:56.653 4192 4192 I wm_on_resume_called: [186767628,android.service.dreams.DreamActivity,RESUME_ACTIVITY]
11-16 03:29:56.653 1504 1571 I sysui_multi_action: [757,803,799,window_time_0,802,64]
11-16 03:29:56.658 4192 4192 I wm_on_top_resumed_gained_called: [186767628,android.service.dreams.DreamActivity,topStateChangedWhenResumed]
11-16 03:29:56.664 1504 1682 I input_focus: [Focus leaving b39b846 com.android.gallery3d/com.android.gallery3d.app.GalleryActivity (server),reason=NO_WINDOW]
11-16 03:29:56.682 1504 1572 I input_focus: [Focus request c9979f8 com.thundercomm.screensaver/android.service.dreams.DreamActivity,reason=UpdateInputWindows]
11-16 03:29:56.710 1504 1620 I sysui_multi_action: [757,1696,758,6,759,3]
11-16 03:29:56.714 1504 1682 I input_focus: [Focus entering c9979f8 com.thundercomm.screensaver/android.service.dreams.DreamActivity (server),reason=Window became focusable. Previous reason: NOT_VISIBLE]
11-16 03:29:56.714 1504 1568 I sysui_multi_action: [319,100,322,90,325,386,757,761,758,8,759,2,806,com.thundercomm.screensaver,871,android.service.dreams.DreamActivity,904,com.thundercomm.screensaver,905,0,1320,4,1321,2]
11-16 03:29:56.716 1504 1568 I wm_activity_launch_time: [0,186767628,com.thundercomm.screensaver/android.service.dreams.DreamActivity,90]
11-16 03:29:56.716 1504 1601 I am_wtf : [0,1504,system_server,-1,DisplayDeviceConfig,requesting nits when no mapping exists.]
11-16 03:29:56.724 1504 1601 I am_wtf : [0,1504,system_server,-1,DisplayDeviceConfig,requesting nits when no mapping exists.]
11-16 03:29:56.730 1504 1601 I am_wtf : [0,1504,system_server,-1,DisplayDeviceConfig,requesting nits when no mapping exists.]
11-16 03:29:56.732 1504 1601 I am_wtf : [0,1504,system_server,-1,DisplayDeviceConfig,requesting nits when no mapping exists.]
11-16 03:29:56.746 1504 1601 I am_wtf : [0,1504,system_server,-1,DisplayDeviceConfig,requesting nits when no mapping exists.]
11-16 03:29:56.749 1504 1601 I am_wtf : [0,1504,system_server,-1,DisplayDeviceConfig,requesting nits when no mapping exists.]
11-16 03:29:56.764 1504 1601 I am_wtf : [0,1504,system_server,-1,DisplayDeviceConfig,requesting nits when no mapping exists.]
11-16 03:29:56.764 1504 1601 I am_wtf : [0,1504,system_server,-1,DisplayDeviceConfig,requesting nits when no mapping exists.]
11-16 03:29:56.780 1504 1601 I am_wtf : [0,1504,system_server,-1,DisplayDeviceConfig,requesting nits when no mapping exists.]
11-16 03:29:56.780 1504 1601 I am_wtf : [0,1504,system_server,-1,DisplayDeviceConfig,requesting nits when no mapping exists.]
11-16 03:29:56.797 1504 1601 I am_wtf : [0,1504,system_server,-1,DisplayDeviceConfig,requesting nits when no mapping exists.]
11-16 03:29:56.798 1504 1601 I am_wtf : [0,1504,system_server,-1,DisplayDeviceConfig,requesting nits when no mapping exists.]
11-16 03:29:56.814 1504 1601 I am_wtf : [0,1504,system_server,-1,DisplayDeviceConfig,requesting nits when no mapping exists.]
11-16 03:29:56.814 1504 1601 I am_wtf : [0,1504,system_server,-1,DisplayDeviceConfig,requesting nits when no mapping exists.]
11-16 03:29:56.830 1504 1601 I am_wtf : [0,1504,system_server,-1,DisplayDeviceConfig,requesting nits when no mapping exists.]
11-16 03:29:56.830 1504 1601 I am_wtf : [0,1504,system_server,-1,DisplayDeviceConfig,requesting nits when no mapping exists.]
11-16 03:29:56.847 1504 1601 I am_wtf : [0,1504,system_server,-1,DisplayDeviceConfig,requesting nits when no mapping exists.]
11-16 03:29:56.850 1504 1601 I am_wtf : [0,1504,system_server,-1,DisplayDeviceConfig,requesting nits when no mapping exists.]
11-16 03:29:56.865 1504 1601 I am_wtf : [0,1504,system_server,-1,DisplayDeviceConfig,requesting nits when no mapping exists.]
11-16 03:29:56.866 1504 1601 I am_wtf : [0,1504,system_server,-1,DisplayDeviceConfig,requesting nits when no mapping exists.]
11-16 03:29:56.881 1504 1601 I am_wtf : [0,1504,system_server,-1,DisplayDeviceConfig,requesting nits when no mapping exists.]
11-16 03:29:56.882 1504 1601 I am_wtf : [0,1504,system_server,-1,DisplayDeviceConfig,requesting nits when no mapping exists.]
11-16 03:29:56.898 1504 1601 I am_wtf : [0,1504,system_server,-1,DisplayDeviceConfig,requesting nits when no mapping exists.]
11-16 03:29:56.898 1504 1601 I am_wtf : [0,1504,system_server,-1,DisplayDeviceConfig,requesting nits when no mapping exists.]
11-16 03:29:56.915 1504 1601 I am_wtf : [0,1504,system_server,-1,DisplayDeviceConfig,requesting nits when no mapping exists.]
11-16 03:29:56.917 1504 1601 I am_wtf : [0,1504,system_server,-1,DisplayDeviceConfig,requesting nits when no mapping exists.]
11-16 03:29:56.937 1504 1601 I am_wtf : [0,1504,system_server,-1,DisplayDeviceConfig,requesting nits when no mapping exists.]
11-16 03:29:56.937 1504 1601 I am_wtf : [0,1504,system_server,-1,DisplayDeviceConfig,requesting nits when no mapping exists.]
11-16 03:29:56.950 1504 1601 I am_wtf : [0,1504,system_server,-1,DisplayDeviceConfig,requesting nits when no mapping exists.]
11-16 03:29:56.951 1504 1601 I am_wtf : [0,1504,system_server,-1,DisplayDeviceConfig,requesting nits when no mapping exists.]
11-16 03:29:56.965 1504 1601 I am_wtf : [0,1504,system_server,-1,DisplayDeviceConfig,requesting nits when no mapping exists.]
11-16 03:29:56.966 1504 1601 I am_wtf : [0,1504,system_server,-1,DisplayDeviceConfig,requesting nits when no mapping exists.]
11-16 03:29:56.980 1504 1601 I am_wtf : [0,1504,system_server,-1,DisplayDeviceConfig,requesting nits when no mapping exists.]
11-16 03:29:56.982 1504 1601 I am_wtf : [0,1504,system_server,-1,DisplayDeviceConfig,requesting nits when no mapping exists.]
11-16 03:29:56.997 1504 1601 I am_wtf : [0,1504,system_server,-1,DisplayDeviceConfig,requesting nits when no mapping exists.]
11-16 03:29:56.998 1504 1601 I am_wtf : [0,1504,system_server,-1,DisplayDeviceConfig,requesting nits when no mapping exists.]
