11-16 05:26:25.786 1504 1682 I input_focus: [Focus entering e1de84c com.android.launcher3/com.android.launcher3.uioverrides.QuickstepLauncher (server),reason=setFocusedWindow]
11-16 05:26:26.004 1504 1682 I input_interaction: Interaction with: e1de84c com.android.launcher3/com.android.launcher3.uioverrides.QuickstepLauncher (server), c74be60 com.android.systemui.ImageWallpaper (server), edge-swipe (server), swipe-up (server), PointerEventDispatcher0 (server),
11-16 05:26:26.069 2496 2496 I view_enqueue_input_event: [Motion - Cancel,com.android.launcher3/com.android.launcher3.uioverrides.QuickstepLauncher]
11-16 05:26:26.076 1504 1682 I input_interaction: Interaction with: edge-swipe (server), swipe-up (server), PointerEventDispatcher0 (server),
11-16 05:26:26.245 1504 1666 I commit_sys_config_file: [settings-1-0,12]
11-16 05:26:26.619 1504 1666 I commit_sys_config_file: [settings-1-0,4]
11-16 05:26:26.734 1504 2099 I wm_finish_activity: [0,13451192,409,com.android.gallery3d/.app.GalleryActivity,app-request]
11-16 05:26:26.741 1504 2099 I wm_pause_activity: [0,13451192,com.android.gallery3d/.app.GalleryActivity,userLeaving=false,finish]
11-16 05:26:26.759 9266 9266 I wm_on_paused_called: [13451192,com.android.gallery3d.app.GalleryActivity,performPause]
11-16 05:26:26.761 1504 2099 I wm_destroy_activity: [0,13451192,409,com.android.gallery3d/.app.GalleryActivity,finish-imm:completePausedLocked]
11-16 05:26:26.781 1504 1571 I sysui_multi_action: [757,803,799,window_time_2,802,2]
11-16 05:26:26.792 9266 9266 I wm_on_stop_called: [13451192,com.android.gallery3d.app.GalleryActivity,LIFECYCLER_STOP_ACTIVITY]
11-16 05:26:26.798 9266 9266 I wm_on_destroy_called: [13451192,com.android.gallery3d.app.GalleryActivity,performDestroy]
11-16 05:26:26.961 1504 1682 I input_interaction: Interaction with: e1de84c com.android.launcher3/com.android.launcher3.uioverrides.QuickstepLauncher (server), c74be60 com.android.systemui.ImageWallpaper (server), edge-swipe (server), swipe-up (server), PointerEventDispatcher0 (server),
11-16 05:26:27.069 1504 1572 I wm_task_removed: [409,removeChild:removeChild last r=ActivityRecord{cd3fb8 u0 com.android.gallery3d/.app.GalleryActivity t-1 f}} in t=Task{2e7b21b #409 type=standard A=10064:com.android.gallery3d U=0 visible=false mode=freeform translucent=true sz=0}]
11-16 05:26:27.069 1504 1572 I wm_task_removed: [409,removeChild]
11-16 05:26:27.602 1504 6921 I wm_finish_activity: [0,91926278,403,com.android.music/.VideoBrowserActivity,remove-task]
11-16 05:26:27.603 1504 6921 I wm_destroy_activity: [0,91926278,403,com.android.music/.VideoBrowserActivity,finish-imm:finishIfPossible]
11-16 05:26:27.607 9178 9178 I wm_on_destroy_called: [91926278,com.android.music.VideoBrowserActivity,performDestroy]
11-16 05:26:27.616 1504 1571 I am_kill : [0,9178,com.android.music,905,remove task]
11-16 05:26:27.617 1504 1571 I sysui_multi_action: [757,803,799,window_time_0,802,1]
11-16 05:26:27.654 1504 4899 I am_proc_died: [0,9178,com.android.music,905,19]
11-16 05:26:27.660 1504 6131 I wm_task_created: [410,-1]
11-16 05:26:27.664 1504 6131 I wm_task_moved: [410,1,7]
11-16 05:26:27.664 1504 6131 I wm_task_to_front: [0,410]
11-16 05:26:27.665 1504 6131 I wm_create_task: [0,410]
11-16 05:26:27.665 1504 6131 I wm_create_activity: [0,106465105,410,com.android.gallery3d/.app.GalleryActivity,NULL,NULL,NULL,268468224]
11-16 05:26:27.665 1504 6131 I wm_task_moved: [410,1,7]
11-16 05:26:27.667 1504 6131 I wm_restart_activity: [0,106465105,410,com.android.gallery3d/.app.GalleryActivity]
11-16 05:26:27.668 1504 6131 I wm_set_resumed_activity: [0,com.android.gallery3d/.app.GalleryActivity,minimalResumeActivityLocked]
11-16 05:26:27.672 1504 4899 I am_uid_stopped: 10086
11-16 05:26:27.674 1504 4899 I wm_task_removed: [403,removeChild:removeChild last r=ActivityRecord{57aaf06 u0 com.android.music/.VideoBrowserActivity t-1 f}} in t=Task{33573db #403 type=standard A=10086:android.task.video U=0 visible=false mode=fullscreen translucent=true sz=0}]
11-16 05:26:27.674 1504 4899 I wm_task_removed: [403,removeChild]
11-16 05:26:27.674 2496 2496 I wm_on_top_resumed_lost_called: [50203839,com.android.launcher3.uioverrides.QuickstepLauncher,topStateChangedWhenResumed]
11-16 05:26:27.695 1504 1571 I am_uid_running: 10086
11-16 05:26:27.696 9266 9266 I wm_on_create_called: [106465105,com.android.gallery3d.app.GalleryActivity,performCreate]
11-16 05:26:27.697 9266 9266 I wm_on_start_called: [106465105,com.android.gallery3d.app.GalleryActivity,handleStartActivity]
11-16 05:26:27.700 9266 9266 I wm_on_resume_called: [106465105,com.android.gallery3d.app.GalleryActivity,RESUME_ACTIVITY]
11-16 05:26:27.703 9266 9266 I wm_on_top_resumed_gained_called: [106465105,com.android.gallery3d.app.GalleryActivity,topStateChangedWhenResumed]
11-16 05:26:27.705 1504 1603 I am_proc_start: [0,9430,10086,com.android.music,NULL,]
11-16 05:26:27.712 1504 1572 I input_focus: [Focus request 5e14b8e com.android.gallery3d/com.android.gallery3d.app.GalleryActivity,reason=UpdateInputWindows]
11-16 05:26:27.734 1504 2099 I am_proc_bound: [0,9430,com.android.music]
11-16 05:26:27.738 1504 1682 I input_focus: [Focus leaving e1de84c com.android.launcher3/com.android.launcher3.uioverrides.QuickstepLauncher (server),reason=Waiting for window because NOT_VISIBLE]
11-16 05:26:27.784 1504 1568 I sysui_multi_action: [319,125,322,124,325,7377,757,761,758,8,759,2,806,com.android.gallery3d,871,com.android.gallery3d.app.GalleryActivity,904,android,905,0,1320,4,1321,1]
11-16 05:26:27.785 1504 1568 I wm_activity_launch_time: [0,106465105,com.android.gallery3d/.app.GalleryActivity,124]
11-16 05:26:27.794 1504 1682 I input_focus: [Focus entering 5e14b8e com.android.gallery3d/com.android.gallery3d.app.GalleryActivity (server),reason=Window became focusable. Previous reason: NOT_VISIBLE]
11-16 05:26:29.265 1504 2099 I wm_task_created: [411,-1]
11-16 05:26:29.270 1504 2099 I wm_task_moved: [411,1,7]
11-16 05:26:29.270 1504 2099 I wm_task_to_front: [0,411]
11-16 05:26:29.271 1504 2099 I wm_create_task: [0,411]
11-16 05:26:29.271 1504 2099 I wm_create_activity: [0,39456022,411,com.android.music/.VideoBrowserActivity,android.intent.action.MAIN,NULL,NULL,270532608]
11-16 05:26:29.271 1504 2099 I wm_task_moved: [411,1,7]
11-16 05:26:29.271 9266 9266 I wm_on_top_resumed_lost_called: [106465105,com.android.gallery3d.app.GalleryActivity,topStateChangedWhenResumed]
11-16 05:26:29.274 1504 2099 I wm_pause_activity: [0,50203839,com.android.launcher3/.uioverrides.QuickstepLauncher,userLeaving=true,pauseBackTasks]
11-16 05:26:29.291 2496 2496 I wm_on_paused_called: [50203839,com.android.launcher3.uioverrides.QuickstepLauncher,performPause]
11-16 05:26:29.296 1504 4899 I wm_add_to_stopping: [0,50203839,com.android.launcher3/.uioverrides.QuickstepLauncher,makeInvisible]
11-16 05:26:29.297 1504 4899 I wm_restart_activity: [0,39456022,411,com.android.music/.VideoBrowserActivity]
11-16 05:26:29.299 1504 4899 I wm_set_resumed_activity: [0,com.android.music/.VideoBrowserActivity,minimalResumeActivityLocked]
11-16 05:26:29.304 1504 1571 I am_uid_active: 10086
11-16 05:26:29.314 1504 1571 I sysui_multi_action: [757,803,799,window_time_0,802,1]
11-16 05:26:29.365 9430 9430 I wm_on_create_called: [39456022,com.android.music.VideoBrowserActivity,performCreate]
11-16 05:26:29.365 9430 9430 I wm_on_start_called: [39456022,com.android.music.VideoBrowserActivity,handleStartActivity]
11-16 05:26:29.366 9430 9430 I wm_on_resume_called: [39456022,com.android.music.VideoBrowserActivity,RESUME_ACTIVITY]
11-16 05:26:29.371 9430 9430 I wm_on_top_resumed_gained_called: [39456022,com.android.music.VideoBrowserActivity,topStateChangedWhenResumed]
11-16 05:26:29.377 1504 1572 I input_focus: [Focus request 2c942b4 com.android.music/com.android.music.VideoBrowserActivity,reason=UpdateInputWindows]
11-16 05:26:29.395 1504 1682 I input_focus: [Focus leaving 5e14b8e com.android.gallery3d/com.android.gallery3d.app.GalleryActivity (server),reason=Waiting for window because NOT_VISIBLE]
11-16 05:26:29.412 1504 1568 I sysui_multi_action: [319,72,321,69,322,149,325,7378,757,761,758,8,759,1,806,com.android.music,871,com.android.music.VideoBrowserActivity,904,com.android.launcher3,905,0,1320,4,1321,5]
11-16 05:26:29.413 1504 1682 I input_focus: [Focus entering 2c942b4 com.android.music/com.android.music.VideoBrowserActivity (server),reason=Window became focusable. Previous reason: NOT_VISIBLE]
11-16 05:26:29.414 1504 1568 I wm_activity_launch_time: [0,39456022,com.android.music/.VideoBrowserActivity,149]
11-16 05:26:29.889 1504 1571 I wm_stop_activity: [0,50203839,com.android.launcher3/.uioverrides.QuickstepLauncher]
11-16 05:26:29.950 2496 2496 I wm_on_stop_called: [50203839,com.android.launcher3.uioverrides.QuickstepLauncher,STOP_ACTIVITY_ITEM]
11-16 05:26:30.199 1504 1682 I input_interaction: Interaction with: 2c942b4 com.android.music/com.android.music.VideoBrowserActivity (server), edge-swipe (server), swipe-up (server), PointerEventDispatcher0 (server),
11-16 05:26:30.207 1504 4314 I wm_task_moved: [280,0,0]
11-16 05:26:30.208 1504 4314 I wm_task_moved: [280,0,6]
11-16 05:26:30.227 2496 2496 I wm_on_restart_called: [50203839,com.android.launcher3.uioverrides.QuickstepLauncher,performRestartActivity]
11-16 05:26:30.229 1504 2099 I wm_finish_activity: [0,106465105,410,com.android.gallery3d/.app.GalleryActivity,app-request]
11-16 05:26:30.241 1504 2099 I wm_pause_activity: [0,106465105,com.android.gallery3d/.app.GalleryActivity,userLeaving=false,finish]
11-16 05:26:30.252 9266 9266 I wm_on_paused_called: [106465105,com.android.gallery3d.app.GalleryActivity,performPause]
11-16 05:26:30.253 1504 4899 I wm_destroy_activity: [0,106465105,410,com.android.gallery3d/.app.GalleryActivity,finish-imm:completePausedLocked]
11-16 05:26:30.259 2496 2496 I wm_on_start_called: [50203839,com.android.launcher3.uioverrides.QuickstepLauncher,handleStartActivity]
11-16 05:26:30.260 9430 9430 I view_enqueue_input_event: [Motion - Cancel,com.android.music/com.android.music.VideoBrowserActivity]
11-16 05:26:30.260 1504 1682 I input_interaction: Interaction with: edge-swipe (server), swipe-up (server), PointerEventDispatcher0 (server),
11-16 05:26:30.270 1504 1571 I sysui_multi_action: [757,803,799,window_time_0,802,1]
11-16 05:26:30.272 9266 9266 I wm_on_stop_called: [106465105,com.android.gallery3d.app.GalleryActivity,LIFECYCLER_STOP_ACTIVITY]
11-16 05:26:30.277 2496 2496 I sysui_latency: [1,78]
11-16 05:26:30.279 9266 9266 I wm_on_destroy_called: [106465105,com.android.gallery3d.app.GalleryActivity,performDestroy]
11-16 05:26:30.280 1504 1572 I input_focus: [Focus request recents_animation_input_consumer,reason=UpdateInputWindows]
11-16 05:26:30.292 1504 4899 I wm_task_removed: [410,removeChild:removeChild last r=ActivityRecord{6588751 u0 com.android.gallery3d/.app.GalleryActivity t-1 f}} in t=Task{2fd9aea #410 type=standard A=10064:com.android.gallery3d U=0 visible=false mode=freeform translucent=true sz=0}]
11-16 05:26:30.292 1504 4899 I wm_task_removed: [410,removeChild]
11-16 05:26:30.296 1504 1682 I input_focus: [Focus leaving 2c942b4 com.android.music/com.android.music.VideoBrowserActivity (server),reason=NOT_FOCUSABLE]
11-16 05:26:30.296 1504 1682 I input_focus: [Focus entering recents_animation_input_consumer (server),reason=setFocusedWindow]
11-16 05:26:30.305 1504 1568 I sysui_multi_action: [319,14,322,88,325,7379,757,761,758,9,759,5,806,com.android.launcher3,871,com.android.launcher3.uioverrides.QuickstepLauncher,904,com.android.launcher3,905,0,1320,8,1321,5]
11-16 05:26:30.470 1504 1666 I commit_sys_config_file: [settings-1-0,10]
11-16 05:26:30.597 1504 1598 I sysui_latency: [8,93]
11-16 05:26:32.084 1504 1666 I commit_sys_config_file: [settings-1-0,4]
11-16 05:26:32.506 1504 1682 I input_interaction: Interaction with: e1de84c com.android.launcher3/com.android.launcher3.uioverrides.QuickstepLauncher (server), edge-swipe (server), swipe-up (server), PointerEventDispatcher0 (server),
11-16 05:26:32.610 1504 5055 I wm_task_created: [412,-1]
11-16 05:26:32.616 1504 5055 I wm_task_moved: [412,1,7]
11-16 05:26:32.616 1504 5055 I wm_task_to_front: [0,412]
11-16 05:26:32.616 1504 5055 I wm_create_task: [0,412]
11-16 05:26:32.616 1504 5055 I wm_create_activity: [0,20058711,412,com.android.gallery3d/.app.GalleryActivity,NULL,NULL,NULL,268468224]
11-16 05:26:32.617 1504 5055 I wm_task_moved: [412,1,7]
11-16 05:26:32.617 9430 9430 I wm_on_top_resumed_lost_called: [39456022,com.android.music.VideoBrowserActivity,topStateChangedWhenResumed]
11-16 05:26:32.619 1504 5055 I wm_restart_activity: [0,20058711,412,com.android.gallery3d/.app.GalleryActivity]
11-16 05:26:32.620 1504 5055 I wm_set_resumed_activity: [0,com.android.gallery3d/.app.GalleryActivity,minimalResumeActivityLocked]
11-16 05:26:32.650 9266 9266 I wm_on_create_called: [20058711,com.android.gallery3d.app.GalleryActivity,performCreate]
11-16 05:26:32.651 9266 9266 I wm_on_start_called: [20058711,com.android.gallery3d.app.GalleryActivity,handleStartActivity]
11-16 05:26:32.654 9266 9266 I wm_on_resume_called: [20058711,com.android.gallery3d.app.GalleryActivity,RESUME_ACTIVITY]
11-16 05:26:32.657 9266 9266 I wm_on_top_resumed_gained_called: [20058711,com.android.gallery3d.app.GalleryActivity,topStateChangedWhenResumed]
11-16 05:26:32.673 1504 1572 I input_focus: [Focus request 7d28429 com.android.gallery3d/com.android.gallery3d.app.GalleryActivity,reason=UpdateInputWindows]
11-16 05:26:32.702 1504 1682 I input_focus: [Focus leaving recents_animation_input_consumer (server),reason=Waiting for window because NOT_VISIBLE]
11-16 05:26:32.704 1504 1568 I sysui_multi_action: [319,98,322,97,325,7382,757,761,758,8,759,2,806,com.android.gallery3d,871,com.android.gallery3d.app.GalleryActivity,904,android,905,0,1320,4,1321,1]
11-16 05:26:32.706 1504 1568 I wm_activity_launch_time: [0,20058711,com.android.gallery3d/.app.GalleryActivity,97]
11-16 05:26:32.717 1504 1682 I input_focus: [Focus entering 7d28429 com.android.gallery3d/com.android.gallery3d.app.GalleryActivity (server),reason=Window became focusable. Previous reason: NOT_VISIBLE]
11-16 05:26:33.003 1504 2099 I wm_task_moved: [280,1,7]
11-16 05:26:33.003 1504 2099 I wm_task_moved: [281,1,2147483647]
11-16 05:26:33.003 1504 2099 I wm_task_to_front: [0,281]
11-16 05:26:33.004 1504 2099 I wm_focused_root_task: [0,0,280,412,RecentsAnimation.onAnimationFinished()]
11-16 05:26:33.004 1504 2099 I wm_set_resumed_activity: [0,com.android.launcher3/.uioverrides.QuickstepLauncher,RecentsAnimation.onAnimationFinished()]
11-16 05:26:33.004 9266 9266 I wm_on_top_resumed_lost_called: [20058711,com.android.gallery3d.app.GalleryActivity,topStateChangedWhenResumed]
11-16 05:26:33.005 1504 2099 I wm_pause_activity: [0,39456022,com.android.music/.VideoBrowserActivity,userLeaving=true,pauseBackTasks]
11-16 05:26:33.006 9430 9430 I wm_on_paused_called: [39456022,com.android.music.VideoBrowserActivity,performPause]
11-16 05:26:33.015 1504 2099 I wm_add_to_stopping: [0,39456022,com.android.music/.VideoBrowserActivity,makeInvisible]
11-16 05:26:33.016 1504 2099 I wm_set_resumed_activity: [0,com.android.launcher3/.uioverrides.QuickstepLauncher,resumeTopActivityInnerLocked]
11-16 05:26:33.018 1504 2099 I wm_resume_activity: [0,50203839,281,com.android.launcher3/.uioverrides.QuickstepLauncher]
11-16 05:26:33.037 2496 2496 I wm_on_resume_called: [50203839,com.android.launcher3.uioverrides.QuickstepLauncher,RESUME_ACTIVITY]
11-16 05:26:33.042 1504 1572 I input_focus: [Focus request e1de84c com.android.launcher3/com.android.launcher3.uioverrides.QuickstepLauncher,reason=UpdateInputWindows]
11-16 05:26:33.045 2496 2496 I wm_on_top_resumed_gained_called: [50203839,com.android.launcher3.uioverrides.QuickstepLauncher,topStateChangedWhenResumed]
11-16 05:26:33.047 1504 5055 I wm_stop_activity: [0,39456022,com.android.music/.VideoBrowserActivity]
11-16 05:26:33.052 1504 1682 I input_focus: [Focus leaving 7d28429 com.android.gallery3d/com.android.gallery3d.app.GalleryActivity (server),reason=setFocusedWindow]
11-16 05:26:33.052 1504 1682 I input_focus: [Focus entering e1de84c com.android.launcher3/com.android.launcher3.uioverrides.QuickstepLauncher (server),reason=setFocusedWindow]
11-16 05:26:33.053 9430 9430 I wm_on_stop_called: [39456022,com.android.music.VideoBrowserActivity,STOP_ACTIVITY_ITEM]
11-16 05:26:33.055 1504 1571 I sysui_multi_action: [757,803,799,window_time_0,802,3]
11-16 05:26:33.058 1504 1571 I sysui_multi_action: [757,803,799,window_time_0,802,0]
11-16 05:26:33.513 1504 1682 I input_interaction: Interaction with: e1de84c com.android.launcher3/com.android.launcher3.uioverrides.QuickstepLauncher (server), c74be60 com.android.systemui.ImageWallpaper (server), edge-swipe (server), swipe-up (server), PointerEventDispatcher0 (server),
11-16 05:26:33.561 2496 2496 I view_enqueue_input_event: [Motion - Cancel,com.android.launcher3/com.android.launcher3.uioverrides.QuickstepLauncher]
11-16 05:26:33.562 1504 1682 I input_interaction: Interaction with: edge-swipe (server), swipe-up (server), PointerEventDispatcher0 (server),
11-16 05:26:33.756 1504 1666 I commit_sys_config_file: [settings-1-0,6]
11-16 05:26:34.098 1504 1666 I commit_sys_config_file: [settings-1-0,14]
11-16 05:26:34.202 1504 6131 I wm_finish_activity: [0,20058711,412,com.android.gallery3d/.app.GalleryActivity,app-request]
11-16 05:26:34.208 1504 6131 I wm_pause_activity: [0,20058711,com.android.gallery3d/.app.GalleryActivity,userLeaving=false,finish]
11-16 05:26:34.221 9266 9266 I wm_on_paused_called: [20058711,com.android.gallery3d.app.GalleryActivity,performPause]
11-16 05:26:34.227 1504 4314 I wm_destroy_activity: [0,20058711,412,com.android.gallery3d/.app.GalleryActivity,finish-imm:completePausedLocked]
11-16 05:26:34.248 1504 1571 I sysui_multi_action: [757,803,799,window_time_0,802,1]
11-16 05:26:34.256 9266 9266 I wm_on_stop_called: [20058711,com.android.gallery3d.app.GalleryActivity,LIFECYCLER_STOP_ACTIVITY]
11-16 05:26:34.259 9266 9266 I wm_on_destroy_called: [20058711,com.android.gallery3d.app.GalleryActivity,performDestroy]
11-16 05:26:34.368 1504 1682 I input_interaction: Interaction with: e1de84c com.android.launcher3/com.android.launcher3.uioverrides.QuickstepLauncher (server), c74be60 com.android.systemui.ImageWallpaper (server), edge-swipe (server), swipe-up (server), PointerEventDispatcher0 (server),
11-16 05:26:34.520 1504 1572 I wm_task_removed: [412,removeChild:removeChild last r=ActivityRecord{1321257 u0 com.android.gallery3d/.app.GalleryActivity t-1 f}} in t=Task{aa8c398 #412 type=standard A=10064:com.android.gallery3d U=0 visible=false mode=freeform translucent=true sz=0}]
11-16 05:26:34.520 1504 1572 I wm_task_removed: [412,removeChild]
11-16 05:26:34.938 1504 5055 I wm_finish_activity: [0,39456022,411,com.android.music/.VideoBrowserActivity,recent-task-trimmed]
11-16 05:26:34.942 1504 5055 I wm_destroy_activity: [0,39456022,411,com.android.music/.VideoBrowserActivity,finish-imm:finishIfPossible]
11-16 05:26:34.946 9430 9430 I wm_on_destroy_called: [39456022,com.android.music.VideoBrowserActivity,performDestroy]
11-16 05:26:34.953 1504 4899 I wm_task_removed: [411,removeChild:removeChild last r=ActivityRecord{25a0d16 u0 com.android.music/.VideoBrowserActivity t-1 f}} in t=Task{c418c1c #411 type=standard A=10086:android.task.video U=0 visible=false mode=fullscreen translucent=true sz=0}]
11-16 05:26:34.953 1504 4899 I wm_task_removed: [411,removeChild]
11-16 05:26:34.959 1504 1571 I am_kill : [0,9430,com.android.music,905,remove task]
11-16 05:26:34.960 1504 1571 I sysui_multi_action: [757,803,799,window_time_0,802,1]
11-16 05:26:34.996 1504 6131 I am_proc_died: [0,9430,com.android.music,905,19]
11-16 05:26:34.997 1504 6131 I am_uid_stopped: 10086
11-16 05:26:35.003 1504 1571 I am_uid_running: 10086
11-16 05:26:35.019 1504 1603 I am_proc_start: [0,9490,10086,com.android.music,NULL,]
11-16 05:26:35.055 1504 4276 I am_proc_bound: [0,9490,com.android.music]
11-16 05:26:36.813 1504 6131 I wm_task_created: [413,-1]
11-16 05:26:36.819 1504 6131 I wm_task_moved: [413,1,6]
11-16 05:26:36.819 1504 6131 I wm_task_to_front: [0,413]
11-16 05:26:36.820 1504 6131 I wm_create_task: [0,413]
11-16 05:26:36.820 1504 6131 I wm_create_activity: [0,55628979,413,com.android.gallery3d/.app.GalleryActivity,NULL,NULL,NULL,268468224]
11-16 05:26:36.820 1504 6131 I wm_task_moved: [413,1,6]
11-16 05:26:36.823 1504 6131 I wm_restart_activity: [0,55628979,413,com.android.gallery3d/.app.GalleryActivity]
11-16 05:26:36.825 1504 6131 I wm_set_resumed_activity: [0,com.android.gallery3d/.app.GalleryActivity,minimalResumeActivityLocked]
11-16 05:26:36.837 2496 2496 I wm_on_top_resumed_lost_called: [50203839,com.android.launcher3.uioverrides.QuickstepLauncher,topStateChangedWhenResumed]
11-16 05:26:36.856 9266 9266 I wm_on_create_called: [55628979,com.android.gallery3d.app.GalleryActivity,performCreate]
11-16 05:26:36.857 9266 9266 I wm_on_start_called: [55628979,com.android.gallery3d.app.GalleryActivity,handleStartActivity]
11-16 05:26:36.860 9266 9266 I wm_on_resume_called: [55628979,com.android.gallery3d.app.GalleryActivity,RESUME_ACTIVITY]
11-16 05:26:36.863 9266 9266 I wm_on_top_resumed_gained_called: [55628979,com.android.gallery3d.app.GalleryActivity,topStateChangedWhenResumed]
11-16 05:26:36.881 1504 1572 I input_focus: [Focus request 6dad3a5 com.android.gallery3d/com.android.gallery3d.app.GalleryActivity,reason=UpdateInputWindows]
11-16 05:26:36.911 1504 1682 I input_focus: [Focus leaving e1de84c com.android.launcher3/com.android.launcher3.uioverrides.QuickstepLauncher (server),reason=Waiting for window because NOT_VISIBLE]
11-16 05:26:36.917 1504 1568 I sysui_multi_action: [319,108,322,107,325,7386,757,761,758,8,759,2,806,com.android.gallery3d,871,com.android.gallery3d.app.GalleryActivity,904,com.android.launcher3,905,0,1320,4,1321,1]
11-16 05:26:36.917 1504 1568 I wm_activity_launch_time: [0,55628979,com.android.gallery3d/.app.GalleryActivity,107]
11-16 05:26:36.928 1504 1682 I input_focus: [Focus entering 6dad3a5 com.android.gallery3d/com.android.gallery3d.app.GalleryActivity (server),reason=Window became focusable. Previous reason: NOT_VISIBLE]
11-16 05:26:37.781 1504 6131 I wm_task_created: [414,-1]
11-16 05:26:37.784 1504 6131 I wm_task_moved: [414,1,7]
11-16 05:26:37.785 1504 6131 I wm_task_to_front: [0,414]
11-16 05:26:37.785 1504 6131 I wm_create_task: [0,414]
11-16 05:26:37.785 1504 6131 I wm_create_activity: [0,190844109,414,com.android.music/.MusicBrowserActivity,android.intent.action.MAIN,NULL,NULL,270532608]
11-16 05:26:37.785 1504 6131 I wm_task_moved: [414,1,7]
11-16 05:26:37.788 1504 6131 I wm_pause_activity: [0,50203839,com.android.launcher3/.uioverrides.QuickstepLauncher,userLeaving=true,pauseBackTasks]
11-16 05:26:37.796 9266 9266 I wm_on_top_resumed_lost_called: [55628979,com.android.gallery3d.app.GalleryActivity,topStateChangedWhenResumed]
11-16 05:26:37.797 2496 2496 I wm_on_paused_called: [50203839,com.android.launcher3.uioverrides.QuickstepLauncher,performPause]
11-16 05:26:37.808 1504 5498 I wm_add_to_stopping: [0,50203839,com.android.launcher3/.uioverrides.QuickstepLauncher,makeInvisible]
11-16 05:26:37.809 1504 5498 I wm_restart_activity: [0,190844109,414,com.android.music/.MusicBrowserActivity]
11-16 05:26:37.811 1504 5498 I wm_set_resumed_activity: [0,com.android.music/.MusicBrowserActivity,minimalResumeActivityLocked]
11-16 05:26:37.815 1504 1571 I am_uid_active: 10086
11-16 05:26:37.833 1504 1571 I sysui_multi_action: [757,803,799,window_time_0,802,3]
11-16 05:26:37.875 9490 9490 I wm_on_create_called: [190844109,com.android.music.MusicBrowserActivity,performCreate]
11-16 05:26:37.879 2742 6132 I force_gc: Binder
11-16 05:26:37.888 9490 9490 I wm_on_start_called: [190844109,com.android.music.MusicBrowserActivity,handleStartActivity]
11-16 05:26:37.888 9490 9490 I wm_on_resume_called: [190844109,com.android.music.MusicBrowserActivity,RESUME_ACTIVITY]
11-16 05:26:37.892 9490 9490 I wm_on_top_resumed_gained_called: [190844109,com.android.music.MusicBrowserActivity,topStateChangedWhenResumed]
11-16 05:26:37.919 1504 5212 I sysui_multi_action: [757,856,758,1,806,com.android.music,857,Channel-music,858,2]
11-16 05:26:37.929 1504 1504 I notification_enqueue: [10086,9490,com.android.music,1,NULL,0,Notification(channel=Channel-music shortcut=null contentView=null vibrate=null sound=null defaults=0x0 flags=0x0 color=0x00000000 category=transport actions=3 vis=PRIVATE),0]
11-16 05:26:37.931 1504 1504 I notification_enqueue: [10086,9490,com.android.music,1,NULL,0,Notification(channel=Channel-music shortcut=null contentView=null vibrate=null sound=null defaults=0x0 flags=0x40 color=0x00000000 category=transport actions=3 vis=PRIVATE),0]
11-16 05:26:37.934 1504 1504 I notification_enqueue: [10086,9490,com.android.music,1,NULL,0,Notification(channel=Channel-music shortcut=null contentView=null vibrate=null sound=null defaults=0x0 flags=0x40 color=0x00000000 category=transport actions=3 vis=PRIVATE),0]
11-16 05:26:37.935 1504 1504 I notification_enqueue: [10086,9490,com.android.music,1,NULL,0,Notification(channel=Channel-music shortcut=null contentView=null vibrate=null sound=null defaults=0x0 flags=0x40 color=0x00000000 category=transport actions=3 vis=PRIVATE),0]
11-16 05:26:37.944 1504 1504 I notification_enqueue: [10086,9490,com.android.music,1,NULL,0,Notification(channel=Channel-music shortcut=null contentView=null vibrate=null sound=null defaults=0x0 flags=0x40 color=0x00000000 category=transport actions=3 vis=PRIVATE),0]
11-16 05:26:37.945 1504 1504 I notification_enqueue: [10086,9490,com.android.music,1,NULL,0,Notification(channel=Channel-music shortcut=null contentView=null vibrate=null sound=null defaults=0x0 flags=0x40 color=0x00000000 category=transport actions=3 vis=PRIVATE),0]
11-16 05:26:37.950 1504 1572 I input_focus: [Focus request d2d465c com.android.music/com.android.music.MusicBrowserActivity,reason=UpdateInputWindows]
11-16 05:26:37.975 1504 1504 I sysui_multi_action: [757,128,758,5,759,8,793,46,794,0,795,46,796,1,806,com.android.music,857,Channel-music,858,2,947,0,1500,46,1641,transport,1688,1,1745,1043716538]
11-16 05:26:37.976 1504 1504 I notification_canceled: [0|com.android.music|1|null|10086,8,46,46,0,-1,-1,NULL]
11-16 05:26:37.980 1504 1682 I input_focus: [Focus leaving 6dad3a5 com.android.gallery3d/com.android.gallery3d.app.GalleryActivity (server),reason=setFocusedWindow]
11-16 05:26:37.980 1504 1682 I input_focus: [Focus entering d2d465c com.android.music/com.android.music.MusicBrowserActivity (server),reason=setFocusedWindow]
11-16 05:26:37.984 1504 1568 I sysui_multi_action: [319,75,321,71,322,199,325,7387,757,761,758,8,759,1,806,com.android.music,871,com.android.music.MusicBrowserActivity,904,com.android.launcher3,905,0,1320,4,1321,5]
11-16 05:26:37.987 1504 1568 I wm_activity_launch_time: [0,190844109,com.android.music/.MusicBrowserActivity,199]
11-16 05:26:38.175 1504 1570 I commit_sys_config_file: [notification-policy,7377634]
11-16 05:26:38.414 1504 1571 I wm_stop_activity: [0,50203839,com.android.launcher3/.uioverrides.QuickstepLauncher]
11-16 05:26:38.465 2496 2496 I wm_on_stop_called: [50203839,com.android.launcher3.uioverrides.QuickstepLauncher,STOP_ACTIVITY_ITEM]
11-16 05:26:39.062 1504 1682 I input_interaction: Interaction with: d2d465c com.android.music/com.android.music.MusicBrowserActivity (server), edge-swipe (server), swipe-up (server), PointerEventDispatcher0 (server),
11-16 05:26:39.073 1504 1534 I wm_task_moved: [280,0,0]
11-16 05:26:39.074 1504 1534 I wm_task_moved: [280,0,6]
11-16 05:26:39.100 2496 2496 I wm_on_restart_called: [50203839,com.android.launcher3.uioverrides.QuickstepLauncher,performRestartActivity]
11-16 05:26:39.102 1504 1534 I wm_finish_activity: [0,55628979,413,com.android.gallery3d/.app.GalleryActivity,app-request]
11-16 05:26:39.116 1504 1534 I wm_pause_activity: [0,55628979,com.android.gallery3d/.app.GalleryActivity,userLeaving=false,finish]
11-16 05:26:39.124 9266 9266 I wm_on_paused_called: [55628979,com.android.gallery3d.app.GalleryActivity,performPause]
11-16 05:26:39.126 1504 5212 I wm_destroy_activity: [0,55628979,413,com.android.gallery3d/.app.GalleryActivity,finish-imm:completePausedLocked]
11-16 05:26:39.132 2496 2496 I wm_on_start_called: [50203839,com.android.launcher3.uioverrides.QuickstepLauncher,handleStartActivity]
11-16 05:26:39.135 1504 1571 I sysui_multi_action: [757,803,799,window_time_0,802,1]
11-16 05:26:39.145 9266 9266 I wm_on_stop_called: [55628979,com.android.gallery3d.app.GalleryActivity,LIFECYCLER_STOP_ACTIVITY]
11-16 05:26:39.150 9266 9266 I wm_on_destroy_called: [55628979,com.android.gallery3d.app.GalleryActivity,performDestroy]
11-16 05:26:39.162 1504 6131 I wm_task_removed: [413,removeChild:removeChild last r=ActivityRecord{350d4b3 u0 com.android.gallery3d/.app.GalleryActivity t-1 f}} in t=Task{df6e222 #413 type=standard A=10064:com.android.gallery3d U=0 visible=false mode=freeform translucent=true sz=0}]
11-16 05:26:39.162 1504 6131 I wm_task_removed: [413,removeChild]
11-16 05:26:39.165 1504 1568 I sysui_multi_action: [319,22,322,79,325,7388,757,761,758,9,759,5,806,com.android.launcher3,871,com.android.launcher3.uioverrides.QuickstepLauncher,904,com.android.launcher3,905,0,1320,8,1321,5]
11-16 05:26:39.295 9490 9490 I view_enqueue_input_event: [Motion - Cancel,com.android.music/com.android.music.MusicBrowserActivity]
11-16 05:26:39.295 2496 2496 I sysui_latency: [1,84]
11-16 05:26:39.301 1504 1572 I input_focus: [Focus request recents_animation_input_consumer,reason=UpdateInputWindows]
11-16 05:26:39.306 1504 1682 I input_interaction: Interaction with: edge-swipe (server), swipe-up (server), PointerEventDispatcher0 (server),
11-16 05:26:39.332 1504 1682 I input_focus: [Focus leaving d2d465c com.android.music/com.android.music.MusicBrowserActivity (server),reason=NOT_FOCUSABLE]
11-16 05:26:39.333 1504 1682 I input_focus: [Focus entering recents_animation_input_consumer (server),reason=setFocusedWindow]
11-16 05:26:39.337 1504 1666 I commit_sys_config_file: [settings-1-0,4]
11-16 05:26:39.455 1504 1598 I sysui_latency: [8,85]
11-16 05:26:39.798 1504 1504 I service_manager_stats: [100,80,32542]
11-16 05:26:40.814 1504 1666 I commit_sys_config_file: [settings-1-0,11]
11-16 05:26:43.170 1504 1682 I input_interaction: Interaction with: e1de84c com.android.launcher3/com.android.launcher3.uioverrides.QuickstepLauncher (server), edge-swipe (server), swipe-up (server), PointerEventDispatcher0 (server),
11-16 05:26:43.264 1504 5498 I wm_task_created: [415,-1]
11-16 05:26:43.269 1504 5498 I wm_task_moved: [415,1,7]
11-16 05:26:43.269 1504 5498 I wm_task_to_front: [0,415]
11-16 05:26:43.270 1504 5498 I wm_create_task: [0,415]
11-16 05:26:43.270 1504 5498 I wm_create_activity: [0,213078745,415,com.android.gallery3d/.app.GalleryActivity,NULL,NULL,NULL,268468224]
11-16 05:26:43.270 1504 5498 I wm_task_moved: [415,1,7]
11-16 05:26:43.270 9490 9490 I wm_on_top_resumed_lost_called: [190844109,com.android.music.MusicBrowserActivity,topStateChangedWhenResumed]
11-16 05:26:43.272 1504 5498 I wm_restart_activity: [0,213078745,415,com.android.gallery3d/.app.GalleryActivity]
11-16 05:26:43.273 1504 5498 I wm_set_resumed_activity: [0,com.android.gallery3d/.app.GalleryActivity,minimalResumeActivityLocked]
11-16 05:26:43.310 9266 9266 I wm_on_create_called: [213078745,com.android.gallery3d.app.GalleryActivity,performCreate]
11-16 05:26:43.311 9266 9266 I wm_on_start_called: [213078745,com.android.gallery3d.app.GalleryActivity,handleStartActivity]
11-16 05:26:43.314 9266 9266 I wm_on_resume_called: [213078745,com.android.gallery3d.app.GalleryActivity,RESUME_ACTIVITY]
11-16 05:26:43.316 9266 9266 I wm_on_top_resumed_gained_called: [213078745,com.android.gallery3d.app.GalleryActivity,topStateChangedWhenResumed]
11-16 05:26:43.331 1504 1572 I input_focus: [Focus request b2e709b com.android.gallery3d/com.android.gallery3d.app.GalleryActivity,reason=UpdateInputWindows]
11-16 05:26:43.344 1504 1682 I input_focus: [Focus leaving recents_animation_input_consumer (server),reason=Waiting for window because NOT_VISIBLE]
11-16 05:26:43.367 1504 1568 I sysui_multi_action: [319,101,322,100,325,7392,757,761,758,8,759,2,806,com.android.gallery3d,871,com.android.gallery3d.app.GalleryActivity,904,android,905,0,1320,4,1321,1]
11-16 05:26:43.369 1504 1568 I wm_activity_launch_time: [0,213078745,com.android.gallery3d/.app.GalleryActivity,100]
11-16 05:26:43.376 1504 1682 I input_focus: [Focus entering b2e709b com.android.gallery3d/com.android.gallery3d.app.GalleryActivity (server),reason=Window became focusable. Previous reason: NOT_VISIBLE]
11-16 05:26:43.672 1504 5212 I wm_task_moved: [280,1,7]
11-16 05:26:43.673 1504 5212 I wm_task_moved: [281,1,2147483647]
11-16 05:26:43.674 1504 5212 I wm_task_to_front: [0,281]
11-16 05:26:43.674 1504 5212 I wm_focused_root_task: [0,0,280,415,RecentsAnimation.onAnimationFinished()]
11-16 05:26:43.674 1504 5212 I wm_set_resumed_activity: [0,com.android.launcher3/.uioverrides.QuickstepLauncher,RecentsAnimation.onAnimationFinished()]
11-16 05:26:43.676 1504 5212 I wm_pause_activity: [0,190844109,com.android.music/.MusicBrowserActivity,userLeaving=true,pauseBackTasks]
11-16 05:26:43.678 1504 5212 I wm_add_to_stopping: [0,190844109,com.android.music/.MusicBrowserActivity,makeInvisible]
11-16 05:26:43.678 1504 5212 I wm_set_resumed_activity: [0,com.android.launcher3/.uioverrides.QuickstepLauncher,resumeTopActivityInnerLocked]
11-16 05:26:43.684 9266 9266 I wm_on_top_resumed_lost_called: [213078745,com.android.gallery3d.app.GalleryActivity,topStateChangedWhenResumed]
11-16 05:26:43.685 9490 9490 I wm_on_paused_called: [190844109,com.android.music.MusicBrowserActivity,performPause]
11-16 05:26:43.686 1504 5212 I wm_resume_activity: [0,50203839,281,com.android.launcher3/.uioverrides.QuickstepLauncher]
11-16 05:26:43.708 2496 2496 I wm_on_resume_called: [50203839,com.android.launcher3.uioverrides.QuickstepLauncher,RESUME_ACTIVITY]
11-16 05:26:43.712 1504 1572 I input_focus: [Focus request e1de84c com.android.launcher3/com.android.launcher3.uioverrides.QuickstepLauncher,reason=UpdateInputWindows]
11-16 05:26:43.715 2496 2496 I wm_on_top_resumed_gained_called: [50203839,com.android.launcher3.uioverrides.QuickstepLauncher,topStateChangedWhenResumed]
11-16 05:26:43.723 1504 1571 I wm_stop_activity: [0,190844109,com.android.music/.MusicBrowserActivity]
11-16 05:26:43.730 1504 1682 I input_focus: [Focus leaving b2e709b com.android.gallery3d/com.android.gallery3d.app.GalleryActivity (server),reason=setFocusedWindow]
11-16 05:26:43.730 1504 1682 I input_focus: [Focus entering e1de84c com.android.launcher3/com.android.launcher3.uioverrides.QuickstepLauncher (server),reason=setFocusedWindow]
11-16 05:26:43.733 1504 1571 I sysui_multi_action: [757,803,799,window_time_0,802,5]
11-16 05:26:43.738 9490 9490 I wm_on_stop_called: [190844109,com.android.music.MusicBrowserActivity,STOP_ACTIVITY_ITEM]
11-16 05:26:43.739 1504 1571 I sysui_multi_action: [757,803,799,window_time_0,802,0]
11-16 05:26:51.539 1504 1682 I input_interaction: Interaction with: b2e709b com.android.gallery3d/com.android.gallery3d.app.GalleryActivity (server), edge-swipe (server), swipe-up (server), PointerEventDispatcher0 (server),
11-16 05:26:51.542 1504 1571 I wm_task_moved: [415,1,7]
11-16 05:26:51.542 1504 1571 I wm_task_to_front: [0,415]
11-16 05:26:51.548 1504 1571 I wm_set_resumed_activity: [0,com.android.gallery3d/.app.GalleryActivity,positionChildAt]
11-16 05:26:51.549 1504 1571 I wm_focused_root_task: [0,0,415,280,setFocusedTask]
11-16 05:26:51.549 1504 1571 I wm_set_resumed_activity: [0,com.android.gallery3d/.app.GalleryActivity,setFocusedTask]
11-16 05:26:51.552 1504 1572 I input_focus: [Focus request b2e709b com.android.gallery3d/com.android.gallery3d.app.GalleryActivity,reason=UpdateInputWindows]
11-16 05:26:51.553 2496 2496 I wm_on_top_resumed_lost_called: [50203839,com.android.launcher3.uioverrides.QuickstepLauncher,topStateChangedWhenResumed]
11-16 05:26:51.557 9266 9266 I wm_on_top_resumed_gained_called: [213078745,com.android.gallery3d.app.GalleryActivity,topStateChangedWhenResumed]
11-16 05:26:51.582 1504 1682 I input_focus: [Focus leaving e1de84c com.android.launcher3/com.android.launcher3.uioverrides.QuickstepLauncher (server),reason=setFocusedWindow]
11-16 05:26:51.583 1504 1682 I input_focus: [Focus entering b2e709b com.android.gallery3d/com.android.gallery3d.app.GalleryActivity (server),reason=setFocusedWindow]
11-16 05:26:51.660 1504 6131 I wm_finish_activity: [0,213078745,415,com.android.gallery3d/.app.GalleryActivity,finish-activity]
11-16 05:26:51.660 1504 6131 I wm_task_moved: [280,1,7]
11-16 05:26:51.663 1504 6131 I wm_set_resumed_activity: [0,com.android.launcher3/.uioverrides.QuickstepLauncher,positionChildAt]
11-16 05:26:51.663 1504 6131 I wm_task_moved: [281,1,2147483647]
11-16 05:26:51.663 1504 6131 I wm_task_to_front: [0,281]
11-16 05:26:51.663 1504 6131 I wm_focused_root_task: [0,0,280,-1,finish-top adjustFocusToNextFocusableTask]
11-16 05:26:51.663 1504 6131 I wm_set_resumed_activity: [0,com.android.launcher3/.uioverrides.QuickstepLauncher,finish-top]
11-16 05:26:51.672 1504 6131 I wm_pause_activity: [0,213078745,com.android.gallery3d/.app.GalleryActivity,userLeaving=false,finish]
11-16 05:26:51.680 9266 9266 I wm_on_top_resumed_lost_called: [213078745,com.android.gallery3d.app.GalleryActivity,topStateChangedWhenResumed]
11-16 05:26:51.682 1504 1572 I input_focus: [Focus request e1de84c com.android.launcher3/com.android.launcher3.uioverrides.QuickstepLauncher,reason=UpdateInputWindows]
11-16 05:26:51.684 2496 2496 I wm_on_top_resumed_gained_called: [50203839,com.android.launcher3.uioverrides.QuickstepLauncher,topStateChangedWhenResumed]
11-16 05:26:51.689 1504 1571 I sysui_multi_action: [757,803,799,window_time_0,802,8]
11-16 05:26:51.703 1504 1682 I input_focus: [Focus leaving b2e709b com.android.gallery3d/com.android.gallery3d.app.GalleryActivity (server),reason=NO_WINDOW]
11-16 05:26:51.705 1504 1682 I input_focus: [Focus entering e1de84c com.android.launcher3/com.android.launcher3.uioverrides.QuickstepLauncher (server),reason=setFocusedWindow]
11-16 05:26:51.723 9266 9266 I wm_on_paused_called: [213078745,com.android.gallery3d.app.GalleryActivity,performPause]
11-16 05:26:51.726 1504 4276 I wm_destroy_activity: [0,213078745,415,com.android.gallery3d/.app.GalleryActivity,finish-imm:completePausedLocked]
11-16 05:26:51.742 1504 1571 I sysui_multi_action: [757,803,799,window_time_0,802,0]
11-16 05:26:51.757 9266 9266 I wm_on_stop_called: [213078745,com.android.gallery3d.app.GalleryActivity,LIFECYCLER_STOP_ACTIVITY]
11-16 05:26:51.760 9266 9266 I wm_on_destroy_called: [213078745,com.android.gallery3d.app.GalleryActivity,performDestroy]
11-16 05:26:52.028 1504 1572 I wm_task_removed: [415,removeChild:removeChild last r=ActivityRecord{cb352d9 u0 com.android.gallery3d/.app.GalleryActivity t-1 f}} in t=Task{ee7c5b4 #415 type=standard A=10064:com.android.gallery3d U=0 visible=false mode=freeform translucent=true sz=0}]
11-16 05:26:52.028 1504 1572 I wm_task_removed: [415,removeChild]
11-16 05:26:53.508 1504 1682 I input_interaction: Interaction with: e1de84c com.android.launcher3/com.android.launcher3.uioverrides.QuickstepLauncher (server), c74be60 com.android.systemui.ImageWallpaper (server), edge-swipe (server), swipe-up (server), PointerEventDispatcher0 (server),
11-16 05:26:54.946 1504 4276 I wm_task_created: [416,-1]
11-16 05:26:54.952 1504 4276 I wm_task_moved: [416,1,7]
11-16 05:26:54.952 1504 4276 I wm_task_to_front: [0,416]
11-16 05:26:54.953 1504 4276 I wm_create_task: [0,416]
11-16 05:26:54.953 1504 4276 I wm_create_activity: [0,191565141,416,com.android.gallery3d/.app.GalleryActivity,NULL,NULL,NULL,268468224]
11-16 05:26:54.953 1504 4276 I wm_task_moved: [416,1,7]
11-16 05:26:54.960 1504 4276 I wm_restart_activity: [0,191565141,416,com.android.gallery3d/.app.GalleryActivity]
11-16 05:26:54.962 1504 4276 I wm_set_resumed_activity: [0,com.android.gallery3d/.app.GalleryActivity,minimalResumeActivityLocked]
11-16 05:26:54.971 2496 2496 I wm_on_top_resumed_lost_called: [50203839,com.android.launcher3.uioverrides.QuickstepLauncher,topStateChangedWhenResumed]
11-16 05:26:55.002 9266 9266 I wm_on_create_called: [191565141,com.android.gallery3d.app.GalleryActivity,performCreate]
11-16 05:26:55.004 9266 9266 I wm_on_start_called: [191565141,com.android.gallery3d.app.GalleryActivity,handleStartActivity]
11-16 05:26:55.006 9266 9266 I wm_on_resume_called: [191565141,com.android.gallery3d.app.GalleryActivity,RESUME_ACTIVITY]
11-16 05:26:55.009 9266 9266 I wm_on_top_resumed_gained_called: [191565141,com.android.gallery3d.app.GalleryActivity,topStateChangedWhenResumed]
11-16 05:26:55.027 1504 1572 I input_focus: [Focus request 2d2f737 com.android.gallery3d/com.android.gallery3d.app.GalleryActivity,reason=UpdateInputWindows]
11-16 05:26:55.055 1504 1682 I input_focus: [Focus leaving e1de84c com.android.launcher3/com.android.launcher3.uioverrides.QuickstepLauncher (server),reason=Waiting for window because NOT_VISIBLE]
11-16 05:26:55.067 1504 1568 I sysui_multi_action: [319,119,322,118,325,7404,757,761,758,8,759,2,806,com.android.gallery3d,871,com.android.gallery3d.app.GalleryActivity,904,com.android.launcher3,905,0,1320,4,1321,1]
11-16 05:26:55.069 1504 1568 I wm_activity_launch_time: [0,191565141,com.android.gallery3d/.app.GalleryActivity,118]
11-16 05:26:55.071 1504 1682 I input_focus: [Focus entering 2d2f737 com.android.gallery3d/com.android.gallery3d.app.GalleryActivity (server),reason=Window became focusable. Previous reason: NOT_VISIBLE]
11-16 05:26:55.155 1504 1598 I am_pss : [9490,10086,com.android.music,22787072,16474112,0,140886016,0,4,7]
11-16 05:26:55.857 1504 4276 I wm_task_created: [417,-1]
11-16 05:26:55.863 1504 4276 I wm_task_moved: [417,1,8]
11-16 05:26:55.863 1504 4276 I wm_task_to_front: [0,417]
11-16 05:26:55.864 1504 4276 I wm_create_task: [0,417]
11-16 05:26:55.864 1504 4276 I wm_create_activity: [0,56857790,417,com.android.music/.VideoBrowserActivity,android.intent.action.MAIN,NULL,NULL,270532608]
11-16 05:26:55.864 1504 4276 I wm_task_moved: [417,1,8]
11-16 05:26:55.864 9266 9266 I wm_on_top_resumed_lost_called: [191565141,com.android.gallery3d.app.GalleryActivity,topStateChangedWhenResumed]
11-16 05:26:55.868 1504 4276 I wm_pause_activity: [0,50203839,com.android.launcher3/.uioverrides.QuickstepLauncher,userLeaving=true,pauseBackTasks]
11-16 05:26:55.887 2496 2496 I wm_on_paused_called: [50203839,com.android.launcher3.uioverrides.QuickstepLauncher,performPause]
11-16 05:26:55.891 1504 5498 I wm_add_to_stopping: [0,50203839,com.android.launcher3/.uioverrides.QuickstepLauncher,makeInvisible]
11-16 05:26:55.892 1504 5498 I wm_restart_activity: [0,56857790,417,com.android.music/.VideoBrowserActivity]
11-16 05:26:55.894 1504 5498 I wm_set_resumed_activity: [0,com.android.music/.VideoBrowserActivity,minimalResumeActivityLocked]
11-16 05:26:55.906 1504 1571 I sysui_multi_action: [757,803,799,window_time_0,802,4]
11-16 05:26:55.938 9490 9490 I wm_on_create_called: [56857790,com.android.music.VideoBrowserActivity,performCreate]
11-16 05:26:55.939 9490 9490 I wm_on_start_called: [56857790,com.android.music.VideoBrowserActivity,handleStartActivity]
11-16 05:26:55.939 9490 9490 I wm_on_resume_called: [56857790,com.android.music.VideoBrowserActivity,RESUME_ACTIVITY]
11-16 05:26:55.942 9490 9490 I wm_on_top_resumed_gained_called: [56857790,com.android.music.VideoBrowserActivity,topStateChangedWhenResumed]
11-16 05:26:55.949 1504 1572 I input_focus: [Focus request 51c1aed com.android.music/com.android.music.VideoBrowserActivity,reason=UpdateInputWindows]
11-16 05:26:55.964 1504 1568 I sysui_multi_action: [319,72,321,69,322,113,325,7405,757,761,758,8,759,1,806,com.android.music,871,com.android.music.VideoBrowserActivity,904,com.android.launcher3,905,0,1320,4,1321,5]
11-16 05:26:55.965 1504 1568 I wm_activity_launch_time: [0,56857790,com.android.music/.VideoBrowserActivity,113]
11-16 05:26:55.976 1504 1682 I input_focus: [Focus leaving 2d2f737 com.android.gallery3d/com.android.gallery3d.app.GalleryActivity (server),reason=setFocusedWindow]
11-16 05:26:55.976 1504 1682 I input_focus: [Focus entering 51c1aed com.android.music/com.android.music.VideoBrowserActivity (server),reason=setFocusedWindow]
11-16 05:26:56.470 1504 1571 I wm_stop_activity: [0,50203839,com.android.launcher3/.uioverrides.QuickstepLauncher]
11-16 05:26:56.514 2496 2496 I wm_on_stop_called: [50203839,com.android.launcher3.uioverrides.QuickstepLauncher,STOP_ACTIVITY_ITEM]
11-16 05:26:56.986 1504 1682 I input_interaction: Interaction with: 51c1aed com.android.music/com.android.music.VideoBrowserActivity (server), edge-swipe (server), swipe-up (server), PointerEventDispatcher0 (server),
11-16 05:26:57.008 1504 5498 I wm_task_moved: [280,0,0]
11-16 05:26:57.009 1504 5498 I wm_task_moved: [280,0,7]
11-16 05:26:57.019 2496 2496 I wm_on_restart_called: [50203839,com.android.launcher3.uioverrides.QuickstepLauncher,performRestartActivity]
11-16 05:26:57.023 1504 1534 I wm_finish_activity: [0,191565141,416,com.android.gallery3d/.app.GalleryActivity,app-request]
11-16 05:26:57.028 1504 1534 I wm_pause_activity: [0,191565141,com.android.gallery3d/.app.GalleryActivity,userLeaving=false,finish]
11-16 05:26:57.045 9266 9266 I wm_on_paused_called: [191565141,com.android.gallery3d.app.GalleryActivity,performPause]
11-16 05:26:57.046 1504 1534 I wm_destroy_activity: [0,191565141,416,com.android.gallery3d/.app.GalleryActivity,finish-imm:completePausedLocked]
11-16 05:26:57.055 1504 1571 I sysui_multi_action: [757,803,799,window_time_0,802,1]
11-16 05:26:57.058 9266 9266 I wm_on_stop_called: [191565141,com.android.gallery3d.app.GalleryActivity,LIFECYCLER_STOP_ACTIVITY]
11-16 05:26:57.066 2496 2496 I wm_on_start_called: [50203839,com.android.launcher3.uioverrides.QuickstepLauncher,handleStartActivity]
11-16 05:26:57.070 9266 9266 I wm_on_destroy_called: [191565141,com.android.gallery3d.app.GalleryActivity,performDestroy]
11-16 05:26:57.088 1504 5498 I wm_task_removed: [416,removeChild:removeChild last r=ActivityRecord{b6b0d55 u0 com.android.gallery3d/.app.GalleryActivity t-1 f}} in t=Task{b5df00c #416 type=standard A=10064:com.android.gallery3d U=0 visible=false mode=freeform translucent=true sz=0}]
11-16 05:26:57.088 1504 5498 I wm_task_removed: [416,removeChild]
11-16 05:26:57.089 1504 1568 I sysui_multi_action: [319,12,322,75,325,7406,757,761,758,9,759,5,806,com.android.launcher3,871,com.android.launcher3.uioverrides.QuickstepLauncher,904,com.android.launcher3,905,0,1320,8,1321,5]
11-16 05:26:57.134 2496 2496 I sysui_latency: [1,87]
11-16 05:26:57.134 9490 9490 I view_enqueue_input_event: [Motion - Cancel,com.android.music/com.android.music.VideoBrowserActivity]
11-16 05:26:57.139 1504 1572 I input_focus: [Focus request recents_animation_input_consumer,reason=UpdateInputWindows]
11-16 05:26:57.152 1504 1682 I input_interaction: Interaction with: edge-swipe (server), swipe-up (server), PointerEventDispatcher0 (server),
11-16 05:26:57.160 1504 1682 I input_focus: [Focus leaving 51c1aed com.android.music/com.android.music.VideoBrowserActivity (server),reason=NOT_FOCUSABLE]
11-16 05:26:57.165 1504 1682 I input_focus: [Focus entering recents_animation_input_consumer (server),reason=setFocusedWindow]
11-16 05:26:57.273 1504 1666 I commit_sys_config_file: [settings-1-0,7]
11-16 05:26:57.385 1504 1598 I sysui_latency: [8,89]
11-16 05:26:58.518 1504 1666 I commit_sys_config_file: [settings-1-0,13]
11-16 05:27:00.366 1504 1682 I input_interaction: Interaction with: e1de84c com.android.launcher3/com.android.launcher3.uioverrides.QuickstepLauncher (server), edge-swipe (server), swipe-up (server), PointerEventDispatcher0 (server),
11-16 05:27:00.821 1504 6110 I wm_task_moved: [280,1,7]
11-16 05:27:00.824 1504 6110 I wm_focused_root_task: [0,0,280,417,RecentsAnimation.onAnimationFinished()]
11-16 05:27:00.824 9490 9490 I wm_on_top_resumed_lost_called: [56857790,com.android.music.VideoBrowserActivity,topStateChangedWhenResumed]
11-16 05:27:00.827 1504 6110 I wm_pause_activity: [0,56857790,com.android.music/.VideoBrowserActivity,userLeaving=false,pauseBackTasks]
11-16 05:27:00.828 1504 6110 I wm_set_resumed_activity: [0,com.android.launcher3/.uioverrides.QuickstepLauncher,resumeTopActivityInnerLocked]
11-16 05:27:00.830 1504 6110 I wm_resume_activity: [0,50203839,281,com.android.launcher3/.uioverrides.QuickstepLauncher]
11-16 05:27:00.830 1504 6110 I wm_add_to_stopping: [0,56857790,com.android.music/.VideoBrowserActivity,makeInvisible]
11-16 05:27:00.839 1504 1572 I input_focus: [Focus request e1de84c com.android.launcher3/com.android.launcher3.uioverrides.QuickstepLauncher,reason=UpdateInputWindows]
11-16 05:27:00.840 9490 9490 I wm_on_paused_called: [56857790,com.android.music.VideoBrowserActivity,performPause]
11-16 05:27:00.848 1504 1571 I wm_stop_activity: [0,56857790,com.android.music/.VideoBrowserActivity]
11-16 05:27:00.849 1504 1571 I sysui_multi_action: [757,803,799,window_time_0,802,4]
11-16 05:27:00.851 2496 2496 I wm_on_resume_called: [50203839,com.android.launcher3.uioverrides.QuickstepLauncher,RESUME_ACTIVITY]
11-16 05:27:00.852 1504 1682 I input_focus: [Focus leaving recents_animation_input_consumer (server),reason=NOT_VISIBLE]
11-16 05:27:00.852 1504 1682 I input_focus: [Focus entering e1de84c com.android.launcher3/com.android.launcher3.uioverrides.QuickstepLauncher (server),reason=setFocusedWindow]
11-16 05:27:00.853 2496 2496 I wm_on_top_resumed_gained_called: [50203839,com.android.launcher3.uioverrides.QuickstepLauncher,topStateChangedWhenResumed]
11-16 05:27:00.863 9490 9490 I wm_on_stop_called: [56857790,com.android.music.VideoBrowserActivity,STOP_ACTIVITY_ITEM]
11-16 05:27:00.918 1504 1571 I am_kill : [0,9266,com.android.gallery3d,900,remove task]
11-16 05:27:00.923 1504 1571 I sysui_multi_action: [757,803,799,window_time_0,802,0]
