--------- beginning of radio
11-16 03:23:40.230 1504 1504 D TelephonyRegistry: listen oscl: mHasNotifySubscriptionInfoChangedOccurred==false no callback
11-16 03:23:40.953 1504 1701 D TelephonyRegistry: listen oscl: mHasNotifySubscriptionInfoChangedOccurred==false no callback
11-16 03:23:40.985 1504 1702 D TelephonyRegistry: listen oscl: mHasNotifySubscriptionInfoChangedOccurred==false no callback
11-16 03:23:40.996 1504 1504 D TelephonyRegistry: listen oscl: mHasNotifySubscriptionInfoChangedOccurred==false no callback
11-16 03:23:41.019 1504 1504 D TelephonyRegistry: listen oscl: mHasNotifySubscriptionInfoChangedOccurred==false no callback
11-16 03:23:41.058 1504 1504 D TelephonyRegistry: systemRunning register for intents
11-16 03:23:41.061 1504 1568 W CarrierConfigManager: Error getting config for subId -1 ICarrierConfigLoader is null
11-16 03:23:41.201 1504 1598 D TelephonyRegistry: listen oscl: mHasNotifySubscriptionInfoChangedOccurred==false no callback
11-16 03:23:41.373 1504 2099 D TelephonyRegistry: listen oscl: mHasNotifySubscriptionInfoChangedOccurred==false no callback
11-16 03:23:41.500 1504 1504 D TelephonyRegistry: listen oscl: mHasNotifySubscriptionInfoChangedOccurred==false no callback
11-16 03:23:41.510 1504 1504 D TelephonyRegistry: notifyCellLocationForSubscriber: subId=2147483647 cellIdentity=null
11-16 03:23:41.587 1968 1968 W CarrierConfigManager: Error getting config for subId -1 ICarrierConfigLoader is null
11-16 03:23:41.602 1504 2059 D TelephonyRegistry: listen oscl: mHasNotifySubscriptionInfoChangedOccurred==false no callback
11-16 03:23:42.653 1504 2504 D TelephonyRegistry: listen oscl: mHasNotifySubscriptionInfoChangedOccurred==false no callback
11-16 03:23:42.873 1504 2505 D TelephonyRegistry: listen oscl: mHasNotifySubscriptionInfoChangedOccurred==false no callback
11-16 03:23:42.993 1504 2059 D TelephonyRegistry: listen oscl: mHasNotifySubscriptionInfoChangedOccurred==false no callback
11-16 03:23:46.149 3591 3591 D CAT : BootCompletedReceiver: [ACTION_BOOT_COMPLETED]
11-16 03:23:46.150 3591 3591 D CAT : StkAppService: onCreate()+
11-16 03:23:46.150 3591 3591 D CAT : StkAppService: simCount: 1
11-16 03:23:46.151 3591 3591 D CAT : StkAppService: slotId: 0
11-16 03:23:46.153 3591 3591 D CAT : StkAppService: onStart sim id: 0, op: 5, *****
11-16 03:23:46.153 3591 3591 D CAT : StkAppService: mStkService is: -1
11-16 03:23:46.157 3591 3591 D CAT : StkAppService: onDestroy()
11-16 04:13:05.170 5507 5507 W CarrierConfigManager: Error getting config for subId -1 ICarrierConfigLoader is null
11-16 04:13:05.197 1504 2505 D TelephonyRegistry: listen oscl: mHasNotifySubscriptionInfoChangedOccurred==false no callback
11-16 04:13:05.202 1504 4303 D TelephonyRegistry: listen oscl: mHasNotifySubscriptionInfoChangedOccurred==false no callback
11-16 04:14:14.759 6111 6111 W CarrierConfigManager: Error getting config for subId -1 ICarrierConfigLoader is null
11-16 04:14:14.791 1504 6131 D TelephonyRegistry: listen oscl: mHasNotifySubscriptionInfoChangedOccurred==false no callback
11-16 04:14:14.793 1504 6131 D TelephonyRegistry: listen oscl: mHasNotifySubscriptionInfoChangedOccurred==false no callback
11-16 04:14:19.070 1504 1821 D TelephonyRegistry: listen oscl: mHasNotifySubscriptionInfoChangedOccurred==false no callback
11-16 04:14:19.073 1504 2032 D TelephonyRegistry: listen oscl: mHasNotifySubscriptionInfoChangedOccurred==false no callback --------- beginning of events
11-16 04:23:55.177 1504 2099 I wm_focused_root_task: [0,0,280,362,startActivityFromRecents]
11-16 04:23:55.178 1504 2099 I wm_task_moved: [362,1,6]
11-16 04:23:55.178 7416 7416 I wm_on_top_resumed_lost_called: [78156004,com.android.music.VideoBrowserActivity,topStateChangedWhenResumed]
11-16 04:23:55.178 1504 2099 I wm_set_resumed_activity: [0,com.android.music/.VideoBrowserActivity,positionChildAt]
11-16 04:23:55.178 1504 2099 I wm_focused_root_task: [0,0,362,280,moveTaskToFront findTaskToMoveToFront]
11-16 04:23:55.178 1504 2099 I wm_set_resumed_activity: [0,com.android.music/.VideoBrowserActivity,moveTaskToFront findTaskToMoveToFront]
11-16 04:23:55.194 7416 7416 I wm_on_top_resumed_gained_called: [78156004,com.android.music.VideoBrowserActivity,topStateChangedWhenResumed]
11-16 04:23:56.049 1504 4303 I wm_task_moved: [280,1,6]
11-16 04:23:56.051 1504 4303 I wm_focused_root_task: [0,0,280,362,startActivityFromRecents]
11-16 04:23:56.051 1504 4303 I wm_task_moved: [362,1,6]
11-16 04:23:56.052 7416 7416 I wm_on_top_resumed_lost_called: [78156004,com.android.music.VideoBrowserActivity,topStateChangedWhenResumed]
11-16 04:23:56.052 1504 4303 I wm_set_resumed_activity: [0,com.android.music/.VideoBrowserActivity,positionChildAt]
11-16 04:23:56.052 1504 4303 I wm_focused_root_task: [0,0,362,280,moveTaskToFront findTaskToMoveToFront]
11-16 04:23:56.052 1504 4303 I wm_set_resumed_activity: [0,com.android.music/.VideoBrowserActivity,moveTaskToFront findTaskToMoveToFront]
11-16 04:23:56.064 7416 7416 I wm_on_top_resumed_gained_called: [78156004,com.android.music.VideoBrowserActivity,topStateChangedWhenResumed]
11-16 04:24:13.582 1504 5055 I wm_task_created: [364,-1]
11-16 04:24:13.594 1504 5055 I wm_task_moved: [364,1,7]
11-16 04:24:13.594 1504 5055 I wm_task_to_front: [0,364]
11-16 04:24:13.594 1504 5055 I wm_create_task: [0,364]
11-16 04:24:13.594 1504 5055 I wm_create_activity: [0,98854866,364,com.android.gallery3d/.app.GalleryActivity,NULL,NULL,NULL,268468224]
11-16 04:24:13.594 1504 5055 I wm_task_moved: [364,1,7]
11-16 04:24:13.595 7416 7416 I wm_on_top_resumed_lost_called: [78156004,com.android.music.VideoBrowserActivity,topStateChangedWhenResumed]
11-16 04:24:13.599 1504 5055 I wm_restart_activity: [0,98854866,364,com.android.gallery3d/.app.GalleryActivity]
11-16 04:24:13.602 1504 5055 I wm_set_resumed_activity: [0,com.android.gallery3d/.app.GalleryActivity,minimalResumeActivityLocked]
11-16 04:24:13.647 7433 7433 I wm_on_create_called: [98854866,com.android.gallery3d.app.GalleryActivity,performCreate]
11-16 04:24:13.648 7433 7433 I wm_on_start_called: [98854866,com.android.gallery3d.app.GalleryActivity,handleStartActivity]
11-16 04:24:13.649 7433 7433 I wm_on_resume_called: [98854866,com.android.gallery3d.app.GalleryActivity,RESUME_ACTIVITY]
11-16 04:24:13.652 7433 7433 I wm_on_top_resumed_gained_called: [98854866,com.android.gallery3d.app.GalleryActivity,topStateChangedWhenResumed]
11-16 04:24:13.664 1504 1572 I input_focus: [Focus request b0875cc com.android.gallery3d/com.android.gallery3d.app.GalleryActivity,reason=UpdateInputWindows]
11-16 04:24:13.688 1504 1682 I input_focus: [Focus leaving recents_animation_input_consumer (server),reason=Waiting for window because NOT_VISIBLE]
11-16 04:24:13.712 1504 1568 I sysui_multi_action: [319,132,322,131,325,3643,757,761,758,8,759,2,806,com.android.gallery3d,871,com.android.gallery3d.app.GalleryActivity,904,android,905,0,1320,4,1321,1]
11-16 04:24:13.714 1504 1568 I wm_activity_launch_time: [0,98854866,com.android.gallery3d/.app.GalleryActivity,131]
11-16 04:24:13.722 1504 1682 I input_focus: [Focus entering b0875cc com.android.gallery3d/com.android.gallery3d.app.GalleryActivity (server),reason=Window became focusable. Previous reason: NOT_VISIBLE]
11-16 04:24:13.770 1504 1598 I am_pss : [7416,10086,com.android.music,49652736,44539904,0,161587200,0,2,7]
11-16 04:24:13.995 1504 4303 I wm_task_moved: [280,1,7]
11-16 04:24:13.996 1504 4303 I wm_task_moved: [281,1,2147483647]
11-16 04:24:13.996 1504 4303 I wm_task_to_front: [0,281]
11-16 04:24:13.996 1504 4303 I wm_focused_root_task: [0,0,280,364,RecentsAnimation.onAnimationFinished()]
11-16 04:24:13.997 7433 7433 I wm_on_top_resumed_lost_called: [98854866,com.android.gallery3d.app.GalleryActivity,topStateChangedWhenResumed]
11-16 04:24:13.997 1504 4303 I wm_set_resumed_activity: [0,com.android.launcher3/.uioverrides.QuickstepLauncher,RecentsAnimation.onAnimationFinished()]
11-16 04:24:13.998 1504 4303 I wm_pause_activity: [0,78156004,com.android.music/.VideoBrowserActivity,userLeaving=true,pauseBackTasks]
11-16 04:24:14.003 7416 7416 I wm_on_paused_called: [78156004,com.android.music.VideoBrowserActivity,performPause]
11-16 04:24:14.005 1504 4303 I wm_add_to_stopping: [0,78156004,com.android.music/.VideoBrowserActivity,makeInvisible]
11-16 04:24:14.005 1504 4303 I wm_set_resumed_activity: [0,com.android.launcher3/.uioverrides.QuickstepLauncher,resumeTopActivityInnerLocked]
11-16 04:24:14.007 1504 4303 I wm_resume_activity: [0,50203839,281,com.android.launcher3/.uioverrides.QuickstepLauncher]
11-16 04:24:14.026 2496 2496 I wm_on_resume_called: [50203839,com.android.launcher3.uioverrides.QuickstepLauncher,RESUME_ACTIVITY]
11-16 04:24:14.031 1504 1572 I input_focus: [Focus request e1de84c com.android.launcher3/com.android.launcher3.uioverrides.QuickstepLauncher,reason=UpdateInputWindows]
11-16 04:24:14.032 2496 2496 I wm_on_top_resumed_gained_called: [50203839,com.android.launcher3.uioverrides.QuickstepLauncher,topStateChangedWhenResumed]
11-16 04:24:14.041 1504 7432 I wm_stop_activity: [0,78156004,com.android.music/.VideoBrowserActivity]
11-16 04:24:14.041 1504 1682 I input_focus: [Focus leaving b0875cc com.android.gallery3d/com.android.gallery3d.app.GalleryActivity (server),reason=setFocusedWindow]
11-16 04:24:14.041 1504 1682 I input_focus: [Focus entering e1de84c com.android.launcher3/com.android.launcher3.uioverrides.QuickstepLauncher (server),reason=setFocusedWindow]
11-16 04:24:14.044 1504 1571 I sysui_multi_action: [757,803,799,window_time_0,802,24]
11-16 04:24:14.046 1504 1571 I sysui_multi_action: [757,803,799,window_time_0,802,0]
11-16 04:24:14.061 7416 7416 I wm_on_stop_called: [78156004,com.android.music.VideoBrowserActivity,STOP_ACTIVITY_ITEM]
11-16 04:24:15.232 1504 1682 I input_interaction: Interaction with: e1de84c com.android.launcher3/com.android.launcher3.uioverrides.QuickstepLauncher (server), c74be60 com.android.systemui.ImageWallpaper (server), edge-swipe (server), swipe-up (server), PointerEventDispatcher0 (server),
11-16 04:24:15.343 2496 2496 I view_enqueue_input_event: [Motion - Cancel,com.android.launcher3/com.android.launcher3.uioverrides.QuickstepLauncher]
11-16 04:24:15.358 1504 1682 I input_interaction: Interaction with: edge-swipe (server), swipe-up (server), PointerEventDispatcher0 (server),
11-16 04:24:15.515 1504 1666 I commit_sys_config_file: [settings-1-0,5]
11-16 04:24:15.820 1504 1666 I commit_sys_config_file: [settings-1-0,4]
11-16 04:24:15.923 1504 4303 I wm_finish_activity: [0,98854866,364,com.android.gallery3d/.app.GalleryActivity,app-request]
11-16 04:24:15.929 1504 4303 I wm_pause_activity: [0,98854866,com.android.gallery3d/.app.GalleryActivity,userLeaving=false,finish]
11-16 04:24:15.956 7433 7433 I wm_on_paused_called: [98854866,com.android.gallery3d.app.GalleryActivity,performPause]
11-16 04:24:15.958 1504 5055 I wm_destroy_activity: [0,98854866,364,com.android.gallery3d/.app.GalleryActivity,finish-imm:completePausedLocked]
11-16 04:24:15.967 1504 1571 I sysui_multi_action: [757,803,799,window_time_0,802,2]
11-16 04:24:15.970 7433 7433 I wm_on_stop_called: [98854866,com.android.gallery3d.app.GalleryActivity,LIFECYCLER_STOP_ACTIVITY]
11-16 04:24:15.972 7433 7433 I wm_on_destroy_called: [98854866,com.android.gallery3d.app.GalleryActivity,performDestroy]
11-16 04:24:16.258 1504 1572 I wm_task_removed: [364,removeChild:removeChild last r=ActivityRecord{5e467d2 u0 com.android.gallery3d/.app.GalleryActivity t-1 f}} in t=Task{da4625d #364 type=standard A=10064:com.android.gallery3d U=0 visible=false mode=freeform translucent=true sz=0}]
11-16 04:24:16.258 1504 1572 I wm_task_removed: [364,removeChild]
11-16 04:24:17.616 1504 1682 I input_interaction: Interaction with: e1de84c com.android.launcher3/com.android.launcher3.uioverrides.QuickstepLauncher (server), c74be60 com.android.systemui.ImageWallpaper (server), edge-swipe (server), swipe-up (server), PointerEventDispatcher0 (server),
11-16 04:24:18.145 1504 2099 I wm_finish_activity: [0,78156004,362,com.android.music/.VideoBrowserActivity,remove-task]
11-16 04:24:18.150 1504 2099 I wm_destroy_activity: [0,78156004,362,com.android.music/.VideoBrowserActivity,finish-imm:finishIfPossible]
11-16 04:24:18.156 7416 7416 I wm_on_destroy_called: [78156004,com.android.music.VideoBrowserActivity,performDestroy]
11-16 04:24:18.160 1504 1571 I am_kill : [0,7416,com.android.music,905,remove task]
11-16 04:24:18.161 1504 1571 I sysui_multi_action: [757,803,799,window_time_0,802,2]
11-16 04:24:18.228 1504 4613 I am_proc_died: [0,7416,com.android.music,905,19]
11-16 04:24:18.231 1504 4613 I am_uid_stopped: 10086
11-16 04:24:18.235 1504 4613 I wm_task_removed: [362,removeChild:removeChild last r=ActivityRecord{4a890e4 u0 com.android.music/.VideoBrowserActivity t-1 f}} in t=Task{de3187c #362 type=standard A=10086:android.task.video U=0 visible=false mode=fullscreen translucent=true sz=0}]
11-16 04:24:18.235 1504 4613 I wm_task_removed: [362,removeChild]
11-16 04:24:18.242 1504 1571 I am_uid_running: 10086
11-16 04:24:18.258 1504 1603 I am_proc_start: [0,7565,10086,com.android.music,NULL,]
11-16 04:24:18.288 1504 4613 I am_proc_bound: [0,7565,com.android.music]
11-16 04:24:18.313 1504 1601 I am_uid_idle: 10051
11-16 04:24:18.771 1504 1571 I am_kill : [0,7433,com.android.gallery3d,900,remove task]
11-16 04:24:18.774 1504 1571 I sysui_multi_action: [757,803,799,window_time_0,802,1]
11-16 04:24:18.807 1504 2505 I am_proc_died: [0,7433,com.android.gallery3d,900,18]
11-16 04:24:18.810 1504 2505 I am_uid_stopped: 10064
11-16 04:24:18.819 1504 1571 I am_uid_running: 10064
11-16 04:24:18.834 1504 1603 I am_proc_start: [0,7581,10064,com.android.gallery3d,NULL,]
11-16 04:24:18.874 1504 1822 I am_proc_bound: [0,7581,com.android.gallery3d]
11-16 04:24:20.687 2496 2496 I view_enqueue_input_event: [Motion - Cancel,com.android.launcher3/com.android.launcher3.uioverrides.QuickstepLauncher]
11-16 04:24:20.697 1504 1682 I input_interaction: Interaction with: edge-swipe (server), swipe-up (server), PointerEventDispatcher0 (server),
11-16 04:24:20.879 1504 1666 I commit_sys_config_file: [settings-1-0,8]
11-16 04:24:21.150 1504 1666 I commit_sys_config_file: [settings-1-0,4]
11-16 04:24:21.720 1504 1682 I input_interaction: Interaction with: e1de84c com.android.launcher3/com.android.launcher3.uioverrides.QuickstepLauncher (server), c74be60 com.android.systemui.ImageWallpaper (server), edge-swipe (server), swipe-up (server), PointerEventDispatcher0 (server),
11-16 04:24:23.503 1504 5765 I wm_task_created: [365,-1]
11-16 04:24:23.513 1504 5765 I wm_task_moved: [365,1,6]
11-16 04:24:23.513 1504 5765 I wm_task_to_front: [0,365]
11-16 04:24:23.514 1504 5765 I wm_create_task: [0,365]
11-16 04:24:23.514 1504 5765 I wm_create_activity: [0,244913319,365,com.android.gallery3d/.app.GalleryActivity,NULL,NULL,NULL,268468224]
11-16 04:24:23.514 1504 5765 I wm_task_moved: [365,1,6]
11-16 04:24:23.518 1504 5765 I wm_restart_activity: [0,244913319,365,com.android.gallery3d/.app.GalleryActivity]
11-16 04:24:23.520 1504 5765 I wm_set_resumed_activity: [0,com.android.gallery3d/.app.GalleryActivity,minimalResumeActivityLocked]
11-16 04:24:23.526 1504 1571 I am_uid_active: 10064
11-16 04:24:23.530 2496 2496 I wm_on_top_resumed_lost_called: [50203839,com.android.launcher3.uioverrides.QuickstepLauncher,topStateChangedWhenResumed]
11-16 04:24:23.565 7581 7581 I wm_on_create_called: [244913319,com.android.gallery3d.app.GalleryActivity,performCreate]
11-16 04:24:23.566 7581 7581 I wm_on_start_called: [244913319,com.android.gallery3d.app.GalleryActivity,handleStartActivity]
11-16 04:24:23.569 7581 7581 I wm_on_resume_called: [244913319,com.android.gallery3d.app.GalleryActivity,RESUME_ACTIVITY]
11-16 04:24:23.573 7581 7581 I wm_on_top_resumed_gained_called: [244913319,com.android.gallery3d.app.GalleryActivity,topStateChangedWhenResumed]
11-16 04:24:23.579 1504 1572 I input_focus: [Focus request 401276d com.android.gallery3d/com.android.gallery3d.app.GalleryActivity,reason=UpdateInputWindows]
11-16 04:24:23.612 1504 1682 I input_focus: [Focus leaving e1de84c com.android.launcher3/com.android.launcher3.uioverrides.QuickstepLauncher (server),reason=Waiting for window because NOT_VISIBLE]
11-16 04:24:23.651 1504 1568 I sysui_multi_action: [319,148,322,147,325,3653,757,761,758,8,759,2,806,com.android.gallery3d,871,com.android.gallery3d.app.GalleryActivity,904,com.android.launcher3,905,0,1320,4,1321,1]
11-16 04:24:23.653 1504 1568 I wm_activity_launch_time: [0,244913319,com.android.gallery3d/.app.GalleryActivity,147]
11-16 04:24:23.661 1504 1682 I input_focus: [Focus entering 401276d com.android.gallery3d/com.android.gallery3d.app.GalleryActivity (server),reason=Window became focusable. Previous reason: NOT_VISIBLE]
11-16 04:24:24.812 2496 2496 I view_enqueue_input_event: [Motion - Cancel,com.android.launcher3/com.android.launcher3.uioverrides.QuickstepLauncher]
11-16 04:24:24.817 1504 1682 I input_interaction: Interaction with: edge-swipe (server), swipe-up (server), PointerEventDispatcher0 (server),
11-16 04:24:25.053 1504 2059 I wm_task_moved: [280,1,6]
11-16 04:24:25.057 7581 7581 I wm_on_top_resumed_lost_called: [244913319,com.android.gallery3d.app.GalleryActivity,topStateChangedWhenResumed]
11-16 04:24:25.058 1504 2059 I wm_set_resumed_activity: [0,com.android.launcher3/.uioverrides.QuickstepLauncher,positionChildAt]
11-16 04:24:25.058 1504 2059 I wm_task_moved: [281,1,2147483647]
11-16 04:24:25.058 1504 2059 I wm_task_to_front: [0,281]
11-16 04:24:25.059 1504 2059 I wm_focused_root_task: [0,0,280,365,bringingFoundTaskToFront]
11-16 04:24:25.059 1504 2059 I wm_set_resumed_activity: [0,com.android.launcher3/.uioverrides.QuickstepLauncher,bringingFoundTaskToFront]
11-16 04:24:25.061 1504 2059 I wm_new_intent: [0,50203839,281,com.android.launcher3/.uioverrides.QuickstepLauncher,android.intent.action.MAIN,NULL,NULL,268500992]
11-16 04:24:25.062 1504 2059 I wm_task_moved: [280,1,6]
11-16 04:24:25.063 1504 2059 I wm_set_resumed_activity: [0,com.android.launcher3/.uioverrides.QuickstepLauncher,positionChildAt]
11-16 04:24:25.072 1504 1572 I input_focus: [Focus request e1de84c com.android.launcher3/com.android.launcher3.uioverrides.QuickstepLauncher,reason=UpdateInputWindows]
11-16 04:24:25.073 2496 2496 I wm_on_paused_called: [50203839,com.android.launcher3.uioverrides.QuickstepLauncher,performPause]
11-16 04:24:25.073 2496 2496 I wm_on_resume_called: [50203839,com.android.launcher3.uioverrides.QuickstepLauncher,LIFECYCLER_RESUME_ACTIVITY]
11-16 04:24:25.073 2496 2496 I wm_on_top_resumed_gained_called: [50203839,com.android.launcher3.uioverrides.QuickstepLauncher,topStateChangedWhenResumed]
11-16 04:24:25.098 1504 1682 I input_focus: [Focus leaving 401276d com.android.gallery3d/com.android.gallery3d.app.GalleryActivity (server),reason=setFocusedWindow]
11-16 04:24:25.098 1504 1682 I input_focus: [Focus entering e1de84c com.android.launcher3/com.android.launcher3.uioverrides.QuickstepLauncher (server),reason=setFocusedWindow]
11-16 04:24:25.377 1504 1682 I input_interaction: Interaction with: e1de84c com.android.launcher3/com.android.launcher3.uioverrides.QuickstepLauncher (server), c74be60 com.android.systemui.ImageWallpaper (server), edge-swipe (server), swipe-up (server), PointerEventDispatcher0 (server),
11-16 04:24:25.460 1504 1682 I input_interaction: Interaction with: edge-swipe (server), swipe-up (server), PointerEventDispatcher0 (server),
11-16 04:24:25.464 2496 2496 I view_enqueue_input_event: [Motion - Cancel,com.android.launcher3/com.android.launcher3.uioverrides.QuickstepLauncher]
11-16 04:24:25.663 1504 1666 I commit_sys_config_file: [settings-1-0,13]
11-16 04:24:25.951 1504 1666 I commit_sys_config_file: [settings-1-0,3]
11-16 04:24:26.065 1504 4899 I wm_finish_activity: [0,244913319,365,com.android.gallery3d/.app.GalleryActivity,app-request]
11-16 04:24:26.086 1504 4899 I wm_pause_activity: [0,244913319,com.android.gallery3d/.app.GalleryActivity,userLeaving=false,finish]
11-16 04:24:26.113 7581 7581 I wm_on_paused_called: [244913319,com.android.gallery3d.app.GalleryActivity,performPause]
11-16 04:24:26.115 1504 2032 I wm_destroy_activity: [0,244913319,365,com.android.gallery3d/.app.GalleryActivity,finish-imm:completePausedLocked]
11-16 04:24:26.123 1504 1571 I sysui_multi_action: [757,803,799,window_time_0,802,7]
11-16 04:24:26.127 7581 7581 I wm_on_stop_called: [244913319,com.android.gallery3d.app.GalleryActivity,LIFECYCLER_STOP_ACTIVITY]
11-16 04:24:26.134 7581 7581 I wm_on_destroy_called: [244913319,com.android.gallery3d.app.GalleryActivity,performDestroy]
11-16 04:24:26.415 1504 1572 I wm_task_removed: [365,removeChild:removeChild last r=ActivityRecord{e9914a7 u0 com.android.gallery3d/.app.GalleryActivity t-1 f}} in t=Task{3811966 #365 type=standard A=10064:com.android.gallery3d U=0 visible=false mode=freeform translucent=true sz=0}]
11-16 04:24:26.415 1504 1572 I wm_task_removed: [365,removeChild]
11-16 04:24:26.878 1504 1682 I input_interaction: Interaction with: e1de84c com.android.launcher3/com.android.launcher3.uioverrides.QuickstepLauncher (server), c74be60 com.android.systemui.ImageWallpaper (server), edge-swipe (server), swipe-up (server), PointerEventDispatcher0 (server),
11-16 04:24:26.967 1504 4899 I wm_task_created: [366,-1]
11-16 04:24:26.972 1504 4899 I wm_task_moved: [366,1,6]
11-16 04:24:26.972 1504 4899 I wm_task_to_front: [0,366]
11-16 04:24:26.972 1504 4899 I wm_create_task: [0,366]
11-16 04:24:26.972 1504 4899 I wm_create_activity: [0,183003259,366,com.android.music/.VideoBrowserActivity,android.intent.action.MAIN,NULL,NULL,270532608]
11-16 04:24:26.972 1504 4899 I wm_task_moved: [366,1,6]
11-16 04:24:26.974 1504 4899 I wm_pause_activity: [0,50203839,com.android.launcher3/.uioverrides.QuickstepLauncher,userLeaving=true,pauseBackTasks]
11-16 04:24:26.983 2496 2496 I wm_on_top_resumed_lost_called: [50203839,com.android.launcher3.uioverrides.QuickstepLauncher,topStateChangedWhenResumed]
11-16 04:24:26.987 2496 2496 I wm_on_paused_called: [50203839,com.android.launcher3.uioverrides.QuickstepLauncher,performPause]
11-16 04:24:26.993 1504 1822 I wm_add_to_stopping: [0,50203839,com.android.launcher3/.uioverrides.QuickstepLauncher,makeInvisible]
11-16 04:24:26.994 1504 1822 I wm_restart_activity: [0,183003259,366,com.android.music/.VideoBrowserActivity]
11-16 04:24:26.995 1504 1822 I wm_set_resumed_activity: [0,com.android.music/.VideoBrowserActivity,minimalResumeActivityLocked]
11-16 04:24:26.997 1504 1571 I am_uid_active: 10086
11-16 04:24:27.002 1504 1571 I sysui_multi_action: [757,803,799,window_time_0,802,1]
11-16 04:24:27.021 1504 1682 I input_focus: [Focus leaving e1de84c com.android.launcher3/com.android.launcher3.uioverrides.QuickstepLauncher (server),reason=NO_WINDOW]
11-16 04:24:27.035 7565 7565 I wm_on_create_called: [183003259,com.android.music.VideoBrowserActivity,performCreate]
11-16 04:24:27.035 7565 7565 I wm_on_start_called: [183003259,com.android.music.VideoBrowserActivity,handleStartActivity]
11-16 04:24:27.036 7565 7565 I wm_on_resume_called: [183003259,com.android.music.VideoBrowserActivity,RESUME_ACTIVITY]
11-16 04:24:27.041 7565 7565 I wm_on_top_resumed_gained_called: [183003259,com.android.music.VideoBrowserActivity,topStateChangedWhenResumed]
11-16 04:24:27.047 1504 1572 I input_focus: [Focus request 725179d com.android.music/com.android.music.VideoBrowserActivity,reason=UpdateInputWindows]
11-16 04:24:27.076 1504 1568 I sysui_multi_action: [319,63,321,61,322,110,325,3656,757,761,758,8,759,1,806,com.android.music,871,com.android.music.VideoBrowserActivity,904,com.android.launcher3,905,0,1320,4,1321,5]
11-16 04:24:27.078 1504 1568 I wm_activity_launch_time: [0,183003259,com.android.music/.VideoBrowserActivity,110]
11-16 04:24:27.089 1504 1682 I input_focus: [Focus entering 725179d com.android.music/com.android.music.VideoBrowserActivity (server),reason=Window became focusable. Previous reason: NOT_VISIBLE]
11-16 04:24:27.579 1504 1571 I wm_stop_activity: [0,50203839,com.android.launcher3/.uioverrides.QuickstepLauncher]
11-16 04:24:27.642 1504 1822 I wm_task_created: [367,-1]
11-16 04:24:27.647 1504 1822 I wm_task_moved: [367,1,7]
11-16 04:24:27.647 1504 1822 I wm_task_to_front: [0,367]
11-16 04:24:27.647 1504 1822 I wm_create_task: [0,367]
11-16 04:24:27.647 1504 1822 I wm_create_activity: [0,15598450,367,com.android.gallery3d/.app.GalleryActivity,NULL,NULL,NULL,268468224]
11-16 04:24:27.647 1504 1822 I wm_task_moved: [367,1,7]
11-16 04:24:27.648 7565 7565 I wm_on_top_resumed_lost_called: [183003259,com.android.music.VideoBrowserActivity,topStateChangedWhenResumed]
11-16 04:24:27.650 1504 1822 I wm_restart_activity: [0,15598450,367,com.android.gallery3d/.app.GalleryActivity]
11-16 04:24:27.653 1504 1822 I wm_set_resumed_activity: [0,com.android.gallery3d/.app.GalleryActivity,minimalResumeActivityLocked]
11-16 04:24:27.661 2496 2496 I wm_on_stop_called: [50203839,com.android.launcher3.uioverrides.QuickstepLauncher,STOP_ACTIVITY_ITEM]
11-16 04:24:27.683 7581 7581 I wm_on_create_called: [15598450,com.android.gallery3d.app.GalleryActivity,performCreate]
11-16 04:24:27.684 7581 7581 I wm_on_start_called: [15598450,com.android.gallery3d.app.GalleryActivity,handleStartActivity]
11-16 04:24:27.690 7581 7581 I wm_on_resume_called: [15598450,com.android.gallery3d.app.GalleryActivity,RESUME_ACTIVITY]
11-16 04:24:27.692 7581 7581 I wm_on_top_resumed_gained_called: [15598450,com.android.gallery3d.app.GalleryActivity,topStateChangedWhenResumed]
11-16 04:24:27.711 1504 1572 I input_focus: [Focus request 3c1c3b3 com.android.gallery3d/com.android.gallery3d.app.GalleryActivity,reason=UpdateInputWindows]
11-16 04:24:27.737 1504 1682 I input_focus: [Focus leaving 725179d com.android.music/com.android.music.VideoBrowserActivity (server),reason=Waiting for window because NOT_VISIBLE]
11-16 04:24:27.743 1504 1568 I sysui_multi_action: [319,107,322,107,325,3657,757,761,758,8,759,2,806,com.android.gallery3d,871,com.android.gallery3d.app.GalleryActivity,904,android,905,0,1320,4,1321,1]
11-16 04:24:27.744 1504 1568 I wm_activity_launch_time: [0,15598450,com.android.gallery3d/.app.GalleryActivity,107]
11-16 04:24:27.753 1504 1682 I input_focus: [Focus entering 3c1c3b3 com.android.gallery3d/com.android.gallery3d.app.GalleryActivity (server),reason=Window became focusable. Previous reason: NOT_VISIBLE]
11-16 04:24:28.781 1504 1682 I input_interaction: Interaction with: 725179d com.android.music/com.android.music.VideoBrowserActivity (server), edge-swipe (server), swipe-up (server), PointerEventDispatcher0 (server),
11-16 04:24:28.783 1504 1571 I wm_task_moved: [366,1,7]
11-16 04:24:28.784 1504 1571 I wm_task_to_front: [0,366]
11-16 04:24:28.794 1504 1571 I wm_set_resumed_activity: [0,com.android.music/.VideoBrowserActivity,positionChildAt]
11-16 04:24:28.794 1504 1571 I wm_focused_root_task: [0,0,366,367,setFocusedTask]
11-16 04:24:28.795 1504 1571 I wm_set_resumed_activity: [0,com.android.music/.VideoBrowserActivity,setFocusedTask]
11-16 04:24:28.795 7581 7581 I wm_on_top_resumed_lost_called: [15598450,com.android.gallery3d.app.GalleryActivity,topStateChangedWhenResumed]
11-16 04:24:28.798 1504 1572 I input_focus: [Focus request 725179d com.android.music/com.android.music.VideoBrowserActivity,reason=UpdateInputWindows]
11-16 04:24:28.801 1504 1822 I wm_task_moved: [280,0,0]
11-16 04:24:28.802 1504 1822 I wm_task_moved: [280,0,6]
11-16 04:24:28.803 7565 7565 I wm_on_top_resumed_gained_called: [183003259,com.android.music.VideoBrowserActivity,topStateChangedWhenResumed]
11-16 04:24:28.823 1504 1682 I input_focus: [Focus leaving 3c1c3b3 com.android.gallery3d/com.android.gallery3d.app.GalleryActivity (server),reason=setFocusedWindow]
11-16 04:24:28.823 1504 1682 I input_focus: [Focus entering 725179d com.android.music/com.android.music.VideoBrowserActivity (server),reason=setFocusedWindow]
11-16 04:24:28.827 2496 2496 I wm_on_restart_called: [50203839,com.android.launcher3.uioverrides.QuickstepLauncher,performRestartActivity]
11-16 04:24:28.828 1504 5213 I wm_finish_activity: [0,15598450,367,com.android.gallery3d/.app.GalleryActivity,app-request]
11-16 04:24:28.838 1504 5213 I wm_pause_activity: [0,15598450,com.android.gallery3d/.app.GalleryActivity,userLeaving=false,finish]
11-16 04:24:28.842 7581 7581 I wm_on_paused_called: [15598450,com.android.gallery3d.app.GalleryActivity,performPause]
11-16 04:24:28.845 1504 1822 I wm_destroy_activity: [0,15598450,367,com.android.gallery3d/.app.GalleryActivity,finish-imm:completePausedLocked]
11-16 04:24:28.857 1504 1571 I sysui_multi_action: [757,803,799,window_time_0,802,2]
11-16 04:24:28.859 2496 2496 I wm_on_start_called: [50203839,com.android.launcher3.uioverrides.QuickstepLauncher,handleStartActivity]
11-16 04:24:28.866 7581 7581 I wm_on_stop_called: [15598450,com.android.gallery3d.app.GalleryActivity,LIFECYCLER_STOP_ACTIVITY]
11-16 04:24:28.873 7581 7581 I wm_on_destroy_called: [15598450,com.android.gallery3d.app.GalleryActivity,performDestroy]
11-16 04:24:28.882 1504 1568 I sysui_multi_action: [319,11,322,73,325,3658,757,761,758,9,759,5,806,com.android.launcher3,871,com.android.launcher3.uioverrides.QuickstepLauncher,904,com.android.launcher3,905,0,1320,8,1321,5]
11-16 04:24:28.886 1504 4899 I wm_task_removed: [367,removeChild:removeChild last r=ActivityRecord{ee0372 u0 com.android.gallery3d/.app.GalleryActivity t-1 f}} in t=Task{eaa87d #367 type=standard A=10064:com.android.gallery3d U=0 visible=false mode=freeform translucent=true sz=0}]
11-16 04:24:28.886 1504 4899 I wm_task_removed: [367,removeChild]
11-16 04:24:28.943 7565 7565 I view_enqueue_input_event: [Motion - Cancel,com.android.music/com.android.music.VideoBrowserActivity]
11-16 04:24:28.944 2496 2496 I sysui_latency: [1,91]
11-16 04:24:28.951 1504 1572 I input_focus: [Focus request recents_animation_input_consumer,reason=UpdateInputWindows]
11-16 04:24:28.959 1504 1682 I input_interaction: Interaction with: edge-swipe (server), swipe-up (server), PointerEventDispatcher0 (server),
11-16 04:24:28.973 1504 1682 I input_focus: [Focus leaving 725179d com.android.music/com.android.music.VideoBrowserActivity (server),reason=NOT_FOCUSABLE]
11-16 04:24:28.973 1504 1682 I input_focus: [Focus entering recents_animation_input_consumer (server),reason=setFocusedWindow]
11-16 04:24:29.065 1504 1666 I commit_sys_config_file: [settings-1-0,6]
11-16 04:24:29.177 1504 1598 I sysui_latency: [8,78]
11-16 04:24:30.709 1504 1666 I commit_sys_config_file: [settings-1-0,4]
11-16 04:25:23.107 1504 1620 I sysui_multi_action: [757,1696,758,6,759,2]
11-16 04:25:23.116 1504 1601 I am_wtf : [0,1504,system_server,-1,DisplayDeviceConfig,requesting nits when no mapping exists.]
11-16 04:25:23.120 1504 1601 I am_wtf : [0,1504,system_server,-1,DisplayDeviceConfig,requesting nits when no mapping exists.]
11-16 04:25:23.132 1504 1601 I am_wtf : [0,1504,system_server,-1,DisplayDeviceConfig,requesting nits when no mapping exists.]
11-16 04:25:23.134 1504 1601 I am_wtf : [0,1504,system_server,-1,DisplayDeviceConfig,requesting nits when no mapping exists.]
11-16 04:25:23.150 1504 1601 I am_wtf : [0,1504,system_server,-1,DisplayDeviceConfig,requesting nits when no mapping exists.]
11-16 04:25:23.151 1504 1601 I am_wtf : [0,1504,system_server,-1,DisplayDeviceConfig,requesting nits when no mapping exists.]
11-16 04:25:23.152 1504 1601 I am_wtf : [0,1504,system_server,-1,DisplayDeviceConfig,requesting nits when no mapping exists.]
11-16 04:25:23.153 1504 1601 I am_wtf : [0,1504,system_server,-1,DisplayDeviceConfig,requesting nits when no mapping exists.]
11-16 04:25:23.169 1504 1601 I am_wtf : [0,1504,system_server,-1,DisplayDeviceConfig,requesting nits when no mapping exists.]
11-16 04:25:23.169 1504 1601 I am_wtf : [0,1504,system_server,-1,DisplayDeviceConfig,requesting nits when no mapping exists.]
11-16 04:25:23.186 1504 1601 I am_wtf : [0,1504,system_server,-1,DisplayDeviceConfig,requesting nits when no mapping exists.]
11-16 04:25:23.186 1504 1601 I am_wtf : [0,1504,system_server,-1,DisplayDeviceConfig,requesting nits when no mapping exists.]
11-16 04:25:23.202 1504 1601 I am_wtf : [0,1504,system_server,-1,DisplayDeviceConfig,requesting nits when no mapping exists.]
11-16 04:25:23.203 1504 1601 I am_wtf : [0,1504,system_server,-1,DisplayDeviceConfig,requesting nits when no mapping exists.]
11-16 04:25:23.219 1504 1601 I am_wtf : [0,1504,system_server,-1,DisplayDeviceConfig,requesting nits when no mapping exists.]
11-16 04:25:23.220 1504 1601 I am_wtf : [0,1504,system_server,-1,DisplayDeviceConfig,requesting nits when no mapping exists.]
11-16 04:25:23.236 1504 1601 I am_wtf : [0,1504,system_server,-1,DisplayDeviceConfig,requesting nits when no mapping exists.]
11-16 04:25:23.238 1504 1601 I am_wtf : [0,1504,system_server,-1,DisplayDeviceConfig,requesting nits when no mapping exists.]
11-16 04:25:23.253 1504 1601 I am_wtf : [0,1504,system_server,-1,DisplayDeviceConfig,requesting nits when no mapping exists.]
11-16 04:25:23.254 1504 1601 I am_wtf : [0,1504,system_server,-1,DisplayDeviceConfig,requesting nits when no mapping exists.]
11-16 04:25:23.270 1504 1601 I am_wtf : [0,1504,system_server,-1,DisplayDeviceConfig,requesting nits when no mapping exists.]
11-16 04:25:23.271 1504 1601 I am_wtf : [0,1504,system_server,-1,DisplayDeviceConfig,requesting nits when no mapping exists.]
11-16 04:25:23.286 1504 1601 I am_wtf : [0,1504,system_server,-1,DisplayDeviceConfig,requesting nits when no mapping exists.]
11-16 04:25:23.287 1504 1601 I am_wtf : [0,1504,system_server,-1,DisplayDeviceConfig,requesting nits when no mapping exists.]
11-16 04:25:23.303 1504 1601 I am_wtf : [0,1504,system_server,-1,DisplayDeviceConfig,requesting nits when no mapping exists.]
11-16 04:25:23.304 1504 1601 I am_wtf : [0,1504,system_server,-1,DisplayDeviceConfig,requesting nits when no mapping exists.]
11-16 04:25:23.320 1504 1601 I am_wtf : [0,1504,system_server,-1,DisplayDeviceConfig,requesting nits when no mapping exists.]
11-16 04:25:23.321 1504 1601 I am_wtf : [0,1504,system_server,-1,DisplayDeviceConfig,requesting nits when no mapping exists.]
11-16 04:25:23.337 1504 1601 I am_wtf : [0,1504,system_server,-1,DisplayDeviceConfig,requesting nits when no mapping exists.]
11-16 04:25:23.338 1504 1601 I am_wtf : [0,1504,system_server,-1,DisplayDeviceConfig,requesting nits when no mapping exists.]
11-16 04:25:23.353 1504 1601 I am_wtf : [0,1504,system_server,-1,DisplayDeviceConfig,requesting nits when no mapping exists.]
11-16 04:25:23.353 1504 1601 I am_wtf : [0,1504,system_server,-1,DisplayDeviceConfig,requesting nits when no mapping exists.]
11-16 04:25:23.369 1504 1601 I am_wtf : [0,1504,system_server,-1,DisplayDeviceConfig,requesting nits when no mapping exists.]
11-16 04:25:23.370 1504 1601 I service_manager_stats: [100,85,102547]
11-16 04:25:23.370 1504 1601 I am_wtf : [0,1504,system_server,-1,DisplayDeviceConfig,requesting nits when no mapping exists.]
11-16 04:25:23.386 1504 1601 I am_wtf : [0,1504,system_server,-1,DisplayDeviceConfig,requesting nits when no mapping exists.]
11-16 04:25:23.387 1504 1601 I am_wtf : [0,1504,system_server,-1,DisplayDeviceConfig,requesting nits when no mapping exists.]
11-16 04:25:23.403 1504 1601 I am_wtf : [0,1504,system_server,-1,DisplayDeviceConfig,requesting nits when no mapping exists.]
11-16 04:25:23.404 1504 1601 I am_wtf : [0,1504,system_server,-1,DisplayDeviceConfig,requesting nits when no mapping exists.]
11-16 04:25:23.420 1504 1601 I am_wtf : [0,1504,system_server,-1,DisplayDeviceConfig,requesting nits when no mapping exists.]
11-16 04:25:23.421 1504 1601 I am_wtf : [0,1504,system_server,-1,DisplayDeviceConfig,requesting nits when no mapping exists.]
11-16 04:25:23.437 1504 1601 I am_wtf : [0,1504,system_server,-1,DisplayDeviceConfig,requesting nits when no mapping exists.]
11-16 04:25:23.437 1504 1601 I am_wtf : [0,1504,system_server,-1,DisplayDeviceConfig,requesting nits when no mapping exists.]
11-16 04:25:23.453 1504 1601 I am_wtf : [0,1504,system_server,-1,DisplayDeviceConfig,requesting nits when no mapping exists.]
11-16 04:25:23.454 1504 1601 I am_wtf : [0,1504,system_server,-1,DisplayDeviceConfig,requesting nits when no mapping exists.]
11-16 04:25:23.469 1504 1601 I am_wtf : [0,1504,system_server,-1,DisplayDeviceConfig,requesting nits when no mapping exists.]
11-16 04:25:23.470 1504 1601 I am_wtf : [0,1504,system_server,-1,DisplayDeviceConfig,requesting nits when no mapping exists.]
11-16 04:25:23.487 1504 1601 I am_wtf : [0,1504,system_server,-1,DisplayDeviceConfig,requesting nits when no mapping exists.]
11-16 04:25:23.488 1504 1601 I am_wtf : [0,1504,system_server,-1,DisplayDeviceConfig,requesting nits when no mapping exists.]
11-16 04:25:23.504 1504 1601 I am_wtf : [0,1504,system_server,-1,DisplayDeviceConfig,requesting nits when no mapping exists.]
11-16 04:25:23.505 1504 1601 I am_wtf : [0,1504,system_server,-1,DisplayDeviceConfig,requesting nits when no mapping exists.]
11-16 04:25:23.520 1504 1601 I am_wtf : [0,1504,system_server,-1,DisplayDeviceConfig,requesting nits when no mapping exists.]
11-16 04:25:23.521 1504 1601 I am_wtf : [0,1504,system_server,-1,DisplayDeviceConfig,requesting nits when no mapping exists.]
11-16 04:25:23.536 1504 1601 I am_wtf : [0,1504,system_server,-1,DisplayDeviceConfig,requesting nits when no mapping exists.]
11-16 04:25:23.537 1504 1601 I am_wtf : [0,1504,system_server,-1,DisplayDeviceConfig,requesting nits when no mapping exists.]
11-16 04:25:23.553 1504 1601 I am_wtf : [0,1504,system_server,-1,DisplayDeviceConfig,requesting nits when no mapping exists.]
11-16 04:25:23.554 1504 1601 I am_wtf : [0,1504,system_server,-1,DisplayDeviceConfig,requesting nits when no mapping exists.]
11-16 04:25:23.570 1504 1601 I am_wtf : [0,1504,system_server,-1,DisplayDeviceConfig,requesting nits when no mapping exists.]
11-16 04:25:23.571 1504 1601 I am_wtf : [0,1504,system_server,-1,DisplayDeviceConfig,requesting nits when no mapping exists.]
11-16 04:25:23.586 1504 1601 I am_wtf : [0,1504,system_server,-1,DisplayDeviceConfig,requesting nits when no mapping exists.]
11-16 04:25:23.587 1504 1601 I am_wtf : [0,1504,system_server,-1,DisplayDeviceConfig,requesting nits when no mapping exists.]
11-16 04:25:23.604 1504 1601 I am_wtf : [0,1504,system_server,-1,DisplayDeviceConfig,requesting nits when no mapping exists.]
11-16 04:25:23.604 1504 1601 I am_wtf : [0,1504,system_server,-1,DisplayDeviceConfig,requesting nits when no mapping exists.]
11-16 04:25:23.620 1504 1601 I am_wtf : [0,1504,system_server,-1,DisplayDeviceConfig,requesting nits when no mapping exists.]
11-16 04:25:23.621 1504 1601 I am_wtf : [0,1504,system_server,-1,DisplayDeviceConfig,requesting nits when no mapping exists.]
11-16 04:25:23.637 1504 1601 I am_wtf : [0,1504,system_server,-1,DisplayDeviceConfig,requesting nits when no mapping exists.]
11-16 04:25:23.637 1504 1601 I am_wtf : [0,1504,system_server,-1,DisplayDeviceConfig,requesting nits when no mapping exists.]
11-16 04:25:23.653 1504 1601 I am_wtf : [0,1504,system_server,-1,DisplayDeviceConfig,requesting nits when no mapping exists.]
11-16 04:25:23.654 1504 1601 I am_wtf : [0,1504,system_server,-1,DisplayDeviceConfig,requesting nits when no mapping exists.]
11-16 04:25:23.670 1504 1601 I am_wtf : [0,1504,system_server,-1,DisplayDeviceConfig,requesting nits when no mapping exists.]
11-16 04:25:23.671 1504 1601 I am_wtf : [0,1504,system_server,-1,DisplayDeviceConfig,requesting nits when no mapping exists.]
11-16 04:25:23.687 1504 1601 I am_wtf : [0,1504,system_server,-1,DisplayDeviceConfig,requesting nits when no mapping exists.]
11-16 04:25:23.688 1504 1601 I am_wtf : [0,1504,system_server,-1,DisplayDeviceConfig,requesting nits when no mapping exists.]
11-16 04:25:23.704 1504 1601 I am_wtf : [0,1504,system_server,-1,DisplayDeviceConfig,requesting nits when no mapping exists.]
11-16 04:25:23.704 1504 1601 I am_wtf : [0,1504,system_server,-1,DisplayDeviceConfig,requesting nits when no mapping exists.]
11-16 04:25:23.720 1504 1601 I am_wtf : [0,1504,system_server,-1,DisplayDeviceConfig,requesting nits when no mapping exists.]
11-16 04:25:23.721 1504 1601 I am_wtf : [0,1504,system_server,-1,DisplayDeviceConfig,requesting nits when no mapping exists.]
11-16 04:25:23.737 1504 1601 I am_wtf : [0,1504,system_server,-1,DisplayDeviceConfig,requesting nits when no mapping exists.]
11-16 04:25:23.737 1504 1601 I am_wtf : [0,1504,system_server,-1,DisplayDeviceConfig,requesting nits when no mapping exists.]
11-16 04:25:23.753 1504 1601 I am_wtf : [0,1504,system_server,-1,DisplayDeviceConfig,requesting nits when no mapping exists.]
11-16 04:25:23.754 1504 1601 I am_wtf : [0,1504,system_server,-1,DisplayDeviceConfig,requesting nits when no mapping exists.]
11-16 04:25:23.770 1504 1601 I am_wtf : [0,1504,system_server,-1,DisplayDeviceConfig,requesting nits when no mapping exists.]
11-16 04:25:23.771 1504 1601 I am_wtf : [0,1504,system_server,-1,DisplayDeviceConfig,requesting nits when no mapping exists.]
11-16 04:25:23.787 1504 1601 I am_wtf : [0,1504,system_server,-1,DisplayDeviceConfig,requesting nits when no mapping exists.]
11-16 04:25:23.788 1504 1601 I am_wtf : [0,1504,system_server,-1,DisplayDeviceConfig,requesting nits when no mapping exists.]
11-16 04:25:23.804 1504 1601 I am_wtf : [0,1504,system_server,-1,DisplayDeviceConfig,requesting nits when no mapping exists.]
11-16 04:25:23.804 1504 1601 I am_wtf : [0,1504,system_server,-1,DisplayDeviceConfig,requesting nits when no mapping exists.]
11-16 04:25:23.821 1504 1601 I am_wtf : [0,1504,system_server,-1,DisplayDeviceConfig,requesting nits when no mapping exists.]
11-16 04:25:23.822 1504 1601 I am_wtf : [0,1504,system_server,-1,DisplayDeviceConfig,requesting nits when no mapping exists.]
11-16 04:25:23.837 1504 1601 I am_wtf : [0,1504,system_server,-1,DisplayDeviceConfig,requesting nits when no mapping exists.]
11-16 04:25:23.838 1504 1601 I am_wtf : [0,1504,system_server,-1,DisplayDeviceConfig,requesting nits when no mapping exists.]
11-16 04:25:23.854 1504 1601 I am_wtf : [0,1504,system_server,-1,DisplayDeviceConfig,requesting nits when no mapping exists.]
11-16 04:25:23.856 1504 1601 I am_wtf : [0,1504,system_server,-1,DisplayDeviceConfig,requesting nits when no mapping exists.]
11-16 04:25:23.870 1504 1601 I am_wtf : [0,1504,system_server,-1,DisplayDeviceConfig,requesting nits when no mapping exists.]
11-16 04:25:23.872 1504 1601 I am_wtf : [0,1504,system_server,-1,DisplayDeviceConfig,requesting nits when no mapping exists.]
11-16 04:25:23.887 1504 1601 I am_wtf : [0,1504,system_server,-1,DisplayDeviceConfig,requesting nits when no mapping exists.]
11-16 04:25:23.888 1504 1601 I am_wtf : [0,1504,system_server,-1,DisplayDeviceConfig,requesting nits when no mapping exists.]
11-16 04:25:23.905 1504 1601 I am_wtf : [0,1504,system_server,-1,DisplayDeviceConfig,requesting nits when no mapping exists.]
11-16 04:25:23.905 1504 1601 I am_wtf : [0,1504,system_server,-1,DisplayDeviceConfig,requesting nits when no mapping exists.]
11-16 04:25:23.921 1504 1601 I am_wtf : [0,1504,system_server,-1,DisplayDeviceConfig,requesting nits when no mapping exists.]
11-16 04:25:23.922 1504 1601 I am_wtf : [0,1504,system_server,-1,DisplayDeviceConfig,requesting nits when no mapping exists.]
11-16 04:25:23.937 1504 1601 I am_wtf : [0,1504,system_server,-1,DisplayDeviceConfig,requesting nits when no mapping exists.]
11-16 04:25:23.938 1504 1601 I am_wtf : [0,1504,system_server,-1,DisplayDeviceConfig,requesting nits when no mapping exists.]
11-16 04:25:23.954 1504 1601 I am_wtf : [0,1504,system_server,-1,DisplayDeviceConfig,requesting nits when no mapping exists.]
11-16 04:25:23.954 1504 1601 I am_wtf : [0,1504,system_server,-1,DisplayDeviceConfig,requesting nits when no mapping exists.]
11-16 04:25:23.970 1504 1601 I am_wtf : [0,1504,system_server,-1,DisplayDeviceConfig,requesting nits when no mapping exists.]
11-16 04:25:23.971 1504 1601 I am_wtf : [0,1504,system_server,-1,DisplayDeviceConfig,requesting nits when no mapping exists.]
11-16 04:25:23.988 1504 1601 I am_wtf : [0,1504,system_server,-1,DisplayDeviceConfig,requesting nits when no mapping exists.]
11-16 04:25:23.989 1504 1601 I am_wtf : [0,1504,system_server,-1,DisplayDeviceConfig,requesting nits when no mapping exists.]
11-16 04:25:24.004 1504 1601 I am_wtf : [0,1504,system_server,-1,DisplayDeviceConfig,requesting nits when no mapping exists.]
11-16 04:25:24.006 1504 1601 I am_wtf : [0,1504,system_server,-1,DisplayDeviceConfig,requesting nits when no mapping exists.]
11-16 04:25:24.021 1504 1601 I am_wtf : [0,1504,system_server,-1,DisplayDeviceConfig,requesting nits when no mapping exists.]
11-16 04:25:24.022 1504 1601 I am_wtf : [0,1504,system_server,-1,DisplayDeviceConfig,requesting nits when no mapping exists.]
11-16 04:25:24.038 1504 1601 I am_wtf : [0,1504,system_server,-1,DisplayDeviceConfig,requesting nits when no mapping exists.]
11-16 04:25:24.039 1504 1601 I am_wtf : [0,1504,system_server,-1,DisplayDeviceConfig,requesting nits when no mapping exists.]
11-16 04:25:24.055 1504 1601 I am_wtf : [0,1504,system_server,-1,DisplayDeviceConfig,requesting nits when no mapping exists.]
11-16 04:25:24.057 1504 1601 I am_wtf : [0,1504,system_server,-1,DisplayDeviceConfig,requesting nits when no mapping exists.]
11-16 04:25:24.071 1504 1601 I am_wtf : [0,1504,system_server,-1,DisplayDeviceConfig,requesting nits when no mapping exists.]
11-16 04:25:24.072 1504 1601 I am_wtf : [0,1504,system_server,-1,DisplayDeviceConfig,requesting nits when no mapping exists.]
11-16 04:25:28.858 1504 1601 I am_uid_idle: 10064
11-16 04:25:30.120 1504 1568 I sysui_multi_action: [757,222,758,1]
11-16 04:25:30.123 1504 1568 I am_uid_active: 10051
11-16 04:25:30.126 1504 1598 I am_pss : [7581,10064,com.android.gallery3d,20511744,14405632,0,135348224,0,18,12]
11-16 04:25:30.137 1504 1598 I am_pss : [7565,10086,com.android.music,49753088,44634112,0,161583104,0,2,9]
11-16 04:25:30.141 1504 5765 I wm_task_created: [368,-1]
11-16 04:25:30.147 1504 5765 I wm_task_moved: [368,1,7]
11-16 04:25:30.147 1504 5765 I wm_task_to_front: [0,368]
11-16 04:25:30.147 1504 5765 I wm_create_task: [0,368]
11-16 04:25:30.147 1504 5765 I wm_create_activity: [0,68707082,368,com.thundercomm.screensaver/android.service.dreams.DreamActivity,NULL,NULL,NULL,276824064]
11-16 04:25:30.147 1504 5765 I wm_task_moved: [368,1,7]
11-16 04:25:30.147 7565 7565 I wm_on_top_resumed_lost_called: [183003259,com.android.music.VideoBrowserActivity,topStateChangedWhenResumed]
11-16 04:25:30.148 1504 5765 I wm_pause_activity: [0,183003259,com.android.music/.VideoBrowserActivity,userLeaving=true,pauseBackTasks]
11-16 04:25:30.153 7565 7565 I wm_on_paused_called: [183003259,com.android.music.VideoBrowserActivity,performPause]
11-16 04:25:30.162 1504 5765 I wm_add_to_stopping: [0,183003259,com.android.music/.VideoBrowserActivity,makeInvisible]
11-16 04:25:30.163 1504 5765 I wm_restart_activity: [0,68707082,368,com.thundercomm.screensaver/android.service.dreams.DreamActivity]
11-16 04:25:30.165 1504 5765 I wm_set_resumed_activity: [0,com.thundercomm.screensaver/android.service.dreams.DreamActivity,minimalResumeActivityLocked]
11-16 04:25:30.172 1504 1571 I sysui_multi_action: [757,803,799,window_time_0,802,61]
11-16 04:25:30.174 4192 4192 I wm_on_create_called: [68707082,android.service.dreams.DreamActivity,performCreate]
11-16 04:25:30.174 4192 4192 I wm_on_start_called: [68707082,android.service.dreams.DreamActivity,handleStartActivity]
11-16 04:25:30.175 4192 4192 I wm_on_resume_called: [68707082,android.service.dreams.DreamActivity,RESUME_ACTIVITY]
11-16 04:25:30.185 4192 4192 I wm_on_top_resumed_gained_called: [68707082,android.service.dreams.DreamActivity,topStateChangedWhenResumed]
11-16 04:25:30.209 1504 1572 I input_focus: [Focus request 361a5d6 com.thundercomm.screensaver/android.service.dreams.DreamActivity,reason=UpdateInputWindows]
11-16 04:25:30.212 1968 1968 I sysui_multi_action: [757,111,758,2]
11-16 04:25:30.213 1968 1968 I sysui_multi_action: [757,111,758,2]
11-16 04:25:30.213 1504 1504 I notification_enqueue: [10081,1968,com.android.systemui,2048,NULL,0,Notification(channel=updateNotification shortcut=null contentView=null vibrate=null sound=null defaults=0x0 flags=0x0 color=0x00000000 vis=PRIVATE),1]
11-16 04:25:30.220 1504 1682 I input_focus: [Focus leaving recents_animation_input_consumer (server),reason=Waiting for window because NOT_VISIBLE]
11-16 04:25:30.224 1504 1620 I sysui_multi_action: [757,1696,758,6,759,3]
11-16 04:25:30.225 1504 1568 I sysui_multi_action: [319,86,322,85,325,3719,757,761,758,8,759,2,806,com.thundercomm.screensaver,871,android.service.dreams.DreamActivity,904,com.thundercomm.screensaver,905,0,1320,4,1321,2]
11-16 04:25:30.229 1504 1568 I wm_activity_launch_time: [0,68707082,com.thundercomm.screensaver/android.service.dreams.DreamActivity,85]
11-16 04:25:30.237 1504 1601 I am_wtf : [0,1504,system_server,-1,DisplayDeviceConfig,requesting nits when no mapping exists.]
11-16 04:25:30.239 1504 1601 I am_wtf : [0,1504,system_server,-1,DisplayDeviceConfig,requesting nits when no mapping exists.]
11-16 04:25:30.242 1968 1968 I sysui_multi_action: [757,111,758,1]
11-16 04:25:30.242 1968 1968 I sysui_multi_action: [757,126,758,1,759,126,927,0,928,0,1593,0]
11-16 04:25:30.242 1968 1968 I sysui_multi_action: [757,113,758,1,759,113,927,1,928,1,1593,0]
11-16 04:25:30.242 1968 1968 I sysui_multi_action: [757,0,758,1,759,0,927,2,928,0,1593,0]
11-16 04:25:30.243 1968 1968 I sysui_multi_action: [757,0,758,1,759,0,927,3,928,0,1593,0]
11-16 04:25:30.243 1968 1968 I sysui_multi_action: [757,491,758,1,759,491,927,4,928,0,1311,-1,1593,0]
11-16 04:25:30.243 1968 1968 I sysui_multi_action: [757,0,758,1,759,0,927,5,928,0,1593,0]
11-16 04:25:30.244 1968 1968 I sysui_multi_action: [757,111,758,1]
11-16 04:25:30.244 1968 1968 I sysui_multi_action: [757,126,758,1,759,126,927,0,928,0,1593,0]
11-16 04:25:30.244 1968 1968 I sysui_multi_action: [757,113,758,1,759,113,927,1,928,1,1593,0]
