11-16 05:25:23.922 1504 1572 I input_focus: [Focus request 5c398f7 com.android.music/com.android.music.MusicBrowserActivity,reason=UpdateInputWindows]
11-16 05:25:23.932 1504 1568 I wm_activity_launch_time: [0,48741270,com.android.music/.MusicBrowserActivity,174]
11-16 05:25:23.935 1504 1682 I input_focus: [Focus leaving a2d7809 com.android.music/com.android.music.VideoBrowserActivity (server),reason=Waiting for window because NOT_VISIBLE]
11-16 05:25:23.935 1504 1504 I notification_enqueue: [10086,9046,com.android.music,1,NULL,0,Notification(channel=Channel-music shortcut=null contentView=null vibrate=null sound=null defaults=0x0 flags=0x40 color=0x00000000 category=transport actions=3 vis=PRIVATE),0]
11-16 05:25:23.938 1504 1504 I notification_enqueue: [10086,9046,com.android.music,1,NULL,0,Notification(channel=Channel-music shortcut=null contentView=null vibrate=null sound=null defaults=0x0 flags=0x40 color=0x00000000 category=transport actions=3 vis=PRIVATE),0]
11-16 05:25:23.942 1504 1504 I sysui_multi_action: [757,128,758,5,759,8,793,37,794,0,795,37,796,1,806,com.android.music,857,Channel-music,858,2,947,0,1500,37,1641,transport,1688,1,1745,1043716538]
11-16 05:25:23.942 1504 1504 I notification_canceled: [0|com.android.music|1|null|10086,8,37,37,0,-1,-1,NULL]
11-16 05:25:23.954 1504 1682 I input_focus: [Focus entering 5c398f7 com.android.music/com.android.music.MusicBrowserActivity (server),reason=Window became focusable. Previous reason: NOT_VISIBLE]
11-16 05:25:24.164 1504 1570 I commit_sys_config_file: [notification-policy,7303623]
11-16 05:25:24.387 1504 1571 I wm_stop_activity: [0,50203839,com.android.launcher3/.uioverrides.QuickstepLauncher]
11-16 05:25:24.436 2496 2496 I wm_on_stop_called: [50203839,com.android.launcher3.uioverrides.QuickstepLauncher,STOP_ACTIVITY_ITEM]
11-16 05:25:24.980 1504 1682 I input_interaction: Interaction with: 5c398f7 com.android.music/com.android.music.MusicBrowserActivity (server), edge-swipe (server), swipe-up (server), PointerEventDispatcher0 (server),
11-16 05:25:24.996 1504 1534 I wm_task_moved: [280,0,0]
11-16 05:25:24.997 1504 1534 I wm_task_moved: [280,0,6]
11-16 05:25:25.019 2496 2496 I wm_on_restart_called: [50203839,com.android.launcher3.uioverrides.QuickstepLauncher,performRestartActivity]
11-16 05:25:25.020 1504 1534 I wm_finish_activity: [0,80262747,395,com.android.music/.VideoBrowserActivity,app-request]
11-16 05:25:25.033 1504 1534 I wm_pause_activity: [0,80262747,com.android.music/.VideoBrowserActivity,userLeaving=false,finish]
11-16 05:25:25.036 9046 9046 I wm_on_paused_called: [80262747,com.android.music.VideoBrowserActivity,performPause]
11-16 05:25:25.037 1504 6131 I wm_destroy_activity: [0,80262747,395,com.android.music/.VideoBrowserActivity,finish-imm:completePausedLocked]
11-16 05:25:25.045 9046 9046 I wm_on_stop_called: [80262747,com.android.music.VideoBrowserActivity,LIFECYCLER_STOP_ACTIVITY]
11-16 05:25:25.046 1504 1571 I sysui_multi_action: [757,803,799,window_time_0,802,1]
11-16 05:25:25.047 9046 9046 I wm_on_destroy_called: [80262747,com.android.music.VideoBrowserActivity,performDestroy]
11-16 05:25:25.056 1504 1534 I wm_task_removed: [395,removeChild:removeChild last r=ActivityRecord{4c8b65b u0 com.android.music/.VideoBrowserActivity t-1 f}} in t=Task{d0216a #395 type=standard A=10086:android.task.video U=0 visible=false mode=freeform translucent=true sz=0}]
11-16 05:25:25.056 1504 1534 I wm_task_removed: [395,removeChild]
11-16 05:25:25.059 2496 2496 I wm_on_start_called: [50203839,com.android.launcher3.uioverrides.QuickstepLauncher,handleStartActivity]
11-16 05:25:25.080 1504 1568 I sysui_multi_action: [319,10,322,76,325,7314,757,761,758,9,759,5,806,com.android.launcher3,871,com.android.launcher3.uioverrides.QuickstepLauncher,904,com.android.launcher3,905,0,1320,8,1321,5]
11-16 05:25:25.084 9046 9046 I view_enqueue_input_event: [Motion - Cancel,com.android.music/com.android.music.MusicBrowserActivity]
11-16 05:25:25.084 2496 2496 I sysui_latency: [1,88]
11-16 05:25:25.090 1504 1572 I input_focus: [Focus request recents_animation_input_consumer,reason=UpdateInputWindows]
11-16 05:25:25.095 1504 1682 I input_interaction: Interaction with: edge-swipe (server), swipe-up (server), PointerEventDispatcher0 (server),
11-16 05:25:25.121 1504 1682 I input_focus: [Focus leaving 5c398f7 com.android.music/com.android.music.MusicBrowserActivity (server),reason=NOT_FOCUSABLE]
11-16 05:25:25.121 1504 1682 I input_focus: [Focus entering recents_animation_input_consumer (server),reason=setFocusedWindow]
11-16 05:25:25.264 1504 1666 I commit_sys_config_file: [settings-1-0,4]
11-16 05:25:25.297 1504 1504 I service_manager_stats: [100,91,47135]
11-16 05:25:25.374 1504 1598 I sysui_latency: [8,86]
11-16 05:25:26.612 1504 1666 I commit_sys_config_file: [settings-1-0,5]
11-16 05:25:27.348 1504 1682 I input_interaction: Interaction with: e1de84c com.android.launcher3/com.android.launcher3.uioverrides.QuickstepLauncher (server), edge-swipe (server), swipe-up (server), PointerEventDispatcher0 (server),
11-16 05:25:28.681 1504 6131 I wm_task_moved: [280,1,6]
11-16 05:25:28.685 1504 6131 I wm_focused_root_task: [0,0,280,396,RecentsAnimation.onAnimationFinished()]
11-16 05:25:28.685 9046 9046 I wm_on_top_resumed_lost_called: [48741270,com.android.music.MusicBrowserActivity,topStateChangedWhenResumed]
11-16 05:25:28.690 1504 6131 I wm_pause_activity: [0,48741270,com.android.music/.MusicBrowserActivity,userLeaving=false,pauseBackTasks]
11-16 05:25:28.692 1504 6131 I wm_set_resumed_activity: [0,com.android.launcher3/.uioverrides.QuickstepLauncher,resumeTopActivityInnerLocked]
11-16 05:25:28.694 1504 6131 I wm_resume_activity: [0,50203839,281,com.android.launcher3/.uioverrides.QuickstepLauncher]
11-16 05:25:28.695 1504 6131 I wm_add_to_stopping: [0,48741270,com.android.music/.MusicBrowserActivity,makeInvisible]
11-16 05:25:28.702 2496 2496 I wm_on_resume_called: [50203839,com.android.launcher3.uioverrides.QuickstepLauncher,RESUME_ACTIVITY]
11-16 05:25:28.704 1504 1572 I input_focus: [Focus request e1de84c com.android.launcher3/com.android.launcher3.uioverrides.QuickstepLauncher,reason=UpdateInputWindows]
11-16 05:25:28.706 9046 9046 I wm_on_paused_called: [48741270,com.android.music.MusicBrowserActivity,performPause]
11-16 05:25:28.709 1504 2504 I wm_stop_activity: [0,48741270,com.android.music/.MusicBrowserActivity]
11-16 05:25:28.714 1504 1682 I input_focus: [Focus leaving recents_animation_input_consumer (server),reason=NOT_VISIBLE]
11-16 05:25:28.714 1504 1682 I input_focus: [Focus entering e1de84c com.android.launcher3/com.android.launcher3.uioverrides.QuickstepLauncher (server),reason=setFocusedWindow]
11-16 05:25:28.717 1504 1571 I sysui_multi_action: [757,803,799,window_time_0,802,4]
11-16 05:25:28.720 2496 2496 I wm_on_top_resumed_gained_called: [50203839,com.android.launcher3.uioverrides.QuickstepLauncher,topStateChangedWhenResumed]
11-16 05:25:28.722 9046 9046 I wm_on_stop_called: [48741270,com.android.music.MusicBrowserActivity,STOP_ACTIVITY_ITEM]
11-16 05:25:28.769 1504 1682 I input_interaction: Interaction with: e1de84c com.android.launcher3/com.android.launcher3.uioverrides.QuickstepLauncher (server), c74be60 com.android.systemui.ImageWallpaper (server), edge-swipe (server), swipe-up (server), PointerEventDispatcher0 (server),
11-16 05:25:28.805 1504 6131 I wm_finish_activity: [0,48741270,396,com.android.music/.MusicBrowserActivity,recent-task-trimmed]
11-16 05:25:28.807 1504 6131 I wm_destroy_activity: [0,48741270,396,com.android.music/.MusicBrowserActivity,finish-imm:finishIfPossible]
11-16 05:25:28.811 1504 1571 I sysui_multi_action: [757,803,799,window_time_0,802,0]
11-16 05:25:28.818 9046 9046 I wm_on_destroy_called: [48741270,com.android.music.MusicBrowserActivity,performDestroy]
11-16 05:25:28.827 1504 1534 I wm_task_removed: [396,removeChild:removeChild last r=ActivityRecord{2e7bb96 u0 com.android.music/.MusicBrowserActivity t-1 f}} in t=Task{9ef50a5 #396 type=standard A=10086:android.task.music U=0 visible=false mode=fullscreen translucent=true sz=0}]
11-16 05:25:28.827 1504 1534 I wm_task_removed: [396,removeChild]
11-16 05:25:28.835 1504 1601 I am_uid_running: 10031
11-16 05:25:28.842 1504 1534 I sysui_multi_action: [757,856,758,2,806,com.android.music,857,Channel-music,858,2]
11-16 05:25:28.844 1504 1504 I notification_cancel_all: [1000,1504,com.android.music,0,0,0,20,NULL]
11-16 05:25:28.849 1504 1603 I am_proc_start: [0,9107,10031,com.android.musicfx,broadcast,{com.android.musicfx/com.android.musicfx.ControlPanelReceiver}]
11-16 05:25:28.875 1504 1534 I am_proc_bound: [0,9107,com.android.musicfx]
11-16 05:25:29.109 1504 1570 I commit_sys_config_file: [notification-policy,7308567]
11-16 05:25:30.684 1504 2504 I wm_task_created: [397,-1]
11-16 05:25:30.692 1504 2504 I wm_task_moved: [397,1,6]
11-16 05:25:30.693 1504 2504 I wm_task_to_front: [0,397]
11-16 05:25:30.693 1504 2504 I wm_create_task: [0,397]
11-16 05:25:30.693 1504 2504 I wm_create_activity: [0,38167951,397,com.android.gallery3d/.app.GalleryActivity,NULL,NULL,NULL,268468224]
11-16 05:25:30.693 1504 2504 I wm_task_moved: [397,1,6]
11-16 05:25:30.696 1504 2504 I wm_restart_activity: [0,38167951,397,com.android.gallery3d/.app.GalleryActivity]
11-16 05:25:30.698 1504 2504 I wm_set_resumed_activity: [0,com.android.gallery3d/.app.GalleryActivity,minimalResumeActivityLocked]
11-16 05:25:30.708 1504 1571 I am_uid_active: 10064
11-16 05:25:30.716 2496 2496 I wm_on_top_resumed_lost_called: [50203839,com.android.launcher3.uioverrides.QuickstepLauncher,topStateChangedWhenResumed]
11-16 05:25:30.761 9032 9032 I wm_on_create_called: [38167951,com.android.gallery3d.app.GalleryActivity,performCreate]
11-16 05:25:30.763 9032 9032 I wm_on_start_called: [38167951,com.android.gallery3d.app.GalleryActivity,handleStartActivity]
11-16 05:25:30.769 9032 9032 I wm_on_resume_called: [38167951,com.android.gallery3d.app.GalleryActivity,RESUME_ACTIVITY]
11-16 05:25:30.776 9032 9032 I wm_on_top_resumed_gained_called: [38167951,com.android.gallery3d.app.GalleryActivity,topStateChangedWhenResumed]
11-16 05:25:30.790 1504 1572 I input_focus: [Focus request 53cf59b com.android.gallery3d/com.android.gallery3d.app.GalleryActivity,reason=UpdateInputWindows]
11-16 05:25:30.819 1504 1682 I input_focus: [Focus leaving e1de84c com.android.launcher3/com.android.launcher3.uioverrides.QuickstepLauncher (server),reason=Waiting for window because NOT_VISIBLE]
11-16 05:25:30.856 1504 1568 I sysui_multi_action: [319,178,322,177,325,7320,757,761,758,8,759,2,806,com.android.gallery3d,871,com.android.gallery3d.app.GalleryActivity,904,com.android.launcher3,905,0,1320,4,1321,1]
11-16 05:25:30.857 1504 1568 I wm_activity_launch_time: [0,38167951,com.android.gallery3d/.app.GalleryActivity,177]
11-16 05:25:30.869 1504 1682 I input_focus: [Focus entering 53cf59b com.android.gallery3d/com.android.gallery3d.app.GalleryActivity (server),reason=Window became focusable. Previous reason: NOT_VISIBLE]
11-16 05:25:31.568 1504 1534 I wm_task_created: [398,-1]
11-16 05:25:31.574 1504 1534 I wm_task_moved: [398,1,7]
11-16 05:25:31.574 1504 1534 I wm_task_to_front: [0,398]
11-16 05:25:31.575 1504 1534 I wm_create_task: [0,398]
11-16 05:25:31.575 1504 1534 I wm_create_activity: [0,265318666,398,com.android.music/.VideoBrowserActivity,android.intent.action.MAIN,NULL,NULL,270532608]
11-16 05:25:31.575 1504 1534 I wm_task_moved: [398,1,7]
11-16 05:25:31.578 1504 1534 I wm_pause_activity: [0,50203839,com.android.launcher3/.uioverrides.QuickstepLauncher,userLeaving=true,pauseBackTasks]
11-16 05:25:31.582 9032 9032 I wm_on_top_resumed_lost_called: [38167951,com.android.gallery3d.app.GalleryActivity,topStateChangedWhenResumed]
11-16 05:25:31.590 2496 2496 I wm_on_paused_called: [50203839,com.android.launcher3.uioverrides.QuickstepLauncher,performPause]
11-16 05:25:31.613 1504 1534 I wm_add_to_stopping: [0,50203839,com.android.launcher3/.uioverrides.QuickstepLauncher,makeInvisible]
11-16 05:25:31.614 1504 1534 I wm_restart_activity: [0,265318666,398,com.android.music/.VideoBrowserActivity]
11-16 05:25:31.617 1504 1534 I wm_set_resumed_activity: [0,com.android.music/.VideoBrowserActivity,minimalResumeActivityLocked]
11-16 05:25:31.641 1504 1571 I sysui_multi_action: [757,803,799,window_time_0,802,3]
11-16 05:25:31.654 9046 9046 I wm_on_create_called: [265318666,com.android.music.VideoBrowserActivity,performCreate]
11-16 05:25:31.655 9046 9046 I wm_on_start_called: [265318666,com.android.music.VideoBrowserActivity,handleStartActivity]
11-16 05:25:31.655 9046 9046 I wm_on_resume_called: [265318666,com.android.music.VideoBrowserActivity,RESUME_ACTIVITY]
11-16 05:25:31.657 9046 9046 I wm_on_top_resumed_gained_called: [265318666,com.android.music.VideoBrowserActivity,topStateChangedWhenResumed]
11-16 05:25:31.662 1504 1572 I input_focus: [Focus request 3a8a829 com.android.music/com.android.music.VideoBrowserActivity,reason=UpdateInputWindows]
11-16 05:25:31.675 1504 1568 I sysui_multi_action: [319,77,321,73,322,115,325,7321,757,761,758,8,759,1,806,com.android.music,871,com.android.music.VideoBrowserActivity,904,com.android.launcher3,905,0,1320,4,1321,5]
11-16 05:25:31.676 1504 1568 I wm_activity_launch_time: [0,265318666,com.android.music/.VideoBrowserActivity,115]
11-16 05:25:31.688 1504 1682 I input_focus: [Focus leaving 53cf59b com.android.gallery3d/com.android.gallery3d.app.GalleryActivity (server),reason=setFocusedWindow]
11-16 05:25:31.688 1504 1682 I input_focus: [Focus entering 3a8a829 com.android.music/com.android.music.VideoBrowserActivity (server),reason=setFocusedWindow]
11-16 05:25:32.205 1504 1571 I wm_stop_activity: [0,50203839,com.android.launcher3/.uioverrides.QuickstepLauncher]
11-16 05:25:32.264 2496 2496 I wm_on_stop_called: [50203839,com.android.launcher3.uioverrides.QuickstepLauncher,STOP_ACTIVITY_ITEM]
11-16 05:25:33.071 1504 1682 I input_interaction: Interaction with: 3a8a829 com.android.music/com.android.music.VideoBrowserActivity (server), edge-swipe (server), swipe-up (server), PointerEventDispatcher0 (server),
11-16 05:25:33.083 1504 6921 I wm_task_moved: [280,0,0]
11-16 05:25:33.083 1504 6921 I wm_task_moved: [280,0,6]
11-16 05:25:33.088 2496 2496 I wm_on_restart_called: [50203839,com.android.launcher3.uioverrides.QuickstepLauncher,performRestartActivity]
11-16 05:25:33.090 1504 4613 I wm_finish_activity: [0,38167951,397,com.android.gallery3d/.app.GalleryActivity,app-request]
11-16 05:25:33.106 1504 4613 I wm_pause_activity: [0,38167951,com.android.gallery3d/.app.GalleryActivity,userLeaving=false,finish]
11-16 05:25:33.119 9032 9032 I wm_on_paused_called: [38167951,com.android.gallery3d.app.GalleryActivity,performPause]
11-16 05:25:33.121 1504 6131 I wm_destroy_activity: [0,38167951,397,com.android.gallery3d/.app.GalleryActivity,finish-imm:completePausedLocked]
11-16 05:25:33.136 2496 2496 I wm_on_start_called: [50203839,com.android.launcher3.uioverrides.QuickstepLauncher,handleStartActivity]
11-16 05:25:33.137 9046 9046 I view_enqueue_input_event: [Motion - Cancel,com.android.music/com.android.music.VideoBrowserActivity]
11-16 05:25:33.138 1504 1571 I sysui_multi_action: [757,803,799,window_time_0,802,1]
11-16 05:25:33.140 9032 9032 I wm_on_stop_called: [38167951,com.android.gallery3d.app.GalleryActivity,LIFECYCLER_STOP_ACTIVITY]
11-16 05:25:33.142 1504 1682 I input_interaction: Interaction with: edge-swipe (server), swipe-up (server), PointerEventDispatcher0 (server),
11-16 05:25:33.145 2496 2496 I sysui_latency: [1,80]
11-16 05:25:33.147 1504 1572 I input_focus: [Focus request recents_animation_input_consumer,reason=UpdateInputWindows]
11-16 05:25:33.148 9032 9032 I wm_on_destroy_called: [38167951,com.android.gallery3d.app.GalleryActivity,performDestroy]
11-16 05:25:33.158 1504 1682 I input_focus: [Focus leaving 3a8a829 com.android.music/com.android.music.VideoBrowserActivity (server),reason=NOT_FOCUSABLE]
11-16 05:25:33.158 1504 1682 I input_focus: [Focus entering recents_animation_input_consumer (server),reason=setFocusedWindow]
11-16 05:25:33.158 1504 1568 I sysui_multi_action: [319,6,322,67,325,7322,757,761,758,9,759,5,806,com.android.launcher3,871,com.android.launcher3.uioverrides.QuickstepLauncher,904,com.android.launcher3,905,0,1320,8,1321,5]
11-16 05:25:33.168 1504 2505 I wm_task_removed: [397,removeChild:removeChild last r=ActivityRecord{246658f u0 com.android.gallery3d/.app.GalleryActivity t-1 f}} in t=Task{7cefcee #397 type=standard A=10064:com.android.gallery3d U=0 visible=false mode=freeform translucent=true sz=0}]
11-16 05:25:33.168 1504 2505 I wm_task_removed: [397,removeChild]
11-16 05:25:33.339 1504 1666 I commit_sys_config_file: [settings-1-0,3]
11-16 05:25:33.451 1504 1598 I sysui_latency: [8,73]
11-16 05:25:34.361 1504 1666 I commit_sys_config_file: [settings-1-0,5]
11-16 05:25:36.058 1504 1682 I input_interaction: Interaction with: e1de84c com.android.launcher3/com.android.launcher3.uioverrides.QuickstepLauncher (server), edge-swipe (server), swipe-up (server), PointerEventDispatcher0 (server),
11-16 05:25:36.493 1504 2505 I wm_task_moved: [280,1,6]
11-16 05:25:36.495 1504 2505 I wm_focused_root_task: [0,0,280,398,RecentsAnimation.onAnimationFinished()]
11-16 05:25:36.496 9046 9046 I wm_on_top_resumed_lost_called: [265318666,com.android.music.VideoBrowserActivity,topStateChangedWhenResumed]
11-16 05:25:36.499 1504 2505 I wm_pause_activity: [0,265318666,com.android.music/.VideoBrowserActivity,userLeaving=false,pauseBackTasks]
11-16 05:25:36.503 1504 2505 I wm_set_resumed_activity: [0,com.android.launcher3/.uioverrides.QuickstepLauncher,resumeTopActivityInnerLocked]
11-16 05:25:36.507 1504 2505 I wm_resume_activity: [0,50203839,281,com.android.launcher3/.uioverrides.QuickstepLauncher]
11-16 05:25:36.508 1504 2505 I wm_add_to_stopping: [0,265318666,com.android.music/.VideoBrowserActivity,makeInvisible]
11-16 05:25:36.519 1504 1572 I input_focus: [Focus request e1de84c com.android.launcher3/com.android.launcher3.uioverrides.QuickstepLauncher,reason=UpdateInputWindows]
11-16 05:25:36.521 9046 9046 I wm_on_paused_called: [265318666,com.android.music.VideoBrowserActivity,performPause]
11-16 05:25:36.527 1504 1571 I wm_stop_activity: [0,265318666,com.android.music/.VideoBrowserActivity]
11-16 05:25:36.528 1504 1571 I sysui_multi_action: [757,803,799,window_time_0,802,4]
11-16 05:25:36.529 2496 2496 I wm_on_resume_called: [50203839,com.android.launcher3.uioverrides.QuickstepLauncher,RESUME_ACTIVITY]
11-16 05:25:36.533 2496 2496 I wm_on_top_resumed_gained_called: [50203839,com.android.launcher3.uioverrides.QuickstepLauncher,topStateChangedWhenResumed]
11-16 05:25:36.537 1504 1682 I input_focus: [Focus leaving recents_animation_input_consumer (server),reason=NOT_VISIBLE]
11-16 05:25:36.537 1504 1682 I input_focus: [Focus entering e1de84c com.android.launcher3/com.android.launcher3.uioverrides.QuickstepLauncher (server),reason=setFocusedWindow]
11-16 05:25:36.541 9046 9046 I wm_on_stop_called: [265318666,com.android.music.VideoBrowserActivity,STOP_ACTIVITY_ITEM]
11-16 05:25:36.586 1504 1571 I am_kill : [0,9032,com.android.gallery3d,900,remove task]
11-16 05:25:36.586 1504 1571 I sysui_multi_action: [757,803,799,window_time_0,802,0]
11-16 05:25:36.620 1504 1534 I am_proc_died: [0,9032,com.android.gallery3d,900,18]
11-16 05:25:36.621 1504 1534 I am_uid_stopped: 10064
11-16 05:25:36.626 1504 1571 I am_uid_running: 10064
11-16 05:25:36.630 1504 1534 I wm_finish_activity: [0,265318666,398,com.android.music/.VideoBrowserActivity,recent-task-trimmed]
11-16 05:25:36.630 1504 1534 I wm_destroy_activity: [0,265318666,398,com.android.music/.VideoBrowserActivity,finish-imm:finishIfPossible]
11-16 05:25:36.631 1504 1571 I am_kill : [0,9046,com.android.music,900,remove task]
11-16 05:25:36.632 1504 1603 I am_proc_start: [0,9162,10064,com.android.gallery3d,NULL,]
11-16 05:25:36.633 1504 1571 I sysui_multi_action: [757,803,799,window_time_0,802,0]
11-16 05:25:36.650 1504 1534 I am_proc_bound: [0,9162,com.android.gallery3d]
11-16 05:25:36.674 1504 2101 I am_proc_died: [0,9046,com.android.music,900,18]
11-16 05:25:36.680 1504 2101 I am_uid_stopped: 10086
11-16 05:25:36.683 1504 2101 I wm_task_removed: [398,removeChild:removeChild last r=ActivityRecord{fd0710a u0 com.android.music/.VideoBrowserActivity t-1 f}} in t=Task{76a5657 #398 type=standard A=10086:android.task.video U=0 visible=false mode=fullscreen translucent=true sz=0}]
11-16 05:25:36.683 1504 2101 I wm_task_removed: [398,removeChild]
11-16 05:25:36.690 1504 1571 I am_uid_running: 10086
11-16 05:25:36.699 1504 1603 I am_proc_start: [0,9178,10086,com.android.music,NULL,]
11-16 05:25:36.728 1504 2101 I am_proc_bound: [0,9178,com.android.music]
11-16 05:25:37.184 1504 1682 I input_interaction: Interaction with: e1de84c com.android.launcher3/com.android.launcher3.uioverrides.QuickstepLauncher (server), c74be60 com.android.systemui.ImageWallpaper (server), edge-swipe (server), swipe-up (server), PointerEventDispatcher0 (server),
11-16 05:25:38.448 1504 2101 I wm_task_created: [399,-1]
11-16 05:25:38.455 1504 2101 I wm_task_moved: [399,1,6]
11-16 05:25:38.455 1504 2101 I wm_task_to_front: [0,399]
11-16 05:25:38.456 1504 2101 I wm_create_task: [0,399]
11-16 05:25:38.456 1504 2101 I wm_create_activity: [0,114971669,399,com.android.gallery3d/.app.GalleryActivity,NULL,NULL,NULL,268468224]
11-16 05:25:38.456 1504 2101 I wm_task_moved: [399,1,6]
11-16 05:25:38.460 1504 2101 I wm_restart_activity: [0,114971669,399,com.android.gallery3d/.app.GalleryActivity]
11-16 05:25:38.461 1504 2101 I wm_set_resumed_activity: [0,com.android.gallery3d/.app.GalleryActivity,minimalResumeActivityLocked]
11-16 05:25:38.469 1504 1571 I am_uid_active: 10064
11-16 05:25:38.476 2496 2496 I wm_on_top_resumed_lost_called: [50203839,com.android.launcher3.uioverrides.QuickstepLauncher,topStateChangedWhenResumed]
11-16 05:25:38.509 9162 9162 I wm_on_create_called: [114971669,com.android.gallery3d.app.GalleryActivity,performCreate]
11-16 05:25:38.510 9162 9162 I wm_on_start_called: [114971669,com.android.gallery3d.app.GalleryActivity,handleStartActivity]
11-16 05:25:38.514 9162 9162 I wm_on_resume_called: [114971669,com.android.gallery3d.app.GalleryActivity,RESUME_ACTIVITY]
11-16 05:25:38.518 9162 9162 I wm_on_top_resumed_gained_called: [114971669,com.android.gallery3d.app.GalleryActivity,topStateChangedWhenResumed]
11-16 05:25:38.522 1504 1572 I input_focus: [Focus request e5b9b0b com.android.gallery3d/com.android.gallery3d.app.GalleryActivity,reason=UpdateInputWindows]
11-16 05:25:38.554 1504 1682 I input_focus: [Focus leaving e1de84c com.android.launcher3/com.android.launcher3.uioverrides.QuickstepLauncher (server),reason=Waiting for window because NOT_VISIBLE]
11-16 05:25:38.594 1504 1568 I sysui_multi_action: [319,153,322,152,325,7327,757,761,758,8,759,2,806,com.android.gallery3d,871,com.android.gallery3d.app.GalleryActivity,904,com.android.launcher3,905,0,1320,4,1321,1]
11-16 05:25:38.596 1504 1568 I wm_activity_launch_time: [0,114971669,com.android.gallery3d/.app.GalleryActivity,152]
11-16 05:25:38.604 1504 1682 I input_focus: [Focus entering e5b9b0b com.android.gallery3d/com.android.gallery3d.app.GalleryActivity (server),reason=Window became focusable. Previous reason: NOT_VISIBLE]
11-16 05:25:39.289 1504 6110 I wm_task_created: [400,-1]
11-16 05:25:39.293 1504 6110 I wm_task_moved: [400,1,7]
11-16 05:25:39.293 1504 6110 I wm_task_to_front: [0,400]
11-16 05:25:39.293 1504 6110 I wm_create_task: [0,400]
11-16 05:25:39.293 1504 6110 I wm_create_activity: [0,53262940,400,com.android.music/.MusicBrowserActivity,android.intent.action.MAIN,NULL,NULL,270532608]
11-16 05:25:39.293 1504 6110 I wm_task_moved: [400,1,7]
11-16 05:25:39.294 9162 9162 I wm_on_top_resumed_lost_called: [114971669,com.android.gallery3d.app.GalleryActivity,topStateChangedWhenResumed]
11-16 05:25:39.296 1504 6110 I wm_pause_activity: [0,50203839,com.android.launcher3/.uioverrides.QuickstepLauncher,userLeaving=true,pauseBackTasks]
11-16 05:25:39.306 2496 2496 I wm_on_paused_called: [50203839,com.android.launcher3.uioverrides.QuickstepLauncher,performPause]
11-16 05:25:39.320 1504 6110 I wm_add_to_stopping: [0,50203839,com.android.launcher3/.uioverrides.QuickstepLauncher,makeInvisible]
11-16 05:25:39.321 1504 6110 I wm_restart_activity: [0,53262940,400,com.android.music/.MusicBrowserActivity]
11-16 05:25:39.322 1504 6110 I wm_set_resumed_activity: [0,com.android.music/.MusicBrowserActivity,minimalResumeActivityLocked]
11-16 05:25:39.330 1504 1571 I am_uid_active: 10086
11-16 05:25:39.336 1504 1571 I sysui_multi_action: [757,803,799,window_time_0,802,2]
11-16 05:25:39.388 9178 9178 I wm_on_create_called: [53262940,com.android.music.MusicBrowserActivity,performCreate]
11-16 05:25:39.402 9178 9178 I wm_on_start_called: [53262940,com.android.music.MusicBrowserActivity,handleStartActivity]
11-16 05:25:39.402 9178 9178 I wm_on_resume_called: [53262940,com.android.music.MusicBrowserActivity,RESUME_ACTIVITY]
11-16 05:25:39.407 9178 9178 I wm_on_top_resumed_gained_called: [53262940,com.android.music.MusicBrowserActivity,topStateChangedWhenResumed]
11-16 05:25:39.426 1504 2101 I sysui_multi_action: [757,856,758,1,806,com.android.music,857,Channel-music,858,2]
11-16 05:25:39.431 1504 1504 I notification_enqueue: [10086,9178,com.android.music,1,NULL,0,Notification(channel=Channel-music shortcut=null contentView=null vibrate=null sound=null defaults=0x0 flags=0x0 color=0x00000000 category=transport actions=3 vis=PRIVATE),0]
11-16 05:25:39.434 1504 1504 I notification_enqueue: [10086,9178,com.android.music,1,NULL,0,Notification(channel=Channel-music shortcut=null contentView=null vibrate=null sound=null defaults=0x0 flags=0x40 color=0x00000000 category=transport actions=3 vis=PRIVATE),0]
11-16 05:25:39.438 1504 1504 I notification_enqueue: [10086,9178,com.android.music,1,NULL,0,Notification(channel=Channel-music shortcut=null contentView=null vibrate=null sound=null defaults=0x0 flags=0x40 color=0x00000000 category=transport actions=3 vis=PRIVATE),0]
11-16 05:25:39.440 1504 1504 I notification_enqueue: [10086,9178,com.android.music,1,NULL,0,Notification(channel=Channel-music shortcut=null contentView=null vibrate=null sound=null defaults=0x0 flags=0x40 color=0x00000000 category=transport actions=3 vis=PRIVATE),0]
11-16 05:25:39.444 1504 1504 I notification_enqueue: [10086,9178,com.android.music,1,NULL,0,Notification(channel=Channel-music shortcut=null contentView=null vibrate=null sound=null defaults=0x0 flags=0x40 color=0x00000000 category=transport actions=3 vis=PRIVATE),0]
11-16 05:25:39.450 1504 1572 I input_focus: [Focus request a2b58fd com.android.music/com.android.music.MusicBrowserActivity,reason=UpdateInputWindows]
11-16 05:25:39.451 1504 1504 I notification_enqueue: [10086,9178,com.android.music,1,NULL,0,Notification(channel=Channel-music shortcut=null contentView=null vibrate=null sound=null defaults=0x0 flags=0x40 color=0x00000000 category=transport actions=3 vis=PRIVATE),0]
11-16 05:25:39.458 1504 1682 I input_focus: [Focus leaving e5b9b0b com.android.gallery3d/com.android.gallery3d.app.GalleryActivity (server),reason=Waiting for window because NOT_VISIBLE]
11-16 05:25:39.484 1504 1504 I sysui_multi_action: [757,128,758,5,759,8,793,54,794,0,795,54,796,1,806,com.android.music,857,Channel-music,858,2,947,0,1500,54,1641,transport,1688,1,1745,1043716538]
11-16 05:25:39.484 1504 1504 I notification_canceled: [0|com.android.music|1|null|10086,8,54,54,0,-1,-1,NULL]
11-16 05:25:39.487 1504 1568 I sysui_multi_action: [319,71,321,67,322,201,325,7328,757,761,758,8,759,1,806,com.android.music,871,com.android.music.MusicBrowserActivity,904,com.android.launcher3,905,0,1320,4,1321,5]
11-16 05:25:39.490 1504 1568 I wm_activity_launch_time: [0,53262940,com.android.music/.MusicBrowserActivity,201]
11-16 05:25:39.493 1504 1682 I input_focus: [Focus entering a2b58fd com.android.music/com.android.music.MusicBrowserActivity (server),reason=Window became focusable. Previous reason: NOT_VISIBLE]
11-16 05:25:39.682 1504 1570 I commit_sys_config_file: [notification-policy,7319141]
11-16 05:25:39.922 1504 1571 I wm_stop_activity: [0,50203839,com.android.launcher3/.uioverrides.QuickstepLauncher]
11-16 05:25:39.980 2496 2496 I wm_on_stop_called: [50203839,com.android.launcher3.uioverrides.QuickstepLauncher,STOP_ACTIVITY_ITEM]
11-16 05:25:40.700 1504 1682 I input_interaction: Interaction with: a2b58fd com.android.music/com.android.music.MusicBrowserActivity (server), edge-swipe (server), swipe-up (server), PointerEventDispatcher0 (server),
11-16 05:25:40.719 1504 2101 I wm_task_moved: [280,0,0]
11-16 05:25:40.719 1504 2101 I wm_task_moved: [280,0,6]
11-16 05:25:40.743 2496 2496 I wm_on_restart_called: [50203839,com.android.launcher3.uioverrides.QuickstepLauncher,performRestartActivity]
11-16 05:25:40.745 1504 2101 I wm_finish_activity: [0,114971669,399,com.android.gallery3d/.app.GalleryActivity,app-request]
11-16 05:25:40.758 1504 2101 I wm_pause_activity: [0,114971669,com.android.gallery3d/.app.GalleryActivity,userLeaving=false,finish]
11-16 05:25:40.768 9162 9162 I wm_on_paused_called: [114971669,com.android.gallery3d.app.GalleryActivity,performPause]
11-16 05:25:40.769 1504 6110 I wm_destroy_activity: [0,114971669,399,com.android.gallery3d/.app.GalleryActivity,finish-imm:completePausedLocked]
11-16 05:25:40.780 1504 1571 I sysui_multi_action: [757,803,799,window_time_0,802,2]
11-16 05:25:40.788 9162 9162 I wm_on_stop_called: [114971669,com.android.gallery3d.app.GalleryActivity,LIFECYCLER_STOP_ACTIVITY]
11-16 05:25:40.789 2496 2496 I wm_on_start_called: [50203839,com.android.launcher3.uioverrides.QuickstepLauncher,handleStartActivity]
11-16 05:25:40.799 9162 9162 I wm_on_destroy_called: [114971669,com.android.gallery3d.app.GalleryActivity,performDestroy]
11-16 05:25:40.813 1504 5497 I wm_task_removed: [399,removeChild:removeChild last r=ActivityRecord{6da5415 u0 com.android.gallery3d/.app.GalleryActivity t-1 f}} in t=Task{4f719cc #399 type=standard A=10064:com.android.gallery3d U=0 visible=false mode=freeform translucent=true sz=0}]
11-16 05:25:40.813 1504 5497 I wm_task_removed: [399,removeChild]
11-16 05:25:40.819 1504 1568 I sysui_multi_action: [319,17,322,85,325,7330,757,761,758,9,759,5,806,com.android.launcher3,871,com.android.launcher3.uioverrides.QuickstepLauncher,904,com.android.launcher3,905,0,1320,8,1321,5]
11-16 05:25:40.848 9178 9178 I view_enqueue_input_event: [Motion - Cancel,com.android.music/com.android.music.MusicBrowserActivity]
11-16 05:25:40.849 2496 2496 I sysui_latency: [1,99]
11-16 05:25:40.851 1504 1682 I input_interaction: Interaction with: edge-swipe (server), swipe-up (server), PointerEventDispatcher0 (server),
11-16 05:25:40.854 1504 1572 I input_focus: [Focus request recents_animation_input_consumer,reason=UpdateInputWindows]
11-16 05:25:40.877 1504 1682 I input_focus: [Focus leaving a2b58fd com.android.music/com.android.music.MusicBrowserActivity (server),reason=NOT_FOCUSABLE]
11-16 05:25:40.877 1504 1682 I input_focus: [Focus entering recents_animation_input_consumer (server),reason=setFocusedWindow]
11-16 05:25:40.997 1504 1666 I commit_sys_config_file: [settings-1-0,7]
11-16 05:25:41.103 1504 1598 I sysui_latency: [8,95]
11-16 05:25:43.964 1504 1666 I commit_sys_config_file: [settings-1-0,5]
11-16 05:25:46.016 1504 1682 I input_interaction: Interaction with: e1de84c com.android.launcher3/com.android.launcher3.uioverrides.QuickstepLauncher (server), edge-swipe (server), swipe-up (server), PointerEventDispatcher0 (server),
11-16 05:25:46.178 1504 2101 I wm_task_created: [401,-1]
11-16 05:25:46.185 1504 2101 I wm_task_moved: [401,1,7]
11-16 05:25:46.185 1504 2101 I wm_task_to_front: [0,401]
11-16 05:25:46.186 1504 2101 I wm_create_task: [0,401]
11-16 05:25:46.186 1504 2101 I wm_create_activity: [0,259396194,401,com.android.gallery3d/.app.GalleryActivity,NULL,NULL,NULL,268468224]
11-16 05:25:46.186 1504 2101 I wm_task_moved: [401,1,7]
11-16 05:25:46.186 9178 9178 I wm_on_top_resumed_lost_called: [53262940,com.android.music.MusicBrowserActivity,topStateChangedWhenResumed]
11-16 05:25:46.189 1504 2101 I wm_restart_activity: [0,259396194,401,com.android.gallery3d/.app.GalleryActivity]
11-16 05:25:46.190 1504 2101 I wm_set_resumed_activity: [0,com.android.gallery3d/.app.GalleryActivity,minimalResumeActivityLocked]
11-16 05:25:46.227 9162 9162 I wm_on_create_called: [259396194,com.android.gallery3d.app.GalleryActivity,performCreate]
11-16 05:25:46.229 9162 9162 I wm_on_start_called: [259396194,com.android.gallery3d.app.GalleryActivity,handleStartActivity]
11-16 05:25:46.232 9162 9162 I wm_on_resume_called: [259396194,com.android.gallery3d.app.GalleryActivity,RESUME_ACTIVITY]
11-16 05:25:46.235 9162 9162 I wm_on_top_resumed_gained_called: [259396194,com.android.gallery3d.app.GalleryActivity,topStateChangedWhenResumed]
11-16 05:25:46.243 1504 1572 I input_focus: [Focus request e6e4bdc com.android.gallery3d/com.android.gallery3d.app.GalleryActivity,reason=UpdateInputWindows]
11-16 05:25:46.274 1504 1682 I input_focus: [Focus leaving recents_animation_input_consumer (server),reason=Waiting for window because NOT_VISIBLE]
11-16 05:25:46.301 1504 1568 I sysui_multi_action: [319,120,322,120,325,7335,757,761,758,8,759,2,806,com.android.gallery3d,871,com.android.gallery3d.app.GalleryActivity,904,com.android.launcher3,905,0,1320,4,1321,1]
11-16 05:25:46.303 1504 1568 I wm_activity_launch_time: [0,259396194,com.android.gallery3d/.app.GalleryActivity,120]
11-16 05:25:46.308 1504 1682 I input_focus: [Focus entering e6e4bdc com.android.gallery3d/com.android.gallery3d.app.GalleryActivity (server),reason=Window became focusable. Previous reason: NOT_VISIBLE]
11-16 05:25:46.636 1504 5213 I wm_task_moved: [280,1,7]
11-16 05:25:46.639 1504 5213 I wm_task_moved: [281,1,2147483647]
11-16 05:25:46.639 1504 5213 I wm_task_to_front: [0,281]
11-16 05:25:46.639 9162 9162 I wm_on_top_resumed_lost_called: [259396194,com.android.gallery3d.app.GalleryActivity,topStateChangedWhenResumed]
11-16 05:25:46.639 1504 5213 I wm_focused_root_task: [0,0,280,401,RecentsAnimation.onAnimationFinished()]
11-16 05:25:46.640 1504 5213 I wm_set_resumed_activity: [0,com.android.launcher3/.uioverrides.QuickstepLauncher,RecentsAnimation.onAnimationFinished()]
11-16 05:25:46.643 1504 5213 I wm_pause_activity: [0,53262940,com.android.music/.MusicBrowserActivity,userLeaving=true,pauseBackTasks]
11-16 05:25:46.648 9178 9178 I wm_on_paused_called: [53262940,com.android.music.MusicBrowserActivity,performPause]
11-16 05:25:46.651 1504 5213 I wm_add_to_stopping: [0,53262940,com.android.music/.MusicBrowserActivity,makeInvisible]
11-16 05:25:46.652 1504 5213 I wm_set_resumed_activity: [0,com.android.launcher3/.uioverrides.QuickstepLauncher,resumeTopActivityInnerLocked]
11-16 05:25:46.654 1504 5213 I wm_resume_activity: [0,50203839,281,com.android.launcher3/.uioverrides.QuickstepLauncher]
11-16 05:25:46.680 1504 1572 I input_focus: [Focus request e1de84c com.android.launcher3/com.android.launcher3.uioverrides.QuickstepLauncher,reason=UpdateInputWindows]
11-16 05:25:46.681 2496 2496 I wm_on_resume_called: [50203839,com.android.launcher3.uioverrides.QuickstepLauncher,RESUME_ACTIVITY]
11-16 05:25:46.690 2496 2496 I wm_on_top_resumed_gained_called: [50203839,com.android.launcher3.uioverrides.QuickstepLauncher,topStateChangedWhenResumed]
11-16 05:25:46.690 1504 1682 I input_focus: [Focus leaving e6e4bdc com.android.gallery3d/com.android.gallery3d.app.GalleryActivity (server),reason=setFocusedWindow]
11-16 05:25:46.690 1504 1682 I input_focus: [Focus entering e1de84c com.android.launcher3/com.android.launcher3.uioverrides.QuickstepLauncher (server),reason=setFocusedWindow]
11-16 05:25:46.693 1504 1571 I wm_stop_activity: [0,53262940,com.android.music/.MusicBrowserActivity]
11-16 05:25:46.693 1504 1571 I sysui_multi_action: [757,803,799,window_time_0,802,6]
11-16 05:25:46.700 1504 1571 I sysui_multi_action: [757,803,799,window_time_0,802,0]
11-16 05:25:46.710 9178 9178 I wm_on_stop_called: [53262940,com.android.music.MusicBrowserActivity,STOP_ACTIVITY_ITEM]
11-16 05:25:48.018 1504 1682 I input_interaction: Interaction with: e1de84c com.android.launcher3/com.android.launcher3.uioverrides.QuickstepLauncher (server), c74be60 com.android.systemui.ImageWallpaper (server), edge-swipe (server), swipe-up (server), PointerEventDispatcher0 (server),
11-16 05:25:48.258 2496 2496 I view_enqueue_input_event: [Motion - Cancel,com.android.launcher3/com.android.launcher3.uioverrides.QuickstepLauncher]
11-16 05:25:48.265 1504 1682 I input_interaction: Interaction with: edge-swipe (server), swipe-up (server), PointerEventDispatcher0 (server),
11-16 05:25:48.433 1504 1666 I commit_sys_config_file: [settings-1-0,6]
11-16 05:25:49.879 1504 1666 I commit_sys_config_file: [settings-1-0,4]
11-16 05:25:49.979 1504 6110 I wm_finish_activity: [0,259396194,401,com.android.gallery3d/.app.GalleryActivity,app-request]
11-16 05:25:49.985 1504 6110 I wm_pause_activity: [0,259396194,com.android.gallery3d/.app.GalleryActivity,userLeaving=false,finish]
11-16 05:25:50.006 9162 9162 I wm_on_paused_called: [259396194,com.android.gallery3d.app.GalleryActivity,performPause]
11-16 05:25:50.009 1504 1821 I wm_destroy_activity: [0,259396194,401,com.android.gallery3d/.app.GalleryActivity,finish-imm:completePausedLocked]
11-16 05:25:50.022 9162 9162 I wm_on_stop_called: [259396194,com.android.gallery3d.app.GalleryActivity,LIFECYCLER_STOP_ACTIVITY]
11-16 05:25:50.023 1504 1571 I sysui_multi_action: [757,803,799,window_time_0,802,3]
11-16 05:25:50.042 9162 9162 I wm_on_destroy_called: [259396194,com.android.gallery3d.app.GalleryActivity,performDestroy]
11-16 05:25:50.313 1504 1572 I wm_task_removed: [401,removeChild:removeChild last r=ActivityRecord{f761262 u0 com.android.gallery3d/.app.GalleryActivity t-1 f}} in t=Task{e5e02f1 #401 type=standard A=10064:com.android.gallery3d U=0 visible=false mode=freeform translucent=true sz=0}]
11-16 05:25:50.313 1504 1572 I wm_task_removed: [401,removeChild]
11-16 05:25:50.894 1504 1682 I input_interaction: Interaction with: e1de84c com.android.launcher3/com.android.launcher3.uioverrides.QuickstepLauncher (server), c74be60 com.android.systemui.ImageWallpaper (server), edge-swipe (server), swipe-up (server), PointerEventDispatcher0 (server),
11-16 05:25:51.485 1504 1571 I am_kill : [0,9162,com.android.gallery3d,900,remove task]
11-16 05:25:51.488 1504 1571 I sysui_multi_action: [757,803,799,window_time_0,802,2]
11-16 05:25:51.525 1504 4314 I am_proc_died: [0,9162,com.android.gallery3d,900,18]
11-16 05:25:51.526 1504 4314 I am_uid_stopped: 10064
11-16 05:25:51.532 1504 1571 I am_uid_running: 10064
11-16 05:25:51.539 1504 1598 I am_pss : [9178,10086,com.android.music,23105536,16338944,0,140668928,0,4,7]
11-16 05:25:51.545 1504 1598 I am_pss : [9107,10031,com.android.musicfx,5829632,3817472,0,90607616,0,19,4]
11-16 05:25:51.546 1504 1603 I am_proc_start: [0,9266,10064,com.android.gallery3d,NULL,]
11-16 05:25:51.581 1504 4314 I am_proc_bound: [0,9266,com.android.gallery3d]
11-16 05:25:53.069 2496 2496 I view_enqueue_input_event: [Motion - Cancel,com.android.launcher3/com.android.launcher3.uioverrides.QuickstepLauncher]
11-16 05:25:53.081 1504 1682 I input_interaction: Interaction with: edge-swipe (server), swipe-up (server), PointerEventDispatcher0 (server),
11-16 05:25:53.262 1504 1666 I commit_sys_config_file: [settings-1-0,7]
11-16 05:25:53.633 1504 1666 I commit_sys_config_file: [settings-1-0,10]
11-16 05:25:54.106 1504 1682 I input_interaction: Interaction with: e1de84c com.android.launcher3/com.android.launcher3.uioverrides.QuickstepLauncher (server), c74be60 com.android.systemui.ImageWallpaper (server), edge-swipe (server), swipe-up (server), PointerEventDispatcher0 (server),
11-16 05:25:54.673 1504 6131 I wm_finish_activity: [0,53262940,400,com.android.music/.MusicBrowserActivity,remove-task]
11-16 05:25:54.676 1504 6131 I wm_destroy_activity: [0,53262940,400,com.android.music/.MusicBrowserActivity,finish-imm:finishIfPossible]
11-16 05:25:54.685 1504 1571 I sysui_multi_action: [757,803,799,window_time_0,802,3]
11-16 05:25:54.689 9178 9178 I wm_on_destroy_called: [53262940,com.android.music.MusicBrowserActivity,performDestroy]
11-16 05:25:54.702 1504 4314 I wm_task_removed: [400,removeChild:removeChild last r=ActivityRecord{32cba5c u0 com.android.music/.MusicBrowserActivity t-1 f}} in t=Task{881b060 #400 type=standard A=10086:android.task.music U=0 visible=false mode=fullscreen translucent=true sz=0}]
11-16 05:25:54.702 1504 4314 I wm_task_removed: [400,removeChild]
11-16 05:25:54.734 1504 1504 I notification_cancel_all: [1000,1504,com.android.music,0,0,0,20,NULL]
11-16 05:25:54.734 1504 4717 I sysui_multi_action: [757,856,758,2,806,com.android.music,857,Channel-music,858,2]
11-16 05:25:54.994 1504 1570 I commit_sys_config_file: [notification-policy,7334452]
11-16 05:25:56.610 1504 4314 I wm_task_created: [402,-1]
11-16 05:25:56.629 1504 4314 I wm_task_moved: [402,1,6]
11-16 05:25:56.629 1504 4314 I wm_task_to_front: [0,402]
11-16 05:25:56.629 1504 4314 I wm_create_task: [0,402]
11-16 05:25:56.629 1504 4314 I wm_create_activity: [0,179581841,402,com.android.gallery3d/.app.GalleryActivity,NULL,NULL,NULL,268468224]
11-16 05:25:56.630 1504 4314 I wm_task_moved: [402,1,6]
11-16 05:25:56.634 1504 4314 I wm_restart_activity: [0,179581841,402,com.android.gallery3d/.app.GalleryActivity]
11-16 05:25:56.636 1504 4314 I wm_set_resumed_activity: [0,com.android.gallery3d/.app.GalleryActivity,minimalResumeActivityLocked]
11-16 05:25:56.640 1504 1571 I am_uid_active: 10064
11-16 05:25:56.648 2496 2496 I wm_on_top_resumed_lost_called: [50203839,com.android.launcher3.uioverrides.QuickstepLauncher,topStateChangedWhenResumed]
11-16 05:25:56.680 9266 9266 I wm_on_create_called: [179581841,com.android.gallery3d.app.GalleryActivity,performCreate]
11-16 05:25:56.681 9266 9266 I wm_on_start_called: [179581841,com.android.gallery3d.app.GalleryActivity,handleStartActivity]
11-16 05:25:56.684 9266 9266 I wm_on_resume_called: [179581841,com.android.gallery3d.app.GalleryActivity,RESUME_ACTIVITY]
11-16 05:25:56.689 9266 9266 I wm_on_top_resumed_gained_called: [179581841,com.android.gallery3d.app.GalleryActivity,topStateChangedWhenResumed]
11-16 05:25:56.701 1504 1572 I input_focus: [Focus request 130be7 com.android.gallery3d/com.android.gallery3d.app.GalleryActivity,reason=UpdateInputWindows]
11-16 05:25:56.731 1504 1682 I input_focus: [Focus leaving e1de84c com.android.launcher3/com.android.launcher3.uioverrides.QuickstepLauncher (server),reason=Waiting for window because NOT_VISIBLE]
11-16 05:25:56.772 1504 1568 I sysui_multi_action: [319,161,322,160,325,7346,757,761,758,8,759,2,806,com.android.gallery3d,871,com.android.gallery3d.app.GalleryActivity,904,com.android.launcher3,905,0,1320,4,1321,1]
11-16 05:25:56.774 1504 1568 I wm_activity_launch_time: [0,179581841,com.android.gallery3d/.app.GalleryActivity,160]
11-16 05:25:56.782 1504 1682 I input_focus: [Focus entering 130be7 com.android.gallery3d/com.android.gallery3d.app.GalleryActivity (server),reason=Window became focusable. Previous reason: NOT_VISIBLE]
11-16 05:25:57.415 1504 4899 I wm_task_created: [403,-1]
11-16 05:25:57.419 1504 4899 I wm_task_moved: [403,1,7]
11-16 05:25:57.419 1504 4899 I wm_task_to_front: [0,403]
11-16 05:25:57.420 1504 4899 I wm_create_task: [0,403]
11-16 05:25:57.420 1504 4899 I wm_create_activity: [0,91926278,403,com.android.music/.VideoBrowserActivity,android.intent.action.MAIN,NULL,NULL,270532608]
11-16 05:25:57.420 1504 4899 I wm_task_moved: [403,1,7]
11-16 05:25:57.420 9266 9266 I wm_on_top_resumed_lost_called: [179581841,com.android.gallery3d.app.GalleryActivity,topStateChangedWhenResumed]
11-16 05:25:57.425 1504 4899 I wm_pause_activity: [0,50203839,com.android.launcher3/.uioverrides.QuickstepLauncher,userLeaving=true,pauseBackTasks]
11-16 05:25:57.435 2496 2496 I wm_on_paused_called: [50203839,com.android.launcher3.uioverrides.QuickstepLauncher,performPause]
11-16 05:25:57.439 1504 6131 I wm_add_to_stopping: [0,50203839,com.android.launcher3/.uioverrides.QuickstepLauncher,makeInvisible]
11-16 05:25:57.441 1504 6131 I wm_restart_activity: [0,91926278,403,com.android.music/.VideoBrowserActivity]
11-16 05:25:57.443 1504 6131 I wm_set_resumed_activity: [0,com.android.music/.VideoBrowserActivity,minimalResumeActivityLocked]
11-16 05:25:57.448 1504 1571 I sysui_multi_action: [757,803,799,window_time_0,802,2]
11-16 05:25:57.469 9178 9178 I wm_on_create_called: [91926278,com.android.music.VideoBrowserActivity,performCreate]
11-16 05:25:57.469 9178 9178 I wm_on_start_called: [91926278,com.android.music.VideoBrowserActivity,handleStartActivity]
11-16 05:25:57.470 9178 9178 I wm_on_resume_called: [91926278,com.android.music.VideoBrowserActivity,RESUME_ACTIVITY]
11-16 05:25:57.472 9178 9178 I wm_on_top_resumed_gained_called: [91926278,com.android.music.VideoBrowserActivity,topStateChangedWhenResumed]
11-16 05:25:57.492 1504 1572 I input_focus: [Focus request 55344d5 com.android.music/com.android.music.VideoBrowserActivity,reason=UpdateInputWindows]
11-16 05:25:57.502 1504 1568 I sysui_multi_action: [319,69,321,68,322,91,325,7346,757,761,758,8,759,1,806,com.android.music,871,com.android.music.VideoBrowserActivity,904,com.android.launcher3,905,0,1320,4,1321,5]
11-16 05:25:57.504 1504 1568 I wm_activity_launch_time: [0,91926278,com.android.music/.VideoBrowserActivity,91]
11-16 05:25:57.516 1504 1682 I input_focus: [Focus leaving 130be7 com.android.gallery3d/com.android.gallery3d.app.GalleryActivity (server),reason=setFocusedWindow]
11-16 05:25:57.516 1504 1682 I input_focus: [Focus entering 55344d5 com.android.music/com.android.music.VideoBrowserActivity (server),reason=setFocusedWindow]
11-16 05:25:58.015 1504 1571 I wm_stop_activity: [0,50203839,com.android.launcher3/.uioverrides.QuickstepLauncher]
11-16 05:25:58.075 2496 2496 I wm_on_stop_called: [50203839,com.android.launcher3.uioverrides.QuickstepLauncher,STOP_ACTIVITY_ITEM]
11-16 05:25:59.184 1504 1682 I input_interaction: Interaction with: 55344d5 com.android.music/com.android.music.VideoBrowserActivity (server), edge-swipe (server), swipe-up (server), PointerEventDispatcher0 (server),
11-16 05:25:59.209 1504 4899 I wm_task_moved: [280,0,0]
11-16 05:25:59.210 1504 4899 I wm_task_moved: [280,0,6]
11-16 05:25:59.229 2496 2496 I wm_on_restart_called: [50203839,com.android.launcher3.uioverrides.QuickstepLauncher,performRestartActivity]
11-16 05:25:59.230 1504 1822 I wm_finish_activity: [0,179581841,402,com.android.gallery3d/.app.GalleryActivity,app-request]
11-16 05:25:59.240 1504 1822 I wm_pause_activity: [0,179581841,com.android.gallery3d/.app.GalleryActivity,userLeaving=false,finish]
11-16 05:25:59.255 9266 9266 I wm_on_paused_called: [179581841,com.android.gallery3d.app.GalleryActivity,performPause]
11-16 05:25:59.256 2496 2496 I wm_on_start_called: [50203839,com.android.launcher3.uioverrides.QuickstepLauncher,handleStartActivity]
11-16 05:25:59.261 1504 1822 I wm_destroy_activity: [0,179581841,402,com.android.gallery3d/.app.GalleryActivity,finish-imm:completePausedLocked]
11-16 05:25:59.270 1504 1571 I sysui_multi_action: [757,803,799,window_time_0,802,2]
11-16 05:25:59.276 9266 9266 I wm_on_stop_called: [179581841,com.android.gallery3d.app.GalleryActivity,LIFECYCLER_STOP_ACTIVITY]
11-16 05:25:59.283 9266 9266 I wm_on_destroy_called: [179581841,com.android.gallery3d.app.GalleryActivity,performDestroy]
11-16 05:25:59.291 1504 1568 I sysui_multi_action: [319,15,322,77,325,7348,757,761,758,9,759,5,806,com.android.launcher3,871,com.android.launcher3.uioverrides.QuickstepLauncher,904,com.android.launcher3,905,0,1320,8,1321,5]
11-16 05:25:59.299 1504 4314 I wm_task_removed: [402,removeChild:removeChild last r=ActivityRecord{ab43391 u0 com.android.gallery3d/.app.GalleryActivity t-1 f}} in t=Task{2af19b8 #402 type=standard A=10064:com.android.gallery3d U=0 visible=false mode=freeform translucent=true sz=0}]
11-16 05:25:59.299 1504 4314 I wm_task_removed: [402,removeChild]
11-16 05:25:59.349 9178 9178 I view_enqueue_input_event: [Motion - Cancel,com.android.music/com.android.music.VideoBrowserActivity]
11-16 05:25:59.350 2496 2496 I sysui_latency: [1,97]
11-16 05:25:59.355 1504 1572 I input_focus: [Focus request recents_animation_input_consumer,reason=UpdateInputWindows]
11-16 05:25:59.369 1504 1682 I input_interaction: Interaction with: edge-swipe (server), swipe-up (server), PointerEventDispatcher0 (server),
11-16 05:25:59.386 1504 1682 I input_focus: [Focus leaving 55344d5 com.android.music/com.android.music.VideoBrowserActivity (server),reason=NOT_FOCUSABLE]
11-16 05:25:59.387 1504 1682 I input_focus: [Focus entering recents_animation_input_consumer (server),reason=setFocusedWindow]
11-16 05:25:59.459 1504 1666 I commit_sys_config_file: [settings-1-0,3]
11-16 05:25:59.587 1504 1598 I sysui_latency: [8,90]
11-16 05:26:00.851 1504 1666 I commit_sys_config_file: [settings-1-0,4]
11-16 05:26:02.340 1504 1682 I input_interaction: Interaction with: e1de84c com.android.launcher3/com.android.launcher3.uioverrides.QuickstepLauncher (server), edge-swipe (server), swipe-up (server), PointerEventDispatcher0 (server),
11-16 05:26:02.555 1504 1822 I wm_task_created: [404,-1]
11-16 05:26:02.563 1504 1822 I wm_task_moved: [404,1,7]
11-16 05:26:02.563 1504 1822 I wm_task_to_front: [0,404]
11-16 05:26:02.564 1504 1822 I wm_create_task: [0,404]
11-16 05:26:02.564 1504 1822 I wm_create_activity: [0,81846493,404,com.android.gallery3d/.app.GalleryActivity,NULL,NULL,NULL,268468224]
11-16 05:26:02.564 1504 1822 I wm_task_moved: [404,1,7]
11-16 05:26:02.565 9178 9178 I wm_on_top_resumed_lost_called: [91926278,com.android.music.VideoBrowserActivity,topStateChangedWhenResumed]
11-16 05:26:02.568 1504 1822 I wm_restart_activity: [0,81846493,404,com.android.gallery3d/.app.GalleryActivity]
11-16 05:26:02.569 1504 1822 I wm_set_resumed_activity: [0,com.android.gallery3d/.app.GalleryActivity,minimalResumeActivityLocked]
