11-16 05:48:26.686 1504 1601 I am_wtf : [0,1504,system_server,-1,DisplayDeviceConfig,requesting nits when no mapping exists.]
11-16 05:48:26.688 1504 1601 I am_wtf : [0,1504,system_server,-1,DisplayDeviceConfig,requesting nits when no mapping exists.]
11-16 05:48:26.703 1504 1601 I am_wtf : [0,1504,system_server,-1,DisplayDeviceConfig,requesting nits when no mapping exists.]
11-16 05:48:26.704 1504 1601 I am_wtf : [0,1504,system_server,-1,DisplayDeviceConfig,requesting nits when no mapping exists.]
11-16 05:48:26.720 1504 1601 I am_wtf : [0,1504,system_server,-1,DisplayDeviceConfig,requesting nits when no mapping exists.]
11-16 05:48:26.721 1504 1601 I am_wtf : [0,1504,system_server,-1,DisplayDeviceConfig,requesting nits when no mapping exists.]
11-16 05:48:26.736 1504 1601 I am_wtf : [0,1504,system_server,-1,DisplayDeviceConfig,requesting nits when no mapping exists.]
11-16 05:48:26.737 1504 1601 I am_wtf : [0,1504,system_server,-1,DisplayDeviceConfig,requesting nits when no mapping exists.]
11-16 05:48:26.753 1504 1601 I am_wtf : [0,1504,system_server,-1,DisplayDeviceConfig,requesting nits when no mapping exists.]
11-16 05:48:26.754 1504 1601 I am_wtf : [0,1504,system_server,-1,DisplayDeviceConfig,requesting nits when no mapping exists.]
11-16 05:48:26.770 1504 1601 I am_wtf : [0,1504,system_server,-1,DisplayDeviceConfig,requesting nits when no mapping exists.]
11-16 05:48:26.771 1504 1601 I am_wtf : [0,1504,system_server,-1,DisplayDeviceConfig,requesting nits when no mapping exists.]
11-16 05:48:26.786 1504 1601 I am_wtf : [0,1504,system_server,-1,DisplayDeviceConfig,requesting nits when no mapping exists.]
11-16 05:48:26.787 1504 1601 I am_wtf : [0,1504,system_server,-1,DisplayDeviceConfig,requesting nits when no mapping exists.]
11-16 05:48:26.803 1504 1601 I am_wtf : [0,1504,system_server,-1,DisplayDeviceConfig,requesting nits when no mapping exists.]
11-16 05:48:26.804 1504 1601 I am_wtf : [0,1504,system_server,-1,DisplayDeviceConfig,requesting nits when no mapping exists.]
11-16 05:48:26.820 1504 1601 I am_wtf : [0,1504,system_server,-1,DisplayDeviceConfig,requesting nits when no mapping exists.]
11-16 05:48:26.821 1504 1601 I am_wtf : [0,1504,system_server,-1,DisplayDeviceConfig,requesting nits when no mapping exists.]
11-16 05:48:26.837 1504 1601 I am_wtf : [0,1504,system_server,-1,DisplayDeviceConfig,requesting nits when no mapping exists.]
11-16 05:48:26.837 1504 1601 I am_wtf : [0,1504,system_server,-1,DisplayDeviceConfig,requesting nits when no mapping exists.]
11-16 05:48:26.853 1504 1601 I am_wtf : [0,1504,system_server,-1,DisplayDeviceConfig,requesting nits when no mapping exists.]
11-16 05:48:26.854 1504 1601 I am_wtf : [0,1504,system_server,-1,DisplayDeviceConfig,requesting nits when no mapping exists.]
11-16 05:48:26.870 1504 1601 I am_wtf : [0,1504,system_server,-1,DisplayDeviceConfig,requesting nits when no mapping exists.]
11-16 05:48:26.871 1504 1601 I am_wtf : [0,1504,system_server,-1,DisplayDeviceConfig,requesting nits when no mapping exists.]
11-16 05:48:26.887 1504 1601 I am_wtf : [0,1504,system_server,-1,DisplayDeviceConfig,requesting nits when no mapping exists.]
11-16 05:48:26.888 1504 1601 I am_wtf : [0,1504,system_server,-1,DisplayDeviceConfig,requesting nits when no mapping exists.]
11-16 05:48:26.904 1504 1601 I am_wtf : [0,1504,system_server,-1,DisplayDeviceConfig,requesting nits when no mapping exists.]
11-16 05:48:26.905 1504 1601 I am_wtf : [0,1504,system_server,-1,DisplayDeviceConfig,requesting nits when no mapping exists.]
11-16 05:48:26.920 1504 1601 I am_wtf : [0,1504,system_server,-1,DisplayDeviceConfig,requesting nits when no mapping exists.]
11-16 05:48:26.921 1504 1601 I am_wtf : [0,1504,system_server,-1,DisplayDeviceConfig,requesting nits when no mapping exists.]
11-16 05:48:26.937 1504 1601 I am_wtf : [0,1504,system_server,-1,DisplayDeviceConfig,requesting nits when no mapping exists.]
11-16 05:48:26.938 1504 1601 I am_wtf : [0,1504,system_server,-1,DisplayDeviceConfig,requesting nits when no mapping exists.]
11-16 05:48:26.954 1504 1601 I am_wtf : [0,1504,system_server,-1,DisplayDeviceConfig,requesting nits when no mapping exists.]
11-16 05:48:26.955 1504 1601 I am_wtf : [0,1504,system_server,-1,DisplayDeviceConfig,requesting nits when no mapping exists.]
11-16 05:48:26.970 1504 1601 I am_wtf : [0,1504,system_server,-1,DisplayDeviceConfig,requesting nits when no mapping exists.]
11-16 05:48:26.971 1504 1601 I am_wtf : [0,1504,system_server,-1,DisplayDeviceConfig,requesting nits when no mapping exists.]
11-16 05:48:26.987 1504 1601 I am_wtf : [0,1504,system_server,-1,DisplayDeviceConfig,requesting nits when no mapping exists.]
11-16 05:48:26.988 1504 1601 I am_wtf : [0,1504,system_server,-1,DisplayDeviceConfig,requesting nits when no mapping exists.]
11-16 05:48:27.004 1504 1601 I am_wtf : [0,1504,system_server,-1,DisplayDeviceConfig,requesting nits when no mapping exists.]
11-16 05:48:27.005 1504 1601 I am_wtf : [0,1504,system_server,-1,DisplayDeviceConfig,requesting nits when no mapping exists.]
11-16 05:48:27.020 1504 1601 I am_wtf : [0,1504,system_server,-1,DisplayDeviceConfig,requesting nits when no mapping exists.]
11-16 05:48:27.021 1504 1601 I am_wtf : [0,1504,system_server,-1,DisplayDeviceConfig,requesting nits when no mapping exists.]
11-16 05:48:27.037 1504 1601 I am_wtf : [0,1504,system_server,-1,DisplayDeviceConfig,requesting nits when no mapping exists.]
11-16 05:48:27.038 1504 1601 I am_wtf : [0,1504,system_server,-1,DisplayDeviceConfig,requesting nits when no mapping exists.]
11-16 05:48:27.054 1504 1601 I am_wtf : [0,1504,system_server,-1,DisplayDeviceConfig,requesting nits when no mapping exists.]
11-16 05:48:27.054 1504 1601 I am_wtf : [0,1504,system_server,-1,DisplayDeviceConfig,requesting nits when no mapping exists.]
11-16 05:48:27.071 1504 1601 I am_wtf : [0,1504,system_server,-1,DisplayDeviceConfig,requesting nits when no mapping exists.]
11-16 05:48:27.072 1504 1601 I am_wtf : [0,1504,system_server,-1,DisplayDeviceConfig,requesting nits when no mapping exists.]
11-16 05:48:27.088 1504 1601 I am_wtf : [0,1504,system_server,-1,DisplayDeviceConfig,requesting nits when no mapping exists.]
11-16 05:48:27.089 1504 1601 I am_wtf : [0,1504,system_server,-1,DisplayDeviceConfig,requesting nits when no mapping exists.]
11-16 05:48:27.104 1504 1601 I am_wtf : [0,1504,system_server,-1,DisplayDeviceConfig,requesting nits when no mapping exists.]
11-16 05:48:27.105 1504 1601 I am_wtf : [0,1504,system_server,-1,DisplayDeviceConfig,requesting nits when no mapping exists.]
11-16 05:48:27.121 1504 1601 I am_wtf : [0,1504,system_server,-1,DisplayDeviceConfig,requesting nits when no mapping exists.]
11-16 05:48:27.122 1504 1601 I am_wtf : [0,1504,system_server,-1,DisplayDeviceConfig,requesting nits when no mapping exists.]
11-16 05:48:27.137 1504 1601 I am_wtf : [0,1504,system_server,-1,DisplayDeviceConfig,requesting nits when no mapping exists.]
11-16 05:48:27.138 1504 1601 I am_wtf : [0,1504,system_server,-1,DisplayDeviceConfig,requesting nits when no mapping exists.]
11-16 05:48:27.154 1504 1601 I am_wtf : [0,1504,system_server,-1,DisplayDeviceConfig,requesting nits when no mapping exists.]
11-16 05:48:27.155 1504 1601 I am_wtf : [0,1504,system_server,-1,DisplayDeviceConfig,requesting nits when no mapping exists.]
11-16 05:48:27.172 1504 1601 I am_wtf : [0,1504,system_server,-1,DisplayDeviceConfig,requesting nits when no mapping exists.]
11-16 05:48:27.173 1504 1601 I am_wtf : [0,1504,system_server,-1,DisplayDeviceConfig,requesting nits when no mapping exists.]
11-16 05:48:27.173 1504 1601 I service_manager_stats: [100,71,92648]
11-16 05:48:27.188 1504 1601 I am_wtf : [0,1504,system_server,-1,DisplayDeviceConfig,requesting nits when no mapping exists.]
11-16 05:48:27.189 1504 1601 I am_wtf : [0,1504,system_server,-1,DisplayDeviceConfig,requesting nits when no mapping exists.]
11-16 05:48:27.204 1504 1601 I am_wtf : [0,1504,system_server,-1,DisplayDeviceConfig,requesting nits when no mapping exists.]
11-16 05:48:27.205 1504 1601 I am_wtf : [0,1504,system_server,-1,DisplayDeviceConfig,requesting nits when no mapping exists.]
11-16 05:48:27.221 1504 1601 I am_wtf : [0,1504,system_server,-1,DisplayDeviceConfig,requesting nits when no mapping exists.]
11-16 05:48:27.222 1504 1601 I am_wtf : [0,1504,system_server,-1,DisplayDeviceConfig,requesting nits when no mapping exists.]
11-16 05:48:27.237 1504 1601 I am_wtf : [0,1504,system_server,-1,DisplayDeviceConfig,requesting nits when no mapping exists.]
11-16 05:48:27.238 1504 1601 I am_wtf : [0,1504,system_server,-1,DisplayDeviceConfig,requesting nits when no mapping exists.]
11-16 05:48:27.254 1504 1601 I am_wtf : [0,1504,system_server,-1,DisplayDeviceConfig,requesting nits when no mapping exists.]
11-16 05:48:27.255 1504 1601 I am_wtf : [0,1504,system_server,-1,DisplayDeviceConfig,requesting nits when no mapping exists.]
11-16 05:48:27.271 1504 1601 I am_wtf : [0,1504,system_server,-1,DisplayDeviceConfig,requesting nits when no mapping exists.]
11-16 05:48:27.272 1504 1601 I am_wtf : [0,1504,system_server,-1,DisplayDeviceConfig,requesting nits when no mapping exists.]
11-16 05:48:27.288 1504 1601 I am_wtf : [0,1504,system_server,-1,DisplayDeviceConfig,requesting nits when no mapping exists.]
11-16 05:48:27.289 1504 1601 I am_wtf : [0,1504,system_server,-1,DisplayDeviceConfig,requesting nits when no mapping exists.]
11-16 05:48:27.304 1504 1601 I am_wtf : [0,1504,system_server,-1,DisplayDeviceConfig,requesting nits when no mapping exists.]
11-16 05:48:27.305 1504 1601 I am_wtf : [0,1504,system_server,-1,DisplayDeviceConfig,requesting nits when no mapping exists.]
11-16 05:48:27.321 1504 1601 I am_wtf : [0,1504,system_server,-1,DisplayDeviceConfig,requesting nits when no mapping exists.]
11-16 05:48:27.322 1504 1601 I am_wtf : [0,1504,system_server,-1,DisplayDeviceConfig,requesting nits when no mapping exists.]
11-16 05:48:27.338 1504 1601 I am_wtf : [0,1504,system_server,-1,DisplayDeviceConfig,requesting nits when no mapping exists.]
11-16 05:48:27.339 1504 1601 I am_wtf : [0,1504,system_server,-1,DisplayDeviceConfig,requesting nits when no mapping exists.]
11-16 05:48:27.355 1504 1601 I am_wtf : [0,1504,system_server,-1,DisplayDeviceConfig,requesting nits when no mapping exists.]
11-16 05:48:27.356 1504 1601 I am_wtf : [0,1504,system_server,-1,DisplayDeviceConfig,requesting nits when no mapping exists.]
11-16 05:48:27.372 1504 1601 I am_wtf : [0,1504,system_server,-1,DisplayDeviceConfig,requesting nits when no mapping exists.]
11-16 05:48:27.374 1504 1601 I am_wtf : [0,1504,system_server,-1,DisplayDeviceConfig,requesting nits when no mapping exists.]
11-16 05:48:27.388 1504 1601 I am_wtf : [0,1504,system_server,-1,DisplayDeviceConfig,requesting nits when no mapping exists.]
11-16 05:48:27.390 1504 1601 I am_wtf : [0,1504,system_server,-1,DisplayDeviceConfig,requesting nits when no mapping exists.]
11-16 05:48:27.405 1504 1601 I am_wtf : [0,1504,system_server,-1,DisplayDeviceConfig,requesting nits when no mapping exists.]
11-16 05:48:27.407 1504 1601 I am_wtf : [0,1504,system_server,-1,DisplayDeviceConfig,requesting nits when no mapping exists.]
11-16 05:48:27.421 1504 1601 I am_wtf : [0,1504,system_server,-1,DisplayDeviceConfig,requesting nits when no mapping exists.]
11-16 05:48:27.422 1504 1601 I am_wtf : [0,1504,system_server,-1,DisplayDeviceConfig,requesting nits when no mapping exists.]
11-16 05:48:27.439 1504 1601 I am_wtf : [0,1504,system_server,-1,DisplayDeviceConfig,requesting nits when no mapping exists.]
11-16 05:48:27.441 1504 1601 I am_wtf : [0,1504,system_server,-1,DisplayDeviceConfig,requesting nits when no mapping exists.]
11-16 05:48:27.456 1504 1601 I am_wtf : [0,1504,system_server,-1,DisplayDeviceConfig,requesting nits when no mapping exists.]
11-16 05:48:27.457 1504 1601 I am_wtf : [0,1504,system_server,-1,DisplayDeviceConfig,requesting nits when no mapping exists.]
11-16 05:48:27.472 1504 1601 I am_wtf : [0,1504,system_server,-1,DisplayDeviceConfig,requesting nits when no mapping exists.]
11-16 05:48:27.472 1504 1601 I am_wtf : [0,1504,system_server,-1,DisplayDeviceConfig,requesting nits when no mapping exists.]
11-16 05:48:27.488 1504 1601 I am_wtf : [0,1504,system_server,-1,DisplayDeviceConfig,requesting nits when no mapping exists.]
11-16 05:48:27.489 1504 1601 I am_wtf : [0,1504,system_server,-1,DisplayDeviceConfig,requesting nits when no mapping exists.]
11-16 05:48:27.505 1504 1601 I am_wtf : [0,1504,system_server,-1,DisplayDeviceConfig,requesting nits when no mapping exists.]
11-16 05:48:27.506 1504 1601 I am_wtf : [0,1504,system_server,-1,DisplayDeviceConfig,requesting nits when no mapping exists.]
11-16 05:48:27.528 1504 1601 I am_wtf : [0,1504,system_server,-1,DisplayDeviceConfig,requesting nits when no mapping exists.]
11-16 05:48:27.529 1504 1601 I am_wtf : [0,1504,system_server,-1,DisplayDeviceConfig,requesting nits when no mapping exists.]
11-16 05:48:27.543 1504 1601 I am_wtf : [0,1504,system_server,-1,DisplayDeviceConfig,requesting nits when no mapping exists.]
11-16 05:48:27.546 1504 1601 I am_wtf : [0,1504,system_server,-1,DisplayDeviceConfig,requesting nits when no mapping exists.]
11-16 05:48:33.571 1504 1568 I sysui_multi_action: [757,222,758,1]
11-16 05:48:33.572 1504 1568 I am_uid_active: 10051
11-16 05:48:33.583 1504 6110 I wm_task_created: [478,-1]
11-16 05:48:33.589 1504 6110 I wm_task_moved: [478,1,8]
11-16 05:48:33.589 1504 6110 I wm_task_to_front: [0,478]
11-16 05:48:33.589 1504 6110 I wm_create_task: [0,478]
11-16 05:48:33.589 1504 6110 I wm_create_activity: [0,194310417,478,com.thundercomm.screensaver/android.service.dreams.DreamActivity,NULL,NULL,NULL,276824064]
11-16 05:48:33.589 1504 6110 I wm_task_moved: [478,1,8]
11-16 05:48:33.590 11288 11288 I wm_on_top_resumed_lost_called: [110247547,com.android.music.MusicBrowserActivity,topStateChangedWhenResumed]
11-16 05:48:33.591 1504 6110 I wm_pause_activity: [0,84087794,com.android.music/.VideoBrowserActivity,userLeaving=true,pauseBackTasks]
11-16 05:48:33.604 11288 11288 I wm_on_paused_called: [84087794,com.android.music.VideoBrowserActivity,performPause]
11-16 05:48:33.606 1504 6110 I wm_add_to_stopping: [0,84087794,com.android.music/.VideoBrowserActivity,makeInvisible]
11-16 05:48:33.607 1504 6110 I wm_restart_activity: [0,194310417,478,com.thundercomm.screensaver/android.service.dreams.DreamActivity]
11-16 05:48:33.610 1504 6110 I wm_set_resumed_activity: [0,com.thundercomm.screensaver/android.service.dreams.DreamActivity,minimalResumeActivityLocked]
11-16 05:48:33.621 1504 1571 I sysui_multi_action: [757,803,799,window_time_0,802,63]
11-16 05:48:33.627 4192 4192 I wm_on_create_called: [194310417,android.service.dreams.DreamActivity,performCreate]
11-16 05:48:33.627 4192 4192 I wm_on_start_called: [194310417,android.service.dreams.DreamActivity,handleStartActivity]
11-16 05:48:33.628 4192 4192 I wm_on_resume_called: [194310417,android.service.dreams.DreamActivity,RESUME_ACTIVITY]
11-16 05:48:33.634 4192 4192 I wm_on_top_resumed_gained_called: [194310417,android.service.dreams.DreamActivity,topStateChangedWhenResumed]
11-16 05:48:33.654 1504 1572 I input_focus: [Focus request 1865d13 com.thundercomm.screensaver/android.service.dreams.DreamActivity,reason=UpdateInputWindows]
11-16 05:48:33.654 1968 1968 I sysui_multi_action: [757,111,758,2]
11-16 05:48:33.654 1968 1968 I sysui_multi_action: [757,111,758,2]
11-16 05:48:33.656 1504 1504 I notification_enqueue: [10081,1968,com.android.systemui,2048,NULL,0,Notification(channel=updateNotification shortcut=null contentView=null vibrate=null sound=null defaults=0x0 flags=0x0 color=0x00000000 vis=PRIVATE),1]
11-16 05:48:33.657 1968 1968 I sysui_multi_action: [757,111,758,1]
11-16 05:48:33.657 1968 1968 I sysui_multi_action: [757,126,758,1,759,126,927,0,928,0,1593,0]
11-16 05:48:33.657 1968 1968 I sysui_multi_action: [757,113,758,1,759,113,927,1,928,1,1593,0]
11-16 05:48:33.657 1968 1968 I sysui_multi_action: [757,0,758,1,759,0,927,2,928,0,1593,0]
11-16 05:48:33.657 1968 1968 I sysui_multi_action: [757,0,758,1,759,0,927,3,928,0,1593,0]
11-16 05:48:33.658 1968 1968 I sysui_multi_action: [757,491,758,1,759,491,927,4,928,0,1311,-1,1593,0]
11-16 05:48:33.658 1968 1968 I sysui_multi_action: [757,0,758,1,759,0,927,5,928,0,1593,0]
11-16 05:48:33.658 1968 1968 I sysui_multi_action: [757,111,758,1]
11-16 05:48:33.659 1968 1968 I sysui_multi_action: [757,126,758,1,759,126,927,0,928,0,1593,0]
11-16 05:48:33.659 1968 1968 I sysui_multi_action: [757,113,758,1,759,113,927,1,928,1,1593,0]
11-16 05:48:33.659 1968 1968 I sysui_multi_action: [757,0,758,1,759,0,927,2,928,0,1593,0]
11-16 05:48:33.659 1968 1968 I sysui_multi_action: [757,0,758,1,759,0,927,3,928,0,1593,0]
11-16 05:48:33.675 1504 1682 I input_focus: [Focus leaving 1b9ed5e com.android.music/com.android.music.MusicBrowserActivity (server),reason=Waiting for window because NOT_VISIBLE]
11-16 05:48:33.683 1504 1568 I sysui_multi_action: [319,91,322,85,325,8703,757,761,758,8,759,2,806,com.thundercomm.screensaver,871,android.service.dreams.DreamActivity,904,com.thundercomm.screensaver,905,0,1320,4,1321,2]
11-16 05:48:33.683 1504 1568 I wm_activity_launch_time: [0,194310417,com.thundercomm.screensaver/android.service.dreams.DreamActivity,85]
11-16 05:48:33.685 1504 1620 I sysui_multi_action: [757,1696,758,6,759,3]
11-16 05:48:33.688 1504 1601 I am_wtf : [0,1504,system_server,-1,DisplayDeviceConfig,requesting nits when no mapping exists.]
11-16 05:48:33.689 1504 1601 I am_wtf : [0,1504,system_server,-1,DisplayDeviceConfig,requesting nits when no mapping exists.]
11-16 05:48:33.706 1504 1682 I input_focus: [Focus entering 1865d13 com.thundercomm.screensaver/android.service.dreams.DreamActivity (server),reason=Window became focusable. Previous reason: NOT_VISIBLE]
11-16 05:48:33.707 1504 1601 I am_wtf : [0,1504,system_server,-1,DisplayDeviceConfig,requesting nits when no mapping exists.]
11-16 05:48:33.708 1504 1601 I am_wtf : [0,1504,system_server,-1,DisplayDeviceConfig,requesting nits when no mapping exists.]
11-16 05:48:33.722 1504 1601 I am_wtf : [0,1504,system_server,-1,DisplayDeviceConfig,requesting nits when no mapping exists.]
11-16 05:48:33.723 1504 1601 I am_wtf : [0,1504,system_server,-1,DisplayDeviceConfig,requesting nits when no mapping exists.]
11-16 05:48:33.740 1504 1601 I am_wtf : [0,1504,system_server,-1,DisplayDeviceConfig,requesting nits when no mapping exists.]
11-16 05:48:33.741 1504 1601 I am_wtf : [0,1504,system_server,-1,DisplayDeviceConfig,requesting nits when no mapping exists.]
11-16 05:48:33.756 1504 1601 I am_wtf : [0,1504,system_server,-1,DisplayDeviceConfig,requesting nits when no mapping exists.]
11-16 05:48:33.757 1504 1601 I am_wtf : [0,1504,system_server,-1,DisplayDeviceConfig,requesting nits when no mapping exists.]
11-16 05:48:33.780 1504 1601 I am_wtf : [0,1504,system_server,-1,DisplayDeviceConfig,requesting nits when no mapping exists.]
11-16 05:48:33.781 1504 1601 I am_wtf : [0,1504,system_server,-1,DisplayDeviceConfig,requesting nits when no mapping exists.]
11-16 05:48:33.791 1504 1601 I am_wtf : [0,1504,system_server,-1,DisplayDeviceConfig,requesting nits when no mapping exists.]
11-16 05:48:33.791 1504 1601 I am_wtf : [0,1504,system_server,-1,DisplayDeviceConfig,requesting nits when no mapping exists.]
11-16 05:48:33.806 1504 1601 I am_wtf : [0,1504,system_server,-1,DisplayDeviceConfig,requesting nits when no mapping exists.]
11-16 05:48:33.813 1504 1601 I am_wtf : [0,1504,system_server,-1,DisplayDeviceConfig,requesting nits when no mapping exists.]
11-16 05:48:33.824 1504 1601 I am_wtf : [0,1504,system_server,-1,DisplayDeviceConfig,requesting nits when no mapping exists.]
11-16 05:48:33.825 1504 1601 I am_wtf : [0,1504,system_server,-1,DisplayDeviceConfig,requesting nits when no mapping exists.]
11-16 05:48:33.839 1504 1601 I am_wtf : [0,1504,system_server,-1,DisplayDeviceConfig,requesting nits when no mapping exists.]
11-16 05:48:33.845 1504 1601 I am_wtf : [0,1504,system_server,-1,DisplayDeviceConfig,requesting nits when no mapping exists.]
11-16 05:48:33.859 1504 1601 I am_wtf : [0,1504,system_server,-1,DisplayDeviceConfig,requesting nits when no mapping exists.]
11-16 05:48:33.859 1504 1601 I am_wtf : [0,1504,system_server,-1,DisplayDeviceConfig,requesting nits when no mapping exists.]
11-16 05:48:33.860 1504 1504 I sysui_multi_action: [757,1501,758,1,793,8682196,794,0,795,206,796,2048,806,com.android.systemui,857,updateNotification,858,3,947,0,1500,0,1688,1]
11-16 05:48:33.860 1504 1504 I sysui_multi_action: [757,804,799,note_interruptive,801,0,802,1]
11-16 05:48:33.860 1504 1504 I sysui_multi_action: [757,199,758,1,759,2,793,8682196,794,0,795,206,796,2048,806,com.android.systemui,857,updateNotification,858,3,947,0,1500,0,1688,1]
11-16 05:48:33.861 1504 1504 I notification_alert: [0|com.android.systemui|2048|null|10081,0,1,0]
11-16 05:48:33.872 1504 1601 I am_wtf : [0,1504,system_server,-1,DisplayDeviceConfig,requesting nits when no mapping exists.]
11-16 05:48:33.873 1504 1601 I am_wtf : [0,1504,system_server,-1,DisplayDeviceConfig,requesting nits when no mapping exists.]
11-16 05:48:33.891 1504 1601 I am_wtf : [0,1504,system_server,-1,DisplayDeviceConfig,requesting nits when no mapping exists.]
11-16 05:48:33.892 1504 1601 I am_wtf : [0,1504,system_server,-1,DisplayDeviceConfig,requesting nits when no mapping exists.]
11-16 05:48:33.906 1504 1601 I am_wtf : [0,1504,system_server,-1,DisplayDeviceConfig,requesting nits when no mapping exists.]
11-16 05:48:33.906 1504 1601 I am_wtf : [0,1504,system_server,-1,DisplayDeviceConfig,requesting nits when no mapping exists.]
11-16 05:48:33.925 1504 1601 I am_wtf : [0,1504,system_server,-1,DisplayDeviceConfig,requesting nits when no mapping exists.]
11-16 05:48:33.926 1504 1601 I am_wtf : [0,1504,system_server,-1,DisplayDeviceConfig,requesting nits when no mapping exists.]
11-16 05:48:33.941 1504 1601 I am_wtf : [0,1504,system_server,-1,DisplayDeviceConfig,requesting nits when no mapping exists.]
11-16 05:48:33.942 1504 1601 I am_wtf : [0,1504,system_server,-1,DisplayDeviceConfig,requesting nits when no mapping exists.]
11-16 05:48:33.958 1504 1601 I am_wtf : [0,1504,system_server,-1,DisplayDeviceConfig,requesting nits when no mapping exists.]
11-16 05:48:33.959 1504 1601 I am_wtf : [0,1504,system_server,-1,DisplayDeviceConfig,requesting nits when no mapping exists.]
11-16 05:48:33.974 1504 1601 I am_wtf : [0,1504,system_server,-1,DisplayDeviceConfig,requesting nits when no mapping exists.]
11-16 05:48:33.984 1504 1601 I am_wtf : [0,1504,system_server,-1,DisplayDeviceConfig,requesting nits when no mapping exists.]
11-16 05:48:33.990 1504 1601 I am_wtf : [0,1504,system_server,-1,DisplayDeviceConfig,requesting nits when no mapping exists.]
11-16 05:48:33.991 1504 1601 I am_wtf : [0,1504,system_server,-1,DisplayDeviceConfig,requesting nits when no mapping exists.]
11-16 05:48:34.011 1504 1601 I am_wtf : [0,1504,system_server,-1,DisplayDeviceConfig,requesting nits when no mapping exists.]
11-16 05:48:34.012 1504 1601 I am_wtf : [0,1504,system_server,-1,DisplayDeviceConfig,requesting nits when no mapping exists.]
11-16 05:48:34.024 1504 1601 I am_wtf : [0,1504,system_server,-1,DisplayDeviceConfig,requesting nits when no mapping exists.]
11-16 05:48:34.029 1504 1601 I am_wtf : [0,1504,system_server,-1,DisplayDeviceConfig,requesting nits when no mapping exists.]
11-16 05:48:34.041 1504 1601 I am_wtf : [0,1504,system_server,-1,DisplayDeviceConfig,requesting nits when no mapping exists.]
11-16 05:48:34.041 1504 1601 I am_wtf : [0,1504,system_server,-1,DisplayDeviceConfig,requesting nits when no mapping exists.]
11-16 05:48:34.057 1504 1601 I am_wtf : [0,1504,system_server,-1,DisplayDeviceConfig,requesting nits when no mapping exists.]
11-16 05:48:34.058 1504 1601 I am_wtf : [0,1504,system_server,-1,DisplayDeviceConfig,requesting nits when no mapping exists.]
11-16 05:48:34.073 1504 1601 I am_wtf : [0,1504,system_server,-1,DisplayDeviceConfig,requesting nits when no mapping exists.]
11-16 05:48:34.074 1504 1601 I am_wtf : [0,1504,system_server,-1,DisplayDeviceConfig,requesting nits when no mapping exists.]
11-16 05:48:34.091 1504 1601 I am_wtf : [0,1504,system_server,-1,DisplayDeviceConfig,requesting nits when no mapping exists.]
11-16 05:48:34.092 1504 1601 I am_wtf : [0,1504,system_server,-1,DisplayDeviceConfig,requesting nits when no mapping exists.]
11-16 05:48:34.109 1504 1601 I am_wtf : [0,1504,system_server,-1,DisplayDeviceConfig,requesting nits when no mapping exists.]
11-16 05:48:34.112 1504 1601 I am_wtf : [0,1504,system_server,-1,DisplayDeviceConfig,requesting nits when no mapping exists.]
11-16 05:48:34.125 1504 1601 I am_wtf : [0,1504,system_server,-1,DisplayDeviceConfig,requesting nits when no mapping exists.]
11-16 05:48:34.126 1504 1601 I am_wtf : [0,1504,system_server,-1,DisplayDeviceConfig,requesting nits when no mapping exists.]
11-16 05:48:34.140 1504 1601 I am_wtf : [0,1504,system_server,-1,DisplayDeviceConfig,requesting nits when no mapping exists.]
11-16 05:48:34.141 1504 1601 I am_wtf : [0,1504,system_server,-1,DisplayDeviceConfig,requesting nits when no mapping exists.]
11-16 05:48:34.142 1504 1601 I service_manager_stats: [100,52,6969]
11-16 05:48:34.158 1504 1601 I am_wtf : [0,1504,system_server,-1,DisplayDeviceConfig,requesting nits when no mapping exists.]
11-16 05:48:34.159 1504 1601 I am_wtf : [0,1504,system_server,-1,DisplayDeviceConfig,requesting nits when no mapping exists.]
11-16 05:48:34.175 1504 1571 I wm_stop_activity: [0,84087794,com.android.music/.VideoBrowserActivity]
11-16 05:48:34.178 1504 1601 I am_wtf : [0,1504,system_server,-1,DisplayDeviceConfig,requesting nits when no mapping exists.]
11-16 05:48:34.179 1504 1601 I am_wtf : [0,1504,system_server,-1,DisplayDeviceConfig,requesting nits when no mapping exists.]
11-16 05:48:34.188 1504 1598 I am_pss : [11288,10086,com.android.music,69654528,62660608,0,188481536,0,2,9]
11-16 05:48:34.194 1504 1601 I am_wtf : [0,1504,system_server,-1,DisplayDeviceConfig,requesting nits when no mapping exists.]
11-16 05:48:34.195 1504 1601 I am_wtf : [0,1504,system_server,-1,DisplayDeviceConfig,requesting nits when no mapping exists.]
11-16 05:48:34.200 11288 11288 I wm_on_stop_called: [84087794,com.android.music.VideoBrowserActivity,STOP_ACTIVITY_ITEM]
11-16 05:48:34.207 1504 1601 I am_wtf : [0,1504,system_server,-1,DisplayDeviceConfig,requesting nits when no mapping exists.]
11-16 05:48:34.209 1504 1601 I am_wtf : [0,1504,system_server,-1,DisplayDeviceConfig,requesting nits when no mapping exists.]
11-16 05:48:34.223 1504 1601 I am_wtf : [0,1504,system_server,-1,DisplayDeviceConfig,requesting nits when no mapping exists.]
11-16 05:48:34.224 1504 1601 I am_wtf : [0,1504,system_server,-1,DisplayDeviceConfig,requesting nits when no mapping exists.]
11-16 05:48:34.239 1504 1601 I am_wtf : [0,1504,system_server,-1,DisplayDeviceConfig,requesting nits when no mapping exists.]
11-16 05:48:34.240 1504 1601 I am_wtf : [0,1504,system_server,-1,DisplayDeviceConfig,requesting nits when no mapping exists.]
11-16 05:48:34.254 1504 1601 I am_wtf : [0,1504,system_server,-1,DisplayDeviceConfig,requesting nits when no mapping exists.]
11-16 05:48:34.255 1504 1601 I am_wtf : [0,1504,system_server,-1,DisplayDeviceConfig,requesting nits when no mapping exists.]
11-16 05:48:34.271 1504 1601 I am_wtf : [0,1504,system_server,-1,DisplayDeviceConfig,requesting nits when no mapping exists.]
11-16 05:48:34.272 1504 1601 I am_wtf : [0,1504,system_server,-1,DisplayDeviceConfig,requesting nits when no mapping exists.]
11-16 05:48:34.289 1504 1601 I am_wtf : [0,1504,system_server,-1,DisplayDeviceConfig,requesting nits when no mapping exists.]
11-16 05:48:34.290 1504 1601 I am_wtf : [0,1504,system_server,-1,DisplayDeviceConfig,requesting nits when no mapping exists.]
11-16 05:48:34.305 1504 1601 I am_wtf : [0,1504,system_server,-1,DisplayDeviceConfig,requesting nits when no mapping exists.]
11-16 05:48:34.306 1504 1601 I am_wtf : [0,1504,system_server,-1,DisplayDeviceConfig,requesting nits when no mapping exists.]
11-16 05:48:34.321 1504 1601 I am_wtf : [0,1504,system_server,-1,DisplayDeviceConfig,requesting nits when no mapping exists.]
11-16 05:48:34.322 1504 1601 I am_wtf : [0,1504,system_server,-1,DisplayDeviceConfig,requesting nits when no mapping exists.]
11-16 05:48:34.339 1504 1601 I am_wtf : [0,1504,system_server,-1,DisplayDeviceConfig,requesting nits when no mapping exists.]
11-16 05:48:34.340 1504 1601 I am_wtf : [0,1504,system_server,-1,DisplayDeviceConfig,requesting nits when no mapping exists.]
11-16 05:48:34.355 1504 1601 I am_wtf : [0,1504,system_server,-1,DisplayDeviceConfig,requesting nits when no mapping exists.]
11-16 05:48:34.356 1504 1601 I am_wtf : [0,1504,system_server,-1,DisplayDeviceConfig,requesting nits when no mapping exists.]
11-16 05:48:34.372 1504 1601 I am_wtf : [0,1504,system_server,-1,DisplayDeviceConfig,requesting nits when no mapping exists.]
11-16 05:48:34.373 1504 1601 I am_wtf : [0,1504,system_server,-1,DisplayDeviceConfig,requesting nits when no mapping exists.]
11-16 05:48:34.389 1504 1601 I am_wtf : [0,1504,system_server,-1,DisplayDeviceConfig,requesting nits when no mapping exists.]
11-16 05:48:34.390 1504 1601 I am_wtf : [0,1504,system_server,-1,DisplayDeviceConfig,requesting nits when no mapping exists.]
11-16 05:48:34.408 1504 1601 I am_wtf : [0,1504,system_server,-1,DisplayDeviceConfig,requesting nits when no mapping exists.]
11-16 05:48:34.410 1504 1601 I am_wtf : [0,1504,system_server,-1,DisplayDeviceConfig,requesting nits when no mapping exists.]
11-16 05:48:34.428 1504 1601 I am_wtf : [0,1504,system_server,-1,DisplayDeviceConfig,requesting nits when no mapping exists.]
11-16 05:48:34.429 1504 1601 I am_wtf : [0,1504,system_server,-1,DisplayDeviceConfig,requesting nits when no mapping exists.]
11-16 05:48:34.441 1504 1601 I am_wtf : [0,1504,system_server,-1,DisplayDeviceConfig,requesting nits when no mapping exists.]
11-16 05:48:34.442 1504 1601 I am_wtf : [0,1504,system_server,-1,DisplayDeviceConfig,requesting nits when no mapping exists.]
11-16 05:48:34.459 1504 1601 I am_wtf : [0,1504,system_server,-1,DisplayDeviceConfig,requesting nits when no mapping exists.]
11-16 05:48:34.460 1504 1601 I am_wtf : [0,1504,system_server,-1,DisplayDeviceConfig,requesting nits when no mapping exists.]
11-16 05:48:34.475 1504 1601 I am_wtf : [0,1504,system_server,-1,DisplayDeviceConfig,requesting nits when no mapping exists.]
11-16 05:48:34.476 1504 1601 I am_wtf : [0,1504,system_server,-1,DisplayDeviceConfig,requesting nits when no mapping exists.]
11-16 05:48:34.490 1504 1601 I am_wtf : [0,1504,system_server,-1,DisplayDeviceConfig,requesting nits when no mapping exists.]
11-16 05:48:34.490 1504 1601 I am_wtf : [0,1504,system_server,-1,DisplayDeviceConfig,requesting nits when no mapping exists.]
11-16 05:48:34.507 1504 1601 I am_wtf : [0,1504,system_server,-1,DisplayDeviceConfig,requesting nits when no mapping exists.]
11-16 05:48:34.508 1504 1601 I am_wtf : [0,1504,system_server,-1,DisplayDeviceConfig,requesting nits when no mapping exists.]
11-16 05:48:34.522 1504 1601 I am_wtf : [0,1504,system_server,-1,DisplayDeviceConfig,requesting nits when no mapping exists.]
11-16 05:48:34.523 1504 1601 I am_wtf : [0,1504,system_server,-1,DisplayDeviceConfig,requesting nits when no mapping exists.]
11-16 05:48:34.539 1504 1601 I am_wtf : [0,1504,system_server,-1,DisplayDeviceConfig,requesting nits when no mapping exists.]
11-16 05:48:34.540 1504 1601 I am_wtf : [0,1504,system_server,-1,DisplayDeviceConfig,requesting nits when no mapping exists.]
11-16 05:48:34.556 1504 1601 I am_wtf : [0,1504,system_server,-1,DisplayDeviceConfig,requesting nits when no mapping exists.]
11-16 05:48:34.557 1504 1601 I am_wtf : [0,1504,system_server,-1,DisplayDeviceConfig,requesting nits when no mapping exists.]
11-16 05:48:34.573 1504 1601 I am_wtf : [0,1504,system_server,-1,DisplayDeviceConfig,requesting nits when no mapping exists.]
11-16 05:48:34.574 1504 1601 I am_wtf : [0,1504,system_server,-1,DisplayDeviceConfig,requesting nits when no mapping exists.]
11-16 05:48:34.591 1504 1601 I am_wtf : [0,1504,system_server,-1,DisplayDeviceConfig,requesting nits when no mapping exists.]
11-16 05:48:34.591 1504 1601 I am_wtf : [0,1504,system_server,-1,DisplayDeviceConfig,requesting nits when no mapping exists.]
11-16 05:48:34.607 1504 1601 I am_wtf : [0,1504,system_server,-1,DisplayDeviceConfig,requesting nits when no mapping exists.]
11-16 05:48:34.608 1504 1601 I am_wtf : [0,1504,system_server,-1,DisplayDeviceConfig,requesting nits when no mapping exists.]
11-16 05:48:34.622 1504 1601 I am_wtf : [0,1504,system_server,-1,DisplayDeviceConfig,requesting nits when no mapping exists.]
11-16 05:48:34.623 1504 1601 I am_wtf : [0,1504,system_server,-1,DisplayDeviceConfig,requesting nits when no mapping exists.]
11-16 05:48:34.639 1504 1601 I am_wtf : [0,1504,system_server,-1,DisplayDeviceConfig,requesting nits when no mapping exists.]
11-16 05:48:34.640 1504 1601 I am_wtf : [0,1504,system_server,-1,DisplayDeviceConfig,requesting nits when no mapping exists.]
11-16 05:49:39.800 1504 1601 I am_uid_idle: 10066
11-16 05:52:09.297 1504 1682 I input_interaction: Interaction with: 1865d13 com.thundercomm.screensaver/android.service.dreams.DreamActivity (server), edge-swipe (server), swipe-up (server), PointerEventDispatcher0 (server),
11-16 05:52:09.301 1504 1822 I wm_finish_activity: [0,194310417,478,com.thundercomm.screensaver/android.service.dreams.DreamActivity,finish-activity]
11-16 05:52:09.302 1504 1822 I wm_task_moved: [477,1,7]
11-16 05:52:09.302 1504 1822 I wm_task_to_front: [0,477]
11-16 05:52:09.304 1504 1822 I wm_set_resumed_activity: [0,com.android.music/.MusicBrowserActivity,positionChildAt]
11-16 05:52:09.304 1504 1822 I wm_focused_root_task: [0,0,477,478,finish-top adjustFocusToNextFocusableTask]
11-16 05:52:09.304 1504 1822 I wm_set_resumed_activity: [0,com.android.music/.MusicBrowserActivity,finish-top]
11-16 05:52:09.308 1504 1822 I wm_pause_activity: [0,194310417,com.thundercomm.screensaver/android.service.dreams.DreamActivity,userLeaving=false,finish]
11-16 05:52:09.319 4192 4192 I wm_on_top_resumed_lost_called: [194310417,android.service.dreams.DreamActivity,topStateChangedWhenResumed]
11-16 05:52:09.322 4192 4192 I wm_on_paused_called: [194310417,android.service.dreams.DreamActivity,performPause]
11-16 05:52:09.323 11288 11288 I wm_on_top_resumed_gained_called: [110247547,com.android.music.MusicBrowserActivity,topStateChangedWhenResumed]
11-16 05:52:09.333 1504 2059 I wm_resume_activity: [0,84087794,476,com.android.music/.VideoBrowserActivity]
11-16 05:52:09.349 1504 1682 I input_focus: [Focus leaving 1865d13 com.thundercomm.screensaver/android.service.dreams.DreamActivity (server),reason=NO_WINDOW]
11-16 05:52:09.349 4192 4192 I view_enqueue_input_event: [Motion - Cancel,com.thundercomm.screensaver/android.service.dreams.DreamActivity]
11-16 05:52:09.350 1504 1571 I sysui_multi_action: [757,803,799,window_time_0,802,215]
11-16 05:52:09.358 1504 1571 I sysui_multi_action: [757,803,799,window_time_2,802,0]
11-16 05:52:09.359 11288 11288 I wm_on_restart_called: [84087794,com.android.music.VideoBrowserActivity,performRestartActivity]
11-16 05:52:09.360 11288 11288 I wm_on_start_called: [84087794,com.android.music.VideoBrowserActivity,handleStartActivity]
11-16 05:52:09.360 11288 11288 I wm_on_resume_called: [84087794,com.android.music.VideoBrowserActivity,RESUME_ACTIVITY]
11-16 05:52:09.361 1504 1572 I input_focus: [Focus request 1b9ed5e com.android.music/com.android.music.MusicBrowserActivity,reason=UpdateInputWindows]
11-16 05:52:09.383 1504 1598 I am_pss : [11288,10086,com.android.music,36318208,29261824,0,155734016,0,2,9]
11-16 05:52:09.392 1504 1682 I input_focus: [Focus entering 1b9ed5e com.android.music/com.android.music.MusicBrowserActivity (server),reason=setFocusedWindow]
11-16 05:52:09.394 1504 2101 I wm_destroy_activity: [0,194310417,478,com.thundercomm.screensaver/android.service.dreams.DreamActivity,finish-idle]
11-16 05:52:09.396 4192 4192 I wm_on_stop_called: [194310417,android.service.dreams.DreamActivity,LIFECYCLER_STOP_ACTIVITY]
11-16 05:52:09.397 4192 4192 I wm_on_destroy_called: [194310417,android.service.dreams.DreamActivity,performDestroy]
11-16 05:52:09.411 1504 1568 I sysui_multi_action: [757,222,758,2]
11-16 05:52:09.411 1504 1568 I sysui_multi_action: [757,804,799,dreaming_minutes,801,3,802,1]
11-16 05:52:09.435 1504 1504 I am_uid_active: 10066
11-16 05:52:09.477 1504 1598 I am_pss : [11361,1000,com.android.settings,27259904,25243648,0,111431680,0,19,5]
11-16 05:52:09.487 1504 1598 I am_pss : [9107,10031,com.android.musicfx,6011904,3973120,0,90763264,0,19,5]
11-16 05:52:09.494 1504 1598 I am_pss : [10466,1000,com.qti.diagservices,6326272,3940352,0,93708288,0,10,6]
11-16 05:52:09.924 1504 1572 I wm_task_removed: [478,removeChild:removeChild last r=ActivityRecord{b94f111 u0 com.thundercomm.screensaver/android.service.dreams.DreamActivity t-1 f}} in t=Task{bb63db2 #478 type=dream A=10051:android:com.thundercomm.screensaver/dream U=0 visible=false mode=fullscreen translucent=true sz=0}]
11-16 05:52:09.924 1504 1572 I wm_task_removed: [478,removeChild]
11-16 05:52:11.221 1504 1682 I input_interaction: Interaction with: bf2ef31 com.android.music/com.android.music.VideoBrowserActivity (server), edge-swipe (server), swipe-up (server), PointerEventDispatcher0 (server),
11-16 05:52:11.223 1504 1571 I wm_task_moved: [476,1,7]
11-16 05:52:11.224 1504 1571 I wm_task_to_front: [0,476]
11-16 05:52:11.231 1504 1571 I wm_set_resumed_activity: [0,com.android.music/.VideoBrowserActivity,positionChildAt]
11-16 05:52:11.231 1504 1571 I wm_focused_root_task: [0,0,476,477,setFocusedTask]
11-16 05:52:11.231 1504 1571 I wm_set_resumed_activity: [0,com.android.music/.VideoBrowserActivity,setFocusedTask]
11-16 05:52:11.233 1504 1572 I input_focus: [Focus request bf2ef31 com.android.music/com.android.music.VideoBrowserActivity,reason=UpdateInputWindows]
11-16 05:52:11.242 1504 1822 I wm_task_moved: [280,0,0]
11-16 05:52:11.243 1504 1822 I wm_task_moved: [280,0,6]
11-16 05:52:11.243 11288 11288 I wm_on_top_resumed_lost_called: [110247547,com.android.music.MusicBrowserActivity,topStateChangedWhenResumed]
11-16 05:52:11.248 1504 1682 I input_interaction: Interaction with: edge-swipe (server), swipe-up (server), PointerEventDispatcher0 (server),
11-16 05:52:11.253 11288 11288 I view_enqueue_input_event: [Motion - Cancel,com.android.music/com.android.music.VideoBrowserActivity]
11-16 05:52:11.253 11288 11288 I wm_on_top_resumed_gained_called: [84087794,com.android.music.VideoBrowserActivity,topStateChangedWhenResumed]
11-16 05:52:11.260 1504 1572 I input_focus: [Focus request recents_animation_input_consumer,reason=UpdateInputWindows]
11-16 05:52:11.262 2496 2496 I wm_on_restart_called: [50203839,com.android.launcher3.uioverrides.QuickstepLauncher,performRestartActivity]
11-16 05:52:11.262 1504 1682 I input_focus: [Focus leaving 1b9ed5e com.android.music/com.android.music.MusicBrowserActivity (server),reason=setFocusedWindow]
11-16 05:52:11.262 1504 1682 I input_focus: [Focus entering bf2ef31 com.android.music/com.android.music.VideoBrowserActivity (server),reason=setFocusedWindow]
11-16 05:52:11.262 1504 2101 I wm_finish_activity: [0,110247547,477,com.android.music/.MusicBrowserActivity,app-request]
11-16 05:52:11.273 1504 2101 I wm_pause_activity: [0,110247547,com.android.music/.MusicBrowserActivity,userLeaving=false,finish]
11-16 05:52:11.278 1504 1682 I input_focus: [Focus leaving bf2ef31 com.android.music/com.android.music.VideoBrowserActivity (server),reason=NOT_FOCUSABLE]
11-16 05:52:11.278 1504 1682 I input_focus: [Focus entering recents_animation_input_consumer (server),reason=setFocusedWindow]
11-16 05:52:11.280 11288 11288 I wm_on_paused_called: [110247547,com.android.music.MusicBrowserActivity,performPause]
11-16 05:52:11.289 1504 1822 I wm_destroy_activity: [0,110247547,477,com.android.music/.MusicBrowserActivity,finish-imm:completePausedLocked]
11-16 05:52:11.294 2496 2496 I wm_on_start_called: [50203839,com.android.launcher3.uioverrides.QuickstepLauncher,handleStartActivity]
11-16 05:52:11.308 2496 2496 I sysui_latency: [1,88]
11-16 05:52:11.311 11288 11288 I wm_on_stop_called: [110247547,com.android.music.MusicBrowserActivity,LIFECYCLER_STOP_ACTIVITY]
11-16 05:52:11.313 1504 1571 I sysui_multi_action: [757,803,799,window_time_2,802,2]
11-16 05:52:11.320 11288 11288 I wm_on_destroy_called: [110247547,com.android.music.MusicBrowserActivity,performDestroy]
11-16 05:52:11.325 1504 1822 I wm_task_removed: [477,removeChild:removeChild last r=ActivityRecord{6923e7b u0 com.android.music/.MusicBrowserActivity t-1 f}} in t=Task{43339ac #477 type=standard A=10086:android.task.music U=0 visible=false mode=freeform translucent=true sz=0}]
11-16 05:52:11.326 1504 1822 I wm_task_removed: [477,removeChild]
11-16 05:52:11.327 1504 1568 I sysui_multi_action: [319,8,322,73,325,8920,757,761,758,9,759,5,806,com.android.launcher3,871,com.android.launcher3.uioverrides.QuickstepLauncher,904,com.android.launcher3,905,0,1320,8,1321,5]
11-16 05:52:11.335 1504 1535 I sysui_multi_action: [757,856,758,2,806,com.android.music,857,Channel-music,858,2]
11-16 05:52:11.335 1504 1504 I notification_cancel_all: [1000,1504,com.android.music,0,0,0,20,NULL]
11-16 05:52:11.501 1504 1666 I commit_sys_config_file: [settings-1-0,6]
11-16 05:52:11.547 1504 1822 I wm_task_created: [479,-1]
11-16 05:52:11.551 1504 1822 I wm_task_moved: [479,1,7]
11-16 05:52:11.551 1504 1822 I wm_task_to_front: [0,479]
11-16 05:52:11.551 1504 1822 I wm_create_task: [0,479]
11-16 05:52:11.551 1504 1822 I wm_create_activity: [0,204573718,479,com.android.music/.MusicBrowserActivity,NULL,NULL,NULL,268468224]
11-16 05:52:11.551 1504 1822 I wm_task_moved: [479,1,7]
11-16 05:52:11.551 11288 11288 I wm_on_top_resumed_lost_called: [84087794,com.android.music.VideoBrowserActivity,topStateChangedWhenResumed]
11-16 05:52:11.555 1504 1822 I wm_restart_activity: [0,204573718,479,com.android.music/.MusicBrowserActivity]
11-16 05:52:11.556 1504 1822 I wm_set_resumed_activity: [0,com.android.music/.MusicBrowserActivity,minimalResumeActivityLocked]
11-16 05:52:11.593 11288 11288 I wm_on_create_called: [204573718,com.android.music.MusicBrowserActivity,performCreate]
11-16 05:52:11.595 1504 1570 I commit_sys_config_file: [notification-policy,8911054]
11-16 05:52:11.601 11288 11288 I wm_on_start_called: [204573718,com.android.music.MusicBrowserActivity,handleStartActivity]
11-16 05:52:11.602 11288 11288 I wm_on_resume_called: [204573718,com.android.music.MusicBrowserActivity,RESUME_ACTIVITY]
11-16 05:52:11.604 11288 11288 I wm_on_top_resumed_gained_called: [204573718,com.android.music.MusicBrowserActivity,topStateChangedWhenResumed]
11-16 05:52:11.616 1504 1598 I sysui_latency: [8,81]
11-16 05:52:11.620 1504 1535 I sysui_multi_action: [757,856,758,1,806,com.android.music,857,Channel-music,858,2]
11-16 05:52:11.624 1504 1504 I notification_enqueue: [10086,11288,com.android.music,1,NULL,0,Notification(channel=Channel-music shortcut=null contentView=null vibrate=null sound=null defaults=0x0 flags=0x0 color=0x00000000 category=transport actions=3 vis=PRIVATE),0]
11-16 05:52:11.626 1504 1504 I notification_enqueue: [10086,11288,com.android.music,1,NULL,0,Notification(channel=Channel-music shortcut=null contentView=null vibrate=null sound=null defaults=0x0 flags=0x40 color=0x00000000 category=transport actions=3 vis=PRIVATE),0]
11-16 05:52:11.628 1504 1504 I notification_enqueue: [10086,11288,com.android.music,1,NULL,0,Notification(channel=Channel-music shortcut=null contentView=null vibrate=null sound=null defaults=0x0 flags=0x40 color=0x00000000 category=transport actions=3 vis=PRIVATE),0]
11-16 05:52:11.632 1504 1504 I notification_enqueue: [10086,11288,com.android.music,1,NULL,0,Notification(channel=Channel-music shortcut=null contentView=null vibrate=null sound=null defaults=0x0 flags=0x40 color=0x00000000 category=transport actions=3 vis=PRIVATE),0]
11-16 05:52:11.639 1504 1504 I notification_enqueue: [10086,11288,com.android.music,1,NULL,0,Notification(channel=Channel-music shortcut=null contentView=null vibrate=null sound=null defaults=0x0 flags=0x40 color=0x00000000 category=transport actions=3 vis=PRIVATE),0]
11-16 05:52:11.640 1504 1504 I notification_enqueue: [10086,11288,com.android.music,1,NULL,0,Notification(channel=Channel-music shortcut=null contentView=null vibrate=null sound=null defaults=0x0 flags=0x40 color=0x00000000 category=transport actions=3 vis=PRIVATE),0]
11-16 05:52:11.648 1504 1572 I input_focus: [Focus request 32eeb4c com.android.music/com.android.music.MusicBrowserActivity,reason=UpdateInputWindows]
11-16 05:52:11.662 1504 1568 I wm_activity_launch_time: [0,204573718,com.android.music/.MusicBrowserActivity,117]
11-16 05:52:11.662 1504 1504 I sysui_multi_action: [757,128,758,5,759,8,793,39,794,0,795,39,796,1,806,com.android.music,857,Channel-music,858,2,947,0,1500,39,1641,transport,1688,1,1745,1043716538]
11-16 05:52:11.663 1504 1504 I notification_canceled: [0|com.android.music|1|null|10086,8,39,39,0,-1,-1,NULL]
11-16 05:52:11.664 1504 1682 I input_focus: [Focus leaving recents_animation_input_consumer (server),reason=Waiting for window because NOT_VISIBLE]
11-16 05:52:11.681 1504 1682 I input_focus: [Focus entering 32eeb4c com.android.music/com.android.music.MusicBrowserActivity (server),reason=Window became focusable. Previous reason: NOT_VISIBLE]
11-16 05:52:11.770 1504 1666 I commit_sys_config_file: [settings-1-0,5]
11-16 05:52:11.878 1504 1570 I commit_sys_config_file: [notification-policy,8911336]
11-16 05:52:12.220 1504 1822 I wm_task_moved: [280,1,7]
11-16 05:52:12.221 1504 1822 I wm_task_moved: [281,1,2147483647]
11-16 05:52:12.221 1504 1822 I wm_task_to_front: [0,281]
11-16 05:52:12.221 1504 1822 I wm_focused_root_task: [0,0,280,479,RecentsAnimation.onAnimationFinished()]
11-16 05:52:12.221 1504 1822 I wm_set_resumed_activity: [0,com.android.launcher3/.uioverrides.QuickstepLauncher,RecentsAnimation.onAnimationFinished()]
11-16 05:52:12.222 11288 11288 I wm_on_top_resumed_lost_called: [204573718,com.android.music.MusicBrowserActivity,topStateChangedWhenResumed]
11-16 05:52:12.222 1504 1822 I wm_pause_activity: [0,84087794,com.android.music/.VideoBrowserActivity,userLeaving=true,pauseBackTasks]
11-16 05:52:12.224 1504 1822 I wm_add_to_stopping: [0,84087794,com.android.music/.VideoBrowserActivity,makeInvisible]
11-16 05:52:12.224 1504 1822 I wm_set_resumed_activity: [0,com.android.launcher3/.uioverrides.QuickstepLauncher,resumeTopActivityInnerLocked]
11-16 05:52:12.226 1504 1822 I wm_resume_activity: [0,50203839,281,com.android.launcher3/.uioverrides.QuickstepLauncher]
11-16 05:52:12.229 2496 2496 I wm_on_resume_called: [50203839,com.android.launcher3.uioverrides.QuickstepLauncher,RESUME_ACTIVITY]
11-16 05:52:12.233 1504 1572 I input_focus: [Focus request e1de84c com.android.launcher3/com.android.launcher3.uioverrides.QuickstepLauncher,reason=UpdateInputWindows]
11-16 05:52:12.237 1504 1571 I wm_stop_activity: [0,84087794,com.android.music/.VideoBrowserActivity]
11-16 05:52:12.238 1504 1571 I sysui_multi_action: [757,803,799,window_time_0,802,1]
11-16 05:52:12.239 11288 11288 I wm_on_paused_called: [84087794,com.android.music.VideoBrowserActivity,performPause]
11-16 05:52:12.240 1504 1571 I sysui_multi_action: [757,803,799,window_time_0,802,0]
11-16 05:52:12.241 2496 2496 I wm_on_top_resumed_gained_called: [50203839,com.android.launcher3.uioverrides.QuickstepLauncher,topStateChangedWhenResumed]
11-16 05:52:12.252 1504 1682 I input_focus: [Focus leaving 32eeb4c com.android.music/com.android.music.MusicBrowserActivity (server),reason=setFocusedWindow]
11-16 05:52:12.253 1504 1682 I input_focus: [Focus entering e1de84c com.android.launcher3/com.android.launcher3.uioverrides.QuickstepLauncher (server),reason=setFocusedWindow]
11-16 05:52:12.253 11288 11288 I wm_on_stop_called: [84087794,com.android.music.VideoBrowserActivity,STOP_ACTIVITY_ITEM]
11-16 05:52:12.358 1504 1682 I input_interaction: Interaction with: e1de84c com.android.launcher3/com.android.launcher3.uioverrides.QuickstepLauncher (server), c74be60 com.android.systemui.ImageWallpaper (server), edge-swipe (server), swipe-up (server), PointerEventDispatcher0 (server),
11-16 05:52:12.387 2496 2496 I view_enqueue_input_event: [Motion - Cancel,com.android.launcher3/com.android.launcher3.uioverrides.QuickstepLauncher]
11-16 05:52:12.393 1504 1682 I input_interaction: Interaction with: edge-swipe (server), swipe-up (server), PointerEventDispatcher0 (server),
11-16 05:52:12.584 1504 1666 I commit_sys_config_file: [settings-1-0,4]
11-16 05:52:12.886 1504 1666 I commit_sys_config_file: [settings-1-0,4]
11-16 05:52:13.011 1504 1682 I input_interaction: Interaction with: e1de84c com.android.launcher3/com.android.launcher3.uioverrides.QuickstepLauncher (server), c74be60 com.android.systemui.ImageWallpaper (server), edge-swipe (server), swipe-up (server), PointerEventDispatcher0 (server),
11-16 05:52:13.039 1504 1682 I input_interaction: Interaction with: edge-swipe (server), swipe-up (server), PointerEventDispatcher0 (server),
11-16 05:52:13.042 2496 2496 I view_enqueue_input_event: [Motion - Cancel,com.android.launcher3/com.android.launcher3.uioverrides.QuickstepLauncher]
11-16 05:52:13.209 1504 6110 I wm_finish_activity: [0,204573718,479,com.android.music/.MusicBrowserActivity,app-request]
11-16 05:52:13.217 1504 6110 I wm_pause_activity: [0,204573718,com.android.music/.MusicBrowserActivity,userLeaving=false,finish]
11-16 05:52:13.218 11288 11288 I wm_on_paused_called: [204573718,com.android.music.MusicBrowserActivity,performPause]
11-16 05:52:13.224 1504 1535 I wm_destroy_activity: [0,204573718,479,com.android.music/.MusicBrowserActivity,finish-imm:completePausedLocked]
11-16 05:52:13.234 1504 1666 I commit_sys_config_file: [settings-1-0,14]
