11-16 05:43:21.562 1968 1968 I sysui_multi_action: [757,126,758,1,759,126,927,0,928,0,1593,0]
11-16 05:43:21.562 1968 1968 I sysui_multi_action: [757,113,758,1,759,113,927,1,928,1,1593,0]
11-16 05:43:21.562 1968 1968 I sysui_multi_action: [757,0,758,1,759,0,927,2,928,0,1593,0]
11-16 05:43:21.563 1968 1968 I sysui_multi_action: [757,0,758,1,759,0,927,3,928,0,1593,0]
11-16 05:43:21.563 1968 1968 I sysui_multi_action: [757,491,758,1,759,491,927,4,928,0,1311,-1,1593,0]
11-16 05:43:21.563 1968 1968 I sysui_multi_action: [757,0,758,1,759,0,927,5,928,0,1593,0]
11-16 05:43:21.564 1968 1968 I sysui_multi_action: [757,111,758,1]
11-16 05:43:21.564 1968 1968 I sysui_multi_action: [757,126,758,1,759,126,927,0,928,0,1593,0]
11-16 05:43:21.564 1968 1968 I sysui_multi_action: [757,113,758,1,759,113,927,1,928,1,1593,0]
11-16 05:43:21.564 1968 1968 I sysui_multi_action: [757,0,758,1,759,0,927,2,928,0,1593,0]
11-16 05:43:21.565 1968 1968 I sysui_multi_action: [757,0,758,1,759,0,927,3,928,0,1593,0]
11-16 05:43:21.577 1504 1682 I input_focus: [Focus entering 3cebd4e com.android.gallery3d/com.android.gallery3d.app.GalleryActivity (server),reason=setFocusedWindow]
11-16 05:43:21.579 1504 4717 I wm_relaunch_resume_activity: [0,142050592,462,com.android.gallery3d/.app.GalleryActivity]
11-16 05:43:21.583 1504 4717 I wm_resume_activity: [0,50203839,281,com.android.launcher3/.uioverrides.QuickstepLauncher]
11-16 05:43:21.584 1504 4717 I wm_finish_activity: [0,142050592,462,com.android.gallery3d/.app.GalleryActivity,clear-task-all]
11-16 05:43:21.591 1504 4717 I wm_pause_activity: [0,142050592,com.android.gallery3d/.app.GalleryActivity,userLeaving=false,finish]
11-16 05:43:21.595 1504 4717 I wm_task_moved: [462,1,7]
11-16 05:43:21.595 1504 4717 I wm_create_activity: [0,62146345,462,com.android.gallery3d/.app.GalleryActivity,NULL,NULL,NULL,268468224]
11-16 05:43:21.608 10888 10888 I wm_on_top_resumed_lost_called: [142050592,com.android.gallery3d.app.GalleryActivity,pausing]
11-16 05:43:21.614 10888 10888 I wm_on_paused_called: [142050592,com.android.gallery3d.app.GalleryActivity,performPause]
11-16 05:43:21.614 10888 10888 I wm_on_stop_called: [142050592,com.android.gallery3d.app.GalleryActivity,handleRelaunchActivity]
11-16 05:43:21.623 10888 10888 I wm_on_destroy_called: [142050592,com.android.gallery3d.app.GalleryActivity,performDestroy]
11-16 05:43:21.623 2496 2496 I wm_on_stop_called: [50203839,com.android.launcher3.uioverrides.QuickstepLauncher,STOP_ACTIVITY_ITEM]
11-16 05:43:21.626 1504 1682 I input_focus: [Focus leaving 3cebd4e com.android.gallery3d/com.android.gallery3d.app.GalleryActivity (server),reason=NO_WINDOW]
11-16 05:43:21.632 2496 2496 I wm_on_restart_called: [50203839,com.android.launcher3.uioverrides.QuickstepLauncher,performRestartActivity]
11-16 05:43:21.632 2496 2496 I wm_on_start_called: [50203839,com.android.launcher3.uioverrides.QuickstepLauncher,handleStartActivity]
11-16 05:43:21.633 2496 2496 I wm_on_resume_called: [50203839,com.android.launcher3.uioverrides.QuickstepLauncher,RESUME_ACTIVITY]
11-16 05:43:21.641 10888 10888 I wm_on_create_called: [142050592,com.android.gallery3d.app.GalleryActivity,performCreate]
11-16 05:43:21.642 10888 10888 I wm_on_start_called: [142050592,com.android.gallery3d.app.GalleryActivity,handleStartActivity]
11-16 05:43:21.646 10888 10888 I wm_on_resume_called: [142050592,com.android.gallery3d.app.GalleryActivity,RESUME_ACTIVITY]
11-16 05:43:21.646 10888 10888 I wm_on_top_resumed_gained_called: [142050592,com.android.gallery3d.app.GalleryActivity,topWhenResuming]
11-16 05:43:21.647 10888 10888 I wm_on_top_resumed_lost_called: [142050592,com.android.gallery3d.app.GalleryActivity,topStateChangedWhenResumed]
11-16 05:43:21.647 10888 10888 I wm_on_paused_called: [142050592,com.android.gallery3d.app.GalleryActivity,performPause]
11-16 05:43:21.648 1504 5212 I wm_add_to_stopping: [0,142050592,com.android.gallery3d/.app.GalleryActivity,completeFinishing]
11-16 05:43:21.650 1504 5212 I wm_restart_activity: [0,62146345,462,com.android.gallery3d/.app.GalleryActivity]
11-16 05:43:21.651 1504 5212 I wm_set_resumed_activity: [0,com.android.gallery3d/.app.GalleryActivity,minimalResumeActivityLocked]
11-16 05:43:21.656 1504 1571 I sysui_multi_action: [757,803,799,window_time_0,802,1]
11-16 05:43:21.679 10888 10888 I wm_on_create_called: [62146345,com.android.gallery3d.app.GalleryActivity,performCreate]
11-16 05:43:21.680 10888 10888 I wm_on_start_called: [62146345,com.android.gallery3d.app.GalleryActivity,handleStartActivity]
11-16 05:43:21.681 10888 10888 I wm_on_resume_called: [62146345,com.android.gallery3d.app.GalleryActivity,RESUME_ACTIVITY]
11-16 05:43:21.683 10888 10888 I wm_on_top_resumed_gained_called: [62146345,com.android.gallery3d.app.GalleryActivity,topStateChangedWhenResumed]
11-16 05:43:21.692 1504 1572 I input_focus: [Focus request ea393e3 com.android.gallery3d/com.android.gallery3d.app.GalleryActivity,reason=UpdateInputWindows]
11-16 05:43:21.711 1504 1568 I wm_activity_launch_time: [0,62146345,com.android.gallery3d/.app.GalleryActivity,143]
11-16 05:43:21.725 1504 1682 I input_focus: [Focus entering ea393e3 com.android.gallery3d/com.android.gallery3d.app.GalleryActivity (server),reason=setFocusedWindow]
11-16 05:43:21.741 1504 1504 I sysui_multi_action: [757,1501,758,1,793,8370077,794,0,795,208,796,2048,806,com.android.systemui,857,updateNotification,858,3,947,0,1500,0,1688,1]
11-16 05:43:21.742 1504 1504 I sysui_multi_action: [757,804,799,note_interruptive,801,0,802,1]
11-16 05:43:21.742 1504 1504 I sysui_multi_action: [757,199,758,1,759,2,793,8370078,794,0,795,209,796,2048,806,com.android.systemui,857,updateNotification,858,3,947,0,1500,1,1688,1]
11-16 05:43:21.742 1504 1504 I notification_alert: [0|com.android.systemui|2048|null|10081,0,1,0]
11-16 05:43:22.064 1504 1571 I wm_destroy_activity: [0,142050592,462,com.android.gallery3d/.app.GalleryActivity,finish-imm:idle]
11-16 05:43:22.091 10888 10888 I wm_on_stop_called: [142050592,com.android.gallery3d.app.GalleryActivity,LIFECYCLER_STOP_ACTIVITY]
11-16 05:43:22.093 10888 10888 I wm_on_destroy_called: [142050592,com.android.gallery3d.app.GalleryActivity,performDestroy]
11-16 05:43:22.933 1504 1682 I input_interaction: Interaction with: e1de84c com.android.launcher3/com.android.launcher3.uioverrides.QuickstepLauncher (server), c74be60 com.android.systemui.ImageWallpaper (server), edge-swipe (server), swipe-up (server), PointerEventDispatcher0 (server),
11-16 05:43:23.025 2496 2496 I view_enqueue_input_event: [Motion - Cancel,com.android.launcher3/com.android.launcher3.uioverrides.QuickstepLauncher]
11-16 05:43:23.026 1504 1682 I input_interaction: Interaction with: edge-swipe (server), swipe-up (server), PointerEventDispatcher0 (server),
11-16 05:43:23.348 1504 7432 I wm_task_moved: [280,1,7]
11-16 05:43:23.350 1504 7432 I wm_set_resumed_activity: [0,com.android.launcher3/.uioverrides.QuickstepLauncher,positionChildAt]
11-16 05:43:23.350 1504 7432 I wm_task_moved: [281,1,2147483647]
11-16 05:43:23.350 1504 7432 I wm_task_to_front: [0,281]
11-16 05:43:23.350 10888 10888 I wm_on_top_resumed_lost_called: [62146345,com.android.gallery3d.app.GalleryActivity,topStateChangedWhenResumed]
11-16 05:43:23.350 1504 7432 I wm_focused_root_task: [0,0,280,462,bringingFoundTaskToFront]
11-16 05:43:23.350 1504 7432 I wm_set_resumed_activity: [0,com.android.launcher3/.uioverrides.QuickstepLauncher,bringingFoundTaskToFront]
11-16 05:43:23.351 1504 7432 I wm_new_intent: [0,50203839,281,com.android.launcher3/.uioverrides.QuickstepLauncher,android.intent.action.MAIN,NULL,NULL,268500992]
11-16 05:43:23.352 1504 7432 I wm_task_moved: [280,1,7]
11-16 05:43:23.352 1504 7432 I wm_set_resumed_activity: [0,com.android.launcher3/.uioverrides.QuickstepLauncher,positionChildAt]
11-16 05:43:23.359 1504 1572 I input_focus: [Focus request e1de84c com.android.launcher3/com.android.launcher3.uioverrides.QuickstepLauncher,reason=UpdateInputWindows]
11-16 05:43:23.366 2496 2496 I wm_on_paused_called: [50203839,com.android.launcher3.uioverrides.QuickstepLauncher,performPause]
11-16 05:43:23.374 2496 2496 I wm_on_resume_called: [50203839,com.android.launcher3.uioverrides.QuickstepLauncher,LIFECYCLER_RESUME_ACTIVITY]
11-16 05:43:23.377 2496 2496 I wm_on_top_resumed_gained_called: [50203839,com.android.launcher3.uioverrides.QuickstepLauncher,topStateChangedWhenResumed]
11-16 05:43:23.379 1504 1682 I input_focus: [Focus leaving ea393e3 com.android.gallery3d/com.android.gallery3d.app.GalleryActivity (server),reason=setFocusedWindow]
11-16 05:43:23.380 1504 1682 I input_focus: [Focus entering e1de84c com.android.launcher3/com.android.launcher3.uioverrides.QuickstepLauncher (server),reason=setFocusedWindow]
11-16 05:43:23.681 1504 1682 I input_interaction: Interaction with: e1de84c com.android.launcher3/com.android.launcher3.uioverrides.QuickstepLauncher (server), c74be60 com.android.systemui.ImageWallpaper (server), edge-swipe (server), swipe-up (server), PointerEventDispatcher0 (server),
11-16 05:43:23.803 1504 1682 I input_interaction: Interaction with: edge-swipe (server), swipe-up (server), PointerEventDispatcher0 (server),
11-16 05:43:23.804 2496 2496 I view_enqueue_input_event: [Motion - Cancel,com.android.launcher3/com.android.launcher3.uioverrides.QuickstepLauncher]
11-16 05:43:23.982 1504 1666 I commit_sys_config_file: [settings-1-0,4]
11-16 05:43:24.220 1504 1666 I commit_sys_config_file: [settings-1-0,4]
11-16 05:43:24.330 1504 1821 I wm_finish_activity: [0,62146345,462,com.android.gallery3d/.app.GalleryActivity,app-request]
11-16 05:43:24.346 1504 1821 I wm_pause_activity: [0,62146345,com.android.gallery3d/.app.GalleryActivity,userLeaving=false,finish]
11-16 05:43:24.359 10888 10888 I wm_on_paused_called: [62146345,com.android.gallery3d.app.GalleryActivity,performPause]
11-16 05:43:24.362 1504 6071 I wm_destroy_activity: [0,62146345,462,com.android.gallery3d/.app.GalleryActivity,finish-imm:completePausedLocked]
11-16 05:43:24.380 1504 1571 I sysui_multi_action: [757,803,799,window_time_2,802,2]
11-16 05:43:24.382 10888 10888 I wm_on_stop_called: [62146345,com.android.gallery3d.app.GalleryActivity,LIFECYCLER_STOP_ACTIVITY]
11-16 05:43:24.387 10888 10888 I wm_on_destroy_called: [62146345,com.android.gallery3d.app.GalleryActivity,performDestroy]
11-16 05:43:24.663 1504 1572 I wm_task_removed: [462,removeChild:removeChild last r=ActivityRecord{3b44729 u0 com.android.gallery3d/.app.GalleryActivity t-1 f}} in t=Task{10b1e64 #462 type=standard A=10064:com.android.gallery3d U=0 visible=false mode=freeform translucent=true sz=0}]
11-16 05:43:24.663 1504 1572 I wm_task_removed: [462,removeChild]
11-16 05:43:24.912 1504 1682 I input_interaction: Interaction with: e1de84c com.android.launcher3/com.android.launcher3.uioverrides.QuickstepLauncher (server), c74be60 com.android.systemui.ImageWallpaper (server), edge-swipe (server), swipe-up (server), PointerEventDispatcher0 (server),
11-16 05:43:25.414 1504 4717 I wm_finish_activity: [0,90817471,463,com.android.music/.VideoBrowserActivity,recent-task-trimmed]
11-16 05:43:25.417 1504 4717 I wm_destroy_activity: [0,90817471,463,com.android.music/.VideoBrowserActivity,finish-imm:finishIfPossible]
11-16 05:43:25.422 10903 10903 I wm_on_destroy_called: [90817471,com.android.music.VideoBrowserActivity,performDestroy]
11-16 05:43:25.425 1504 1571 I am_kill : [0,10903,com.android.music,900,remove task]
11-16 05:43:25.437 1504 1571 I sysui_multi_action: [757,803,799,window_time_0,802,1]
11-16 05:43:25.484 1504 4717 I am_proc_died: [0,10903,com.android.music,900,18]
11-16 05:43:25.484 1504 4717 I am_uid_stopped: 10086
11-16 05:43:25.486 1504 4717 I wm_task_removed: [463,removeChild:removeChild last r=ActivityRecord{569c3bf u0 com.android.music/.VideoBrowserActivity t-1 f}} in t=Task{e266bb7 #463 type=standard A=10086:android.task.video U=0 visible=false mode=fullscreen translucent=true sz=0}]
11-16 05:43:25.486 1504 4717 I wm_task_removed: [463,removeChild]
11-16 05:43:25.495 1504 1571 I am_uid_running: 10086
11-16 05:43:25.513 1504 1603 I am_proc_start: [0,11001,10086,com.android.music,NULL,]
11-16 05:43:25.553 1504 5212 I am_proc_bound: [0,11001,com.android.music]
11-16 05:43:27.107 1504 1821 I wm_task_created: [464,-1]
11-16 05:43:27.114 1504 1821 I wm_task_moved: [464,1,6]
11-16 05:43:27.114 1504 1821 I wm_task_to_front: [0,464]
11-16 05:43:27.115 1504 1821 I wm_create_task: [0,464]
11-16 05:43:27.115 1504 1821 I wm_create_activity: [0,205786879,464,com.android.gallery3d/.app.GalleryActivity,NULL,NULL,NULL,268468224]
11-16 05:43:27.115 1504 1821 I wm_task_moved: [464,1,6]
11-16 05:43:27.118 1504 1821 I wm_restart_activity: [0,205786879,464,com.android.gallery3d/.app.GalleryActivity]
11-16 05:43:27.119 1504 1821 I wm_set_resumed_activity: [0,com.android.gallery3d/.app.GalleryActivity,minimalResumeActivityLocked]
11-16 05:43:27.133 2496 2496 I wm_on_top_resumed_lost_called: [50203839,com.android.launcher3.uioverrides.QuickstepLauncher,topStateChangedWhenResumed]
11-16 05:43:27.151 10888 10888 I wm_on_create_called: [205786879,com.android.gallery3d.app.GalleryActivity,performCreate]
11-16 05:43:27.152 10888 10888 I wm_on_start_called: [205786879,com.android.gallery3d.app.GalleryActivity,handleStartActivity]
11-16 05:43:27.155 10888 10888 I wm_on_resume_called: [205786879,com.android.gallery3d.app.GalleryActivity,RESUME_ACTIVITY]
11-16 05:43:27.158 10888 10888 I wm_on_top_resumed_gained_called: [205786879,com.android.gallery3d.app.GalleryActivity,topStateChangedWhenResumed]
11-16 05:43:27.179 1504 1572 I input_focus: [Focus request e16def7 com.android.gallery3d/com.android.gallery3d.app.GalleryActivity,reason=UpdateInputWindows]
11-16 05:43:27.206 1504 1682 I input_focus: [Focus leaving e1de84c com.android.launcher3/com.android.launcher3.uioverrides.QuickstepLauncher (server),reason=Waiting for window because NOT_VISIBLE]
11-16 05:43:27.232 1504 1568 I sysui_multi_action: [319,130,322,130,325,8396,757,761,758,8,759,2,806,com.android.gallery3d,871,com.android.gallery3d.app.GalleryActivity,904,com.android.launcher3,905,0,1320,4,1321,1]
11-16 05:43:27.233 1504 1568 I wm_activity_launch_time: [0,205786879,com.android.gallery3d/.app.GalleryActivity,130]
11-16 05:43:27.237 1504 1682 I input_focus: [Focus entering e16def7 com.android.gallery3d/com.android.gallery3d.app.GalleryActivity (server),reason=Window became focusable. Previous reason: NOT_VISIBLE]
11-16 05:43:27.973 1504 4717 I wm_task_created: [465,-1]
11-16 05:43:27.982 1504 4717 I wm_task_moved: [465,1,7]
11-16 05:43:27.982 1504 4717 I wm_task_to_front: [0,465]
11-16 05:43:27.983 1504 4717 I wm_create_task: [0,465]
11-16 05:43:27.983 1504 4717 I wm_create_activity: [0,4610361,465,com.android.music/.VideoBrowserActivity,android.intent.action.MAIN,NULL,NULL,270532608]
11-16 05:43:27.983 1504 4717 I wm_task_moved: [465,1,7]
11-16 05:43:27.983 10888 10888 I wm_on_top_resumed_lost_called: [205786879,com.android.gallery3d.app.GalleryActivity,topStateChangedWhenResumed]
11-16 05:43:27.986 1504 4717 I wm_pause_activity: [0,50203839,com.android.launcher3/.uioverrides.QuickstepLauncher,userLeaving=true,pauseBackTasks]
11-16 05:43:28.005 2496 2496 I wm_on_paused_called: [50203839,com.android.launcher3.uioverrides.QuickstepLauncher,performPause]
11-16 05:43:28.009 1504 5212 I wm_add_to_stopping: [0,50203839,com.android.launcher3/.uioverrides.QuickstepLauncher,makeInvisible]
11-16 05:43:28.010 1504 5212 I wm_restart_activity: [0,4610361,465,com.android.music/.VideoBrowserActivity]
11-16 05:43:28.012 1504 5212 I wm_set_resumed_activity: [0,com.android.music/.VideoBrowserActivity,minimalResumeActivityLocked]
11-16 05:43:28.022 1504 1571 I am_uid_active: 10086
11-16 05:43:28.034 1504 1571 I sysui_multi_action: [757,803,799,window_time_0,802,3]
11-16 05:43:28.090 11001 11001 I wm_on_create_called: [4610361,com.android.music.VideoBrowserActivity,performCreate]
11-16 05:43:28.091 11001 11001 I wm_on_start_called: [4610361,com.android.music.VideoBrowserActivity,handleStartActivity]
11-16 05:43:28.092 11001 11001 I wm_on_resume_called: [4610361,com.android.music.VideoBrowserActivity,RESUME_ACTIVITY]
11-16 05:43:28.098 11001 11001 I wm_on_top_resumed_gained_called: [4610361,com.android.music.VideoBrowserActivity,topStateChangedWhenResumed]
11-16 05:43:28.107 1504 1572 I input_focus: [Focus request 933d7cf com.android.music/com.android.music.VideoBrowserActivity,reason=UpdateInputWindows]
11-16 05:43:28.140 1504 1682 I input_focus: [Focus leaving e16def7 com.android.gallery3d/com.android.gallery3d.app.GalleryActivity (server),reason=Waiting for window because NOT_VISIBLE]
11-16 05:43:28.147 1504 1568 I sysui_multi_action: [319,78,321,74,322,176,325,8397,757,761,758,8,759,1,806,com.android.music,871,com.android.music.VideoBrowserActivity,904,com.android.launcher3,905,0,1320,4,1321,5]
11-16 05:43:28.149 1504 1568 I wm_activity_launch_time: [0,4610361,com.android.music/.VideoBrowserActivity,176]
11-16 05:43:28.157 1504 1682 I input_focus: [Focus entering 933d7cf com.android.music/com.android.music.VideoBrowserActivity (server),reason=Window became focusable. Previous reason: NOT_VISIBLE]
11-16 05:43:28.584 1504 1571 I wm_stop_activity: [0,50203839,com.android.launcher3/.uioverrides.QuickstepLauncher]
11-16 05:43:28.618 2496 2496 I wm_on_stop_called: [50203839,com.android.launcher3.uioverrides.QuickstepLauncher,STOP_ACTIVITY_ITEM]
11-16 05:43:29.746 1504 1682 I input_interaction: Interaction with: 933d7cf com.android.music/com.android.music.VideoBrowserActivity (server), edge-swipe (server), swipe-up (server), PointerEventDispatcher0 (server),
11-16 05:43:29.761 1504 1821 I wm_task_moved: [280,0,0]
11-16 05:43:29.762 1504 1821 I wm_task_moved: [280,0,6]
11-16 05:43:29.774 2496 2496 I wm_on_restart_called: [50203839,com.android.launcher3.uioverrides.QuickstepLauncher,performRestartActivity]
11-16 05:43:29.775 1504 4717 I wm_finish_activity: [0,205786879,464,com.android.gallery3d/.app.GalleryActivity,app-request]
11-16 05:43:29.796 1504 4717 I wm_pause_activity: [0,205786879,com.android.gallery3d/.app.GalleryActivity,userLeaving=false,finish]
11-16 05:43:29.806 10888 10888 I wm_on_paused_called: [205786879,com.android.gallery3d.app.GalleryActivity,performPause]
11-16 05:43:29.808 1504 1821 I wm_destroy_activity: [0,205786879,464,com.android.gallery3d/.app.GalleryActivity,finish-imm:completePausedLocked]
11-16 05:43:29.816 1504 1571 I sysui_multi_action: [757,803,799,window_time_0,802,2]
11-16 05:43:29.818 2496 2496 I wm_on_start_called: [50203839,com.android.launcher3.uioverrides.QuickstepLauncher,handleStartActivity]
11-16 05:43:29.829 10888 10888 I wm_on_stop_called: [205786879,com.android.gallery3d.app.GalleryActivity,LIFECYCLER_STOP_ACTIVITY]
11-16 05:43:29.832 10888 10888 I wm_on_destroy_called: [205786879,com.android.gallery3d.app.GalleryActivity,performDestroy]
11-16 05:43:29.856 1504 4613 I wm_task_removed: [464,removeChild:removeChild last r=ActivityRecord{c440eff u0 com.android.gallery3d/.app.GalleryActivity t-1 f}} in t=Task{55ca61e #464 type=standard A=10064:com.android.gallery3d U=0 visible=false mode=freeform translucent=true sz=0}]
11-16 05:43:29.856 1504 4613 I wm_task_removed: [464,removeChild]
11-16 05:43:29.857 1504 1568 I sysui_multi_action: [319,8,322,77,325,8399,757,761,758,9,759,5,806,com.android.launcher3,871,com.android.launcher3.uioverrides.QuickstepLauncher,904,com.android.launcher3,905,0,1320,8,1321,5]
11-16 05:43:29.894 11001 11001 I view_enqueue_input_event: [Motion - Cancel,com.android.music/com.android.music.VideoBrowserActivity]
11-16 05:43:29.894 2496 2496 I sysui_latency: [1,84]
11-16 05:43:29.898 1504 1572 I input_focus: [Focus request recents_animation_input_consumer,reason=UpdateInputWindows]
11-16 05:43:29.907 1504 1682 I input_interaction: Interaction with: edge-swipe (server), swipe-up (server), PointerEventDispatcher0 (server),
11-16 05:43:29.926 1504 1682 I input_focus: [Focus leaving 933d7cf com.android.music/com.android.music.VideoBrowserActivity (server),reason=NOT_FOCUSABLE]
11-16 05:43:29.927 1504 1682 I input_focus: [Focus entering recents_animation_input_consumer (server),reason=setFocusedWindow]
11-16 05:43:30.023 1504 1666 I commit_sys_config_file: [settings-1-0,6]
11-16 05:43:30.140 1504 1598 I sysui_latency: [8,83]
11-16 05:43:30.225 1504 1504 I service_manager_stats: [100,110,191991]
11-16 05:43:31.290 1504 1666 I commit_sys_config_file: [settings-1-0,5]
11-16 05:43:32.079 1504 1682 I input_interaction: Interaction with: e1de84c com.android.launcher3/com.android.launcher3.uioverrides.QuickstepLauncher (server), edge-swipe (server), swipe-up (server), PointerEventDispatcher0 (server),
11-16 05:43:32.504 1504 6071 I wm_add_to_stopping: [0,50203839,com.android.launcher3/.uioverrides.QuickstepLauncher,makeInvisible]
11-16 05:43:32.513 1504 1572 I input_focus: [Focus request 933d7cf com.android.music/com.android.music.VideoBrowserActivity,reason=UpdateInputWindows]
11-16 05:43:32.516 1504 1571 I wm_stop_activity: [0,50203839,com.android.launcher3/.uioverrides.QuickstepLauncher]
11-16 05:43:32.533 1504 1682 I input_focus: [Focus leaving recents_animation_input_consumer (server),reason=NOT_VISIBLE]
11-16 05:43:32.533 1504 1682 I input_focus: [Focus entering 933d7cf com.android.music/com.android.music.VideoBrowserActivity (server),reason=setFocusedWindow]
11-16 05:43:32.541 1504 4717 I wm_task_created: [466,-1]
11-16 05:43:32.546 1504 4717 I wm_task_moved: [466,1,7]
11-16 05:43:32.546 1504 4717 I wm_task_to_front: [0,466]
11-16 05:43:32.547 1504 4717 I wm_create_task: [0,466]
11-16 05:43:32.547 1504 4717 I wm_create_activity: [0,108931693,466,com.android.gallery3d/.app.GalleryActivity,NULL,NULL,NULL,268468224]
11-16 05:43:32.547 1504 4717 I wm_task_moved: [466,1,7]
11-16 05:43:32.550 1504 4717 I wm_restart_activity: [0,108931693,466,com.android.gallery3d/.app.GalleryActivity]
11-16 05:43:32.551 1504 4717 I wm_set_resumed_activity: [0,com.android.gallery3d/.app.GalleryActivity,minimalResumeActivityLocked]
11-16 05:43:32.559 11001 11001 I wm_on_top_resumed_lost_called: [4610361,com.android.music.VideoBrowserActivity,topStateChangedWhenResumed]
11-16 05:43:32.575 2496 2496 I wm_on_stop_called: [50203839,com.android.launcher3.uioverrides.QuickstepLauncher,STOP_ACTIVITY_ITEM]
11-16 05:43:32.584 10888 10888 I wm_on_create_called: [108931693,com.android.gallery3d.app.GalleryActivity,performCreate]
11-16 05:43:32.584 10888 10888 I wm_on_start_called: [108931693,com.android.gallery3d.app.GalleryActivity,handleStartActivity]
11-16 05:43:32.586 10888 10888 I wm_on_resume_called: [108931693,com.android.gallery3d.app.GalleryActivity,RESUME_ACTIVITY]
11-16 05:43:32.588 10888 10888 I wm_on_top_resumed_gained_called: [108931693,com.android.gallery3d.app.GalleryActivity,topStateChangedWhenResumed]
11-16 05:43:32.609 1504 1572 I input_focus: [Focus request 9b137fa com.android.gallery3d/com.android.gallery3d.app.GalleryActivity,reason=UpdateInputWindows]
11-16 05:43:32.633 1504 1682 I input_focus: [Focus leaving 933d7cf com.android.music/com.android.music.VideoBrowserActivity (server),reason=Waiting for window because NOT_VISIBLE]
11-16 05:43:32.642 1504 1568 I sysui_multi_action: [319,103,322,102,325,8402,757,761,758,8,759,2,806,com.android.gallery3d,871,com.android.gallery3d.app.GalleryActivity,904,android,905,0,1320,4,1321,1]
11-16 05:43:32.643 1504 1568 I wm_activity_launch_time: [0,108931693,com.android.gallery3d/.app.GalleryActivity,102]
11-16 05:43:32.650 1504 1682 I input_focus: [Focus entering 9b137fa com.android.gallery3d/com.android.gallery3d.app.GalleryActivity (server),reason=Window became focusable. Previous reason: NOT_VISIBLE]
11-16 05:43:33.382 1504 1682 I input_interaction: Interaction with: 933d7cf com.android.music/com.android.music.VideoBrowserActivity (server), edge-swipe (server), swipe-up (server), PointerEventDispatcher0 (server),
11-16 05:43:33.387 1504 1571 I wm_task_moved: [465,1,7]
11-16 05:43:33.387 1504 1571 I wm_task_to_front: [0,465]
11-16 05:43:33.394 1504 1571 I wm_set_resumed_activity: [0,com.android.music/.VideoBrowserActivity,positionChildAt]
11-16 05:43:33.395 1504 1571 I wm_focused_root_task: [0,0,465,466,setFocusedTask]
11-16 05:43:33.395 1504 1571 I wm_set_resumed_activity: [0,com.android.music/.VideoBrowserActivity,setFocusedTask]
11-16 05:43:33.395 10888 10888 I wm_on_top_resumed_lost_called: [108931693,com.android.gallery3d.app.GalleryActivity,topStateChangedWhenResumed]
11-16 05:43:33.396 1504 1572 I input_focus: [Focus request 933d7cf com.android.music/com.android.music.VideoBrowserActivity,reason=UpdateInputWindows]
11-16 05:43:33.397 11001 11001 I wm_on_top_resumed_gained_called: [4610361,com.android.music.VideoBrowserActivity,topStateChangedWhenResumed]
11-16 05:43:33.404 1504 4717 I wm_task_moved: [280,0,0]
11-16 05:43:33.404 1504 4717 I wm_task_moved: [280,0,6]
11-16 05:43:33.410 2496 2496 I wm_on_restart_called: [50203839,com.android.launcher3.uioverrides.QuickstepLauncher,performRestartActivity]
11-16 05:43:33.416 1504 4613 I wm_finish_activity: [0,108931693,466,com.android.gallery3d/.app.GalleryActivity,app-request]
11-16 05:43:33.423 1504 1682 I input_focus: [Focus leaving 9b137fa com.android.gallery3d/com.android.gallery3d.app.GalleryActivity (server),reason=setFocusedWindow]
11-16 05:43:33.423 1504 1682 I input_focus: [Focus entering 933d7cf com.android.music/com.android.music.VideoBrowserActivity (server),reason=setFocusedWindow]
11-16 05:43:33.437 1504 4613 I wm_pause_activity: [0,108931693,com.android.gallery3d/.app.GalleryActivity,userLeaving=false,finish]
11-16 05:43:33.445 10888 10888 I wm_on_paused_called: [108931693,com.android.gallery3d.app.GalleryActivity,performPause]
11-16 05:43:33.447 1504 5212 I wm_destroy_activity: [0,108931693,466,com.android.gallery3d/.app.GalleryActivity,finish-imm:completePausedLocked]
11-16 05:43:33.456 2496 2496 I wm_on_start_called: [50203839,com.android.launcher3.uioverrides.QuickstepLauncher,handleStartActivity]
11-16 05:43:33.461 10888 10888 I wm_on_stop_called: [108931693,com.android.gallery3d.app.GalleryActivity,LIFECYCLER_STOP_ACTIVITY]
11-16 05:43:33.468 10888 10888 I wm_on_destroy_called: [108931693,com.android.gallery3d.app.GalleryActivity,performDestroy]
11-16 05:43:33.470 1504 1571 I sysui_multi_action: [757,803,799,window_time_0,802,3]
11-16 05:43:33.481 1504 3120 I wm_task_removed: [466,removeChild:removeChild last r=ActivityRecord{67e2a6d u0 com.android.gallery3d/.app.GalleryActivity t-1 f}} in t=Task{bf57284 #466 type=standard A=10064:com.android.gallery3d U=0 visible=false mode=freeform translucent=true sz=0}]
11-16 05:43:33.481 1504 3120 I wm_task_removed: [466,removeChild]
11-16 05:43:33.492 1504 1568 I sysui_multi_action: [319,9,322,82,325,8402,757,761,758,9,759,5,806,com.android.launcher3,871,com.android.launcher3.uioverrides.QuickstepLauncher,904,com.android.launcher3,905,0,1320,8,1321,5]
11-16 05:43:33.565 11001 11001 I view_enqueue_input_event: [Motion - Cancel,com.android.music/com.android.music.VideoBrowserActivity]
11-16 05:43:33.566 2496 2496 I sysui_latency: [1,98]
11-16 05:43:33.571 1504 1572 I input_focus: [Focus request recents_animation_input_consumer,reason=UpdateInputWindows]
11-16 05:43:33.574 1504 1682 I input_interaction: Interaction with: edge-swipe (server), swipe-up (server), PointerEventDispatcher0 (server),
11-16 05:43:33.603 1504 1682 I input_focus: [Focus leaving 933d7cf com.android.music/com.android.music.VideoBrowserActivity (server),reason=NOT_FOCUSABLE]
11-16 05:43:33.603 1504 1682 I input_focus: [Focus entering recents_animation_input_consumer (server),reason=setFocusedWindow]
11-16 05:43:33.662 1504 1666 I commit_sys_config_file: [settings-1-0,5]
11-16 05:43:33.787 1504 1598 I sysui_latency: [8,99]
11-16 05:43:34.117 1504 1682 I input_interaction: Interaction with: recents_animation_input_consumer (server), edge-swipe (server), swipe-up (server), PointerEventDispatcher0 (server),
11-16 05:43:34.261 1504 1682 I input_interaction: Interaction with: edge-swipe (server), swipe-up (server), PointerEventDispatcher0 (server),
11-16 05:43:34.350 1504 1666 I commit_sys_config_file: [settings-1-0,7]
11-16 05:43:34.834 1504 1682 I input_interaction: Interaction with: e1de84c com.android.launcher3/com.android.launcher3.uioverrides.QuickstepLauncher (server), edge-swipe (server), swipe-up (server), PointerEventDispatcher0 (server),
11-16 05:43:35.276 1504 4613 I wm_task_moved: [280,1,6]
11-16 05:43:35.280 1504 4613 I wm_focused_root_task: [0,0,280,465,RecentsAnimation.onAnimationFinished()]
11-16 05:43:35.281 11001 11001 I wm_on_top_resumed_lost_called: [4610361,com.android.music.VideoBrowserActivity,topStateChangedWhenResumed]
11-16 05:43:35.282 1504 4613 I wm_pause_activity: [0,4610361,com.android.music/.VideoBrowserActivity,userLeaving=false,pauseBackTasks]
11-16 05:43:35.285 1504 4613 I wm_set_resumed_activity: [0,com.android.launcher3/.uioverrides.QuickstepLauncher,resumeTopActivityInnerLocked]
11-16 05:43:35.288 1504 4613 I wm_resume_activity: [0,50203839,281,com.android.launcher3/.uioverrides.QuickstepLauncher]
11-16 05:43:35.289 1504 4613 I wm_add_to_stopping: [0,4610361,com.android.music/.VideoBrowserActivity,makeInvisible]
11-16 05:43:35.305 1504 1572 I input_focus: [Focus request e1de84c com.android.launcher3/com.android.launcher3.uioverrides.QuickstepLauncher,reason=UpdateInputWindows]
11-16 05:43:35.306 11001 11001 I wm_on_paused_called: [4610361,com.android.music.VideoBrowserActivity,performPause]
11-16 05:43:35.307 2496 2496 I wm_on_resume_called: [50203839,com.android.launcher3.uioverrides.QuickstepLauncher,RESUME_ACTIVITY]
11-16 05:43:35.307 1504 1571 I wm_stop_activity: [0,4610361,com.android.music/.VideoBrowserActivity]
11-16 05:43:35.309 1504 1571 I sysui_multi_action: [757,803,799,window_time_0,802,2]
11-16 05:43:35.310 2496 2496 I wm_on_top_resumed_gained_called: [50203839,com.android.launcher3.uioverrides.QuickstepLauncher,topStateChangedWhenResumed]
11-16 05:43:35.324 1504 1682 I input_focus: [Focus leaving recents_animation_input_consumer (server),reason=NOT_VISIBLE]
11-16 05:43:35.324 1504 1682 I input_focus: [Focus entering e1de84c com.android.launcher3/com.android.launcher3.uioverrides.QuickstepLauncher (server),reason=setFocusedWindow]
11-16 05:43:35.337 11001 11001 I wm_on_stop_called: [4610361,com.android.music.VideoBrowserActivity,STOP_ACTIVITY_ITEM]
11-16 05:43:35.380 1504 1571 I am_kill : [0,10888,com.android.gallery3d,900,remove task]
11-16 05:43:35.380 1504 1571 I sysui_multi_action: [757,803,799,window_time_0,802,0]
11-16 05:43:35.409 1504 4613 I wm_finish_activity: [0,4610361,465,com.android.music/.VideoBrowserActivity,recent-task-trimmed]
11-16 05:43:35.410 1504 4613 I wm_destroy_activity: [0,4610361,465,com.android.music/.VideoBrowserActivity,finish-imm:finishIfPossible]
11-16 05:43:35.413 1504 4717 I am_proc_died: [0,10888,com.android.gallery3d,900,18]
11-16 05:43:35.413 11001 11001 I wm_on_destroy_called: [4610361,com.android.music.VideoBrowserActivity,performDestroy]
11-16 05:43:35.417 1504 4717 I am_uid_stopped: 10064
11-16 05:43:35.418 1504 2493 I wm_task_removed: [465,removeChild:removeChild last r=ActivityRecord{465939 u0 com.android.music/.VideoBrowserActivity t-1 f}} in t=Task{ad18c56 #465 type=standard A=10086:android.task.video U=0 visible=false mode=fullscreen translucent=true sz=0}]
11-16 05:43:35.418 1504 2493 I wm_task_removed: [465,removeChild]
11-16 05:43:35.423 1504 1571 I am_kill : [0,11001,com.android.music,905,remove task]
11-16 05:43:35.423 1504 1571 I sysui_multi_action: [757,803,799,window_time_0,802,0]
11-16 05:43:35.425 1504 1571 I am_uid_running: 10064
11-16 05:43:35.427 1504 1571 I am_uid_stopped: 10086
11-16 05:43:35.427 1504 1571 I am_uid_running: 10086
11-16 05:43:35.434 1504 1603 I am_proc_start: [0,11064,10064,com.android.gallery3d,NULL,]
11-16 05:43:35.451 1504 2101 I am_proc_died: [0,11001,com.android.music,905,19]
11-16 05:43:35.463 1504 2101 I am_proc_bound: [0,11064,com.android.gallery3d]
11-16 05:43:35.466 1504 1603 I am_proc_start: [0,11078,10086,com.android.music,NULL,]
11-16 05:43:35.492 1504 5055 I am_proc_bound: [0,11078,com.android.music]
11-16 05:43:35.532 1504 1682 I input_interaction: Interaction with: e1de84c com.android.launcher3/com.android.launcher3.uioverrides.QuickstepLauncher (server), c74be60 com.android.systemui.ImageWallpaper (server), edge-swipe (server), swipe-up (server), PointerEventDispatcher0 (server),
11-16 05:43:38.338 1504 2101 I wm_task_created: [467,-1]
11-16 05:43:38.350 1504 2101 I wm_task_moved: [467,1,6]
11-16 05:43:38.351 1504 2101 I wm_task_to_front: [0,467]
11-16 05:43:38.351 1504 2101 I wm_create_task: [0,467]
11-16 05:43:38.351 1504 2101 I wm_create_activity: [0,114266104,467,com.android.music/.MusicBrowserActivity,NULL,NULL,NULL,268468224]
11-16 05:43:38.351 1504 2101 I wm_task_moved: [467,1,6]
11-16 05:43:38.357 1504 2101 I wm_restart_activity: [0,114266104,467,com.android.music/.MusicBrowserActivity]
11-16 05:43:38.359 1504 2101 I wm_set_resumed_activity: [0,com.android.music/.MusicBrowserActivity,minimalResumeActivityLocked]
11-16 05:43:38.367 1504 1571 I am_uid_active: 10086
11-16 05:43:38.376 2496 2496 I wm_on_top_resumed_lost_called: [50203839,com.android.launcher3.uioverrides.QuickstepLauncher,topStateChangedWhenResumed]
11-16 05:43:38.441 11078 11078 I wm_on_create_called: [114266104,com.android.music.MusicBrowserActivity,performCreate]
11-16 05:43:38.451 11078 11078 I wm_on_start_called: [114266104,com.android.music.MusicBrowserActivity,handleStartActivity]
11-16 05:43:38.452 11078 11078 I wm_on_resume_called: [114266104,com.android.music.MusicBrowserActivity,RESUME_ACTIVITY]
11-16 05:43:38.458 11078 11078 I wm_on_top_resumed_gained_called: [114266104,com.android.music.MusicBrowserActivity,topStateChangedWhenResumed]
11-16 05:43:38.481 1504 6071 I sysui_multi_action: [757,856,758,1,806,com.android.music,857,Channel-music,858,2]
11-16 05:43:38.487 1504 1504 I notification_enqueue: [10086,11078,com.android.music,1,NULL,0,Notification(channel=Channel-music shortcut=null contentView=null vibrate=null sound=null defaults=0x0 flags=0x0 color=0x00000000 category=transport actions=3 vis=PRIVATE),0]
11-16 05:43:38.490 1504 1504 I notification_enqueue: [10086,11078,com.android.music,1,NULL,0,Notification(channel=Channel-music shortcut=null contentView=null vibrate=null sound=null defaults=0x0 flags=0x40 color=0x00000000 category=transport actions=3 vis=PRIVATE),0]
11-16 05:43:38.491 1504 1504 I notification_enqueue: [10086,11078,com.android.music,1,NULL,0,Notification(channel=Channel-music shortcut=null contentView=null vibrate=null sound=null defaults=0x0 flags=0x40 color=0x00000000 category=transport actions=3 vis=PRIVATE),0]
11-16 05:43:38.506 1504 1504 I notification_enqueue: [10086,11078,com.android.music,1,NULL,0,Notification(channel=Channel-music shortcut=null contentView=null vibrate=null sound=null defaults=0x0 flags=0x40 color=0x00000000 category=transport actions=3 vis=PRIVATE),0]
11-16 05:43:38.507 1504 1504 I notification_enqueue: [10086,11078,com.android.music,1,NULL,0,Notification(channel=Channel-music shortcut=null contentView=null vibrate=null sound=null defaults=0x0 flags=0x40 color=0x00000000 category=transport actions=3 vis=PRIVATE),0]
11-16 05:43:38.508 1504 1504 I notification_enqueue: [10086,11078,com.android.music,1,NULL,0,Notification(channel=Channel-music shortcut=null contentView=null vibrate=null sound=null defaults=0x0 flags=0x40 color=0x00000000 category=transport actions=3 vis=PRIVATE),0]
11-16 05:43:38.522 1504 1572 I input_focus: [Focus request 2ce47b1 com.android.music/com.android.music.MusicBrowserActivity,reason=UpdateInputWindows]
11-16 05:43:38.548 1504 1682 I input_focus: [Focus leaving e1de84c com.android.launcher3/com.android.launcher3.uioverrides.QuickstepLauncher (server),reason=Waiting for window because NOT_VISIBLE]
11-16 05:43:38.552 1504 1504 I sysui_multi_action: [757,128,758,5,759,8,793,67,794,0,795,67,796,1,806,com.android.music,857,Channel-music,858,2,947,0,1500,67,1641,transport,1688,1,1745,1043716538]
11-16 05:43:38.552 1504 1504 I notification_canceled: [0|com.android.music|1|null|10086,8,67,67,0,-1,-1,NULL]
11-16 05:43:38.556 1504 1568 I sysui_multi_action: [319,223,322,223,325,8407,757,761,758,8,759,2,806,com.android.music,871,com.android.music.MusicBrowserActivity,904,com.android.launcher3,905,0,1320,4,1321,5]
11-16 05:43:38.558 1504 1568 I wm_activity_launch_time: [0,114266104,com.android.music/.MusicBrowserActivity,223]
11-16 05:43:38.564 1504 1682 I input_focus: [Focus entering 2ce47b1 com.android.music/com.android.music.MusicBrowserActivity (server),reason=Window became focusable. Previous reason: NOT_VISIBLE]
11-16 05:43:38.738 1504 1570 I commit_sys_config_file: [notification-policy,8398197]
11-16 05:43:39.216 1504 5055 I wm_task_created: [468,-1]
11-16 05:43:39.221 1504 5055 I wm_task_moved: [468,1,7]
11-16 05:43:39.221 1504 5055 I wm_task_to_front: [0,468]
11-16 05:43:39.222 1504 5055 I wm_create_task: [0,468]
11-16 05:43:39.222 1504 5055 I wm_create_activity: [0,211027935,468,com.android.music/.VideoBrowserActivity,android.intent.action.MAIN,NULL,NULL,270532608]
11-16 05:43:39.222 1504 5055 I wm_task_moved: [468,1,7]
11-16 05:43:39.223 11078 11078 I wm_on_top_resumed_lost_called: [114266104,com.android.music.MusicBrowserActivity,topStateChangedWhenResumed]
11-16 05:43:39.225 1504 5055 I wm_pause_activity: [0,50203839,com.android.launcher3/.uioverrides.QuickstepLauncher,userLeaving=true,pauseBackTasks]
11-16 05:43:39.247 2496 2496 I wm_on_paused_called: [50203839,com.android.launcher3.uioverrides.QuickstepLauncher,performPause]
11-16 05:43:39.250 1504 2101 I wm_add_to_stopping: [0,50203839,com.android.launcher3/.uioverrides.QuickstepLauncher,makeInvisible]
11-16 05:43:39.251 1504 2101 I wm_restart_activity: [0,211027935,468,com.android.music/.VideoBrowserActivity]
11-16 05:43:39.253 1504 2101 I wm_set_resumed_activity: [0,com.android.music/.VideoBrowserActivity,minimalResumeActivityLocked]
11-16 05:43:39.262 1504 1571 I sysui_multi_action: [757,803,799,window_time_0,802,4]
11-16 05:43:39.296 11078 11078 I wm_on_create_called: [211027935,com.android.music.VideoBrowserActivity,performCreate]
11-16 05:43:39.296 11078 11078 I wm_on_start_called: [211027935,com.android.music.VideoBrowserActivity,handleStartActivity]
11-16 05:43:39.297 11078 11078 I wm_on_resume_called: [211027935,com.android.music.VideoBrowserActivity,RESUME_ACTIVITY]
11-16 05:43:39.306 1504 1572 I input_focus: [Focus request 407c930 com.android.music/com.android.music.VideoBrowserActivity,reason=UpdateInputWindows]
11-16 05:43:39.311 11078 11078 I wm_on_top_resumed_gained_called: [211027935,com.android.music.VideoBrowserActivity,topStateChangedWhenResumed]
11-16 05:43:39.314 1504 1568 I wm_activity_launch_time: [0,211027935,com.android.music/.VideoBrowserActivity,105]
11-16 05:43:39.317 1504 1682 I input_focus: [Focus leaving 2ce47b1 com.android.music/com.android.music.MusicBrowserActivity (server),reason=Waiting for window because NOT_VISIBLE]
11-16 05:43:39.332 1504 1682 I input_focus: [Focus entering 407c930 com.android.music/com.android.music.VideoBrowserActivity (server),reason=Window became focusable. Previous reason: NOT_VISIBLE]
11-16 05:43:39.834 1504 1571 I wm_stop_activity: [0,50203839,com.android.launcher3/.uioverrides.QuickstepLauncher]
11-16 05:43:39.890 2496 2496 I wm_on_stop_called: [50203839,com.android.launcher3.uioverrides.QuickstepLauncher,STOP_ACTIVITY_ITEM]
11-16 05:43:40.649 1504 1682 I input_interaction: Interaction with: 407c930 com.android.music/com.android.music.VideoBrowserActivity (server), edge-swipe (server), swipe-up (server), PointerEventDispatcher0 (server),
11-16 05:43:40.675 1504 4276 I wm_task_moved: [280,0,0]
11-16 05:43:40.676 1504 4276 I wm_task_moved: [280,0,6]
11-16 05:43:40.686 2496 2496 I wm_on_restart_called: [50203839,com.android.launcher3.uioverrides.QuickstepLauncher,performRestartActivity]
11-16 05:43:40.688 1504 2059 I wm_finish_activity: [0,114266104,467,com.android.music/.MusicBrowserActivity,app-request]
11-16 05:43:40.699 1504 2059 I wm_pause_activity: [0,114266104,com.android.music/.MusicBrowserActivity,userLeaving=false,finish]
11-16 05:43:40.700 11078 11078 I wm_on_paused_called: [114266104,com.android.music.MusicBrowserActivity,performPause]
11-16 05:43:40.705 1504 6071 I wm_destroy_activity: [0,114266104,467,com.android.music/.MusicBrowserActivity,finish-imm:completePausedLocked]
11-16 05:43:40.711 2496 2496 I wm_on_start_called: [50203839,com.android.launcher3.uioverrides.QuickstepLauncher,handleStartActivity]
11-16 05:43:40.721 11078 11078 I wm_on_stop_called: [114266104,com.android.music.MusicBrowserActivity,LIFECYCLER_STOP_ACTIVITY]
11-16 05:43:40.726 1504 1571 I sysui_multi_action: [757,803,799,window_time_0,802,2]
11-16 05:43:40.730 11078 11078 I wm_on_destroy_called: [114266104,com.android.music.MusicBrowserActivity,performDestroy]
11-16 05:43:40.739 1504 1821 I wm_task_removed: [467,removeChild:removeChild last r=ActivityRecord{6cf8ff8 u0 com.android.music/.MusicBrowserActivity t-1 f}} in t=Task{cf4c055 #467 type=standard A=10086:android.task.music U=0 visible=false mode=freeform translucent=true sz=0}]
11-16 05:43:40.739 1504 1821 I wm_task_removed: [467,removeChild]
11-16 05:43:40.739 1504 1568 I sysui_multi_action: [319,10,322,58,325,8410,757,761,758,9,759,5,806,com.android.launcher3,871,com.android.launcher3.uioverrides.QuickstepLauncher,904,com.android.launcher3,905,0,1320,8,1321,5]
11-16 05:43:40.746 1504 6110 I sysui_multi_action: [757,856,758,2,806,com.android.music,857,Channel-music,858,2]
11-16 05:43:40.746 1504 1504 I notification_cancel_all: [1000,1504,com.android.music,0,0,0,20,NULL]
11-16 05:43:40.778 11078 11078 I view_enqueue_input_event: [Motion - Cancel,com.android.music/com.android.music.VideoBrowserActivity]
11-16 05:43:40.778 2496 2496 I sysui_latency: [1,79]
11-16 05:43:40.782 1504 1572 I input_focus: [Focus request recents_animation_input_consumer,reason=UpdateInputWindows]
11-16 05:43:40.802 1504 1682 I input_focus: [Focus leaving 407c930 com.android.music/com.android.music.VideoBrowserActivity (server),reason=NOT_FOCUSABLE]
11-16 05:43:40.803 1504 1682 I input_focus: [Focus entering recents_animation_input_consumer (server),reason=setFocusedWindow]
11-16 05:43:40.806 1504 1682 I input_interaction: Interaction with: edge-swipe (server), swipe-up (server), PointerEventDispatcher0 (server),
11-16 05:43:40.915 1504 1666 I commit_sys_config_file: [settings-1-0,5]
11-16 05:43:41.005 1504 1570 I commit_sys_config_file: [notification-policy,8400463]
11-16 05:43:41.035 1504 1598 I sysui_latency: [8,71]
11-16 05:43:42.031 1504 1666 I commit_sys_config_file: [settings-1-0,4]
11-16 05:43:42.647 1504 1682 I input_interaction: Interaction with: e1de84c com.android.launcher3/com.android.launcher3.uioverrides.QuickstepLauncher (server), edge-swipe (server), swipe-up (server), PointerEventDispatcher0 (server),
11-16 05:43:42.763 1504 1821 I wm_task_moved: [280,1,6]
11-16 05:43:42.768 1504 1821 I wm_focused_root_task: [0,0,280,468,startActivityFromRecents]
11-16 05:43:42.769 11078 11078 I wm_on_top_resumed_lost_called: [211027935,com.android.music.VideoBrowserActivity,topStateChangedWhenResumed]
11-16 05:43:42.769 1504 1821 I wm_task_moved: [468,1,6]
11-16 05:43:42.769 1504 1821 I wm_set_resumed_activity: [0,com.android.music/.VideoBrowserActivity,positionChildAt]
11-16 05:43:42.769 1504 1821 I wm_focused_root_task: [0,0,468,280,moveTaskToFront findTaskToMoveToFront]
11-16 05:43:42.769 1504 1821 I wm_set_resumed_activity: [0,com.android.music/.VideoBrowserActivity,moveTaskToFront findTaskToMoveToFront]
11-16 05:43:42.785 11078 11078 I wm_on_top_resumed_gained_called: [211027935,com.android.music.VideoBrowserActivity,topStateChangedWhenResumed]
11-16 05:43:43.161 1504 1821 I wm_add_to_stopping: [0,50203839,com.android.launcher3/.uioverrides.QuickstepLauncher,makeInvisible]
11-16 05:43:43.175 1504 1572 I input_focus: [Focus request 407c930 com.android.music/com.android.music.VideoBrowserActivity,reason=UpdateInputWindows]
11-16 05:43:43.177 1504 1571 I wm_stop_activity: [0,50203839,com.android.launcher3/.uioverrides.QuickstepLauncher]
11-16 05:43:43.193 1504 1682 I input_focus: [Focus leaving recents_animation_input_consumer (server),reason=NOT_VISIBLE]
11-16 05:43:43.193 1504 1682 I input_focus: [Focus entering 407c930 com.android.music/com.android.music.VideoBrowserActivity (server),reason=setFocusedWindow]
11-16 05:43:43.208 1504 1821 I wm_task_created: [469,-1]
11-16 05:43:43.210 1504 1821 I wm_task_moved: [469,1,7]
11-16 05:43:43.210 1504 1821 I wm_task_to_front: [0,469]
11-16 05:43:43.211 1504 1821 I wm_create_task: [0,469]
11-16 05:43:43.211 1504 1821 I wm_create_activity: [0,143204645,469,com.android.music/.MusicBrowserActivity,NULL,NULL,NULL,268468224]
11-16 05:43:43.211 1504 1821 I wm_task_moved: [469,1,7]
11-16 05:43:43.212 11078 11078 I wm_on_top_resumed_lost_called: [211027935,com.android.music.VideoBrowserActivity,topStateChangedWhenResumed]
11-16 05:43:43.213 1504 1821 I wm_restart_activity: [0,143204645,469,com.android.music/.MusicBrowserActivity]
11-16 05:43:43.214 1504 1821 I wm_set_resumed_activity: [0,com.android.music/.MusicBrowserActivity,minimalResumeActivityLocked]
11-16 05:43:43.228 2496 2496 I wm_on_stop_called: [50203839,com.android.launcher3.uioverrides.QuickstepLauncher,STOP_ACTIVITY_ITEM]
11-16 05:43:43.255 11078 11078 I wm_on_create_called: [143204645,com.android.music.MusicBrowserActivity,performCreate]
11-16 05:43:43.260 11078 11078 I wm_on_start_called: [143204645,com.android.music.MusicBrowserActivity,handleStartActivity]
11-16 05:43:43.261 11078 11078 I wm_on_resume_called: [143204645,com.android.music.MusicBrowserActivity,RESUME_ACTIVITY]
11-16 05:43:43.263 11078 11078 I wm_on_top_resumed_gained_called: [143204645,com.android.music.MusicBrowserActivity,topStateChangedWhenResumed]
11-16 05:43:43.273 1504 4314 I sysui_multi_action: [757,856,758,1,806,com.android.music,857,Channel-music,858,2]
11-16 05:43:43.279 1504 1504 I notification_enqueue: [10086,11078,com.android.music,1,NULL,0,Notification(channel=Channel-music shortcut=null contentView=null vibrate=null sound=null defaults=0x0 flags=0x0 color=0x00000000 category=transport actions=3 vis=PRIVATE),0]
11-16 05:43:43.283 1504 1504 I notification_enqueue: [10086,11078,com.android.music,1,NULL,0,Notification(channel=Channel-music shortcut=null contentView=null vibrate=null sound=null defaults=0x0 flags=0x40 color=0x00000000 category=transport actions=3 vis=PRIVATE),0]
11-16 05:43:43.283 1504 1504 I notification_enqueue: [10086,11078,com.android.music,1,NULL,0,Notification(channel=Channel-music shortcut=null contentView=null vibrate=null sound=null defaults=0x0 flags=0x40 color=0x00000000 category=transport actions=3 vis=PRIVATE),0]
11-16 05:43:43.284 1504 1504 I notification_enqueue: [10086,11078,com.android.music,1,NULL,0,Notification(channel=Channel-music shortcut=null contentView=null vibrate=null sound=null defaults=0x0 flags=0x40 color=0x00000000 category=transport actions=3 vis=PRIVATE),0]
11-16 05:43:43.288 1504 1504 I notification_enqueue: [10086,11078,com.android.music,1,NULL,0,Notification(channel=Channel-music shortcut=null contentView=null vibrate=null sound=null defaults=0x0 flags=0x40 color=0x00000000 category=transport actions=3 vis=PRIVATE),0]
11-16 05:43:43.289 1504 1504 I notification_enqueue: [10086,11078,com.android.music,1,NULL,0,Notification(channel=Channel-music shortcut=null contentView=null vibrate=null sound=null defaults=0x0 flags=0x40 color=0x00000000 category=transport actions=3 vis=PRIVATE),0]
11-16 05:43:43.293 1504 1572 I input_focus: [Focus request 175c50 com.android.music/com.android.music.MusicBrowserActivity,reason=UpdateInputWindows]
11-16 05:43:43.303 1504 1504 I sysui_multi_action: [757,128,758,5,759,8,793,25,794,0,795,25,796,1,806,com.android.music,857,Channel-music,858,2,947,0,1500,25,1641,transport,1688,1,1745,1043716538]
11-16 05:43:43.303 1504 1504 I notification_canceled: [0|com.android.music|1|null|10086,8,25,25,0,-1,-1,NULL]
11-16 05:43:43.305 1504 1568 I wm_activity_launch_time: [0,143204645,com.android.music/.MusicBrowserActivity,104]
11-16 05:43:43.309 1504 1682 I input_focus: [Focus leaving 407c930 com.android.music/com.android.music.VideoBrowserActivity (server),reason=setFocusedWindow]
11-16 05:43:43.310 1504 1682 I input_focus: [Focus entering 175c50 com.android.music/com.android.music.MusicBrowserActivity (server),reason=setFocusedWindow]
11-16 05:43:43.531 1504 1570 I commit_sys_config_file: [notification-policy,8402990]
11-16 05:43:57.584 1504 1682 I input_interaction: Interaction with: 407c930 com.android.music/com.android.music.VideoBrowserActivity (server), edge-swipe (server), swipe-up (server), PointerEventDispatcher0 (server),
11-16 05:43:57.586 1504 1571 I wm_task_moved: [468,1,7]
11-16 05:43:57.586 1504 1571 I wm_task_to_front: [0,468]
11-16 05:43:57.594 11078 11078 I wm_on_top_resumed_lost_called: [143204645,com.android.music.MusicBrowserActivity,topStateChangedWhenResumed]
11-16 05:43:57.594 1504 1571 I wm_set_resumed_activity: [0,com.android.music/.VideoBrowserActivity,positionChildAt]
11-16 05:43:57.594 1504 1571 I wm_focused_root_task: [0,0,468,469,setFocusedTask]
11-16 05:43:57.594 1504 1571 I wm_set_resumed_activity: [0,com.android.music/.VideoBrowserActivity,setFocusedTask]
11-16 05:43:57.595 1504 1572 I input_focus: [Focus request 407c930 com.android.music/com.android.music.VideoBrowserActivity,reason=UpdateInputWindows]
11-16 05:43:57.596 11078 11078 I wm_on_top_resumed_gained_called: [211027935,com.android.music.VideoBrowserActivity,topStateChangedWhenResumed]
11-16 05:43:57.627 1504 1682 I input_focus: [Focus leaving 175c50 com.android.music/com.android.music.MusicBrowserActivity (server),reason=setFocusedWindow]
11-16 05:43:57.628 1504 1682 I input_focus: [Focus entering 407c930 com.android.music/com.android.music.VideoBrowserActivity (server),reason=setFocusedWindow]
