11-16 05:24:20.815 1504 1572 I wm_task_removed: [383,removeChild:removeChild last r=ActivityRecord{efde407 u0 com.android.gallery3d/.app.GalleryActivity t-1 f}} in t=Task{c02629c #383 type=standard A=10064:com.android.gallery3d U=0 visible=false mode=freeform translucent=true sz=0}]
11-16 05:24:20.815 1504 1572 I wm_task_removed: [383,removeChild]
11-16 05:24:21.853 1504 1682 I input_interaction: Interaction with: e1de84c com.android.launcher3/com.android.launcher3.uioverrides.QuickstepLauncher (server), c74be60 com.android.systemui.ImageWallpaper (server), edge-swipe (server), swipe-up (server), PointerEventDispatcher0 (server),
11-16 05:24:22.385 1504 2505 I wm_finish_activity: [0,222488308,380,com.android.music/.VideoBrowserActivity,recent-task-trimmed]
11-16 05:24:22.387 1504 2505 I wm_destroy_activity: [0,222488308,380,com.android.music/.VideoBrowserActivity,finish-imm:finishIfPossible]
11-16 05:24:22.390 1504 1571 I am_kill : [0,7565,com.android.music,900,remove task]
11-16 05:24:22.392 1504 1571 I sysui_multi_action: [757,803,799,window_time_0,802,1]
11-16 05:24:22.434 1504 1534 I am_proc_died: [0,7565,com.android.music,900,18]
11-16 05:24:22.437 1504 1534 I am_uid_stopped: 10086
11-16 05:24:22.441 1504 1534 I wm_task_removed: [380,removeChild:removeChild last r=ActivityRecord{d42e6f4 u0 com.android.music/.VideoBrowserActivity t-1 f}} in t=Task{b0769b7 #380 type=standard A=10086:android.task.video U=0 visible=false mode=fullscreen translucent=true sz=0}]
11-16 05:24:22.441 1504 1534 I wm_task_removed: [380,removeChild]
11-16 05:24:22.450 1504 1571 I am_uid_running: 10086
11-16 05:24:22.468 1504 1603 I am_proc_start: [0,8681,10086,com.android.music,NULL,]
11-16 05:24:22.510 1504 1534 I am_proc_bound: [0,8681,com.android.music]
11-16 05:24:24.408 1504 6131 I wm_task_created: [384,-1]
11-16 05:24:24.413 1504 6131 I wm_task_moved: [384,1,6]
11-16 05:24:24.413 1504 6131 I wm_task_to_front: [0,384]
11-16 05:24:24.414 1504 6131 I wm_create_task: [0,384]
11-16 05:24:24.414 1504 6131 I wm_create_activity: [0,192312857,384,com.android.gallery3d/.app.GalleryActivity,NULL,NULL,NULL,268468224]
11-16 05:24:24.414 1504 6131 I wm_task_moved: [384,1,6]
11-16 05:24:24.418 1504 6131 I wm_restart_activity: [0,192312857,384,com.android.gallery3d/.app.GalleryActivity]
11-16 05:24:24.420 1504 6131 I wm_set_resumed_activity: [0,com.android.gallery3d/.app.GalleryActivity,minimalResumeActivityLocked]
11-16 05:24:24.427 2496 2496 I wm_on_top_resumed_lost_called: [50203839,com.android.launcher3.uioverrides.QuickstepLauncher,topStateChangedWhenResumed]
11-16 05:24:24.453 1504 1598 I am_pss : [8379,10066,com.thundercomm.gamemode.provider,8522752,6205440,0,96505856,0,5,5]
11-16 05:24:24.455 8555 8555 I wm_on_create_called: [192312857,com.android.gallery3d.app.GalleryActivity,performCreate]
11-16 05:24:24.456 8555 8555 I wm_on_start_called: [192312857,com.android.gallery3d.app.GalleryActivity,handleStartActivity]
11-16 05:24:24.459 8555 8555 I wm_on_resume_called: [192312857,com.android.gallery3d.app.GalleryActivity,RESUME_ACTIVITY]
11-16 05:24:24.462 8555 8555 I wm_on_top_resumed_gained_called: [192312857,com.android.gallery3d.app.GalleryActivity,topStateChangedWhenResumed]
11-16 05:24:24.486 1504 1572 I input_focus: [Focus request 2f679db com.android.gallery3d/com.android.gallery3d.app.GalleryActivity,reason=UpdateInputWindows]
11-16 05:24:24.514 1504 1682 I input_focus: [Focus leaving e1de84c com.android.launcher3/com.android.launcher3.uioverrides.QuickstepLauncher (server),reason=Waiting for window because NOT_VISIBLE]
11-16 05:24:24.531 1504 1568 I sysui_multi_action: [319,129,322,128,325,7253,757,761,758,8,759,2,806,com.android.gallery3d,871,com.android.gallery3d.app.GalleryActivity,904,com.android.launcher3,905,0,1320,4,1321,1]
11-16 05:24:24.531 1504 1568 I wm_activity_launch_time: [0,192312857,com.android.gallery3d/.app.GalleryActivity,128]
11-16 05:24:24.542 1504 1682 I input_focus: [Focus entering 2f679db com.android.gallery3d/com.android.gallery3d.app.GalleryActivity (server),reason=Window became focusable. Previous reason: NOT_VISIBLE]
11-16 05:24:25.377 1504 2099 I wm_task_created: [385,-1]
11-16 05:24:25.383 1504 2099 I wm_task_moved: [385,1,7]
11-16 05:24:25.383 1504 2099 I wm_task_to_front: [0,385]
11-16 05:24:25.384 1504 2099 I wm_create_task: [0,385]
11-16 05:24:25.384 1504 2099 I wm_create_activity: [0,211416573,385,com.android.music/.VideoBrowserActivity,android.intent.action.MAIN,NULL,NULL,270532608]
11-16 05:24:25.384 1504 2099 I wm_task_moved: [385,1,7]
11-16 05:24:25.385 8555 8555 I wm_on_top_resumed_lost_called: [192312857,com.android.gallery3d.app.GalleryActivity,topStateChangedWhenResumed]
11-16 05:24:25.386 1504 2099 I wm_pause_activity: [0,50203839,com.android.launcher3/.uioverrides.QuickstepLauncher,userLeaving=true,pauseBackTasks]
11-16 05:24:25.395 2496 2496 I wm_on_paused_called: [50203839,com.android.launcher3.uioverrides.QuickstepLauncher,performPause]
11-16 05:24:25.400 1504 6131 I wm_add_to_stopping: [0,50203839,com.android.launcher3/.uioverrides.QuickstepLauncher,makeInvisible]
11-16 05:24:25.401 1504 6131 I wm_restart_activity: [0,211416573,385,com.android.music/.VideoBrowserActivity]
11-16 05:24:25.403 1504 6131 I wm_set_resumed_activity: [0,com.android.music/.VideoBrowserActivity,minimalResumeActivityLocked]
11-16 05:24:25.410 1504 1571 I am_uid_active: 10086
11-16 05:24:25.417 1504 1571 I sysui_multi_action: [757,803,799,window_time_0,802,3]
11-16 05:24:25.446 8681 8681 I wm_on_create_called: [211416573,com.android.music.VideoBrowserActivity,performCreate]
11-16 05:24:25.446 8681 8681 I wm_on_start_called: [211416573,com.android.music.VideoBrowserActivity,handleStartActivity]
11-16 05:24:25.447 8681 8681 I wm_on_resume_called: [211416573,com.android.music.VideoBrowserActivity,RESUME_ACTIVITY]
11-16 05:24:25.455 8681 8681 I wm_on_top_resumed_gained_called: [211416573,com.android.music.VideoBrowserActivity,topStateChangedWhenResumed]
11-16 05:24:25.459 1504 1572 I input_focus: [Focus request 438b8f0 com.android.music/com.android.music.VideoBrowserActivity,reason=UpdateInputWindows]
11-16 05:24:25.479 1504 1682 I input_focus: [Focus leaving 2f679db com.android.gallery3d/com.android.gallery3d.app.GalleryActivity (server),reason=Waiting for window because NOT_VISIBLE]
11-16 05:24:25.497 1504 1682 I input_focus: [Focus entering 438b8f0 com.android.music/com.android.music.VideoBrowserActivity (server),reason=Window became focusable. Previous reason: NOT_VISIBLE]
11-16 05:24:25.501 1504 1568 I sysui_multi_action: [319,80,321,78,322,118,325,7254,757,761,758,8,759,1,806,com.android.music,871,com.android.music.VideoBrowserActivity,904,com.android.launcher3,905,0,1320,4,1321,5]
11-16 05:24:25.510 1504 1568 I wm_activity_launch_time: [0,211416573,com.android.music/.VideoBrowserActivity,118]
11-16 05:24:26.000 1504 1571 I wm_stop_activity: [0,50203839,com.android.launcher3/.uioverrides.QuickstepLauncher]
11-16 05:24:26.054 2496 2496 I wm_on_stop_called: [50203839,com.android.launcher3.uioverrides.QuickstepLauncher,STOP_ACTIVITY_ITEM]
11-16 05:24:26.599 1504 1682 I input_interaction: Interaction with: 438b8f0 com.android.music/com.android.music.VideoBrowserActivity (server), edge-swipe (server), swipe-up (server), PointerEventDispatcher0 (server),
11-16 05:24:26.621 1504 6071 I wm_task_moved: [280,0,0]
11-16 05:24:26.622 1504 6071 I wm_task_moved: [280,0,6]
11-16 05:24:26.649 2496 2496 I wm_on_restart_called: [50203839,com.android.launcher3.uioverrides.QuickstepLauncher,performRestartActivity]
11-16 05:24:26.649 1504 1534 I wm_finish_activity: [0,192312857,384,com.android.gallery3d/.app.GalleryActivity,app-request]
11-16 05:24:26.660 1504 1534 I wm_pause_activity: [0,192312857,com.android.gallery3d/.app.GalleryActivity,userLeaving=false,finish]
11-16 05:24:26.669 8555 8555 I wm_on_paused_called: [192312857,com.android.gallery3d.app.GalleryActivity,performPause]
11-16 05:24:26.671 1504 1534 I wm_destroy_activity: [0,192312857,384,com.android.gallery3d/.app.GalleryActivity,finish-imm:completePausedLocked]
11-16 05:24:26.683 1504 1571 I sysui_multi_action: [757,803,799,window_time_0,802,2]
11-16 05:24:26.683 2496 2496 I wm_on_start_called: [50203839,com.android.launcher3.uioverrides.QuickstepLauncher,handleStartActivity]
11-16 05:24:26.685 8555 8555 I wm_on_stop_called: [192312857,com.android.gallery3d.app.GalleryActivity,LIFECYCLER_STOP_ACTIVITY]
11-16 05:24:26.688 8555 8555 I wm_on_destroy_called: [192312857,com.android.gallery3d.app.GalleryActivity,performDestroy]
11-16 05:24:26.706 1504 6071 I wm_task_removed: [384,removeChild:removeChild last r=ActivityRecord{b767619 u0 com.android.gallery3d/.app.GalleryActivity t-1 f}} in t=Task{6ae3160 #384 type=standard A=10064:com.android.gallery3d U=0 visible=false mode=freeform translucent=true sz=0}]
11-16 05:24:26.706 1504 6071 I wm_task_removed: [384,removeChild]
11-16 05:24:26.709 1504 1568 I sysui_multi_action: [319,21,322,82,325,7256,757,761,758,9,759,5,806,com.android.launcher3,871,com.android.launcher3.uioverrides.QuickstepLauncher,904,com.android.launcher3,905,0,1320,8,1321,5]
11-16 05:24:26.781 8681 8681 I view_enqueue_input_event: [Motion - Cancel,com.android.music/com.android.music.VideoBrowserActivity]
11-16 05:24:26.782 2496 2496 I sysui_latency: [1,96]
11-16 05:24:26.782 1504 1682 I input_interaction: Interaction with: edge-swipe (server), swipe-up (server), PointerEventDispatcher0 (server),
11-16 05:24:26.787 1504 1572 I input_focus: [Focus request recents_animation_input_consumer,reason=UpdateInputWindows]
11-16 05:24:26.814 1504 1682 I input_focus: [Focus leaving 438b8f0 com.android.music/com.android.music.VideoBrowserActivity (server),reason=NOT_FOCUSABLE]
11-16 05:24:26.815 1504 1682 I input_focus: [Focus entering recents_animation_input_consumer (server),reason=setFocusedWindow]
11-16 05:24:26.896 1504 1666 I commit_sys_config_file: [settings-1-0,14]
11-16 05:24:27.005 1504 1598 I sysui_latency: [8,97]
11-16 05:24:28.554 1504 1666 I commit_sys_config_file: [settings-1-0,9]
11-16 05:24:32.830 1504 1682 I input_interaction: Interaction with: e1de84c com.android.launcher3/com.android.launcher3.uioverrides.QuickstepLauncher (server), edge-swipe (server), swipe-up (server), PointerEventDispatcher0 (server),
11-16 05:24:32.957 1504 1821 I wm_task_moved: [280,1,7]
11-16 05:24:32.964 1504 1821 I wm_focused_root_task: [0,0,280,385,startActivityFromRecents]
11-16 05:24:32.965 8681 8681 I wm_on_top_resumed_lost_called: [211416573,com.android.music.VideoBrowserActivity,topStateChangedWhenResumed]
11-16 05:24:32.971 1504 1821 I wm_task_moved: [384,1,7]
11-16 05:24:32.971 1504 1821 I wm_task_to_front: [0,384]
11-16 05:24:32.972 1504 1821 I wm_focused_root_task: [0,0,384,280,reuseOrNewTask]
11-16 05:24:32.972 1504 1821 I wm_create_activity: [0,129070846,384,com.android.gallery3d/.app.GalleryActivity,NULL,NULL,NULL,269516800]
11-16 05:24:32.977 1504 1821 I wm_pause_activity: [0,211416573,com.android.music/.VideoBrowserActivity,userLeaving=true,pauseBackTasks]
11-16 05:24:32.990 1504 1572 I input_focus: [Focus request e1de84c com.android.launcher3/com.android.launcher3.uioverrides.QuickstepLauncher,reason=UpdateInputWindows]
11-16 05:24:32.993 8681 8681 I wm_on_paused_called: [211416573,com.android.music.VideoBrowserActivity,performPause]
11-16 05:24:33.000 1504 1682 I input_focus: [Focus leaving recents_animation_input_consumer (server),reason=setFocusedWindow]
11-16 05:24:33.000 1504 1682 I input_focus: [Focus entering e1de84c com.android.launcher3/com.android.launcher3.uioverrides.QuickstepLauncher (server),reason=setFocusedWindow]
11-16 05:24:33.010 1504 1821 I wm_add_to_stopping: [0,211416573,com.android.music/.VideoBrowserActivity,makeInvisible]
11-16 05:24:33.012 1504 1821 I wm_restart_activity: [0,129070846,384,com.android.gallery3d/.app.GalleryActivity]
11-16 05:24:33.014 1504 1821 I wm_set_resumed_activity: [0,com.android.gallery3d/.app.GalleryActivity,minimalResumeActivityLocked]
11-16 05:24:33.039 1504 1571 I sysui_multi_action: [757,803,799,window_time_0,802,6]
11-16 05:24:33.052 8555 8555 I wm_on_create_called: [129070846,com.android.gallery3d.app.GalleryActivity,performCreate]
11-16 05:24:33.053 8555 8555 I wm_on_start_called: [129070846,com.android.gallery3d.app.GalleryActivity,handleStartActivity]
11-16 05:24:33.056 8555 8555 I wm_on_resume_called: [129070846,com.android.gallery3d.app.GalleryActivity,RESUME_ACTIVITY]
11-16 05:24:33.060 8555 8555 I wm_on_top_resumed_gained_called: [129070846,com.android.gallery3d.app.GalleryActivity,topStateChangedWhenResumed]
11-16 05:24:33.103 1504 1568 I sysui_multi_action: [319,67,321,64,322,134,325,7262,757,761,758,8,759,1,806,com.android.gallery3d,871,com.android.gallery3d.app.GalleryActivity,904,com.android.launcher3,905,0,1320,4,1321,1]
11-16 05:24:33.105 1504 1568 I wm_activity_launch_time: [0,129070846,com.android.gallery3d/.app.GalleryActivity,134]
11-16 05:24:33.416 1504 1821 I wm_task_moved: [280,0,6]
11-16 05:24:33.418 1504 1821 I wm_add_to_stopping: [0,50203839,com.android.launcher3/.uioverrides.QuickstepLauncher,makeInvisible]
11-16 05:24:33.426 1504 1504 I notification_enqueue: [10081,1968,com.android.systemui,2048,NULL,0,Notification(channel=updateNotification shortcut=null contentView=null vibrate=null sound=null defaults=0x0 flags=0x0 color=0x00000000 vis=PRIVATE),1]
11-16 05:24:33.426 1968 1968 I sysui_multi_action: [757,111,758,2]
11-16 05:24:33.427 1968 1968 I sysui_multi_action: [757,111,758,2]
11-16 05:24:33.429 1504 1571 I wm_stop_activity: [0,50203839,com.android.launcher3/.uioverrides.QuickstepLauncher]
11-16 05:24:33.430 1504 1571 I wm_stop_activity: [0,211416573,com.android.music/.VideoBrowserActivity]
11-16 05:24:33.434 8681 8681 I wm_on_stop_called: [211416573,com.android.music.VideoBrowserActivity,STOP_ACTIVITY_ITEM]
11-16 05:24:33.436 1504 1572 I input_focus: [Focus request 5d9cdc com.android.gallery3d/com.android.gallery3d.app.GalleryActivity,reason=UpdateInputWindows]
11-16 05:24:33.448 1504 1682 I input_focus: [Focus leaving e1de84c com.android.launcher3/com.android.launcher3.uioverrides.QuickstepLauncher (server),reason=NO_WINDOW]
11-16 05:24:33.448 1504 1682 I input_focus: [Focus entering 5d9cdc com.android.gallery3d/com.android.gallery3d.app.GalleryActivity (server),reason=setFocusedWindow]
11-16 05:24:33.453 1968 1968 I sysui_multi_action: [757,111,758,1]
11-16 05:24:33.453 1968 1968 I sysui_multi_action: [757,126,758,1,759,126,927,0,928,0,1593,0]
11-16 05:24:33.453 1968 1968 I sysui_multi_action: [757,113,758,1,759,113,927,1,928,1,1593,0]
11-16 05:24:33.453 1968 1968 I sysui_multi_action: [757,0,758,1,759,0,927,2,928,0,1593,0]
11-16 05:24:33.454 1968 1968 I sysui_multi_action: [757,0,758,1,759,0,927,3,928,0,1593,0]
11-16 05:24:33.454 1968 1968 I sysui_multi_action: [757,491,758,1,759,491,927,4,928,0,1311,-1,1593,0]
11-16 05:24:33.454 1968 1968 I sysui_multi_action: [757,0,758,1,759,0,927,5,928,0,1593,0]
11-16 05:24:33.454 1968 1968 I sysui_multi_action: [757,111,758,1]
11-16 05:24:33.455 1968 1968 I sysui_multi_action: [757,126,758,1,759,126,927,0,928,0,1593,0]
11-16 05:24:33.455 1968 1968 I sysui_multi_action: [757,113,758,1,759,113,927,1,928,1,1593,0]
11-16 05:24:33.455 1968 1968 I sysui_multi_action: [757,0,758,1,759,0,927,2,928,0,1593,0]
11-16 05:24:33.455 1968 1968 I sysui_multi_action: [757,0,758,1,759,0,927,3,928,0,1593,0]
11-16 05:24:33.502 1504 1821 I wm_relaunch_resume_activity: [0,129070846,384,com.android.gallery3d/.app.GalleryActivity]
11-16 05:24:33.503 8555 8555 I wm_on_top_resumed_lost_called: [129070846,com.android.gallery3d.app.GalleryActivity,pausing]
11-16 05:24:33.507 1504 1821 I wm_resume_activity: [0,50203839,281,com.android.launcher3/.uioverrides.QuickstepLauncher]
11-16 05:24:33.509 1504 1821 I wm_finish_activity: [0,129070846,384,com.android.gallery3d/.app.GalleryActivity,clear-task-all]
11-16 05:24:33.511 8555 8555 I wm_on_paused_called: [129070846,com.android.gallery3d.app.GalleryActivity,performPause]
11-16 05:24:33.511 8555 8555 I wm_on_stop_called: [129070846,com.android.gallery3d.app.GalleryActivity,handleRelaunchActivity]
11-16 05:24:33.513 1504 1821 I wm_pause_activity: [0,129070846,com.android.gallery3d/.app.GalleryActivity,userLeaving=false,finish]
11-16 05:24:33.516 1504 1821 I wm_task_moved: [384,1,7]
11-16 05:24:33.516 1504 1821 I wm_create_activity: [0,94562668,384,com.android.gallery3d/.app.GalleryActivity,NULL,NULL,NULL,268468224]
11-16 05:24:33.527 8555 8555 I wm_on_destroy_called: [129070846,com.android.gallery3d.app.GalleryActivity,performDestroy]
11-16 05:24:33.535 2496 2496 I wm_on_stop_called: [50203839,com.android.launcher3.uioverrides.QuickstepLauncher,STOP_ACTIVITY_ITEM]
11-16 05:24:33.542 2496 2496 I wm_on_restart_called: [50203839,com.android.launcher3.uioverrides.QuickstepLauncher,performRestartActivity]
11-16 05:24:33.543 2496 2496 I wm_on_start_called: [50203839,com.android.launcher3.uioverrides.QuickstepLauncher,handleStartActivity]
11-16 05:24:33.543 2496 2496 I wm_on_resume_called: [50203839,com.android.launcher3.uioverrides.QuickstepLauncher,RESUME_ACTIVITY]
11-16 05:24:33.548 1504 1682 I input_focus: [Focus leaving 5d9cdc com.android.gallery3d/com.android.gallery3d.app.GalleryActivity (server),reason=NO_WINDOW]
11-16 05:24:33.561 8555 8555 I wm_on_create_called: [129070846,com.android.gallery3d.app.GalleryActivity,performCreate]
11-16 05:24:33.562 8555 8555 I wm_on_start_called: [129070846,com.android.gallery3d.app.GalleryActivity,handleStartActivity]
11-16 05:24:33.568 8555 8555 I wm_on_resume_called: [129070846,com.android.gallery3d.app.GalleryActivity,RESUME_ACTIVITY]
11-16 05:24:33.568 8555 8555 I wm_on_top_resumed_gained_called: [129070846,com.android.gallery3d.app.GalleryActivity,topWhenResuming]
11-16 05:24:33.568 8555 8555 I wm_on_top_resumed_lost_called: [129070846,com.android.gallery3d.app.GalleryActivity,topStateChangedWhenResumed]
11-16 05:24:33.568 8555 8555 I wm_on_paused_called: [129070846,com.android.gallery3d.app.GalleryActivity,performPause]
11-16 05:24:33.569 1504 4276 I wm_add_to_stopping: [0,129070846,com.android.gallery3d/.app.GalleryActivity,completeFinishing]
11-16 05:24:33.571 1504 4276 I wm_restart_activity: [0,94562668,384,com.android.gallery3d/.app.GalleryActivity]
11-16 05:24:33.572 1504 4276 I wm_set_resumed_activity: [0,com.android.gallery3d/.app.GalleryActivity,minimalResumeActivityLocked]
11-16 05:24:33.575 1504 1571 I sysui_multi_action: [757,803,799,window_time_0,802,1]
11-16 05:24:33.596 8555 8555 I wm_on_create_called: [94562668,com.android.gallery3d.app.GalleryActivity,performCreate]
11-16 05:24:33.597 8555 8555 I wm_on_start_called: [94562668,com.android.gallery3d.app.GalleryActivity,handleStartActivity]
11-16 05:24:33.599 8555 8555 I wm_on_resume_called: [94562668,com.android.gallery3d.app.GalleryActivity,RESUME_ACTIVITY]
11-16 05:24:33.601 8555 8555 I wm_on_top_resumed_gained_called: [94562668,com.android.gallery3d.app.GalleryActivity,topStateChangedWhenResumed]
11-16 05:24:33.610 1504 1572 I input_focus: [Focus request 6e9859c com.android.gallery3d/com.android.gallery3d.app.GalleryActivity,reason=UpdateInputWindows]
11-16 05:24:33.629 1504 1504 I sysui_multi_action: [757,1501,758,1,793,7241965,794,0,795,209,796,2048,806,com.android.systemui,857,updateNotification,858,3,947,0,1500,0,1688,1]
11-16 05:24:33.630 1504 1504 I sysui_multi_action: [757,804,799,note_interruptive,801,0,802,1]
11-16 05:24:33.631 1504 1504 I sysui_multi_action: [757,199,758,1,759,2,793,7241967,794,0,795,211,796,2048,806,com.android.systemui,857,updateNotification,858,3,947,0,1500,2,1688,1]
11-16 05:24:33.631 1504 1504 I notification_alert: [0|com.android.systemui|2048|null|10081,0,1,0]
11-16 05:24:33.636 1504 1568 I wm_activity_launch_time: [0,94562668,com.android.gallery3d/.app.GalleryActivity,159]
11-16 05:24:33.648 1504 1682 I input_focus: [Focus entering 6e9859c com.android.gallery3d/com.android.gallery3d.app.GalleryActivity (server),reason=Window became focusable. Previous reason: NOT_VISIBLE]
11-16 05:24:33.983 1504 1571 I wm_destroy_activity: [0,129070846,384,com.android.gallery3d/.app.GalleryActivity,finish-imm:idle]
11-16 05:24:34.010 8555 8555 I wm_on_stop_called: [129070846,com.android.gallery3d.app.GalleryActivity,LIFECYCLER_STOP_ACTIVITY]
11-16 05:24:34.012 8555 8555 I wm_on_destroy_called: [129070846,com.android.gallery3d.app.GalleryActivity,performDestroy]
11-16 05:24:35.167 1504 1682 I input_interaction: Interaction with: e1de84c com.android.launcher3/com.android.launcher3.uioverrides.QuickstepLauncher (server), c74be60 com.android.systemui.ImageWallpaper (server), edge-swipe (server), swipe-up (server), PointerEventDispatcher0 (server),
11-16 05:24:35.357 2496 2496 I view_enqueue_input_event: [Motion - Cancel,com.android.launcher3/com.android.launcher3.uioverrides.QuickstepLauncher]
11-16 05:24:35.361 1504 1682 I input_interaction: Interaction with: edge-swipe (server), swipe-up (server), PointerEventDispatcher0 (server),
11-16 05:24:35.789 1504 4276 I wm_task_moved: [280,1,7]
11-16 05:24:35.792 8555 8555 I wm_on_top_resumed_lost_called: [94562668,com.android.gallery3d.app.GalleryActivity,topStateChangedWhenResumed]
11-16 05:24:35.792 1504 4276 I wm_set_resumed_activity: [0,com.android.launcher3/.uioverrides.QuickstepLauncher,positionChildAt]
11-16 05:24:35.792 1504 4276 I wm_task_moved: [281,1,2147483647]
11-16 05:24:35.792 1504 4276 I wm_task_to_front: [0,281]
11-16 05:24:35.793 1504 4276 I wm_focused_root_task: [0,0,280,384,bringingFoundTaskToFront]
11-16 05:24:35.793 1504 4276 I wm_set_resumed_activity: [0,com.android.launcher3/.uioverrides.QuickstepLauncher,bringingFoundTaskToFront]
11-16 05:24:35.794 1504 4276 I wm_new_intent: [0,50203839,281,com.android.launcher3/.uioverrides.QuickstepLauncher,android.intent.action.MAIN,NULL,NULL,268500992]
11-16 05:24:35.795 1504 4276 I wm_task_moved: [280,1,7]
11-16 05:24:35.795 1504 4276 I wm_set_resumed_activity: [0,com.android.launcher3/.uioverrides.QuickstepLauncher,positionChildAt]
11-16 05:24:35.809 2496 2496 I wm_on_paused_called: [50203839,com.android.launcher3.uioverrides.QuickstepLauncher,performPause]
11-16 05:24:35.810 2496 2496 I wm_on_resume_called: [50203839,com.android.launcher3.uioverrides.QuickstepLauncher,LIFECYCLER_RESUME_ACTIVITY]
11-16 05:24:35.810 1504 1572 I input_focus: [Focus request e1de84c com.android.launcher3/com.android.launcher3.uioverrides.QuickstepLauncher,reason=UpdateInputWindows]
11-16 05:24:35.825 1504 1682 I input_focus: [Focus leaving 6e9859c com.android.gallery3d/com.android.gallery3d.app.GalleryActivity (server),reason=setFocusedWindow]
11-16 05:24:35.825 1504 1682 I input_focus: [Focus entering e1de84c com.android.launcher3/com.android.launcher3.uioverrides.QuickstepLauncher (server),reason=setFocusedWindow]
11-16 05:24:35.834 2496 2496 I wm_on_top_resumed_gained_called: [50203839,com.android.launcher3.uioverrides.QuickstepLauncher,topStateChangedWhenResumed]
11-16 05:24:35.857 1504 1598 I am_pss : [8556,1000,com.android.settings,27365376,25350144,0,111517696,0,19,6]
11-16 05:24:36.326 1504 1682 I input_interaction: Interaction with: e1de84c com.android.launcher3/com.android.launcher3.uioverrides.QuickstepLauncher (server), c74be60 com.android.systemui.ImageWallpaper (server), edge-swipe (server), swipe-up (server), PointerEventDispatcher0 (server),
11-16 05:24:36.630 2496 2496 I view_enqueue_input_event: [Motion - Cancel,com.android.launcher3/com.android.launcher3.uioverrides.QuickstepLauncher]
11-16 05:24:36.795 1504 1666 I commit_sys_config_file: [settings-1-0,6]
11-16 05:24:36.813 1504 1682 I input_interaction: Interaction with: edge-swipe (server), swipe-up (server), PointerEventDispatcher0 (server),
11-16 05:24:37.063 1504 1682 I input_interaction: Interaction with: e1de84c com.android.launcher3/com.android.launcher3.uioverrides.QuickstepLauncher (server), c74be60 com.android.systemui.ImageWallpaper (server), edge-swipe (server), swipe-up (server), PointerEventDispatcher0 (server),
11-16 05:24:37.139 2496 2496 I view_enqueue_input_event: [Motion - Cancel,com.android.launcher3/com.android.launcher3.uioverrides.QuickstepLauncher]
11-16 05:24:37.139 1504 1682 I input_interaction: Interaction with: edge-swipe (server), swipe-up (server), PointerEventDispatcher0 (server),
11-16 05:24:37.442 1504 1534 I wm_task_moved: [280,1,7]
11-16 05:24:37.443 1504 1534 I wm_set_resumed_activity: [0,com.android.launcher3/.uioverrides.QuickstepLauncher,positionChildAt]
11-16 05:24:37.448 1504 1534 I wm_task_moved: [385,1,7]
11-16 05:24:37.448 1504 1534 I wm_task_to_front: [0,385]
11-16 05:24:37.449 1504 1534 I wm_focused_root_task: [0,0,385,280,moveTaskToFront findTaskToMoveToFront]
11-16 05:24:37.449 2496 2496 I wm_on_top_resumed_lost_called: [50203839,com.android.launcher3.uioverrides.QuickstepLauncher,topStateChangedWhenResumed]
11-16 05:24:37.450 1504 1534 I wm_set_resumed_activity: [0,com.android.music/.VideoBrowserActivity,moveTaskToFront findTaskToMoveToFront]
11-16 05:24:37.452 1504 1534 I wm_pause_activity: [0,50203839,com.android.launcher3/.uioverrides.QuickstepLauncher,userLeaving=true,pauseBackTasks]
11-16 05:24:37.477 2496 2496 I wm_on_paused_called: [50203839,com.android.launcher3.uioverrides.QuickstepLauncher,performPause]
11-16 05:24:37.481 1504 4717 I wm_set_resumed_activity: [0,com.android.music/.VideoBrowserActivity,resumeTopActivityInnerLocked]
11-16 05:24:37.482 1504 4717 I wm_add_to_stopping: [0,50203839,com.android.launcher3/.uioverrides.QuickstepLauncher,makeInvisible]
11-16 05:24:37.484 1504 4717 I wm_resume_activity: [0,211416573,385,com.android.music/.VideoBrowserActivity]
11-16 05:24:37.497 8681 8681 I wm_on_restart_called: [211416573,com.android.music.VideoBrowserActivity,performRestartActivity]
11-16 05:24:37.497 8681 8681 I wm_on_start_called: [211416573,com.android.music.VideoBrowserActivity,handleStartActivity]
11-16 05:24:37.498 8681 8681 I wm_on_resume_called: [211416573,com.android.music.VideoBrowserActivity,RESUME_ACTIVITY]
11-16 05:24:37.498 8681 8681 I wm_on_top_resumed_gained_called: [211416573,com.android.music.VideoBrowserActivity,topWhenResuming]
11-16 05:24:37.506 1504 1682 I input_focus: [Focus leaving e1de84c com.android.launcher3/com.android.launcher3.uioverrides.QuickstepLauncher (server),reason=NO_WINDOW]
11-16 05:24:37.512 1504 1572 I input_focus: [Focus request 438b8f0 com.android.music/com.android.music.VideoBrowserActivity,reason=UpdateInputWindows]
11-16 05:24:37.513 1504 1571 I wm_stop_activity: [0,50203839,com.android.launcher3/.uioverrides.QuickstepLauncher]
11-16 05:24:37.514 1504 1571 I sysui_multi_action: [757,803,799,window_time_2,802,4]
11-16 05:24:37.525 2496 2496 I wm_on_stop_called: [50203839,com.android.launcher3.uioverrides.QuickstepLauncher,STOP_ACTIVITY_ITEM]
11-16 05:24:37.527 1504 1568 I sysui_multi_action: [319,49,321,47,322,77,325,7266,757,761,758,9,759,4,806,com.android.music,871,com.android.music.VideoBrowserActivity,904,com.android.launcher3,905,0,1320,4,1321,5]
11-16 05:24:37.539 1504 1601 I am_uid_idle: 10051
11-16 05:24:37.543 1504 1682 I input_focus: [Focus entering 438b8f0 com.android.music/com.android.music.VideoBrowserActivity (server),reason=Window became focusable. Previous reason: NOT_VISIBLE]
11-16 05:24:37.703 1504 6131 I wm_task_moved: [280,1,7]
11-16 05:24:37.704 1504 6131 I wm_focused_root_task: [0,0,280,385,startActivityFromRecents]
11-16 05:24:37.705 8681 8681 I wm_on_top_resumed_lost_called: [211416573,com.android.music.VideoBrowserActivity,topStateChangedWhenResumed]
11-16 05:24:37.705 1504 6131 I wm_task_moved: [385,1,7]
11-16 05:24:37.705 1504 6131 I wm_set_resumed_activity: [0,com.android.music/.VideoBrowserActivity,positionChildAt]
11-16 05:24:37.705 1504 6131 I wm_focused_root_task: [0,0,385,280,moveTaskToFront findTaskToMoveToFront]
11-16 05:24:37.705 1504 6131 I wm_set_resumed_activity: [0,com.android.music/.VideoBrowserActivity,moveTaskToFront findTaskToMoveToFront]
11-16 05:24:37.716 8681 8681 I wm_on_top_resumed_gained_called: [211416573,com.android.music.VideoBrowserActivity,topStateChangedWhenResumed]
11-16 05:24:37.727 1504 1666 I commit_sys_config_file: [settings-1-0,7]
11-16 05:24:38.158 1504 1682 I input_interaction: Interaction with: 438b8f0 com.android.music/com.android.music.VideoBrowserActivity (server), edge-swipe (server), swipe-up (server), PointerEventDispatcher0 (server),
11-16 05:24:38.161 1504 1504 I service_manager_stats: [100,93,42119]
11-16 05:24:38.169 1504 1534 I wm_task_moved: [280,0,0]
11-16 05:24:38.170 1504 1534 I wm_task_moved: [280,0,6]
11-16 05:24:38.183 2496 2496 I wm_on_restart_called: [50203839,com.android.launcher3.uioverrides.QuickstepLauncher,performRestartActivity]
11-16 05:24:38.190 1504 4717 I wm_finish_activity: [0,94562668,384,com.android.gallery3d/.app.GalleryActivity,app-request]
11-16 05:24:38.198 1504 4717 I wm_pause_activity: [0,94562668,com.android.gallery3d/.app.GalleryActivity,userLeaving=false,finish]
11-16 05:24:38.211 2496 2496 I wm_on_start_called: [50203839,com.android.launcher3.uioverrides.QuickstepLauncher,handleStartActivity]
11-16 05:24:38.212 8555 8555 I wm_on_paused_called: [94562668,com.android.gallery3d.app.GalleryActivity,performPause]
11-16 05:24:38.214 1504 4717 I wm_destroy_activity: [0,94562668,384,com.android.gallery3d/.app.GalleryActivity,finish-imm:completePausedLocked]
11-16 05:24:38.228 1504 1571 I sysui_multi_action: [757,803,799,window_time_0,802,0]
11-16 05:24:38.249 8555 8555 I wm_on_stop_called: [94562668,com.android.gallery3d.app.GalleryActivity,LIFECYCLER_STOP_ACTIVITY]
11-16 05:24:38.254 8555 8555 I wm_on_destroy_called: [94562668,com.android.gallery3d.app.GalleryActivity,performDestroy]
11-16 05:24:38.254 1504 1568 I sysui_multi_action: [319,16,322,71,325,7267,757,761,758,9,759,5,806,com.android.launcher3,871,com.android.launcher3.uioverrides.QuickstepLauncher,904,com.android.launcher3,905,0,1320,8,1321,5]
11-16 05:24:38.269 1504 1534 I wm_task_removed: [384,removeChild:removeChild last r=ActivityRecord{5a2e96c u0 com.android.gallery3d/.app.GalleryActivity t-1 f}} in t=Task{6ae3160 #384 type=standard A=10064:com.android.gallery3d U=0 visible=false mode=freeform translucent=true sz=0}]
11-16 05:24:38.269 1504 1534 I wm_task_removed: [384,removeChild]
11-16 05:24:38.285 8681 8681 I view_enqueue_input_event: [Motion - Cancel,com.android.music/com.android.music.VideoBrowserActivity]
11-16 05:24:38.285 2496 2496 I sysui_latency: [1,74]
11-16 05:24:38.291 1504 1572 I input_focus: [Focus request recents_animation_input_consumer,reason=UpdateInputWindows]
11-16 05:24:38.296 1504 1682 I input_interaction: Interaction with: edge-swipe (server), swipe-up (server), PointerEventDispatcher0 (server),
11-16 05:24:38.327 1504 1682 I input_focus: [Focus leaving 438b8f0 com.android.music/com.android.music.VideoBrowserActivity (server),reason=NOT_FOCUSABLE]
11-16 05:24:38.327 1504 1682 I input_focus: [Focus entering recents_animation_input_consumer (server),reason=setFocusedWindow]
11-16 05:24:38.420 1504 1666 I commit_sys_config_file: [settings-1-0,9]
11-16 05:24:38.541 1504 1598 I sysui_latency: [8,77]
11-16 05:24:38.811 1504 6131 I wm_task_moved: [280,0,5]
11-16 05:24:38.812 1504 6131 I wm_add_to_stopping: [0,50203839,com.android.launcher3/.uioverrides.QuickstepLauncher,makeInvisible]
11-16 05:24:38.820 1504 1572 I input_focus: [Focus request 438b8f0 com.android.music/com.android.music.VideoBrowserActivity,reason=UpdateInputWindows]
11-16 05:24:38.821 1504 1571 I wm_stop_activity: [0,50203839,com.android.launcher3/.uioverrides.QuickstepLauncher]
11-16 05:24:38.829 1504 1821 I wm_task_created: [386,-1]
11-16 05:24:38.833 1504 1821 I wm_task_moved: [386,1,7]
11-16 05:24:38.833 1504 1821 I wm_task_to_front: [0,386]
11-16 05:24:38.834 1504 1821 I wm_create_task: [0,386]
11-16 05:24:38.834 1504 1821 I wm_create_activity: [0,171304529,386,com.android.gallery3d/.app.GalleryActivity,NULL,NULL,NULL,269516800]
11-16 05:24:38.834 1504 1821 I wm_task_moved: [386,1,7]
11-16 05:24:38.834 8681 8681 I wm_on_top_resumed_lost_called: [211416573,com.android.music.VideoBrowserActivity,topStateChangedWhenResumed]
11-16 05:24:38.837 1504 1821 I wm_restart_activity: [0,171304529,386,com.android.gallery3d/.app.GalleryActivity]
11-16 05:24:38.840 1504 1821 I wm_set_resumed_activity: [0,com.android.gallery3d/.app.GalleryActivity,minimalResumeActivityLocked]
11-16 05:24:38.860 1504 1682 I input_focus: [Focus leaving recents_animation_input_consumer (server),reason=NOT_VISIBLE]
11-16 05:24:38.860 1504 1682 I input_focus: [Focus entering 438b8f0 com.android.music/com.android.music.VideoBrowserActivity (server),reason=setFocusedWindow]
11-16 05:24:38.877 8555 8555 I wm_on_create_called: [171304529,com.android.gallery3d.app.GalleryActivity,performCreate]
11-16 05:24:38.879 8555 8555 I wm_on_start_called: [171304529,com.android.gallery3d.app.GalleryActivity,handleStartActivity]
11-16 05:24:38.883 8555 8555 I wm_on_resume_called: [171304529,com.android.gallery3d.app.GalleryActivity,RESUME_ACTIVITY]
11-16 05:24:38.886 8555 8555 I wm_on_top_resumed_gained_called: [171304529,com.android.gallery3d.app.GalleryActivity,topStateChangedWhenResumed]
11-16 05:24:38.899 1504 1572 I input_focus: [Focus request 52c2590 com.android.gallery3d/com.android.gallery3d.app.GalleryActivity,reason=UpdateInputWindows]
11-16 05:24:38.902 2496 2496 I wm_on_stop_called: [50203839,com.android.launcher3.uioverrides.QuickstepLauncher,STOP_ACTIVITY_ITEM]
11-16 05:24:38.928 1504 1682 I input_focus: [Focus leaving 438b8f0 com.android.music/com.android.music.VideoBrowserActivity (server),reason=Waiting for window because NOT_VISIBLE]
11-16 05:24:38.933 1504 1568 I sysui_multi_action: [319,108,322,107,325,7268,757,761,758,8,759,2,806,com.android.gallery3d,871,com.android.gallery3d.app.GalleryActivity,904,android,905,0,1320,4,1321,1]
11-16 05:24:38.935 1504 1568 I wm_activity_launch_time: [0,171304529,com.android.gallery3d/.app.GalleryActivity,107]
11-16 05:24:38.944 1504 1682 I input_focus: [Focus entering 52c2590 com.android.gallery3d/com.android.gallery3d.app.GalleryActivity (server),reason=Window became focusable. Previous reason: NOT_VISIBLE]
11-16 05:24:39.104 1504 1666 I commit_sys_config_file: [settings-1-0,6]
11-16 05:24:39.574 1504 1682 I input_interaction: Interaction with: 438b8f0 com.android.music/com.android.music.VideoBrowserActivity (server), edge-swipe (server), swipe-up (server), PointerEventDispatcher0 (server),
11-16 05:24:39.578 1504 1571 I wm_task_moved: [385,1,7]
11-16 05:24:39.579 1504 1571 I wm_task_to_front: [0,385]
11-16 05:24:39.586 1504 1571 I wm_set_resumed_activity: [0,com.android.music/.VideoBrowserActivity,positionChildAt]
11-16 05:24:39.586 1504 1571 I wm_focused_root_task: [0,0,385,386,setFocusedTask]
11-16 05:24:39.586 1504 1571 I wm_set_resumed_activity: [0,com.android.music/.VideoBrowserActivity,setFocusedTask]
11-16 05:24:39.586 8555 8555 I wm_on_top_resumed_lost_called: [171304529,com.android.gallery3d.app.GalleryActivity,topStateChangedWhenResumed]
11-16 05:24:39.588 8681 8681 I wm_on_top_resumed_gained_called: [211416573,com.android.music.VideoBrowserActivity,topStateChangedWhenResumed]
11-16 05:24:39.589 1504 1572 I input_focus: [Focus request 438b8f0 com.android.music/com.android.music.VideoBrowserActivity,reason=UpdateInputWindows]
11-16 05:24:39.590 1504 1821 I wm_task_moved: [280,0,0]
11-16 05:24:39.591 1504 1821 I wm_task_moved: [280,0,6]
11-16 05:24:39.596 2496 2496 I wm_on_restart_called: [50203839,com.android.launcher3.uioverrides.QuickstepLauncher,performRestartActivity]
11-16 05:24:39.605 1504 6131 I wm_finish_activity: [0,171304529,386,com.android.gallery3d/.app.GalleryActivity,app-request]
11-16 05:24:39.613 1504 1682 I input_focus: [Focus leaving 52c2590 com.android.gallery3d/com.android.gallery3d.app.GalleryActivity (server),reason=setFocusedWindow]
11-16 05:24:39.613 1504 1682 I input_focus: [Focus entering 438b8f0 com.android.music/com.android.music.VideoBrowserActivity (server),reason=setFocusedWindow]
11-16 05:24:39.614 1504 6131 I wm_pause_activity: [0,171304529,com.android.gallery3d/.app.GalleryActivity,userLeaving=false,finish]
11-16 05:24:39.631 2496 2496 I wm_on_start_called: [50203839,com.android.launcher3.uioverrides.QuickstepLauncher,handleStartActivity]
11-16 05:24:39.648 8555 8555 I wm_on_paused_called: [171304529,com.android.gallery3d.app.GalleryActivity,performPause]
11-16 05:24:39.652 1504 2099 I wm_destroy_activity: [0,171304529,386,com.android.gallery3d/.app.GalleryActivity,finish-imm:completePausedLocked]
11-16 05:24:39.659 1504 1568 I sysui_multi_action: [319,11,322,59,325,7269,757,761,758,9,759,5,806,com.android.launcher3,871,com.android.launcher3.uioverrides.QuickstepLauncher,904,com.android.launcher3,905,0,1320,8,1321,5]
11-16 05:24:39.663 1504 1571 I sysui_multi_action: [757,803,799,window_time_0,802,2]
11-16 05:24:39.668 8555 8555 I wm_on_stop_called: [171304529,com.android.gallery3d.app.GalleryActivity,LIFECYCLER_STOP_ACTIVITY]
11-16 05:24:39.673 8555 8555 I wm_on_destroy_called: [171304529,com.android.gallery3d.app.GalleryActivity,performDestroy]
11-16 05:24:39.684 1504 6131 I wm_task_removed: [386,removeChild:removeChild last r=ActivityRecord{a35e651 u0 com.android.gallery3d/.app.GalleryActivity t-1 f}} in t=Task{91af8db #386 type=standard A=10064:com.android.gallery3d U=0 visible=false mode=freeform translucent=true sz=0}]
11-16 05:24:39.684 1504 6131 I wm_task_removed: [386,removeChild]
11-16 05:24:39.722 8681 8681 I view_enqueue_input_event: [Motion - Cancel,com.android.music/com.android.music.VideoBrowserActivity]
11-16 05:24:39.723 2496 2496 I sysui_latency: [1,70]
11-16 05:24:39.727 1504 1572 I input_focus: [Focus request recents_animation_input_consumer,reason=UpdateInputWindows]
11-16 05:24:39.728 1504 1682 I input_interaction: Interaction with: edge-swipe (server), swipe-up (server), PointerEventDispatcher0 (server),
11-16 05:24:39.762 1504 1682 I input_focus: [Focus leaving 438b8f0 com.android.music/com.android.music.VideoBrowserActivity (server),reason=NOT_FOCUSABLE]
11-16 05:24:39.763 1504 1682 I input_focus: [Focus entering recents_animation_input_consumer (server),reason=setFocusedWindow]
11-16 05:24:39.838 1504 1666 I commit_sys_config_file: [settings-1-0,5]
11-16 05:24:39.950 1504 1598 I sysui_latency: [8,71]
11-16 05:24:40.780 1504 1682 I input_interaction: Interaction with: e1de84c com.android.launcher3/com.android.launcher3.uioverrides.QuickstepLauncher (server), edge-swipe (server), swipe-up (server), PointerEventDispatcher0 (server),
11-16 05:24:40.858 1504 1666 I commit_sys_config_file: [settings-1-0,16]
11-16 05:24:40.885 2496 2496 I view_enqueue_input_event: [Motion - Cancel,com.android.launcher3/com.android.launcher3.uioverrides.QuickstepLauncher]
11-16 05:24:40.891 1504 1682 I input_interaction: Interaction with: edge-swipe (server), swipe-up (server), PointerEventDispatcher0 (server),
11-16 05:24:42.077 1504 1682 I input_interaction: Interaction with: e1de84c com.android.launcher3/com.android.launcher3.uioverrides.QuickstepLauncher (server), edge-swipe (server), swipe-up (server), PointerEventDispatcher0 (server),
11-16 05:24:42.229 1504 1821 I wm_task_created: [387,-1]
11-16 05:24:42.237 1504 1821 I wm_task_moved: [387,1,7]
11-16 05:24:42.238 1504 1821 I wm_task_to_front: [0,387]
11-16 05:24:42.238 1504 1821 I wm_create_task: [0,387]
11-16 05:24:42.238 1504 1821 I wm_create_activity: [0,147990563,387,com.android.gallery3d/.app.GalleryActivity,NULL,NULL,NULL,269516800]
11-16 05:24:42.238 1504 1821 I wm_task_moved: [387,1,7]
11-16 05:24:42.244 1504 1821 I wm_restart_activity: [0,147990563,387,com.android.gallery3d/.app.GalleryActivity]
11-16 05:24:42.246 1504 1821 I wm_set_resumed_activity: [0,com.android.gallery3d/.app.GalleryActivity,minimalResumeActivityLocked]
11-16 05:24:42.247 8681 8681 I wm_on_top_resumed_lost_called: [211416573,com.android.music.VideoBrowserActivity,topStateChangedWhenResumed]
11-16 05:24:42.294 8555 8555 I wm_on_create_called: [147990563,com.android.gallery3d.app.GalleryActivity,performCreate]
11-16 05:24:42.296 8555 8555 I wm_on_start_called: [147990563,com.android.gallery3d.app.GalleryActivity,handleStartActivity]
11-16 05:24:42.299 8555 8555 I wm_on_resume_called: [147990563,com.android.gallery3d.app.GalleryActivity,RESUME_ACTIVITY]
11-16 05:24:42.305 8555 8555 I wm_on_top_resumed_gained_called: [147990563,com.android.gallery3d.app.GalleryActivity,topStateChangedWhenResumed]
11-16 05:24:42.324 1504 1572 I input_focus: [Focus request 9400b95 com.android.gallery3d/com.android.gallery3d.app.GalleryActivity,reason=UpdateInputWindows]
11-16 05:24:42.354 1504 1682 I input_focus: [Focus leaving recents_animation_input_consumer (server),reason=Waiting for window because NOT_VISIBLE]
11-16 05:24:42.361 1504 1568 I sysui_multi_action: [319,133,322,132,325,7271,757,761,758,8,759,2,806,com.android.gallery3d,871,com.android.gallery3d.app.GalleryActivity,904,android,905,0,1320,4,1321,1]
11-16 05:24:42.364 1504 1568 I wm_activity_launch_time: [0,147990563,com.android.gallery3d/.app.GalleryActivity,132]
11-16 05:24:42.369 1504 1682 I input_focus: [Focus entering 9400b95 com.android.gallery3d/com.android.gallery3d.app.GalleryActivity (server),reason=Window became focusable. Previous reason: NOT_VISIBLE]
11-16 05:24:42.655 1504 1821 I wm_task_moved: [280,1,7]
11-16 05:24:42.658 1504 1821 I wm_task_moved: [281,1,2147483647]
11-16 05:24:42.658 1504 1821 I wm_task_to_front: [0,281]
11-16 05:24:42.658 1504 1821 I wm_focused_root_task: [0,0,280,387,RecentsAnimation.onAnimationFinished()]
11-16 05:24:42.658 8555 8555 I wm_on_top_resumed_lost_called: [147990563,com.android.gallery3d.app.GalleryActivity,topStateChangedWhenResumed]
11-16 05:24:42.659 1504 1821 I wm_set_resumed_activity: [0,com.android.launcher3/.uioverrides.QuickstepLauncher,RecentsAnimation.onAnimationFinished()]
11-16 05:24:42.660 1504 1821 I wm_pause_activity: [0,211416573,com.android.music/.VideoBrowserActivity,userLeaving=true,pauseBackTasks]
11-16 05:24:42.662 1504 1821 I wm_add_to_stopping: [0,211416573,com.android.music/.VideoBrowserActivity,makeInvisible]
11-16 05:24:42.662 8681 8681 I wm_on_paused_called: [211416573,com.android.music.VideoBrowserActivity,performPause]
11-16 05:24:42.664 1504 1821 I wm_set_resumed_activity: [0,com.android.launcher3/.uioverrides.QuickstepLauncher,resumeTopActivityInnerLocked]
11-16 05:24:42.669 1504 1821 I wm_resume_activity: [0,50203839,281,com.android.launcher3/.uioverrides.QuickstepLauncher]
11-16 05:24:42.674 2496 2496 I wm_on_resume_called: [50203839,com.android.launcher3.uioverrides.QuickstepLauncher,RESUME_ACTIVITY]
11-16 05:24:42.687 1504 1572 I input_focus: [Focus request e1de84c com.android.launcher3/com.android.launcher3.uioverrides.QuickstepLauncher,reason=UpdateInputWindows]
11-16 05:24:42.688 2496 2496 I wm_on_top_resumed_gained_called: [50203839,com.android.launcher3.uioverrides.QuickstepLauncher,topStateChangedWhenResumed]
11-16 05:24:42.696 1504 4276 I wm_stop_activity: [0,211416573,com.android.music/.VideoBrowserActivity]
11-16 05:24:42.699 8681 8681 I wm_on_stop_called: [211416573,com.android.music.VideoBrowserActivity,STOP_ACTIVITY_ITEM]
11-16 05:24:42.699 1504 1571 I sysui_multi_action: [757,803,799,window_time_0,802,3]
11-16 05:24:42.703 1504 1571 I sysui_multi_action: [757,803,799,window_time_0,802,0]
11-16 05:24:42.706 1504 1682 I input_focus: [Focus leaving 9400b95 com.android.gallery3d/com.android.gallery3d.app.GalleryActivity (server),reason=setFocusedWindow]
11-16 05:24:42.706 1504 1682 I input_focus: [Focus entering e1de84c com.android.launcher3/com.android.launcher3.uioverrides.QuickstepLauncher (server),reason=setFocusedWindow]
11-16 05:24:43.600 1504 1682 I input_interaction: Interaction with: e1de84c com.android.launcher3/com.android.launcher3.uioverrides.QuickstepLauncher (server), c74be60 com.android.systemui.ImageWallpaper (server), edge-swipe (server), swipe-up (server), PointerEventDispatcher0 (server),
11-16 05:24:43.773 2496 2496 I view_enqueue_input_event: [Motion - Cancel,com.android.launcher3/com.android.launcher3.uioverrides.QuickstepLauncher]
11-16 05:24:43.780 1504 1682 I input_interaction: Interaction with: edge-swipe (server), swipe-up (server), PointerEventDispatcher0 (server),
11-16 05:24:43.943 1504 1666 I commit_sys_config_file: [settings-1-0,5]
11-16 05:24:44.268 1504 1666 I commit_sys_config_file: [settings-1-0,11]
11-16 05:24:44.372 1504 4276 I wm_finish_activity: [0,147990563,387,com.android.gallery3d/.app.GalleryActivity,app-request]
11-16 05:24:44.377 1504 4276 I wm_pause_activity: [0,147990563,com.android.gallery3d/.app.GalleryActivity,userLeaving=false,finish]
11-16 05:24:44.389 8555 8555 I wm_on_paused_called: [147990563,com.android.gallery3d.app.GalleryActivity,performPause]
11-16 05:24:44.396 1504 2099 I wm_destroy_activity: [0,147990563,387,com.android.gallery3d/.app.GalleryActivity,finish-imm:completePausedLocked]
11-16 05:24:44.417 1504 1571 I sysui_multi_action: [757,803,799,window_time_0,802,1]
11-16 05:24:44.426 8555 8555 I wm_on_stop_called: [147990563,com.android.gallery3d.app.GalleryActivity,LIFECYCLER_STOP_ACTIVITY]
11-16 05:24:44.438 8555 8555 I wm_on_destroy_called: [147990563,com.android.gallery3d.app.GalleryActivity,performDestroy]
11-16 05:24:44.689 1504 1572 I wm_task_removed: [387,removeChild:removeChild last r=ActivityRecord{8d22823 u0 com.android.gallery3d/.app.GalleryActivity t-1 f}} in t=Task{d199ac6 #387 type=standard A=10064:com.android.gallery3d U=0 visible=false mode=freeform translucent=true sz=0}]
11-16 05:24:44.689 1504 1572 I wm_task_removed: [387,removeChild]
11-16 05:24:44.697 1504 1682 I input_interaction: Interaction with: e1de84c com.android.launcher3/com.android.launcher3.uioverrides.QuickstepLauncher (server), c74be60 com.android.systemui.ImageWallpaper (server), edge-swipe (server), swipe-up (server), PointerEventDispatcher0 (server),
11-16 05:24:45.223 1504 4717 I wm_finish_activity: [0,211416573,385,com.android.music/.VideoBrowserActivity,recent-task-trimmed]
11-16 05:24:45.226 1504 4717 I wm_destroy_activity: [0,211416573,385,com.android.music/.VideoBrowserActivity,finish-imm:finishIfPossible]
11-16 05:24:45.231 8681 8681 I wm_on_destroy_called: [211416573,com.android.music.VideoBrowserActivity,performDestroy]
11-16 05:24:45.234 1504 1571 I am_kill : [0,8681,com.android.music,900,remove task]
11-16 05:24:45.235 1504 1571 I sysui_multi_action: [757,803,799,window_time_0,802,1]
11-16 05:24:45.273 1504 5497 I am_proc_died: [0,8681,com.android.music,900,18]
11-16 05:24:45.276 1504 5497 I am_uid_stopped: 10086
11-16 05:24:45.286 1504 5497 I wm_task_removed: [385,removeChild:removeChild last r=ActivityRecord{c99f5fd u0 com.android.music/.VideoBrowserActivity t-1 f}} in t=Task{6889884 #385 type=standard A=10086:android.task.video U=0 visible=false mode=fullscreen translucent=true sz=0}]
11-16 05:24:45.286 1504 5497 I wm_task_removed: [385,removeChild]
11-16 05:24:45.293 1504 1571 I am_uid_running: 10086
11-16 05:24:45.304 1504 1603 I am_proc_start: [0,8789,10086,com.android.music,NULL,]
11-16 05:24:45.333 1504 4717 I am_proc_bound: [0,8789,com.android.music]
11-16 05:24:46.990 1504 5497 I wm_task_created: [388,-1]
11-16 05:24:46.995 1504 5497 I wm_task_moved: [388,1,6]
11-16 05:24:46.995 1504 5497 I wm_task_to_front: [0,388]
11-16 05:24:46.996 1504 5497 I wm_create_task: [0,388]
11-16 05:24:46.996 1504 5497 I wm_create_activity: [0,131721023,388,com.android.gallery3d/.app.GalleryActivity,NULL,NULL,NULL,268468224]
11-16 05:24:46.996 1504 5497 I wm_task_moved: [388,1,6]
11-16 05:24:47.003 1504 5497 I wm_restart_activity: [0,131721023,388,com.android.gallery3d/.app.GalleryActivity]
11-16 05:24:47.005 1504 5497 I wm_set_resumed_activity: [0,com.android.gallery3d/.app.GalleryActivity,minimalResumeActivityLocked]
11-16 05:24:47.011 2496 2496 I wm_on_top_resumed_lost_called: [50203839,com.android.launcher3.uioverrides.QuickstepLauncher,topStateChangedWhenResumed]
11-16 05:24:47.038 8555 8555 I wm_on_create_called: [131721023,com.android.gallery3d.app.GalleryActivity,performCreate]
11-16 05:24:47.039 8555 8555 I wm_on_start_called: [131721023,com.android.gallery3d.app.GalleryActivity,handleStartActivity]
11-16 05:24:47.042 8555 8555 I wm_on_resume_called: [131721023,com.android.gallery3d.app.GalleryActivity,RESUME_ACTIVITY]
11-16 05:24:47.045 8555 8555 I wm_on_top_resumed_gained_called: [131721023,com.android.gallery3d.app.GalleryActivity,topStateChangedWhenResumed]
11-16 05:24:47.057 1504 1572 I input_focus: [Focus request 3077f37 com.android.gallery3d/com.android.gallery3d.app.GalleryActivity,reason=UpdateInputWindows]
11-16 05:24:47.081 1504 1682 I input_focus: [Focus leaving e1de84c com.android.launcher3/com.android.launcher3.uioverrides.QuickstepLauncher (server),reason=Waiting for window because NOT_VISIBLE]
11-16 05:24:47.106 1504 1568 I sysui_multi_action: [319,115,322,114,325,7276,757,761,758,8,759,2,806,com.android.gallery3d,871,com.android.gallery3d.app.GalleryActivity,904,com.android.launcher3,905,0,1320,4,1321,1]
11-16 05:24:47.109 1504 1568 I wm_activity_launch_time: [0,131721023,com.android.gallery3d/.app.GalleryActivity,114]
11-16 05:24:47.115 1504 1682 I input_focus: [Focus entering 3077f37 com.android.gallery3d/com.android.gallery3d.app.GalleryActivity (server),reason=Window became focusable. Previous reason: NOT_VISIBLE]
11-16 05:24:48.473 1504 6131 I wm_task_created: [389,-1]
11-16 05:24:48.482 1504 6131 I wm_task_moved: [389,1,7]
11-16 05:24:48.482 1504 6131 I wm_task_to_front: [0,389]
11-16 05:24:48.483 1504 6131 I wm_create_task: [0,389]
11-16 05:24:48.483 1504 6131 I wm_create_activity: [0,77024364,389,com.android.music/.VideoBrowserActivity,android.intent.action.MAIN,NULL,NULL,270532608]
11-16 05:24:48.483 1504 6131 I wm_task_moved: [389,1,7]
11-16 05:24:48.483 8555 8555 I wm_on_top_resumed_lost_called: [131721023,com.android.gallery3d.app.GalleryActivity,topStateChangedWhenResumed]
