11-16 05:23:42.954 1968 1968 I wm_on_resume_called: [206316724,com.android.systemui.usb.UsbDebuggingActivity,RESUME_ACTIVITY]
11-16 05:23:42.958 1968 1968 I wm_on_top_resumed_gained_called: [206316724,com.android.systemui.usb.UsbDebuggingActivity,topStateChangedWhenResumed]
11-16 05:23:42.962 1504 1572 I input_focus: [Focus request 9271695 com.android.systemui/com.android.systemui.usb.UsbDebuggingActivity,reason=UpdateInputWindows]
11-16 05:23:42.975 1504 1568 I wm_activity_launch_time: [0,206316724,com.android.systemui/.usb.UsbDebuggingActivity,80]
11-16 05:23:42.975 1504 1682 I input_focus: [Focus leaving 684be5b com.android.gallery3d/com.android.gallery3d.app.GalleryActivity (server),reason=Waiting for window because NOT_VISIBLE]
11-16 05:23:42.993 1504 1682 I input_focus: [Focus entering 9271695 com.android.systemui/com.android.systemui.usb.UsbDebuggingActivity (server),reason=Window became focusable. Previous reason: NOT_VISIBLE]
11-16 05:23:43.160 1504 1571 I wm_destroy_activity: [0,211317228,377,com.android.systemui/.usb.UsbDebuggingActivity,finish-imm:idle]
11-16 05:23:43.185 1968 1968 I wm_on_stop_called: [211317228,com.android.systemui.usb.UsbDebuggingActivity,LIFECYCLER_STOP_ACTIVITY]
11-16 05:23:43.185 1968 1968 I wm_on_destroy_called: [211317228,com.android.systemui.usb.UsbDebuggingActivity,performDestroy]
11-16 05:23:43.191 1504 5212 I wm_task_removed: [377,removeChild:removeChild last r=ActivityRecord{c9871ec u0 com.android.systemui/.usb.UsbDebuggingActivity t-1 f}} in t=Task{82699b5 #377 type=standard A=10081:com.android.systemui U=0 visible=false mode=fullscreen translucent=true sz=0}]
11-16 05:23:43.191 1504 5212 I wm_task_removed: [377,removeChild]
11-16 05:23:43.476 1504 1682 I input_interaction: Interaction with: 9271695 com.android.systemui/com.android.systemui.usb.UsbDebuggingActivity (server), edge-swipe (server), swipe-up (server), PointerEventDispatcher0 (server),
11-16 05:23:43.597 1504 5212 I wm_finish_activity: [0,206316724,378,com.android.systemui/.usb.UsbDebuggingActivity,app-request]
11-16 05:23:43.597 1504 5212 I wm_task_moved: [370,1,8]
11-16 05:23:43.597 1504 5212 I wm_task_to_front: [0,370]
11-16 05:23:43.598 1504 5212 I wm_set_resumed_activity: [0,com.android.gallery3d/.app.GalleryActivity,positionChildAt]
11-16 05:23:43.598 1504 5212 I wm_focused_root_task: [0,0,370,378,finish-top adjustFocusToNextFocusableTask]
11-16 05:23:43.598 1504 5212 I wm_set_resumed_activity: [0,com.android.gallery3d/.app.GalleryActivity,finish-top]
11-16 05:23:43.610 1504 5212 I wm_pause_activity: [0,206316724,com.android.systemui/.usb.UsbDebuggingActivity,userLeaving=false,finish]
11-16 05:23:43.614 1968 1968 I wm_on_top_resumed_lost_called: [206316724,com.android.systemui.usb.UsbDebuggingActivity,topStateChangedWhenResumed]
11-16 05:23:43.614 1504 1572 I input_focus: [Focus request 684be5b com.android.gallery3d/com.android.gallery3d.app.GalleryActivity,reason=UpdateInputWindows]
11-16 05:23:43.616 7581 7581 I wm_on_top_resumed_gained_called: [93609031,com.android.gallery3d.app.GalleryActivity,topStateChangedWhenResumed]
11-16 05:23:43.625 1968 1968 I wm_on_paused_called: [206316724,com.android.systemui.usb.UsbDebuggingActivity,performPause]
11-16 05:23:43.625 1504 5212 I wm_add_to_stopping: [0,206316724,com.android.systemui/.usb.UsbDebuggingActivity,completeFinishing]
11-16 05:23:43.628 1504 5212 I wm_resume_activity: [0,183003259,366,com.android.music/.VideoBrowserActivity]
11-16 05:23:43.634 7565 7565 I wm_on_resume_called: [183003259,com.android.music.VideoBrowserActivity,RESUME_ACTIVITY]
11-16 05:23:43.637 1504 1571 I sysui_multi_action: [757,803,799,window_time_0,802,1]
11-16 05:23:43.645 1504 1682 I input_focus: [Focus leaving 9271695 com.android.systemui/com.android.systemui.usb.UsbDebuggingActivity (server),reason=NO_WINDOW]
11-16 05:23:43.645 1504 1682 I input_focus: [Focus entering 684be5b com.android.gallery3d/com.android.gallery3d.app.GalleryActivity (server),reason=setFocusedWindow]
11-16 05:23:43.879 1504 1571 I wm_destroy_activity: [0,206316724,378,com.android.systemui/.usb.UsbDebuggingActivity,finish-imm:idle]
11-16 05:23:43.908 1968 1968 I wm_on_stop_called: [206316724,com.android.systemui.usb.UsbDebuggingActivity,LIFECYCLER_STOP_ACTIVITY]
11-16 05:23:43.908 1968 1968 I wm_on_destroy_called: [206316724,com.android.systemui.usb.UsbDebuggingActivity,performDestroy]
11-16 05:23:43.916 1504 2505 I wm_task_removed: [378,removeChild:removeChild last r=ActivityRecord{c4c24b4 u0 com.android.systemui/.usb.UsbDebuggingActivity t-1 f}} in t=Task{6d2a8dd #378 type=standard A=10081:com.android.systemui U=0 visible=false mode=fullscreen translucent=true sz=0}]
11-16 05:23:43.916 1504 2505 I wm_task_removed: [378,removeChild]
11-16 05:23:50.223 8449 8449 I auditd : type=1400 audit(0.0:894): avc: denied { read } for comm="app_process" name="u:object_r:odsign_prop:s0" dev="tmpfs" ino=2273 scontext=u:r:shell:s0 tcontext=u:object_r:odsign_prop:s0 tclass=file permissive=0
11-16 05:23:50.423 8466 8466 I auditd : type=1400 audit(0.0:895): avc: denied { read } for comm="app_process" name="u:object_r:odsign_prop:s0" dev="tmpfs" ino=2273 scontext=u:r:shell:s0 tcontext=u:object_r:odsign_prop:s0 tclass=file permissive=0
11-16 05:23:51.875 500 511 I auditd : type=1401 audit(0.0:896): op=security_compute_sid invalid_context=u:r:np_thundercomm_tlog_pstore:s0 scontext=u:r:init:s0 tcontext=u:object_r:np_thundercomm_tlog_pstore_exec:s0 tclass=process
11-16 05:23:52.004 1504 1682 I input_interaction: Interaction with: 725179d com.android.music/com.android.music.VideoBrowserActivity (server), edge-swipe (server), swipe-up (server), PointerEventDispatcher0 (server),
11-16 05:23:52.007 1504 1571 I wm_task_moved: [366,1,7]
11-16 05:23:52.007 1504 1571 I wm_task_to_front: [0,366]
11-16 05:23:52.016 1504 1571 I wm_set_resumed_activity: [0,com.android.music/.VideoBrowserActivity,positionChildAt]
11-16 05:23:52.016 7581 7581 I wm_on_top_resumed_lost_called: [93609031,com.android.gallery3d.app.GalleryActivity,topStateChangedWhenResumed]
11-16 05:23:52.016 1504 1571 I wm_focused_root_task: [0,0,366,370,setFocusedTask]
11-16 05:23:52.016 1504 1571 I wm_set_resumed_activity: [0,com.android.music/.VideoBrowserActivity,setFocusedTask]
11-16 05:23:52.018 7565 7565 I wm_on_top_resumed_gained_called: [183003259,com.android.music.VideoBrowserActivity,topStateChangedWhenResumed]
11-16 05:23:52.019 1504 1572 I input_focus: [Focus request 725179d com.android.music/com.android.music.VideoBrowserActivity,reason=UpdateInputWindows]
11-16 05:23:52.021 1504 2505 I wm_task_moved: [280,0,0]
11-16 05:23:52.021 1504 2505 I wm_task_moved: [280,0,6]
11-16 05:23:52.048 1504 1682 I input_focus: [Focus leaving 684be5b com.android.gallery3d/com.android.gallery3d.app.GalleryActivity (server),reason=setFocusedWindow]
11-16 05:23:52.048 1504 1682 I input_focus: [Focus entering 725179d com.android.music/com.android.music.VideoBrowserActivity (server),reason=setFocusedWindow]
11-16 05:23:52.056 2496 2496 I wm_on_restart_called: [50203839,com.android.launcher3.uioverrides.QuickstepLauncher,performRestartActivity]
11-16 05:23:52.057 1504 4899 I wm_finish_activity: [0,93609031,370,com.android.gallery3d/.app.GalleryActivity,app-request]
11-16 05:23:52.065 1504 4899 I wm_pause_activity: [0,93609031,com.android.gallery3d/.app.GalleryActivity,userLeaving=false,finish]
11-16 05:23:52.069 7581 7581 I wm_on_paused_called: [93609031,com.android.gallery3d.app.GalleryActivity,performPause]
11-16 05:23:52.073 1504 5212 I wm_destroy_activity: [0,93609031,370,com.android.gallery3d/.app.GalleryActivity,finish-imm:completePausedLocked]
11-16 05:23:52.078 7581 7581 I wm_on_stop_called: [93609031,com.android.gallery3d.app.GalleryActivity,LIFECYCLER_STOP_ACTIVITY]
11-16 05:23:52.089 7581 7581 I wm_on_destroy_called: [93609031,com.android.gallery3d.app.GalleryActivity,performDestroy]
11-16 05:23:52.089 1504 1571 I sysui_multi_action: [757,803,799,window_time_2,802,8]
11-16 05:23:52.100 1504 3120 I wm_task_removed: [370,removeChild:removeChild last r=ActivityRecord{5945c47 u0 com.android.gallery3d/.app.GalleryActivity t-1 f}} in t=Task{cf50bc8 #370 type=standard A=10064:com.android.gallery3d U=0 visible=false mode=freeform translucent=true sz=0}]
11-16 05:23:52.100 1504 3120 I wm_task_removed: [370,removeChild]
11-16 05:23:52.103 2496 2496 I wm_on_start_called: [50203839,com.android.launcher3.uioverrides.QuickstepLauncher,handleStartActivity]
11-16 05:23:52.105 7565 7565 I view_enqueue_input_event: [Motion - Cancel,com.android.music/com.android.music.VideoBrowserActivity]
11-16 05:23:52.105 1504 1572 I input_focus: [Focus request recents_animation_input_consumer,reason=UpdateInputWindows]
11-16 05:23:52.106 1504 1682 I input_interaction: Interaction with: edge-swipe (server), swipe-up (server), PointerEventDispatcher0 (server),
11-16 05:23:52.110 2496 2496 I sysui_latency: [1,113]
11-16 05:23:52.114 1504 1682 I input_focus: [Focus leaving 725179d com.android.music/com.android.music.VideoBrowserActivity (server),reason=NOT_FOCUSABLE]
11-16 05:23:52.114 1504 1682 I input_focus: [Focus entering recents_animation_input_consumer (server),reason=setFocusedWindow]
11-16 05:23:52.125 1504 1568 I sysui_multi_action: [319,9,322,92,325,7221,757,761,758,9,759,5,806,com.android.launcher3,871,com.android.launcher3.uioverrides.QuickstepLauncher,904,com.android.launcher3,905,0,1320,8,1321,5]
11-16 05:23:52.311 1504 1666 I commit_sys_config_file: [settings-1-0,7]
11-16 05:23:52.418 1504 1598 I sysui_latency: [8,107]
11-16 05:23:53.044 1504 1666 I commit_sys_config_file: [settings-1-0,4]
11-16 05:23:53.179 1504 1682 I input_interaction: Interaction with: e1de84c com.android.launcher3/com.android.launcher3.uioverrides.QuickstepLauncher (server), edge-swipe (server), swipe-up (server), PointerEventDispatcher0 (server),
11-16 05:23:53.344 2496 2496 I view_enqueue_input_event: [Motion - Cancel,com.android.launcher3/com.android.launcher3.uioverrides.QuickstepLauncher]
11-16 05:23:53.357 1504 1682 I input_interaction: Interaction with: edge-swipe (server), swipe-up (server), PointerEventDispatcher0 (server),
11-16 05:23:54.247 8522 8522 I auditd : type=1400 audit(0.0:897): avc: denied { read } for comm="ls" name="/" dev="dm-5" ino=2 scontext=u:r:system_app:s0 tcontext=u:object_r:rootfs:s0 tclass=dir permissive=0
11-16 05:23:54.311 8526 8526 I auditd : type=1400 audit(0.0:898): avc: denied { read } for comm="ls" name="/" dev="dm-5" ino=2 scontext=u:r:system_app:s0 tcontext=u:object_r:rootfs:s0 tclass=dir permissive=0
11-16 05:23:54.387 1504 1682 I input_interaction: Interaction with: e1de84c com.android.launcher3/com.android.launcher3.uioverrides.QuickstepLauncher (server), edge-swipe (server), swipe-up (server), PointerEventDispatcher0 (server),
11-16 05:23:55.042 1504 1571 I am_kill : [0,7581,com.android.gallery3d,900,remove task]
11-16 05:23:55.045 1504 1571 I sysui_multi_action: [757,803,799,window_time_0,802,3]
11-16 05:23:55.084 1504 2505 I am_proc_died: [0,7581,com.android.gallery3d,900,18]
11-16 05:23:55.085 1504 2505 I am_uid_stopped: 10064
11-16 05:23:55.092 1504 1571 I am_uid_running: 10064
11-16 05:23:55.111 1504 1603 I am_proc_start: [0,8555,10064,com.android.gallery3d,NULL,]
11-16 05:23:55.121 1504 1603 I am_proc_start: [0,8556,1000,com.android.settings,NULL,]
11-16 05:23:55.138 1504 2505 I am_proc_bound: [0,8555,com.android.gallery3d]
11-16 05:23:55.145 1504 2101 I am_proc_bound: [0,8556,com.android.settings]
11-16 05:23:56.007 1504 2101 I wm_finish_activity: [0,183003259,366,com.android.music/.VideoBrowserActivity,remove-task]
11-16 05:23:56.008 1504 2101 I wm_task_moved: [280,1,6]
11-16 05:23:56.010 1504 2101 I wm_task_moved: [281,1,2147483647]
11-16 05:23:56.010 1504 2101 I wm_task_to_front: [0,281]
11-16 05:23:56.011 1504 2101 I wm_focused_root_task: [0,0,280,-1,finish-top adjustFocusToNextFocusableTask]
11-16 05:23:56.011 7565 7565 I wm_on_top_resumed_lost_called: [183003259,com.android.music.VideoBrowserActivity,topStateChangedWhenResumed]
11-16 05:23:56.012 1504 2101 I wm_pause_activity: [0,183003259,com.android.music/.VideoBrowserActivity,userLeaving=false,finish]
11-16 05:23:56.026 1504 1572 I input_focus: [Focus request e1de84c com.android.launcher3/com.android.launcher3.uioverrides.QuickstepLauncher,reason=UpdateInputWindows]
11-16 05:23:56.030 1504 1571 I sysui_multi_action: [757,803,799,window_time_0,802,1]
11-16 05:23:56.031 7565 7565 I wm_on_paused_called: [183003259,com.android.music.VideoBrowserActivity,performPause]
11-16 05:23:56.032 1504 2101 I wm_add_to_stopping: [0,183003259,com.android.music/.VideoBrowserActivity,completeFinishing]
11-16 05:23:56.039 1504 2101 I wm_set_resumed_activity: [0,com.android.launcher3/.uioverrides.QuickstepLauncher,resumeTopActivityInnerLocked]
11-16 05:23:56.043 1504 2101 I service_manager_stats: [100,82,3360707]
11-16 05:23:56.044 1504 2101 I wm_resume_activity: [0,50203839,281,com.android.launcher3/.uioverrides.QuickstepLauncher]
11-16 05:23:56.045 2496 2496 I wm_on_resume_called: [50203839,com.android.launcher3.uioverrides.QuickstepLauncher,RESUME_ACTIVITY]
11-16 05:23:56.045 2496 2496 I wm_on_top_resumed_gained_called: [50203839,com.android.launcher3.uioverrides.QuickstepLauncher,topWhenResuming]
11-16 05:23:56.059 1504 1682 I input_focus: [Focus leaving recents_animation_input_consumer (server),reason=setFocusedWindow]
11-16 05:23:56.059 1504 1682 I input_focus: [Focus entering e1de84c com.android.launcher3/com.android.launcher3.uioverrides.QuickstepLauncher (server),reason=setFocusedWindow]
11-16 05:23:56.064 1504 1571 I sysui_multi_action: [757,803,799,window_time_0,802,0]
11-16 05:23:56.522 1504 1571 I wm_destroy_activity: [0,183003259,366,com.android.music/.VideoBrowserActivity,finish-imm:idle]
11-16 05:23:56.525 7565 7565 I wm_on_stop_called: [183003259,com.android.music.VideoBrowserActivity,LIFECYCLER_STOP_ACTIVITY]
11-16 05:23:56.530 7565 7565 I wm_on_destroy_called: [183003259,com.android.music.VideoBrowserActivity,performDestroy]
11-16 05:23:56.536 1504 1571 I sysui_multi_action: [757,803,799,window_time_0,802,1]
11-16 05:23:56.548 1504 4276 I wm_task_removed: [366,removeChild:removeChild last r=ActivityRecord{ae8687b u0 com.android.music/.VideoBrowserActivity t-1 f}} in t=Task{f456bf3 #366 type=standard A=10086:android.task.video U=0 visible=false mode=fullscreen translucent=true sz=0}]
11-16 05:23:56.548 1504 4276 I wm_task_removed: [366,removeChild]
11-16 05:23:58.046 1504 1682 I input_interaction: Interaction with: e1de84c com.android.launcher3/com.android.launcher3.uioverrides.QuickstepLauncher (server), c74be60 com.android.systemui.ImageWallpaper (server), edge-swipe (server), swipe-up (server), PointerEventDispatcher0 (server),
11-16 05:23:58.164 1504 1682 I input_interaction: Interaction with: edge-swipe (server), swipe-up (server), PointerEventDispatcher0 (server),
11-16 05:23:58.164 2496 2496 I view_enqueue_input_event: [Motion - Cancel,com.android.launcher3/com.android.launcher3.uioverrides.QuickstepLauncher]
11-16 05:23:58.354 1504 1666 I commit_sys_config_file: [settings-1-0,8]
11-16 05:23:58.820 1504 1666 I commit_sys_config_file: [settings-1-0,5]
11-16 05:23:59.464 1504 1682 I input_interaction: Interaction with: e1de84c com.android.launcher3/com.android.launcher3.uioverrides.QuickstepLauncher (server), c74be60 com.android.systemui.ImageWallpaper (server), edge-swipe (server), swipe-up (server), PointerEventDispatcher0 (server),
11-16 05:23:59.594 2496 2496 I view_enqueue_input_event: [Motion - Cancel,com.android.launcher3/com.android.launcher3.uioverrides.QuickstepLauncher]
11-16 05:23:59.598 1504 1682 I input_interaction: Interaction with: edge-swipe (server), swipe-up (server), PointerEventDispatcher0 (server),
11-16 05:23:59.779 1504 1666 I commit_sys_config_file: [settings-1-0,12]
11-16 05:24:00.276 1504 1666 I commit_sys_config_file: [settings-1-0,6]
11-16 05:24:00.567 1504 1682 I input_interaction: Interaction with: e1de84c com.android.launcher3/com.android.launcher3.uioverrides.QuickstepLauncher (server), c74be60 com.android.systemui.ImageWallpaper (server), edge-swipe (server), swipe-up (server), PointerEventDispatcher0 (server),
11-16 05:24:00.730 1504 1682 I input_interaction: Interaction with: edge-swipe (server), swipe-up (server), PointerEventDispatcher0 (server),
11-16 05:24:00.732 2496 2496 I view_enqueue_input_event: [Motion - Cancel,com.android.launcher3/com.android.launcher3.uioverrides.QuickstepLauncher]
11-16 05:24:00.905 1504 1666 I commit_sys_config_file: [settings-1-0,4]
11-16 05:24:01.301 1504 1666 I commit_sys_config_file: [settings-1-0,4]
11-16 05:24:01.883 1504 1682 I input_interaction: Interaction with: e1de84c com.android.launcher3/com.android.launcher3.uioverrides.QuickstepLauncher (server), c74be60 com.android.systemui.ImageWallpaper (server), edge-swipe (server), swipe-up (server), PointerEventDispatcher0 (server),
11-16 05:24:04.134 1504 4276 I wm_task_created: [379,-1]
11-16 05:24:04.143 1504 4276 I wm_task_moved: [379,1,6]
11-16 05:24:04.143 1504 4276 I wm_task_to_front: [0,379]
11-16 05:24:04.143 1504 4276 I wm_create_task: [0,379]
11-16 05:24:04.143 1504 4276 I wm_create_activity: [0,8924469,379,com.android.gallery3d/.app.GalleryActivity,NULL,NULL,NULL,268468224]
11-16 05:24:04.143 1504 4276 I wm_task_moved: [379,1,6]
11-16 05:24:04.147 1504 4276 I wm_restart_activity: [0,8924469,379,com.android.gallery3d/.app.GalleryActivity]
11-16 05:24:04.149 1504 4276 I wm_set_resumed_activity: [0,com.android.gallery3d/.app.GalleryActivity,minimalResumeActivityLocked]
11-16 05:24:04.154 1504 1571 I am_uid_active: 10064
11-16 05:24:04.156 2496 2496 I wm_on_top_resumed_lost_called: [50203839,com.android.launcher3.uioverrides.QuickstepLauncher,topStateChangedWhenResumed]
11-16 05:24:04.194 8555 8555 I wm_on_create_called: [8924469,com.android.gallery3d.app.GalleryActivity,performCreate]
11-16 05:24:04.195 8555 8555 I wm_on_start_called: [8924469,com.android.gallery3d.app.GalleryActivity,handleStartActivity]
11-16 05:24:04.199 8555 8555 I wm_on_resume_called: [8924469,com.android.gallery3d.app.GalleryActivity,RESUME_ACTIVITY]
11-16 05:24:04.203 8555 8555 I wm_on_top_resumed_gained_called: [8924469,com.android.gallery3d.app.GalleryActivity,topStateChangedWhenResumed]
11-16 05:24:04.217 1504 1572 I input_focus: [Focus request 86b12b com.android.gallery3d/com.android.gallery3d.app.GalleryActivity,reason=UpdateInputWindows]
11-16 05:24:04.243 1504 1682 I input_focus: [Focus leaving e1de84c com.android.launcher3/com.android.launcher3.uioverrides.QuickstepLauncher (server),reason=Waiting for window because NOT_VISIBLE]
11-16 05:24:04.283 1504 1568 I sysui_multi_action: [319,149,322,149,325,7233,757,761,758,8,759,2,806,com.android.gallery3d,871,com.android.gallery3d.app.GalleryActivity,904,com.android.launcher3,905,0,1320,4,1321,1]
11-16 05:24:04.285 1504 1568 I wm_activity_launch_time: [0,8924469,com.android.gallery3d/.app.GalleryActivity,149]
11-16 05:24:04.294 1504 1682 I input_focus: [Focus entering 86b12b com.android.gallery3d/com.android.gallery3d.app.GalleryActivity (server),reason=Window became focusable. Previous reason: NOT_VISIBLE]
11-16 05:24:04.328 1504 1598 I am_pss : [7878,1000,com.qti.diagservices,6208512,3813376,0,93708288,0,10,7]
11-16 05:24:05.865 2496 2496 I view_enqueue_input_event: [Motion - Cancel,com.android.launcher3/com.android.launcher3.uioverrides.QuickstepLauncher]
11-16 05:24:05.872 1504 1682 I input_interaction: Interaction with: edge-swipe (server), swipe-up (server), PointerEventDispatcher0 (server),
11-16 05:24:06.194 1504 2505 I wm_task_moved: [280,1,6]
11-16 05:24:06.197 1504 2505 I wm_set_resumed_activity: [0,com.android.launcher3/.uioverrides.QuickstepLauncher,positionChildAt]
11-16 05:24:06.197 1504 2505 I wm_task_moved: [281,1,2147483647]
11-16 05:24:06.198 1504 2505 I wm_task_to_front: [0,281]
11-16 05:24:06.198 8555 8555 I wm_on_top_resumed_lost_called: [8924469,com.android.gallery3d.app.GalleryActivity,topStateChangedWhenResumed]
11-16 05:24:06.198 1504 2505 I wm_focused_root_task: [0,0,280,379,bringingFoundTaskToFront]
11-16 05:24:06.198 1504 2505 I wm_set_resumed_activity: [0,com.android.launcher3/.uioverrides.QuickstepLauncher,bringingFoundTaskToFront]
11-16 05:24:06.200 1504 2505 I wm_new_intent: [0,50203839,281,com.android.launcher3/.uioverrides.QuickstepLauncher,android.intent.action.MAIN,NULL,NULL,268500992]
11-16 05:24:06.201 1504 2505 I wm_task_moved: [280,1,6]
11-16 05:24:06.201 1504 2505 I wm_set_resumed_activity: [0,com.android.launcher3/.uioverrides.QuickstepLauncher,positionChildAt]
11-16 05:24:06.210 1504 1572 I input_focus: [Focus request e1de84c com.android.launcher3/com.android.launcher3.uioverrides.QuickstepLauncher,reason=UpdateInputWindows]
11-16 05:24:06.211 2496 2496 I wm_on_paused_called: [50203839,com.android.launcher3.uioverrides.QuickstepLauncher,performPause]
11-16 05:24:06.212 2496 2496 I wm_on_resume_called: [50203839,com.android.launcher3.uioverrides.QuickstepLauncher,LIFECYCLER_RESUME_ACTIVITY]
11-16 05:24:06.212 2496 2496 I wm_on_top_resumed_gained_called: [50203839,com.android.launcher3.uioverrides.QuickstepLauncher,topStateChangedWhenResumed]
11-16 05:24:06.233 1504 1682 I input_focus: [Focus leaving 86b12b com.android.gallery3d/com.android.gallery3d.app.GalleryActivity (server),reason=setFocusedWindow]
11-16 05:24:06.233 1504 1682 I input_focus: [Focus entering e1de84c com.android.launcher3/com.android.launcher3.uioverrides.QuickstepLauncher (server),reason=setFocusedWindow]
11-16 05:24:06.733 1504 1682 I input_interaction: Interaction with: e1de84c com.android.launcher3/com.android.launcher3.uioverrides.QuickstepLauncher (server), c74be60 com.android.systemui.ImageWallpaper (server), edge-swipe (server), swipe-up (server), PointerEventDispatcher0 (server),
11-16 05:24:06.892 2496 2496 I view_enqueue_input_event: [Motion - Cancel,com.android.launcher3/com.android.launcher3.uioverrides.QuickstepLauncher]
11-16 05:24:06.908 1504 1682 I input_interaction: Interaction with: edge-swipe (server), swipe-up (server), PointerEventDispatcher0 (server),
11-16 05:24:07.080 1504 1666 I commit_sys_config_file: [settings-1-0,12]
11-16 05:24:07.377 1504 1666 I commit_sys_config_file: [settings-1-0,4]
11-16 05:24:07.483 1504 2505 I wm_finish_activity: [0,8924469,379,com.android.gallery3d/.app.GalleryActivity,app-request]
11-16 05:24:07.490 1504 2505 I wm_pause_activity: [0,8924469,com.android.gallery3d/.app.GalleryActivity,userLeaving=false,finish]
11-16 05:24:07.516 8555 8555 I wm_on_paused_called: [8924469,com.android.gallery3d.app.GalleryActivity,performPause]
11-16 05:24:07.518 1504 5213 I wm_destroy_activity: [0,8924469,379,com.android.gallery3d/.app.GalleryActivity,finish-imm:completePausedLocked]
11-16 05:24:07.532 1504 1571 I sysui_multi_action: [757,803,799,window_time_0,802,11]
11-16 05:24:07.542 8555 8555 I wm_on_stop_called: [8924469,com.android.gallery3d.app.GalleryActivity,LIFECYCLER_STOP_ACTIVITY]
11-16 05:24:07.552 8555 8555 I wm_on_destroy_called: [8924469,com.android.gallery3d.app.GalleryActivity,performDestroy]
11-16 05:24:07.818 1504 1572 I wm_task_removed: [379,removeChild:removeChild last r=ActivityRecord{882d35 u0 com.android.gallery3d/.app.GalleryActivity t-1 f}} in t=Task{3cb7bbe #379 type=standard A=10064:com.android.gallery3d U=0 visible=false mode=freeform translucent=true sz=0}]
11-16 05:24:07.818 1504 1572 I wm_task_removed: [379,removeChild]
11-16 05:24:07.996 1504 1682 I input_interaction: Interaction with: e1de84c com.android.launcher3/com.android.launcher3.uioverrides.QuickstepLauncher (server), c74be60 com.android.systemui.ImageWallpaper (server), edge-swipe (server), swipe-up (server), PointerEventDispatcher0 (server),
11-16 05:24:08.129 1504 4276 I wm_task_created: [380,-1]
11-16 05:24:08.133 1504 4276 I wm_task_moved: [380,1,6]
11-16 05:24:08.133 1504 4276 I wm_task_to_front: [0,380]
11-16 05:24:08.134 1504 4276 I wm_create_task: [0,380]
11-16 05:24:08.134 1504 4276 I wm_create_activity: [0,222488308,380,com.android.music/.VideoBrowserActivity,android.intent.action.MAIN,NULL,NULL,270532608]
11-16 05:24:08.134 1504 4276 I wm_task_moved: [380,1,6]
11-16 05:24:08.137 1504 4276 I wm_pause_activity: [0,50203839,com.android.launcher3/.uioverrides.QuickstepLauncher,userLeaving=true,pauseBackTasks]
11-16 05:24:08.148 2496 2496 I wm_on_top_resumed_lost_called: [50203839,com.android.launcher3.uioverrides.QuickstepLauncher,topStateChangedWhenResumed]
11-16 05:24:08.149 2496 2496 I wm_on_paused_called: [50203839,com.android.launcher3.uioverrides.QuickstepLauncher,performPause]
11-16 05:24:08.153 1504 2505 I wm_add_to_stopping: [0,50203839,com.android.launcher3/.uioverrides.QuickstepLauncher,makeInvisible]
11-16 05:24:08.155 1504 2505 I wm_restart_activity: [0,222488308,380,com.android.music/.VideoBrowserActivity]
11-16 05:24:08.157 1504 2505 I wm_set_resumed_activity: [0,com.android.music/.VideoBrowserActivity,minimalResumeActivityLocked]
11-16 05:24:08.170 1504 1571 I sysui_multi_action: [757,803,799,window_time_0,802,0]
11-16 05:24:08.186 1504 1682 I input_focus: [Focus leaving e1de84c com.android.launcher3/com.android.launcher3.uioverrides.QuickstepLauncher (server),reason=NO_WINDOW]
11-16 05:24:08.189 7565 7565 I wm_on_create_called: [222488308,com.android.music.VideoBrowserActivity,performCreate]
11-16 05:24:08.189 7565 7565 I wm_on_start_called: [222488308,com.android.music.VideoBrowserActivity,handleStartActivity]
11-16 05:24:08.190 7565 7565 I wm_on_resume_called: [222488308,com.android.music.VideoBrowserActivity,RESUME_ACTIVITY]
11-16 05:24:08.192 7565 7565 I wm_on_top_resumed_gained_called: [222488308,com.android.music.VideoBrowserActivity,topStateChangedWhenResumed]
11-16 05:24:08.196 1504 1572 I input_focus: [Focus request d90b3d5 com.android.music/com.android.music.VideoBrowserActivity,reason=UpdateInputWindows]
11-16 05:24:08.223 1504 1568 I sysui_multi_action: [319,89,322,86,325,7237,757,761,758,8,759,2,806,com.android.music,871,com.android.music.VideoBrowserActivity,904,com.android.launcher3,905,0,1320,4,1321,5]
11-16 05:24:08.224 1504 1568 I wm_activity_launch_time: [0,222488308,com.android.music/.VideoBrowserActivity,86]
11-16 05:24:08.237 1504 1682 I input_focus: [Focus entering d90b3d5 com.android.music/com.android.music.VideoBrowserActivity (server),reason=Window became focusable. Previous reason: NOT_VISIBLE]
11-16 05:24:08.754 1504 1571 I wm_stop_activity: [0,50203839,com.android.launcher3/.uioverrides.QuickstepLauncher]
11-16 05:24:08.801 1504 4276 I wm_task_created: [381,-1]
11-16 05:24:08.805 1504 4276 I wm_task_moved: [381,1,7]
11-16 05:24:08.805 1504 4276 I wm_task_to_front: [0,381]
11-16 05:24:08.806 1504 4276 I wm_create_task: [0,381]
11-16 05:24:08.806 1504 4276 I wm_create_activity: [0,209865631,381,com.android.gallery3d/.app.GalleryActivity,NULL,NULL,NULL,268468224]
11-16 05:24:08.806 1504 4276 I wm_task_moved: [381,1,7]
11-16 05:24:08.807 7565 7565 I wm_on_top_resumed_lost_called: [222488308,com.android.music.VideoBrowserActivity,topStateChangedWhenResumed]
11-16 05:24:08.814 1504 4276 I wm_restart_activity: [0,209865631,381,com.android.gallery3d/.app.GalleryActivity]
11-16 05:24:08.815 1504 4276 I wm_set_resumed_activity: [0,com.android.gallery3d/.app.GalleryActivity,minimalResumeActivityLocked]
11-16 05:24:08.823 2496 2496 I wm_on_stop_called: [50203839,com.android.launcher3.uioverrides.QuickstepLauncher,STOP_ACTIVITY_ITEM]
11-16 05:24:08.856 8555 8555 I wm_on_create_called: [209865631,com.android.gallery3d.app.GalleryActivity,performCreate]
11-16 05:24:08.857 8555 8555 I wm_on_start_called: [209865631,com.android.gallery3d.app.GalleryActivity,handleStartActivity]
11-16 05:24:08.860 8555 8555 I wm_on_resume_called: [209865631,com.android.gallery3d.app.GalleryActivity,RESUME_ACTIVITY]
11-16 05:24:08.862 8555 8555 I wm_on_top_resumed_gained_called: [209865631,com.android.gallery3d.app.GalleryActivity,topStateChangedWhenResumed]
11-16 05:24:08.878 1504 1572 I input_focus: [Focus request 8a86a16 com.android.gallery3d/com.android.gallery3d.app.GalleryActivity,reason=UpdateInputWindows]
11-16 05:24:08.905 1504 1682 I input_focus: [Focus leaving d90b3d5 com.android.music/com.android.music.VideoBrowserActivity (server),reason=Waiting for window because NOT_VISIBLE]
11-16 05:24:08.915 1504 1568 I sysui_multi_action: [319,112,322,112,325,7238,757,761,758,8,759,2,806,com.android.gallery3d,871,com.android.gallery3d.app.GalleryActivity,904,android,905,0,1320,4,1321,1]
11-16 05:24:08.916 1504 1568 I wm_activity_launch_time: [0,209865631,com.android.gallery3d/.app.GalleryActivity,112]
11-16 05:24:08.921 1504 1682 I input_focus: [Focus entering 8a86a16 com.android.gallery3d/com.android.gallery3d.app.GalleryActivity (server),reason=Window became focusable. Previous reason: NOT_VISIBLE]
11-16 05:24:09.818 1504 1682 I input_interaction: Interaction with: d90b3d5 com.android.music/com.android.music.VideoBrowserActivity (server), edge-swipe (server), swipe-up (server), PointerEventDispatcher0 (server),
11-16 05:24:09.823 1504 1571 I wm_task_moved: [380,1,7]
11-16 05:24:09.823 1504 1571 I wm_task_to_front: [0,380]
11-16 05:24:09.829 1504 1571 I wm_set_resumed_activity: [0,com.android.music/.VideoBrowserActivity,positionChildAt]
11-16 05:24:09.829 1504 1571 I wm_focused_root_task: [0,0,380,381,setFocusedTask]
11-16 05:24:09.829 1504 1571 I wm_set_resumed_activity: [0,com.android.music/.VideoBrowserActivity,setFocusedTask]
11-16 05:24:09.829 8555 8555 I wm_on_top_resumed_lost_called: [209865631,com.android.gallery3d.app.GalleryActivity,topStateChangedWhenResumed]
11-16 05:24:09.831 1504 1572 I input_focus: [Focus request d90b3d5 com.android.music/com.android.music.VideoBrowserActivity,reason=UpdateInputWindows]
11-16 05:24:09.839 7565 7565 I wm_on_top_resumed_gained_called: [222488308,com.android.music.VideoBrowserActivity,topStateChangedWhenResumed]
11-16 05:24:09.848 1504 4276 I wm_task_moved: [280,0,0]
11-16 05:24:09.849 1504 4276 I wm_task_moved: [280,0,6]
11-16 05:24:09.862 2496 2496 I wm_on_restart_called: [50203839,com.android.launcher3.uioverrides.QuickstepLauncher,performRestartActivity]
11-16 05:24:09.864 1504 1682 I input_focus: [Focus leaving 8a86a16 com.android.gallery3d/com.android.gallery3d.app.GalleryActivity (server),reason=setFocusedWindow]
11-16 05:24:09.864 1504 1682 I input_focus: [Focus entering d90b3d5 com.android.music/com.android.music.VideoBrowserActivity (server),reason=setFocusedWindow]
11-16 05:24:09.871 1504 2505 I wm_finish_activity: [0,209865631,381,com.android.gallery3d/.app.GalleryActivity,app-request]
11-16 05:24:09.878 1504 2505 I wm_pause_activity: [0,209865631,com.android.gallery3d/.app.GalleryActivity,userLeaving=false,finish]
11-16 05:24:09.885 8555 8555 I wm_on_paused_called: [209865631,com.android.gallery3d.app.GalleryActivity,performPause]
11-16 05:24:09.893 1504 1534 I wm_destroy_activity: [0,209865631,381,com.android.gallery3d/.app.GalleryActivity,finish-imm:completePausedLocked]
11-16 05:24:09.894 2496 2496 I wm_on_start_called: [50203839,com.android.launcher3.uioverrides.QuickstepLauncher,handleStartActivity]
11-16 05:24:09.895 1504 1571 I sysui_multi_action: [757,803,799,window_time_0,802,2]
11-16 05:24:09.904 8555 8555 I wm_on_stop_called: [209865631,com.android.gallery3d.app.GalleryActivity,LIFECYCLER_STOP_ACTIVITY]
11-16 05:24:09.918 8555 8555 I wm_on_destroy_called: [209865631,com.android.gallery3d.app.GalleryActivity,performDestroy]
11-16 05:24:09.933 1504 1568 I sysui_multi_action: [319,20,322,70,325,7239,757,761,758,9,759,5,806,com.android.launcher3,871,com.android.launcher3.uioverrides.QuickstepLauncher,904,com.android.launcher3,905,0,1320,8,1321,5]
11-16 05:24:09.942 1504 2032 I wm_task_removed: [381,removeChild:removeChild last r=ActivityRecord{c824b9f u0 com.android.gallery3d/.app.GalleryActivity t-1 f}} in t=Task{f31713e #381 type=standard A=10064:com.android.gallery3d U=0 visible=false mode=freeform translucent=true sz=0}]
11-16 05:24:09.942 1504 2032 I wm_task_removed: [381,removeChild]
11-16 05:24:09.978 7565 7565 I view_enqueue_input_event: [Motion - Cancel,com.android.music/com.android.music.VideoBrowserActivity]
11-16 05:24:09.978 2496 2496 I sysui_latency: [1,93]
11-16 05:24:09.981 1504 1682 I input_interaction: Interaction with: edge-swipe (server), swipe-up (server), PointerEventDispatcher0 (server),
11-16 05:24:09.985 1504 1572 I input_focus: [Focus request recents_animation_input_consumer,reason=UpdateInputWindows]
11-16 05:24:10.010 1504 1682 I input_focus: [Focus leaving d90b3d5 com.android.music/com.android.music.VideoBrowserActivity (server),reason=NOT_FOCUSABLE]
11-16 05:24:10.011 1504 1682 I input_focus: [Focus entering recents_animation_input_consumer (server),reason=setFocusedWindow]
11-16 05:24:10.103 1504 1666 I commit_sys_config_file: [settings-1-0,8]
11-16 05:24:10.220 1504 1598 I sysui_latency: [8,86]
11-16 05:24:11.207 1504 1666 I commit_sys_config_file: [settings-1-0,4]
11-16 05:24:13.181 1504 1682 I input_interaction: Interaction with: e1de84c com.android.launcher3/com.android.launcher3.uioverrides.QuickstepLauncher (server), edge-swipe (server), swipe-up (server), PointerEventDispatcher0 (server),
11-16 05:24:13.375 1504 5213 I wm_task_created: [382,-1]
11-16 05:24:13.385 1504 5213 I wm_task_moved: [382,1,7]
11-16 05:24:13.385 1504 5213 I wm_task_to_front: [0,382]
11-16 05:24:13.386 1504 5213 I wm_create_task: [0,382]
11-16 05:24:13.386 1504 5213 I wm_create_activity: [0,102118915,382,com.android.gallery3d/.app.GalleryActivity,NULL,NULL,NULL,268468224]
11-16 05:24:13.386 1504 5213 I wm_task_moved: [382,1,7]
11-16 05:24:13.390 1504 5213 I wm_restart_activity: [0,102118915,382,com.android.gallery3d/.app.GalleryActivity]
11-16 05:24:13.391 1504 5213 I wm_set_resumed_activity: [0,com.android.gallery3d/.app.GalleryActivity,minimalResumeActivityLocked]
11-16 05:24:13.392 7565 7565 I wm_on_top_resumed_lost_called: [222488308,com.android.music.VideoBrowserActivity,topStateChangedWhenResumed]
11-16 05:24:13.436 8555 8555 I wm_on_create_called: [102118915,com.android.gallery3d.app.GalleryActivity,performCreate]
11-16 05:24:13.437 8555 8555 I wm_on_start_called: [102118915,com.android.gallery3d.app.GalleryActivity,handleStartActivity]
11-16 05:24:13.441 8555 8555 I wm_on_resume_called: [102118915,com.android.gallery3d.app.GalleryActivity,RESUME_ACTIVITY]
11-16 05:24:13.443 8555 8555 I wm_on_top_resumed_gained_called: [102118915,com.android.gallery3d.app.GalleryActivity,topStateChangedWhenResumed]
11-16 05:24:13.454 1504 1572 I input_focus: [Focus request da8aa75 com.android.gallery3d/com.android.gallery3d.app.GalleryActivity,reason=UpdateInputWindows]
11-16 05:24:13.483 1504 1682 I input_focus: [Focus leaving recents_animation_input_consumer (server),reason=Waiting for window because NOT_VISIBLE]
11-16 05:24:13.490 1504 1568 I sysui_multi_action: [319,118,322,118,325,7242,757,761,758,8,759,2,806,com.android.gallery3d,871,com.android.gallery3d.app.GalleryActivity,904,android,905,0,1320,4,1321,1]
11-16 05:24:13.491 1504 1568 I wm_activity_launch_time: [0,102118915,com.android.gallery3d/.app.GalleryActivity,118]
11-16 05:24:13.500 1504 1682 I input_focus: [Focus entering da8aa75 com.android.gallery3d/com.android.gallery3d.app.GalleryActivity (server),reason=Window became focusable. Previous reason: NOT_VISIBLE]
11-16 05:24:13.788 1504 5055 I wm_task_moved: [280,1,7]
11-16 05:24:13.789 1504 5055 I wm_task_moved: [281,1,2147483647]
11-16 05:24:13.789 1504 5055 I wm_task_to_front: [0,281]
11-16 05:24:13.789 1504 5055 I wm_focused_root_task: [0,0,280,382,RecentsAnimation.onAnimationFinished()]
11-16 05:24:13.789 8555 8555 I wm_on_top_resumed_lost_called: [102118915,com.android.gallery3d.app.GalleryActivity,topStateChangedWhenResumed]
11-16 05:24:13.790 1504 5055 I wm_set_resumed_activity: [0,com.android.launcher3/.uioverrides.QuickstepLauncher,RecentsAnimation.onAnimationFinished()]
11-16 05:24:13.791 1504 5055 I wm_pause_activity: [0,222488308,com.android.music/.VideoBrowserActivity,userLeaving=true,pauseBackTasks]
11-16 05:24:13.792 7565 7565 I wm_on_paused_called: [222488308,com.android.music.VideoBrowserActivity,performPause]
11-16 05:24:13.792 1504 5055 I wm_add_to_stopping: [0,222488308,com.android.music/.VideoBrowserActivity,makeInvisible]
11-16 05:24:13.793 1504 5055 I wm_set_resumed_activity: [0,com.android.launcher3/.uioverrides.QuickstepLauncher,resumeTopActivityInnerLocked]
11-16 05:24:13.795 1504 5055 I wm_resume_activity: [0,50203839,281,com.android.launcher3/.uioverrides.QuickstepLauncher]
11-16 05:24:13.806 2496 2496 I wm_on_resume_called: [50203839,com.android.launcher3.uioverrides.QuickstepLauncher,RESUME_ACTIVITY]
11-16 05:24:13.826 2496 2496 I wm_on_top_resumed_gained_called: [50203839,com.android.launcher3.uioverrides.QuickstepLauncher,topStateChangedWhenResumed]
11-16 05:24:13.828 1504 1572 I input_focus: [Focus request e1de84c com.android.launcher3/com.android.launcher3.uioverrides.QuickstepLauncher,reason=UpdateInputWindows]
11-16 05:24:13.834 1504 1682 I input_focus: [Focus leaving da8aa75 com.android.gallery3d/com.android.gallery3d.app.GalleryActivity (server),reason=setFocusedWindow]
11-16 05:24:13.834 1504 1682 I input_focus: [Focus entering e1de84c com.android.launcher3/com.android.launcher3.uioverrides.QuickstepLauncher (server),reason=setFocusedWindow]
11-16 05:24:13.835 1504 2101 I wm_stop_activity: [0,222488308,com.android.music/.VideoBrowserActivity]
11-16 05:24:13.836 7565 7565 I wm_on_stop_called: [222488308,com.android.music.VideoBrowserActivity,STOP_ACTIVITY_ITEM]
11-16 05:24:13.846 1504 1571 I sysui_multi_action: [757,803,799,window_time_0,802,4]
11-16 05:24:13.856 1504 1571 I sysui_multi_action: [757,803,799,window_time_0,802,0]
11-16 05:24:15.445 1504 1682 I input_interaction: Interaction with: e1de84c com.android.launcher3/com.android.launcher3.uioverrides.QuickstepLauncher (server), c74be60 com.android.systemui.ImageWallpaper (server), edge-swipe (server), swipe-up (server), PointerEventDispatcher0 (server),
11-16 05:24:15.551 1504 2032 I wm_task_moved: [380,1,7]
11-16 05:24:15.551 1504 2032 I wm_task_to_front: [0,380]
11-16 05:24:15.552 1504 2032 I wm_focused_root_task: [0,0,380,280,bringingFoundTaskToFront]
11-16 05:24:15.553 1504 2032 I wm_set_resumed_activity: [0,com.android.music/.VideoBrowserActivity,bringingFoundTaskToFront]
11-16 05:24:15.556 1504 2032 I wm_pause_activity: [0,50203839,com.android.launcher3/.uioverrides.QuickstepLauncher,userLeaving=true,pauseBackTasks]
11-16 05:24:15.563 2496 2496 I wm_on_top_resumed_lost_called: [50203839,com.android.launcher3.uioverrides.QuickstepLauncher,topStateChangedWhenResumed]
11-16 05:24:15.566 2496 2496 I wm_on_paused_called: [50203839,com.android.launcher3.uioverrides.QuickstepLauncher,performPause]
11-16 05:24:15.569 1504 2032 I wm_set_resumed_activity: [0,com.android.music/.VideoBrowserActivity,resumeTopActivityInnerLocked]
11-16 05:24:15.569 1504 2032 I wm_add_to_stopping: [0,50203839,com.android.launcher3/.uioverrides.QuickstepLauncher,makeInvisible]
11-16 05:24:15.571 1504 2032 I wm_resume_activity: [0,222488308,380,com.android.music/.VideoBrowserActivity]
11-16 05:24:15.580 1504 1571 I sysui_multi_action: [757,803,799,window_time_0,802,2]
11-16 05:24:15.588 1504 1682 I input_focus: [Focus leaving e1de84c com.android.launcher3/com.android.launcher3.uioverrides.QuickstepLauncher (server),reason=NO_WINDOW]
11-16 05:24:15.593 1504 1598 I am_pss : [8556,1000,com.android.settings,27364352,25350144,0,111517696,0,19,6]
11-16 05:24:15.593 7565 7565 I wm_on_restart_called: [222488308,com.android.music.VideoBrowserActivity,performRestartActivity]
11-16 05:24:15.593 7565 7565 I wm_on_start_called: [222488308,com.android.music.VideoBrowserActivity,handleStartActivity]
11-16 05:24:15.594 7565 7565 I wm_on_resume_called: [222488308,com.android.music.VideoBrowserActivity,RESUME_ACTIVITY]
11-16 05:24:15.594 7565 7565 I wm_on_top_resumed_gained_called: [222488308,com.android.music.VideoBrowserActivity,topWhenResuming]
11-16 05:24:15.607 1504 1572 I input_focus: [Focus request d90b3d5 com.android.music/com.android.music.VideoBrowserActivity,reason=UpdateInputWindows]
11-16 05:24:15.617 1504 1568 I sysui_multi_action: [319,39,321,35,322,64,325,7245,757,761,758,9,759,4,806,com.android.music,871,com.android.music.VideoBrowserActivity,904,com.android.launcher3,905,0,1320,4,1321,5]
11-16 05:24:15.621 1504 1682 I input_focus: [Focus entering d90b3d5 com.android.music/com.android.music.VideoBrowserActivity (server),reason=setFocusedWindow]
11-16 05:24:16.149 1504 1571 I wm_stop_activity: [0,50203839,com.android.launcher3/.uioverrides.QuickstepLauncher]
11-16 05:24:16.191 2496 2496 I wm_on_stop_called: [50203839,com.android.launcher3.uioverrides.QuickstepLauncher,STOP_ACTIVITY_ITEM]
11-16 05:24:16.802 1504 1682 I input_interaction: Interaction with: d90b3d5 com.android.music/com.android.music.VideoBrowserActivity (server), edge-swipe (server), swipe-up (server), PointerEventDispatcher0 (server),
11-16 05:24:16.818 1504 1534 I wm_task_moved: [280,0,0]
11-16 05:24:16.818 1504 1534 I wm_task_moved: [280,0,6]
11-16 05:24:16.827 2496 2496 I wm_on_restart_called: [50203839,com.android.launcher3.uioverrides.QuickstepLauncher,performRestartActivity]
11-16 05:24:16.834 1504 2101 I wm_finish_activity: [0,102118915,382,com.android.gallery3d/.app.GalleryActivity,app-request]
11-16 05:24:16.846 1504 2101 I wm_pause_activity: [0,102118915,com.android.gallery3d/.app.GalleryActivity,userLeaving=false,finish]
11-16 05:24:16.860 8555 8555 I wm_on_paused_called: [102118915,com.android.gallery3d.app.GalleryActivity,performPause]
11-16 05:24:16.862 1504 2032 I wm_destroy_activity: [0,102118915,382,com.android.gallery3d/.app.GalleryActivity,finish-imm:completePausedLocked]
11-16 05:24:16.875 2496 2496 I wm_on_start_called: [50203839,com.android.launcher3.uioverrides.QuickstepLauncher,handleStartActivity]
11-16 05:24:16.876 1504 1571 I sysui_multi_action: [757,803,799,window_time_0,802,1]
11-16 05:24:16.877 8555 8555 I wm_on_stop_called: [102118915,com.android.gallery3d.app.GalleryActivity,LIFECYCLER_STOP_ACTIVITY]
11-16 05:24:16.883 8555 8555 I wm_on_destroy_called: [102118915,com.android.gallery3d.app.GalleryActivity,performDestroy]
11-16 05:24:16.893 1504 1568 I sysui_multi_action: [319,14,322,69,325,7246,757,761,758,9,759,5,806,com.android.launcher3,871,com.android.launcher3.uioverrides.QuickstepLauncher,904,com.android.launcher3,905,0,1320,8,1321,5]
11-16 05:24:16.902 1504 2505 I wm_task_removed: [382,removeChild:removeChild last r=ActivityRecord{6163603 u0 com.android.gallery3d/.app.GalleryActivity t-1 f}} in t=Task{8ede26 #382 type=standard A=10064:com.android.gallery3d U=0 visible=false mode=freeform translucent=true sz=0}]
11-16 05:24:16.902 1504 2505 I wm_task_removed: [382,removeChild]
11-16 05:24:17.029 2496 2496 I sysui_latency: [1,82]
11-16 05:24:17.031 7565 7565 I view_enqueue_input_event: [Motion - Cancel,com.android.music/com.android.music.VideoBrowserActivity]
11-16 05:24:17.035 1504 1572 I input_focus: [Focus request recents_animation_input_consumer,reason=UpdateInputWindows]
11-16 05:24:17.047 1504 1682 I input_interaction: Interaction with: edge-swipe (server), swipe-up (server), PointerEventDispatcher0 (server),
11-16 05:24:17.058 1504 1682 I input_focus: [Focus leaving d90b3d5 com.android.music/com.android.music.VideoBrowserActivity (server),reason=NOT_FOCUSABLE]
11-16 05:24:17.058 1504 1682 I input_focus: [Focus entering recents_animation_input_consumer (server),reason=setFocusedWindow]
11-16 05:24:17.088 1504 1666 I commit_sys_config_file: [settings-1-0,12]
11-16 05:24:17.188 1504 1598 I sysui_latency: [8,80]
11-16 05:24:17.969 1504 2505 I wm_task_created: [383,-1]
11-16 05:24:17.975 1504 2505 I wm_task_moved: [383,1,7]
11-16 05:24:17.976 1504 2505 I wm_task_to_front: [0,383]
11-16 05:24:17.976 1504 2505 I wm_create_task: [0,383]
11-16 05:24:17.976 1504 2505 I wm_create_activity: [0,251520007,383,com.android.gallery3d/.app.GalleryActivity,NULL,NULL,NULL,268468224]
11-16 05:24:17.976 1504 2505 I wm_task_moved: [383,1,7]
11-16 05:24:17.976 7565 7565 I wm_on_top_resumed_lost_called: [222488308,com.android.music.VideoBrowserActivity,topStateChangedWhenResumed]
11-16 05:24:17.978 1504 2505 I wm_restart_activity: [0,251520007,383,com.android.gallery3d/.app.GalleryActivity]
11-16 05:24:17.980 1504 2505 I wm_set_resumed_activity: [0,com.android.gallery3d/.app.GalleryActivity,minimalResumeActivityLocked]
11-16 05:24:18.014 8555 8555 I wm_on_create_called: [251520007,com.android.gallery3d.app.GalleryActivity,performCreate]
11-16 05:24:18.015 8555 8555 I wm_on_start_called: [251520007,com.android.gallery3d.app.GalleryActivity,handleStartActivity]
11-16 05:24:18.018 8555 8555 I wm_on_resume_called: [251520007,com.android.gallery3d.app.GalleryActivity,RESUME_ACTIVITY]
11-16 05:24:18.020 8555 8555 I wm_on_top_resumed_gained_called: [251520007,com.android.gallery3d.app.GalleryActivity,topStateChangedWhenResumed]
11-16 05:24:18.032 1504 1572 I input_focus: [Focus request a944859 com.android.gallery3d/com.android.gallery3d.app.GalleryActivity,reason=UpdateInputWindows]
11-16 05:24:18.061 1504 1682 I input_focus: [Focus leaving recents_animation_input_consumer (server),reason=Waiting for window because NOT_VISIBLE]
11-16 05:24:18.064 1504 1568 I sysui_multi_action: [319,101,322,101,325,7247,757,761,758,8,759,2,806,com.android.gallery3d,871,com.android.gallery3d.app.GalleryActivity,904,android,905,0,1320,4,1321,1]
11-16 05:24:18.066 1504 1568 I wm_activity_launch_time: [0,251520007,com.android.gallery3d/.app.GalleryActivity,101]
11-16 05:24:18.077 1504 1682 I input_focus: [Focus entering a944859 com.android.gallery3d/com.android.gallery3d.app.GalleryActivity (server),reason=Window became focusable. Previous reason: NOT_VISIBLE]
11-16 05:24:18.191 1504 1666 I commit_sys_config_file: [settings-1-0,4]
11-16 05:24:18.646 1504 1534 I wm_task_moved: [280,1,7]
11-16 05:24:18.647 1504 1534 I wm_task_moved: [281,1,2147483647]
11-16 05:24:18.647 1504 1534 I wm_task_to_front: [0,281]
11-16 05:24:18.647 8555 8555 I wm_on_top_resumed_lost_called: [251520007,com.android.gallery3d.app.GalleryActivity,topStateChangedWhenResumed]
11-16 05:24:18.647 1504 1534 I wm_focused_root_task: [0,0,280,383,RecentsAnimation.onAnimationFinished()]
11-16 05:24:18.648 1504 1534 I wm_set_resumed_activity: [0,com.android.launcher3/.uioverrides.QuickstepLauncher,RecentsAnimation.onAnimationFinished()]
11-16 05:24:18.649 1504 1534 I wm_pause_activity: [0,222488308,com.android.music/.VideoBrowserActivity,userLeaving=true,pauseBackTasks]
11-16 05:24:18.649 7565 7565 I wm_on_paused_called: [222488308,com.android.music.VideoBrowserActivity,performPause]
11-16 05:24:18.650 1504 1534 I wm_add_to_stopping: [0,222488308,com.android.music/.VideoBrowserActivity,makeInvisible]
11-16 05:24:18.650 1504 1534 I wm_set_resumed_activity: [0,com.android.launcher3/.uioverrides.QuickstepLauncher,resumeTopActivityInnerLocked]
11-16 05:24:18.652 1504 1534 I wm_resume_activity: [0,50203839,281,com.android.launcher3/.uioverrides.QuickstepLauncher]
11-16 05:24:18.654 2496 2496 I wm_on_resume_called: [50203839,com.android.launcher3.uioverrides.QuickstepLauncher,RESUME_ACTIVITY]
11-16 05:24:18.660 1504 1572 I input_focus: [Focus request e1de84c com.android.launcher3/com.android.launcher3.uioverrides.QuickstepLauncher,reason=UpdateInputWindows]
11-16 05:24:18.662 2496 2496 I wm_on_top_resumed_gained_called: [50203839,com.android.launcher3.uioverrides.QuickstepLauncher,topStateChangedWhenResumed]
11-16 05:24:18.663 1504 1571 I wm_stop_activity: [0,222488308,com.android.music/.VideoBrowserActivity]
11-16 05:24:18.667 1504 1571 I sysui_multi_action: [757,803,799,window_time_0,802,2]
11-16 05:24:18.668 1504 1571 I sysui_multi_action: [757,803,799,window_time_0,802,0]
11-16 05:24:18.670 7565 7565 I wm_on_stop_called: [222488308,com.android.music.VideoBrowserActivity,STOP_ACTIVITY_ITEM]
11-16 05:24:18.681 1504 1682 I input_focus: [Focus leaving a944859 com.android.gallery3d/com.android.gallery3d.app.GalleryActivity (server),reason=setFocusedWindow]
11-16 05:24:18.681 1504 1682 I input_focus: [Focus entering e1de84c com.android.launcher3/com.android.launcher3.uioverrides.QuickstepLauncher (server),reason=setFocusedWindow]
11-16 05:24:19.357 1504 1682 I input_interaction: Interaction with: e1de84c com.android.launcher3/com.android.launcher3.uioverrides.QuickstepLauncher (server), c74be60 com.android.systemui.ImageWallpaper (server), edge-swipe (server), swipe-up (server), PointerEventDispatcher0 (server),
11-16 05:24:19.529 2496 2496 I view_enqueue_input_event: [Motion - Cancel,com.android.launcher3/com.android.launcher3.uioverrides.QuickstepLauncher]
11-16 05:24:19.529 1504 1682 I input_interaction: Interaction with: edge-swipe (server), swipe-up (server), PointerEventDispatcher0 (server),
11-16 05:24:19.686 1504 1666 I commit_sys_config_file: [settings-1-0,3]
11-16 05:24:20.368 1504 1666 I commit_sys_config_file: [settings-1-0,9]
11-16 05:24:20.466 1504 5213 I wm_finish_activity: [0,251520007,383,com.android.gallery3d/.app.GalleryActivity,app-request]
11-16 05:24:20.482 1504 5213 I wm_pause_activity: [0,251520007,com.android.gallery3d/.app.GalleryActivity,userLeaving=false,finish]
11-16 05:24:20.501 8555 8555 I wm_on_paused_called: [251520007,com.android.gallery3d.app.GalleryActivity,performPause]
11-16 05:24:20.502 1504 5213 I wm_destroy_activity: [0,251520007,383,com.android.gallery3d/.app.GalleryActivity,finish-imm:completePausedLocked]
11-16 05:24:20.524 8555 8555 I wm_on_stop_called: [251520007,com.android.gallery3d.app.GalleryActivity,LIFECYCLER_STOP_ACTIVITY]
11-16 05:24:20.525 1504 1571 I sysui_multi_action: [757,803,799,window_time_0,802,2]
11-16 05:24:20.527 8555 8555 I wm_on_destroy_called: [251520007,com.android.gallery3d.app.GalleryActivity,performDestroy]
