11-16 05:26:02.608 9266 9266 I wm_on_create_called: [81846493,com.android.gallery3d.app.GalleryActivity,performCreate]
11-16 05:26:02.609 9266 9266 I wm_on_start_called: [81846493,com.android.gallery3d.app.GalleryActivity,handleStartActivity]
11-16 05:26:02.613 9266 9266 I wm_on_resume_called: [81846493,com.android.gallery3d.app.GalleryActivity,RESUME_ACTIVITY]
11-16 05:26:02.615 9266 9266 I wm_on_top_resumed_gained_called: [81846493,com.android.gallery3d.app.GalleryActivity,topStateChangedWhenResumed]
11-16 05:26:02.634 1504 1572 I input_focus: [Focus request 230ee7f com.android.gallery3d/com.android.gallery3d.app.GalleryActivity,reason=UpdateInputWindows]
11-16 05:26:02.651 1504 1682 I input_focus: [Focus leaving recents_animation_input_consumer (server),reason=Waiting for window because NOT_VISIBLE]
11-16 05:26:02.684 1504 1568 I sysui_multi_action: [319,132,322,132,325,7352,757,761,758,8,759,2,806,com.android.gallery3d,871,com.android.gallery3d.app.GalleryActivity,904,android,905,0,1320,4,1321,1]
11-16 05:26:02.685 1504 1568 I wm_activity_launch_time: [0,81846493,com.android.gallery3d/.app.GalleryActivity,132]
11-16 05:26:02.696 1504 1682 I input_focus: [Focus entering 230ee7f com.android.gallery3d/com.android.gallery3d.app.GalleryActivity (server),reason=Window became focusable. Previous reason: NOT_VISIBLE]
11-16 05:26:02.968 1504 4314 I wm_task_moved: [280,1,7]
11-16 05:26:02.969 1504 4314 I wm_task_moved: [281,1,2147483647]
11-16 05:26:02.969 1504 4314 I wm_task_to_front: [0,281]
11-16 05:26:02.969 9266 9266 I wm_on_top_resumed_lost_called: [81846493,com.android.gallery3d.app.GalleryActivity,topStateChangedWhenResumed]
11-16 05:26:02.969 1504 4314 I wm_focused_root_task: [0,0,280,404,RecentsAnimation.onAnimationFinished()]
11-16 05:26:02.970 1504 4314 I wm_set_resumed_activity: [0,com.android.launcher3/.uioverrides.QuickstepLauncher,RecentsAnimation.onAnimationFinished()]
11-16 05:26:02.971 1504 4314 I wm_pause_activity: [0,91926278,com.android.music/.VideoBrowserActivity,userLeaving=true,pauseBackTasks]
11-16 05:26:02.972 1504 4314 I wm_add_to_stopping: [0,91926278,com.android.music/.VideoBrowserActivity,makeInvisible]
11-16 05:26:02.973 9178 9178 I wm_on_paused_called: [91926278,com.android.music.VideoBrowserActivity,performPause]
11-16 05:26:02.973 1504 4314 I wm_set_resumed_activity: [0,com.android.launcher3/.uioverrides.QuickstepLauncher,resumeTopActivityInnerLocked]
11-16 05:26:02.975 1504 4314 I wm_resume_activity: [0,50203839,281,com.android.launcher3/.uioverrides.QuickstepLauncher]
11-16 05:26:02.986 2496 2496 I wm_on_resume_called: [50203839,com.android.launcher3.uioverrides.QuickstepLauncher,RESUME_ACTIVITY]
11-16 05:26:03.002 1504 1572 I input_focus: [Focus request e1de84c com.android.launcher3/com.android.launcher3.uioverrides.QuickstepLauncher,reason=UpdateInputWindows]
11-16 05:26:03.008 1504 1821 I wm_stop_activity: [0,91926278,com.android.music/.VideoBrowserActivity]
11-16 05:26:03.013 1504 1682 I input_focus: [Focus leaving 230ee7f com.android.gallery3d/com.android.gallery3d.app.GalleryActivity (server),reason=setFocusedWindow]
11-16 05:26:03.014 1504 1682 I input_focus: [Focus entering e1de84c com.android.launcher3/com.android.launcher3.uioverrides.QuickstepLauncher (server),reason=setFocusedWindow]
11-16 05:26:03.020 9178 9178 I wm_on_stop_called: [91926278,com.android.music.VideoBrowserActivity,STOP_ACTIVITY_ITEM]
11-16 05:26:03.020 1504 1571 I sysui_multi_action: [757,803,799,window_time_0,802,4]
11-16 05:26:03.025 1504 1571 I sysui_multi_action: [757,803,799,window_time_0,802,0]
11-16 05:26:03.051 2496 2496 I wm_on_top_resumed_gained_called: [50203839,com.android.launcher3.uioverrides.QuickstepLauncher,topStateChangedWhenResumed]
11-16 05:26:05.177 1504 1682 I input_interaction: Interaction with: 230ee7f com.android.gallery3d/com.android.gallery3d.app.GalleryActivity (server), edge-swipe (server), swipe-up (server), PointerEventDispatcher0 (server),
11-16 05:26:05.179 1504 1571 I wm_task_moved: [404,1,7]
11-16 05:26:05.179 1504 1571 I wm_task_to_front: [0,404]
11-16 05:26:05.184 1504 1571 I wm_set_resumed_activity: [0,com.android.gallery3d/.app.GalleryActivity,positionChildAt]
11-16 05:26:05.184 1504 1571 I wm_focused_root_task: [0,0,404,280,setFocusedTask]
11-16 05:26:05.184 1504 1571 I wm_set_resumed_activity: [0,com.android.gallery3d/.app.GalleryActivity,setFocusedTask]
11-16 05:26:05.185 1504 1572 I input_focus: [Focus request 230ee7f com.android.gallery3d/com.android.gallery3d.app.GalleryActivity,reason=UpdateInputWindows]
11-16 05:26:05.186 2496 2496 I wm_on_top_resumed_lost_called: [50203839,com.android.launcher3.uioverrides.QuickstepLauncher,topStateChangedWhenResumed]
11-16 05:26:05.195 9266 9266 I wm_on_top_resumed_gained_called: [81846493,com.android.gallery3d.app.GalleryActivity,topStateChangedWhenResumed]
11-16 05:26:05.203 1504 1682 I input_focus: [Focus leaving e1de84c com.android.launcher3/com.android.launcher3.uioverrides.QuickstepLauncher (server),reason=setFocusedWindow]
11-16 05:26:05.203 1504 1682 I input_focus: [Focus entering 230ee7f com.android.gallery3d/com.android.gallery3d.app.GalleryActivity (server),reason=setFocusedWindow]
11-16 05:26:05.304 1504 6921 I wm_finish_activity: [0,81846493,404,com.android.gallery3d/.app.GalleryActivity,finish-activity]
11-16 05:26:05.305 1504 6921 I wm_task_moved: [280,1,7]
11-16 05:26:05.307 1504 6921 I wm_set_resumed_activity: [0,com.android.launcher3/.uioverrides.QuickstepLauncher,positionChildAt]
11-16 05:26:05.307 1504 6921 I wm_task_moved: [281,1,2147483647]
11-16 05:26:05.307 1504 6921 I wm_task_to_front: [0,281]
11-16 05:26:05.307 1504 6921 I wm_focused_root_task: [0,0,280,-1,finish-top adjustFocusToNextFocusableTask]
11-16 05:26:05.307 1504 6921 I wm_set_resumed_activity: [0,com.android.launcher3/.uioverrides.QuickstepLauncher,finish-top]
11-16 05:26:05.313 1504 6921 I wm_pause_activity: [0,81846493,com.android.gallery3d/.app.GalleryActivity,userLeaving=false,finish]
11-16 05:26:05.319 1504 1572 I input_focus: [Focus request e1de84c com.android.launcher3/com.android.launcher3.uioverrides.QuickstepLauncher,reason=UpdateInputWindows]
11-16 05:26:05.319 9266 9266 I wm_on_top_resumed_lost_called: [81846493,com.android.gallery3d.app.GalleryActivity,topStateChangedWhenResumed]
11-16 05:26:05.322 2496 2496 I wm_on_top_resumed_gained_called: [50203839,com.android.launcher3.uioverrides.QuickstepLauncher,topStateChangedWhenResumed]
11-16 05:26:05.326 1504 1571 I sysui_multi_action: [757,803,799,window_time_0,802,2]
11-16 05:26:05.338 9266 9266 I wm_on_paused_called: [81846493,com.android.gallery3d.app.GalleryActivity,performPause]
11-16 05:26:05.341 1504 4899 I wm_destroy_activity: [0,81846493,404,com.android.gallery3d/.app.GalleryActivity,finish-imm:completePausedLocked]
11-16 05:26:05.345 1504 1682 I input_focus: [Focus leaving 230ee7f com.android.gallery3d/com.android.gallery3d.app.GalleryActivity (server),reason=NO_WINDOW]
11-16 05:26:05.345 1504 1682 I input_focus: [Focus entering e1de84c com.android.launcher3/com.android.launcher3.uioverrides.QuickstepLauncher (server),reason=setFocusedWindow]
11-16 05:26:05.356 1504 1571 I sysui_multi_action: [757,803,799,window_time_0,802,0]
11-16 05:26:05.364 9266 9266 I wm_on_stop_called: [81846493,com.android.gallery3d.app.GalleryActivity,LIFECYCLER_STOP_ACTIVITY]
11-16 05:26:05.369 9266 9266 I wm_on_destroy_called: [81846493,com.android.gallery3d.app.GalleryActivity,performDestroy]
11-16 05:26:05.651 1504 1572 I wm_task_removed: [404,removeChild:removeChild last r=ActivityRecord{4e0e0dd u0 com.android.gallery3d/.app.GalleryActivity t-1 f}} in t=Task{ce0affa #404 type=standard A=10064:com.android.gallery3d U=0 visible=false mode=freeform translucent=true sz=0}]
11-16 05:26:05.651 1504 1572 I wm_task_removed: [404,removeChild]
11-16 05:26:06.538 1504 1682 I input_interaction: Interaction with: e1de84c com.android.launcher3/com.android.launcher3.uioverrides.QuickstepLauncher (server), c74be60 com.android.systemui.ImageWallpaper (server), edge-swipe (server), swipe-up (server), PointerEventDispatcher0 (server),
11-16 05:26:07.256 1504 1504 I service_manager_stats: [100,113,41959]
11-16 05:26:07.782 1504 1821 I wm_task_created: [405,-1]
11-16 05:26:07.789 1504 1821 I wm_task_moved: [405,1,7]
11-16 05:26:07.789 1504 1821 I wm_task_to_front: [0,405]
11-16 05:26:07.789 1504 1821 I wm_create_task: [0,405]
11-16 05:26:07.789 1504 1821 I wm_create_activity: [0,26434457,405,com.android.gallery3d/.app.GalleryActivity,NULL,NULL,NULL,268468224]
11-16 05:26:07.789 1504 1821 I wm_task_moved: [405,1,7]
11-16 05:26:07.792 1504 1821 I wm_restart_activity: [0,26434457,405,com.android.gallery3d/.app.GalleryActivity]
11-16 05:26:07.793 1504 1821 I wm_set_resumed_activity: [0,com.android.gallery3d/.app.GalleryActivity,minimalResumeActivityLocked]
11-16 05:26:07.801 2496 2496 I wm_on_top_resumed_lost_called: [50203839,com.android.launcher3.uioverrides.QuickstepLauncher,topStateChangedWhenResumed]
11-16 05:26:07.824 9266 9266 I wm_on_create_called: [26434457,com.android.gallery3d.app.GalleryActivity,performCreate]
11-16 05:26:07.825 9266 9266 I wm_on_start_called: [26434457,com.android.gallery3d.app.GalleryActivity,handleStartActivity]
11-16 05:26:07.829 9266 9266 I wm_on_resume_called: [26434457,com.android.gallery3d.app.GalleryActivity,RESUME_ACTIVITY]
11-16 05:26:07.831 9266 9266 I wm_on_top_resumed_gained_called: [26434457,com.android.gallery3d.app.GalleryActivity,topStateChangedWhenResumed]
11-16 05:26:07.846 1504 1572 I input_focus: [Focus request 110335b com.android.gallery3d/com.android.gallery3d.app.GalleryActivity,reason=UpdateInputWindows]
11-16 05:26:07.875 1504 1682 I input_focus: [Focus leaving e1de84c com.android.launcher3/com.android.launcher3.uioverrides.QuickstepLauncher (server),reason=Waiting for window because NOT_VISIBLE]
11-16 05:26:07.878 1504 1568 I sysui_multi_action: [319,102,322,101,325,7357,757,761,758,8,759,2,806,com.android.gallery3d,871,com.android.gallery3d.app.GalleryActivity,904,com.android.launcher3,905,0,1320,4,1321,1]
11-16 05:26:07.878 1504 1568 I wm_activity_launch_time: [0,26434457,com.android.gallery3d/.app.GalleryActivity,101]
11-16 05:26:07.890 1504 1682 I input_focus: [Focus entering 110335b com.android.gallery3d/com.android.gallery3d.app.GalleryActivity (server),reason=Window became focusable. Previous reason: NOT_VISIBLE]
11-16 05:26:08.479 1504 6131 I wm_task_moved: [403,1,7]
11-16 05:26:08.479 1504 6131 I wm_task_to_front: [0,403]
11-16 05:26:08.481 1504 6131 I wm_focused_root_task: [0,0,403,405,bringingFoundTaskToFront]
11-16 05:26:08.481 9266 9266 I wm_on_top_resumed_lost_called: [26434457,com.android.gallery3d.app.GalleryActivity,topStateChangedWhenResumed]
11-16 05:26:08.482 1504 6131 I wm_set_resumed_activity: [0,com.android.music/.VideoBrowserActivity,bringingFoundTaskToFront]
11-16 05:26:08.487 1504 6131 I wm_pause_activity: [0,50203839,com.android.launcher3/.uioverrides.QuickstepLauncher,userLeaving=true,pauseBackTasks]
11-16 05:26:08.500 2496 2496 I wm_on_paused_called: [50203839,com.android.launcher3.uioverrides.QuickstepLauncher,performPause]
11-16 05:26:08.508 1504 1821 I wm_set_resumed_activity: [0,com.android.music/.VideoBrowserActivity,resumeTopActivityInnerLocked]
11-16 05:26:08.508 1504 1821 I wm_add_to_stopping: [0,50203839,com.android.launcher3/.uioverrides.QuickstepLauncher,makeInvisible]
11-16 05:26:08.509 1504 1821 I wm_resume_activity: [0,91926278,403,com.android.music/.VideoBrowserActivity]
11-16 05:26:08.530 9178 9178 I wm_on_restart_called: [91926278,com.android.music.VideoBrowserActivity,performRestartActivity]
11-16 05:26:08.530 9178 9178 I wm_on_start_called: [91926278,com.android.music.VideoBrowserActivity,handleStartActivity]
11-16 05:26:08.530 9178 9178 I wm_on_resume_called: [91926278,com.android.music.VideoBrowserActivity,RESUME_ACTIVITY]
11-16 05:26:08.530 9178 9178 I wm_on_top_resumed_gained_called: [91926278,com.android.music.VideoBrowserActivity,topWhenResuming]
11-16 05:26:08.531 1504 1571 I sysui_multi_action: [757,803,799,window_time_0,802,4]
11-16 05:26:08.547 1504 1572 I input_focus: [Focus request 55344d5 com.android.music/com.android.music.VideoBrowserActivity,reason=UpdateInputWindows]
11-16 05:26:08.559 1504 1682 I input_focus: [Focus leaving 110335b com.android.gallery3d/com.android.gallery3d.app.GalleryActivity (server),reason=Waiting for window because NOT_VISIBLE]
11-16 05:26:08.560 1504 1568 I sysui_multi_action: [319,47,321,43,322,81,325,7357,757,761,758,9,759,4,806,com.android.music,871,com.android.music.VideoBrowserActivity,904,com.android.launcher3,905,0,1320,4,1321,5]
11-16 05:26:08.577 1504 1682 I input_focus: [Focus entering 55344d5 com.android.music/com.android.music.VideoBrowserActivity (server),reason=Window became focusable. Previous reason: NOT_VISIBLE]
11-16 05:26:09.090 1504 1571 I wm_stop_activity: [0,50203839,com.android.launcher3/.uioverrides.QuickstepLauncher]
11-16 05:26:09.117 2496 2496 I wm_on_stop_called: [50203839,com.android.launcher3.uioverrides.QuickstepLauncher,STOP_ACTIVITY_ITEM]
11-16 05:26:09.857 1504 1682 I input_interaction: Interaction with: 55344d5 com.android.music/com.android.music.VideoBrowserActivity (server), edge-swipe (server), swipe-up (server), PointerEventDispatcher0 (server),
11-16 05:26:09.868 1504 6131 I wm_task_moved: [280,0,0]
11-16 05:26:09.868 1504 6131 I wm_task_moved: [280,0,6]
11-16 05:26:09.901 9178 9178 I view_enqueue_input_event: [Motion - Cancel,com.android.music/com.android.music.VideoBrowserActivity]
11-16 05:26:09.902 2496 2496 I wm_on_restart_called: [50203839,com.android.launcher3.uioverrides.QuickstepLauncher,performRestartActivity]
11-16 05:26:09.903 1504 1821 I wm_finish_activity: [0,26434457,405,com.android.gallery3d/.app.GalleryActivity,app-request]
11-16 05:26:09.904 1504 1682 I input_interaction: Interaction with: edge-swipe (server), swipe-up (server), PointerEventDispatcher0 (server),
11-16 05:26:09.910 1504 1821 I wm_pause_activity: [0,26434457,com.android.gallery3d/.app.GalleryActivity,userLeaving=false,finish]
11-16 05:26:09.915 1504 1572 I input_focus: [Focus request recents_animation_input_consumer,reason=UpdateInputWindows]
11-16 05:26:09.918 9266 9266 I wm_on_paused_called: [26434457,com.android.gallery3d.app.GalleryActivity,performPause]
11-16 05:26:09.919 1504 1821 I wm_destroy_activity: [0,26434457,405,com.android.gallery3d/.app.GalleryActivity,finish-imm:completePausedLocked]
11-16 05:26:09.928 1504 1682 I input_focus: [Focus leaving 55344d5 com.android.music/com.android.music.VideoBrowserActivity (server),reason=NOT_FOCUSABLE]
11-16 05:26:09.929 1504 1682 I input_focus: [Focus entering recents_animation_input_consumer (server),reason=setFocusedWindow]
11-16 05:26:09.930 1504 1571 I sysui_multi_action: [757,803,799,window_time_0,802,1]
11-16 05:26:09.938 9266 9266 I wm_on_stop_called: [26434457,com.android.gallery3d.app.GalleryActivity,LIFECYCLER_STOP_ACTIVITY]
11-16 05:26:09.941 2496 2496 I wm_on_start_called: [50203839,com.android.launcher3.uioverrides.QuickstepLauncher,handleStartActivity]
11-16 05:26:09.942 9266 9266 I wm_on_destroy_called: [26434457,com.android.gallery3d.app.GalleryActivity,performDestroy]
11-16 05:26:09.950 2496 2496 I sysui_latency: [1,96]
11-16 05:26:09.969 1504 1568 I sysui_multi_action: [319,14,322,89,325,7359,757,761,758,9,759,5,806,com.android.launcher3,871,com.android.launcher3.uioverrides.QuickstepLauncher,904,com.android.launcher3,905,0,1320,8,1321,5]
11-16 05:26:09.969 1504 1821 I wm_task_removed: [405,removeChild:removeChild last r=ActivityRecord{1935b99 u0 com.android.gallery3d/.app.GalleryActivity t-1 f}} in t=Task{413ce0 #405 type=standard A=10064:com.android.gallery3d U=0 visible=false mode=freeform translucent=true sz=0}]
11-16 05:26:09.969 1504 1821 I wm_task_removed: [405,removeChild]
11-16 05:26:10.143 1504 1666 I commit_sys_config_file: [settings-1-0,3]
11-16 05:26:10.259 1504 1598 I sysui_latency: [8,94]
11-16 05:26:11.024 1504 1666 I commit_sys_config_file: [settings-1-0,4]
11-16 05:26:11.561 1504 1682 I input_interaction: Interaction with: e1de84c com.android.launcher3/com.android.launcher3.uioverrides.QuickstepLauncher (server), edge-swipe (server), swipe-up (server), PointerEventDispatcher0 (server),
11-16 05:26:11.655 1504 6131 I wm_task_created: [406,-1]
11-16 05:26:11.661 1504 6131 I wm_task_moved: [406,1,7]
11-16 05:26:11.661 1504 6131 I wm_task_to_front: [0,406]
11-16 05:26:11.661 1504 6131 I wm_create_task: [0,406]
11-16 05:26:11.661 1504 6131 I wm_create_activity: [0,177167460,406,com.android.gallery3d/.app.GalleryActivity,NULL,NULL,NULL,268468224]
11-16 05:26:11.661 1504 6131 I wm_task_moved: [406,1,7]
11-16 05:26:11.662 9178 9178 I wm_on_top_resumed_lost_called: [91926278,com.android.music.VideoBrowserActivity,topStateChangedWhenResumed]
11-16 05:26:11.665 1504 6131 I wm_restart_activity: [0,177167460,406,com.android.gallery3d/.app.GalleryActivity]
11-16 05:26:11.667 1504 6131 I wm_set_resumed_activity: [0,com.android.gallery3d/.app.GalleryActivity,minimalResumeActivityLocked]
11-16 05:26:11.696 9266 9266 I wm_on_create_called: [177167460,com.android.gallery3d.app.GalleryActivity,performCreate]
11-16 05:26:11.697 9266 9266 I wm_on_start_called: [177167460,com.android.gallery3d.app.GalleryActivity,handleStartActivity]
11-16 05:26:11.700 9266 9266 I wm_on_resume_called: [177167460,com.android.gallery3d.app.GalleryActivity,RESUME_ACTIVITY]
11-16 05:26:11.702 9266 9266 I wm_on_top_resumed_gained_called: [177167460,com.android.gallery3d.app.GalleryActivity,topStateChangedWhenResumed]
11-16 05:26:11.722 1504 1572 I input_focus: [Focus request 1e5f5ce com.android.gallery3d/com.android.gallery3d.app.GalleryActivity,reason=UpdateInputWindows]
11-16 05:26:11.750 1504 1682 I input_focus: [Focus leaving recents_animation_input_consumer (server),reason=Waiting for window because NOT_VISIBLE]
11-16 05:26:11.756 1504 1568 I sysui_multi_action: [319,102,322,102,325,7361,757,761,758,8,759,2,806,com.android.gallery3d,871,com.android.gallery3d.app.GalleryActivity,904,android,905,0,1320,4,1321,1]
11-16 05:26:11.756 1504 1568 I wm_activity_launch_time: [0,177167460,com.android.gallery3d/.app.GalleryActivity,102]
11-16 05:26:11.767 1504 1682 I input_focus: [Focus entering 1e5f5ce com.android.gallery3d/com.android.gallery3d.app.GalleryActivity (server),reason=Window became focusable. Previous reason: NOT_VISIBLE]
11-16 05:26:11.833 1504 1598 I am_pss : [9107,10031,com.android.musicfx,5827584,3833856,0,90624000,0,19,5]
11-16 05:26:12.055 1504 4314 I wm_task_moved: [280,1,7]
11-16 05:26:12.056 1504 4314 I wm_task_moved: [281,1,2147483647]
11-16 05:26:12.056 1504 4314 I wm_task_to_front: [0,281]
11-16 05:26:12.057 1504 4314 I wm_focused_root_task: [0,0,280,406,RecentsAnimation.onAnimationFinished()]
11-16 05:26:12.057 9266 9266 I wm_on_top_resumed_lost_called: [177167460,com.android.gallery3d.app.GalleryActivity,topStateChangedWhenResumed]
11-16 05:26:12.057 1504 4314 I wm_set_resumed_activity: [0,com.android.launcher3/.uioverrides.QuickstepLauncher,RecentsAnimation.onAnimationFinished()]
11-16 05:26:12.060 1504 4314 I wm_pause_activity: [0,91926278,com.android.music/.VideoBrowserActivity,userLeaving=true,pauseBackTasks]
11-16 05:26:12.063 9178 9178 I wm_on_paused_called: [91926278,com.android.music.VideoBrowserActivity,performPause]
11-16 05:26:12.063 1504 4314 I wm_add_to_stopping: [0,91926278,com.android.music/.VideoBrowserActivity,makeInvisible]
11-16 05:26:12.064 1504 4314 I wm_set_resumed_activity: [0,com.android.launcher3/.uioverrides.QuickstepLauncher,resumeTopActivityInnerLocked]
11-16 05:26:12.067 1504 4314 I wm_resume_activity: [0,50203839,281,com.android.launcher3/.uioverrides.QuickstepLauncher]
11-16 05:26:12.090 1504 1572 I input_focus: [Focus request e1de84c com.android.launcher3/com.android.launcher3.uioverrides.QuickstepLauncher,reason=UpdateInputWindows]
11-16 05:26:12.093 2496 2496 I wm_on_resume_called: [50203839,com.android.launcher3.uioverrides.QuickstepLauncher,RESUME_ACTIVITY]
11-16 05:26:12.094 2496 2496 I wm_on_top_resumed_gained_called: [50203839,com.android.launcher3.uioverrides.QuickstepLauncher,topStateChangedWhenResumed]
11-16 05:26:12.101 1504 1682 I input_focus: [Focus leaving 1e5f5ce com.android.gallery3d/com.android.gallery3d.app.GalleryActivity (server),reason=setFocusedWindow]
11-16 05:26:12.101 1504 1682 I input_focus: [Focus entering e1de84c com.android.launcher3/com.android.launcher3.uioverrides.QuickstepLauncher (server),reason=setFocusedWindow]
11-16 05:26:12.106 1504 1571 I wm_stop_activity: [0,91926278,com.android.music/.VideoBrowserActivity]
11-16 05:26:12.106 1504 1571 I sysui_multi_action: [757,803,799,window_time_0,802,2]
11-16 05:26:12.107 9178 9178 I wm_on_stop_called: [91926278,com.android.music.VideoBrowserActivity,STOP_ACTIVITY_ITEM]
11-16 05:26:12.115 1504 1571 I sysui_multi_action: [757,803,799,window_time_0,802,0]
11-16 05:26:13.926 1504 1682 I input_interaction: Interaction with: e1de84c com.android.launcher3/com.android.launcher3.uioverrides.QuickstepLauncher (server), c74be60 com.android.systemui.ImageWallpaper (server), edge-swipe (server), swipe-up (server), PointerEventDispatcher0 (server),
11-16 05:26:14.000 1504 4314 I wm_task_moved: [403,1,7]
11-16 05:26:14.000 1504 4314 I wm_task_to_front: [0,403]
11-16 05:26:14.001 1504 4314 I wm_focused_root_task: [0,0,403,280,bringingFoundTaskToFront]
11-16 05:26:14.001 1504 4314 I wm_set_resumed_activity: [0,com.android.music/.VideoBrowserActivity,bringingFoundTaskToFront]
11-16 05:26:14.003 1504 4314 I wm_pause_activity: [0,50203839,com.android.launcher3/.uioverrides.QuickstepLauncher,userLeaving=true,pauseBackTasks]
11-16 05:26:14.011 2496 2496 I wm_on_top_resumed_lost_called: [50203839,com.android.launcher3.uioverrides.QuickstepLauncher,topStateChangedWhenResumed]
11-16 05:26:14.016 2496 2496 I wm_on_paused_called: [50203839,com.android.launcher3.uioverrides.QuickstepLauncher,performPause]
11-16 05:26:14.020 1504 6131 I wm_set_resumed_activity: [0,com.android.music/.VideoBrowserActivity,resumeTopActivityInnerLocked]
11-16 05:26:14.021 1504 6131 I wm_add_to_stopping: [0,50203839,com.android.launcher3/.uioverrides.QuickstepLauncher,makeInvisible]
11-16 05:26:14.022 1504 6131 I wm_resume_activity: [0,91926278,403,com.android.music/.VideoBrowserActivity]
11-16 05:26:14.044 1504 1682 I input_focus: [Focus leaving e1de84c com.android.launcher3/com.android.launcher3.uioverrides.QuickstepLauncher (server),reason=NO_WINDOW]
11-16 05:26:14.047 9178 9178 I wm_on_restart_called: [91926278,com.android.music.VideoBrowserActivity,performRestartActivity]
11-16 05:26:14.047 9178 9178 I wm_on_start_called: [91926278,com.android.music.VideoBrowserActivity,handleStartActivity]
11-16 05:26:14.047 9178 9178 I wm_on_resume_called: [91926278,com.android.music.VideoBrowserActivity,RESUME_ACTIVITY]
11-16 05:26:14.047 9178 9178 I wm_on_top_resumed_gained_called: [91926278,com.android.music.VideoBrowserActivity,topWhenResuming]
11-16 05:26:14.048 1504 1571 I sysui_multi_action: [757,803,799,window_time_0,802,2]
11-16 05:26:14.058 1504 1572 I input_focus: [Focus request 55344d5 com.android.music/com.android.music.VideoBrowserActivity,reason=UpdateInputWindows]
11-16 05:26:14.069 1504 1568 I sysui_multi_action: [319,43,321,38,322,69,325,7363,757,761,758,9,759,4,806,com.android.music,871,com.android.music.VideoBrowserActivity,904,com.android.launcher3,905,0,1320,4,1321,5]
11-16 05:26:14.073 1504 1682 I input_focus: [Focus entering 55344d5 com.android.music/com.android.music.VideoBrowserActivity (server),reason=setFocusedWindow]
11-16 05:26:14.611 1504 1571 I wm_stop_activity: [0,50203839,com.android.launcher3/.uioverrides.QuickstepLauncher]
11-16 05:26:14.648 2496 2496 I wm_on_stop_called: [50203839,com.android.launcher3.uioverrides.QuickstepLauncher,STOP_ACTIVITY_ITEM]
11-16 05:26:15.280 1504 1682 I input_interaction: Interaction with: 55344d5 com.android.music/com.android.music.VideoBrowserActivity (server), edge-swipe (server), swipe-up (server), PointerEventDispatcher0 (server),
11-16 05:26:15.290 1504 4314 I wm_task_moved: [280,0,0]
11-16 05:26:15.293 1504 4314 I wm_task_moved: [280,0,6]
11-16 05:26:15.307 2496 2496 I wm_on_restart_called: [50203839,com.android.launcher3.uioverrides.QuickstepLauncher,performRestartActivity]
11-16 05:26:15.308 1504 4314 I wm_finish_activity: [0,177167460,406,com.android.gallery3d/.app.GalleryActivity,app-request]
11-16 05:26:15.324 1504 4314 I wm_pause_activity: [0,177167460,com.android.gallery3d/.app.GalleryActivity,userLeaving=false,finish]
11-16 05:26:15.333 9266 9266 I wm_on_paused_called: [177167460,com.android.gallery3d.app.GalleryActivity,performPause]
11-16 05:26:15.334 1504 4899 I wm_destroy_activity: [0,177167460,406,com.android.gallery3d/.app.GalleryActivity,finish-imm:completePausedLocked]
11-16 05:26:15.351 1504 1571 I sysui_multi_action: [757,803,799,window_time_0,802,1]
11-16 05:26:15.353 9266 9266 I wm_on_stop_called: [177167460,com.android.gallery3d.app.GalleryActivity,LIFECYCLER_STOP_ACTIVITY]
11-16 05:26:15.354 2496 2496 I wm_on_start_called: [50203839,com.android.launcher3.uioverrides.QuickstepLauncher,handleStartActivity]
11-16 05:26:15.354 9178 9178 I view_enqueue_input_event: [Motion - Cancel,com.android.music/com.android.music.VideoBrowserActivity]
11-16 05:26:15.360 1504 1682 I input_interaction: Interaction with: edge-swipe (server), swipe-up (server), PointerEventDispatcher0 (server),
11-16 05:26:15.361 1504 1572 I input_focus: [Focus request recents_animation_input_consumer,reason=UpdateInputWindows]
11-16 05:26:15.361 2496 2496 I sysui_latency: [1,84]
11-16 05:26:15.362 9266 9266 I wm_on_destroy_called: [177167460,com.android.gallery3d.app.GalleryActivity,performDestroy]
11-16 05:26:15.373 1504 1568 I sysui_multi_action: [319,13,322,76,325,7364,757,761,758,9,759,5,806,com.android.launcher3,871,com.android.launcher3.uioverrides.QuickstepLauncher,904,com.android.launcher3,905,0,1320,8,1321,5]
11-16 05:26:15.375 1504 1682 I input_focus: [Focus leaving 55344d5 com.android.music/com.android.music.VideoBrowserActivity (server),reason=NOT_FOCUSABLE]
11-16 05:26:15.375 1504 1682 I input_focus: [Focus entering recents_animation_input_consumer (server),reason=setFocusedWindow]
11-16 05:26:15.378 1504 4899 I wm_task_removed: [406,removeChild:removeChild last r=ActivityRecord{a8f5c64 u0 com.android.gallery3d/.app.GalleryActivity t-1 f}} in t=Task{d1ae5f7 #406 type=standard A=10064:com.android.gallery3d U=0 visible=false mode=freeform translucent=true sz=0}]
11-16 05:26:15.378 1504 4899 I wm_task_removed: [406,removeChild]
11-16 05:26:15.561 1504 1666 I commit_sys_config_file: [settings-1-0,7]
11-16 05:26:15.668 1504 1598 I sysui_latency: [8,81]
11-16 05:26:17.801 1504 1666 I commit_sys_config_file: [settings-1-0,8]
11-16 05:26:18.618 1504 1682 I input_interaction: Interaction with: e1de84c com.android.launcher3/com.android.launcher3.uioverrides.QuickstepLauncher (server), edge-swipe (server), swipe-up (server), PointerEventDispatcher0 (server),
11-16 05:26:18.756 1504 4314 I wm_task_created: [407,-1]
11-16 05:26:18.761 1504 4314 I wm_task_moved: [407,1,7]
11-16 05:26:18.761 1504 4314 I wm_task_to_front: [0,407]
11-16 05:26:18.762 1504 4314 I wm_create_task: [0,407]
11-16 05:26:18.762 1504 4314 I wm_create_activity: [0,70435350,407,com.android.gallery3d/.app.GalleryActivity,NULL,NULL,NULL,268468224]
11-16 05:26:18.762 1504 4314 I wm_task_moved: [407,1,7]
11-16 05:26:18.762 9178 9178 I wm_on_top_resumed_lost_called: [91926278,com.android.music.VideoBrowserActivity,topStateChangedWhenResumed]
11-16 05:26:18.765 1504 4314 I wm_restart_activity: [0,70435350,407,com.android.gallery3d/.app.GalleryActivity]
11-16 05:26:18.766 1504 4314 I wm_set_resumed_activity: [0,com.android.gallery3d/.app.GalleryActivity,minimalResumeActivityLocked]
11-16 05:26:18.798 9266 9266 I wm_on_create_called: [70435350,com.android.gallery3d.app.GalleryActivity,performCreate]
11-16 05:26:18.800 9266 9266 I wm_on_start_called: [70435350,com.android.gallery3d.app.GalleryActivity,handleStartActivity]
11-16 05:26:18.803 9266 9266 I wm_on_resume_called: [70435350,com.android.gallery3d.app.GalleryActivity,RESUME_ACTIVITY]
11-16 05:26:18.806 9266 9266 I wm_on_top_resumed_gained_called: [70435350,com.android.gallery3d.app.GalleryActivity,topStateChangedWhenResumed]
11-16 05:26:18.824 1504 1572 I input_focus: [Focus request 45b5df0 com.android.gallery3d/com.android.gallery3d.app.GalleryActivity,reason=UpdateInputWindows]
11-16 05:26:18.838 1504 1682 I input_focus: [Focus leaving recents_animation_input_consumer (server),reason=Waiting for window because NOT_VISIBLE]
11-16 05:26:18.874 1504 1568 I sysui_multi_action: [319,118,322,117,325,7368,757,761,758,8,759,2,806,com.android.gallery3d,871,com.android.gallery3d.app.GalleryActivity,904,android,905,0,1320,4,1321,1]
11-16 05:26:18.875 1504 1568 I wm_activity_launch_time: [0,70435350,com.android.gallery3d/.app.GalleryActivity,117]
11-16 05:26:18.884 1504 1682 I input_focus: [Focus entering 45b5df0 com.android.gallery3d/com.android.gallery3d.app.GalleryActivity (server),reason=Window became focusable. Previous reason: NOT_VISIBLE]
11-16 05:26:19.177 1504 4899 I wm_task_moved: [280,1,7]
11-16 05:26:19.177 1504 4899 I wm_task_moved: [281,1,2147483647]
11-16 05:26:19.177 1504 4899 I wm_task_to_front: [0,281]
11-16 05:26:19.177 9266 9266 I wm_on_top_resumed_lost_called: [70435350,com.android.gallery3d.app.GalleryActivity,topStateChangedWhenResumed]
11-16 05:26:19.177 1504 4899 I wm_focused_root_task: [0,0,280,407,RecentsAnimation.onAnimationFinished()]
11-16 05:26:19.178 1504 4899 I wm_set_resumed_activity: [0,com.android.launcher3/.uioverrides.QuickstepLauncher,RecentsAnimation.onAnimationFinished()]
11-16 05:26:19.179 1504 4899 I wm_pause_activity: [0,91926278,com.android.music/.VideoBrowserActivity,userLeaving=true,pauseBackTasks]
11-16 05:26:19.180 1504 4899 I wm_add_to_stopping: [0,91926278,com.android.music/.VideoBrowserActivity,makeInvisible]
11-16 05:26:19.181 1504 4899 I wm_set_resumed_activity: [0,com.android.launcher3/.uioverrides.QuickstepLauncher,resumeTopActivityInnerLocked]
11-16 05:26:19.182 9178 9178 I wm_on_paused_called: [91926278,com.android.music.VideoBrowserActivity,performPause]
11-16 05:26:19.182 1504 4899 I wm_resume_activity: [0,50203839,281,com.android.launcher3/.uioverrides.QuickstepLauncher]
11-16 05:26:19.192 2496 2496 I wm_on_resume_called: [50203839,com.android.launcher3.uioverrides.QuickstepLauncher,RESUME_ACTIVITY]
11-16 05:26:19.207 1504 1572 I input_focus: [Focus request e1de84c com.android.launcher3/com.android.launcher3.uioverrides.QuickstepLauncher,reason=UpdateInputWindows]
11-16 05:26:19.211 2496 2496 I wm_on_top_resumed_gained_called: [50203839,com.android.launcher3.uioverrides.QuickstepLauncher,topStateChangedWhenResumed]
11-16 05:26:19.218 1504 1682 I input_focus: [Focus leaving 45b5df0 com.android.gallery3d/com.android.gallery3d.app.GalleryActivity (server),reason=setFocusedWindow]
11-16 05:26:19.218 1504 1682 I input_focus: [Focus entering e1de84c com.android.launcher3/com.android.launcher3.uioverrides.QuickstepLauncher (server),reason=setFocusedWindow]
11-16 05:26:19.224 1504 1571 I wm_stop_activity: [0,91926278,com.android.music/.VideoBrowserActivity]
11-16 05:26:19.225 1504 1571 I sysui_multi_action: [757,803,799,window_time_0,802,4]
11-16 05:26:19.226 1504 1571 I sysui_multi_action: [757,803,799,window_time_0,802,0]
11-16 05:26:19.236 9178 9178 I wm_on_stop_called: [91926278,com.android.music.VideoBrowserActivity,STOP_ACTIVITY_ITEM]
11-16 05:26:19.683 1504 1682 I input_interaction: Interaction with: e1de84c com.android.launcher3/com.android.launcher3.uioverrides.QuickstepLauncher (server), c74be60 com.android.systemui.ImageWallpaper (server), edge-swipe (server), swipe-up (server), PointerEventDispatcher0 (server),
11-16 05:26:19.804 2496 2496 I view_enqueue_input_event: [Motion - Cancel,com.android.launcher3/com.android.launcher3.uioverrides.QuickstepLauncher]
11-16 05:26:19.806 1504 1682 I input_interaction: Interaction with: edge-swipe (server), swipe-up (server), PointerEventDispatcher0 (server),
11-16 05:26:19.981 1504 1666 I commit_sys_config_file: [settings-1-0,6]
11-16 05:26:20.675 1504 1666 I commit_sys_config_file: [settings-1-0,4]
11-16 05:26:20.787 1504 4314 I wm_finish_activity: [0,70435350,407,com.android.gallery3d/.app.GalleryActivity,app-request]
11-16 05:26:20.810 1504 4314 I wm_pause_activity: [0,70435350,com.android.gallery3d/.app.GalleryActivity,userLeaving=false,finish]
11-16 05:26:20.836 9266 9266 I wm_on_paused_called: [70435350,com.android.gallery3d.app.GalleryActivity,performPause]
11-16 05:26:20.838 1504 6131 I wm_destroy_activity: [0,70435350,407,com.android.gallery3d/.app.GalleryActivity,finish-imm:completePausedLocked]
11-16 05:26:20.858 1504 1571 I sysui_multi_action: [757,803,799,window_time_0,802,2]
11-16 05:26:20.868 9266 9266 I wm_on_stop_called: [70435350,com.android.gallery3d.app.GalleryActivity,LIFECYCLER_STOP_ACTIVITY]
11-16 05:26:20.872 9266 9266 I wm_on_destroy_called: [70435350,com.android.gallery3d.app.GalleryActivity,performDestroy]
11-16 05:26:21.138 1504 1572 I wm_task_removed: [407,removeChild:removeChild last r=ActivityRecord{432c216 u0 com.android.gallery3d/.app.GalleryActivity t-1 f}} in t=Task{28e6b31 #407 type=standard A=10064:com.android.gallery3d U=0 visible=false mode=freeform translucent=true sz=0}]
11-16 05:26:21.138 1504 1572 I wm_task_removed: [407,removeChild]
11-16 05:26:21.837 1504 1682 I input_interaction: Interaction with: e1de84c com.android.launcher3/com.android.launcher3.uioverrides.QuickstepLauncher (server), c74be60 com.android.systemui.ImageWallpaper (server), edge-swipe (server), swipe-up (server), PointerEventDispatcher0 (server),
11-16 05:26:21.921 1504 6131 I wm_task_moved: [403,1,6]
11-16 05:26:21.922 1504 6131 I wm_task_to_front: [0,403]
11-16 05:26:21.923 1504 6131 I wm_focused_root_task: [0,0,403,280,bringingFoundTaskToFront]
11-16 05:26:21.923 1504 6131 I wm_set_resumed_activity: [0,com.android.music/.VideoBrowserActivity,bringingFoundTaskToFront]
11-16 05:26:21.926 1504 6131 I wm_pause_activity: [0,50203839,com.android.launcher3/.uioverrides.QuickstepLauncher,userLeaving=true,pauseBackTasks]
11-16 05:26:21.934 2496 2496 I wm_on_top_resumed_lost_called: [50203839,com.android.launcher3.uioverrides.QuickstepLauncher,topStateChangedWhenResumed]
11-16 05:26:21.935 2496 2496 I wm_on_paused_called: [50203839,com.android.launcher3.uioverrides.QuickstepLauncher,performPause]
11-16 05:26:21.941 1504 1822 I wm_set_resumed_activity: [0,com.android.music/.VideoBrowserActivity,resumeTopActivityInnerLocked]
11-16 05:26:21.941 1504 1822 I wm_add_to_stopping: [0,50203839,com.android.launcher3/.uioverrides.QuickstepLauncher,makeInvisible]
11-16 05:26:21.943 1504 1822 I wm_resume_activity: [0,91926278,403,com.android.music/.VideoBrowserActivity]
11-16 05:26:21.957 1504 1682 I input_focus: [Focus leaving e1de84c com.android.launcher3/com.android.launcher3.uioverrides.QuickstepLauncher (server),reason=NO_WINDOW]
11-16 05:26:21.971 1504 1571 I sysui_multi_action: [757,803,799,window_time_0,802,1]
11-16 05:26:21.974 9178 9178 I wm_on_restart_called: [91926278,com.android.music.VideoBrowserActivity,performRestartActivity]
11-16 05:26:21.974 9178 9178 I wm_on_start_called: [91926278,com.android.music.VideoBrowserActivity,handleStartActivity]
11-16 05:26:21.974 9178 9178 I wm_on_resume_called: [91926278,com.android.music.VideoBrowserActivity,RESUME_ACTIVITY]
11-16 05:26:21.974 9178 9178 I wm_on_top_resumed_gained_called: [91926278,com.android.music.VideoBrowserActivity,topWhenResuming]
11-16 05:26:21.994 1504 1572 I input_focus: [Focus request 55344d5 com.android.music/com.android.music.VideoBrowserActivity,reason=UpdateInputWindows]
11-16 05:26:22.010 1504 1568 I sysui_multi_action: [319,39,321,34,322,87,325,7371,757,761,758,9,759,4,806,com.android.music,871,com.android.music.VideoBrowserActivity,904,com.android.launcher3,905,0,1320,4,1321,5]
11-16 05:26:22.024 1504 1682 I input_focus: [Focus entering 55344d5 com.android.music/com.android.music.VideoBrowserActivity (server),reason=Window became focusable. Previous reason: NOT_VISIBLE]
11-16 05:26:22.329 1504 1571 I wm_stop_activity: [0,50203839,com.android.launcher3/.uioverrides.QuickstepLauncher]
11-16 05:26:22.360 1504 1822 I wm_task_created: [408,-1]
11-16 05:26:22.363 1504 1822 I wm_task_moved: [408,1,7]
11-16 05:26:22.363 1504 1822 I wm_task_to_front: [0,408]
11-16 05:26:22.364 1504 1822 I wm_create_task: [0,408]
11-16 05:26:22.364 1504 1822 I wm_create_activity: [0,247978744,408,com.android.gallery3d/.app.GalleryActivity,NULL,NULL,NULL,268468224]
11-16 05:26:22.364 1504 1822 I wm_task_moved: [408,1,7]
11-16 05:26:22.364 9178 9178 I wm_on_top_resumed_lost_called: [91926278,com.android.music.VideoBrowserActivity,topStateChangedWhenResumed]
11-16 05:26:22.367 1504 1822 I wm_restart_activity: [0,247978744,408,com.android.gallery3d/.app.GalleryActivity]
11-16 05:26:22.368 1504 1822 I wm_set_resumed_activity: [0,com.android.gallery3d/.app.GalleryActivity,minimalResumeActivityLocked]
11-16 05:26:22.380 2496 2496 I wm_on_stop_called: [50203839,com.android.launcher3.uioverrides.QuickstepLauncher,STOP_ACTIVITY_ITEM]
11-16 05:26:22.393 9266 9266 I wm_on_create_called: [247978744,com.android.gallery3d.app.GalleryActivity,performCreate]
11-16 05:26:22.394 9266 9266 I wm_on_start_called: [247978744,com.android.gallery3d.app.GalleryActivity,handleStartActivity]
11-16 05:26:22.397 9266 9266 I wm_on_resume_called: [247978744,com.android.gallery3d.app.GalleryActivity,RESUME_ACTIVITY]
11-16 05:26:22.399 9266 9266 I wm_on_top_resumed_gained_called: [247978744,com.android.gallery3d.app.GalleryActivity,topStateChangedWhenResumed]
11-16 05:26:22.413 1504 1572 I input_focus: [Focus request 1eb11d3 com.android.gallery3d/com.android.gallery3d.app.GalleryActivity,reason=UpdateInputWindows]
11-16 05:26:22.442 1504 1682 I input_focus: [Focus leaving 55344d5 com.android.music/com.android.music.VideoBrowserActivity (server),reason=Waiting for window because NOT_VISIBLE]
11-16 05:26:22.446 1504 1568 I sysui_multi_action: [319,89,322,88,325,7371,757,761,758,8,759,2,806,com.android.gallery3d,871,com.android.gallery3d.app.GalleryActivity,904,android,905,0,1320,4,1321,1]
11-16 05:26:22.447 1504 1568 I wm_activity_launch_time: [0,247978744,com.android.gallery3d/.app.GalleryActivity,88]
11-16 05:26:22.459 1504 1682 I input_focus: [Focus entering 1eb11d3 com.android.gallery3d/com.android.gallery3d.app.GalleryActivity (server),reason=Window became focusable. Previous reason: NOT_VISIBLE]
11-16 05:26:23.130 1504 1682 I input_interaction: Interaction with: 55344d5 com.android.music/com.android.music.VideoBrowserActivity (server), edge-swipe (server), swipe-up (server), PointerEventDispatcher0 (server),
11-16 05:26:23.136 1504 1571 I wm_task_moved: [403,1,7]
11-16 05:26:23.136 1504 1571 I wm_task_to_front: [0,403]
11-16 05:26:23.140 1504 1571 I wm_set_resumed_activity: [0,com.android.music/.VideoBrowserActivity,positionChildAt]
11-16 05:26:23.140 1504 1571 I wm_focused_root_task: [0,0,403,408,setFocusedTask]
11-16 05:26:23.141 1504 1571 I wm_set_resumed_activity: [0,com.android.music/.VideoBrowserActivity,setFocusedTask]
11-16 05:26:23.141 9266 9266 I wm_on_top_resumed_lost_called: [247978744,com.android.gallery3d.app.GalleryActivity,topStateChangedWhenResumed]
11-16 05:26:23.142 1504 1572 I input_focus: [Focus request 55344d5 com.android.music/com.android.music.VideoBrowserActivity,reason=UpdateInputWindows]
11-16 05:26:23.143 1504 6131 I wm_task_moved: [280,0,0]
11-16 05:26:23.143 1504 6131 I wm_task_moved: [280,0,6]
11-16 05:26:23.152 9178 9178 I wm_on_top_resumed_gained_called: [91926278,com.android.music.VideoBrowserActivity,topStateChangedWhenResumed]
11-16 05:26:23.160 2496 2496 I wm_on_restart_called: [50203839,com.android.launcher3.uioverrides.QuickstepLauncher,performRestartActivity]
11-16 05:26:23.160 1504 1822 I wm_finish_activity: [0,247978744,408,com.android.gallery3d/.app.GalleryActivity,app-request]
11-16 05:26:23.163 1504 1682 I input_focus: [Focus leaving 1eb11d3 com.android.gallery3d/com.android.gallery3d.app.GalleryActivity (server),reason=setFocusedWindow]
11-16 05:26:23.163 1504 1682 I input_focus: [Focus entering 55344d5 com.android.music/com.android.music.VideoBrowserActivity (server),reason=setFocusedWindow]
11-16 05:26:23.177 1504 1822 I wm_pause_activity: [0,247978744,com.android.gallery3d/.app.GalleryActivity,userLeaving=false,finish]
11-16 05:26:23.184 9266 9266 I wm_on_paused_called: [247978744,com.android.gallery3d.app.GalleryActivity,performPause]
11-16 05:26:23.186 1504 4314 I wm_destroy_activity: [0,247978744,408,com.android.gallery3d/.app.GalleryActivity,finish-imm:completePausedLocked]
11-16 05:26:23.196 2496 2496 I wm_on_start_called: [50203839,com.android.launcher3.uioverrides.QuickstepLauncher,handleStartActivity]
11-16 05:26:23.197 9266 9266 I wm_on_stop_called: [247978744,com.android.gallery3d.app.GalleryActivity,LIFECYCLER_STOP_ACTIVITY]
11-16 05:26:23.201 9266 9266 I wm_on_destroy_called: [247978744,com.android.gallery3d.app.GalleryActivity,performDestroy]
11-16 05:26:23.205 1504 1571 I sysui_multi_action: [757,803,799,window_time_0,802,1]
11-16 05:26:23.221 2496 2496 I sysui_latency: [1,83]
11-16 05:26:23.222 9178 9178 I view_enqueue_input_event: [Motion - Cancel,com.android.music/com.android.music.VideoBrowserActivity]
11-16 05:26:23.224 1504 2099 I wm_task_removed: [408,removeChild:removeChild last r=ActivityRecord{ec7daf8 u0 com.android.gallery3d/.app.GalleryActivity t-1 f}} in t=Task{48ab25b #408 type=standard A=10064:com.android.gallery3d U=0 visible=false mode=freeform translucent=true sz=0}]
11-16 05:26:23.224 1504 2099 I wm_task_removed: [408,removeChild]
11-16 05:26:23.226 1504 1682 I input_interaction: Interaction with: edge-swipe (server), swipe-up (server), PointerEventDispatcher0 (server),
11-16 05:26:23.228 1504 1568 I sysui_multi_action: [319,6,322,77,325,7372,757,761,758,9,759,5,806,com.android.launcher3,871,com.android.launcher3.uioverrides.QuickstepLauncher,904,com.android.launcher3,905,0,1320,8,1321,5]
11-16 05:26:23.229 1504 1572 I input_focus: [Focus request recents_animation_input_consumer,reason=UpdateInputWindows]
11-16 05:26:23.262 1504 1682 I input_focus: [Focus leaving 55344d5 com.android.music/com.android.music.VideoBrowserActivity (server),reason=NOT_FOCUSABLE]
11-16 05:26:23.262 1504 1682 I input_focus: [Focus entering recents_animation_input_consumer (server),reason=setFocusedWindow]
11-16 05:26:23.402 1504 1666 I commit_sys_config_file: [settings-1-0,6]
11-16 05:26:23.523 1504 1598 I sysui_latency: [8,85]
11-16 05:26:23.936 1504 1682 I input_interaction: Interaction with: recents_animation_input_consumer (server), edge-swipe (server), swipe-up (server), PointerEventDispatcher0 (server),
11-16 05:26:24.032 1504 1682 I input_interaction: Interaction with: edge-swipe (server), swipe-up (server), PointerEventDispatcher0 (server),
11-16 05:26:24.175 1504 1666 I commit_sys_config_file: [settings-1-0,5]
11-16 05:26:24.539 1504 4314 I wm_task_moved: [280,1,6]
11-16 05:26:24.541 1504 4314 I wm_task_moved: [281,1,2147483647]
11-16 05:26:24.541 1504 4314 I wm_task_to_front: [0,281]
11-16 05:26:24.541 1504 4314 I wm_focused_root_task: [0,0,280,403,RecentsAnimation.onAnimationFinished()]
11-16 05:26:24.542 9178 9178 I wm_on_top_resumed_lost_called: [91926278,com.android.music.VideoBrowserActivity,topStateChangedWhenResumed]
11-16 05:26:24.542 1504 4314 I wm_set_resumed_activity: [0,com.android.launcher3/.uioverrides.QuickstepLauncher,RecentsAnimation.onAnimationFinished()]
11-16 05:26:24.544 1504 4314 I wm_pause_activity: [0,91926278,com.android.music/.VideoBrowserActivity,userLeaving=true,pauseBackTasks]
11-16 05:26:24.544 1504 4314 I wm_add_to_stopping: [0,91926278,com.android.music/.VideoBrowserActivity,makeInvisible]
11-16 05:26:24.545 1504 4314 I wm_set_resumed_activity: [0,com.android.launcher3/.uioverrides.QuickstepLauncher,resumeTopActivityInnerLocked]
11-16 05:26:24.547 1504 4314 I wm_resume_activity: [0,50203839,281,com.android.launcher3/.uioverrides.QuickstepLauncher]
11-16 05:26:24.568 1504 1572 I input_focus: [Focus request e1de84c com.android.launcher3/com.android.launcher3.uioverrides.QuickstepLauncher,reason=UpdateInputWindows]
11-16 05:26:24.569 9178 9178 I wm_on_paused_called: [91926278,com.android.music.VideoBrowserActivity,performPause]
11-16 05:26:24.577 1504 4717 I wm_task_created: [409,-1]
11-16 05:26:24.580 1504 1682 I input_focus: [Focus leaving recents_animation_input_consumer (server),reason=NOT_VISIBLE]
11-16 05:26:24.581 1504 1682 I input_focus: [Focus entering e1de84c com.android.launcher3/com.android.launcher3.uioverrides.QuickstepLauncher (server),reason=setFocusedWindow]
11-16 05:26:24.581 1504 4717 I wm_task_moved: [409,1,7]
11-16 05:26:24.581 1504 4717 I wm_task_to_front: [0,409]
11-16 05:26:24.582 1504 4717 I wm_create_task: [0,409]
11-16 05:26:24.582 1504 4717 I wm_create_activity: [0,13451192,409,com.android.gallery3d/.app.GalleryActivity,NULL,NULL,NULL,268468224]
11-16 05:26:24.582 1504 4717 I wm_task_moved: [409,1,7]
11-16 05:26:24.585 1504 4717 I wm_restart_activity: [0,13451192,409,com.android.gallery3d/.app.GalleryActivity]
11-16 05:26:24.586 1504 4717 I wm_set_resumed_activity: [0,com.android.gallery3d/.app.GalleryActivity,minimalResumeActivityLocked]
11-16 05:26:24.596 2496 2496 I wm_on_resume_called: [50203839,com.android.launcher3.uioverrides.QuickstepLauncher,RESUME_ACTIVITY]
11-16 05:26:24.603 1504 1571 I wm_stop_activity: [0,91926278,com.android.music/.VideoBrowserActivity]
11-16 05:26:24.605 9178 9178 I wm_on_stop_called: [91926278,com.android.music.VideoBrowserActivity,STOP_ACTIVITY_ITEM]
11-16 05:26:24.606 2496 2496 I wm_on_top_resumed_gained_called: [50203839,com.android.launcher3.uioverrides.QuickstepLauncher,topStateChangedWhenResumed]
11-16 05:26:24.606 2496 2496 I wm_on_top_resumed_lost_called: [50203839,com.android.launcher3.uioverrides.QuickstepLauncher,topStateChangedWhenResumed]
11-16 05:26:24.606 1504 1571 I sysui_multi_action: [757,803,799,window_time_0,802,2]
11-16 05:26:24.609 1504 1571 I sysui_multi_action: [757,803,799,window_time_2,802,0]
11-16 05:26:24.623 9266 9266 I wm_on_create_called: [13451192,com.android.gallery3d.app.GalleryActivity,performCreate]
11-16 05:26:24.626 9266 9266 I wm_on_start_called: [13451192,com.android.gallery3d.app.GalleryActivity,handleStartActivity]
11-16 05:26:24.629 9266 9266 I wm_on_resume_called: [13451192,com.android.gallery3d.app.GalleryActivity,RESUME_ACTIVITY]
11-16 05:26:24.632 9266 9266 I wm_on_top_resumed_gained_called: [13451192,com.android.gallery3d.app.GalleryActivity,topStateChangedWhenResumed]
11-16 05:26:24.653 1504 1572 I input_focus: [Focus request aaba185 com.android.gallery3d/com.android.gallery3d.app.GalleryActivity,reason=UpdateInputWindows]
11-16 05:26:24.681 1504 1682 I input_focus: [Focus leaving e1de84c com.android.launcher3/com.android.launcher3.uioverrides.QuickstepLauncher (server),reason=Waiting for window because NOT_VISIBLE]
11-16 05:26:24.687 1504 1568 I sysui_multi_action: [319,118,322,117,325,7374,757,761,758,8,759,2,806,com.android.gallery3d,871,com.android.gallery3d.app.GalleryActivity,904,android,905,0,1320,4,1321,1]
11-16 05:26:24.687 1504 1568 I wm_activity_launch_time: [0,13451192,com.android.gallery3d/.app.GalleryActivity,117]
11-16 05:26:24.698 1504 1682 I input_focus: [Focus entering aaba185 com.android.gallery3d/com.android.gallery3d.app.GalleryActivity (server),reason=Window became focusable. Previous reason: NOT_VISIBLE]
11-16 05:26:25.302 1504 1682 I input_interaction: Interaction with: e1de84c com.android.launcher3/com.android.launcher3.uioverrides.QuickstepLauncher (server), c74be60 com.android.systemui.ImageWallpaper (server), edge-swipe (server), swipe-up (server), PointerEventDispatcher0 (server),
11-16 05:26:25.323 2496 2496 I view_enqueue_input_event: [Motion - Cancel,com.android.launcher3/com.android.launcher3.uioverrides.QuickstepLauncher]
11-16 05:26:25.328 1504 1682 I input_interaction: Interaction with: edge-swipe (server), swipe-up (server), PointerEventDispatcher0 (server),
11-16 05:26:25.751 1504 2099 I wm_task_moved: [280,1,7]
11-16 05:26:25.753 1504 2099 I wm_set_resumed_activity: [0,com.android.launcher3/.uioverrides.QuickstepLauncher,positionChildAt]
11-16 05:26:25.753 1504 2099 I wm_task_moved: [281,1,2147483647]
11-16 05:26:25.753 1504 2099 I wm_task_to_front: [0,281]
11-16 05:26:25.753 1504 2099 I wm_focused_root_task: [0,0,280,409,bringingFoundTaskToFront]
11-16 05:26:25.753 1504 2099 I wm_set_resumed_activity: [0,com.android.launcher3/.uioverrides.QuickstepLauncher,bringingFoundTaskToFront]
11-16 05:26:25.754 1504 2099 I wm_new_intent: [0,50203839,281,com.android.launcher3/.uioverrides.QuickstepLauncher,android.intent.action.MAIN,NULL,NULL,268500992]
11-16 05:26:25.755 1504 2099 I wm_task_moved: [280,1,7]
11-16 05:26:25.755 1504 2099 I wm_set_resumed_activity: [0,com.android.launcher3/.uioverrides.QuickstepLauncher,positionChildAt]
11-16 05:26:25.760 9266 9266 I wm_on_top_resumed_lost_called: [13451192,com.android.gallery3d.app.GalleryActivity,topStateChangedWhenResumed]
11-16 05:26:25.761 2496 2496 I wm_on_paused_called: [50203839,com.android.launcher3.uioverrides.QuickstepLauncher,performPause]
11-16 05:26:25.762 2496 2496 I wm_on_resume_called: [50203839,com.android.launcher3.uioverrides.QuickstepLauncher,LIFECYCLER_RESUME_ACTIVITY]
11-16 05:26:25.764 1504 1572 I input_focus: [Focus request e1de84c com.android.launcher3/com.android.launcher3.uioverrides.QuickstepLauncher,reason=UpdateInputWindows]
11-16 05:26:25.765 2496 2496 I wm_on_top_resumed_gained_called: [50203839,com.android.launcher3.uioverrides.QuickstepLauncher,topStateChangedWhenResumed]
11-16 05:26:25.786 1504 1682 I input_focus: [Focus leaving aaba185 com.android.gallery3d/com.android.gallery3d.app.GalleryActivity (server),reason=setFocusedWindow]
