11-16 05:27:55.403 2496 2496 I wm_on_stop_called: [50203839,com.android.launcher3.uioverrides.QuickstepLauncher,STOP_ACTIVITY_ITEM]
11-16 05:27:56.345 1504 1682 I input_interaction: Interaction with: 2787afe com.android.music/com.android.music.VideoBrowserActivity (server), edge-swipe (server), swipe-up (server), PointerEventDispatcher0 (server),
11-16 05:27:56.357 1504 6920 I wm_task_moved: [280,0,0]
11-16 05:27:56.358 1504 6920 I wm_task_moved: [280,0,6]
11-16 05:27:56.366 2496 2496 I wm_on_restart_called: [50203839,com.android.launcher3.uioverrides.QuickstepLauncher,performRestartActivity]
11-16 05:27:56.377 1504 6131 I wm_finish_activity: [0,200753738,424,com.android.gallery3d/.app.GalleryActivity,app-request]
11-16 05:27:56.384 1504 6131 I wm_pause_activity: [0,200753738,com.android.gallery3d/.app.GalleryActivity,userLeaving=false,finish]
11-16 05:27:56.399 9778 9778 I wm_on_paused_called: [200753738,com.android.gallery3d.app.GalleryActivity,performPause]
11-16 05:27:56.401 1504 1822 I wm_destroy_activity: [0,200753738,424,com.android.gallery3d/.app.GalleryActivity,finish-imm:completePausedLocked]
11-16 05:27:56.408 2496 2496 I wm_on_start_called: [50203839,com.android.launcher3.uioverrides.QuickstepLauncher,handleStartActivity]
11-16 05:27:56.415 1504 1571 I sysui_multi_action: [757,803,799,window_time_0,802,1]
11-16 05:27:56.422 9778 9778 I wm_on_stop_called: [200753738,com.android.gallery3d.app.GalleryActivity,LIFECYCLER_STOP_ACTIVITY]
11-16 05:27:56.435 9778 9778 I wm_on_destroy_called: [200753738,com.android.gallery3d.app.GalleryActivity,performDestroy]
11-16 05:27:56.435 1504 1568 I sysui_multi_action: [319,16,322,70,325,7465,757,761,758,9,759,5,806,com.android.launcher3,871,com.android.launcher3.uioverrides.QuickstepLauncher,904,com.android.launcher3,905,0,1320,8,1321,5]
11-16 05:27:56.447 1504 6920 I wm_task_removed: [424,removeChild:removeChild last r=ActivityRecord{bf7424a u0 com.android.gallery3d/.app.GalleryActivity t-1 f}} in t=Task{b050e9f #424 type=standard A=10064:com.android.gallery3d U=0 visible=false mode=freeform translucent=true sz=0}]
11-16 05:27:56.447 1504 6920 I wm_task_removed: [424,removeChild]
11-16 05:27:56.545 9702 9702 I view_enqueue_input_event: [Motion - Cancel,com.android.music/com.android.music.VideoBrowserActivity]
11-16 05:27:56.545 2496 2496 I sysui_latency: [1,79]
11-16 05:27:56.551 1504 1572 I input_focus: [Focus request recents_animation_input_consumer,reason=UpdateInputWindows]
11-16 05:27:56.557 1504 1682 I input_interaction: Interaction with: edge-swipe (server), swipe-up (server), PointerEventDispatcher0 (server),
11-16 05:27:56.586 1504 1682 I input_focus: [Focus leaving 2787afe com.android.music/com.android.music.VideoBrowserActivity (server),reason=NOT_FOCUSABLE]
11-16 05:27:56.586 1504 1682 I input_focus: [Focus entering recents_animation_input_consumer (server),reason=setFocusedWindow]
11-16 05:27:56.612 1504 1666 I commit_sys_config_file: [settings-1-0,4]
11-16 05:27:56.729 1504 1598 I sysui_latency: [8,76]
11-16 05:27:58.524 1504 1666 I commit_sys_config_file: [settings-1-0,5]
11-16 05:27:58.957 1504 1682 I input_interaction: Interaction with: e1de84c com.android.launcher3/com.android.launcher3.uioverrides.QuickstepLauncher (server), edge-swipe (server), swipe-up (server), PointerEventDispatcher0 (server),
11-16 05:27:59.134 1504 6131 I wm_task_created: [426,-1]
11-16 05:27:59.147 1504 6131 I wm_task_moved: [426,1,7]
11-16 05:27:59.147 1504 6131 I wm_task_to_front: [0,426]
11-16 05:27:59.148 1504 6131 I wm_create_task: [0,426]
11-16 05:27:59.148 9702 9702 I wm_on_top_resumed_lost_called: [200503557,com.android.music.VideoBrowserActivity,topStateChangedWhenResumed]
11-16 05:27:59.148 1504 6131 I wm_create_activity: [0,61089549,426,com.android.gallery3d/.app.GalleryActivity,NULL,NULL,NULL,268468224]
11-16 05:27:59.148 1504 6131 I wm_task_moved: [426,1,7]
11-16 05:27:59.152 1504 6131 I wm_restart_activity: [0,61089549,426,com.android.gallery3d/.app.GalleryActivity]
11-16 05:27:59.154 1504 6131 I wm_set_resumed_activity: [0,com.android.gallery3d/.app.GalleryActivity,minimalResumeActivityLocked]
11-16 05:27:59.195 9778 9778 I wm_on_create_called: [61089549,com.android.gallery3d.app.GalleryActivity,performCreate]
11-16 05:27:59.196 9778 9778 I wm_on_start_called: [61089549,com.android.gallery3d.app.GalleryActivity,handleStartActivity]
11-16 05:27:59.199 9778 9778 I wm_on_resume_called: [61089549,com.android.gallery3d.app.GalleryActivity,RESUME_ACTIVITY]
11-16 05:27:59.202 9778 9778 I wm_on_top_resumed_gained_called: [61089549,com.android.gallery3d.app.GalleryActivity,topStateChangedWhenResumed]
11-16 05:27:59.213 1504 1572 I input_focus: [Focus request c842ac5 com.android.gallery3d/com.android.gallery3d.app.GalleryActivity,reason=UpdateInputWindows]
11-16 05:27:59.243 1504 1682 I input_focus: [Focus leaving recents_animation_input_consumer (server),reason=Waiting for window because NOT_VISIBLE]
11-16 05:27:59.285 1504 1568 I sysui_multi_action: [319,151,322,150,325,7468,757,761,758,8,759,2,806,com.android.gallery3d,871,com.android.gallery3d.app.GalleryActivity,904,android,905,0,1320,4,1321,1]
11-16 05:27:59.287 1504 1568 I wm_activity_launch_time: [0,61089549,com.android.gallery3d/.app.GalleryActivity,150]
11-16 05:27:59.292 1504 1682 I input_focus: [Focus entering c842ac5 com.android.gallery3d/com.android.gallery3d.app.GalleryActivity (server),reason=Window became focusable. Previous reason: NOT_VISIBLE]
11-16 05:27:59.543 1504 6920 I wm_task_moved: [280,1,7]
11-16 05:27:59.544 1504 6920 I wm_task_moved: [281,1,2147483647]
11-16 05:27:59.544 1504 6920 I wm_task_to_front: [0,281]
11-16 05:27:59.544 1504 6920 I wm_focused_root_task: [0,0,280,426,RecentsAnimation.onAnimationFinished()]
11-16 05:27:59.544 9778 9778 I wm_on_top_resumed_lost_called: [61089549,com.android.gallery3d.app.GalleryActivity,topStateChangedWhenResumed]
11-16 05:27:59.544 1504 6920 I wm_set_resumed_activity: [0,com.android.launcher3/.uioverrides.QuickstepLauncher,RecentsAnimation.onAnimationFinished()]
11-16 05:27:59.546 1504 6920 I wm_pause_activity: [0,200503557,com.android.music/.VideoBrowserActivity,userLeaving=true,pauseBackTasks]
11-16 05:27:59.547 1504 6920 I wm_add_to_stopping: [0,200503557,com.android.music/.VideoBrowserActivity,makeInvisible]
11-16 05:27:59.548 1504 6920 I wm_set_resumed_activity: [0,com.android.launcher3/.uioverrides.QuickstepLauncher,resumeTopActivityInnerLocked]
11-16 05:27:59.550 1504 6920 I wm_resume_activity: [0,50203839,281,com.android.launcher3/.uioverrides.QuickstepLauncher]
11-16 05:27:59.559 9702 9702 I wm_on_paused_called: [200503557,com.android.music.VideoBrowserActivity,performPause]
11-16 05:27:59.570 1504 1572 I input_focus: [Focus request e1de84c com.android.launcher3/com.android.launcher3.uioverrides.QuickstepLauncher,reason=UpdateInputWindows]
11-16 05:27:59.572 2496 2496 I wm_on_resume_called: [50203839,com.android.launcher3.uioverrides.QuickstepLauncher,RESUME_ACTIVITY]
11-16 05:27:59.577 1504 1571 I wm_stop_activity: [0,200503557,com.android.music/.VideoBrowserActivity]
11-16 05:27:59.577 1504 1571 I sysui_multi_action: [757,803,799,window_time_0,802,4]
11-16 05:27:59.579 1504 1571 I sysui_multi_action: [757,803,799,window_time_0,802,0]
11-16 05:27:59.585 1504 1682 I input_focus: [Focus leaving c842ac5 com.android.gallery3d/com.android.gallery3d.app.GalleryActivity (server),reason=setFocusedWindow]
11-16 05:27:59.586 1504 1682 I input_focus: [Focus entering e1de84c com.android.launcher3/com.android.launcher3.uioverrides.QuickstepLauncher (server),reason=setFocusedWindow]
11-16 05:27:59.589 2496 2496 I wm_on_top_resumed_gained_called: [50203839,com.android.launcher3.uioverrides.QuickstepLauncher,topStateChangedWhenResumed]
11-16 05:27:59.591 9702 9702 I wm_on_stop_called: [200503557,com.android.music.VideoBrowserActivity,STOP_ACTIVITY_ITEM]
11-16 05:28:01.144 1504 1682 I input_interaction: Interaction with: c842ac5 com.android.gallery3d/com.android.gallery3d.app.GalleryActivity (server), edge-swipe (server), swipe-up (server), PointerEventDispatcher0 (server),
11-16 05:28:01.157 1504 1571 I wm_task_moved: [426,1,7]
11-16 05:28:01.157 1504 1571 I wm_task_to_front: [0,426]
11-16 05:28:01.168 2496 2496 I wm_on_top_resumed_lost_called: [50203839,com.android.launcher3.uioverrides.QuickstepLauncher,topStateChangedWhenResumed]
11-16 05:28:01.168 1504 1571 I wm_set_resumed_activity: [0,com.android.gallery3d/.app.GalleryActivity,positionChildAt]
11-16 05:28:01.168 1504 1571 I wm_focused_root_task: [0,0,426,280,setFocusedTask]
11-16 05:28:01.168 1504 1571 I wm_set_resumed_activity: [0,com.android.gallery3d/.app.GalleryActivity,setFocusedTask]
11-16 05:28:01.171 9778 9778 I wm_on_top_resumed_gained_called: [61089549,com.android.gallery3d.app.GalleryActivity,topStateChangedWhenResumed]
11-16 05:28:01.174 1504 1572 I input_focus: [Focus request c842ac5 com.android.gallery3d/com.android.gallery3d.app.GalleryActivity,reason=UpdateInputWindows]
11-16 05:28:01.197 1504 1682 I input_focus: [Focus leaving e1de84c com.android.launcher3/com.android.launcher3.uioverrides.QuickstepLauncher (server),reason=setFocusedWindow]
11-16 05:28:01.197 1504 1682 I input_focus: [Focus entering c842ac5 com.android.gallery3d/com.android.gallery3d.app.GalleryActivity (server),reason=setFocusedWindow]
11-16 05:28:01.238 1504 2032 I wm_finish_activity: [0,61089549,426,com.android.gallery3d/.app.GalleryActivity,finish-activity]
11-16 05:28:01.238 1504 2032 I wm_task_moved: [280,1,7]
11-16 05:28:01.241 1504 2032 I wm_set_resumed_activity: [0,com.android.launcher3/.uioverrides.QuickstepLauncher,positionChildAt]
11-16 05:28:01.241 1504 2032 I wm_task_moved: [281,1,2147483647]
11-16 05:28:01.241 1504 2032 I wm_task_to_front: [0,281]
11-16 05:28:01.241 1504 2032 I wm_focused_root_task: [0,0,280,-1,finish-top adjustFocusToNextFocusableTask]
11-16 05:28:01.241 1504 2032 I wm_set_resumed_activity: [0,com.android.launcher3/.uioverrides.QuickstepLauncher,finish-top]
11-16 05:28:01.248 1504 2032 I wm_pause_activity: [0,61089549,com.android.gallery3d/.app.GalleryActivity,userLeaving=false,finish]
11-16 05:28:01.252 9778 9778 I wm_on_top_resumed_lost_called: [61089549,com.android.gallery3d.app.GalleryActivity,topStateChangedWhenResumed]
11-16 05:28:01.252 1504 1572 I input_focus: [Focus request e1de84c com.android.launcher3/com.android.launcher3.uioverrides.QuickstepLauncher,reason=UpdateInputWindows]
11-16 05:28:01.254 2496 2496 I wm_on_top_resumed_gained_called: [50203839,com.android.launcher3.uioverrides.QuickstepLauncher,topStateChangedWhenResumed]
11-16 05:28:01.262 9778 9778 I wm_on_paused_called: [61089549,com.android.gallery3d.app.GalleryActivity,performPause]
11-16 05:28:01.265 1504 2032 I wm_destroy_activity: [0,61089549,426,com.android.gallery3d/.app.GalleryActivity,finish-imm:completePausedLocked]
11-16 05:28:01.279 1504 1682 I input_focus: [Focus leaving c842ac5 com.android.gallery3d/com.android.gallery3d.app.GalleryActivity (server),reason=NO_WINDOW]
11-16 05:28:01.280 1504 1682 I input_focus: [Focus entering e1de84c com.android.launcher3/com.android.launcher3.uioverrides.QuickstepLauncher (server),reason=setFocusedWindow]
11-16 05:28:01.281 9778 9778 I wm_on_stop_called: [61089549,com.android.gallery3d.app.GalleryActivity,LIFECYCLER_STOP_ACTIVITY]
11-16 05:28:01.290 1504 1571 I sysui_multi_action: [757,803,799,window_time_0,802,1]
11-16 05:28:01.291 1504 1571 I sysui_multi_action: [757,803,799,window_time_0,802,0]
11-16 05:28:01.292 9778 9778 I wm_on_destroy_called: [61089549,com.android.gallery3d.app.GalleryActivity,performDestroy]
11-16 05:28:01.562 1504 1572 I wm_task_removed: [426,removeChild:removeChild last r=ActivityRecord{3a4270d u0 com.android.gallery3d/.app.GalleryActivity t-1 f}} in t=Task{f9e39f8 #426 type=standard A=10064:com.android.gallery3d U=0 visible=false mode=freeform translucent=true sz=0}]
11-16 05:28:01.563 1504 1572 I wm_task_removed: [426,removeChild]
11-16 05:28:02.359 1504 1682 I input_interaction: Interaction with: e1de84c com.android.launcher3/com.android.launcher3.uioverrides.QuickstepLauncher (server), c74be60 com.android.systemui.ImageWallpaper (server), edge-swipe (server), swipe-up (server), PointerEventDispatcher0 (server),
11-16 05:28:03.842 1504 4717 I wm_task_moved: [425,1,6]
11-16 05:28:03.842 1504 4717 I wm_task_to_front: [0,425]
11-16 05:28:03.843 1504 4717 I wm_focused_root_task: [0,0,425,280,bringingFoundTaskToFront]
11-16 05:28:03.844 1504 4717 I wm_set_resumed_activity: [0,com.android.music/.VideoBrowserActivity,bringingFoundTaskToFront]
11-16 05:28:03.849 1504 4717 I wm_set_resumed_activity: [0,com.android.music/.VideoBrowserActivity,resumeTopActivityInnerLocked]
11-16 05:28:03.851 1504 4717 I wm_resume_activity: [0,200503557,425,com.android.music/.VideoBrowserActivity]
11-16 05:28:03.852 1504 4717 I wm_finish_activity: [0,200503557,425,com.android.music/.VideoBrowserActivity,clear-task-all]
11-16 05:28:03.852 1504 4717 I wm_pause_activity: [0,200503557,com.android.music/.VideoBrowserActivity,userLeaving=false,finish]
11-16 05:28:03.855 1504 4717 I wm_task_moved: [425,1,6]
11-16 05:28:03.855 1504 4717 I wm_create_activity: [0,201390030,425,com.android.music/.VideoBrowserActivity,NULL,NULL,NULL,272662528]
11-16 05:28:03.859 9702 9702 I wm_on_restart_called: [200503557,com.android.music.VideoBrowserActivity,performRestartActivity]
11-16 05:28:03.859 9702 9702 I wm_on_start_called: [200503557,com.android.music.VideoBrowserActivity,handleStartActivity]
11-16 05:28:03.860 9702 9702 I wm_on_resume_called: [200503557,com.android.music.VideoBrowserActivity,RESUME_ACTIVITY]
11-16 05:28:03.861 9702 9702 I wm_on_paused_called: [200503557,com.android.music.VideoBrowserActivity,performPause]
11-16 05:28:03.862 2496 2496 I wm_on_top_resumed_lost_called: [50203839,com.android.launcher3.uioverrides.QuickstepLauncher,topStateChangedWhenResumed]
11-16 05:28:03.863 1504 2032 I wm_add_to_stopping: [0,200503557,com.android.music/.VideoBrowserActivity,completeFinishing]
11-16 05:28:03.867 1504 2032 I wm_restart_activity: [0,201390030,425,com.android.music/.VideoBrowserActivity]
11-16 05:28:03.868 1504 2032 I wm_set_resumed_activity: [0,com.android.music/.VideoBrowserActivity,minimalResumeActivityLocked]
11-16 05:28:03.883 1504 1571 I sysui_multi_action: [757,803,799,window_time_0,802,3]
11-16 05:28:03.929 9702 9702 I wm_on_create_called: [201390030,com.android.music.VideoBrowserActivity,performCreate]
11-16 05:28:03.929 9702 9702 I wm_on_start_called: [201390030,com.android.music.VideoBrowserActivity,handleStartActivity]
11-16 05:28:03.930 9702 9702 I wm_on_resume_called: [201390030,com.android.music.VideoBrowserActivity,RESUME_ACTIVITY]
11-16 05:28:03.932 9702 9702 I wm_on_top_resumed_gained_called: [201390030,com.android.music.VideoBrowserActivity,topStateChangedWhenResumed]
11-16 05:28:03.942 1504 1572 I input_focus: [Focus request 24f25e8 com.android.music/com.android.music.VideoBrowserActivity,reason=UpdateInputWindows]
11-16 05:28:03.949 1504 1568 I wm_activity_launch_time: [0,201390030,com.android.music/.VideoBrowserActivity,108]
11-16 05:28:03.953 1504 1682 I input_focus: [Focus leaving e1de84c com.android.launcher3/com.android.launcher3.uioverrides.QuickstepLauncher (server),reason=setFocusedWindow]
11-16 05:28:03.953 1504 1682 I input_focus: [Focus entering 24f25e8 com.android.music/com.android.music.VideoBrowserActivity (server),reason=setFocusedWindow]
11-16 05:28:04.225 1504 1571 I wm_destroy_activity: [0,200503557,425,com.android.music/.VideoBrowserActivity,finish-imm:idle]
11-16 05:28:04.238 9702 9702 I wm_on_stop_called: [200503557,com.android.music.VideoBrowserActivity,LIFECYCLER_STOP_ACTIVITY]
11-16 05:28:04.240 9702 9702 I wm_on_destroy_called: [200503557,com.android.music.VideoBrowserActivity,performDestroy]
11-16 05:28:05.000 1504 2032 I wm_task_created: [427,-1]
11-16 05:28:05.007 1504 2032 I wm_task_moved: [427,1,7]
11-16 05:28:05.007 1504 2032 I wm_task_to_front: [0,427]
11-16 05:28:05.008 1504 2032 I wm_create_task: [0,427]
11-16 05:28:05.008 1504 2032 I wm_create_activity: [0,84440366,427,com.android.settings/.Settings,android.intent.action.MAIN,NULL,NULL,270532608]
11-16 05:28:05.008 1504 2032 I wm_task_moved: [427,1,7]
11-16 05:28:05.009 9702 9702 I wm_on_top_resumed_lost_called: [201390030,com.android.music.VideoBrowserActivity,topStateChangedWhenResumed]
11-16 05:28:05.015 1504 2032 I wm_pause_activity: [0,50203839,com.android.launcher3/.uioverrides.QuickstepLauncher,userLeaving=true,pauseBackTasks]
11-16 05:28:05.037 2496 2496 I wm_on_paused_called: [50203839,com.android.launcher3.uioverrides.QuickstepLauncher,performPause]
11-16 05:28:05.040 1504 6131 I wm_add_to_stopping: [0,50203839,com.android.launcher3/.uioverrides.QuickstepLauncher,makeInvisible]
11-16 05:28:05.042 1504 6131 I wm_restart_activity: [0,84440366,427,com.android.settings/.Settings]
11-16 05:28:05.044 1504 6131 I wm_set_resumed_activity: [0,com.android.settings/.Settings,minimalResumeActivityLocked]
11-16 05:28:05.054 1504 1571 I sysui_multi_action: [757,803,799,window_time_2,802,1]
11-16 05:28:05.084 1504 2032 I am_uid_running: 10088
11-16 05:28:05.086 8556 8556 I wm_on_create_called: [84440366,com.android.settings.Settings,performCreate]
11-16 05:28:05.092 1504 1603 I am_proc_start: [0,9870,10088,com.qualcomm.qti.qccauthmgr,content provider,{com.qualcomm.qti.qccauthmgr/com.qualcomm.qti.qccauthmgr.providers.SMQContentProvider}]
11-16 05:28:05.111 1504 2032 I am_proc_bound: [0,9870,com.qualcomm.qti.qccauthmgr]
11-16 05:28:05.115 1504 2032 I am_uid_active: 10088
11-16 05:28:05.118 8556 8556 I wm_on_start_called: [84440366,com.android.settings.Settings,handleStartActivity]
11-16 05:28:05.119 8556 8556 I snet_event_log: [120484087,-1,]
11-16 05:28:05.120 8556 8556 I wm_on_resume_called: [84440366,com.android.settings.Settings,RESUME_ACTIVITY]
11-16 05:28:05.122 8556 8556 I sysui_multi_action: [757,35,758,1,833,0,1089,34]
11-16 05:28:05.127 8556 8556 I sysui_multi_action: [757,1729,758,4,854,isParalleledControllers:false,1089,39]
11-16 05:28:05.136 8556 8556 I wm_on_top_resumed_gained_called: [84440366,com.android.settings.Settings,topStateChangedWhenResumed]
11-16 05:28:05.167 1504 1572 I input_focus: [Focus request 38a19c1 com.android.settings/com.android.settings.Settings,reason=UpdateInputWindows]
11-16 05:28:05.188 1504 1682 I input_focus: [Focus leaving 24f25e8 com.android.music/com.android.music.VideoBrowserActivity (server),reason=Waiting for window because NOT_VISIBLE]
11-16 05:28:05.199 1504 1572 I sysui_multi_action: [324,1,757,1090,758,12,806,com.android.settings,871,com.android.settings.Settings,1091,220]
11-16 05:28:05.203 1504 1568 I sysui_multi_action: [319,89,321,86,322,220,325,7474,757,761,758,8,759,1,806,com.android.settings,871,com.android.settings.Settings,904,com.android.launcher3,905,0,1320,8,1321,5]
11-16 05:28:05.209 1504 1568 I wm_activity_launch_time: [0,84440366,com.android.settings/.Settings,220]
11-16 05:28:05.209 1504 1682 I input_focus: [Focus entering 38a19c1 com.android.settings/com.android.settings.Settings (server),reason=Window became focusable. Previous reason: NOT_VISIBLE]
11-16 05:28:05.235 8556 8556 W CarrierConfigManager: Error getting config for subId -1 ICarrierConfigLoader is null
11-16 05:28:05.270 8556 8556 I sysui_multi_action: [757,746,758,1,833,0,1089,48]
11-16 05:28:05.275 1504 1822 D TelephonyRegistry: listen oscl: mHasNotifySubscriptionInfoChangedOccurred==false no callback
11-16 05:28:05.277 1504 1822 D TelephonyRegistry: listen oscl: mHasNotifySubscriptionInfoChangedOccurred==false no callback
11-16 05:28:05.284 8556 8556 I sysui_multi_action: [757,1729,758,4,854,isParalleledControllers:false,1089,61]
11-16 05:28:05.622 1504 1571 I wm_stop_activity: [0,50203839,com.android.launcher3/.uioverrides.QuickstepLauncher]
11-16 05:28:05.670 2496 2496 I wm_on_stop_called: [50203839,com.android.launcher3.uioverrides.QuickstepLauncher,STOP_ACTIVITY_ITEM]
11-16 05:28:06.406 1504 1682 I input_interaction: Interaction with: 38a19c1 com.android.settings/com.android.settings.Settings (server), edge-swipe (server), swipe-up (server), PointerEventDispatcher0 (server),
11-16 05:28:06.419 1504 1822 I wm_task_moved: [280,0,0]
11-16 05:28:06.420 1504 1822 I wm_task_moved: [280,0,6]
11-16 05:28:06.432 2496 2496 I wm_on_restart_called: [50203839,com.android.launcher3.uioverrides.QuickstepLauncher,performRestartActivity]
11-16 05:28:06.433 1504 4717 I wm_finish_activity: [0,201390030,425,com.android.music/.VideoBrowserActivity,app-request]
11-16 05:28:06.450 1504 4717 I wm_pause_activity: [0,201390030,com.android.music/.VideoBrowserActivity,userLeaving=false,finish]
11-16 05:28:06.452 9702 9702 I wm_on_paused_called: [201390030,com.android.music.VideoBrowserActivity,performPause]
11-16 05:28:06.458 1504 1822 I wm_destroy_activity: [0,201390030,425,com.android.music/.VideoBrowserActivity,finish-imm:completePausedLocked]
11-16 05:28:06.481 1504 1571 I sysui_multi_action: [757,803,799,window_time_0,802,1]
11-16 05:28:06.485 2496 2496 I wm_on_start_called: [50203839,com.android.launcher3.uioverrides.QuickstepLauncher,handleStartActivity]
11-16 05:28:06.488 9702 9702 I wm_on_stop_called: [201390030,com.android.music.VideoBrowserActivity,LIFECYCLER_STOP_ACTIVITY]
11-16 05:28:06.493 9702 9702 I wm_on_destroy_called: [201390030,com.android.music.VideoBrowserActivity,performDestroy]
11-16 05:28:06.504 1504 6920 I wm_task_removed: [425,removeChild:removeChild last r=ActivityRecord{c00f7ce u0 com.android.music/.VideoBrowserActivity t-1 f}} in t=Task{343bbbd #425 type=standard A=10086:android.task.video U=0 visible=false mode=freeform translucent=true sz=0}]
11-16 05:28:06.504 1504 6920 I wm_task_removed: [425,removeChild]
11-16 05:28:06.517 1504 1568 I sysui_multi_action: [319,12,322,89,325,7475,757,761,758,9,759,5,806,com.android.launcher3,871,com.android.launcher3.uioverrides.QuickstepLauncher,904,com.android.launcher3,905,0,1320,8,1321,5]
11-16 05:28:06.523 2496 2496 I sysui_latency: [1,90]
11-16 05:28:06.524 8556 8556 I view_enqueue_input_event: [Motion - Cancel,com.android.settings/com.android.settings.Settings]
11-16 05:28:06.531 1504 1572 I input_focus: [Focus request recents_animation_input_consumer,reason=UpdateInputWindows]
11-16 05:28:06.535 1504 1682 I input_interaction: Interaction with: edge-swipe (server), swipe-up (server), PointerEventDispatcher0 (server),
11-16 05:28:06.558 1504 1682 I input_focus: [Focus leaving 38a19c1 com.android.settings/com.android.settings.Settings (server),reason=NOT_FOCUSABLE]
11-16 05:28:06.558 1504 1682 I input_focus: [Focus entering recents_animation_input_consumer (server),reason=setFocusedWindow]
11-16 05:28:06.690 1504 1666 I commit_sys_config_file: [settings-1-0,5]
11-16 05:28:06.812 1504 1598 I sysui_latency: [8,98]
11-16 05:28:07.526 1504 6131 I wm_task_created: [428,-1]
11-16 05:28:07.536 1504 6131 I wm_task_moved: [428,1,7]
11-16 05:28:07.536 1504 6131 I wm_task_to_front: [0,428]
11-16 05:28:07.537 1504 6131 I wm_create_task: [0,428]
11-16 05:28:07.537 1504 6131 I wm_create_activity: [0,25729855,428,com.android.music/.VideoBrowserActivity,android.intent.action.MAIN,NULL,NULL,270532608]
11-16 05:28:07.537 1504 6131 I wm_task_moved: [428,1,7]
11-16 05:28:07.537 8556 8556 I wm_on_top_resumed_lost_called: [84440366,com.android.settings.Settings,topStateChangedWhenResumed]
11-16 05:28:07.542 1504 6131 I wm_restart_activity: [0,25729855,428,com.android.music/.VideoBrowserActivity]
11-16 05:28:07.544 1504 6131 I wm_set_resumed_activity: [0,com.android.music/.VideoBrowserActivity,minimalResumeActivityLocked]
11-16 05:28:07.578 9702 9702 I wm_on_create_called: [25729855,com.android.music.VideoBrowserActivity,performCreate]
11-16 05:28:07.579 9702 9702 I wm_on_start_called: [25729855,com.android.music.VideoBrowserActivity,handleStartActivity]
11-16 05:28:07.580 9702 9702 I wm_on_resume_called: [25729855,com.android.music.VideoBrowserActivity,RESUME_ACTIVITY]
11-16 05:28:07.582 9702 9702 I wm_on_top_resumed_gained_called: [25729855,com.android.music.VideoBrowserActivity,topStateChangedWhenResumed]
11-16 05:28:07.589 1504 1572 I input_focus: [Focus request e804cf8 com.android.music/com.android.music.VideoBrowserActivity,reason=UpdateInputWindows]
11-16 05:28:07.602 1504 1568 I sysui_multi_action: [319,78,322,77,325,7477,757,761,758,8,759,2,806,com.android.music,871,com.android.music.VideoBrowserActivity,904,android,905,0,1320,4,1321,5]
11-16 05:28:07.603 1504 1568 I wm_activity_launch_time: [0,25729855,com.android.music/.VideoBrowserActivity,77]
11-16 05:28:07.613 1504 1682 I input_focus: [Focus leaving recents_animation_input_consumer (server),reason=setFocusedWindow]
11-16 05:28:07.613 1504 1682 I input_focus: [Focus entering e804cf8 com.android.music/com.android.music.VideoBrowserActivity (server),reason=setFocusedWindow]
11-16 05:28:07.758 1504 1666 I commit_sys_config_file: [settings-1-0,5]
11-16 05:28:08.209 1504 4314 I wm_task_moved: [280,1,7]
11-16 05:28:08.211 1504 4314 I wm_task_moved: [281,1,2147483647]
11-16 05:28:08.211 1504 4314 I wm_task_to_front: [0,281]
11-16 05:28:08.211 1504 4314 I wm_focused_root_task: [0,0,280,428,RecentsAnimation.onAnimationFinished()]
11-16 05:28:08.211 9702 9702 I wm_on_top_resumed_lost_called: [25729855,com.android.music.VideoBrowserActivity,topStateChangedWhenResumed]
11-16 05:28:08.211 1504 4314 I wm_set_resumed_activity: [0,com.android.launcher3/.uioverrides.QuickstepLauncher,RecentsAnimation.onAnimationFinished()]
11-16 05:28:08.214 1504 4314 I wm_pause_activity: [0,84440366,com.android.settings/.Settings,userLeaving=true,pauseBackTasks]
11-16 05:28:08.216 1504 4314 I wm_add_to_stopping: [0,84440366,com.android.settings/.Settings,makeInvisible]
11-16 05:28:08.216 1504 4314 I wm_set_resumed_activity: [0,com.android.launcher3/.uioverrides.QuickstepLauncher,resumeTopActivityInnerLocked]
11-16 05:28:08.218 1504 4314 I wm_resume_activity: [0,50203839,281,com.android.launcher3/.uioverrides.QuickstepLauncher]
11-16 05:28:08.219 2496 2496 I wm_on_resume_called: [50203839,com.android.launcher3.uioverrides.QuickstepLauncher,RESUME_ACTIVITY]
11-16 05:28:08.232 1504 1572 I input_focus: [Focus request e1de84c com.android.launcher3/com.android.launcher3.uioverrides.QuickstepLauncher,reason=UpdateInputWindows]
11-16 05:28:08.238 2496 2496 I wm_on_top_resumed_gained_called: [50203839,com.android.launcher3.uioverrides.QuickstepLauncher,topStateChangedWhenResumed]
11-16 05:28:08.239 8556 8556 I sysui_multi_action: [757,35,758,2,1089,3111]
11-16 05:28:08.241 8556 8556 I sysui_multi_action: [757,746,758,2,1089,2971]
11-16 05:28:08.243 8556 8556 I wm_on_paused_called: [84440366,com.android.settings.Settings,performPause]
11-16 05:28:08.245 1504 1822 I wm_stop_activity: [0,84440366,com.android.settings/.Settings]
11-16 05:28:08.246 1504 1682 I input_focus: [Focus leaving e804cf8 com.android.music/com.android.music.VideoBrowserActivity (server),reason=setFocusedWindow]
11-16 05:28:08.246 1504 1682 I input_focus: [Focus entering e1de84c com.android.launcher3/com.android.launcher3.uioverrides.QuickstepLauncher (server),reason=setFocusedWindow]
11-16 05:28:08.248 1504 1571 I sysui_multi_action: [757,803,799,window_time_0,802,2]
11-16 05:28:08.251 1504 1571 I sysui_multi_action: [757,803,799,window_time_0,802,0]
11-16 05:28:08.264 8556 8556 I wm_on_stop_called: [84440366,com.android.settings.Settings,STOP_ACTIVITY_ITEM]
11-16 05:28:09.157 1504 1682 I input_interaction: Interaction with: e1de84c com.android.launcher3/com.android.launcher3.uioverrides.QuickstepLauncher (server), c74be60 com.android.systemui.ImageWallpaper (server), edge-swipe (server), swipe-up (server), PointerEventDispatcher0 (server),
11-16 05:28:09.348 2496 2496 I view_enqueue_input_event: [Motion - Cancel,com.android.launcher3/com.android.launcher3.uioverrides.QuickstepLauncher]
11-16 05:28:09.358 1504 1682 I input_interaction: Interaction with: edge-swipe (server), swipe-up (server), PointerEventDispatcher0 (server),
11-16 05:28:09.524 1504 1666 I commit_sys_config_file: [settings-1-0,9]
11-16 05:28:10.361 1504 1666 I commit_sys_config_file: [settings-1-0,9]
11-16 05:28:10.467 1504 4717 I wm_finish_activity: [0,25729855,428,com.android.music/.VideoBrowserActivity,app-request]
11-16 05:28:10.472 1504 4717 I wm_pause_activity: [0,25729855,com.android.music/.VideoBrowserActivity,userLeaving=false,finish]
11-16 05:28:10.472 9702 9702 I wm_on_paused_called: [25729855,com.android.music.VideoBrowserActivity,performPause]
11-16 05:28:10.482 1504 1822 I wm_destroy_activity: [0,25729855,428,com.android.music/.VideoBrowserActivity,finish-imm:completePausedLocked]
11-16 05:28:10.507 1504 1571 I sysui_multi_action: [757,803,799,window_time_0,802,3]
11-16 05:28:10.510 9702 9702 I wm_on_stop_called: [25729855,com.android.music.VideoBrowserActivity,LIFECYCLER_STOP_ACTIVITY]
11-16 05:28:10.512 9702 9702 I wm_on_destroy_called: [25729855,com.android.music.VideoBrowserActivity,performDestroy]
11-16 05:28:10.785 1504 1572 I wm_task_removed: [428,removeChild:removeChild last r=ActivityRecord{1889b3f u0 com.android.music/.VideoBrowserActivity t-1 f}} in t=Task{d25274 #428 type=standard A=10086:android.task.video U=0 visible=false mode=freeform translucent=true sz=0}]
11-16 05:28:10.785 1504 1572 I wm_task_removed: [428,removeChild]
11-16 05:28:12.686 1504 1682 I input_interaction: Interaction with: e1de84c com.android.launcher3/com.android.launcher3.uioverrides.QuickstepLauncher (server), c74be60 com.android.systemui.ImageWallpaper (server), edge-swipe (server), swipe-up (server), PointerEventDispatcher0 (server),
11-16 05:28:12.877 1504 6131 I wm_task_created: [429,-1]
11-16 05:28:12.880 1504 6131 I wm_task_moved: [429,1,7]
11-16 05:28:12.881 1504 6131 I wm_task_to_front: [0,429]
11-16 05:28:12.881 1504 6131 I wm_create_task: [0,429]
11-16 05:28:12.881 1504 6131 I wm_create_activity: [0,98145076,429,com.android.music/.VideoBrowserActivity,android.intent.action.MAIN,NULL,NULL,270532608]
11-16 05:28:12.881 1504 6131 I wm_task_moved: [429,1,7]
11-16 05:28:12.884 1504 6131 I wm_restart_activity: [0,98145076,429,com.android.music/.VideoBrowserActivity]
11-16 05:28:12.886 1504 6131 I wm_set_resumed_activity: [0,com.android.music/.VideoBrowserActivity,minimalResumeActivityLocked]
11-16 05:28:12.895 2496 2496 I wm_on_top_resumed_lost_called: [50203839,com.android.launcher3.uioverrides.QuickstepLauncher,topStateChangedWhenResumed]
11-16 05:28:12.928 9702 9702 I wm_on_create_called: [98145076,com.android.music.VideoBrowserActivity,performCreate]
11-16 05:28:12.928 9702 9702 I wm_on_start_called: [98145076,com.android.music.VideoBrowserActivity,handleStartActivity]
11-16 05:28:12.929 9702 9702 I wm_on_resume_called: [98145076,com.android.music.VideoBrowserActivity,RESUME_ACTIVITY]
11-16 05:28:12.931 9702 9702 I wm_on_top_resumed_gained_called: [98145076,com.android.music.VideoBrowserActivity,topStateChangedWhenResumed]
11-16 05:28:12.946 1504 1572 I input_focus: [Focus request 39d4a59 com.android.music/com.android.music.VideoBrowserActivity,reason=UpdateInputWindows]
11-16 05:28:12.958 1504 1682 I input_focus: [Focus leaving e1de84c com.android.launcher3/com.android.launcher3.uioverrides.QuickstepLauncher (server),reason=Waiting for window because NOT_VISIBLE]
11-16 05:28:12.961 1504 1568 I sysui_multi_action: [319,85,322,84,325,7482,757,761,758,8,759,2,806,com.android.music,871,com.android.music.VideoBrowserActivity,904,android,905,0,1320,4,1321,5]
11-16 05:28:12.964 1504 1568 I wm_activity_launch_time: [0,98145076,com.android.music/.VideoBrowserActivity,84]
11-16 05:28:12.974 1504 1682 I input_focus: [Focus entering 39d4a59 com.android.music/com.android.music.VideoBrowserActivity (server),reason=Window became focusable. Previous reason: NOT_VISIBLE]
11-16 05:28:15.262 1504 1682 I input_interaction: Interaction with: 39d4a59 com.android.music/com.android.music.VideoBrowserActivity (server), edge-swipe (server), swipe-up (server), PointerEventDispatcher0 (server),
11-16 05:28:15.398 1504 1822 I wm_finish_activity: [0,98145076,429,com.android.music/.VideoBrowserActivity,finish-activity]
11-16 05:28:15.399 1504 1822 I wm_task_moved: [280,1,7]
11-16 05:28:15.402 1504 1822 I wm_set_resumed_activity: [0,com.android.launcher3/.uioverrides.QuickstepLauncher,positionChildAt]
11-16 05:28:15.402 1504 1822 I wm_task_moved: [281,1,2147483647]
11-16 05:28:15.402 1504 1822 I wm_task_to_front: [0,281]
11-16 05:28:15.402 1504 1822 I wm_focused_root_task: [0,0,280,-1,finish-top adjustFocusToNextFocusableTask]
11-16 05:28:15.402 1504 1822 I wm_set_resumed_activity: [0,com.android.launcher3/.uioverrides.QuickstepLauncher,finish-top]
11-16 05:28:15.409 1504 1822 I wm_pause_activity: [0,98145076,com.android.music/.VideoBrowserActivity,userLeaving=false,finish]
11-16 05:28:15.415 9702 9702 I wm_on_top_resumed_lost_called: [98145076,com.android.music.VideoBrowserActivity,topStateChangedWhenResumed]
11-16 05:28:15.415 1504 1572 I input_focus: [Focus request e1de84c com.android.launcher3/com.android.launcher3.uioverrides.QuickstepLauncher,reason=UpdateInputWindows]
11-16 05:28:15.415 9702 9702 I wm_on_paused_called: [98145076,com.android.music.VideoBrowserActivity,performPause]
11-16 05:28:15.417 2496 2496 I wm_on_top_resumed_gained_called: [50203839,com.android.launcher3.uioverrides.QuickstepLauncher,topStateChangedWhenResumed]
11-16 05:28:15.420 1504 2032 I wm_destroy_activity: [0,98145076,429,com.android.music/.VideoBrowserActivity,finish-imm:completePausedLocked]
11-16 05:28:15.432 1504 1682 I input_focus: [Focus leaving 39d4a59 com.android.music/com.android.music.VideoBrowserActivity (server),reason=NO_WINDOW]
11-16 05:28:15.432 1504 1682 I input_focus: [Focus entering e1de84c com.android.launcher3/com.android.launcher3.uioverrides.QuickstepLauncher (server),reason=setFocusedWindow]
11-16 05:28:15.444 9702 9702 I wm_on_stop_called: [98145076,com.android.music.VideoBrowserActivity,LIFECYCLER_STOP_ACTIVITY]
11-16 05:28:15.447 9702 9702 I wm_on_destroy_called: [98145076,com.android.music.VideoBrowserActivity,performDestroy]
11-16 05:28:15.450 1504 1571 I sysui_multi_action: [757,803,799,window_time_0,802,4]
11-16 05:28:15.463 1504 1571 I sysui_multi_action: [757,803,799,window_time_0,802,0]
11-16 05:28:15.729 1504 1572 I wm_task_removed: [429,removeChild:removeChild last r=ActivityRecord{5d99334 u0 com.android.music/.VideoBrowserActivity t-1 f}} in t=Task{e037607 #429 type=standard A=10086:android.task.video U=0 visible=false mode=freeform translucent=true sz=0}]
11-16 05:28:15.729 1504 1572 I wm_task_removed: [429,removeChild]
11-16 05:28:16.445 1504 1682 I input_interaction: Interaction with: e1de84c com.android.launcher3/com.android.launcher3.uioverrides.QuickstepLauncher (server), c74be60 com.android.systemui.ImageWallpaper (server), edge-swipe (server), swipe-up (server), PointerEventDispatcher0 (server),
11-16 05:28:17.735 1504 6131 I wm_task_created: [430,-1]
11-16 05:28:17.743 1504 6131 I wm_task_moved: [430,1,7]
11-16 05:28:17.743 1504 6131 I wm_task_to_front: [0,430]
11-16 05:28:17.744 1504 6131 I wm_create_task: [0,430]
11-16 05:28:17.744 1504 6131 I wm_create_activity: [0,36857826,430,com.android.gallery3d/.app.GalleryActivity,NULL,NULL,NULL,268468224]
11-16 05:28:17.744 1504 6131 I wm_task_moved: [430,1,7]
11-16 05:28:17.747 1504 6131 I wm_restart_activity: [0,36857826,430,com.android.gallery3d/.app.GalleryActivity]
11-16 05:28:17.748 1504 6131 I wm_set_resumed_activity: [0,com.android.gallery3d/.app.GalleryActivity,minimalResumeActivityLocked]
11-16 05:28:17.761 2496 2496 I wm_on_top_resumed_lost_called: [50203839,com.android.launcher3.uioverrides.QuickstepLauncher,topStateChangedWhenResumed]
11-16 05:28:17.795 9778 9778 I wm_on_create_called: [36857826,com.android.gallery3d.app.GalleryActivity,performCreate]
11-16 05:28:17.796 9778 9778 I wm_on_start_called: [36857826,com.android.gallery3d.app.GalleryActivity,handleStartActivity]
11-16 05:28:17.800 9778 9778 I wm_on_resume_called: [36857826,com.android.gallery3d.app.GalleryActivity,RESUME_ACTIVITY]
11-16 05:28:17.804 9778 9778 I wm_on_top_resumed_gained_called: [36857826,com.android.gallery3d.app.GalleryActivity,topStateChangedWhenResumed]
11-16 05:28:17.827 1504 1572 I input_focus: [Focus request 2abf55c com.android.gallery3d/com.android.gallery3d.app.GalleryActivity,reason=UpdateInputWindows]
11-16 05:28:17.853 1504 1682 I input_focus: [Focus leaving e1de84c com.android.launcher3/com.android.launcher3.uioverrides.QuickstepLauncher (server),reason=Waiting for window because NOT_VISIBLE]
11-16 05:28:17.874 1504 1568 I sysui_multi_action: [319,143,322,142,325,7487,757,761,758,8,759,2,806,com.android.gallery3d,871,com.android.gallery3d.app.GalleryActivity,904,com.android.launcher3,905,0,1320,4,1321,1]
11-16 05:28:17.876 1504 1568 I wm_activity_launch_time: [0,36857826,com.android.gallery3d/.app.GalleryActivity,142]
11-16 05:28:17.886 1504 1682 I input_focus: [Focus entering 2abf55c com.android.gallery3d/com.android.gallery3d.app.GalleryActivity (server),reason=Window became focusable. Previous reason: NOT_VISIBLE]
11-16 05:28:19.017 1504 4314 I wm_task_created: [431,-1]
11-16 05:28:19.022 1504 4314 I wm_task_moved: [431,1,8]
11-16 05:28:19.022 1504 4314 I wm_task_to_front: [0,431]
11-16 05:28:19.023 1504 4314 I wm_create_task: [0,431]
11-16 05:28:19.023 1504 4314 I wm_create_activity: [0,78492826,431,com.android.music/.MusicBrowserActivity,android.intent.action.MAIN,NULL,NULL,270532608]
11-16 05:28:19.023 1504 4314 I wm_task_moved: [431,1,8]
11-16 05:28:19.023 9778 9778 I wm_on_top_resumed_lost_called: [36857826,com.android.gallery3d.app.GalleryActivity,topStateChangedWhenResumed]
11-16 05:28:19.026 1504 4314 I wm_pause_activity: [0,50203839,com.android.launcher3/.uioverrides.QuickstepLauncher,userLeaving=true,pauseBackTasks]
11-16 05:28:19.041 2496 2496 I wm_on_paused_called: [50203839,com.android.launcher3.uioverrides.QuickstepLauncher,performPause]
11-16 05:28:19.046 1504 4717 I wm_add_to_stopping: [0,50203839,com.android.launcher3/.uioverrides.QuickstepLauncher,makeInvisible]
11-16 05:28:19.047 1504 4717 I wm_restart_activity: [0,78492826,431,com.android.music/.MusicBrowserActivity]
11-16 05:28:19.050 1504 4717 I wm_set_resumed_activity: [0,com.android.music/.MusicBrowserActivity,minimalResumeActivityLocked]
11-16 05:28:19.060 1504 1571 I sysui_multi_action: [757,803,799,window_time_0,802,4]
11-16 05:28:19.106 9702 9702 I wm_on_create_called: [78492826,com.android.music.MusicBrowserActivity,performCreate]
11-16 05:28:19.117 9702 9702 I wm_on_start_called: [78492826,com.android.music.MusicBrowserActivity,handleStartActivity]
11-16 05:28:19.117 9702 9702 I wm_on_resume_called: [78492826,com.android.music.MusicBrowserActivity,RESUME_ACTIVITY]
11-16 05:28:19.119 9702 9702 I wm_on_top_resumed_gained_called: [78492826,com.android.music.MusicBrowserActivity,topStateChangedWhenResumed]
11-16 05:28:19.133 1504 6131 I sysui_multi_action: [757,856,758,1,806,com.android.music,857,Channel-music,858,2]
11-16 05:28:19.138 1504 1504 I notification_enqueue: [10086,9702,com.android.music,1,NULL,0,Notification(channel=Channel-music shortcut=null contentView=null vibrate=null sound=null defaults=0x0 flags=0x0 color=0x00000000 category=transport actions=3 vis=PRIVATE),0]
11-16 05:28:19.140 1504 1504 I notification_enqueue: [10086,9702,com.android.music,1,NULL,0,Notification(channel=Channel-music shortcut=null contentView=null vibrate=null sound=null defaults=0x0 flags=0x40 color=0x00000000 category=transport actions=3 vis=PRIVATE),0]
11-16 05:28:19.142 1504 1504 I notification_enqueue: [10086,9702,com.android.music,1,NULL,0,Notification(channel=Channel-music shortcut=null contentView=null vibrate=null sound=null defaults=0x0 flags=0x40 color=0x00000000 category=transport actions=3 vis=PRIVATE),0]
11-16 05:28:19.143 1504 1504 I notification_enqueue: [10086,9702,com.android.music,1,NULL,0,Notification(channel=Channel-music shortcut=null contentView=null vibrate=null sound=null defaults=0x0 flags=0x40 color=0x00000000 category=transport actions=3 vis=PRIVATE),0]
11-16 05:28:19.152 1504 1504 I notification_enqueue: [10086,9702,com.android.music,1,NULL,0,Notification(channel=Channel-music shortcut=null contentView=null vibrate=null sound=null defaults=0x0 flags=0x40 color=0x00000000 category=transport actions=3 vis=PRIVATE),0]
11-16 05:28:19.153 1504 1504 I notification_enqueue: [10086,9702,com.android.music,1,NULL,0,Notification(channel=Channel-music shortcut=null contentView=null vibrate=null sound=null defaults=0x0 flags=0x40 color=0x00000000 category=transport actions=3 vis=PRIVATE),0]
11-16 05:28:19.162 1504 1572 I input_focus: [Focus request 37b87fa com.android.music/com.android.music.MusicBrowserActivity,reason=UpdateInputWindows]
11-16 05:28:19.174 1504 1504 I sysui_multi_action: [757,128,758,5,759,8,793,37,794,0,795,37,796,1,806,com.android.music,857,Channel-music,858,2,947,0,1500,37,1641,transport,1688,1,1745,1043716538]
11-16 05:28:19.174 1504 1504 I notification_canceled: [0|com.android.music|1|null|10086,8,37,37,0,-1,-1,NULL]
11-16 05:28:19.180 1504 1568 I sysui_multi_action: [319,79,321,75,322,160,325,7488,757,761,758,8,759,1,806,com.android.music,871,com.android.music.MusicBrowserActivity,904,com.android.launcher3,905,0,1320,4,1321,5]
11-16 05:28:19.184 1504 1568 I wm_activity_launch_time: [0,78492826,com.android.music/.MusicBrowserActivity,160]
11-16 05:28:19.191 1504 1682 I input_focus: [Focus leaving 2abf55c com.android.gallery3d/com.android.gallery3d.app.GalleryActivity (server),reason=setFocusedWindow]
11-16 05:28:19.191 1504 1682 I input_focus: [Focus entering 37b87fa com.android.music/com.android.music.MusicBrowserActivity (server),reason=setFocusedWindow]
11-16 05:28:19.390 1504 1570 I commit_sys_config_file: [notification-policy,7478849]
11-16 05:28:19.659 1504 1571 I wm_stop_activity: [0,50203839,com.android.launcher3/.uioverrides.QuickstepLauncher]
11-16 05:28:19.703 2496 2496 I wm_on_stop_called: [50203839,com.android.launcher3.uioverrides.QuickstepLauncher,STOP_ACTIVITY_ITEM]
11-16 05:28:20.286 1504 1682 I input_interaction: Interaction with: 37b87fa com.android.music/com.android.music.MusicBrowserActivity (server), edge-swipe (server), swipe-up (server), PointerEventDispatcher0 (server),
11-16 05:28:20.294 1504 3120 I wm_task_moved: [280,0,0]
11-16 05:28:20.296 1504 3120 I wm_task_moved: [280,0,7]
11-16 05:28:20.305 2496 2496 I wm_on_restart_called: [50203839,com.android.launcher3.uioverrides.QuickstepLauncher,performRestartActivity]
11-16 05:28:20.309 1504 4314 I wm_finish_activity: [0,36857826,430,com.android.gallery3d/.app.GalleryActivity,app-request]
11-16 05:28:20.323 1504 4314 I wm_pause_activity: [0,36857826,com.android.gallery3d/.app.GalleryActivity,userLeaving=false,finish]
11-16 05:28:20.335 9778 9778 I wm_on_paused_called: [36857826,com.android.gallery3d.app.GalleryActivity,performPause]
11-16 05:28:20.337 1504 1822 I wm_destroy_activity: [0,36857826,430,com.android.gallery3d/.app.GalleryActivity,finish-imm:completePausedLocked]
11-16 05:28:20.345 2496 2496 I wm_on_start_called: [50203839,com.android.launcher3.uioverrides.QuickstepLauncher,handleStartActivity]
11-16 05:28:20.347 1504 1571 I sysui_multi_action: [757,803,799,window_time_0,802,1]
11-16 05:28:20.355 9778 9778 I wm_on_stop_called: [36857826,com.android.gallery3d.app.GalleryActivity,LIFECYCLER_STOP_ACTIVITY]
11-16 05:28:20.360 9778 9778 I wm_on_destroy_called: [36857826,com.android.gallery3d.app.GalleryActivity,performDestroy]
11-16 05:28:20.370 1504 1568 I sysui_multi_action: [319,14,322,67,325,7489,757,761,758,9,759,5,806,com.android.launcher3,871,com.android.launcher3.uioverrides.QuickstepLauncher,904,com.android.launcher3,905,0,1320,8,1321,5]
11-16 05:28:20.375 1504 3120 I wm_task_removed: [430,removeChild:removeChild last r=ActivityRecord{23267e2 u0 com.android.gallery3d/.app.GalleryActivity t-1 f}} in t=Task{24034d7 #430 type=standard A=10064:com.android.gallery3d U=0 visible=false mode=freeform translucent=true sz=0}]
11-16 05:28:20.375 1504 3120 I wm_task_removed: [430,removeChild]
11-16 05:28:20.386 9702 9702 I view_enqueue_input_event: [Motion - Cancel,com.android.music/com.android.music.MusicBrowserActivity]
11-16 05:28:20.386 2496 2496 I sysui_latency: [1,70]
11-16 05:28:20.389 1504 1572 I input_focus: [Focus request recents_animation_input_consumer,reason=UpdateInputWindows]
11-16 05:28:20.402 1504 1682 I input_interaction: Interaction with: edge-swipe (server), swipe-up (server), PointerEventDispatcher0 (server),
11-16 05:28:20.410 1504 1682 I input_focus: [Focus leaving 37b87fa com.android.music/com.android.music.MusicBrowserActivity (server),reason=NOT_FOCUSABLE]
11-16 05:28:20.410 1504 1682 I input_focus: [Focus entering recents_animation_input_consumer (server),reason=setFocusedWindow]
11-16 05:28:20.550 1504 1666 I commit_sys_config_file: [settings-1-0,4]
11-16 05:28:20.663 1504 1598 I sysui_latency: [8,72]
11-16 05:28:21.795 1504 1666 I commit_sys_config_file: [settings-1-0,6]
11-16 05:28:23.161 1504 1682 I input_interaction: Interaction with: e1de84c com.android.launcher3/com.android.launcher3.uioverrides.QuickstepLauncher (server), edge-swipe (server), swipe-up (server), PointerEventDispatcher0 (server),
11-16 05:28:23.607 1504 4314 I wm_task_moved: [280,1,7]
11-16 05:28:23.611 1504 4314 I wm_focused_root_task: [0,0,280,431,RecentsAnimation.onAnimationFinished()]
11-16 05:28:23.613 1504 4314 I wm_pause_activity: [0,78492826,com.android.music/.MusicBrowserActivity,userLeaving=false,pauseBackTasks]
11-16 05:28:23.616 9702 9702 I wm_on_top_resumed_lost_called: [78492826,com.android.music.MusicBrowserActivity,topStateChangedWhenResumed]
11-16 05:28:23.617 1504 4314 I wm_set_resumed_activity: [0,com.android.launcher3/.uioverrides.QuickstepLauncher,resumeTopActivityInnerLocked]
11-16 05:28:23.618 1504 4314 I wm_resume_activity: [0,50203839,281,com.android.launcher3/.uioverrides.QuickstepLauncher]
11-16 05:28:23.619 1504 4314 I wm_add_to_stopping: [0,78492826,com.android.music/.MusicBrowserActivity,makeInvisible]
11-16 05:28:23.620 2496 2496 I wm_on_resume_called: [50203839,com.android.launcher3.uioverrides.QuickstepLauncher,RESUME_ACTIVITY]
11-16 05:28:23.628 1504 1572 I input_focus: [Focus request e1de84c com.android.launcher3/com.android.launcher3.uioverrides.QuickstepLauncher,reason=UpdateInputWindows]
11-16 05:28:23.634 1504 1682 I input_focus: [Focus leaving recents_animation_input_consumer (server),reason=NOT_VISIBLE]
11-16 05:28:23.637 9702 9702 I wm_on_paused_called: [78492826,com.android.music.MusicBrowserActivity,performPause]
11-16 05:28:23.647 1504 6131 I wm_stop_activity: [0,78492826,com.android.music/.MusicBrowserActivity]
11-16 05:28:23.650 1504 1682 I input_focus: [Focus entering e1de84c com.android.launcher3/com.android.launcher3.uioverrides.QuickstepLauncher (server),reason=setFocusedWindow]
11-16 05:28:23.653 1504 1571 I sysui_multi_action: [757,803,799,window_time_0,802,4]
11-16 05:28:23.657 9702 9702 I wm_on_stop_called: [78492826,com.android.music.MusicBrowserActivity,STOP_ACTIVITY_ITEM]
11-16 05:28:23.672 2496 2496 I wm_on_top_resumed_gained_called: [50203839,com.android.launcher3.uioverrides.QuickstepLauncher,topStateChangedWhenResumed]
11-16 05:28:23.703 1504 1571 I am_kill : [0,9778,com.android.gallery3d,900,remove task]
11-16 05:28:23.703 1504 1571 I sysui_multi_action: [757,803,799,window_time_0,802,0]
11-16 05:28:23.732 1504 2032 I wm_finish_activity: [0,84440366,427,com.android.settings/.Settings,recent-task-trimmed]
11-16 05:28:23.734 1504 2032 I wm_destroy_activity: [0,84440366,427,com.android.settings/.Settings,finish-imm:finishIfPossible]
11-16 05:28:23.735 1504 2032 I wm_finish_activity: [0,78492826,431,com.android.music/.MusicBrowserActivity,recent-task-trimmed]
11-16 05:28:23.735 1504 1571 I am_kill : [0,8556,com.android.settings,910,remove task]
11-16 05:28:23.736 1504 2032 I wm_destroy_activity: [0,78492826,431,com.android.music/.MusicBrowserActivity,finish-imm:finishIfPossible]
11-16 05:28:23.738 1504 1571 I sysui_multi_action: [757,803,799,window_time_0,802,0]
11-16 05:28:23.739 1504 5765 I am_proc_died: [0,9778,com.android.gallery3d,900,18]
11-16 05:28:23.740 1504 5765 I am_uid_stopped: 10064
11-16 05:28:23.744 1504 1571 I sysui_multi_action: [757,803,799,window_time_0,802,0]
11-16 05:28:23.746 1504 1571 I am_uid_running: 10064
11-16 05:28:23.750 9702 9702 I wm_on_destroy_called: [78492826,com.android.music.MusicBrowserActivity,performDestroy]
11-16 05:28:23.756 1504 5765 I wm_task_removed: [431,removeChild:removeChild last r=ActivityRecord{4adb49a u0 com.android.music/.MusicBrowserActivity t-1 f}} in t=Task{63d2c9f #431 type=standard A=10086:android.task.music U=0 visible=false mode=fullscreen translucent=true sz=0}]
11-16 05:28:23.756 1504 5765 I wm_task_removed: [431,removeChild]
11-16 05:28:23.758 1504 1603 I am_proc_start: [0,9973,10064,com.android.gallery3d,NULL,]
11-16 05:28:23.773 1504 2032 I sysui_multi_action: [757,856,758,2,806,com.android.music,857,Channel-music,858,2]
11-16 05:28:23.777 1504 1504 I notification_cancel_all: [1000,1504,com.android.music,0,0,0,20,NULL]
11-16 05:28:23.793 1504 2032 I am_proc_bound: [0,9973,com.android.gallery3d]
11-16 05:28:23.805 1504 5497 I am_proc_died: [0,8556,com.android.settings,910,19]
11-16 05:28:23.808 1504 5497 I wm_task_removed: [427,removeChild:removeChild last r=ActivityRecord{508752e u0 com.android.settings/.Settings t-1 f}} in t=Task{25b96e1 #427 type=standard A=1000:com.android.settings.root U=0 visible=false mode=fullscreen translucent=true sz=0}]
11-16 05:28:23.808 1504 5497 I wm_task_removed: [427,removeChild]
11-16 05:28:23.816 1504 1603 I am_proc_start: [0,9987,1000,com.android.settings,NULL,]
11-16 05:28:23.853 1504 5497 I am_proc_bound: [0,9987,com.android.settings]
