11-16 05:35:57.207 1504 1601 I am_wtf : [0,1504,system_server,-1,DisplayDeviceConfig,requesting nits when no mapping exists.]
11-16 05:35:57.222 1504 1601 I am_wtf : [0,1504,system_server,-1,DisplayDeviceConfig,requesting nits when no mapping exists.]
11-16 05:35:57.224 1504 1601 I am_wtf : [0,1504,system_server,-1,DisplayDeviceConfig,requesting nits when no mapping exists.]
11-16 05:35:57.243 1504 1601 I am_wtf : [0,1504,system_server,-1,DisplayDeviceConfig,requesting nits when no mapping exists.]
11-16 05:35:57.244 1504 1601 I service_manager_stats: [100,71,6938]
11-16 05:35:57.244 1504 1601 I am_wtf : [0,1504,system_server,-1,DisplayDeviceConfig,requesting nits when no mapping exists.]
11-16 05:35:57.255 1504 1601 I am_wtf : [0,1504,system_server,-1,DisplayDeviceConfig,requesting nits when no mapping exists.]
11-16 05:35:57.257 1504 1601 I am_wtf : [0,1504,system_server,-1,DisplayDeviceConfig,requesting nits when no mapping exists.]
11-16 05:35:57.280 1504 1601 I am_wtf : [0,1504,system_server,-1,DisplayDeviceConfig,requesting nits when no mapping exists.]
11-16 05:35:57.281 1504 1601 I am_wtf : [0,1504,system_server,-1,DisplayDeviceConfig,requesting nits when no mapping exists.]
11-16 05:35:57.294 1504 1601 I am_wtf : [0,1504,system_server,-1,DisplayDeviceConfig,requesting nits when no mapping exists.]
11-16 05:35:57.294 1504 1601 I am_wtf : [0,1504,system_server,-1,DisplayDeviceConfig,requesting nits when no mapping exists.]
11-16 05:35:57.306 1504 1601 I am_wtf : [0,1504,system_server,-1,DisplayDeviceConfig,requesting nits when no mapping exists.]
11-16 05:35:57.307 1504 1601 I am_wtf : [0,1504,system_server,-1,DisplayDeviceConfig,requesting nits when no mapping exists.]
11-16 05:35:57.323 1504 1601 I am_wtf : [0,1504,system_server,-1,DisplayDeviceConfig,requesting nits when no mapping exists.]
11-16 05:35:57.328 1504 1601 I am_wtf : [0,1504,system_server,-1,DisplayDeviceConfig,requesting nits when no mapping exists.]
11-16 05:35:57.342 1504 1601 I am_wtf : [0,1504,system_server,-1,DisplayDeviceConfig,requesting nits when no mapping exists.]
11-16 05:35:57.346 1504 1601 I am_wtf : [0,1504,system_server,-1,DisplayDeviceConfig,requesting nits when no mapping exists.]
11-16 05:35:57.358 1504 1601 I am_wtf : [0,1504,system_server,-1,DisplayDeviceConfig,requesting nits when no mapping exists.]
11-16 05:35:57.362 1504 1601 I am_wtf : [0,1504,system_server,-1,DisplayDeviceConfig,requesting nits when no mapping exists.]
11-16 05:35:57.381 1504 1601 I am_wtf : [0,1504,system_server,-1,DisplayDeviceConfig,requesting nits when no mapping exists.]
11-16 05:35:57.381 1504 1601 I am_wtf : [0,1504,system_server,-1,DisplayDeviceConfig,requesting nits when no mapping exists.]
11-16 05:35:57.389 1504 1601 I am_wtf : [0,1504,system_server,-1,DisplayDeviceConfig,requesting nits when no mapping exists.]
11-16 05:35:57.391 1504 1601 I am_wtf : [0,1504,system_server,-1,DisplayDeviceConfig,requesting nits when no mapping exists.]
11-16 05:35:57.411 1504 1601 I am_wtf : [0,1504,system_server,-1,DisplayDeviceConfig,requesting nits when no mapping exists.]
11-16 05:35:57.412 1504 1601 I am_wtf : [0,1504,system_server,-1,DisplayDeviceConfig,requesting nits when no mapping exists.]
11-16 05:35:57.424 1504 1601 I am_wtf : [0,1504,system_server,-1,DisplayDeviceConfig,requesting nits when no mapping exists.]
11-16 05:35:57.425 1504 1601 I am_wtf : [0,1504,system_server,-1,DisplayDeviceConfig,requesting nits when no mapping exists.]
11-16 05:35:57.440 1504 1601 I am_wtf : [0,1504,system_server,-1,DisplayDeviceConfig,requesting nits when no mapping exists.]
11-16 05:35:57.441 1504 1601 I am_wtf : [0,1504,system_server,-1,DisplayDeviceConfig,requesting nits when no mapping exists.]
11-16 05:35:57.458 1504 1601 I am_wtf : [0,1504,system_server,-1,DisplayDeviceConfig,requesting nits when no mapping exists.]
11-16 05:35:57.459 1504 1601 I am_wtf : [0,1504,system_server,-1,DisplayDeviceConfig,requesting nits when no mapping exists.]
11-16 05:35:57.477 1504 1601 I am_wtf : [0,1504,system_server,-1,DisplayDeviceConfig,requesting nits when no mapping exists.]
11-16 05:35:57.478 1504 1601 I am_wtf : [0,1504,system_server,-1,DisplayDeviceConfig,requesting nits when no mapping exists.]
11-16 05:35:57.493 1504 1601 I am_wtf : [0,1504,system_server,-1,DisplayDeviceConfig,requesting nits when no mapping exists.]
11-16 05:35:57.494 1504 1601 I am_wtf : [0,1504,system_server,-1,DisplayDeviceConfig,requesting nits when no mapping exists.]
11-16 05:35:57.510 1504 1601 I am_wtf : [0,1504,system_server,-1,DisplayDeviceConfig,requesting nits when no mapping exists.]
11-16 05:35:57.511 1504 1601 I am_wtf : [0,1504,system_server,-1,DisplayDeviceConfig,requesting nits when no mapping exists.]
11-16 05:35:57.529 1504 1601 I am_wtf : [0,1504,system_server,-1,DisplayDeviceConfig,requesting nits when no mapping exists.]
11-16 05:35:57.531 1504 1601 I am_wtf : [0,1504,system_server,-1,DisplayDeviceConfig,requesting nits when no mapping exists.]
11-16 05:36:53.066 1504 1682 I input_interaction: Interaction with: 3be2e34 com.thundercomm.screensaver/android.service.dreams.DreamActivity (server), edge-swipe (server), swipe-up (server), PointerEventDispatcher0 (server),
11-16 05:36:53.074 1504 2032 I wm_add_to_stopping: [0,50203839,com.android.launcher3/.uioverrides.QuickstepLauncher,makeInvisible]
11-16 05:36:53.084 1504 3120 I wm_finish_activity: [0,33456520,448,com.thundercomm.screensaver/android.service.dreams.DreamActivity,finish-activity]
11-16 05:36:53.084 1504 3120 I wm_task_moved: [446,1,6]
11-16 05:36:53.084 1504 3120 I wm_task_to_front: [0,446]
11-16 05:36:53.085 1504 3120 I wm_focused_root_task: [0,0,446,448,finish-top adjustFocusToNextFocusableTask]
11-16 05:36:53.086 1504 3120 I wm_pause_activity: [0,33456520,com.thundercomm.screensaver/android.service.dreams.DreamActivity,userLeaving=false,finish]
11-16 05:36:53.093 1504 1571 I wm_stop_activity: [0,50203839,com.android.launcher3/.uioverrides.QuickstepLauncher]
11-16 05:36:53.093 1504 1571 I wm_stop_activity: [0,157096747,com.android.music/.VideoBrowserActivity]
11-16 05:36:53.095 4192 4192 I wm_on_top_resumed_lost_called: [33456520,android.service.dreams.DreamActivity,topStateChangedWhenResumed]
11-16 05:36:53.096 1504 1682 I input_focus: [Focus leaving 3be2e34 com.thundercomm.screensaver/android.service.dreams.DreamActivity (server),reason=NO_WINDOW]
11-16 05:36:53.097 1504 1571 I sysui_multi_action: [757,803,799,window_time_0,802,56]
11-16 05:36:53.097 4192 4192 I view_enqueue_input_event: [Motion - Cancel,com.thundercomm.screensaver/android.service.dreams.DreamActivity]
11-16 05:36:53.097 4192 4192 I wm_on_paused_called: [33456520,android.service.dreams.DreamActivity,performPause]
11-16 05:36:53.101 1504 4314 I wm_add_to_stopping: [0,33456520,com.thundercomm.screensaver/android.service.dreams.DreamActivity,completeFinishing]
11-16 05:36:53.102 10264 10264 I wm_on_stop_called: [157096747,com.android.music.VideoBrowserActivity,STOP_ACTIVITY_ITEM]
11-16 05:36:53.108 1504 4314 I wm_set_resumed_activity: [0,com.android.music/.VideoBrowserActivity,resumeTopActivityInnerLocked]
11-16 05:36:53.109 1504 4314 I wm_resume_activity: [0,157096747,446,com.android.music/.VideoBrowserActivity]
11-16 05:36:53.130 1504 1572 I input_focus: [Focus request be0e31e com.android.music/com.android.music.VideoBrowserActivity,reason=UpdateInputWindows]
11-16 05:36:53.136 1504 6920 I wm_task_created: [449,-1]
11-16 05:36:53.137 1504 1598 I am_pss : [10264,10086,com.android.music,23496704,16867328,0,143597568,0,2,6]
11-16 05:36:53.139 10264 10264 I wm_on_restart_called: [157096747,com.android.music.VideoBrowserActivity,performRestartActivity]
11-16 05:36:53.139 10264 10264 I wm_on_start_called: [157096747,com.android.music.VideoBrowserActivity,handleStartActivity]
11-16 05:36:53.139 10264 10264 I wm_on_resume_called: [157096747,com.android.music.VideoBrowserActivity,RESUME_ACTIVITY]
11-16 05:36:53.139 10264 10264 I wm_on_top_resumed_gained_called: [157096747,com.android.music.VideoBrowserActivity,topWhenResuming]
11-16 05:36:53.140 1504 1682 I input_focus: [Focus entering be0e31e com.android.music/com.android.music.VideoBrowserActivity (server),reason=setFocusedWindow]
11-16 05:36:53.144 1504 6920 I wm_task_moved: [449,1,7]
11-16 05:36:53.144 1504 6920 I wm_task_to_front: [0,449]
11-16 05:36:53.144 1504 6920 I wm_create_task: [0,449]
11-16 05:36:53.144 1504 6920 I wm_create_activity: [0,256386262,449,com.android.gallery3d/.app.GalleryActivity,NULL,NULL,NULL,268468224]
11-16 05:36:53.146 1504 6920 I wm_restart_activity: [0,256386262,449,com.android.gallery3d/.app.GalleryActivity]
11-16 05:36:53.148 1504 6920 I wm_set_resumed_activity: [0,com.android.gallery3d/.app.GalleryActivity,resumeTopActivityInnerLocked]
11-16 05:36:53.149 1504 6920 I wm_resume_activity: [0,256386262,449,com.android.gallery3d/.app.GalleryActivity]
11-16 05:36:53.151 1504 1598 I am_pss : [9107,10031,com.android.musicfx,5884928,3891200,0,90681344,0,19,5]
11-16 05:36:53.152 1504 1571 I am_uid_active: 10064
11-16 05:36:53.156 1504 1682 I input_focus: [Focus leaving be0e31e com.android.music/com.android.music.VideoBrowserActivity (server),reason=NOT_FOCUSABLE]
11-16 05:36:53.157 1504 1571 I sysui_multi_action: [757,803,799,window_time_0,802,0]
11-16 05:36:53.173 1504 1682 I input_focus: [Focus entering be0e31e com.android.music/com.android.music.VideoBrowserActivity (server),reason=Window became focusable. Previous reason: NOT_FOCUSABLE]
11-16 05:36:53.177 2496 2496 I wm_on_stop_called: [50203839,com.android.launcher3.uioverrides.QuickstepLauncher,STOP_ACTIVITY_ITEM]
11-16 05:36:53.182 10349 10349 I wm_on_create_called: [256386262,com.android.gallery3d.app.GalleryActivity,performCreate]
11-16 05:36:53.184 10349 10349 I wm_on_start_called: [256386262,com.android.gallery3d.app.GalleryActivity,handleStartActivity]
11-16 05:36:53.187 10264 10264 I wm_on_top_resumed_lost_called: [157096747,com.android.music.VideoBrowserActivity,topStateChangedWhenResumed]
11-16 05:36:53.188 10349 10349 I wm_on_resume_called: [256386262,com.android.gallery3d.app.GalleryActivity,LIFECYCLER_RESUME_ACTIVITY]
11-16 05:36:53.193 10349 10349 I wm_on_paused_called: [256386262,com.android.gallery3d.app.GalleryActivity,performPause]
11-16 05:36:53.194 10349 10349 I wm_on_resume_called: [256386262,com.android.gallery3d.app.GalleryActivity,RESUME_ACTIVITY]
11-16 05:36:53.197 10349 10349 I wm_on_top_resumed_gained_called: [256386262,com.android.gallery3d.app.GalleryActivity,topStateChangedWhenResumed]
11-16 05:36:53.212 1504 1572 I input_focus: [Focus request 30b8047 com.android.gallery3d/com.android.gallery3d.app.GalleryActivity,reason=UpdateInputWindows]
11-16 05:36:53.243 1504 1682 I input_focus: [Focus leaving be0e31e com.android.music/com.android.music.VideoBrowserActivity (server),reason=Waiting for window because NOT_VISIBLE]
11-16 05:36:53.264 1504 1568 I sysui_multi_action: [319,128,322,127,325,8002,757,761,758,8,759,2,806,com.android.gallery3d,871,com.android.gallery3d.app.GalleryActivity,904,android,905,0,1320,4,1321,1]
11-16 05:36:53.265 1504 1568 I wm_activity_launch_time: [0,256386262,com.android.gallery3d/.app.GalleryActivity,127]
11-16 05:36:53.274 1504 1682 I input_focus: [Focus entering 30b8047 com.android.gallery3d/com.android.gallery3d.app.GalleryActivity (server),reason=Window became focusable. Previous reason: NOT_VISIBLE]
11-16 05:36:53.642 1504 1571 I wm_destroy_activity: [0,33456520,448,com.thundercomm.screensaver/android.service.dreams.DreamActivity,finish-imm:idle]
11-16 05:36:53.656 4192 4192 I wm_on_stop_called: [33456520,android.service.dreams.DreamActivity,LIFECYCLER_STOP_ACTIVITY]
11-16 05:36:53.658 4192 4192 I wm_on_destroy_called: [33456520,android.service.dreams.DreamActivity,performDestroy]
11-16 05:36:53.668 1504 1568 I sysui_multi_action: [757,222,758,2]
11-16 05:36:53.669 1504 1568 I sysui_multi_action: [757,804,799,dreaming_minutes,801,0,802,1]
11-16 05:36:53.688 1504 1821 I wm_task_removed: [448,removeChild:removeChild last r=ActivityRecord{1fe8188 u0 com.thundercomm.screensaver/android.service.dreams.DreamActivity t-1 f}} in t=Task{3816ecd #448 type=dream A=10051:android:com.thundercomm.screensaver/dream U=0 visible=false mode=fullscreen translucent=true sz=0}]
11-16 05:36:53.688 1504 1821 I wm_task_removed: [448,removeChild]
11-16 05:36:54.085 1504 1571 I sysui_multi_action: [757,803,799,window_time_2,802,1]
11-16 05:36:54.495 1504 1682 I input_interaction: Interaction with: be0e31e com.android.music/com.android.music.VideoBrowserActivity (server), edge-swipe (server), swipe-up (server), PointerEventDispatcher0 (server),
11-16 05:36:54.497 1504 1571 I wm_task_moved: [446,1,7]
11-16 05:36:54.497 1504 1571 I wm_task_to_front: [0,446]
11-16 05:36:54.504 1504 1571 I wm_set_resumed_activity: [0,com.android.music/.VideoBrowserActivity,positionChildAt]
11-16 05:36:54.504 1504 1571 I wm_focused_root_task: [0,0,446,449,setFocusedTask]
11-16 05:36:54.504 10349 10349 I wm_on_top_resumed_lost_called: [256386262,com.android.gallery3d.app.GalleryActivity,topStateChangedWhenResumed]
11-16 05:36:54.504 1504 1571 I wm_set_resumed_activity: [0,com.android.music/.VideoBrowserActivity,setFocusedTask]
11-16 05:36:54.506 1504 1572 I input_focus: [Focus request be0e31e com.android.music/com.android.music.VideoBrowserActivity,reason=UpdateInputWindows]
11-16 05:36:54.507 10264 10264 I wm_on_top_resumed_gained_called: [157096747,com.android.music.VideoBrowserActivity,topStateChangedWhenResumed]
11-16 05:36:54.514 1504 5055 I wm_task_moved: [280,0,0]
11-16 05:36:54.515 1504 5055 I wm_task_moved: [280,0,6]
11-16 05:36:54.529 1504 1682 I input_focus: [Focus leaving 30b8047 com.android.gallery3d/com.android.gallery3d.app.GalleryActivity (server),reason=setFocusedWindow]
11-16 05:36:54.529 1504 1682 I input_focus: [Focus entering be0e31e com.android.music/com.android.music.VideoBrowserActivity (server),reason=setFocusedWindow]
11-16 05:36:54.546 2496 2496 I wm_on_restart_called: [50203839,com.android.launcher3.uioverrides.QuickstepLauncher,performRestartActivity]
11-16 05:36:54.547 1504 5055 I wm_finish_activity: [0,256386262,449,com.android.gallery3d/.app.GalleryActivity,app-request]
11-16 05:36:54.557 1504 5055 I wm_pause_activity: [0,256386262,com.android.gallery3d/.app.GalleryActivity,userLeaving=false,finish]
11-16 05:36:54.561 10349 10349 I wm_on_paused_called: [256386262,com.android.gallery3d.app.GalleryActivity,performPause]
11-16 05:36:54.563 1504 1821 I wm_destroy_activity: [0,256386262,449,com.android.gallery3d/.app.GalleryActivity,finish-imm:completePausedLocked]
11-16 05:36:54.573 10349 10349 I wm_on_stop_called: [256386262,com.android.gallery3d.app.GalleryActivity,LIFECYCLER_STOP_ACTIVITY]
11-16 05:36:54.574 2496 2496 I wm_on_start_called: [50203839,com.android.launcher3.uioverrides.QuickstepLauncher,handleStartActivity]
11-16 05:36:54.577 10349 10349 I wm_on_destroy_called: [256386262,com.android.gallery3d.app.GalleryActivity,performDestroy]
11-16 05:36:54.582 1504 1571 I sysui_multi_action: [757,803,799,window_time_2,802,1]
11-16 05:36:54.594 1504 1821 I wm_task_removed: [449,removeChild:removeChild last r=ActivityRecord{f4824d6 u0 com.android.gallery3d/.app.GalleryActivity t-1 f}} in t=Task{4d64a7b #449 type=standard A=10064:com.android.gallery3d U=0 visible=false mode=freeform translucent=true sz=0}]
11-16 05:36:54.594 1504 1821 I wm_task_removed: [449,removeChild]
11-16 05:36:54.601 1504 1568 I sysui_multi_action: [319,17,322,77,325,8004,757,761,758,9,759,5,806,com.android.launcher3,871,com.android.launcher3.uioverrides.QuickstepLauncher,904,com.android.launcher3,905,0,1320,8,1321,5]
11-16 05:36:54.780 1504 1666 I commit_sys_config_file: [settings-1-0,5]
11-16 05:36:54.814 10264 10264 I view_enqueue_input_event: [Motion - Cancel,com.android.music/com.android.music.VideoBrowserActivity]
11-16 05:36:54.814 2496 2496 I sysui_latency: [1,91]
11-16 05:36:54.819 1504 1572 I input_focus: [Focus request recents_animation_input_consumer,reason=UpdateInputWindows]
11-16 05:36:54.822 1504 1682 I input_interaction: Interaction with: edge-swipe (server), swipe-up (server), PointerEventDispatcher0 (server),
11-16 05:36:54.846 1504 1682 I input_focus: [Focus leaving be0e31e com.android.music/com.android.music.VideoBrowserActivity (server),reason=NOT_FOCUSABLE]
11-16 05:36:54.846 1504 1682 I input_focus: [Focus entering recents_animation_input_consumer (server),reason=setFocusedWindow]
11-16 05:36:54.894 1504 1598 I sysui_latency: [8,84]
11-16 05:36:56.775 1504 1666 I commit_sys_config_file: [settings-1-0,3]
11-16 05:37:07.552 1504 1682 I input_interaction: Interaction with: e1de84c com.android.launcher3/com.android.launcher3.uioverrides.QuickstepLauncher (server), edge-swipe (server), swipe-up (server), PointerEventDispatcher0 (server),
11-16 05:37:08.148 1504 1571 I am_kill : [0,10349,com.android.gallery3d,900,remove task]
11-16 05:37:08.150 1504 1571 I sysui_multi_action: [757,803,799,window_time_0,802,13]
11-16 05:37:08.182 1504 3120 I am_proc_died: [0,10349,com.android.gallery3d,900,18]
11-16 05:37:08.184 1504 3120 I am_uid_stopped: 10064
11-16 05:37:08.190 1504 1571 I am_uid_running: 10064
11-16 05:37:08.207 1504 1603 I am_proc_start: [0,10545,10064,com.android.gallery3d,NULL,]
11-16 05:37:08.233 1504 3120 I am_proc_bound: [0,10545,com.android.gallery3d]
11-16 05:37:10.305 1504 7432 I wm_task_moved: [280,1,6]
11-16 05:37:10.308 1504 7432 I wm_focused_root_task: [0,0,280,446,RecentsAnimation.onAnimationFinished()]
11-16 05:37:10.308 10264 10264 I wm_on_top_resumed_lost_called: [157096747,com.android.music.VideoBrowserActivity,topStateChangedWhenResumed]
11-16 05:37:10.309 1504 7432 I wm_pause_activity: [0,157096747,com.android.music/.VideoBrowserActivity,userLeaving=false,pauseBackTasks]
11-16 05:37:10.312 1504 7432 I wm_set_resumed_activity: [0,com.android.launcher3/.uioverrides.QuickstepLauncher,resumeTopActivityInnerLocked]
11-16 05:37:10.316 1504 7432 I wm_resume_activity: [0,50203839,281,com.android.launcher3/.uioverrides.QuickstepLauncher]
11-16 05:37:10.317 1504 7432 I wm_add_to_stopping: [0,157096747,com.android.music/.VideoBrowserActivity,makeInvisible]
11-16 05:37:10.317 2496 2496 I wm_on_resume_called: [50203839,com.android.launcher3.uioverrides.QuickstepLauncher,RESUME_ACTIVITY]
11-16 05:37:10.325 1504 1572 I input_focus: [Focus request e1de84c com.android.launcher3/com.android.launcher3.uioverrides.QuickstepLauncher,reason=UpdateInputWindows]
11-16 05:37:10.328 10264 10264 I wm_on_paused_called: [157096747,com.android.music.VideoBrowserActivity,performPause]
11-16 05:37:10.333 1504 1682 I input_focus: [Focus leaving recents_animation_input_consumer (server),reason=NOT_VISIBLE]
11-16 05:37:10.333 1504 1682 I input_focus: [Focus entering e1de84c com.android.launcher3/com.android.launcher3.uioverrides.QuickstepLauncher (server),reason=setFocusedWindow]
11-16 05:37:10.334 1504 5765 I wm_stop_activity: [0,157096747,com.android.music/.VideoBrowserActivity]
11-16 05:37:10.337 2496 2496 I wm_on_top_resumed_gained_called: [50203839,com.android.launcher3.uioverrides.QuickstepLauncher,topStateChangedWhenResumed]
11-16 05:37:10.345 1504 1571 I sysui_multi_action: [757,803,799,window_time_0,802,2]
11-16 05:37:10.347 1504 1682 I input_interaction: Interaction with: e1de84c com.android.launcher3/com.android.launcher3.uioverrides.QuickstepLauncher (server), c74be60 com.android.systemui.ImageWallpaper (server), edge-swipe (server), swipe-up (server), PointerEventDispatcher0 (server),
11-16 05:37:10.354 10264 10264 I wm_on_stop_called: [157096747,com.android.music.VideoBrowserActivity,STOP_ACTIVITY_ITEM]
11-16 05:37:10.426 1504 2504 I wm_finish_activity: [0,157096747,446,com.android.music/.VideoBrowserActivity,remove-task]
11-16 05:37:10.428 1504 2504 I wm_destroy_activity: [0,157096747,446,com.android.music/.VideoBrowserActivity,finish-imm:finishIfPossible]
11-16 05:37:10.432 10264 10264 I wm_on_destroy_called: [157096747,com.android.music.VideoBrowserActivity,performDestroy]
11-16 05:37:10.434 1504 1571 I am_kill : [0,10264,com.android.music,905,remove task]
11-16 05:37:10.439 1504 1571 I sysui_multi_action: [757,803,799,window_time_0,802,0]
11-16 05:37:10.478 1504 2504 I am_proc_died: [0,10264,com.android.music,905,19]
11-16 05:37:10.481 1504 2504 I am_uid_stopped: 10086
11-16 05:37:10.482 1504 2504 I wm_task_removed: [446,removeChild:removeChild last r=ActivityRecord{95d1b2b u0 com.android.music/.VideoBrowserActivity t-1 f}} in t=Task{bde265d #446 type=standard A=10086:android.task.video U=0 visible=false mode=fullscreen translucent=true sz=0}]
11-16 05:37:10.482 1504 2504 I wm_task_removed: [446,removeChild]
11-16 05:37:10.486 1504 1571 I am_uid_running: 10086
11-16 05:37:10.495 1504 1603 I am_proc_start: [0,10564,10086,com.android.music,NULL,]
11-16 05:37:10.522 1504 2059 I am_proc_bound: [0,10564,com.android.music]
11-16 05:37:29.239 1504 2059 I wm_task_created: [450,-1]
11-16 05:37:29.248 1504 2059 I wm_task_moved: [450,1,6]
11-16 05:37:29.248 1504 2059 I wm_task_to_front: [0,450]
11-16 05:37:29.249 1504 2059 I wm_create_task: [0,450]
11-16 05:37:29.249 1504 2059 I wm_create_activity: [0,96550794,450,com.android.gallery3d/.app.GalleryActivity,NULL,NULL,NULL,268468224]
11-16 05:37:29.249 1504 2059 I wm_task_moved: [450,1,6]
11-16 05:37:29.252 1504 2059 I wm_restart_activity: [0,96550794,450,com.android.gallery3d/.app.GalleryActivity]
11-16 05:37:29.253 1504 2059 I wm_set_resumed_activity: [0,com.android.gallery3d/.app.GalleryActivity,minimalResumeActivityLocked]
11-16 05:37:29.259 1504 1571 I am_uid_active: 10064
11-16 05:37:29.260 2496 2496 I wm_on_top_resumed_lost_called: [50203839,com.android.launcher3.uioverrides.QuickstepLauncher,topStateChangedWhenResumed]
11-16 05:37:29.301 10545 10545 I wm_on_create_called: [96550794,com.android.gallery3d.app.GalleryActivity,performCreate]
11-16 05:37:29.302 10545 10545 I wm_on_start_called: [96550794,com.android.gallery3d.app.GalleryActivity,handleStartActivity]
11-16 05:37:29.306 10545 10545 I wm_on_resume_called: [96550794,com.android.gallery3d.app.GalleryActivity,RESUME_ACTIVITY]
11-16 05:37:29.310 10545 10545 I wm_on_top_resumed_gained_called: [96550794,com.android.gallery3d.app.GalleryActivity,topStateChangedWhenResumed]
11-16 05:37:29.334 1504 1572 I input_focus: [Focus request 20a4948 com.android.gallery3d/com.android.gallery3d.app.GalleryActivity,reason=UpdateInputWindows]
11-16 05:37:29.361 1504 1682 I input_focus: [Focus leaving e1de84c com.android.launcher3/com.android.launcher3.uioverrides.QuickstepLauncher (server),reason=Waiting for window because NOT_VISIBLE]
11-16 05:37:29.403 1504 1568 I sysui_multi_action: [319,162,322,162,325,8038,757,761,758,8,759,2,806,com.android.gallery3d,871,com.android.gallery3d.app.GalleryActivity,904,com.android.launcher3,905,0,1320,4,1321,1]
11-16 05:37:29.405 1504 1568 I wm_activity_launch_time: [0,96550794,com.android.gallery3d/.app.GalleryActivity,162]
11-16 05:37:29.411 1504 1682 I input_focus: [Focus entering 20a4948 com.android.gallery3d/com.android.gallery3d.app.GalleryActivity (server),reason=Window became focusable. Previous reason: NOT_VISIBLE]
11-16 05:37:30.996 1504 5765 I wm_task_created: [451,-1]
11-16 05:37:31.000 1504 5765 I wm_task_moved: [451,1,7]
11-16 05:37:31.000 1504 5765 I wm_task_to_front: [0,451]
11-16 05:37:31.001 1504 5765 I wm_create_task: [0,451]
11-16 05:37:31.001 1504 5765 I wm_create_activity: [0,220952523,451,com.android.music/.VideoBrowserActivity,android.intent.action.MAIN,NULL,NULL,270532608]
11-16 05:37:31.001 1504 5765 I wm_task_moved: [451,1,7]
11-16 05:37:31.001 10545 10545 I wm_on_top_resumed_lost_called: [96550794,com.android.gallery3d.app.GalleryActivity,topStateChangedWhenResumed]
11-16 05:37:31.003 1504 5765 I wm_pause_activity: [0,50203839,com.android.launcher3/.uioverrides.QuickstepLauncher,userLeaving=true,pauseBackTasks]
11-16 05:37:31.026 2496 2496 I wm_on_paused_called: [50203839,com.android.launcher3.uioverrides.QuickstepLauncher,performPause]
11-16 05:37:31.031 1504 1822 I wm_add_to_stopping: [0,50203839,com.android.launcher3/.uioverrides.QuickstepLauncher,makeInvisible]
11-16 05:37:31.032 1504 1822 I wm_restart_activity: [0,220952523,451,com.android.music/.VideoBrowserActivity]
11-16 05:37:31.034 1504 1822 I wm_set_resumed_activity: [0,com.android.music/.VideoBrowserActivity,minimalResumeActivityLocked]
11-16 05:37:31.038 1504 1571 I am_uid_active: 10086
11-16 05:37:31.049 1504 1571 I sysui_multi_action: [757,803,799,window_time_0,802,21]
11-16 05:37:31.084 10564 10564 I wm_on_create_called: [220952523,com.android.music.VideoBrowserActivity,performCreate]
11-16 05:37:31.084 10564 10564 I wm_on_start_called: [220952523,com.android.music.VideoBrowserActivity,handleStartActivity]
11-16 05:37:31.085 10564 10564 I wm_on_resume_called: [220952523,com.android.music.VideoBrowserActivity,RESUME_ACTIVITY]
11-16 05:37:31.091 10564 10564 I wm_on_top_resumed_gained_called: [220952523,com.android.music.VideoBrowserActivity,topStateChangedWhenResumed]
11-16 05:37:31.097 1504 1572 I input_focus: [Focus request e617231 com.android.music/com.android.music.VideoBrowserActivity,reason=UpdateInputWindows]
11-16 05:37:31.115 1504 1682 I input_focus: [Focus leaving 20a4948 com.android.gallery3d/com.android.gallery3d.app.GalleryActivity (server),reason=Waiting for window because NOT_VISIBLE]
11-16 05:37:31.129 1504 1568 I sysui_multi_action: [319,64,321,61,322,133,325,8040,757,761,758,8,759,1,806,com.android.music,871,com.android.music.VideoBrowserActivity,904,com.android.launcher3,905,0,1320,4,1321,5]
11-16 05:37:31.131 1504 1568 I wm_activity_launch_time: [0,220952523,com.android.music/.VideoBrowserActivity,133]
11-16 05:37:31.132 1504 1682 I input_focus: [Focus entering e617231 com.android.music/com.android.music.VideoBrowserActivity (server),reason=Window became focusable. Previous reason: NOT_VISIBLE]
11-16 05:37:31.599 1504 1571 I wm_stop_activity: [0,50203839,com.android.launcher3/.uioverrides.QuickstepLauncher]
11-16 05:37:31.648 2496 2496 I wm_on_stop_called: [50203839,com.android.launcher3.uioverrides.QuickstepLauncher,STOP_ACTIVITY_ITEM]
11-16 05:37:32.581 1504 1682 I input_interaction: Interaction with: e617231 com.android.music/com.android.music.VideoBrowserActivity (server), edge-swipe (server), swipe-up (server), PointerEventDispatcher0 (server),
11-16 05:37:32.590 1504 4613 I wm_task_moved: [280,0,0]
11-16 05:37:32.591 1504 4613 I wm_task_moved: [280,0,6]
11-16 05:37:32.621 2496 2496 I wm_on_restart_called: [50203839,com.android.launcher3.uioverrides.QuickstepLauncher,performRestartActivity]
11-16 05:37:32.621 1504 2059 I wm_finish_activity: [0,96550794,450,com.android.gallery3d/.app.GalleryActivity,app-request]
11-16 05:37:32.635 1504 2059 I wm_pause_activity: [0,96550794,com.android.gallery3d/.app.GalleryActivity,userLeaving=false,finish]
11-16 05:37:32.646 10545 10545 I wm_on_paused_called: [96550794,com.android.gallery3d.app.GalleryActivity,performPause]
11-16 05:37:32.648 1504 4613 I wm_destroy_activity: [0,96550794,450,com.android.gallery3d/.app.GalleryActivity,finish-imm:completePausedLocked]
11-16 05:37:32.653 2496 2496 I wm_on_start_called: [50203839,com.android.launcher3.uioverrides.QuickstepLauncher,handleStartActivity]
11-16 05:37:32.666 10545 10545 I wm_on_stop_called: [96550794,com.android.gallery3d.app.GalleryActivity,LIFECYCLER_STOP_ACTIVITY]
11-16 05:37:32.666 1504 1571 I sysui_multi_action: [757,803,799,window_time_0,802,2]
11-16 05:37:32.684 10545 10545 I wm_on_destroy_called: [96550794,com.android.gallery3d.app.GalleryActivity,performDestroy]
11-16 05:37:32.692 1504 1568 I sysui_multi_action: [319,17,322,86,325,8042,757,761,758,9,759,5,806,com.android.launcher3,871,com.android.launcher3.uioverrides.QuickstepLauncher,904,com.android.launcher3,905,0,1320,8,1321,5]
11-16 05:37:32.702 1504 2101 I wm_task_removed: [450,removeChild:removeChild last r=ActivityRecord{5c13f8a u0 com.android.gallery3d/.app.GalleryActivity t-1 f}} in t=Task{dc365f5 #450 type=standard A=10064:com.android.gallery3d U=0 visible=false mode=freeform translucent=true sz=0}]
11-16 05:37:32.702 1504 2101 I wm_task_removed: [450,removeChild]
11-16 05:37:32.860 1504 1666 I commit_sys_config_file: [settings-1-0,6]
11-16 05:37:32.978 1504 1598 I sysui_latency: [8,91]
11-16 05:37:32.996 2496 2496 I sysui_latency: [1,89]
11-16 05:37:33.009 1504 1572 I input_focus: [Focus request recents_animation_input_consumer,reason=UpdateInputWindows]
11-16 05:37:33.010 10564 10564 I view_enqueue_input_event: [Motion - Cancel,com.android.music/com.android.music.VideoBrowserActivity]
11-16 05:37:33.012 1504 1682 I input_interaction: Interaction with: edge-swipe (server), swipe-up (server), PointerEventDispatcher0 (server),
11-16 05:37:33.025 1504 1682 I input_focus: [Focus leaving e617231 com.android.music/com.android.music.VideoBrowserActivity (server),reason=NOT_FOCUSABLE]
11-16 05:37:33.025 1504 1682 I input_focus: [Focus entering recents_animation_input_consumer (server),reason=setFocusedWindow]
11-16 05:37:35.538 1504 1504 I service_manager_stats: [100,80,98295]
11-16 05:37:38.928 1504 1666 I commit_sys_config_file: [settings-1-0,5]
11-16 05:37:53.688 1504 1601 I am_uid_idle: 10051
11-16 05:38:11.242 1504 1668 I am_freeze: [9870,com.qualcomm.qti.qccauthmgr]
11-16 05:38:11.243 1504 1668 I am_kill : [0,9870,com.qualcomm.qti.qccauthmgr,935,Unable to freeze binder interface]
11-16 05:38:11.278 1504 2504 I am_proc_died: [0,9870,com.qualcomm.qti.qccauthmgr,935,19]
11-16 05:38:11.278 1504 2504 I am_uid_stopped: 10088
11-16 05:38:11.287 1504 1598 I am_pss : [10564,10086,com.android.music,50226176,44953600,0,161861632,0,2,6]
11-16 05:38:11.295 1504 1598 I am_pss : [10545,10064,com.android.gallery3d,19170304,12980224,0,134361088,0,18,6]
11-16 05:38:17.629 1504 1682 I input_interaction: Interaction with: e1de84c com.android.launcher3/com.android.launcher3.uioverrides.QuickstepLauncher (server), edge-swipe (server), swipe-up (server), PointerEventDispatcher0 (server),
11-16 05:38:17.736 1504 2504 I wm_task_created: [452,-1]
11-16 05:38:17.744 1504 2504 I wm_task_moved: [452,1,7]
11-16 05:38:17.744 1504 2504 I wm_task_to_front: [0,452]
11-16 05:38:17.745 1504 2504 I wm_create_task: [0,452]
11-16 05:38:17.745 1504 2504 I wm_create_activity: [0,46068071,452,com.android.gallery3d/.app.GalleryActivity,NULL,NULL,NULL,268468224]
11-16 05:38:17.745 1504 2504 I wm_task_moved: [452,1,7]
11-16 05:38:17.746 10564 10564 I wm_on_top_resumed_lost_called: [220952523,com.android.music.VideoBrowserActivity,topStateChangedWhenResumed]
11-16 05:38:17.748 1504 2504 I wm_restart_activity: [0,46068071,452,com.android.gallery3d/.app.GalleryActivity]
11-16 05:38:17.749 1504 2504 I wm_set_resumed_activity: [0,com.android.gallery3d/.app.GalleryActivity,minimalResumeActivityLocked]
11-16 05:38:17.796 10545 10545 I wm_on_create_called: [46068071,com.android.gallery3d.app.GalleryActivity,performCreate]
11-16 05:38:17.797 10545 10545 I wm_on_start_called: [46068071,com.android.gallery3d.app.GalleryActivity,handleStartActivity]
11-16 05:38:17.799 10545 10545 I wm_on_resume_called: [46068071,com.android.gallery3d.app.GalleryActivity,RESUME_ACTIVITY]
11-16 05:38:17.802 10545 10545 I wm_on_top_resumed_gained_called: [46068071,com.android.gallery3d.app.GalleryActivity,topStateChangedWhenResumed]
11-16 05:38:17.818 1504 1572 I input_focus: [Focus request b65eab9 com.android.gallery3d/com.android.gallery3d.app.GalleryActivity,reason=UpdateInputWindows]
11-16 05:38:17.845 1504 1682 I input_focus: [Focus leaving recents_animation_input_consumer (server),reason=Waiting for window because NOT_VISIBLE]
11-16 05:38:17.902 1504 1568 I sysui_multi_action: [319,168,322,167,325,8087,757,761,758,8,759,2,806,com.android.gallery3d,871,com.android.gallery3d.app.GalleryActivity,904,android,905,0,1320,4,1321,1]
11-16 05:38:17.903 1504 1568 I wm_activity_launch_time: [0,46068071,com.android.gallery3d/.app.GalleryActivity,167]
11-16 05:38:17.915 1504 1682 I input_focus: [Focus entering b65eab9 com.android.gallery3d/com.android.gallery3d.app.GalleryActivity (server),reason=Window became focusable. Previous reason: NOT_VISIBLE]
11-16 05:38:18.139 1504 2059 I wm_task_moved: [280,1,7]
11-16 05:38:18.140 10545 10545 I wm_on_top_resumed_lost_called: [46068071,com.android.gallery3d.app.GalleryActivity,topStateChangedWhenResumed]
11-16 05:38:18.140 1504 2059 I wm_task_moved: [281,1,2147483647]
11-16 05:38:18.140 1504 2059 I wm_task_to_front: [0,281]
11-16 05:38:18.140 1504 2059 I wm_focused_root_task: [0,0,280,452,RecentsAnimation.onAnimationFinished()]
11-16 05:38:18.141 1504 2059 I wm_set_resumed_activity: [0,com.android.launcher3/.uioverrides.QuickstepLauncher,RecentsAnimation.onAnimationFinished()]
11-16 05:38:18.142 1504 2059 I wm_pause_activity: [0,220952523,com.android.music/.VideoBrowserActivity,userLeaving=true,pauseBackTasks]
11-16 05:38:18.143 1504 2059 I wm_add_to_stopping: [0,220952523,com.android.music/.VideoBrowserActivity,makeInvisible]
11-16 05:38:18.144 1504 2059 I wm_set_resumed_activity: [0,com.android.launcher3/.uioverrides.QuickstepLauncher,resumeTopActivityInnerLocked]
11-16 05:38:18.144 10564 10564 I wm_on_paused_called: [220952523,com.android.music.VideoBrowserActivity,performPause]
11-16 05:38:18.145 1504 2059 I wm_resume_activity: [0,50203839,281,com.android.launcher3/.uioverrides.QuickstepLauncher]
11-16 05:38:18.163 1504 1572 I input_focus: [Focus request e1de84c com.android.launcher3/com.android.launcher3.uioverrides.QuickstepLauncher,reason=UpdateInputWindows]
11-16 05:38:18.172 1504 1571 I wm_stop_activity: [0,220952523,com.android.music/.VideoBrowserActivity]
11-16 05:38:18.172 1504 1571 I sysui_multi_action: [757,803,799,window_time_0,802,45]
11-16 05:38:18.174 1504 1571 I sysui_multi_action: [757,803,799,window_time_0,802,0]
11-16 05:38:18.174 10564 10564 I wm_on_stop_called: [220952523,com.android.music.VideoBrowserActivity,STOP_ACTIVITY_ITEM]
11-16 05:38:18.182 2496 2496 I wm_on_resume_called: [50203839,com.android.launcher3.uioverrides.QuickstepLauncher,RESUME_ACTIVITY]
11-16 05:38:18.183 2496 2496 I wm_on_top_resumed_gained_called: [50203839,com.android.launcher3.uioverrides.QuickstepLauncher,topStateChangedWhenResumed]
11-16 05:38:18.190 1504 1682 I input_focus: [Focus leaving b65eab9 com.android.gallery3d/com.android.gallery3d.app.GalleryActivity (server),reason=setFocusedWindow]
11-16 05:38:18.191 1504 1682 I input_focus: [Focus entering e1de84c com.android.launcher3/com.android.launcher3.uioverrides.QuickstepLauncher (server),reason=setFocusedWindow]
11-16 05:38:18.753 1504 1682 I input_interaction: Interaction with: e1de84c com.android.launcher3/com.android.launcher3.uioverrides.QuickstepLauncher (server), c74be60 com.android.systemui.ImageWallpaper (server), edge-swipe (server), swipe-up (server), PointerEventDispatcher0 (server),
11-16 05:38:18.910 2496 2496 I view_enqueue_input_event: [Motion - Cancel,com.android.launcher3/com.android.launcher3.uioverrides.QuickstepLauncher]
11-16 05:38:18.913 1504 1682 I input_interaction: Interaction with: edge-swipe (server), swipe-up (server), PointerEventDispatcher0 (server),
11-16 05:38:19.069 1504 1666 I commit_sys_config_file: [settings-1-0,3]
11-16 05:38:20.573 1504 1666 I commit_sys_config_file: [settings-1-0,8]
11-16 05:38:20.683 1504 2059 I wm_finish_activity: [0,46068071,452,com.android.gallery3d/.app.GalleryActivity,app-request]
11-16 05:38:20.703 1504 2059 I wm_pause_activity: [0,46068071,com.android.gallery3d/.app.GalleryActivity,userLeaving=false,finish]
11-16 05:38:20.731 10545 10545 I wm_on_paused_called: [46068071,com.android.gallery3d.app.GalleryActivity,performPause]
11-16 05:38:20.733 1504 2059 I wm_destroy_activity: [0,46068071,452,com.android.gallery3d/.app.GalleryActivity,finish-imm:completePausedLocked]
11-16 05:38:20.742 1504 1571 I sysui_multi_action: [757,803,799,window_time_0,802,3]
11-16 05:38:20.748 10545 10545 I wm_on_stop_called: [46068071,com.android.gallery3d.app.GalleryActivity,LIFECYCLER_STOP_ACTIVITY]
11-16 05:38:20.755 10545 10545 I wm_on_destroy_called: [46068071,com.android.gallery3d.app.GalleryActivity,performDestroy]
11-16 05:38:21.033 1504 1572 I wm_task_removed: [452,removeChild:removeChild last r=ActivityRecord{2bef167 u0 com.android.gallery3d/.app.GalleryActivity t-1 f}} in t=Task{77787c #452 type=standard A=10064:com.android.gallery3d U=0 visible=false mode=freeform translucent=true sz=0}]
11-16 05:38:21.033 1504 1572 I wm_task_removed: [452,removeChild]
11-16 05:38:21.921 1504 1682 I input_interaction: Interaction with: e1de84c com.android.launcher3/com.android.launcher3.uioverrides.QuickstepLauncher (server), c74be60 com.android.systemui.ImageWallpaper (server), edge-swipe (server), swipe-up (server), PointerEventDispatcher0 (server),
11-16 05:38:22.454 1504 5497 I wm_finish_activity: [0,220952523,451,com.android.music/.VideoBrowserActivity,recent-task-trimmed]
11-16 05:38:22.456 1504 5497 I wm_destroy_activity: [0,220952523,451,com.android.music/.VideoBrowserActivity,finish-imm:finishIfPossible]
11-16 05:38:22.460 1504 1571 I am_kill : [0,10564,com.android.music,900,remove task]
11-16 05:38:22.465 1504 1571 I sysui_multi_action: [757,803,799,window_time_0,802,1]
11-16 05:38:22.516 1504 2101 I am_proc_died: [0,10564,com.android.music,900,18]
11-16 05:38:22.518 1504 2101 I am_uid_stopped: 10086
11-16 05:38:22.520 1504 2101 I wm_task_removed: [451,removeChild:removeChild last r=ActivityRecord{d2b77cb u0 com.android.music/.VideoBrowserActivity t-1 f}} in t=Task{c511543 #451 type=standard A=10086:android.task.video U=0 visible=false mode=fullscreen translucent=true sz=0}]
11-16 05:38:22.520 1504 2101 I wm_task_removed: [451,removeChild]
11-16 05:38:22.527 1504 1571 I am_uid_running: 10086
11-16 05:38:22.545 1504 1603 I am_proc_start: [0,10648,10086,com.android.music,NULL,]
11-16 05:38:22.586 1504 2493 I am_proc_bound: [0,10648,com.android.music]
11-16 05:38:23.899 1504 1668 I am_freeze: [9987,com.android.settings]
11-16 05:38:23.901 1504 1668 I am_kill : [0,9987,com.android.settings,935,Unable to freeze binder interface]
11-16 05:38:23.973 1504 4314 I am_proc_died: [0,9987,com.android.settings,935,19]
11-16 05:38:24.000 1504 1603 I am_proc_start: [0,10669,1000,com.android.settings,NULL,]
11-16 05:38:24.038 1504 4314 I am_proc_bound: [0,10669,com.android.settings]
11-16 05:38:24.515 1504 4314 I wm_task_created: [453,-1]
11-16 05:38:24.524 1504 4314 I wm_task_moved: [453,1,6]
11-16 05:38:24.524 1504 4314 I wm_task_to_front: [0,453]
11-16 05:38:24.525 1504 4314 I wm_create_task: [0,453]
11-16 05:38:24.525 1504 4314 I wm_create_activity: [0,137631531,453,com.android.music/.MusicBrowserActivity,NULL,NULL,NULL,268468224]
11-16 05:38:24.525 1504 4314 I wm_task_moved: [453,1,6]
11-16 05:38:24.529 1504 4314 I wm_restart_activity: [0,137631531,453,com.android.music/.MusicBrowserActivity]
11-16 05:38:24.531 1504 4314 I wm_set_resumed_activity: [0,com.android.music/.MusicBrowserActivity,minimalResumeActivityLocked]
11-16 05:38:24.536 1504 1571 I am_uid_active: 10086
11-16 05:38:24.545 2496 2496 I wm_on_top_resumed_lost_called: [50203839,com.android.launcher3.uioverrides.QuickstepLauncher,topStateChangedWhenResumed]
11-16 05:38:24.584 10648 10648 I wm_on_create_called: [137631531,com.android.music.MusicBrowserActivity,performCreate]
11-16 05:38:24.591 10648 10648 I wm_on_start_called: [137631531,com.android.music.MusicBrowserActivity,handleStartActivity]
11-16 05:38:24.592 10648 10648 I wm_on_resume_called: [137631531,com.android.music.MusicBrowserActivity,RESUME_ACTIVITY]
11-16 05:38:24.596 10648 10648 I wm_on_top_resumed_gained_called: [137631531,com.android.music.MusicBrowserActivity,topStateChangedWhenResumed]
11-16 05:38:24.614 1504 2493 I sysui_multi_action: [757,856,758,1,806,com.android.music,857,Channel-music,858,2]
11-16 05:38:24.618 1504 1504 I notification_enqueue: [10086,10648,com.android.music,1,NULL,0,Notification(channel=Channel-music shortcut=null contentView=null vibrate=null sound=null defaults=0x0 flags=0x0 color=0x00000000 category=transport actions=3 vis=PRIVATE),0]
11-16 05:38:24.620 1504 1504 I notification_enqueue: [10086,10648,com.android.music,1,NULL,0,Notification(channel=Channel-music shortcut=null contentView=null vibrate=null sound=null defaults=0x0 flags=0x40 color=0x00000000 category=transport actions=3 vis=PRIVATE),0]
11-16 05:38:24.624 1504 1504 I notification_enqueue: [10086,10648,com.android.music,1,NULL,0,Notification(channel=Channel-music shortcut=null contentView=null vibrate=null sound=null defaults=0x0 flags=0x40 color=0x00000000 category=transport actions=3 vis=PRIVATE),0]
11-16 05:38:24.625 1504 1504 I notification_enqueue: [10086,10648,com.android.music,1,NULL,0,Notification(channel=Channel-music shortcut=null contentView=null vibrate=null sound=null defaults=0x0 flags=0x40 color=0x00000000 category=transport actions=3 vis=PRIVATE),0]
11-16 05:38:24.631 1504 1504 I notification_enqueue: [10086,10648,com.android.music,1,NULL,0,Notification(channel=Channel-music shortcut=null contentView=null vibrate=null sound=null defaults=0x0 flags=0x40 color=0x00000000 category=transport actions=3 vis=PRIVATE),0]
11-16 05:38:24.633 1504 1504 I notification_enqueue: [10086,10648,com.android.music,1,NULL,0,Notification(channel=Channel-music shortcut=null contentView=null vibrate=null sound=null defaults=0x0 flags=0x40 color=0x00000000 category=transport actions=3 vis=PRIVATE),0]
11-16 05:38:24.645 1504 1572 I input_focus: [Focus request 8c509e8 com.android.music/com.android.music.MusicBrowserActivity,reason=UpdateInputWindows]
11-16 05:38:24.678 1504 1682 I input_focus: [Focus leaving e1de84c com.android.launcher3/com.android.launcher3.uioverrides.QuickstepLauncher (server),reason=Waiting for window because NOT_VISIBLE]
11-16 05:38:24.683 1504 1504 I sysui_multi_action: [757,128,758,5,759,8,793,65,794,0,795,65,796,1,806,com.android.music,857,Channel-music,858,2,947,0,1500,65,1641,transport,1688,1,1745,1043716538]
11-16 05:38:24.683 1504 1504 I notification_canceled: [0|com.android.music|1|null|10086,8,65,65,0,-1,-1,NULL]
11-16 05:38:24.687 1504 1568 I sysui_multi_action: [319,174,322,171,325,8094,757,761,758,8,759,2,806,com.android.music,871,com.android.music.MusicBrowserActivity,904,com.android.launcher3,905,0,1320,4,1321,5]
11-16 05:38:24.688 1504 1568 I wm_activity_launch_time: [0,137631531,com.android.music/.MusicBrowserActivity,171]
11-16 05:38:24.694 1504 1682 I input_focus: [Focus entering 8c509e8 com.android.music/com.android.music.MusicBrowserActivity (server),reason=Window became focusable. Previous reason: NOT_VISIBLE]
11-16 05:38:24.871 1504 1570 I commit_sys_config_file: [notification-policy,8084330]
11-16 05:38:25.748 1504 4314 I wm_task_created: [454,-1]
11-16 05:38:25.753 1504 4314 I wm_task_moved: [454,1,7]
11-16 05:38:25.753 1504 4314 I wm_task_to_front: [0,454]
11-16 05:38:25.754 1504 4314 I wm_create_task: [0,454]
11-16 05:38:25.754 1504 4314 I wm_create_activity: [0,173650501,454,com.android.music/.VideoBrowserActivity,android.intent.action.MAIN,NULL,NULL,270532608]
11-16 05:38:25.754 1504 4314 I wm_task_moved: [454,1,7]
11-16 05:38:25.754 10648 10648 I wm_on_top_resumed_lost_called: [137631531,com.android.music.MusicBrowserActivity,topStateChangedWhenResumed]
11-16 05:38:25.757 1504 4314 I wm_pause_activity: [0,50203839,com.android.launcher3/.uioverrides.QuickstepLauncher,userLeaving=true,pauseBackTasks]
11-16 05:38:25.773 2496 2496 I wm_on_paused_called: [50203839,com.android.launcher3.uioverrides.QuickstepLauncher,performPause]
11-16 05:38:25.777 1504 2493 I wm_add_to_stopping: [0,50203839,com.android.launcher3/.uioverrides.QuickstepLauncher,makeInvisible]
11-16 05:38:25.778 1504 2493 I wm_restart_activity: [0,173650501,454,com.android.music/.VideoBrowserActivity]
11-16 05:38:25.782 1504 2493 I wm_set_resumed_activity: [0,com.android.music/.VideoBrowserActivity,minimalResumeActivityLocked]
11-16 05:38:25.794 1504 1571 I sysui_multi_action: [757,803,799,window_time_0,802,4]
11-16 05:38:25.826 10648 10648 I wm_on_create_called: [173650501,com.android.music.VideoBrowserActivity,performCreate]
11-16 05:38:25.826 10648 10648 I wm_on_start_called: [173650501,com.android.music.VideoBrowserActivity,handleStartActivity]
11-16 05:38:25.827 10648 10648 I wm_on_resume_called: [173650501,com.android.music.VideoBrowserActivity,RESUME_ACTIVITY]
11-16 05:38:25.832 1504 1572 I input_focus: [Focus request 880dac0 com.android.music/com.android.music.VideoBrowserActivity,reason=UpdateInputWindows]
11-16 05:38:25.837 10648 10648 I wm_on_top_resumed_gained_called: [173650501,com.android.music.VideoBrowserActivity,topStateChangedWhenResumed]
11-16 05:38:25.839 1504 1568 I wm_activity_launch_time: [0,173650501,com.android.music/.VideoBrowserActivity,101]
11-16 05:38:25.847 1504 1682 I input_focus: [Focus leaving 8c509e8 com.android.music/com.android.music.MusicBrowserActivity (server),reason=setFocusedWindow]
11-16 05:38:25.847 1504 1682 I input_focus: [Focus entering 880dac0 com.android.music/com.android.music.VideoBrowserActivity (server),reason=setFocusedWindow]
11-16 05:38:26.366 1504 1571 I wm_stop_activity: [0,50203839,com.android.launcher3/.uioverrides.QuickstepLauncher]
11-16 05:38:26.417 2496 2496 I wm_on_stop_called: [50203839,com.android.launcher3.uioverrides.QuickstepLauncher,STOP_ACTIVITY_ITEM]
11-16 05:38:27.046 1504 1682 I input_interaction: Interaction with: 880dac0 com.android.music/com.android.music.VideoBrowserActivity (server), edge-swipe (server), swipe-up (server), PointerEventDispatcher0 (server),
11-16 05:38:27.064 1504 1534 I wm_task_moved: [280,0,0]
11-16 05:38:27.065 1504 1534 I wm_task_moved: [280,0,6]
11-16 05:38:27.084 2496 2496 I wm_on_restart_called: [50203839,com.android.launcher3.uioverrides.QuickstepLauncher,performRestartActivity]
11-16 05:38:27.085 1504 4314 I wm_finish_activity: [0,137631531,453,com.android.music/.MusicBrowserActivity,app-request]
11-16 05:38:27.098 1504 4314 I wm_pause_activity: [0,137631531,com.android.music/.MusicBrowserActivity,userLeaving=false,finish]
11-16 05:38:27.100 10648 10648 I wm_on_paused_called: [137631531,com.android.music.MusicBrowserActivity,performPause]
11-16 05:38:27.104 1504 1534 I wm_destroy_activity: [0,137631531,453,com.android.music/.MusicBrowserActivity,finish-imm:completePausedLocked]
11-16 05:38:27.115 2496 2496 I wm_on_start_called: [50203839,com.android.launcher3.uioverrides.QuickstepLauncher,handleStartActivity]
11-16 05:38:27.119 10648 10648 I wm_on_stop_called: [137631531,com.android.music.MusicBrowserActivity,LIFECYCLER_STOP_ACTIVITY]
11-16 05:38:27.127 1504 1571 I sysui_multi_action: [757,803,799,window_time_0,802,1]
11-16 05:38:27.130 10648 10648 I wm_on_destroy_called: [137631531,com.android.music.MusicBrowserActivity,performDestroy]
11-16 05:38:27.139 1504 1568 I sysui_multi_action: [319,11,322,68,325,8096,757,761,758,9,759,5,806,com.android.launcher3,871,com.android.launcher3.uioverrides.QuickstepLauncher,904,com.android.launcher3,905,0,1320,8,1321,5]
11-16 05:38:27.144 1504 1534 I wm_task_removed: [453,removeChild:removeChild last r=ActivityRecord{834172b u0 com.android.music/.MusicBrowserActivity t-1 f}} in t=Task{f24cd9c #453 type=standard A=10086:android.task.music U=0 visible=false mode=freeform translucent=true sz=0}]
11-16 05:38:27.144 1504 1534 I wm_task_removed: [453,removeChild]
11-16 05:38:27.154 1504 4613 I sysui_multi_action: [757,856,758,2,806,com.android.music,857,Channel-music,858,2]
11-16 05:38:27.154 1504 1504 I notification_cancel_all: [1000,1504,com.android.music,0,0,0,20,NULL]
11-16 05:38:27.323 1504 1666 I commit_sys_config_file: [settings-1-0,7]
11-16 05:38:27.410 1504 1570 I commit_sys_config_file: [notification-policy,8086869]
11-16 05:38:27.434 1504 1598 I sysui_latency: [8,79]
11-16 05:38:27.720 2496 2496 I sysui_latency: [1,80]
11-16 05:38:27.732 1504 1572 I input_focus: [Focus request recents_animation_input_consumer,reason=UpdateInputWindows]
11-16 05:38:27.733 10648 10648 I view_enqueue_input_event: [Motion - Cancel,com.android.music/com.android.music.VideoBrowserActivity]
11-16 05:38:27.753 1504 1682 I input_focus: [Focus leaving 880dac0 com.android.music/com.android.music.VideoBrowserActivity (server),reason=NOT_FOCUSABLE]
11-16 05:38:27.753 1504 1682 I input_focus: [Focus entering recents_animation_input_consumer (server),reason=setFocusedWindow]
11-16 05:38:27.769 1504 1682 I input_interaction: Interaction with: edge-swipe (server), swipe-up (server), PointerEventDispatcher0 (server),
11-16 05:38:30.702 1504 1666 I commit_sys_config_file: [settings-1-0,4]
11-16 05:39:20.756 1504 1601 I am_uid_idle: 10064
11-16 05:39:23.116 1504 1620 I sysui_multi_action: [757,1696,758,6,759,2]
11-16 05:39:23.129 1504 1601 I am_wtf : [0,1504,system_server,-1,DisplayDeviceConfig,requesting nits when no mapping exists.]
11-16 05:39:23.133 1504 1601 I am_wtf : [0,1504,system_server,-1,DisplayDeviceConfig,requesting nits when no mapping exists.]
11-16 05:39:23.145 1504 1601 I am_wtf : [0,1504,system_server,-1,DisplayDeviceConfig,requesting nits when no mapping exists.]
11-16 05:39:23.146 1504 1601 I am_wtf : [0,1504,system_server,-1,DisplayDeviceConfig,requesting nits when no mapping exists.]
11-16 05:39:23.149 1504 1601 I am_wtf : [0,1504,system_server,-1,DisplayDeviceConfig,requesting nits when no mapping exists.]
11-16 05:39:23.150 1504 1601 I am_wtf : [0,1504,system_server,-1,DisplayDeviceConfig,requesting nits when no mapping exists.]
11-16 05:39:23.166 1504 1601 I am_wtf : [0,1504,system_server,-1,DisplayDeviceConfig,requesting nits when no mapping exists.]
11-16 05:39:23.166 1504 1601 I am_wtf : [0,1504,system_server,-1,DisplayDeviceConfig,requesting nits when no mapping exists.]
11-16 05:39:23.183 1504 1601 I am_wtf : [0,1504,system_server,-1,DisplayDeviceConfig,requesting nits when no mapping exists.]
11-16 05:39:23.183 1504 1601 I am_wtf : [0,1504,system_server,-1,DisplayDeviceConfig,requesting nits when no mapping exists.]
