11-16 05:27:00.953 1504 6131 I wm_finish_activity: [0,190844109,414,com.android.music/.MusicBrowserActivity,recent-task-trimmed]
11-16 05:27:00.954 1504 6131 I wm_destroy_activity: [0,190844109,414,com.android.music/.MusicBrowserActivity,finish-imm:finishIfPossible]
11-16 05:27:00.956 1504 6131 I wm_finish_activity: [0,56857790,417,com.android.music/.VideoBrowserActivity,recent-task-trimmed]
11-16 05:27:00.957 1504 6131 I wm_destroy_activity: [0,56857790,417,com.android.music/.VideoBrowserActivity,finish-imm:finishIfPossible]
11-16 05:27:00.962 1504 1571 I sysui_multi_action: [757,803,799,window_time_0,802,0]
11-16 05:27:00.962 9490 9490 I wm_on_destroy_called: [190844109,com.android.music.MusicBrowserActivity,performDestroy]
11-16 05:27:00.967 1504 6110 I am_proc_died: [0,9266,com.android.gallery3d,900,18]
11-16 05:27:00.972 1504 6110 I am_uid_stopped: 10064
11-16 05:27:00.974 1504 3120 I wm_task_removed: [414,removeChild:removeChild last r=ActivityRecord{b600ccd u0 com.android.music/.MusicBrowserActivity t-1 f}} in t=Task{edac33d #414 type=standard A=10086:android.task.music U=0 visible=false mode=fullscreen translucent=true sz=0}]
11-16 05:27:00.974 1504 3120 I wm_task_removed: [414,removeChild]
11-16 05:27:00.978 9490 9490 I wm_on_destroy_called: [56857790,com.android.music.VideoBrowserActivity,performDestroy]
11-16 05:27:00.979 1504 1571 I sysui_multi_action: [757,803,799,window_time_0,802,0]
11-16 05:27:00.984 1504 1571 I am_uid_running: 10064
11-16 05:27:00.985 1504 3120 I wm_task_removed: [417,removeChild:removeChild last r=ActivityRecord{36394be u0 com.android.music/.VideoBrowserActivity t-1 f}} in t=Task{2cf5b58 #417 type=standard A=10086:android.task.video U=0 visible=false mode=fullscreen translucent=true sz=0}]
11-16 05:27:00.985 1504 3120 I wm_task_removed: [417,removeChild]
11-16 05:27:00.994 1504 1603 I am_proc_start: [0,9596,10064,com.android.gallery3d,NULL,]
11-16 05:27:00.999 1504 3120 I sysui_multi_action: [757,856,758,2,806,com.android.music,857,Channel-music,858,2]
11-16 05:27:00.999 1504 1504 I notification_cancel_all: [1000,1504,com.android.music,0,0,0,20,NULL]
11-16 05:27:01.023 1504 3120 I am_proc_bound: [0,9596,com.android.gallery3d]
11-16 05:27:01.050 1504 1682 I input_interaction: Interaction with: e1de84c com.android.launcher3/com.android.launcher3.uioverrides.QuickstepLauncher (server), c74be60 com.android.systemui.ImageWallpaper (server), edge-swipe (server), swipe-up (server), PointerEventDispatcher0 (server),
11-16 05:27:01.264 1504 1570 I commit_sys_config_file: [notification-policy,7400723]
11-16 05:27:03.455 1504 6110 I wm_task_created: [418,-1]
11-16 05:27:03.464 1504 6110 I wm_task_moved: [418,1,6]
11-16 05:27:03.464 1504 6110 I wm_task_to_front: [0,418]
11-16 05:27:03.464 1504 6110 I wm_create_task: [0,418]
11-16 05:27:03.464 1504 6110 I wm_create_activity: [0,213402846,418,com.android.music/.MusicBrowserActivity,NULL,NULL,NULL,268468224]
11-16 05:27:03.464 1504 6110 I wm_task_moved: [418,1,6]
11-16 05:27:03.471 1504 6110 I wm_restart_activity: [0,213402846,418,com.android.music/.MusicBrowserActivity]
11-16 05:27:03.472 1504 6110 I wm_set_resumed_activity: [0,com.android.music/.MusicBrowserActivity,minimalResumeActivityLocked]
11-16 05:27:03.481 2496 2496 I wm_on_top_resumed_lost_called: [50203839,com.android.launcher3.uioverrides.QuickstepLauncher,topStateChangedWhenResumed]
11-16 05:27:03.512 9490 9490 I wm_on_create_called: [213402846,com.android.music.MusicBrowserActivity,performCreate]
11-16 05:27:03.517 9490 9490 I wm_on_start_called: [213402846,com.android.music.MusicBrowserActivity,handleStartActivity]
11-16 05:27:03.518 9490 9490 I wm_on_resume_called: [213402846,com.android.music.MusicBrowserActivity,RESUME_ACTIVITY]
11-16 05:27:03.519 9490 9490 I wm_on_top_resumed_gained_called: [213402846,com.android.music.MusicBrowserActivity,topStateChangedWhenResumed]
11-16 05:27:03.529 1504 6110 I sysui_multi_action: [757,856,758,1,806,com.android.music,857,Channel-music,858,2]
11-16 05:27:03.533 1504 1504 I notification_enqueue: [10086,9490,com.android.music,1,NULL,0,Notification(channel=Channel-music shortcut=null contentView=null vibrate=null sound=null defaults=0x0 flags=0x0 color=0x00000000 category=transport actions=3 vis=PRIVATE),0]
11-16 05:27:03.537 1504 1504 I notification_enqueue: [10086,9490,com.android.music,1,NULL,0,Notification(channel=Channel-music shortcut=null contentView=null vibrate=null sound=null defaults=0x0 flags=0x40 color=0x00000000 category=transport actions=3 vis=PRIVATE),0]
11-16 05:27:03.539 1504 1504 I notification_enqueue: [10086,9490,com.android.music,1,NULL,0,Notification(channel=Channel-music shortcut=null contentView=null vibrate=null sound=null defaults=0x0 flags=0x40 color=0x00000000 category=transport actions=3 vis=PRIVATE),0]
11-16 05:27:03.540 1504 1504 I notification_enqueue: [10086,9490,com.android.music,1,NULL,0,Notification(channel=Channel-music shortcut=null contentView=null vibrate=null sound=null defaults=0x0 flags=0x40 color=0x00000000 category=transport actions=3 vis=PRIVATE),0]
11-16 05:27:03.545 1504 1504 I notification_enqueue: [10086,9490,com.android.music,1,NULL,0,Notification(channel=Channel-music shortcut=null contentView=null vibrate=null sound=null defaults=0x0 flags=0x40 color=0x00000000 category=transport actions=3 vis=PRIVATE),0]
11-16 05:27:03.545 1504 1504 I notification_enqueue: [10086,9490,com.android.music,1,NULL,0,Notification(channel=Channel-music shortcut=null contentView=null vibrate=null sound=null defaults=0x0 flags=0x40 color=0x00000000 category=transport actions=3 vis=PRIVATE),0]
11-16 05:27:03.551 1504 1572 I input_focus: [Focus request b601054 com.android.music/com.android.music.MusicBrowserActivity,reason=UpdateInputWindows]
11-16 05:27:03.563 1504 1504 I sysui_multi_action: [757,128,758,5,759,8,793,30,794,0,795,30,796,1,806,com.android.music,857,Channel-music,858,2,947,0,1500,30,1641,transport,1688,1,1745,1043716538]
11-16 05:27:03.563 1504 1504 I notification_canceled: [0|com.android.music|1|null|10086,8,30,30,0,-1,-1,NULL]
11-16 05:27:03.568 1504 1568 I sysui_multi_action: [319,117,322,116,325,7412,757,761,758,8,759,2,806,com.android.music,871,com.android.music.MusicBrowserActivity,904,com.android.launcher3,905,0,1320,4,1321,5]
11-16 05:27:03.569 1504 1568 I wm_activity_launch_time: [0,213402846,com.android.music/.MusicBrowserActivity,116]
11-16 05:27:03.576 1504 1682 I input_focus: [Focus leaving e1de84c com.android.launcher3/com.android.launcher3.uioverrides.QuickstepLauncher (server),reason=setFocusedWindow]
11-16 05:27:03.576 1504 1682 I input_focus: [Focus entering b601054 com.android.music/com.android.music.MusicBrowserActivity (server),reason=setFocusedWindow]
11-16 05:27:03.786 1504 1570 I commit_sys_config_file: [notification-policy,7403244]
11-16 05:27:04.441 1504 4717 I wm_task_created: [419,-1]
11-16 05:27:04.446 1504 4717 I wm_task_moved: [419,1,7]
11-16 05:27:04.446 1504 4717 I wm_task_to_front: [0,419]
11-16 05:27:04.447 1504 4717 I wm_create_task: [0,419]
11-16 05:27:04.447 1504 4717 I wm_create_activity: [0,205369711,419,com.android.music/.VideoBrowserActivity,android.intent.action.MAIN,NULL,NULL,270532608]
11-16 05:27:04.447 1504 4717 I wm_task_moved: [419,1,7]
11-16 05:27:04.448 9490 9490 I wm_on_top_resumed_lost_called: [213402846,com.android.music.MusicBrowserActivity,topStateChangedWhenResumed]
11-16 05:27:04.450 1504 4717 I wm_pause_activity: [0,50203839,com.android.launcher3/.uioverrides.QuickstepLauncher,userLeaving=true,pauseBackTasks]
11-16 05:27:04.468 2496 2496 I wm_on_paused_called: [50203839,com.android.launcher3.uioverrides.QuickstepLauncher,performPause]
11-16 05:27:04.473 1504 3120 I wm_add_to_stopping: [0,50203839,com.android.launcher3/.uioverrides.QuickstepLauncher,makeInvisible]
11-16 05:27:04.474 1504 3120 I wm_restart_activity: [0,205369711,419,com.android.music/.VideoBrowserActivity]
11-16 05:27:04.476 1504 3120 I wm_set_resumed_activity: [0,com.android.music/.VideoBrowserActivity,minimalResumeActivityLocked]
11-16 05:27:04.485 1504 1571 I sysui_multi_action: [757,803,799,window_time_0,802,3]
11-16 05:27:04.513 9490 9490 I wm_on_create_called: [205369711,com.android.music.VideoBrowserActivity,performCreate]
11-16 05:27:04.514 9490 9490 I wm_on_start_called: [205369711,com.android.music.VideoBrowserActivity,handleStartActivity]
11-16 05:27:04.515 9490 9490 I wm_on_resume_called: [205369711,com.android.music.VideoBrowserActivity,RESUME_ACTIVITY]
11-16 05:27:04.518 9490 9490 I wm_on_top_resumed_gained_called: [205369711,com.android.music.VideoBrowserActivity,topStateChangedWhenResumed]
11-16 05:27:04.523 1504 1572 I input_focus: [Focus request d3fe8b9 com.android.music/com.android.music.VideoBrowserActivity,reason=UpdateInputWindows]
11-16 05:27:04.534 1504 1568 I wm_activity_launch_time: [0,205369711,com.android.music/.VideoBrowserActivity,100]
11-16 05:27:04.544 1504 1682 I input_focus: [Focus leaving b601054 com.android.music/com.android.music.MusicBrowserActivity (server),reason=setFocusedWindow]
11-16 05:27:04.545 1504 1682 I input_focus: [Focus entering d3fe8b9 com.android.music/com.android.music.VideoBrowserActivity (server),reason=setFocusedWindow]
11-16 05:27:05.062 1504 1571 I wm_stop_activity: [0,50203839,com.android.launcher3/.uioverrides.QuickstepLauncher]
11-16 05:27:05.108 2496 2496 I wm_on_stop_called: [50203839,com.android.launcher3.uioverrides.QuickstepLauncher,STOP_ACTIVITY_ITEM]
11-16 05:27:05.786 1504 1682 I input_interaction: Interaction with: d3fe8b9 com.android.music/com.android.music.VideoBrowserActivity (server), edge-swipe (server), swipe-up (server), PointerEventDispatcher0 (server),
11-16 05:27:05.803 1504 4613 I wm_task_moved: [280,0,0]
11-16 05:27:05.803 1504 4613 I wm_task_moved: [280,0,6]
11-16 05:27:05.810 2496 2496 I wm_on_restart_called: [50203839,com.android.launcher3.uioverrides.QuickstepLauncher,performRestartActivity]
11-16 05:27:05.817 1504 6110 I wm_finish_activity: [0,213402846,418,com.android.music/.MusicBrowserActivity,app-request]
11-16 05:27:05.829 1504 6110 I wm_pause_activity: [0,213402846,com.android.music/.MusicBrowserActivity,userLeaving=false,finish]
11-16 05:27:05.830 9490 9490 I wm_on_paused_called: [213402846,com.android.music.MusicBrowserActivity,performPause]
11-16 05:27:05.836 1504 4314 I wm_destroy_activity: [0,213402846,418,com.android.music/.MusicBrowserActivity,finish-imm:completePausedLocked]
11-16 05:27:05.844 1504 1571 I sysui_multi_action: [757,803,799,window_time_0,802,2]
11-16 05:27:05.845 2496 2496 I wm_on_start_called: [50203839,com.android.launcher3.uioverrides.QuickstepLauncher,handleStartActivity]
11-16 05:27:05.852 9490 9490 I wm_on_stop_called: [213402846,com.android.music.MusicBrowserActivity,LIFECYCLER_STOP_ACTIVITY]
11-16 05:27:05.868 9490 9490 I wm_on_destroy_called: [213402846,com.android.music.MusicBrowserActivity,performDestroy]
11-16 05:27:05.871 1504 1568 I sysui_multi_action: [319,9,322,56,325,7415,757,761,758,9,759,5,806,com.android.launcher3,871,com.android.launcher3.uioverrides.QuickstepLauncher,904,com.android.launcher3,905,0,1320,8,1321,5]
11-16 05:27:05.874 1504 4613 I wm_task_removed: [418,removeChild:removeChild last r=ActivityRecord{cb844de u0 com.android.music/.MusicBrowserActivity t-1 f}} in t=Task{e6c7763 #418 type=standard A=10086:android.task.music U=0 visible=false mode=freeform translucent=true sz=0}]
11-16 05:27:05.874 1504 4613 I wm_task_removed: [418,removeChild]
11-16 05:27:05.884 1504 4613 I sysui_multi_action: [757,856,758,2,806,com.android.music,857,Channel-music,858,2]
11-16 05:27:05.884 1504 1504 I notification_cancel_all: [1000,1504,com.android.music,0,0,0,20,NULL]
11-16 05:27:06.004 9490 9490 I view_enqueue_input_event: [Motion - Cancel,com.android.music/com.android.music.VideoBrowserActivity]
11-16 05:27:06.004 2496 2496 I sysui_latency: [1,69]
11-16 05:27:06.009 1504 1572 I input_focus: [Focus request recents_animation_input_consumer,reason=UpdateInputWindows]
11-16 05:27:06.017 1504 1682 I input_interaction: Interaction with: edge-swipe (server), swipe-up (server), PointerEventDispatcher0 (server),
11-16 05:27:06.032 1504 1682 I input_focus: [Focus leaving d3fe8b9 com.android.music/com.android.music.VideoBrowserActivity (server),reason=NOT_FOCUSABLE]
11-16 05:27:06.032 1504 1682 I input_focus: [Focus entering recents_animation_input_consumer (server),reason=setFocusedWindow]
11-16 05:27:06.052 1504 1666 I commit_sys_config_file: [settings-1-0,6]
11-16 05:27:06.139 1504 1570 I commit_sys_config_file: [notification-policy,7405597]
11-16 05:27:06.161 1504 1598 I sysui_latency: [8,65]
11-16 05:27:07.635 1504 1666 I commit_sys_config_file: [settings-1-0,9]
11-16 05:27:08.228 1504 1682 I input_interaction: Interaction with: e1de84c com.android.launcher3/com.android.launcher3.uioverrides.QuickstepLauncher (server), edge-swipe (server), swipe-up (server), PointerEventDispatcher0 (server),
11-16 05:27:10.763 1504 3120 I wm_task_moved: [280,1,6]
11-16 05:27:10.766 1504 3120 I wm_focused_root_task: [0,0,280,419,RecentsAnimation.onAnimationFinished()]
11-16 05:27:10.766 9490 9490 I wm_on_top_resumed_lost_called: [205369711,com.android.music.VideoBrowserActivity,topStateChangedWhenResumed]
11-16 05:27:10.768 1504 3120 I wm_pause_activity: [0,205369711,com.android.music/.VideoBrowserActivity,userLeaving=false,pauseBackTasks]
11-16 05:27:10.769 1504 3120 I wm_set_resumed_activity: [0,com.android.launcher3/.uioverrides.QuickstepLauncher,resumeTopActivityInnerLocked]
11-16 05:27:10.770 1504 3120 I wm_resume_activity: [0,50203839,281,com.android.launcher3/.uioverrides.QuickstepLauncher]
11-16 05:27:10.771 1504 3120 I wm_add_to_stopping: [0,205369711,com.android.music/.VideoBrowserActivity,makeInvisible]
11-16 05:27:10.779 1504 1572 I input_focus: [Focus request e1de84c com.android.launcher3/com.android.launcher3.uioverrides.QuickstepLauncher,reason=UpdateInputWindows]
11-16 05:27:10.780 2496 2496 I wm_on_resume_called: [50203839,com.android.launcher3.uioverrides.QuickstepLauncher,RESUME_ACTIVITY]
11-16 05:27:10.786 9490 9490 I wm_on_paused_called: [205369711,com.android.music.VideoBrowserActivity,performPause]
11-16 05:27:10.789 1504 1571 I wm_stop_activity: [0,205369711,com.android.music/.VideoBrowserActivity]
11-16 05:27:10.792 1504 1571 I sysui_multi_action: [757,803,799,window_time_0,802,5]
11-16 05:27:10.793 1504 1682 I input_focus: [Focus leaving recents_animation_input_consumer (server),reason=NOT_VISIBLE]
11-16 05:27:10.794 1504 1682 I input_focus: [Focus entering e1de84c com.android.launcher3/com.android.launcher3.uioverrides.QuickstepLauncher (server),reason=setFocusedWindow]
11-16 05:27:10.796 2496 2496 I wm_on_top_resumed_gained_called: [50203839,com.android.launcher3.uioverrides.QuickstepLauncher,topStateChangedWhenResumed]
11-16 05:27:10.803 9490 9490 I wm_on_stop_called: [205369711,com.android.music.VideoBrowserActivity,STOP_ACTIVITY_ITEM]
11-16 05:27:10.882 1504 2101 I wm_finish_activity: [0,205369711,419,com.android.music/.VideoBrowserActivity,recent-task-trimmed]
11-16 05:27:10.884 1504 2101 I wm_destroy_activity: [0,205369711,419,com.android.music/.VideoBrowserActivity,finish-imm:finishIfPossible]
11-16 05:27:10.886 9490 9490 I wm_on_destroy_called: [205369711,com.android.music.VideoBrowserActivity,performDestroy]
11-16 05:27:10.888 1504 1571 I am_kill : [0,9490,com.android.music,900,remove task]
11-16 05:27:10.892 1504 1571 I sysui_multi_action: [757,803,799,window_time_0,802,0]
11-16 05:27:10.901 1504 1682 I input_interaction: Interaction with: e1de84c com.android.launcher3/com.android.launcher3.uioverrides.QuickstepLauncher (server), c74be60 com.android.systemui.ImageWallpaper (server), edge-swipe (server), swipe-up (server), PointerEventDispatcher0 (server),
11-16 05:27:10.940 1504 6110 I am_proc_died: [0,9490,com.android.music,900,18]
11-16 05:27:10.944 1504 6110 I am_uid_stopped: 10086
11-16 05:27:10.945 1504 6110 I wm_task_removed: [419,removeChild:removeChild last r=ActivityRecord{c3db16f u0 com.android.music/.VideoBrowserActivity t-1 f}} in t=Task{c745f67 #419 type=standard A=10086:android.task.video U=0 visible=false mode=fullscreen translucent=true sz=0}]
11-16 05:27:10.945 1504 6110 I wm_task_removed: [419,removeChild]
11-16 05:27:10.950 1504 1571 I am_uid_running: 10086
11-16 05:27:10.961 1504 1603 I am_proc_start: [0,9644,10086,com.android.music,NULL,]
11-16 05:27:10.992 1504 4717 I am_proc_bound: [0,9644,com.android.music]
11-16 05:27:13.469 1504 6110 I wm_task_created: [420,-1]
11-16 05:27:13.479 1504 6110 I wm_task_moved: [420,1,6]
11-16 05:27:13.479 1504 6110 I wm_task_to_front: [0,420]
11-16 05:27:13.479 1504 6110 I wm_create_task: [0,420]
11-16 05:27:13.479 1504 6110 I wm_create_activity: [0,148798385,420,com.android.music/.MusicBrowserActivity,NULL,NULL,NULL,268468224]
11-16 05:27:13.479 1504 6110 I wm_task_moved: [420,1,6]
11-16 05:27:13.485 1504 6110 I wm_restart_activity: [0,148798385,420,com.android.music/.MusicBrowserActivity]
11-16 05:27:13.487 1504 6110 I wm_set_resumed_activity: [0,com.android.music/.MusicBrowserActivity,minimalResumeActivityLocked]
11-16 05:27:13.493 1504 1571 I am_uid_active: 10086
11-16 05:27:13.506 2496 2496 I wm_on_top_resumed_lost_called: [50203839,com.android.launcher3.uioverrides.QuickstepLauncher,topStateChangedWhenResumed]
11-16 05:27:13.536 9644 9644 I wm_on_create_called: [148798385,com.android.music.MusicBrowserActivity,performCreate]
11-16 05:27:13.544 9644 9644 I wm_on_start_called: [148798385,com.android.music.MusicBrowserActivity,handleStartActivity]
11-16 05:27:13.544 9644 9644 I wm_on_resume_called: [148798385,com.android.music.MusicBrowserActivity,RESUME_ACTIVITY]
11-16 05:27:13.549 9644 9644 I wm_on_top_resumed_gained_called: [148798385,com.android.music.MusicBrowserActivity,topStateChangedWhenResumed]
11-16 05:27:13.568 1504 4717 I sysui_multi_action: [757,856,758,1,806,com.android.music,857,Channel-music,858,2]
11-16 05:27:13.573 1504 1504 I notification_enqueue: [10086,9644,com.android.music,1,NULL,0,Notification(channel=Channel-music shortcut=null contentView=null vibrate=null sound=null defaults=0x0 flags=0x0 color=0x00000000 category=transport actions=3 vis=PRIVATE),0]
11-16 05:27:13.576 1504 1504 I notification_enqueue: [10086,9644,com.android.music,1,NULL,0,Notification(channel=Channel-music shortcut=null contentView=null vibrate=null sound=null defaults=0x0 flags=0x40 color=0x00000000 category=transport actions=3 vis=PRIVATE),0]
11-16 05:27:13.577 1504 1504 I notification_enqueue: [10086,9644,com.android.music,1,NULL,0,Notification(channel=Channel-music shortcut=null contentView=null vibrate=null sound=null defaults=0x0 flags=0x40 color=0x00000000 category=transport actions=3 vis=PRIVATE),0]
11-16 05:27:13.579 1504 1504 I notification_enqueue: [10086,9644,com.android.music,1,NULL,0,Notification(channel=Channel-music shortcut=null contentView=null vibrate=null sound=null defaults=0x0 flags=0x40 color=0x00000000 category=transport actions=3 vis=PRIVATE),0]
11-16 05:27:13.584 1504 1504 I notification_enqueue: [10086,9644,com.android.music,1,NULL,0,Notification(channel=Channel-music shortcut=null contentView=null vibrate=null sound=null defaults=0x0 flags=0x40 color=0x00000000 category=transport actions=3 vis=PRIVATE),0]
11-16 05:27:13.586 1504 1504 I notification_enqueue: [10086,9644,com.android.music,1,NULL,0,Notification(channel=Channel-music shortcut=null contentView=null vibrate=null sound=null defaults=0x0 flags=0x40 color=0x00000000 category=transport actions=3 vis=PRIVATE),0]
11-16 05:27:13.597 1504 1572 I input_focus: [Focus request 58049f6 com.android.music/com.android.music.MusicBrowserActivity,reason=UpdateInputWindows]
11-16 05:27:13.625 1504 1504 I sysui_multi_action: [757,128,758,5,759,8,793,52,794,0,795,52,796,1,806,com.android.music,857,Channel-music,858,2,947,0,1500,52,1641,transport,1688,1,1745,1043716538]
11-16 05:27:13.625 1504 1504 I notification_canceled: [0|com.android.music|1|null|10086,8,52,52,0,-1,-1,NULL]
11-16 05:27:13.631 1504 1568 I sysui_multi_action: [319,161,322,161,325,7422,757,761,758,8,759,2,806,com.android.music,871,com.android.music.MusicBrowserActivity,904,com.android.launcher3,905,0,1320,4,1321,5]
11-16 05:27:13.633 1504 1682 I input_focus: [Focus leaving e1de84c com.android.launcher3/com.android.launcher3.uioverrides.QuickstepLauncher (server),reason=setFocusedWindow]
11-16 05:27:13.633 1504 1682 I input_focus: [Focus entering 58049f6 com.android.music/com.android.music.MusicBrowserActivity (server),reason=setFocusedWindow]
11-16 05:27:13.633 1504 1568 I wm_activity_launch_time: [0,148798385,com.android.music/.MusicBrowserActivity,161]
11-16 05:27:13.825 1504 1570 I commit_sys_config_file: [notification-policy,7413284]
11-16 05:27:14.456 1504 4717 I wm_task_created: [421,-1]
11-16 05:27:14.460 1504 4717 I wm_task_moved: [421,1,7]
11-16 05:27:14.460 1504 4717 I wm_task_to_front: [0,421]
11-16 05:27:14.461 1504 4717 I wm_create_task: [0,421]
11-16 05:27:14.461 1504 4717 I wm_create_activity: [0,116950997,421,com.android.music/.VideoBrowserActivity,android.intent.action.MAIN,NULL,NULL,270532608]
11-16 05:27:14.461 1504 4717 I wm_task_moved: [421,1,7]
11-16 05:27:14.461 9644 9644 I wm_on_top_resumed_lost_called: [148798385,com.android.music.MusicBrowserActivity,topStateChangedWhenResumed]
11-16 05:27:14.463 1504 4717 I wm_pause_activity: [0,50203839,com.android.launcher3/.uioverrides.QuickstepLauncher,userLeaving=true,pauseBackTasks]
11-16 05:27:14.475 2496 2496 I wm_on_paused_called: [50203839,com.android.launcher3.uioverrides.QuickstepLauncher,performPause]
11-16 05:27:14.484 1504 4717 I wm_add_to_stopping: [0,50203839,com.android.launcher3/.uioverrides.QuickstepLauncher,makeInvisible]
11-16 05:27:14.484 1504 4717 I wm_restart_activity: [0,116950997,421,com.android.music/.VideoBrowserActivity]
11-16 05:27:14.486 1504 4717 I wm_set_resumed_activity: [0,com.android.music/.VideoBrowserActivity,minimalResumeActivityLocked]
11-16 05:27:14.501 1504 1571 I sysui_multi_action: [757,803,799,window_time_0,802,4]
11-16 05:27:14.550 9644 9644 I wm_on_create_called: [116950997,com.android.music.VideoBrowserActivity,performCreate]
11-16 05:27:14.550 9644 9644 I wm_on_start_called: [116950997,com.android.music.VideoBrowserActivity,handleStartActivity]
11-16 05:27:14.551 9644 9644 I wm_on_resume_called: [116950997,com.android.music.VideoBrowserActivity,RESUME_ACTIVITY]
11-16 05:27:14.561 1504 1572 I input_focus: [Focus request 805cc8e com.android.music/com.android.music.VideoBrowserActivity,reason=UpdateInputWindows]
11-16 05:27:14.568 9644 9644 I wm_on_top_resumed_gained_called: [116950997,com.android.music.VideoBrowserActivity,topStateChangedWhenResumed]
11-16 05:27:14.570 1504 1568 I wm_activity_launch_time: [0,116950997,com.android.music/.VideoBrowserActivity,120]
11-16 05:27:14.590 1504 1682 I input_focus: [Focus leaving 58049f6 com.android.music/com.android.music.MusicBrowserActivity (server),reason=setFocusedWindow]
11-16 05:27:14.590 1504 1682 I input_focus: [Focus entering 805cc8e com.android.music/com.android.music.VideoBrowserActivity (server),reason=setFocusedWindow]
11-16 05:27:15.078 1504 1571 I wm_stop_activity: [0,50203839,com.android.launcher3/.uioverrides.QuickstepLauncher]
11-16 05:27:15.116 2496 2496 I wm_on_stop_called: [50203839,com.android.launcher3.uioverrides.QuickstepLauncher,STOP_ACTIVITY_ITEM]
11-16 05:27:15.770 1504 1682 I input_interaction: Interaction with: 805cc8e com.android.music/com.android.music.VideoBrowserActivity (server), edge-swipe (server), swipe-up (server), PointerEventDispatcher0 (server),
11-16 05:27:15.792 1504 4613 I wm_task_moved: [280,0,0]
11-16 05:27:15.792 1504 4613 I wm_task_moved: [280,0,6]
11-16 05:27:15.800 2496 2496 I wm_on_restart_called: [50203839,com.android.launcher3.uioverrides.QuickstepLauncher,performRestartActivity]
11-16 05:27:15.804 1504 4717 I wm_finish_activity: [0,148798385,420,com.android.music/.MusicBrowserActivity,app-request]
11-16 05:27:15.819 1504 4717 I wm_pause_activity: [0,148798385,com.android.music/.MusicBrowserActivity,userLeaving=false,finish]
11-16 05:27:15.820 9644 9644 I wm_on_paused_called: [148798385,com.android.music.MusicBrowserActivity,performPause]
11-16 05:27:15.827 1504 1535 I wm_destroy_activity: [0,148798385,420,com.android.music/.MusicBrowserActivity,finish-imm:completePausedLocked]
11-16 05:27:15.835 2496 2496 I wm_on_start_called: [50203839,com.android.launcher3.uioverrides.QuickstepLauncher,handleStartActivity]
11-16 05:27:15.843 1504 1571 I sysui_multi_action: [757,803,799,window_time_0,802,1]
11-16 05:27:15.845 9644 9644 I wm_on_stop_called: [148798385,com.android.music.MusicBrowserActivity,LIFECYCLER_STOP_ACTIVITY]
11-16 05:27:15.854 9644 9644 I wm_on_destroy_called: [148798385,com.android.music.MusicBrowserActivity,performDestroy]
11-16 05:27:15.859 1504 2493 I wm_task_removed: [420,removeChild:removeChild last r=ActivityRecord{8de7bb1 u0 com.android.music/.MusicBrowserActivity t-1 f}} in t=Task{8b2ee58 #420 type=standard A=10086:android.task.music U=0 visible=false mode=freeform translucent=true sz=0}]
11-16 05:27:15.859 1504 2493 I wm_task_removed: [420,removeChild]
11-16 05:27:15.869 1504 1568 I sysui_multi_action: [319,11,322,74,325,7425,757,761,758,9,759,5,806,com.android.launcher3,871,com.android.launcher3.uioverrides.QuickstepLauncher,904,com.android.launcher3,905,0,1320,8,1321,5]
11-16 05:27:15.874 1504 4276 I sysui_multi_action: [757,856,758,2,806,com.android.music,857,Channel-music,858,2]
11-16 05:27:15.877 1504 1504 I notification_cancel_all: [1000,1504,com.android.music,0,0,0,20,NULL]
11-16 05:27:16.040 1504 1666 I commit_sys_config_file: [settings-1-0,6]
11-16 05:27:16.085 9644 9644 I view_enqueue_input_event: [Motion - Cancel,com.android.music/com.android.music.VideoBrowserActivity]
11-16 05:27:16.086 2496 2496 I sysui_latency: [1,83]
11-16 05:27:16.086 1504 1682 I input_interaction: Interaction with: edge-swipe (server), swipe-up (server), PointerEventDispatcher0 (server),
11-16 05:27:16.091 1504 1572 I input_focus: [Focus request recents_animation_input_consumer,reason=UpdateInputWindows]
11-16 05:27:16.125 1504 1682 I input_focus: [Focus leaving 805cc8e com.android.music/com.android.music.VideoBrowserActivity (server),reason=NOT_FOCUSABLE]
11-16 05:27:16.125 1504 1682 I input_focus: [Focus entering recents_animation_input_consumer (server),reason=setFocusedWindow]
11-16 05:27:16.129 1504 1570 I commit_sys_config_file: [notification-policy,7415588]
11-16 05:27:16.167 1504 1598 I sysui_latency: [8,84]
11-16 05:27:18.287 1504 1666 I commit_sys_config_file: [settings-1-0,6]
11-16 05:27:19.571 1504 1682 I input_interaction: Interaction with: e1de84c com.android.launcher3/com.android.launcher3.uioverrides.QuickstepLauncher (server), edge-swipe (server), swipe-up (server), PointerEventDispatcher0 (server),
11-16 05:27:20.002 1504 2059 I wm_task_moved: [280,1,6]
11-16 05:27:20.009 9644 9644 I wm_on_top_resumed_lost_called: [116950997,com.android.music.VideoBrowserActivity,topStateChangedWhenResumed]
11-16 05:27:20.010 1504 2059 I wm_focused_root_task: [0,0,280,421,RecentsAnimation.onAnimationFinished()]
11-16 05:27:20.013 1504 2059 I wm_pause_activity: [0,116950997,com.android.music/.VideoBrowserActivity,userLeaving=false,pauseBackTasks]
11-16 05:27:20.015 1504 2059 I wm_set_resumed_activity: [0,com.android.launcher3/.uioverrides.QuickstepLauncher,resumeTopActivityInnerLocked]
11-16 05:27:20.017 1504 2059 I wm_resume_activity: [0,50203839,281,com.android.launcher3/.uioverrides.QuickstepLauncher]
11-16 05:27:20.017 1504 2059 I wm_add_to_stopping: [0,116950997,com.android.music/.VideoBrowserActivity,makeInvisible]
11-16 05:27:20.030 1504 1572 I input_focus: [Focus request e1de84c com.android.launcher3/com.android.launcher3.uioverrides.QuickstepLauncher,reason=UpdateInputWindows]
11-16 05:27:20.035 9644 9644 I wm_on_paused_called: [116950997,com.android.music.VideoBrowserActivity,performPause]
11-16 05:27:20.037 2496 2496 I wm_on_resume_called: [50203839,com.android.launcher3.uioverrides.QuickstepLauncher,RESUME_ACTIVITY]
11-16 05:27:20.040 1504 1571 I wm_stop_activity: [0,116950997,com.android.music/.VideoBrowserActivity]
11-16 05:27:20.043 1504 1571 I sysui_multi_action: [757,803,799,window_time_0,802,4]
11-16 05:27:20.045 2496 2496 I wm_on_top_resumed_gained_called: [50203839,com.android.launcher3.uioverrides.QuickstepLauncher,topStateChangedWhenResumed]
11-16 05:27:20.048 1504 1682 I input_focus: [Focus leaving recents_animation_input_consumer (server),reason=NOT_VISIBLE]
11-16 05:27:20.048 1504 1682 I input_focus: [Focus entering e1de84c com.android.launcher3/com.android.launcher3.uioverrides.QuickstepLauncher (server),reason=setFocusedWindow]
11-16 05:27:20.056 9644 9644 I wm_on_stop_called: [116950997,com.android.music.VideoBrowserActivity,STOP_ACTIVITY_ITEM]
11-16 05:27:20.145 1504 2493 I wm_finish_activity: [0,116950997,421,com.android.music/.VideoBrowserActivity,recent-task-trimmed]
11-16 05:27:20.146 1504 2493 I wm_destroy_activity: [0,116950997,421,com.android.music/.VideoBrowserActivity,finish-imm:finishIfPossible]
11-16 05:27:20.149 9644 9644 I wm_on_destroy_called: [116950997,com.android.music.VideoBrowserActivity,performDestroy]
11-16 05:27:20.152 1504 1571 I am_kill : [0,9644,com.android.music,900,remove task]
11-16 05:27:20.160 1504 1571 I sysui_multi_action: [757,803,799,window_time_0,802,0]
11-16 05:27:20.190 1504 2504 I am_proc_died: [0,9644,com.android.music,900,18]
11-16 05:27:20.192 1504 2504 I am_uid_stopped: 10086
11-16 05:27:20.195 1504 2504 I wm_task_removed: [421,removeChild:removeChild last r=ActivityRecord{6f887d5 u0 com.android.music/.VideoBrowserActivity t-1 f}} in t=Task{f5adc8d #421 type=standard A=10086:android.task.video U=0 visible=false mode=fullscreen translucent=true sz=0}]
11-16 05:27:20.195 1504 2504 I wm_task_removed: [421,removeChild]
11-16 05:27:20.199 1504 1571 I am_uid_running: 10086
11-16 05:27:20.208 1504 1603 I am_proc_start: [0,9702,10086,com.android.music,NULL,]
11-16 05:27:20.240 1504 2059 I am_proc_bound: [0,9702,com.android.music]
11-16 05:27:21.041 1504 1682 I input_interaction: Interaction with: e1de84c com.android.launcher3/com.android.launcher3.uioverrides.QuickstepLauncher (server), c74be60 com.android.systemui.ImageWallpaper (server), edge-swipe (server), swipe-up (server), PointerEventDispatcher0 (server),
11-16 05:27:22.577 1504 2504 I wm_task_created: [422,-1]
11-16 05:27:22.582 1504 2504 I wm_task_moved: [422,1,6]
11-16 05:27:22.582 1504 2504 I wm_task_to_front: [0,422]
11-16 05:27:22.582 1504 2504 I wm_create_task: [0,422]
11-16 05:27:22.583 1504 2504 I wm_create_activity: [0,108618278,422,com.android.gallery3d/.app.GalleryActivity,NULL,NULL,NULL,268468224]
11-16 05:27:22.583 1504 2504 I wm_task_moved: [422,1,6]
11-16 05:27:22.589 1504 2504 I wm_restart_activity: [0,108618278,422,com.android.gallery3d/.app.GalleryActivity]
11-16 05:27:22.591 1504 2504 I wm_set_resumed_activity: [0,com.android.gallery3d/.app.GalleryActivity,minimalResumeActivityLocked]
11-16 05:27:22.595 1504 1571 I am_uid_active: 10064
11-16 05:27:22.603 2496 2496 I wm_on_top_resumed_lost_called: [50203839,com.android.launcher3.uioverrides.QuickstepLauncher,topStateChangedWhenResumed]
11-16 05:27:22.640 9596 9596 I wm_on_create_called: [108618278,com.android.gallery3d.app.GalleryActivity,performCreate]
11-16 05:27:22.641 9596 9596 I wm_on_start_called: [108618278,com.android.gallery3d.app.GalleryActivity,handleStartActivity]
11-16 05:27:22.645 9596 9596 I wm_on_resume_called: [108618278,com.android.gallery3d.app.GalleryActivity,RESUME_ACTIVITY]
11-16 05:27:22.649 9596 9596 I wm_on_top_resumed_gained_called: [108618278,com.android.gallery3d.app.GalleryActivity,topStateChangedWhenResumed]
11-16 05:27:22.658 1504 1572 I input_focus: [Focus request 45eca44 com.android.gallery3d/com.android.gallery3d.app.GalleryActivity,reason=UpdateInputWindows]
11-16 05:27:22.687 1504 1682 I input_focus: [Focus leaving e1de84c com.android.launcher3/com.android.launcher3.uioverrides.QuickstepLauncher (server),reason=Waiting for window because NOT_VISIBLE]
11-16 05:27:22.730 1504 1568 I sysui_multi_action: [319,153,322,153,325,7432,757,761,758,8,759,2,806,com.android.gallery3d,871,com.android.gallery3d.app.GalleryActivity,904,com.android.launcher3,905,0,1320,4,1321,1]
11-16 05:27:22.732 1504 1568 I wm_activity_launch_time: [0,108618278,com.android.gallery3d/.app.GalleryActivity,153]
11-16 05:27:22.737 1504 1682 I input_focus: [Focus entering 45eca44 com.android.gallery3d/com.android.gallery3d.app.GalleryActivity (server),reason=Window became focusable. Previous reason: NOT_VISIBLE]
11-16 05:27:23.588 1504 2504 I wm_task_created: [423,-1]
11-16 05:27:23.592 1504 2504 I wm_task_moved: [423,1,7]
11-16 05:27:23.592 1504 2504 I wm_task_to_front: [0,423]
11-16 05:27:23.593 1504 2504 I wm_create_task: [0,423]
11-16 05:27:23.593 1504 2504 I wm_create_activity: [0,74793526,423,com.android.music/.MusicBrowserActivity,android.intent.action.MAIN,NULL,NULL,270532608]
11-16 05:27:23.593 1504 2504 I wm_task_moved: [423,1,7]
11-16 05:27:23.593 9596 9596 I wm_on_top_resumed_lost_called: [108618278,com.android.gallery3d.app.GalleryActivity,topStateChangedWhenResumed]
11-16 05:27:23.598 1504 2504 I wm_pause_activity: [0,50203839,com.android.launcher3/.uioverrides.QuickstepLauncher,userLeaving=true,pauseBackTasks]
11-16 05:27:23.616 2496 2496 I wm_on_paused_called: [50203839,com.android.launcher3.uioverrides.QuickstepLauncher,performPause]
11-16 05:27:23.619 1504 1535 I wm_add_to_stopping: [0,50203839,com.android.launcher3/.uioverrides.QuickstepLauncher,makeInvisible]
11-16 05:27:23.621 1504 1535 I wm_restart_activity: [0,74793526,423,com.android.music/.MusicBrowserActivity]
11-16 05:27:23.622 1504 1535 I wm_set_resumed_activity: [0,com.android.music/.MusicBrowserActivity,minimalResumeActivityLocked]
11-16 05:27:23.627 1504 1571 I am_uid_active: 10086
11-16 05:27:23.635 1504 1571 I sysui_multi_action: [757,803,799,window_time_0,802,4]
11-16 05:27:23.686 9702 9702 I wm_on_create_called: [74793526,com.android.music.MusicBrowserActivity,performCreate]
11-16 05:27:23.696 9702 9702 I wm_on_start_called: [74793526,com.android.music.MusicBrowserActivity,handleStartActivity]
11-16 05:27:23.697 9702 9702 I wm_on_resume_called: [74793526,com.android.music.MusicBrowserActivity,RESUME_ACTIVITY]
11-16 05:27:23.702 9702 9702 I wm_on_top_resumed_gained_called: [74793526,com.android.music.MusicBrowserActivity,topStateChangedWhenResumed]
11-16 05:27:23.727 1504 1535 I sysui_multi_action: [757,856,758,1,806,com.android.music,857,Channel-music,858,2]
11-16 05:27:23.731 1504 1504 I notification_enqueue: [10086,9702,com.android.music,1,NULL,0,Notification(channel=Channel-music shortcut=null contentView=null vibrate=null sound=null defaults=0x0 flags=0x0 color=0x00000000 category=transport actions=3 vis=PRIVATE),0]
11-16 05:27:23.735 1504 1504 I notification_enqueue: [10086,9702,com.android.music,1,NULL,0,Notification(channel=Channel-music shortcut=null contentView=null vibrate=null sound=null defaults=0x0 flags=0x40 color=0x00000000 category=transport actions=3 vis=PRIVATE),0]
11-16 05:27:23.738 1504 1504 I notification_enqueue: [10086,9702,com.android.music,1,NULL,0,Notification(channel=Channel-music shortcut=null contentView=null vibrate=null sound=null defaults=0x0 flags=0x40 color=0x00000000 category=transport actions=3 vis=PRIVATE),0]
11-16 05:27:23.739 1504 1504 I notification_enqueue: [10086,9702,com.android.music,1,NULL,0,Notification(channel=Channel-music shortcut=null contentView=null vibrate=null sound=null defaults=0x0 flags=0x40 color=0x00000000 category=transport actions=3 vis=PRIVATE),0]
11-16 05:27:23.743 1504 1504 I notification_enqueue: [10086,9702,com.android.music,1,NULL,0,Notification(channel=Channel-music shortcut=null contentView=null vibrate=null sound=null defaults=0x0 flags=0x40 color=0x00000000 category=transport actions=3 vis=PRIVATE),0]
11-16 05:27:23.744 1504 1504 I notification_enqueue: [10086,9702,com.android.music,1,NULL,0,Notification(channel=Channel-music shortcut=null contentView=null vibrate=null sound=null defaults=0x0 flags=0x40 color=0x00000000 category=transport actions=3 vis=PRIVATE),0]
11-16 05:27:23.753 1504 1572 I input_focus: [Focus request eb7760f com.android.music/com.android.music.MusicBrowserActivity,reason=UpdateInputWindows]
11-16 05:27:23.773 1504 1682 I input_focus: [Focus leaving 45eca44 com.android.gallery3d/com.android.gallery3d.app.GalleryActivity (server),reason=Waiting for window because NOT_VISIBLE]
11-16 05:27:23.782 1504 1568 I sysui_multi_action: [319,70,321,66,322,197,325,7433,757,761,758,8,759,1,806,com.android.music,871,com.android.music.MusicBrowserActivity,904,com.android.launcher3,905,0,1320,4,1321,5]
11-16 05:27:23.782 1504 1504 I sysui_multi_action: [757,128,758,5,759,8,793,51,794,0,795,51,796,1,806,com.android.music,857,Channel-music,858,2,947,0,1500,51,1641,transport,1688,1,1745,1043716538]
11-16 05:27:23.783 1504 1504 I notification_canceled: [0|com.android.music|1|null|10086,8,51,51,0,-1,-1,NULL]
11-16 05:27:23.783 1504 1568 I wm_activity_launch_time: [0,74793526,com.android.music/.MusicBrowserActivity,197]
11-16 05:27:23.789 1504 1682 I input_focus: [Focus entering eb7760f com.android.music/com.android.music.MusicBrowserActivity (server),reason=Window became focusable. Previous reason: NOT_VISIBLE]
11-16 05:27:23.985 1504 1570 I commit_sys_config_file: [notification-policy,7423444]
11-16 05:27:24.204 1504 1571 I wm_stop_activity: [0,50203839,com.android.launcher3/.uioverrides.QuickstepLauncher]
11-16 05:27:24.245 2496 2496 I wm_on_stop_called: [50203839,com.android.launcher3.uioverrides.QuickstepLauncher,STOP_ACTIVITY_ITEM]
11-16 05:27:24.907 1504 1682 I input_interaction: Interaction with: eb7760f com.android.music/com.android.music.MusicBrowserActivity (server), edge-swipe (server), swipe-up (server), PointerEventDispatcher0 (server),
11-16 05:27:24.914 1504 1535 I wm_task_moved: [280,0,0]
11-16 05:27:24.915 1504 1535 I wm_task_moved: [280,0,6]
11-16 05:27:24.929 2496 2496 I wm_on_restart_called: [50203839,com.android.launcher3.uioverrides.QuickstepLauncher,performRestartActivity]
11-16 05:27:24.930 1504 1535 I wm_finish_activity: [0,108618278,422,com.android.gallery3d/.app.GalleryActivity,app-request]
11-16 05:27:24.942 1504 1535 I wm_pause_activity: [0,108618278,com.android.gallery3d/.app.GalleryActivity,userLeaving=false,finish]
11-16 05:27:24.958 9596 9596 I wm_on_paused_called: [108618278,com.android.gallery3d.app.GalleryActivity,performPause]
11-16 05:27:24.960 1504 1535 I wm_destroy_activity: [0,108618278,422,com.android.gallery3d/.app.GalleryActivity,finish-imm:completePausedLocked]
11-16 05:27:24.965 2496 2496 I wm_on_start_called: [50203839,com.android.launcher3.uioverrides.QuickstepLauncher,handleStartActivity]
11-16 05:27:24.965 1504 1571 I sysui_multi_action: [757,803,799,window_time_0,802,1]
11-16 05:27:24.975 9596 9596 I wm_on_stop_called: [108618278,com.android.gallery3d.app.GalleryActivity,LIFECYCLER_STOP_ACTIVITY]
11-16 05:27:24.978 9596 9596 I wm_on_destroy_called: [108618278,com.android.gallery3d.app.GalleryActivity,performDestroy]
11-16 05:27:24.986 1504 1568 I sysui_multi_action: [319,13,322,66,325,7434,757,761,758,9,759,5,806,com.android.launcher3,871,com.android.launcher3.uioverrides.QuickstepLauncher,904,com.android.launcher3,905,0,1320,8,1321,5]
11-16 05:27:24.994 1504 2504 I wm_task_removed: [422,removeChild:removeChild last r=ActivityRecord{6796226 u0 com.android.gallery3d/.app.GalleryActivity t-1 f}} in t=Task{8ea4181 #422 type=standard A=10064:com.android.gallery3d U=0 visible=false mode=freeform translucent=true sz=0}]
11-16 05:27:24.994 1504 2504 I wm_task_removed: [422,removeChild]
11-16 05:27:25.051 9702 9702 I view_enqueue_input_event: [Motion - Cancel,com.android.music/com.android.music.MusicBrowserActivity]
11-16 05:27:25.052 2496 2496 I sysui_latency: [1,69]
11-16 05:27:25.058 1504 1572 I input_focus: [Focus request recents_animation_input_consumer,reason=UpdateInputWindows]
11-16 05:27:25.069 1504 1682 I input_interaction: Interaction with: edge-swipe (server), swipe-up (server), PointerEventDispatcher0 (server),
11-16 05:27:25.094 1504 1682 I input_focus: [Focus leaving eb7760f com.android.music/com.android.music.MusicBrowserActivity (server),reason=NOT_FOCUSABLE]
11-16 05:27:25.094 1504 1682 I input_focus: [Focus entering recents_animation_input_consumer (server),reason=setFocusedWindow]
11-16 05:27:25.174 1504 1666 I commit_sys_config_file: [settings-1-0,7]
11-16 05:27:25.284 1504 1598 I sysui_latency: [8,71]
11-16 05:27:26.791 1504 1666 I commit_sys_config_file: [settings-1-0,7]
11-16 05:27:31.439 1504 1682 I input_interaction: Interaction with: e1de84c com.android.launcher3/com.android.launcher3.uioverrides.QuickstepLauncher (server), edge-swipe (server), swipe-up (server), PointerEventDispatcher0 (server),
11-16 05:27:31.910 1504 1535 I wm_task_moved: [280,1,6]
11-16 05:27:31.914 1504 1535 I wm_focused_root_task: [0,0,280,423,RecentsAnimation.onAnimationFinished()]
11-16 05:27:31.914 9702 9702 I wm_on_top_resumed_lost_called: [74793526,com.android.music.MusicBrowserActivity,topStateChangedWhenResumed]
11-16 05:27:31.916 1504 1535 I wm_pause_activity: [0,74793526,com.android.music/.MusicBrowserActivity,userLeaving=false,pauseBackTasks]
11-16 05:27:31.917 1504 1535 I wm_set_resumed_activity: [0,com.android.launcher3/.uioverrides.QuickstepLauncher,resumeTopActivityInnerLocked]
11-16 05:27:31.920 1504 1535 I wm_resume_activity: [0,50203839,281,com.android.launcher3/.uioverrides.QuickstepLauncher]
11-16 05:27:31.921 1504 1535 I wm_add_to_stopping: [0,74793526,com.android.music/.MusicBrowserActivity,makeInvisible]
11-16 05:27:31.931 1504 1572 I input_focus: [Focus request e1de84c com.android.launcher3/com.android.launcher3.uioverrides.QuickstepLauncher,reason=UpdateInputWindows]
11-16 05:27:31.932 2496 2496 I wm_on_resume_called: [50203839,com.android.launcher3.uioverrides.QuickstepLauncher,RESUME_ACTIVITY]
11-16 05:27:31.932 9702 9702 I wm_on_paused_called: [74793526,com.android.music.MusicBrowserActivity,performPause]
11-16 05:27:31.937 1504 1571 I wm_stop_activity: [0,74793526,com.android.music/.MusicBrowserActivity]
11-16 05:27:31.937 2496 2496 I wm_on_top_resumed_gained_called: [50203839,com.android.launcher3.uioverrides.QuickstepLauncher,topStateChangedWhenResumed]
11-16 05:27:31.937 1504 1571 I sysui_multi_action: [757,803,799,window_time_0,802,7]
11-16 05:27:31.943 1504 1682 I input_focus: [Focus leaving recents_animation_input_consumer (server),reason=NOT_VISIBLE]
11-16 05:27:31.943 1504 1682 I input_focus: [Focus entering e1de84c com.android.launcher3/com.android.launcher3.uioverrides.QuickstepLauncher (server),reason=setFocusedWindow]
11-16 05:27:31.978 9702 9702 I wm_on_stop_called: [74793526,com.android.music.MusicBrowserActivity,STOP_ACTIVITY_ITEM]
11-16 05:27:32.009 1504 1571 I am_kill : [0,9596,com.android.gallery3d,900,remove task]
11-16 05:27:32.013 1504 1571 I sysui_multi_action: [757,803,799,window_time_0,802,0]
11-16 05:27:32.037 1504 2504 I wm_finish_activity: [0,74793526,423,com.android.music/.MusicBrowserActivity,recent-task-trimmed]
11-16 05:27:32.038 1504 2504 I wm_destroy_activity: [0,74793526,423,com.android.music/.MusicBrowserActivity,finish-imm:finishIfPossible]
11-16 05:27:32.040 1504 4314 I am_proc_died: [0,9596,com.android.gallery3d,900,18]
11-16 05:27:32.042 1504 1571 I sysui_multi_action: [757,803,799,window_time_0,802,0]
11-16 05:27:32.043 1504 4314 I am_uid_stopped: 10064
11-16 05:27:32.049 9702 9702 I wm_on_destroy_called: [74793526,com.android.music.MusicBrowserActivity,performDestroy]
11-16 05:27:32.049 1504 1571 I am_uid_running: 10064
11-16 05:27:32.054 1504 4314 I wm_task_removed: [423,removeChild:removeChild last r=ActivityRecord{4754236 u0 com.android.music/.MusicBrowserActivity t-1 f}} in t=Task{cfdd741 #423 type=standard A=10086:android.task.music U=0 visible=false mode=fullscreen translucent=true sz=0}]
11-16 05:27:32.054 1504 4314 I wm_task_removed: [423,removeChild]
11-16 05:27:32.059 1504 1603 I am_proc_start: [0,9778,10064,com.android.gallery3d,NULL,]
11-16 05:27:32.068 1504 4717 I sysui_multi_action: [757,856,758,2,806,com.android.music,857,Channel-music,858,2]
11-16 05:27:32.069 1504 1504 I notification_cancel_all: [1000,1504,com.android.music,0,0,0,20,NULL]
11-16 05:27:32.088 1504 4717 I am_proc_bound: [0,9778,com.android.gallery3d]
11-16 05:27:32.328 1504 1570 I commit_sys_config_file: [notification-policy,7431787]
11-16 05:27:51.245 1504 1682 I input_interaction: Interaction with: e1de84c com.android.launcher3/com.android.launcher3.uioverrides.QuickstepLauncher (server), c74be60 com.android.systemui.ImageWallpaper (server), edge-swipe (server), swipe-up (server), PointerEventDispatcher0 (server),
11-16 05:27:53.333 1504 4314 I wm_task_created: [424,-1]
11-16 05:27:53.341 1504 4314 I wm_task_moved: [424,1,6]
11-16 05:27:53.341 1504 4314 I wm_task_to_front: [0,424]
11-16 05:27:53.341 1504 4314 I wm_create_task: [0,424]
11-16 05:27:53.342 1504 4314 I wm_create_activity: [0,200753738,424,com.android.gallery3d/.app.GalleryActivity,NULL,NULL,NULL,268468224]
11-16 05:27:53.342 1504 4314 I wm_task_moved: [424,1,6]
11-16 05:27:53.345 1504 4314 I wm_restart_activity: [0,200753738,424,com.android.gallery3d/.app.GalleryActivity]
11-16 05:27:53.347 1504 4314 I wm_set_resumed_activity: [0,com.android.gallery3d/.app.GalleryActivity,minimalResumeActivityLocked]
11-16 05:27:53.352 1504 1571 I am_uid_active: 10064
11-16 05:27:53.356 2496 2496 I wm_on_top_resumed_lost_called: [50203839,com.android.launcher3.uioverrides.QuickstepLauncher,topStateChangedWhenResumed]
11-16 05:27:53.395 9778 9778 I wm_on_create_called: [200753738,com.android.gallery3d.app.GalleryActivity,performCreate]
11-16 05:27:53.396 9778 9778 I wm_on_start_called: [200753738,com.android.gallery3d.app.GalleryActivity,handleStartActivity]
11-16 05:27:53.400 9778 9778 I wm_on_resume_called: [200753738,com.android.gallery3d.app.GalleryActivity,RESUME_ACTIVITY]
11-16 05:27:53.405 9778 9778 I wm_on_top_resumed_gained_called: [200753738,com.android.gallery3d.app.GalleryActivity,topStateChangedWhenResumed]
11-16 05:27:53.419 1504 1572 I input_focus: [Focus request 1a29a08 com.android.gallery3d/com.android.gallery3d.app.GalleryActivity,reason=UpdateInputWindows]
11-16 05:27:53.445 1504 1682 I input_focus: [Focus leaving e1de84c com.android.launcher3/com.android.launcher3.uioverrides.QuickstepLauncher (server),reason=Waiting for window because NOT_VISIBLE]
11-16 05:27:53.510 1504 1568 I sysui_multi_action: [319,172,322,171,325,7462,757,761,758,8,759,2,806,com.android.gallery3d,871,com.android.gallery3d.app.GalleryActivity,904,com.android.launcher3,905,0,1320,4,1321,1]
11-16 05:27:53.512 1504 1682 I input_focus: [Focus entering 1a29a08 com.android.gallery3d/com.android.gallery3d.app.GalleryActivity (server),reason=Window became focusable. Previous reason: NOT_VISIBLE]
11-16 05:27:53.512 1504 1568 I wm_activity_launch_time: [0,200753738,com.android.gallery3d/.app.GalleryActivity,171]
11-16 05:27:53.544 1504 1598 I am_pss : [9702,10086,com.android.music,21819392,15515648,0,139264000,0,19,7]
11-16 05:27:54.594 1504 1504 I service_manager_stats: [100,102,74797]
11-16 05:27:54.709 1504 4717 I wm_task_created: [425,-1]
11-16 05:27:54.714 1504 4717 I wm_task_moved: [425,1,7]
11-16 05:27:54.714 1504 4717 I wm_task_to_front: [0,425]
11-16 05:27:54.715 1504 4717 I wm_create_task: [0,425]
11-16 05:27:54.715 1504 4717 I wm_create_activity: [0,200503557,425,com.android.music/.VideoBrowserActivity,android.intent.action.MAIN,NULL,NULL,270532608]
11-16 05:27:54.715 1504 4717 I wm_task_moved: [425,1,7]
11-16 05:27:54.715 9778 9778 I wm_on_top_resumed_lost_called: [200753738,com.android.gallery3d.app.GalleryActivity,topStateChangedWhenResumed]
11-16 05:27:54.718 1504 4717 I wm_pause_activity: [0,50203839,com.android.launcher3/.uioverrides.QuickstepLauncher,userLeaving=true,pauseBackTasks]
11-16 05:27:54.730 2496 2496 I wm_on_paused_called: [50203839,com.android.launcher3.uioverrides.QuickstepLauncher,performPause]
11-16 05:27:54.741 1504 4717 I wm_add_to_stopping: [0,50203839,com.android.launcher3/.uioverrides.QuickstepLauncher,makeInvisible]
11-16 05:27:54.743 1504 4717 I wm_restart_activity: [0,200503557,425,com.android.music/.VideoBrowserActivity]
11-16 05:27:54.745 1504 4717 I wm_set_resumed_activity: [0,com.android.music/.VideoBrowserActivity,minimalResumeActivityLocked]
11-16 05:27:54.772 1504 1571 I sysui_multi_action: [757,803,799,window_time_0,802,23]
11-16 05:27:54.804 9702 9702 I wm_on_create_called: [200503557,com.android.music.VideoBrowserActivity,performCreate]
11-16 05:27:54.804 9702 9702 I wm_on_start_called: [200503557,com.android.music.VideoBrowserActivity,handleStartActivity]
11-16 05:27:54.805 9702 9702 I wm_on_resume_called: [200503557,com.android.music.VideoBrowserActivity,RESUME_ACTIVITY]
11-16 05:27:54.808 9702 9702 I wm_on_top_resumed_gained_called: [200503557,com.android.music.VideoBrowserActivity,topStateChangedWhenResumed]
11-16 05:27:54.814 1504 1572 I input_focus: [Focus request 2787afe com.android.music/com.android.music.VideoBrowserActivity,reason=UpdateInputWindows]
11-16 05:27:54.828 1504 1568 I sysui_multi_action: [319,100,321,95,322,131,325,7464,757,761,758,8,759,1,806,com.android.music,871,com.android.music.VideoBrowserActivity,904,com.android.launcher3,905,0,1320,4,1321,5]
11-16 05:27:54.829 1504 1568 I wm_activity_launch_time: [0,200503557,com.android.music/.VideoBrowserActivity,131]
11-16 05:27:54.834 1504 1682 I input_focus: [Focus leaving 1a29a08 com.android.gallery3d/com.android.gallery3d.app.GalleryActivity (server),reason=setFocusedWindow]
11-16 05:27:54.834 1504 1682 I input_focus: [Focus entering 2787afe com.android.music/com.android.music.VideoBrowserActivity (server),reason=setFocusedWindow]
11-16 05:27:55.365 1504 1571 I wm_stop_activity: [0,50203839,com.android.launcher3/.uioverrides.QuickstepLauncher]
