11-16 05:24:48.490 1504 6131 I wm_pause_activity: [0,50203839,com.android.launcher3/.uioverrides.QuickstepLauncher,userLeaving=true,pauseBackTasks]
11-16 05:24:48.507 2496 2496 I wm_on_paused_called: [50203839,com.android.launcher3.uioverrides.QuickstepLauncher,performPause]
11-16 05:24:48.515 1504 6920 I wm_add_to_stopping: [0,50203839,com.android.launcher3/.uioverrides.QuickstepLauncher,makeInvisible]
11-16 05:24:48.516 1504 6920 I wm_restart_activity: [0,77024364,389,com.android.music/.VideoBrowserActivity]
11-16 05:24:48.519 1504 6920 I wm_set_resumed_activity: [0,com.android.music/.VideoBrowserActivity,minimalResumeActivityLocked]
11-16 05:24:48.532 1504 1571 I am_uid_active: 10086
11-16 05:24:48.542 1504 1571 I sysui_multi_action: [757,803,799,window_time_0,802,4]
11-16 05:24:48.581 8789 8789 I wm_on_create_called: [77024364,com.android.music.VideoBrowserActivity,performCreate]
11-16 05:24:48.581 8789 8789 I wm_on_start_called: [77024364,com.android.music.VideoBrowserActivity,handleStartActivity]
11-16 05:24:48.583 8789 8789 I wm_on_resume_called: [77024364,com.android.music.VideoBrowserActivity,RESUME_ACTIVITY]
11-16 05:24:48.588 8789 8789 I wm_on_top_resumed_gained_called: [77024364,com.android.music.VideoBrowserActivity,topStateChangedWhenResumed]
11-16 05:24:48.595 1504 1572 I input_focus: [Focus request 93ca89c com.android.music/com.android.music.VideoBrowserActivity,reason=UpdateInputWindows]
11-16 05:24:48.605 1504 1682 I input_focus: [Focus leaving 3077f37 com.android.gallery3d/com.android.gallery3d.app.GalleryActivity (server),reason=Waiting for window because NOT_VISIBLE]
11-16 05:24:48.639 1504 1568 I sysui_multi_action: [319,76,321,73,322,166,325,7277,757,761,758,8,759,1,806,com.android.music,871,com.android.music.VideoBrowserActivity,904,com.android.launcher3,905,0,1320,4,1321,5]
11-16 05:24:48.640 1504 1568 I wm_activity_launch_time: [0,77024364,com.android.music/.VideoBrowserActivity,166]
11-16 05:24:48.650 1504 1682 I input_focus: [Focus entering 93ca89c com.android.music/com.android.music.VideoBrowserActivity (server),reason=Window became focusable. Previous reason: NOT_VISIBLE]
11-16 05:24:49.088 1504 1571 I wm_stop_activity: [0,50203839,com.android.launcher3/.uioverrides.QuickstepLauncher]
11-16 05:24:49.144 2496 2496 I wm_on_stop_called: [50203839,com.android.launcher3.uioverrides.QuickstepLauncher,STOP_ACTIVITY_ITEM]
11-16 05:24:49.981 1504 1682 I input_interaction: Interaction with: 93ca89c com.android.music/com.android.music.VideoBrowserActivity (server), edge-swipe (server), swipe-up (server), PointerEventDispatcher0 (server),
11-16 05:24:49.999 1504 2101 I wm_task_moved: [280,0,0]
11-16 05:24:50.001 1504 2101 I wm_task_moved: [280,0,6]
11-16 05:24:50.018 2496 2496 I wm_on_restart_called: [50203839,com.android.launcher3.uioverrides.QuickstepLauncher,performRestartActivity]
11-16 05:24:50.019 1504 6071 I wm_finish_activity: [0,131721023,388,com.android.gallery3d/.app.GalleryActivity,app-request]
11-16 05:24:50.036 1504 6071 I wm_pause_activity: [0,131721023,com.android.gallery3d/.app.GalleryActivity,userLeaving=false,finish]
11-16 05:24:50.047 8555 8555 I wm_on_paused_called: [131721023,com.android.gallery3d.app.GalleryActivity,performPause]
11-16 05:24:50.048 1504 6131 I wm_destroy_activity: [0,131721023,388,com.android.gallery3d/.app.GalleryActivity,finish-imm:completePausedLocked]
11-16 05:24:50.052 2496 2496 I wm_on_start_called: [50203839,com.android.launcher3.uioverrides.QuickstepLauncher,handleStartActivity]
11-16 05:24:50.058 1504 1571 I sysui_multi_action: [757,803,799,window_time_0,802,1]
11-16 05:24:50.069 8555 8555 I wm_on_stop_called: [131721023,com.android.gallery3d.app.GalleryActivity,LIFECYCLER_STOP_ACTIVITY]
11-16 05:24:50.077 8555 8555 I wm_on_destroy_called: [131721023,com.android.gallery3d.app.GalleryActivity,performDestroy]
11-16 05:24:50.090 1504 5497 I wm_task_removed: [388,removeChild:removeChild last r=ActivityRecord{7d9e73f u0 com.android.gallery3d/.app.GalleryActivity t-1 f}} in t=Task{b3db75e #388 type=standard A=10064:com.android.gallery3d U=0 visible=false mode=freeform translucent=true sz=0}]
11-16 05:24:50.090 1504 5497 I wm_task_removed: [388,removeChild]
11-16 05:24:50.104 1504 1568 I sysui_multi_action: [319,16,322,95,325,7279,757,761,758,9,759,5,806,com.android.launcher3,871,com.android.launcher3.uioverrides.QuickstepLauncher,904,com.android.launcher3,905,0,1320,8,1321,5]
11-16 05:24:50.113 8789 8789 I view_enqueue_input_event: [Motion - Cancel,com.android.music/com.android.music.VideoBrowserActivity]
11-16 05:24:50.113 2496 2496 I sysui_latency: [1,91]
11-16 05:24:50.113 1504 1682 I input_interaction: Interaction with: edge-swipe (server), swipe-up (server), PointerEventDispatcher0 (server),
11-16 05:24:50.117 1504 1572 I input_focus: [Focus request recents_animation_input_consumer,reason=UpdateInputWindows]
11-16 05:24:50.137 1504 1682 I input_focus: [Focus leaving 93ca89c com.android.music/com.android.music.VideoBrowserActivity (server),reason=NOT_FOCUSABLE]
11-16 05:24:50.137 1504 1682 I input_focus: [Focus entering recents_animation_input_consumer (server),reason=setFocusedWindow]
11-16 05:24:50.263 1504 1666 I commit_sys_config_file: [settings-1-0,9]
11-16 05:24:50.395 1504 1598 I sysui_latency: [8,107]
11-16 05:24:52.058 1504 1666 I commit_sys_config_file: [settings-1-0,5]
11-16 05:24:57.107 1504 1682 I input_interaction: Interaction with: e1de84c com.android.launcher3/com.android.launcher3.uioverrides.QuickstepLauncher (server), edge-swipe (server), swipe-up (server), PointerEventDispatcher0 (server),
11-16 05:24:57.538 1504 4717 I wm_task_moved: [280,1,6]
11-16 05:24:57.542 1504 4717 I wm_focused_root_task: [0,0,280,389,RecentsAnimation.onAnimationFinished()]
11-16 05:24:57.542 8789 8789 I wm_on_top_resumed_lost_called: [77024364,com.android.music.VideoBrowserActivity,topStateChangedWhenResumed]
11-16 05:24:57.545 1504 4717 I wm_pause_activity: [0,77024364,com.android.music/.VideoBrowserActivity,userLeaving=false,pauseBackTasks]
11-16 05:24:57.547 1504 4717 I wm_set_resumed_activity: [0,com.android.launcher3/.uioverrides.QuickstepLauncher,resumeTopActivityInnerLocked]
11-16 05:24:57.549 1504 4717 I wm_resume_activity: [0,50203839,281,com.android.launcher3/.uioverrides.QuickstepLauncher]
11-16 05:24:57.550 1504 4717 I wm_add_to_stopping: [0,77024364,com.android.music/.VideoBrowserActivity,makeInvisible]
11-16 05:24:57.559 1504 1572 I input_focus: [Focus request e1de84c com.android.launcher3/com.android.launcher3.uioverrides.QuickstepLauncher,reason=UpdateInputWindows]
11-16 05:24:57.560 8789 8789 I wm_on_paused_called: [77024364,com.android.music.VideoBrowserActivity,performPause]
11-16 05:24:57.565 1504 1571 I wm_stop_activity: [0,77024364,com.android.music/.VideoBrowserActivity]
11-16 05:24:57.566 1504 1571 I sysui_multi_action: [757,803,799,window_time_0,802,8]
11-16 05:24:57.567 2496 2496 I wm_on_resume_called: [50203839,com.android.launcher3.uioverrides.QuickstepLauncher,RESUME_ACTIVITY]
11-16 05:24:57.569 2496 2496 I wm_on_top_resumed_gained_called: [50203839,com.android.launcher3.uioverrides.QuickstepLauncher,topStateChangedWhenResumed]
11-16 05:24:57.573 1504 1682 I input_focus: [Focus leaving recents_animation_input_consumer (server),reason=NOT_VISIBLE]
11-16 05:24:57.573 1504 1682 I input_focus: [Focus entering e1de84c com.android.launcher3/com.android.launcher3.uioverrides.QuickstepLauncher (server),reason=setFocusedWindow]
11-16 05:24:57.577 8789 8789 I wm_on_stop_called: [77024364,com.android.music.VideoBrowserActivity,STOP_ACTIVITY_ITEM]
11-16 05:24:57.623 1504 1571 I am_kill : [0,8555,com.android.gallery3d,900,remove task]
11-16 05:24:57.629 1504 1571 I sysui_multi_action: [757,803,799,window_time_0,802,0]
11-16 05:24:57.671 1504 6071 I wm_finish_activity: [0,77024364,389,com.android.music/.VideoBrowserActivity,recent-task-trimmed]
11-16 05:24:57.672 1504 6071 I wm_destroy_activity: [0,77024364,389,com.android.music/.VideoBrowserActivity,finish-imm:finishIfPossible]
11-16 05:24:57.673 1504 1571 I am_kill : [0,8789,com.android.music,900,remove task]
11-16 05:24:57.677 1504 1571 I sysui_multi_action: [757,803,799,window_time_0,802,0]
11-16 05:24:57.677 1504 5497 I am_proc_died: [0,8555,com.android.gallery3d,900,18]
11-16 05:24:57.680 1504 5497 I am_uid_stopped: 10064
11-16 05:24:57.686 1504 1571 I am_uid_running: 10064
11-16 05:24:57.688 1504 1571 I am_uid_stopped: 10086
11-16 05:24:57.688 1504 1571 I am_uid_running: 10086
11-16 05:24:57.696 1504 1603 I am_proc_start: [0,8845,10064,com.android.gallery3d,NULL,]
11-16 05:24:57.727 1504 5497 I am_proc_died: [0,8789,com.android.music,900,18]
11-16 05:24:57.734 1504 5497 I wm_task_removed: [389,removeChild:removeChild last r=ActivityRecord{4974c6c u0 com.android.music/.VideoBrowserActivity t-1 f}} in t=Task{7222cb1 #389 type=standard A=10086:android.task.video U=0 visible=false mode=fullscreen translucent=true sz=0}]
11-16 05:24:57.734 1504 5497 I wm_task_removed: [389,removeChild]
11-16 05:24:57.737 1504 1821 I am_proc_bound: [0,8845,com.android.gallery3d]
11-16 05:24:57.746 1504 1603 I am_proc_start: [0,8859,10086,com.android.music,NULL,]
11-16 05:24:57.780 1504 5212 I am_proc_bound: [0,8859,com.android.music]
11-16 05:24:58.241 1504 1682 I input_interaction: Interaction with: e1de84c com.android.launcher3/com.android.launcher3.uioverrides.QuickstepLauncher (server), c74be60 com.android.systemui.ImageWallpaper (server), edge-swipe (server), swipe-up (server), PointerEventDispatcher0 (server),
11-16 05:24:59.343 1504 5212 I wm_task_created: [390,-1]
11-16 05:24:59.350 1504 5212 I wm_task_moved: [390,1,6]
11-16 05:24:59.351 1504 5212 I wm_task_to_front: [0,390]
11-16 05:24:59.351 1504 5212 I wm_create_task: [0,390]
11-16 05:24:59.352 1504 5212 I wm_create_activity: [0,68743800,390,com.android.gallery3d/.app.GalleryActivity,NULL,NULL,NULL,268468224]
11-16 05:24:59.352 1504 5212 I wm_task_moved: [390,1,6]
11-16 05:24:59.357 1504 5212 I wm_restart_activity: [0,68743800,390,com.android.gallery3d/.app.GalleryActivity]
11-16 05:24:59.359 1504 5212 I wm_set_resumed_activity: [0,com.android.gallery3d/.app.GalleryActivity,minimalResumeActivityLocked]
11-16 05:24:59.365 1504 1571 I am_uid_active: 10064
11-16 05:24:59.366 2496 2496 I wm_on_top_resumed_lost_called: [50203839,com.android.launcher3.uioverrides.QuickstepLauncher,topStateChangedWhenResumed]
11-16 05:24:59.411 8845 8845 I wm_on_create_called: [68743800,com.android.gallery3d.app.GalleryActivity,performCreate]
11-16 05:24:59.412 8845 8845 I wm_on_start_called: [68743800,com.android.gallery3d.app.GalleryActivity,handleStartActivity]
11-16 05:24:59.416 8845 8845 I wm_on_resume_called: [68743800,com.android.gallery3d.app.GalleryActivity,RESUME_ACTIVITY]
11-16 05:24:59.421 8845 8845 I wm_on_top_resumed_gained_called: [68743800,com.android.gallery3d.app.GalleryActivity,topStateChangedWhenResumed]
11-16 05:24:59.431 1504 1572 I input_focus: [Focus request 6abfc66 com.android.gallery3d/com.android.gallery3d.app.GalleryActivity,reason=UpdateInputWindows]
11-16 05:24:59.465 1504 1682 I input_focus: [Focus leaving e1de84c com.android.launcher3/com.android.launcher3.uioverrides.QuickstepLauncher (server),reason=Waiting for window because NOT_VISIBLE]
11-16 05:24:59.518 1504 1568 I sysui_multi_action: [319,179,322,179,325,7288,757,761,758,8,759,2,806,com.android.gallery3d,871,com.android.gallery3d.app.GalleryActivity,904,com.android.launcher3,905,0,1320,4,1321,1]
11-16 05:24:59.520 1504 1568 I wm_activity_launch_time: [0,68743800,com.android.gallery3d/.app.GalleryActivity,179]
11-16 05:24:59.527 1504 1682 I input_focus: [Focus entering 6abfc66 com.android.gallery3d/com.android.gallery3d.app.GalleryActivity (server),reason=Window became focusable. Previous reason: NOT_VISIBLE]
11-16 05:24:59.994 1504 1821 I wm_task_created: [391,-1]
11-16 05:24:59.998 1504 1821 I wm_task_moved: [391,1,7]
11-16 05:24:59.998 1504 1821 I wm_task_to_front: [0,391]
11-16 05:24:59.998 1504 1821 I wm_create_task: [0,391]
11-16 05:24:59.998 1504 1821 I wm_create_activity: [0,6704555,391,com.android.music/.VideoBrowserActivity,android.intent.action.MAIN,NULL,NULL,270532608]
11-16 05:24:59.998 1504 1821 I wm_task_moved: [391,1,7]
11-16 05:24:59.999 8845 8845 I wm_on_top_resumed_lost_called: [68743800,com.android.gallery3d.app.GalleryActivity,topStateChangedWhenResumed]
11-16 05:25:00.001 1504 1821 I wm_pause_activity: [0,50203839,com.android.launcher3/.uioverrides.QuickstepLauncher,userLeaving=true,pauseBackTasks]
11-16 05:25:00.008 2496 2496 I wm_on_paused_called: [50203839,com.android.launcher3.uioverrides.QuickstepLauncher,performPause]
11-16 05:25:00.010 1504 5497 I wm_add_to_stopping: [0,50203839,com.android.launcher3/.uioverrides.QuickstepLauncher,makeInvisible]
11-16 05:25:00.010 1504 5497 I wm_restart_activity: [0,6704555,391,com.android.music/.VideoBrowserActivity]
11-16 05:25:00.012 1504 5497 I wm_set_resumed_activity: [0,com.android.music/.VideoBrowserActivity,minimalResumeActivityLocked]
11-16 05:25:00.022 1504 1571 I am_uid_active: 10086
11-16 05:25:00.026 1504 1571 I sysui_multi_action: [757,803,799,window_time_0,802,2]
11-16 05:25:00.064 8859 8859 I wm_on_create_called: [6704555,com.android.music.VideoBrowserActivity,performCreate]
11-16 05:25:00.065 8859 8859 I wm_on_start_called: [6704555,com.android.music.VideoBrowserActivity,handleStartActivity]
11-16 05:25:00.066 8859 8859 I wm_on_resume_called: [6704555,com.android.music.VideoBrowserActivity,RESUME_ACTIVITY]
11-16 05:25:00.069 8859 8859 I wm_on_top_resumed_gained_called: [6704555,com.android.music.VideoBrowserActivity,topStateChangedWhenResumed]
11-16 05:25:00.073 1504 1572 I input_focus: [Focus request 76be311 com.android.music/com.android.music.VideoBrowserActivity,reason=UpdateInputWindows]
11-16 05:25:00.095 1504 1682 I input_focus: [Focus leaving 6abfc66 com.android.gallery3d/com.android.gallery3d.app.GalleryActivity (server),reason=Waiting for window because NOT_VISIBLE]
11-16 05:25:00.105 1504 1568 I sysui_multi_action: [319,66,321,64,322,112,325,7289,757,761,758,8,759,1,806,com.android.music,871,com.android.music.VideoBrowserActivity,904,com.android.launcher3,905,0,1320,4,1321,5]
11-16 05:25:00.106 1504 1568 I wm_activity_launch_time: [0,6704555,com.android.music/.VideoBrowserActivity,112]
11-16 05:25:00.114 1504 1682 I input_focus: [Focus entering 76be311 com.android.music/com.android.music.VideoBrowserActivity (server),reason=Window became focusable. Previous reason: NOT_VISIBLE]
11-16 05:25:00.589 1504 1571 I wm_stop_activity: [0,50203839,com.android.launcher3/.uioverrides.QuickstepLauncher]
11-16 05:25:00.627 2496 2496 I wm_on_stop_called: [50203839,com.android.launcher3.uioverrides.QuickstepLauncher,STOP_ACTIVITY_ITEM]
11-16 05:25:01.081 1504 1682 I input_interaction: Interaction with: 76be311 com.android.music/com.android.music.VideoBrowserActivity (server), edge-swipe (server), swipe-up (server), PointerEventDispatcher0 (server),
11-16 05:25:01.101 1504 5497 I wm_task_moved: [280,0,0]
11-16 05:25:01.102 1504 5497 I wm_task_moved: [280,0,6]
11-16 05:25:01.129 2496 2496 I wm_on_restart_called: [50203839,com.android.launcher3.uioverrides.QuickstepLauncher,performRestartActivity]
11-16 05:25:01.130 1504 2032 I wm_finish_activity: [0,68743800,390,com.android.gallery3d/.app.GalleryActivity,app-request]
11-16 05:25:01.142 1504 2032 I wm_pause_activity: [0,68743800,com.android.gallery3d/.app.GalleryActivity,userLeaving=false,finish]
11-16 05:25:01.149 8845 8845 I wm_on_paused_called: [68743800,com.android.gallery3d.app.GalleryActivity,performPause]
11-16 05:25:01.150 1504 2032 I wm_destroy_activity: [0,68743800,390,com.android.gallery3d/.app.GalleryActivity,finish-imm:completePausedLocked]
11-16 05:25:01.162 1504 1571 I sysui_multi_action: [757,803,799,window_time_0,802,1]
11-16 05:25:01.166 8845 8845 I wm_on_stop_called: [68743800,com.android.gallery3d.app.GalleryActivity,LIFECYCLER_STOP_ACTIVITY]
11-16 05:25:01.169 2496 2496 I wm_on_start_called: [50203839,com.android.launcher3.uioverrides.QuickstepLauncher,handleStartActivity]
11-16 05:25:01.177 8845 8845 I wm_on_destroy_called: [68743800,com.android.gallery3d.app.GalleryActivity,performDestroy]
11-16 05:25:01.192 1504 3120 I wm_task_removed: [390,removeChild:removeChild last r=ActivityRecord{418f278 u0 com.android.gallery3d/.app.GalleryActivity t-1 f}} in t=Task{99b77db #390 type=standard A=10064:com.android.gallery3d U=0 visible=false mode=freeform translucent=true sz=0}]
11-16 05:25:01.192 1504 3120 I wm_task_removed: [390,removeChild]
11-16 05:25:01.194 1504 1568 I sysui_multi_action: [319,12,322,86,325,7290,757,761,758,9,759,5,806,com.android.launcher3,871,com.android.launcher3.uioverrides.QuickstepLauncher,904,com.android.launcher3,905,0,1320,8,1321,5]
11-16 05:25:01.213 8859 8859 I view_enqueue_input_event: [Motion - Cancel,com.android.music/com.android.music.VideoBrowserActivity]
11-16 05:25:01.214 2496 2496 I sysui_latency: [1,97]
11-16 05:25:01.219 1504 1572 I input_focus: [Focus request recents_animation_input_consumer,reason=UpdateInputWindows]
11-16 05:25:01.229 1504 1682 I input_interaction: Interaction with: edge-swipe (server), swipe-up (server), PointerEventDispatcher0 (server),
11-16 05:25:01.247 1504 1682 I input_focus: [Focus leaving 76be311 com.android.music/com.android.music.VideoBrowserActivity (server),reason=NOT_FOCUSABLE]
11-16 05:25:01.247 1504 1682 I input_focus: [Focus entering recents_animation_input_consumer (server),reason=setFocusedWindow]
11-16 05:25:01.373 1504 1666 I commit_sys_config_file: [settings-1-0,4]
11-16 05:25:01.489 1504 1598 I sysui_latency: [8,101]
11-16 05:25:02.686 1504 1666 I commit_sys_config_file: [settings-1-0,7]
11-16 05:25:05.086 1504 1682 I input_interaction: Interaction with: e1de84c com.android.launcher3/com.android.launcher3.uioverrides.QuickstepLauncher (server), edge-swipe (server), swipe-up (server), PointerEventDispatcher0 (server),
11-16 05:25:05.553 1504 2493 I wm_task_moved: [280,1,6]
11-16 05:25:05.561 1504 2493 I wm_focused_root_task: [0,0,280,391,RecentsAnimation.onAnimationFinished()]
11-16 05:25:05.562 8859 8859 I wm_on_top_resumed_lost_called: [6704555,com.android.music.VideoBrowserActivity,topStateChangedWhenResumed]
11-16 05:25:05.563 1504 2493 I wm_pause_activity: [0,6704555,com.android.music/.VideoBrowserActivity,userLeaving=false,pauseBackTasks]
11-16 05:25:05.565 1504 2493 I wm_set_resumed_activity: [0,com.android.launcher3/.uioverrides.QuickstepLauncher,resumeTopActivityInnerLocked]
11-16 05:25:05.568 1504 2493 I wm_resume_activity: [0,50203839,281,com.android.launcher3/.uioverrides.QuickstepLauncher]
11-16 05:25:05.568 1504 2493 I wm_add_to_stopping: [0,6704555,com.android.music/.VideoBrowserActivity,makeInvisible]
11-16 05:25:05.568 2496 2496 I wm_on_resume_called: [50203839,com.android.launcher3.uioverrides.QuickstepLauncher,RESUME_ACTIVITY]
11-16 05:25:05.578 1504 1572 I input_focus: [Focus request e1de84c com.android.launcher3/com.android.launcher3.uioverrides.QuickstepLauncher,reason=UpdateInputWindows]
11-16 05:25:05.580 8859 8859 I wm_on_paused_called: [6704555,com.android.music.VideoBrowserActivity,performPause]
11-16 05:25:05.591 1504 5497 I wm_stop_activity: [0,6704555,com.android.music/.VideoBrowserActivity]
11-16 05:25:05.593 1504 1682 I input_focus: [Focus leaving recents_animation_input_consumer (server),reason=NOT_VISIBLE]
11-16 05:25:05.594 1504 1682 I input_focus: [Focus entering e1de84c com.android.launcher3/com.android.launcher3.uioverrides.QuickstepLauncher (server),reason=setFocusedWindow]
11-16 05:25:05.602 1504 1571 I sysui_multi_action: [757,803,799,window_time_0,802,5]
11-16 05:25:05.603 2496 2496 I wm_on_top_resumed_gained_called: [50203839,com.android.launcher3.uioverrides.QuickstepLauncher,topStateChangedWhenResumed]
11-16 05:25:05.603 8859 8859 I wm_on_stop_called: [6704555,com.android.music.VideoBrowserActivity,STOP_ACTIVITY_ITEM]
11-16 05:25:05.641 1504 1571 I am_kill : [0,8845,com.android.gallery3d,900,remove task]
11-16 05:25:05.643 1504 1571 I sysui_multi_action: [757,803,799,window_time_0,802,0]
11-16 05:25:05.683 1504 2493 I wm_finish_activity: [0,6704555,391,com.android.music/.VideoBrowserActivity,recent-task-trimmed]
11-16 05:25:05.684 1504 2493 I wm_destroy_activity: [0,6704555,391,com.android.music/.VideoBrowserActivity,finish-imm:finishIfPossible]
11-16 05:25:05.685 1504 1571 I am_kill : [0,8859,com.android.music,900,remove task]
11-16 05:25:05.687 1504 1571 I sysui_multi_action: [757,803,799,window_time_0,802,0]
11-16 05:25:05.697 1504 2493 I am_proc_died: [0,8845,com.android.gallery3d,900,18]
11-16 05:25:05.698 1504 2493 I am_uid_stopped: 10064
11-16 05:25:05.703 1504 1571 I am_uid_running: 10064
11-16 05:25:05.705 1504 1571 I am_uid_stopped: 10086
11-16 05:25:05.705 1504 1571 I am_uid_running: 10086
11-16 05:25:05.713 1504 1603 I am_proc_start: [0,8926,10064,com.android.gallery3d,NULL,]
11-16 05:25:05.718 1504 6131 I am_proc_died: [0,8859,com.android.music,900,18]
11-16 05:25:05.723 1504 6131 I wm_task_removed: [391,removeChild:removeChild last r=ActivityRecord{664dab u0 com.android.music/.VideoBrowserActivity t-1 f}} in t=Task{bd2d1d9 #391 type=standard A=10086:android.task.video U=0 visible=false mode=fullscreen translucent=true sz=0}]
11-16 05:25:05.723 1504 6131 I wm_task_removed: [391,removeChild]
11-16 05:25:05.730 1504 1603 I am_proc_start: [0,8930,10086,com.android.music,NULL,]
11-16 05:25:05.745 1504 6131 I am_proc_bound: [0,8926,com.android.gallery3d]
11-16 05:25:05.765 1504 4613 I am_proc_bound: [0,8930,com.android.music]
11-16 05:25:06.300 1504 1682 I input_interaction: Interaction with: e1de84c com.android.launcher3/com.android.launcher3.uioverrides.QuickstepLauncher (server), c74be60 com.android.systemui.ImageWallpaper (server), edge-swipe (server), swipe-up (server), PointerEventDispatcher0 (server),
11-16 05:25:07.569 1504 6131 I wm_task_created: [392,-1]
11-16 05:25:07.575 1504 6131 I wm_task_moved: [392,1,6]
11-16 05:25:07.575 1504 6131 I wm_task_to_front: [0,392]
11-16 05:25:07.576 1504 6131 I wm_create_task: [0,392]
11-16 05:25:07.576 1504 6131 I wm_create_activity: [0,247710182,392,com.android.gallery3d/.app.GalleryActivity,NULL,NULL,NULL,268468224]
11-16 05:25:07.576 1504 6131 I wm_task_moved: [392,1,6]
11-16 05:25:07.580 1504 6131 I wm_restart_activity: [0,247710182,392,com.android.gallery3d/.app.GalleryActivity]
11-16 05:25:07.582 1504 6131 I wm_set_resumed_activity: [0,com.android.gallery3d/.app.GalleryActivity,minimalResumeActivityLocked]
11-16 05:25:07.588 1504 1571 I am_uid_active: 10064
11-16 05:25:07.591 2496 2496 I wm_on_top_resumed_lost_called: [50203839,com.android.launcher3.uioverrides.QuickstepLauncher,topStateChangedWhenResumed]
11-16 05:25:07.634 8926 8926 I wm_on_create_called: [247710182,com.android.gallery3d.app.GalleryActivity,performCreate]
11-16 05:25:07.636 8926 8926 I wm_on_start_called: [247710182,com.android.gallery3d.app.GalleryActivity,handleStartActivity]
11-16 05:25:07.639 8926 8926 I wm_on_resume_called: [247710182,com.android.gallery3d.app.GalleryActivity,RESUME_ACTIVITY]
11-16 05:25:07.645 8926 8926 I wm_on_top_resumed_gained_called: [247710182,com.android.gallery3d.app.GalleryActivity,topStateChangedWhenResumed]
11-16 05:25:07.652 1504 1572 I input_focus: [Focus request a168004 com.android.gallery3d/com.android.gallery3d.app.GalleryActivity,reason=UpdateInputWindows]
11-16 05:25:07.680 1504 1682 I input_focus: [Focus leaving e1de84c com.android.launcher3/com.android.launcher3.uioverrides.QuickstepLauncher (server),reason=Waiting for window because NOT_VISIBLE]
11-16 05:25:07.718 1504 1568 I sysui_multi_action: [319,150,322,149,325,7297,757,761,758,8,759,2,806,com.android.gallery3d,871,com.android.gallery3d.app.GalleryActivity,904,com.android.launcher3,905,0,1320,4,1321,1]
11-16 05:25:07.720 1504 1568 I wm_activity_launch_time: [0,247710182,com.android.gallery3d/.app.GalleryActivity,149]
11-16 05:25:07.729 1504 1682 I input_focus: [Focus entering a168004 com.android.gallery3d/com.android.gallery3d.app.GalleryActivity (server),reason=Window became focusable. Previous reason: NOT_VISIBLE]
11-16 05:25:08.226 1504 4717 I wm_task_created: [393,-1]
11-16 05:25:08.233 1504 4717 I wm_task_moved: [393,1,7]
11-16 05:25:08.233 1504 4717 I wm_task_to_front: [0,393]
11-16 05:25:08.234 1504 4717 I wm_create_task: [0,393]
11-16 05:25:08.234 1504 4717 I wm_create_activity: [0,59320823,393,com.android.music/.VideoBrowserActivity,android.intent.action.MAIN,NULL,NULL,270532608]
11-16 05:25:08.235 1504 4717 I wm_task_moved: [393,1,7]
11-16 05:25:08.235 8926 8926 I wm_on_top_resumed_lost_called: [247710182,com.android.gallery3d.app.GalleryActivity,topStateChangedWhenResumed]
11-16 05:25:08.238 1504 4717 I wm_pause_activity: [0,50203839,com.android.launcher3/.uioverrides.QuickstepLauncher,userLeaving=true,pauseBackTasks]
11-16 05:25:08.249 2496 2496 I wm_on_paused_called: [50203839,com.android.launcher3.uioverrides.QuickstepLauncher,performPause]
11-16 05:25:08.253 1504 2493 I wm_add_to_stopping: [0,50203839,com.android.launcher3/.uioverrides.QuickstepLauncher,makeInvisible]
11-16 05:25:08.254 1504 2493 I wm_restart_activity: [0,59320823,393,com.android.music/.VideoBrowserActivity]
11-16 05:25:08.256 1504 2493 I wm_set_resumed_activity: [0,com.android.music/.VideoBrowserActivity,minimalResumeActivityLocked]
11-16 05:25:08.260 1504 1571 I am_uid_active: 10086
11-16 05:25:08.270 1504 1571 I sysui_multi_action: [757,803,799,window_time_0,802,2]
11-16 05:25:08.302 8930 8930 I wm_on_create_called: [59320823,com.android.music.VideoBrowserActivity,performCreate]
11-16 05:25:08.302 8930 8930 I wm_on_start_called: [59320823,com.android.music.VideoBrowserActivity,handleStartActivity]
11-16 05:25:08.304 8930 8930 I wm_on_resume_called: [59320823,com.android.music.VideoBrowserActivity,RESUME_ACTIVITY]
11-16 05:25:08.308 8930 8930 I wm_on_top_resumed_gained_called: [59320823,com.android.music.VideoBrowserActivity,topStateChangedWhenResumed]
11-16 05:25:08.314 1504 1572 I input_focus: [Focus request f227ee7 com.android.music/com.android.music.VideoBrowserActivity,reason=UpdateInputWindows]
11-16 05:25:08.346 1504 1568 I sysui_multi_action: [319,74,321,72,322,123,325,7297,757,761,758,8,759,1,806,com.android.music,871,com.android.music.VideoBrowserActivity,904,com.android.launcher3,905,0,1320,4,1321,5]
11-16 05:25:08.347 1504 1568 I wm_activity_launch_time: [0,59320823,com.android.music/.VideoBrowserActivity,123]
11-16 05:25:08.350 1504 1682 I input_focus: [Focus leaving a168004 com.android.gallery3d/com.android.gallery3d.app.GalleryActivity (server),reason=setFocusedWindow]
11-16 05:25:08.350 1504 1682 I input_focus: [Focus entering f227ee7 com.android.music/com.android.music.VideoBrowserActivity (server),reason=setFocusedWindow]
11-16 05:25:08.852 1504 1571 I wm_stop_activity: [0,50203839,com.android.launcher3/.uioverrides.QuickstepLauncher]
11-16 05:25:08.899 2496 2496 I wm_on_stop_called: [50203839,com.android.launcher3.uioverrides.QuickstepLauncher,STOP_ACTIVITY_ITEM]
11-16 05:25:09.536 1504 1682 I input_interaction: Interaction with: f227ee7 com.android.music/com.android.music.VideoBrowserActivity (server), edge-swipe (server), swipe-up (server), PointerEventDispatcher0 (server),
11-16 05:25:09.547 1504 6131 I wm_task_moved: [280,0,0]
11-16 05:25:09.548 1504 6131 I wm_task_moved: [280,0,6]
11-16 05:25:09.566 2496 2496 I wm_on_restart_called: [50203839,com.android.launcher3.uioverrides.QuickstepLauncher,performRestartActivity]
11-16 05:25:09.569 1504 6131 I wm_finish_activity: [0,247710182,392,com.android.gallery3d/.app.GalleryActivity,app-request]
11-16 05:25:09.581 1504 6131 I wm_pause_activity: [0,247710182,com.android.gallery3d/.app.GalleryActivity,userLeaving=false,finish]
11-16 05:25:09.595 8926 8926 I wm_on_paused_called: [247710182,com.android.gallery3d.app.GalleryActivity,performPause]
11-16 05:25:09.597 1504 4613 I wm_destroy_activity: [0,247710182,392,com.android.gallery3d/.app.GalleryActivity,finish-imm:completePausedLocked]
11-16 05:25:09.606 2496 2496 I wm_on_start_called: [50203839,com.android.launcher3.uioverrides.QuickstepLauncher,handleStartActivity]
11-16 05:25:09.607 1504 1571 I sysui_multi_action: [757,803,799,window_time_0,802,2]
11-16 05:25:09.610 8930 8930 I view_enqueue_input_event: [Motion - Cancel,com.android.music/com.android.music.VideoBrowserActivity]
11-16 05:25:09.611 1504 1682 I input_interaction: Interaction with: edge-swipe (server), swipe-up (server), PointerEventDispatcher0 (server),
11-16 05:25:09.613 2496 2496 I sysui_latency: [1,79]
11-16 05:25:09.614 8926 8926 I wm_on_stop_called: [247710182,com.android.gallery3d.app.GalleryActivity,LIFECYCLER_STOP_ACTIVITY]
11-16 05:25:09.618 1504 1572 I input_focus: [Focus request recents_animation_input_consumer,reason=UpdateInputWindows]
11-16 05:25:09.630 8926 8926 I wm_on_destroy_called: [247710182,com.android.gallery3d.app.GalleryActivity,performDestroy]
11-16 05:25:09.635 1504 1682 I input_focus: [Focus leaving f227ee7 com.android.music/com.android.music.VideoBrowserActivity (server),reason=NOT_FOCUSABLE]
11-16 05:25:09.635 1504 1568 I sysui_multi_action: [319,8,322,73,325,7299,757,761,758,9,759,5,806,com.android.launcher3,871,com.android.launcher3.uioverrides.QuickstepLauncher,904,com.android.launcher3,905,0,1320,8,1321,5]
11-16 05:25:09.635 1504 1682 I input_focus: [Focus entering recents_animation_input_consumer (server),reason=setFocusedWindow]
11-16 05:25:09.639 1504 2505 I wm_task_removed: [392,removeChild:removeChild last r=ActivityRecord{ec3c1e6 u0 com.android.gallery3d/.app.GalleryActivity t-1 f}} in t=Task{503d328 #392 type=standard A=10064:com.android.gallery3d U=0 visible=false mode=freeform translucent=true sz=0}]
11-16 05:25:09.639 1504 2505 I wm_task_removed: [392,removeChild]
11-16 05:25:09.811 1504 1666 I commit_sys_config_file: [settings-1-0,4]
11-16 05:25:09.922 1504 1598 I sysui_latency: [8,79]
11-16 05:25:10.665 1504 1666 I commit_sys_config_file: [settings-1-0,7]
11-16 05:25:13.016 1504 1682 I input_interaction: Interaction with: e1de84c com.android.launcher3/com.android.launcher3.uioverrides.QuickstepLauncher (server), edge-swipe (server), swipe-up (server), PointerEventDispatcher0 (server),
11-16 05:25:13.134 1504 2505 I wm_task_created: [394,-1]
11-16 05:25:13.139 1504 2505 I wm_task_moved: [394,1,7]
11-16 05:25:13.139 1504 2505 I wm_task_to_front: [0,394]
11-16 05:25:13.140 1504 2505 I wm_create_task: [0,394]
11-16 05:25:13.140 1504 2505 I wm_create_activity: [0,2495569,394,com.android.gallery3d/.app.GalleryActivity,NULL,NULL,NULL,268468224]
11-16 05:25:13.141 1504 2505 I wm_task_moved: [394,1,7]
11-16 05:25:13.141 8930 8930 I wm_on_top_resumed_lost_called: [59320823,com.android.music.VideoBrowserActivity,topStateChangedWhenResumed]
11-16 05:25:13.146 1504 2505 I wm_restart_activity: [0,2495569,394,com.android.gallery3d/.app.GalleryActivity]
11-16 05:25:13.148 1504 2505 I wm_set_resumed_activity: [0,com.android.gallery3d/.app.GalleryActivity,minimalResumeActivityLocked]
11-16 05:25:13.198 8926 8926 I wm_on_create_called: [2495569,com.android.gallery3d.app.GalleryActivity,performCreate]
11-16 05:25:13.199 8926 8926 I wm_on_start_called: [2495569,com.android.gallery3d.app.GalleryActivity,handleStartActivity]
11-16 05:25:13.202 8926 8926 I wm_on_resume_called: [2495569,com.android.gallery3d.app.GalleryActivity,RESUME_ACTIVITY]
11-16 05:25:13.204 8926 8926 I wm_on_top_resumed_gained_called: [2495569,com.android.gallery3d.app.GalleryActivity,topStateChangedWhenResumed]
11-16 05:25:13.215 1504 1572 I input_focus: [Focus request ac6653 com.android.gallery3d/com.android.gallery3d.app.GalleryActivity,reason=UpdateInputWindows]
11-16 05:25:13.243 1504 1682 I input_focus: [Focus leaving recents_animation_input_consumer (server),reason=Waiting for window because NOT_VISIBLE]
11-16 05:25:13.286 1504 1568 I sysui_multi_action: [319,153,322,152,325,7302,757,761,758,8,759,2,806,com.android.gallery3d,871,com.android.gallery3d.app.GalleryActivity,904,android,905,0,1320,4,1321,1]
11-16 05:25:13.287 1504 1568 I wm_activity_launch_time: [0,2495569,com.android.gallery3d/.app.GalleryActivity,152]
11-16 05:25:13.296 1504 1682 I input_focus: [Focus entering ac6653 com.android.gallery3d/com.android.gallery3d.app.GalleryActivity (server),reason=Window became focusable. Previous reason: NOT_VISIBLE]
11-16 05:25:13.537 1504 2505 I wm_task_moved: [280,1,7]
11-16 05:25:13.538 1504 2505 I wm_task_moved: [281,1,2147483647]
11-16 05:25:13.538 1504 2505 I wm_task_to_front: [0,281]
11-16 05:25:13.538 1504 2505 I wm_focused_root_task: [0,0,280,394,RecentsAnimation.onAnimationFinished()]
11-16 05:25:13.538 8926 8926 I wm_on_top_resumed_lost_called: [2495569,com.android.gallery3d.app.GalleryActivity,topStateChangedWhenResumed]
11-16 05:25:13.538 1504 2505 I wm_set_resumed_activity: [0,com.android.launcher3/.uioverrides.QuickstepLauncher,RecentsAnimation.onAnimationFinished()]
11-16 05:25:13.540 1504 2505 I wm_pause_activity: [0,59320823,com.android.music/.VideoBrowserActivity,userLeaving=true,pauseBackTasks]
11-16 05:25:13.541 1504 2505 I wm_add_to_stopping: [0,59320823,com.android.music/.VideoBrowserActivity,makeInvisible]
11-16 05:25:13.542 8930 8930 I wm_on_paused_called: [59320823,com.android.music.VideoBrowserActivity,performPause]
11-16 05:25:13.542 1504 2505 I wm_set_resumed_activity: [0,com.android.launcher3/.uioverrides.QuickstepLauncher,resumeTopActivityInnerLocked]
11-16 05:25:13.543 1504 2505 I wm_resume_activity: [0,50203839,281,com.android.launcher3/.uioverrides.QuickstepLauncher]
11-16 05:25:13.558 1504 1572 I input_focus: [Focus request e1de84c com.android.launcher3/com.android.launcher3.uioverrides.QuickstepLauncher,reason=UpdateInputWindows]
11-16 05:25:13.563 1504 1571 I wm_stop_activity: [0,59320823,com.android.music/.VideoBrowserActivity]
11-16 05:25:13.565 1504 1571 I sysui_multi_action: [757,803,799,window_time_0,802,4]
11-16 05:25:13.567 1504 1571 I sysui_multi_action: [757,803,799,window_time_0,802,0]
11-16 05:25:13.576 2496 2496 I wm_on_resume_called: [50203839,com.android.launcher3.uioverrides.QuickstepLauncher,RESUME_ACTIVITY]
11-16 05:25:13.576 2496 2496 I wm_on_top_resumed_gained_called: [50203839,com.android.launcher3.uioverrides.QuickstepLauncher,topStateChangedWhenResumed]
11-16 05:25:13.577 1504 1682 I input_focus: [Focus leaving ac6653 com.android.gallery3d/com.android.gallery3d.app.GalleryActivity (server),reason=setFocusedWindow]
11-16 05:25:13.577 1504 1682 I input_focus: [Focus entering e1de84c com.android.launcher3/com.android.launcher3.uioverrides.QuickstepLauncher (server),reason=setFocusedWindow]
11-16 05:25:13.582 8930 8930 I wm_on_stop_called: [59320823,com.android.music.VideoBrowserActivity,STOP_ACTIVITY_ITEM]
11-16 05:25:14.950 1504 1682 I input_interaction: Interaction with: e1de84c com.android.launcher3/com.android.launcher3.uioverrides.QuickstepLauncher (server), c74be60 com.android.systemui.ImageWallpaper (server), edge-swipe (server), swipe-up (server), PointerEventDispatcher0 (server),
11-16 05:25:15.053 1504 2505 I wm_task_moved: [393,1,7]
11-16 05:25:15.053 1504 2505 I wm_task_to_front: [0,393]
11-16 05:25:15.054 1504 2505 I wm_focused_root_task: [0,0,393,280,bringingFoundTaskToFront]
11-16 05:25:15.055 1504 2505 I wm_set_resumed_activity: [0,com.android.music/.VideoBrowserActivity,bringingFoundTaskToFront]
11-16 05:25:15.059 1504 2505 I wm_pause_activity: [0,50203839,com.android.launcher3/.uioverrides.QuickstepLauncher,userLeaving=true,pauseBackTasks]
11-16 05:25:15.069 2496 2496 I wm_on_top_resumed_lost_called: [50203839,com.android.launcher3.uioverrides.QuickstepLauncher,topStateChangedWhenResumed]
11-16 05:25:15.074 2496 2496 I wm_on_paused_called: [50203839,com.android.launcher3.uioverrides.QuickstepLauncher,performPause]
11-16 05:25:15.079 1504 2505 I wm_set_resumed_activity: [0,com.android.music/.VideoBrowserActivity,resumeTopActivityInnerLocked]
11-16 05:25:15.080 1504 2505 I wm_add_to_stopping: [0,50203839,com.android.launcher3/.uioverrides.QuickstepLauncher,makeInvisible]
11-16 05:25:15.081 1504 2505 I wm_resume_activity: [0,59320823,393,com.android.music/.VideoBrowserActivity]
11-16 05:25:15.098 1504 1682 I input_focus: [Focus leaving e1de84c com.android.launcher3/com.android.launcher3.uioverrides.QuickstepLauncher (server),reason=NO_WINDOW]
11-16 05:25:15.110 8930 8930 I wm_on_restart_called: [59320823,com.android.music.VideoBrowserActivity,performRestartActivity]
11-16 05:25:15.110 8930 8930 I wm_on_start_called: [59320823,com.android.music.VideoBrowserActivity,handleStartActivity]
11-16 05:25:15.110 8930 8930 I wm_on_resume_called: [59320823,com.android.music.VideoBrowserActivity,RESUME_ACTIVITY]
11-16 05:25:15.111 8930 8930 I wm_on_top_resumed_gained_called: [59320823,com.android.music.VideoBrowserActivity,topWhenResuming]
11-16 05:25:15.111 1504 1571 I sysui_multi_action: [757,803,799,window_time_0,802,1]
11-16 05:25:15.125 1504 1572 I input_focus: [Focus request f227ee7 com.android.music/com.android.music.VideoBrowserActivity,reason=UpdateInputWindows]
11-16 05:25:15.139 1504 1568 I sysui_multi_action: [319,38,321,35,322,84,325,7304,757,761,758,9,759,4,806,com.android.music,871,com.android.music.VideoBrowserActivity,904,com.android.launcher3,905,0,1320,4,1321,5]
11-16 05:25:15.147 1504 1682 I input_focus: [Focus entering f227ee7 com.android.music/com.android.music.VideoBrowserActivity (server),reason=setFocusedWindow]
11-16 05:25:15.663 1504 1571 I wm_stop_activity: [0,50203839,com.android.launcher3/.uioverrides.QuickstepLauncher]
11-16 05:25:15.704 2496 2496 I wm_on_stop_called: [50203839,com.android.launcher3.uioverrides.QuickstepLauncher,STOP_ACTIVITY_ITEM]
11-16 05:25:16.148 1504 1682 I input_interaction: Interaction with: f227ee7 com.android.music/com.android.music.VideoBrowserActivity (server), edge-swipe (server), swipe-up (server), PointerEventDispatcher0 (server),
11-16 05:25:16.161 1504 4613 I wm_task_moved: [280,0,0]
11-16 05:25:16.161 1504 4613 I wm_task_moved: [280,0,6]
11-16 05:25:16.175 2496 2496 I wm_on_restart_called: [50203839,com.android.launcher3.uioverrides.QuickstepLauncher,performRestartActivity]
11-16 05:25:16.176 1504 4613 I wm_finish_activity: [0,2495569,394,com.android.gallery3d/.app.GalleryActivity,app-request]
11-16 05:25:16.188 1504 4613 I wm_pause_activity: [0,2495569,com.android.gallery3d/.app.GalleryActivity,userLeaving=false,finish]
11-16 05:25:16.206 8926 8926 I wm_on_paused_called: [2495569,com.android.gallery3d.app.GalleryActivity,performPause]
11-16 05:25:16.208 1504 2493 I wm_destroy_activity: [0,2495569,394,com.android.gallery3d/.app.GalleryActivity,finish-imm:completePausedLocked]
11-16 05:25:16.211 2496 2496 I wm_on_start_called: [50203839,com.android.launcher3.uioverrides.QuickstepLauncher,handleStartActivity]
11-16 05:25:16.220 8926 8926 I wm_on_stop_called: [2495569,com.android.gallery3d.app.GalleryActivity,LIFECYCLER_STOP_ACTIVITY]
11-16 05:25:16.226 1504 1571 I sysui_multi_action: [757,803,799,window_time_0,802,1]
11-16 05:25:16.232 8926 8926 I wm_on_destroy_called: [2495569,com.android.gallery3d.app.GalleryActivity,performDestroy]
11-16 05:25:16.238 2496 2496 I sysui_latency: [1,83]
11-16 05:25:16.238 8930 8930 I view_enqueue_input_event: [Motion - Cancel,com.android.music/com.android.music.VideoBrowserActivity]
11-16 05:25:16.241 1504 1572 I input_focus: [Focus request recents_animation_input_consumer,reason=UpdateInputWindows]
11-16 05:25:16.250 1504 1568 I sysui_multi_action: [319,8,322,76,325,7305,757,761,758,9,759,5,806,com.android.launcher3,871,com.android.launcher3.uioverrides.QuickstepLauncher,904,com.android.launcher3,905,0,1320,8,1321,5]
11-16 05:25:16.251 1504 1682 I input_interaction: Interaction with: edge-swipe (server), swipe-up (server), PointerEventDispatcher0 (server),
11-16 05:25:16.255 1504 6131 I wm_task_removed: [394,removeChild:removeChild last r=ActivityRecord{261451 u0 com.android.gallery3d/.app.GalleryActivity t-1 f}} in t=Task{cad0578 #394 type=standard A=10064:com.android.gallery3d U=0 visible=false mode=freeform translucent=true sz=0}]
11-16 05:25:16.255 1504 6131 I wm_task_removed: [394,removeChild]
11-16 05:25:16.266 1504 1682 I input_focus: [Focus leaving f227ee7 com.android.music/com.android.music.VideoBrowserActivity (server),reason=NOT_FOCUSABLE]
11-16 05:25:16.267 1504 1682 I input_focus: [Focus entering recents_animation_input_consumer (server),reason=setFocusedWindow]
11-16 05:25:16.415 1504 1666 I commit_sys_config_file: [settings-1-0,3]
11-16 05:25:16.539 1504 1598 I sysui_latency: [8,84]
11-16 05:25:17.481 1504 1666 I commit_sys_config_file: [settings-1-0,6]
11-16 05:25:18.852 1504 1682 I input_interaction: Interaction with: e1de84c com.android.launcher3/com.android.launcher3.uioverrides.QuickstepLauncher (server), edge-swipe (server), swipe-up (server), PointerEventDispatcher0 (server),
11-16 05:25:19.266 1504 4717 I wm_task_moved: [280,1,6]
11-16 05:25:19.268 1504 4717 I wm_focused_root_task: [0,0,280,393,RecentsAnimation.onAnimationFinished()]
11-16 05:25:19.268 8930 8930 I wm_on_top_resumed_lost_called: [59320823,com.android.music.VideoBrowserActivity,topStateChangedWhenResumed]
11-16 05:25:19.270 1504 4717 I wm_pause_activity: [0,59320823,com.android.music/.VideoBrowserActivity,userLeaving=false,pauseBackTasks]
11-16 05:25:19.273 1504 4717 I wm_set_resumed_activity: [0,com.android.launcher3/.uioverrides.QuickstepLauncher,resumeTopActivityInnerLocked]
11-16 05:25:19.275 1504 4717 I wm_resume_activity: [0,50203839,281,com.android.launcher3/.uioverrides.QuickstepLauncher]
11-16 05:25:19.276 1504 4717 I wm_add_to_stopping: [0,59320823,com.android.music/.VideoBrowserActivity,makeInvisible]
11-16 05:25:19.286 8930 8930 I wm_on_paused_called: [59320823,com.android.music.VideoBrowserActivity,performPause]
11-16 05:25:19.287 1504 1572 I input_focus: [Focus request e1de84c com.android.launcher3/com.android.launcher3.uioverrides.QuickstepLauncher,reason=UpdateInputWindows]
11-16 05:25:19.288 2496 2496 I wm_on_resume_called: [50203839,com.android.launcher3.uioverrides.QuickstepLauncher,RESUME_ACTIVITY]
11-16 05:25:19.292 1504 1682 I input_focus: [Focus leaving recents_animation_input_consumer (server),reason=NOT_VISIBLE]
11-16 05:25:19.303 2496 2496 I wm_on_top_resumed_gained_called: [50203839,com.android.launcher3.uioverrides.QuickstepLauncher,topStateChangedWhenResumed]
11-16 05:25:19.307 1504 1682 I input_focus: [Focus entering e1de84c com.android.launcher3/com.android.launcher3.uioverrides.QuickstepLauncher (server),reason=setFocusedWindow]
11-16 05:25:19.308 1504 1571 I wm_stop_activity: [0,59320823,com.android.music/.VideoBrowserActivity]
11-16 05:25:19.309 8930 8930 I wm_on_stop_called: [59320823,com.android.music.VideoBrowserActivity,STOP_ACTIVITY_ITEM]
11-16 05:25:19.310 1504 1571 I sysui_multi_action: [757,803,799,window_time_0,802,3]
11-16 05:25:19.357 1504 1571 I am_kill : [0,8926,com.android.gallery3d,900,remove task]
11-16 05:25:19.358 1504 1571 I sysui_multi_action: [757,803,799,window_time_0,802,0]
11-16 05:25:19.390 1504 2493 I wm_finish_activity: [0,59320823,393,com.android.music/.VideoBrowserActivity,recent-task-trimmed]
11-16 05:25:19.390 1504 2493 I wm_destroy_activity: [0,59320823,393,com.android.music/.VideoBrowserActivity,finish-imm:finishIfPossible]
11-16 05:25:19.391 1504 1571 I am_kill : [0,8930,com.android.music,900,remove task]
11-16 05:25:19.392 1504 1571 I sysui_multi_action: [757,803,799,window_time_0,802,0]
11-16 05:25:19.407 1504 1821 I am_proc_died: [0,8926,com.android.gallery3d,900,18]
11-16 05:25:19.409 1504 1821 I am_uid_stopped: 10064
11-16 05:25:19.413 1504 1571 I am_uid_running: 10064
11-16 05:25:19.414 1504 1571 I am_uid_stopped: 10086
11-16 05:25:19.414 1504 1571 I am_uid_running: 10086
11-16 05:25:19.419 1504 1603 I am_proc_start: [0,9032,10064,com.android.gallery3d,NULL,]
11-16 05:25:19.439 1504 4613 I am_proc_died: [0,8930,com.android.music,900,18]
11-16 05:25:19.445 1504 4613 I wm_task_removed: [393,removeChild:removeChild last r=ActivityRecord{38929f7 u0 com.android.music/.VideoBrowserActivity t-1 f}} in t=Task{9560ef #393 type=standard A=10086:android.task.video U=0 visible=false mode=fullscreen translucent=true sz=0}]
11-16 05:25:19.445 1504 4613 I wm_task_removed: [393,removeChild]
11-16 05:25:19.448 1504 2504 I am_proc_bound: [0,9032,com.android.gallery3d]
11-16 05:25:19.451 1504 1603 I am_proc_start: [0,9046,10086,com.android.music,NULL,]
11-16 05:25:19.480 1504 2504 I am_proc_bound: [0,9046,com.android.music]
11-16 05:25:20.770 1504 1682 I input_interaction: Interaction with: e1de84c com.android.launcher3/com.android.launcher3.uioverrides.QuickstepLauncher (server), c74be60 com.android.systemui.ImageWallpaper (server), edge-swipe (server), swipe-up (server), PointerEventDispatcher0 (server),
11-16 05:25:22.186 1504 6921 I wm_task_created: [395,-1]
11-16 05:25:22.193 1504 6921 I wm_task_moved: [395,1,6]
11-16 05:25:22.193 1504 6921 I wm_task_to_front: [0,395]
11-16 05:25:22.194 1504 6921 I wm_create_task: [0,395]
11-16 05:25:22.194 1504 6921 I wm_create_activity: [0,80262747,395,com.android.music/.VideoBrowserActivity,NULL,NULL,NULL,268468224]
11-16 05:25:22.194 1504 6921 I wm_task_moved: [395,1,6]
11-16 05:25:22.198 1504 6921 I wm_restart_activity: [0,80262747,395,com.android.music/.VideoBrowserActivity]
11-16 05:25:22.200 1504 6921 I wm_set_resumed_activity: [0,com.android.music/.VideoBrowserActivity,minimalResumeActivityLocked]
11-16 05:25:22.207 1504 1571 I am_uid_active: 10086
11-16 05:25:22.210 2496 2496 I wm_on_top_resumed_lost_called: [50203839,com.android.launcher3.uioverrides.QuickstepLauncher,topStateChangedWhenResumed]
11-16 05:25:22.248 9046 9046 I wm_on_create_called: [80262747,com.android.music.VideoBrowserActivity,performCreate]
11-16 05:25:22.248 9046 9046 I wm_on_start_called: [80262747,com.android.music.VideoBrowserActivity,handleStartActivity]
11-16 05:25:22.249 9046 9046 I wm_on_resume_called: [80262747,com.android.music.VideoBrowserActivity,RESUME_ACTIVITY]
11-16 05:25:22.253 9046 9046 I wm_on_top_resumed_gained_called: [80262747,com.android.music.VideoBrowserActivity,topStateChangedWhenResumed]
11-16 05:25:22.259 1504 1572 I input_focus: [Focus request a2d7809 com.android.music/com.android.music.VideoBrowserActivity,reason=UpdateInputWindows]
11-16 05:25:22.281 1504 1682 I input_focus: [Focus leaving e1de84c com.android.launcher3/com.android.launcher3.uioverrides.QuickstepLauncher (server),reason=Waiting for window because NOT_VISIBLE]
11-16 05:25:22.305 1504 1568 I sysui_multi_action: [319,123,322,123,325,7311,757,761,758,8,759,2,806,com.android.music,871,com.android.music.VideoBrowserActivity,904,com.android.launcher3,905,0,1320,4,1321,5]
11-16 05:25:22.306 1504 1568 I wm_activity_launch_time: [0,80262747,com.android.music/.VideoBrowserActivity,123]
11-16 05:25:22.315 1504 1682 I input_focus: [Focus entering a2d7809 com.android.music/com.android.music.VideoBrowserActivity (server),reason=Window became focusable. Previous reason: NOT_VISIBLE]
11-16 05:25:23.768 1504 6921 I wm_task_created: [396,-1]
11-16 05:25:23.771 1504 6921 I wm_task_moved: [396,1,7]
11-16 05:25:23.771 1504 6921 I wm_task_to_front: [0,396]
11-16 05:25:23.772 1504 6921 I wm_create_task: [0,396]
11-16 05:25:23.772 1504 6921 I wm_create_activity: [0,48741270,396,com.android.music/.MusicBrowserActivity,android.intent.action.MAIN,NULL,NULL,270532608]
11-16 05:25:23.772 1504 6921 I wm_task_moved: [396,1,7]
11-16 05:25:23.773 9046 9046 I wm_on_top_resumed_lost_called: [80262747,com.android.music.VideoBrowserActivity,topStateChangedWhenResumed]
11-16 05:25:23.774 1504 6921 I wm_pause_activity: [0,50203839,com.android.launcher3/.uioverrides.QuickstepLauncher,userLeaving=true,pauseBackTasks]
11-16 05:25:23.789 2496 2496 I wm_on_paused_called: [50203839,com.android.launcher3.uioverrides.QuickstepLauncher,performPause]
11-16 05:25:23.796 1504 1534 I wm_add_to_stopping: [0,50203839,com.android.launcher3/.uioverrides.QuickstepLauncher,makeInvisible]
11-16 05:25:23.797 1504 1534 I wm_restart_activity: [0,48741270,396,com.android.music/.MusicBrowserActivity]
11-16 05:25:23.799 1504 1534 I wm_set_resumed_activity: [0,com.android.music/.MusicBrowserActivity,minimalResumeActivityLocked]
11-16 05:25:23.809 1504 1571 I sysui_multi_action: [757,803,799,window_time_0,802,5]
11-16 05:25:23.861 9046 9046 I wm_on_create_called: [48741270,com.android.music.MusicBrowserActivity,performCreate]
11-16 05:25:23.871 9046 9046 I wm_on_start_called: [48741270,com.android.music.MusicBrowserActivity,handleStartActivity]
11-16 05:25:23.871 9046 9046 I wm_on_resume_called: [48741270,com.android.music.MusicBrowserActivity,RESUME_ACTIVITY]
11-16 05:25:23.873 9046 9046 I wm_on_top_resumed_gained_called: [48741270,com.android.music.MusicBrowserActivity,topStateChangedWhenResumed]
11-16 05:25:23.901 1504 4613 I sysui_multi_action: [757,856,758,1,806,com.android.music,857,Channel-music,858,2]
11-16 05:25:23.908 1504 1504 I notification_enqueue: [10086,9046,com.android.music,1,NULL,0,Notification(channel=Channel-music shortcut=null contentView=null vibrate=null sound=null defaults=0x0 flags=0x0 color=0x00000000 category=transport actions=3 vis=PRIVATE),0]
11-16 05:25:23.909 1504 1504 I notification_enqueue: [10086,9046,com.android.music,1,NULL,0,Notification(channel=Channel-music shortcut=null contentView=null vibrate=null sound=null defaults=0x0 flags=0x40 color=0x00000000 category=transport actions=3 vis=PRIVATE),0]
11-16 05:25:23.912 1504 1504 I notification_enqueue: [10086,9046,com.android.music,1,NULL,0,Notification(channel=Channel-music shortcut=null contentView=null vibrate=null sound=null defaults=0x0 flags=0x40 color=0x00000000 category=transport actions=3 vis=PRIVATE),0]
11-16 05:25:23.914 1504 1504 I notification_enqueue: [10086,9046,com.android.music,1,NULL,0,Notification(channel=Channel-music shortcut=null contentView=null vibrate=null sound=null defaults=0x0 flags=0x40 color=0x00000000 category=transport actions=3 vis=PRIVATE),0]
