11-16 05:29:30.509 1968 1968 I sysui_multi_action: [757,111,758,2]
11-16 05:29:30.510 1968 1968 I sysui_multi_action: [757,111,758,2]
11-16 05:29:30.510 1504 1504 I notification_enqueue: [10081,1968,com.android.systemui,2048,NULL,0,Notification(channel=updateNotification shortcut=null contentView=null vibrate=null sound=null defaults=0x0 flags=0x0 color=0x00000000 vis=PRIVATE),1]
11-16 05:29:30.512 1968 1968 I sysui_multi_action: [757,111,758,1]
11-16 05:29:30.512 1968 1968 I sysui_multi_action: [757,126,758,1,759,126,927,0,928,0,1593,0]
11-16 05:29:30.512 1968 1968 I sysui_multi_action: [757,113,758,1,759,113,927,1,928,1,1593,0]
11-16 05:29:30.512 1968 1968 I sysui_multi_action: [757,0,758,1,759,0,927,2,928,0,1593,1]
11-16 05:29:30.512 1968 1968 I sysui_multi_action: [757,0,758,1,759,0,927,3,928,0,1593,1]
11-16 05:29:30.512 1968 1968 I sysui_multi_action: [757,491,758,1,759,491,927,4,928,0,1311,-1,1593,0]
11-16 05:29:30.512 1968 1968 I sysui_multi_action: [757,0,758,1,759,0,927,5,928,0,1593,0]
11-16 05:29:30.512 1968 1968 I sysui_multi_action: [757,111,758,1]
11-16 05:29:30.512 1968 1968 I sysui_multi_action: [757,126,758,1,759,126,927,0,928,0,1593,1]
11-16 05:29:30.513 1968 1968 I sysui_multi_action: [757,113,758,1,759,113,927,1,928,1,1593,1]
11-16 05:29:30.513 1968 1968 I sysui_multi_action: [757,0,758,1,759,0,927,2,928,0,1593,1]
11-16 05:29:30.513 1968 1968 I sysui_multi_action: [757,0,758,1,759,0,927,3,928,0,1593,1]
11-16 05:29:30.526 1968 1968 I sysui_multi_action: [757,111,758,2]
11-16 05:29:30.526 1968 1968 I sysui_multi_action: [757,111,758,2]
11-16 05:29:30.526 1504 1504 I notification_enqueue: [10081,1968,com.android.systemui,2048,NULL,0,Notification(channel=updateNotification shortcut=null contentView=null vibrate=null sound=null defaults=0x0 flags=0x0 color=0x00000000 vis=PRIVATE),1]
11-16 05:29:30.529 1968 1968 I sysui_multi_action: [757,111,758,1]
11-16 05:29:30.529 1968 1968 I sysui_multi_action: [757,126,758,1,759,126,927,0,928,0,1593,1]
11-16 05:29:30.529 1968 1968 I sysui_multi_action: [757,113,758,1,759,113,927,1,928,1,1593,1]
11-16 05:29:30.529 1968 1968 I sysui_multi_action: [757,0,758,1,759,0,927,2,928,0,1593,1]
11-16 05:29:30.529 1968 1968 I sysui_multi_action: [757,0,758,1,759,0,927,3,928,0,1593,1]
11-16 05:29:30.529 1968 1968 I sysui_multi_action: [757,491,758,1,759,491,927,4,928,0,1311,-1,1593,0]
11-16 05:29:30.529 1968 1968 I sysui_multi_action: [757,0,758,1,759,0,927,5,928,0,1593,0]
11-16 05:29:30.529 1968 1968 I sysui_multi_action: [757,111,758,1]
11-16 05:29:30.529 1968 1968 I sysui_multi_action: [757,126,758,1,759,126,927,0,928,0,1593,1]
11-16 05:29:30.529 1968 1968 I sysui_multi_action: [757,113,758,1,759,113,927,1,928,1,1593,1]
11-16 05:29:30.529 1968 1968 I sysui_multi_action: [757,0,758,1,759,0,927,2,928,0,1593,1]
11-16 05:29:30.529 1968 1968 I sysui_multi_action: [757,0,758,1,759,0,927,3,928,0,1593,1]
11-16 05:29:30.542 1968 1968 I sysui_multi_action: [757,111,758,2]
11-16 05:29:30.542 1968 1968 I sysui_multi_action: [757,111,758,2]
11-16 05:29:30.542 1504 1504 I notification_enqueue: [10081,1968,com.android.systemui,2048,NULL,0,Notification(channel=updateNotification shortcut=null contentView=null vibrate=null sound=null defaults=0x0 flags=0x0 color=0x00000000 vis=PRIVATE),1]
11-16 05:29:30.544 1968 1968 I sysui_multi_action: [757,111,758,1]
11-16 05:29:30.544 1968 1968 I sysui_multi_action: [757,126,758,1,759,126,927,0,928,0,1593,0]
11-16 05:29:30.544 1968 1968 I sysui_multi_action: [757,113,758,1,759,113,927,1,928,1,1593,0]
11-16 05:29:30.544 1968 1968 I sysui_multi_action: [757,0,758,1,759,0,927,2,928,0,1593,0]
11-16 05:29:30.545 1968 1968 I sysui_multi_action: [757,0,758,1,759,0,927,3,928,0,1593,0]
11-16 05:29:30.545 1968 1968 I sysui_multi_action: [757,491,758,1,759,491,927,4,928,0,1311,-1,1593,0]
11-16 05:29:30.545 1968 1968 I sysui_multi_action: [757,0,758,1,759,0,927,5,928,0,1593,0]
11-16 05:29:30.545 1968 1968 I sysui_multi_action: [757,111,758,1]
11-16 05:29:30.545 1968 1968 I sysui_multi_action: [757,126,758,1,759,126,927,0,928,0,1593,0]
11-16 05:29:30.545 1968 1968 I sysui_multi_action: [757,113,758,1,759,113,927,1,928,1,1593,0]
11-16 05:29:30.545 1968 1968 I sysui_multi_action: [757,0,758,1,759,0,927,2,928,0,1593,0]
11-16 05:29:30.545 1968 1968 I sysui_multi_action: [757,0,758,1,759,0,927,3,928,0,1593,0]
11-16 05:29:30.558 1968 1968 I sysui_multi_action: [757,111,758,2]
11-16 05:29:30.558 1968 1968 I sysui_multi_action: [757,111,758,2]
11-16 05:29:30.558 1504 1504 I notification_enqueue: [10081,1968,com.android.systemui,2048,NULL,0,Notification(channel=updateNotification shortcut=null contentView=null vibrate=null sound=null defaults=0x0 flags=0x0 color=0x00000000 vis=PRIVATE),1]
11-16 05:29:30.560 1968 1968 I sysui_multi_action: [757,111,758,1]
11-16 05:29:30.560 1968 1968 I sysui_multi_action: [757,126,758,1,759,126,927,0,928,0,1593,0]
11-16 05:29:30.560 1968 1968 I sysui_multi_action: [757,113,758,1,759,113,927,1,928,1,1593,0]
11-16 05:29:30.560 1968 1968 I sysui_multi_action: [757,0,758,1,759,0,927,2,928,0,1593,0]
11-16 05:29:30.560 1968 1968 I sysui_multi_action: [757,0,758,1,759,0,927,3,928,0,1593,0]
11-16 05:29:30.560 1968 1968 I sysui_multi_action: [757,491,758,1,759,491,927,4,928,0,1311,-1,1593,0]
11-16 05:29:30.560 1968 1968 I sysui_multi_action: [757,0,758,1,759,0,927,5,928,0,1593,0]
11-16 05:29:30.560 1968 1968 I sysui_multi_action: [757,111,758,1]
11-16 05:29:30.560 1968 1968 I sysui_multi_action: [757,126,758,1,759,126,927,0,928,0,1593,0]
11-16 05:29:30.560 1968 1968 I sysui_multi_action: [757,113,758,1,759,113,927,1,928,1,1593,0]
11-16 05:29:30.560 1968 1968 I sysui_multi_action: [757,0,758,1,759,0,927,2,928,0,1593,0]
11-16 05:29:30.560 1968 1968 I sysui_multi_action: [757,0,758,1,759,0,927,3,928,0,1593,0]
11-16 05:29:30.577 1968 1968 I sysui_multi_action: [757,111,758,2]
11-16 05:29:30.577 1968 1968 I sysui_multi_action: [757,111,758,2]
11-16 05:29:30.577 1504 1504 I notification_enqueue: [10081,1968,com.android.systemui,2048,NULL,0,Notification(channel=updateNotification shortcut=null contentView=null vibrate=null sound=null defaults=0x0 flags=0x0 color=0x00000000 vis=PRIVATE),1]
11-16 05:29:30.580 1968 1968 I sysui_multi_action: [757,111,758,1]
11-16 05:29:30.580 1968 1968 I sysui_multi_action: [757,126,758,1,759,126,927,0,928,0,1593,1]
11-16 05:29:30.580 1968 1968 I sysui_multi_action: [757,113,758,1,759,113,927,1,928,1,1593,1]
11-16 05:29:30.580 1968 1968 I sysui_multi_action: [757,0,758,1,759,0,927,2,928,0,1593,1]
11-16 05:29:30.580 1968 1968 I sysui_multi_action: [757,0,758,1,759,0,927,3,928,0,1593,1]
11-16 05:29:30.581 1968 1968 I sysui_multi_action: [757,491,758,1,759,491,927,4,928,0,1311,-1,1593,0]
11-16 05:29:30.581 1968 1968 I sysui_multi_action: [757,0,758,1,759,0,927,5,928,0,1593,0]
11-16 05:29:30.581 1968 1968 I sysui_multi_action: [757,111,758,1]
11-16 05:29:30.581 1968 1968 I sysui_multi_action: [757,126,758,1,759,126,927,0,928,0,1593,1]
11-16 05:29:30.581 1968 1968 I sysui_multi_action: [757,113,758,1,759,113,927,1,928,1,1593,1]
11-16 05:29:30.581 1968 1968 I sysui_multi_action: [757,0,758,1,759,0,927,2,928,0,1593,1]
11-16 05:29:30.582 1968 1968 I sysui_multi_action: [757,0,758,1,759,0,927,3,928,0,1593,1]
11-16 05:29:30.593 1968 1968 I sysui_multi_action: [757,111,758,2]
11-16 05:29:30.593 1504 1504 I notification_enqueue: [10081,1968,com.android.systemui,2048,NULL,0,Notification(channel=updateNotification shortcut=null contentView=null vibrate=null sound=null defaults=0x0 flags=0x0 color=0x00000000 vis=PRIVATE),1]
11-16 05:29:30.593 1968 1968 I sysui_multi_action: [757,111,758,2]
11-16 05:29:30.596 1968 1968 I sysui_multi_action: [757,111,758,1]
11-16 05:29:30.596 1968 1968 I sysui_multi_action: [757,126,758,1,759,126,927,0,928,0,1593,1]
11-16 05:29:30.597 1968 1968 I sysui_multi_action: [757,113,758,1,759,113,927,1,928,1,1593,1]
11-16 05:29:30.597 1968 1968 I sysui_multi_action: [757,0,758,1,759,0,927,2,928,0,1593,1]
11-16 05:29:30.597 1968 1968 I sysui_multi_action: [757,0,758,1,759,0,927,3,928,0,1593,1]
11-16 05:29:30.597 1968 1968 I sysui_multi_action: [757,491,758,1,759,491,927,4,928,0,1311,-1,1593,0]
11-16 05:29:30.597 1968 1968 I sysui_multi_action: [757,0,758,1,759,0,927,5,928,0,1593,0]
11-16 05:29:30.597 1968 1968 I sysui_multi_action: [757,111,758,1]
11-16 05:29:30.598 1968 1968 I sysui_multi_action: [757,126,758,1,759,126,927,0,928,0,1593,1]
11-16 05:29:30.598 1968 1968 I sysui_multi_action: [757,113,758,1,759,113,927,1,928,1,1593,1]
11-16 05:29:30.598 1968 1968 I sysui_multi_action: [757,0,758,1,759,0,927,2,928,0,1593,1]
11-16 05:29:30.598 1968 1968 I sysui_multi_action: [757,0,758,1,759,0,927,3,928,0,1593,1]
11-16 05:29:30.610 1968 1968 I sysui_multi_action: [757,111,758,2]
11-16 05:29:30.610 1504 1504 I notification_enqueue: [10081,1968,com.android.systemui,2048,NULL,0,Notification(channel=updateNotification shortcut=null contentView=null vibrate=null sound=null defaults=0x0 flags=0x0 color=0x00000000 vis=PRIVATE),1]
11-16 05:29:30.610 1968 1968 I sysui_multi_action: [757,111,758,2]
11-16 05:29:30.613 1504 1504 I sysui_multi_action: [757,1501,758,1,793,7538949,794,0,795,205,796,2048,806,com.android.systemui,857,updateNotification,858,3,947,0,1500,0,1688,1]
11-16 05:29:30.613 1504 1504 I sysui_multi_action: [757,804,799,note_interruptive,801,0,802,1]
11-16 05:29:30.613 1968 1968 I sysui_multi_action: [757,111,758,1]
11-16 05:29:30.614 1968 1968 I sysui_multi_action: [757,126,758,1,759,126,927,0,928,0,1593,1]
11-16 05:29:30.614 1968 1968 I sysui_multi_action: [757,113,758,1,759,113,927,1,928,1,1593,1]
11-16 05:29:30.614 1968 1968 I sysui_multi_action: [757,0,758,1,759,0,927,2,928,0,1593,1]
11-16 05:29:30.614 1968 1968 I sysui_multi_action: [757,0,758,1,759,0,927,3,928,0,1593,1]
11-16 05:29:30.614 1504 1504 I sysui_multi_action: [757,199,758,1,759,2,793,7538949,794,0,795,205,796,2048,806,com.android.systemui,857,updateNotification,858,3,947,0,1500,0,1688,1]
11-16 05:29:30.614 1504 1504 I notification_alert: [0|com.android.systemui|2048|null|10081,0,1,0]
11-16 05:29:30.614 1968 1968 I sysui_multi_action: [757,491,758,1,759,491,927,4,928,0,1311,-1,1593,0]
11-16 05:29:30.614 1968 1968 I sysui_multi_action: [757,0,758,1,759,0,927,5,928,0,1593,0]
11-16 05:29:30.615 1968 1968 I sysui_multi_action: [757,111,758,1]
11-16 05:29:30.615 1968 1968 I sysui_multi_action: [757,126,758,1,759,126,927,0,928,0,1593,1]
11-16 05:29:30.615 1968 1968 I sysui_multi_action: [757,113,758,1,759,113,927,1,928,1,1593,1]
11-16 05:29:30.615 1968 1968 I sysui_multi_action: [757,0,758,1,759,0,927,2,928,0,1593,1]
11-16 05:29:30.615 1968 1968 I sysui_multi_action: [757,0,758,1,759,0,927,3,928,0,1593,1]
11-16 05:29:30.626 1504 1504 I notification_enqueue: [10081,1968,com.android.systemui,2048,NULL,0,Notification(channel=updateNotification shortcut=null contentView=null vibrate=null sound=null defaults=0x0 flags=0x0 color=0x00000000 vis=PRIVATE),1]
11-16 05:29:30.626 1968 1968 I sysui_multi_action: [757,111,758,2]
11-16 05:29:30.626 1968 1968 I sysui_multi_action: [757,111,758,2]
11-16 05:29:30.628 1968 1968 I sysui_multi_action: [757,111,758,1]
11-16 05:29:30.629 1968 1968 I sysui_multi_action: [757,126,758,1,759,126,927,0,928,0,1593,1]
11-16 05:29:30.629 1968 1968 I sysui_multi_action: [757,113,758,1,759,113,927,1,928,1,1593,1]
11-16 05:29:30.629 1968 1968 I sysui_multi_action: [757,0,758,1,759,0,927,2,928,0,1593,1]
11-16 05:29:30.629 1968 1968 I sysui_multi_action: [757,0,758,1,759,0,927,3,928,0,1593,1]
11-16 05:29:30.629 1968 1968 I sysui_multi_action: [757,491,758,1,759,491,927,4,928,0,1311,-1,1593,0]
11-16 05:29:30.629 1968 1968 I sysui_multi_action: [757,0,758,1,759,0,927,5,928,0,1593,0]
11-16 05:29:30.630 1968 1968 I sysui_multi_action: [757,111,758,1]
11-16 05:29:30.630 1968 1968 I sysui_multi_action: [757,126,758,1,759,126,927,0,928,0,1593,1]
11-16 05:29:30.630 1968 1968 I sysui_multi_action: [757,113,758,1,759,113,927,1,928,1,1593,1]
11-16 05:29:30.630 1968 1968 I sysui_multi_action: [757,0,758,1,759,0,927,2,928,0,1593,1]
11-16 05:29:30.630 1968 1968 I sysui_multi_action: [757,0,758,1,759,0,927,3,928,0,1593,1]
11-16 05:29:30.647 1968 1968 I sysui_multi_action: [757,111,758,2]
11-16 05:29:30.647 1504 1504 I notification_enqueue: [10081,1968,com.android.systemui,2048,NULL,0,Notification(channel=updateNotification shortcut=null contentView=null vibrate=null sound=null defaults=0x0 flags=0x0 color=0x00000000 vis=PRIVATE),1]
11-16 05:29:30.647 1968 1968 I sysui_multi_action: [757,111,758,2]
11-16 05:29:30.649 1968 1968 I sysui_multi_action: [757,111,758,1]
11-16 05:29:30.650 1968 1968 I sysui_multi_action: [757,126,758,1,759,126,927,0,928,0,1593,0]
11-16 05:29:30.650 1968 1968 I sysui_multi_action: [757,113,758,1,759,113,927,1,928,1,1593,0]
11-16 05:29:30.650 1968 1968 I sysui_multi_action: [757,0,758,1,759,0,927,2,928,0,1593,0]
11-16 05:29:30.650 1968 1968 I sysui_multi_action: [757,0,758,1,759,0,927,3,928,0,1593,0]
11-16 05:29:30.650 1968 1968 I sysui_multi_action: [757,491,758,1,759,491,927,4,928,0,1311,-1,1593,0]
11-16 05:29:30.650 1968 1968 I sysui_multi_action: [757,0,758,1,759,0,927,5,928,0,1593,0]
11-16 05:29:30.650 1968 1968 I sysui_multi_action: [757,111,758,1]
11-16 05:29:30.650 1968 1968 I sysui_multi_action: [757,126,758,1,759,126,927,0,928,0,1593,1]
11-16 05:29:30.651 1968 1968 I sysui_multi_action: [757,113,758,1,759,113,927,1,928,1,1593,1]
11-16 05:29:30.651 1968 1968 I sysui_multi_action: [757,0,758,1,759,0,927,2,928,0,1593,1]
11-16 05:29:30.651 1968 1968 I sysui_multi_action: [757,0,758,1,759,0,927,3,928,0,1593,1]
11-16 05:29:30.660 1968 1968 I sysui_multi_action: [757,111,758,2]
11-16 05:29:30.660 1968 1968 I sysui_multi_action: [757,111,758,2]
11-16 05:29:30.661 1504 1504 I notification_enqueue: [10081,1968,com.android.systemui,2048,NULL,0,Notification(channel=updateNotification shortcut=null contentView=null vibrate=null sound=null defaults=0x0 flags=0x0 color=0x00000000 vis=PRIVATE),1]
11-16 05:29:30.663 1968 1968 I sysui_multi_action: [757,111,758,1]
11-16 05:29:30.663 1968 1968 I sysui_multi_action: [757,126,758,1,759,126,927,0,928,0,1593,0]
11-16 05:29:30.663 1968 1968 I sysui_multi_action: [757,113,758,1,759,113,927,1,928,1,1593,0]
11-16 05:29:30.663 1968 1968 I sysui_multi_action: [757,0,758,1,759,0,927,2,928,0,1593,0]
11-16 05:29:30.663 1968 1968 I sysui_multi_action: [757,0,758,1,759,0,927,3,928,0,1593,0]
11-16 05:29:30.663 1968 1968 I sysui_multi_action: [757,491,758,1,759,491,927,4,928,0,1311,-1,1593,0]
11-16 05:29:30.663 1968 1968 I sysui_multi_action: [757,0,758,1,759,0,927,5,928,0,1593,0]
11-16 05:29:30.664 1968 1968 I sysui_multi_action: [757,111,758,1]
11-16 05:29:30.664 1968 1968 I sysui_multi_action: [757,126,758,1,759,126,927,0,928,0,1593,0]
11-16 05:29:30.664 1968 1968 I sysui_multi_action: [757,113,758,1,759,113,927,1,928,1,1593,0]
11-16 05:29:30.664 1968 1968 I sysui_multi_action: [757,0,758,1,759,0,927,2,928,0,1593,0]
11-16 05:29:30.664 1968 1968 I sysui_multi_action: [757,0,758,1,759,0,927,3,928,0,1593,0]
11-16 05:29:30.679 1968 1968 I sysui_multi_action: [757,111,758,2]
11-16 05:29:30.679 1968 1968 I sysui_multi_action: [757,111,758,2]
11-16 05:29:30.679 1504 1504 I notification_enqueue: [10081,1968,com.android.systemui,2048,NULL,0,Notification(channel=updateNotification shortcut=null contentView=null vibrate=null sound=null defaults=0x0 flags=0x0 color=0x00000000 vis=PRIVATE),1]
11-16 05:29:30.686 1504 1572 I input_focus: [Focus request e1de84c com.android.launcher3/com.android.launcher3.uioverrides.QuickstepLauncher,reason=UpdateInputWindows]
11-16 05:29:30.687 1968 1968 I sysui_multi_action: [757,111,758,1]
11-16 05:29:30.688 1968 1968 I sysui_multi_action: [757,126,758,1,759,126,927,0,928,0,1593,1]
11-16 05:29:30.688 1968 1968 I sysui_multi_action: [757,113,758,1,759,113,927,1,928,1,1593,1]
11-16 05:29:30.688 1968 1968 I sysui_multi_action: [757,0,758,1,759,0,927,2,928,0,1593,1]
11-16 05:29:30.688 1968 1968 I sysui_multi_action: [757,0,758,1,759,0,927,3,928,0,1593,1]
11-16 05:29:30.688 1968 1968 I sysui_multi_action: [757,491,758,1,759,491,927,4,928,0,1311,-1,1593,0]
11-16 05:29:30.688 1968 1968 I sysui_multi_action: [757,0,758,1,759,0,927,5,928,0,1593,0]
11-16 05:29:30.688 1968 1968 I sysui_multi_action: [757,111,758,1]
11-16 05:29:30.688 1968 1968 I sysui_multi_action: [757,126,758,1,759,126,927,0,928,0,1593,1]
11-16 05:29:30.688 1968 1968 I sysui_multi_action: [757,113,758,1,759,113,927,1,928,1,1593,1]
11-16 05:29:30.688 1968 1968 I sysui_multi_action: [757,0,758,1,759,0,927,2,928,0,1593,1]
11-16 05:29:30.688 1968 1968 I sysui_multi_action: [757,0,758,1,759,0,927,3,928,0,1593,1]
11-16 05:29:30.697 1968 1968 I sysui_multi_action: [757,111,758,2]
11-16 05:29:30.697 1504 1504 I notification_enqueue: [10081,1968,com.android.systemui,2048,NULL,0,Notification(channel=updateNotification shortcut=null contentView=null vibrate=null sound=null defaults=0x0 flags=0x0 color=0x00000000 vis=PRIVATE),1]
11-16 05:29:30.697 1968 1968 I sysui_multi_action: [757,111,758,2]
11-16 05:29:30.698 1504 2099 I sysui_multi_action: [757,128,758,2,793,478280,794,5457,795,478280,796,26,798,0,806,android,857,DEVELOPER_IMPORTANT,858,4,947,0,1395,2,1500,478072,1688,1]
11-16 05:29:30.698 1504 2099 I notification_visibility: [-1|android|26|null|1000,0,478280,478280,0,0]
11-16 05:29:30.698 1504 2099 I sysui_multi_action: [757,128,758,2,793,478283,794,5456,795,478283,796,32,798,1,806,android,857,USB,858,1,947,0,1395,2,1500,478079,1688,1]
11-16 05:29:30.698 1504 2099 I notification_visibility: [-1|android|32|null|1000,0,478283,478283,0,1]
11-16 05:29:30.699 1504 7432 I sysui_multi_action: [757,127,758,2]
11-16 05:29:30.699 1504 7432 I notification_panel_hidden:
11-16 05:29:30.706 1968 1968 I sysui_multi_action: [757,111,758,1]
11-16 05:29:30.706 1968 1968 I sysui_multi_action: [757,126,758,1,759,126,927,0,928,0,1593,1]
11-16 05:29:30.706 1968 1968 I sysui_multi_action: [757,113,758,1,759,113,927,1,928,1,1593,1]
11-16 05:29:30.706 1968 1968 I sysui_multi_action: [757,0,758,1,759,0,927,2,928,0,1593,1]
11-16 05:29:30.706 1968 1968 I sysui_multi_action: [757,0,758,1,759,0,927,3,928,0,1593,1]
11-16 05:29:30.706 1968 1968 I sysui_multi_action: [757,491,758,1,759,491,927,4,928,0,1311,-1,1593,0]
11-16 05:29:30.706 1968 1968 I sysui_multi_action: [757,0,758,1,759,0,927,5,928,0,1593,0]
11-16 05:29:30.706 1968 1968 I sysui_multi_action: [757,111,758,1]
11-16 05:29:30.706 1968 1968 I sysui_multi_action: [757,126,758,1,759,126,927,0,928,0,1593,1]
11-16 05:29:30.706 1968 1968 I sysui_multi_action: [757,113,758,1,759,113,927,1,928,1,1593,1]
11-16 05:29:30.707 1968 1968 I sysui_multi_action: [757,0,758,1,759,0,927,2,928,0,1593,1]
11-16 05:29:30.707 1968 1968 I sysui_multi_action: [757,0,758,1,759,0,927,3,928,0,1593,1]
11-16 05:29:30.715 1504 1682 I input_focus: [Focus leaving bf31f4f NotificationShade (server),reason=NO_WINDOW]
11-16 05:29:30.715 1504 1682 I input_focus: [Focus entering e1de84c com.android.launcher3/com.android.launcher3.uioverrides.QuickstepLauncher (server),reason=setFocusedWindow]
11-16 05:29:31.623 1504 1682 I input_interaction: Interaction with: e1de84c com.android.launcher3/com.android.launcher3.uioverrides.QuickstepLauncher (server), c74be60 com.android.systemui.ImageWallpaper (server), edge-swipe (server), swipe-up (server), PointerEventDispatcher0 (server),
11-16 05:29:32.871 1504 1821 I wm_task_created: [442,-1]
11-16 05:29:32.879 1504 1821 I wm_task_moved: [442,1,6]
11-16 05:29:32.879 1504 1821 I wm_task_to_front: [0,442]
11-16 05:29:32.880 1504 1821 I wm_create_task: [0,442]
11-16 05:29:32.880 1504 1821 I wm_create_activity: [0,158520352,442,com.android.gallery3d/.app.GalleryActivity,NULL,NULL,NULL,268468224]
11-16 05:29:32.880 1504 1821 I wm_task_moved: [442,1,6]
11-16 05:29:32.885 1504 1821 I wm_restart_activity: [0,158520352,442,com.android.gallery3d/.app.GalleryActivity]
11-16 05:29:32.895 1504 1821 I wm_set_resumed_activity: [0,com.android.gallery3d/.app.GalleryActivity,minimalResumeActivityLocked]
11-16 05:29:32.913 2496 2496 I wm_on_top_resumed_lost_called: [50203839,com.android.launcher3.uioverrides.QuickstepLauncher,topStateChangedWhenResumed]
11-16 05:29:32.937 10188 10188 I wm_on_create_called: [158520352,com.android.gallery3d.app.GalleryActivity,performCreate]
11-16 05:29:32.940 10188 10188 I wm_on_start_called: [158520352,com.android.gallery3d.app.GalleryActivity,handleStartActivity]
11-16 05:29:32.944 10188 10188 I wm_on_resume_called: [158520352,com.android.gallery3d.app.GalleryActivity,RESUME_ACTIVITY]
11-16 05:29:32.947 10188 10188 I wm_on_top_resumed_gained_called: [158520352,com.android.gallery3d.app.GalleryActivity,topStateChangedWhenResumed]
11-16 05:29:32.957 1504 1572 I input_focus: [Focus request 4664faa com.android.gallery3d/com.android.gallery3d.app.GalleryActivity,reason=UpdateInputWindows]
11-16 05:29:32.983 1504 1682 I input_focus: [Focus leaving e1de84c com.android.launcher3/com.android.launcher3.uioverrides.QuickstepLauncher (server),reason=Waiting for window because NOT_VISIBLE]
11-16 05:29:33.030 1504 1568 I sysui_multi_action: [319,156,322,156,325,7562,757,761,758,8,759,2,806,com.android.gallery3d,871,com.android.gallery3d.app.GalleryActivity,904,com.android.launcher3,905,0,1320,4,1321,1]
11-16 05:29:33.033 1504 1568 I wm_activity_launch_time: [0,158520352,com.android.gallery3d/.app.GalleryActivity,156]
11-16 05:29:33.034 1504 1682 I input_focus: [Focus entering 4664faa com.android.gallery3d/com.android.gallery3d.app.GalleryActivity (server),reason=Window became focusable. Previous reason: NOT_VISIBLE]
11-16 05:29:33.083 1504 1598 I am_pss : [10264,10086,com.android.music,7000064,4861952,0,91652096,0,19,6]
11-16 05:29:33.093 1504 1598 I am_pss : [9987,1000,com.android.settings,19964928,10723328,0,111525888,0,19,7]
11-16 05:29:33.100 1504 1598 I am_pss : [7878,1000,com.qti.diagservices,6116352,3813376,0,93708288,0,10,6]
11-16 05:29:33.657 1504 7432 I wm_task_created: [443,-1]
11-16 05:29:33.660 1504 7432 I wm_task_moved: [443,1,7]
11-16 05:29:33.660 1504 7432 I wm_task_to_front: [0,443]
11-16 05:29:33.660 1504 7432 I wm_create_task: [0,443]
11-16 05:29:33.661 1504 7432 I wm_create_activity: [0,248227500,443,com.android.music/.MusicBrowserActivity,android.intent.action.MAIN,NULL,NULL,270532608]
11-16 05:29:33.661 1504 7432 I wm_task_moved: [443,1,7]
11-16 05:29:33.661 10188 10188 I wm_on_top_resumed_lost_called: [158520352,com.android.gallery3d.app.GalleryActivity,topStateChangedWhenResumed]
11-16 05:29:33.663 1504 7432 I wm_pause_activity: [0,50203839,com.android.launcher3/.uioverrides.QuickstepLauncher,userLeaving=true,pauseBackTasks]
11-16 05:29:33.676 2496 2496 I wm_on_paused_called: [50203839,com.android.launcher3.uioverrides.QuickstepLauncher,performPause]
11-16 05:29:33.678 1504 4314 I wm_add_to_stopping: [0,50203839,com.android.launcher3/.uioverrides.QuickstepLauncher,makeInvisible]
11-16 05:29:33.680 1504 4314 I wm_restart_activity: [0,248227500,443,com.android.music/.MusicBrowserActivity]
11-16 05:29:33.681 1504 4314 I wm_set_resumed_activity: [0,com.android.music/.MusicBrowserActivity,minimalResumeActivityLocked]
11-16 05:29:33.685 1504 1571 I am_uid_active: 10086
11-16 05:29:33.691 1504 1571 I sysui_multi_action: [757,803,799,window_time_0,802,35]
11-16 05:29:33.738 10264 10264 I wm_on_create_called: [248227500,com.android.music.MusicBrowserActivity,performCreate]
11-16 05:29:33.751 10264 10264 I wm_on_start_called: [248227500,com.android.music.MusicBrowserActivity,handleStartActivity]
11-16 05:29:33.752 10264 10264 I wm_on_resume_called: [248227500,com.android.music.MusicBrowserActivity,RESUME_ACTIVITY]
11-16 05:29:33.757 10264 10264 I wm_on_top_resumed_gained_called: [248227500,com.android.music.MusicBrowserActivity,topStateChangedWhenResumed]
11-16 05:29:33.773 1504 7432 I sysui_multi_action: [757,856,758,1,806,com.android.music,857,Channel-music,858,2]
11-16 05:29:33.779 1504 1504 I notification_enqueue: [10086,10264,com.android.music,1,NULL,0,Notification(channel=Channel-music shortcut=null contentView=null vibrate=null sound=null defaults=0x0 flags=0x0 color=0x00000000 category=transport actions=3 vis=PRIVATE),0]
11-16 05:29:33.780 1504 1504 I notification_enqueue: [10086,10264,com.android.music,1,NULL,0,Notification(channel=Channel-music shortcut=null contentView=null vibrate=null sound=null defaults=0x0 flags=0x40 color=0x00000000 category=transport actions=3 vis=PRIVATE),0]
11-16 05:29:33.786 1504 1504 I notification_enqueue: [10086,10264,com.android.music,1,NULL,0,Notification(channel=Channel-music shortcut=null contentView=null vibrate=null sound=null defaults=0x0 flags=0x40 color=0x00000000 category=transport actions=3 vis=PRIVATE),0]
11-16 05:29:33.786 1504 1504 I notification_enqueue: [10086,10264,com.android.music,1,NULL,0,Notification(channel=Channel-music shortcut=null contentView=null vibrate=null sound=null defaults=0x0 flags=0x40 color=0x00000000 category=transport actions=3 vis=PRIVATE),0]
11-16 05:29:33.792 1504 1504 I notification_enqueue: [10086,10264,com.android.music,1,NULL,0,Notification(channel=Channel-music shortcut=null contentView=null vibrate=null sound=null defaults=0x0 flags=0x40 color=0x00000000 category=transport actions=3 vis=PRIVATE),0]
11-16 05:29:33.796 1504 1504 I notification_enqueue: [10086,10264,com.android.music,1,NULL,0,Notification(channel=Channel-music shortcut=null contentView=null vibrate=null sound=null defaults=0x0 flags=0x40 color=0x00000000 category=transport actions=3 vis=PRIVATE),0]
11-16 05:29:33.797 1504 1572 I input_focus: [Focus request 52f510d com.android.music/com.android.music.MusicBrowserActivity,reason=UpdateInputWindows]
11-16 05:29:33.803 1504 1682 I input_focus: [Focus leaving 4664faa com.android.gallery3d/com.android.gallery3d.app.GalleryActivity (server),reason=Waiting for window because NOT_VISIBLE]
11-16 05:29:33.832 1504 1568 I sysui_multi_action: [319,67,321,64,322,176,325,7563,757,761,758,8,759,1,806,com.android.music,871,com.android.music.MusicBrowserActivity,904,com.android.launcher3,905,0,1320,4,1321,5]
11-16 05:29:33.834 1504 1568 I wm_activity_launch_time: [0,248227500,com.android.music/.MusicBrowserActivity,176]
11-16 05:29:33.835 1504 1504 I sysui_multi_action: [757,128,758,5,759,8,793,57,794,0,795,57,796,1,806,com.android.music,857,Channel-music,858,2,947,0,1500,57,1641,transport,1688,1,1745,1043716538]
11-16 05:29:33.835 1504 1504 I notification_canceled: [0|com.android.music|1|null|10086,8,57,57,0,-1,-1,NULL]
11-16 05:29:33.835 1504 1682 I input_focus: [Focus entering 52f510d com.android.music/com.android.music.MusicBrowserActivity (server),reason=Window became focusable. Previous reason: NOT_VISIBLE]
11-16 05:29:34.031 1504 1570 I commit_sys_config_file: [notification-policy,7553489]
11-16 05:29:34.278 1504 1571 I wm_stop_activity: [0,50203839,com.android.launcher3/.uioverrides.QuickstepLauncher]
11-16 05:29:34.328 2496 2496 I wm_on_stop_called: [50203839,com.android.launcher3.uioverrides.QuickstepLauncher,STOP_ACTIVITY_ITEM]
11-16 05:29:35.406 1504 1682 I input_interaction: Interaction with: 52f510d com.android.music/com.android.music.MusicBrowserActivity (server), edge-swipe (server), swipe-up (server), PointerEventDispatcher0 (server),
11-16 05:29:35.420 1504 2032 I wm_task_moved: [280,0,0]
11-16 05:29:35.421 1504 2032 I wm_task_moved: [280,0,6]
11-16 05:29:35.438 2496 2496 I wm_on_restart_called: [50203839,com.android.launcher3.uioverrides.QuickstepLauncher,performRestartActivity]
11-16 05:29:35.438 1504 7432 I wm_finish_activity: [0,158520352,442,com.android.gallery3d/.app.GalleryActivity,app-request]
11-16 05:29:35.454 1504 7432 I wm_pause_activity: [0,158520352,com.android.gallery3d/.app.GalleryActivity,userLeaving=false,finish]
11-16 05:29:35.468 10188 10188 I wm_on_paused_called: [158520352,com.android.gallery3d.app.GalleryActivity,performPause]
11-16 05:29:35.469 1504 6110 I wm_destroy_activity: [0,158520352,442,com.android.gallery3d/.app.GalleryActivity,finish-imm:completePausedLocked]
11-16 05:29:35.472 2496 2496 I wm_on_start_called: [50203839,com.android.launcher3.uioverrides.QuickstepLauncher,handleStartActivity]
11-16 05:29:35.483 1504 1571 I sysui_multi_action: [757,803,799,window_time_0,802,1]
11-16 05:29:35.485 10188 10188 I wm_on_stop_called: [158520352,com.android.gallery3d.app.GalleryActivity,LIFECYCLER_STOP_ACTIVITY]
11-16 05:29:35.494 10188 10188 I wm_on_destroy_called: [158520352,com.android.gallery3d.app.GalleryActivity,performDestroy]
11-16 05:29:35.503 1504 1568 I sysui_multi_action: [319,10,322,77,325,7564,757,761,758,9,759,5,806,com.android.launcher3,871,com.android.launcher3.uioverrides.QuickstepLauncher,904,com.android.launcher3,905,0,1320,8,1321,5]
11-16 05:29:35.511 1504 4314 I wm_task_removed: [442,removeChild:removeChild last r=ActivityRecord{972d420 u0 com.android.gallery3d/.app.GalleryActivity t-1 f}} in t=Task{a9eb723 #442 type=standard A=10064:com.android.gallery3d U=0 visible=false mode=freeform translucent=true sz=0}]
11-16 05:29:35.511 1504 4314 I wm_task_removed: [442,removeChild]
11-16 05:29:35.564 10264 10264 I view_enqueue_input_event: [Motion - Cancel,com.android.music/com.android.music.MusicBrowserActivity]
11-16 05:29:35.565 2496 2496 I sysui_latency: [1,87]
11-16 05:29:35.570 1504 1572 I input_focus: [Focus request recents_animation_input_consumer,reason=UpdateInputWindows]
11-16 05:29:35.571 1504 1682 I input_interaction: Interaction with: edge-swipe (server), swipe-up (server), PointerEventDispatcher0 (server),
11-16 05:29:35.606 1504 1682 I input_focus: [Focus leaving 52f510d com.android.music/com.android.music.MusicBrowserActivity (server),reason=NOT_FOCUSABLE]
11-16 05:29:35.606 1504 1682 I input_focus: [Focus entering recents_animation_input_consumer (server),reason=setFocusedWindow]
11-16 05:29:35.680 1504 1666 I commit_sys_config_file: [settings-1-0,10]
11-16 05:29:35.800 1504 1598 I sysui_latency: [8,84]
11-16 05:29:37.473 1504 1666 I commit_sys_config_file: [settings-1-0,4]
11-16 05:29:42.072 1504 1682 I input_interaction: Interaction with: e1de84c com.android.launcher3/com.android.launcher3.uioverrides.QuickstepLauncher (server), edge-swipe (server), swipe-up (server), PointerEventDispatcher0 (server),
11-16 05:29:42.530 1504 6110 I wm_task_moved: [280,1,6]
11-16 05:29:42.533 1504 6110 I wm_focused_root_task: [0,0,280,443,RecentsAnimation.onAnimationFinished()]
11-16 05:29:42.535 1504 6110 I wm_pause_activity: [0,248227500,com.android.music/.MusicBrowserActivity,userLeaving=false,pauseBackTasks]
11-16 05:29:42.537 1504 6110 I wm_set_resumed_activity: [0,com.android.launcher3/.uioverrides.QuickstepLauncher,resumeTopActivityInnerLocked]
11-16 05:29:42.539 10264 10264 I wm_on_top_resumed_lost_called: [248227500,com.android.music.MusicBrowserActivity,topStateChangedWhenResumed]
11-16 05:29:42.539 1504 6110 I wm_resume_activity: [0,50203839,281,com.android.launcher3/.uioverrides.QuickstepLauncher]
11-16 05:29:42.540 1504 6110 I wm_add_to_stopping: [0,248227500,com.android.music/.MusicBrowserActivity,makeInvisible]
11-16 05:29:42.551 1504 1572 I input_focus: [Focus request e1de84c com.android.launcher3/com.android.launcher3.uioverrides.QuickstepLauncher,reason=UpdateInputWindows]
11-16 05:29:42.553 10264 10264 I wm_on_paused_called: [248227500,com.android.music.MusicBrowserActivity,performPause]
11-16 05:29:42.559 1504 1682 I input_focus: [Focus leaving recents_animation_input_consumer (server),reason=NOT_VISIBLE]
11-16 05:29:42.561 1504 1571 I wm_stop_activity: [0,248227500,com.android.music/.MusicBrowserActivity]
11-16 05:29:42.562 1504 1571 I sysui_multi_action: [757,803,799,window_time_0,802,8]
11-16 05:29:42.571 2496 2496 I wm_on_resume_called: [50203839,com.android.launcher3.uioverrides.QuickstepLauncher,RESUME_ACTIVITY]
11-16 05:29:42.573 1504 1682 I input_focus: [Focus entering e1de84c com.android.launcher3/com.android.launcher3.uioverrides.QuickstepLauncher (server),reason=setFocusedWindow]
11-16 05:29:42.573 2496 2496 I wm_on_top_resumed_gained_called: [50203839,com.android.launcher3.uioverrides.QuickstepLauncher,topStateChangedWhenResumed]
11-16 05:29:42.575 10264 10264 I wm_on_stop_called: [248227500,com.android.music.MusicBrowserActivity,STOP_ACTIVITY_ITEM]
11-16 05:29:42.628 1504 1571 I am_kill : [0,10188,com.android.gallery3d,900,remove task]
11-16 05:29:42.630 1504 1571 I sysui_multi_action: [757,803,799,window_time_0,802,0]
11-16 05:29:42.660 1504 2505 I am_proc_died: [0,10188,com.android.gallery3d,900,18]
11-16 05:29:42.662 1504 2505 I am_uid_stopped: 10064
11-16 05:29:42.666 1504 1571 I am_uid_running: 10064
11-16 05:29:42.673 1504 2032 I wm_finish_activity: [0,248227500,443,com.android.music/.MusicBrowserActivity,recent-task-trimmed]
11-16 05:29:42.675 1504 2032 I wm_destroy_activity: [0,248227500,443,com.android.music/.MusicBrowserActivity,finish-imm:finishIfPossible]
11-16 05:29:42.675 1504 1603 I am_proc_start: [0,10349,10064,com.android.gallery3d,NULL,]
11-16 05:29:42.680 1504 1571 I sysui_multi_action: [757,803,799,window_time_0,802,0]
11-16 05:29:42.681 10264 10264 I wm_on_destroy_called: [248227500,com.android.music.MusicBrowserActivity,performDestroy]
11-16 05:29:42.688 1504 2032 I wm_task_removed: [443,removeChild:removeChild last r=ActivityRecord{ecba6ac u0 com.android.music/.MusicBrowserActivity t-1 f}} in t=Task{e0580c8 #443 type=standard A=10086:android.task.music U=0 visible=false mode=fullscreen translucent=true sz=0}]
11-16 05:29:42.688 1504 2032 I wm_task_removed: [443,removeChild]
11-16 05:29:42.702 1504 1504 I notification_cancel_all: [1000,1504,com.android.music,0,0,0,20,NULL]
11-16 05:29:42.702 1504 2032 I sysui_multi_action: [757,856,758,2,806,com.android.music,857,Channel-music,858,2]
11-16 05:29:42.713 1504 2505 I am_proc_bound: [0,10349,com.android.gallery3d]
11-16 05:29:42.903 1504 1682 I input_interaction: Interaction with: e1de84c com.android.launcher3/com.android.launcher3.uioverrides.QuickstepLauncher (server), c74be60 com.android.systemui.ImageWallpaper (server), edge-swipe (server), swipe-up (server), PointerEventDispatcher0 (server),
11-16 05:29:42.960 1504 1570 I commit_sys_config_file: [notification-policy,7562419]
11-16 05:30:36.050 1504 1620 I sysui_multi_action: [757,1696,758,6,759,2]
11-16 05:30:36.064 1504 1601 I am_wtf : [0,1504,system_server,-1,DisplayDeviceConfig,requesting nits when no mapping exists.]
11-16 05:30:36.068 1504 1601 I am_wtf : [0,1504,system_server,-1,DisplayDeviceConfig,requesting nits when no mapping exists.]
11-16 05:30:36.081 1504 1601 I am_wtf : [0,1504,system_server,-1,DisplayDeviceConfig,requesting nits when no mapping exists.]
11-16 05:30:36.083 1504 1601 I am_wtf : [0,1504,system_server,-1,DisplayDeviceConfig,requesting nits when no mapping exists.]
11-16 05:30:36.096 1504 1601 I am_wtf : [0,1504,system_server,-1,DisplayDeviceConfig,requesting nits when no mapping exists.]
11-16 05:30:36.098 1504 1601 I am_wtf : [0,1504,system_server,-1,DisplayDeviceConfig,requesting nits when no mapping exists.]
11-16 05:30:36.115 1504 1601 I am_wtf : [0,1504,system_server,-1,DisplayDeviceConfig,requesting nits when no mapping exists.]
11-16 05:30:36.116 1504 1601 I am_wtf : [0,1504,system_server,-1,DisplayDeviceConfig,requesting nits when no mapping exists.]
11-16 05:30:36.131 1504 1601 I am_wtf : [0,1504,system_server,-1,DisplayDeviceConfig,requesting nits when no mapping exists.]
11-16 05:30:36.133 1504 1601 I am_wtf : [0,1504,system_server,-1,DisplayDeviceConfig,requesting nits when no mapping exists.]
11-16 05:30:36.148 1504 1601 I am_wtf : [0,1504,system_server,-1,DisplayDeviceConfig,requesting nits when no mapping exists.]
11-16 05:30:36.149 1504 1601 I am_wtf : [0,1504,system_server,-1,DisplayDeviceConfig,requesting nits when no mapping exists.]
11-16 05:30:36.166 1504 1601 I am_wtf : [0,1504,system_server,-1,DisplayDeviceConfig,requesting nits when no mapping exists.]
11-16 05:30:36.168 1504 1601 I am_wtf : [0,1504,system_server,-1,DisplayDeviceConfig,requesting nits when no mapping exists.]
11-16 05:30:36.182 1504 1601 I am_wtf : [0,1504,system_server,-1,DisplayDeviceConfig,requesting nits when no mapping exists.]
11-16 05:30:36.182 1504 1601 I am_wtf : [0,1504,system_server,-1,DisplayDeviceConfig,requesting nits when no mapping exists.]
11-16 05:30:36.198 1504 1601 I am_wtf : [0,1504,system_server,-1,DisplayDeviceConfig,requesting nits when no mapping exists.]
11-16 05:30:36.199 1504 1601 I am_wtf : [0,1504,system_server,-1,DisplayDeviceConfig,requesting nits when no mapping exists.]
11-16 05:30:36.215 1504 1601 I am_wtf : [0,1504,system_server,-1,DisplayDeviceConfig,requesting nits when no mapping exists.]
11-16 05:30:36.216 1504 1601 I am_wtf : [0,1504,system_server,-1,DisplayDeviceConfig,requesting nits when no mapping exists.]
11-16 05:30:36.232 1504 1601 I am_wtf : [0,1504,system_server,-1,DisplayDeviceConfig,requesting nits when no mapping exists.]
11-16 05:30:36.233 1504 1601 I am_wtf : [0,1504,system_server,-1,DisplayDeviceConfig,requesting nits when no mapping exists.]
11-16 05:30:36.248 1504 1601 I am_wtf : [0,1504,system_server,-1,DisplayDeviceConfig,requesting nits when no mapping exists.]
11-16 05:30:36.249 1504 1601 I am_wtf : [0,1504,system_server,-1,DisplayDeviceConfig,requesting nits when no mapping exists.]
11-16 05:30:36.266 1504 1601 I am_wtf : [0,1504,system_server,-1,DisplayDeviceConfig,requesting nits when no mapping exists.]
11-16 05:30:36.267 1504 1601 I am_wtf : [0,1504,system_server,-1,DisplayDeviceConfig,requesting nits when no mapping exists.]
11-16 05:30:36.282 1504 1601 I am_wtf : [0,1504,system_server,-1,DisplayDeviceConfig,requesting nits when no mapping exists.]
11-16 05:30:36.283 1504 1601 I am_wtf : [0,1504,system_server,-1,DisplayDeviceConfig,requesting nits when no mapping exists.]
11-16 05:30:36.298 1504 1601 I am_wtf : [0,1504,system_server,-1,DisplayDeviceConfig,requesting nits when no mapping exists.]
11-16 05:30:36.299 1504 1601 I am_wtf : [0,1504,system_server,-1,DisplayDeviceConfig,requesting nits when no mapping exists.]
11-16 05:30:36.315 1504 1601 I am_wtf : [0,1504,system_server,-1,DisplayDeviceConfig,requesting nits when no mapping exists.]
11-16 05:30:36.317 1504 1601 I am_wtf : [0,1504,system_server,-1,DisplayDeviceConfig,requesting nits when no mapping exists.]
11-16 05:30:36.332 1504 1601 I am_wtf : [0,1504,system_server,-1,DisplayDeviceConfig,requesting nits when no mapping exists.]
11-16 05:30:36.333 1504 1601 I am_wtf : [0,1504,system_server,-1,DisplayDeviceConfig,requesting nits when no mapping exists.]
11-16 05:30:36.349 1504 1601 I am_wtf : [0,1504,system_server,-1,DisplayDeviceConfig,requesting nits when no mapping exists.]
11-16 05:30:36.350 1504 1601 I am_wtf : [0,1504,system_server,-1,DisplayDeviceConfig,requesting nits when no mapping exists.]
11-16 05:30:36.365 1504 1601 I am_wtf : [0,1504,system_server,-1,DisplayDeviceConfig,requesting nits when no mapping exists.]
11-16 05:30:36.366 1504 1601 I am_wtf : [0,1504,system_server,-1,DisplayDeviceConfig,requesting nits when no mapping exists.]
11-16 05:30:36.382 1504 1601 I am_wtf : [0,1504,system_server,-1,DisplayDeviceConfig,requesting nits when no mapping exists.]
11-16 05:30:36.383 1504 1601 I am_wtf : [0,1504,system_server,-1,DisplayDeviceConfig,requesting nits when no mapping exists.]
11-16 05:30:36.399 1504 1601 I am_wtf : [0,1504,system_server,-1,DisplayDeviceConfig,requesting nits when no mapping exists.]
11-16 05:30:36.399 1504 1601 I am_wtf : [0,1504,system_server,-1,DisplayDeviceConfig,requesting nits when no mapping exists.]
11-16 05:30:36.415 1504 1601 I am_wtf : [0,1504,system_server,-1,DisplayDeviceConfig,requesting nits when no mapping exists.]
11-16 05:30:36.416 1504 1601 I am_wtf : [0,1504,system_server,-1,DisplayDeviceConfig,requesting nits when no mapping exists.]
11-16 05:30:36.432 1504 1601 I am_wtf : [0,1504,system_server,-1,DisplayDeviceConfig,requesting nits when no mapping exists.]
11-16 05:30:36.433 1504 1601 I am_wtf : [0,1504,system_server,-1,DisplayDeviceConfig,requesting nits when no mapping exists.]
11-16 05:30:36.449 1504 1601 I am_wtf : [0,1504,system_server,-1,DisplayDeviceConfig,requesting nits when no mapping exists.]
11-16 05:30:36.449 1504 1601 I am_wtf : [0,1504,system_server,-1,DisplayDeviceConfig,requesting nits when no mapping exists.]
11-16 05:30:36.465 1504 1601 I am_wtf : [0,1504,system_server,-1,DisplayDeviceConfig,requesting nits when no mapping exists.]
11-16 05:30:36.466 1504 1601 I am_wtf : [0,1504,system_server,-1,DisplayDeviceConfig,requesting nits when no mapping exists.]
11-16 05:30:36.482 1504 1601 I am_wtf : [0,1504,system_server,-1,DisplayDeviceConfig,requesting nits when no mapping exists.]
11-16 05:30:36.483 1504 1601 I am_wtf : [0,1504,system_server,-1,DisplayDeviceConfig,requesting nits when no mapping exists.]
11-16 05:30:36.499 1504 1601 I am_wtf : [0,1504,system_server,-1,DisplayDeviceConfig,requesting nits when no mapping exists.]
11-16 05:30:36.500 1504 1601 I am_wtf : [0,1504,system_server,-1,DisplayDeviceConfig,requesting nits when no mapping exists.]
11-16 05:30:36.516 1504 1601 I am_wtf : [0,1504,system_server,-1,DisplayDeviceConfig,requesting nits when no mapping exists.]
11-16 05:30:36.517 1504 1601 I am_wtf : [0,1504,system_server,-1,DisplayDeviceConfig,requesting nits when no mapping exists.]
11-16 05:30:36.532 1504 1601 I am_wtf : [0,1504,system_server,-1,DisplayDeviceConfig,requesting nits when no mapping exists.]
11-16 05:30:36.533 1504 1601 I am_wtf : [0,1504,system_server,-1,DisplayDeviceConfig,requesting nits when no mapping exists.]
11-16 05:30:36.549 1504 1601 I am_wtf : [0,1504,system_server,-1,DisplayDeviceConfig,requesting nits when no mapping exists.]
11-16 05:30:36.550 1504 1601 I am_wtf : [0,1504,system_server,-1,DisplayDeviceConfig,requesting nits when no mapping exists.]
11-16 05:30:36.566 1504 1601 I am_wtf : [0,1504,system_server,-1,DisplayDeviceConfig,requesting nits when no mapping exists.]
11-16 05:30:36.566 1504 1601 I service_manager_stats: [100,64,81569]
11-16 05:30:36.567 1504 1601 I am_wtf : [0,1504,system_server,-1,DisplayDeviceConfig,requesting nits when no mapping exists.]
11-16 05:30:36.582 1504 1601 I am_wtf : [0,1504,system_server,-1,DisplayDeviceConfig,requesting nits when no mapping exists.]
11-16 05:30:36.583 1504 1601 I am_wtf : [0,1504,system_server,-1,DisplayDeviceConfig,requesting nits when no mapping exists.]
11-16 05:30:36.599 1504 1601 I am_wtf : [0,1504,system_server,-1,DisplayDeviceConfig,requesting nits when no mapping exists.]
11-16 05:30:36.601 1504 1601 I am_wtf : [0,1504,system_server,-1,DisplayDeviceConfig,requesting nits when no mapping exists.]
11-16 05:30:36.616 1504 1601 I am_wtf : [0,1504,system_server,-1,DisplayDeviceConfig,requesting nits when no mapping exists.]
11-16 05:30:36.618 1504 1601 I am_wtf : [0,1504,system_server,-1,DisplayDeviceConfig,requesting nits when no mapping exists.]
11-16 05:30:36.633 1504 1601 I am_wtf : [0,1504,system_server,-1,DisplayDeviceConfig,requesting nits when no mapping exists.]
11-16 05:30:36.633 1504 1601 I am_wtf : [0,1504,system_server,-1,DisplayDeviceConfig,requesting nits when no mapping exists.]
11-16 05:30:36.649 1504 1601 I am_wtf : [0,1504,system_server,-1,DisplayDeviceConfig,requesting nits when no mapping exists.]
11-16 05:30:36.650 1504 1601 I am_wtf : [0,1504,system_server,-1,DisplayDeviceConfig,requesting nits when no mapping exists.]
11-16 05:30:36.666 1504 1601 I am_wtf : [0,1504,system_server,-1,DisplayDeviceConfig,requesting nits when no mapping exists.]
11-16 05:30:36.667 1504 1601 I am_wtf : [0,1504,system_server,-1,DisplayDeviceConfig,requesting nits when no mapping exists.]
11-16 05:30:36.683 1504 1601 I am_wtf : [0,1504,system_server,-1,DisplayDeviceConfig,requesting nits when no mapping exists.]
11-16 05:30:36.684 1504 1601 I am_wtf : [0,1504,system_server,-1,DisplayDeviceConfig,requesting nits when no mapping exists.]
11-16 05:30:36.700 1504 1601 I am_wtf : [0,1504,system_server,-1,DisplayDeviceConfig,requesting nits when no mapping exists.]
11-16 05:30:36.701 1504 1601 I am_wtf : [0,1504,system_server,-1,DisplayDeviceConfig,requesting nits when no mapping exists.]
11-16 05:30:36.717 1504 1601 I am_wtf : [0,1504,system_server,-1,DisplayDeviceConfig,requesting nits when no mapping exists.]
11-16 05:30:36.718 1504 1601 I am_wtf : [0,1504,system_server,-1,DisplayDeviceConfig,requesting nits when no mapping exists.]
11-16 05:30:36.733 1504 1601 I am_wtf : [0,1504,system_server,-1,DisplayDeviceConfig,requesting nits when no mapping exists.]
11-16 05:30:36.734 1504 1601 I am_wtf : [0,1504,system_server,-1,DisplayDeviceConfig,requesting nits when no mapping exists.]
11-16 05:30:36.750 1504 1601 I am_wtf : [0,1504,system_server,-1,DisplayDeviceConfig,requesting nits when no mapping exists.]
11-16 05:30:36.751 1504 1601 I am_wtf : [0,1504,system_server,-1,DisplayDeviceConfig,requesting nits when no mapping exists.]
11-16 05:30:36.767 1504 1601 I am_wtf : [0,1504,system_server,-1,DisplayDeviceConfig,requesting nits when no mapping exists.]
11-16 05:30:36.772 1504 1601 I am_wtf : [0,1504,system_server,-1,DisplayDeviceConfig,requesting nits when no mapping exists.]
11-16 05:30:36.783 1504 1601 I am_wtf : [0,1504,system_server,-1,DisplayDeviceConfig,requesting nits when no mapping exists.]
11-16 05:30:36.784 1504 1601 I am_wtf : [0,1504,system_server,-1,DisplayDeviceConfig,requesting nits when no mapping exists.]
11-16 05:30:36.800 1504 1601 I am_wtf : [0,1504,system_server,-1,DisplayDeviceConfig,requesting nits when no mapping exists.]
11-16 05:30:36.801 1504 1601 I am_wtf : [0,1504,system_server,-1,DisplayDeviceConfig,requesting nits when no mapping exists.]
11-16 05:30:36.816 1504 1601 I am_wtf : [0,1504,system_server,-1,DisplayDeviceConfig,requesting nits when no mapping exists.]
11-16 05:30:36.817 1504 1601 I am_wtf : [0,1504,system_server,-1,DisplayDeviceConfig,requesting nits when no mapping exists.]
11-16 05:30:36.833 1504 1601 I am_wtf : [0,1504,system_server,-1,DisplayDeviceConfig,requesting nits when no mapping exists.]
11-16 05:30:36.834 1504 1601 I am_wtf : [0,1504,system_server,-1,DisplayDeviceConfig,requesting nits when no mapping exists.]
11-16 05:30:36.850 1504 1601 I am_wtf : [0,1504,system_server,-1,DisplayDeviceConfig,requesting nits when no mapping exists.]
11-16 05:30:36.852 1504 1601 I am_wtf : [0,1504,system_server,-1,DisplayDeviceConfig,requesting nits when no mapping exists.]
11-16 05:30:36.868 1504 1601 I am_wtf : [0,1504,system_server,-1,DisplayDeviceConfig,requesting nits when no mapping exists.]
11-16 05:30:36.869 1504 1601 I am_wtf : [0,1504,system_server,-1,DisplayDeviceConfig,requesting nits when no mapping exists.]
11-16 05:30:36.884 1504 1601 I am_wtf : [0,1504,system_server,-1,DisplayDeviceConfig,requesting nits when no mapping exists.]
11-16 05:30:36.885 1504 1601 I am_wtf : [0,1504,system_server,-1,DisplayDeviceConfig,requesting nits when no mapping exists.]
11-16 05:30:36.900 1504 1601 I am_wtf : [0,1504,system_server,-1,DisplayDeviceConfig,requesting nits when no mapping exists.]
11-16 05:30:36.902 1504 1601 I am_wtf : [0,1504,system_server,-1,DisplayDeviceConfig,requesting nits when no mapping exists.]
11-16 05:30:36.917 1504 1601 I am_wtf : [0,1504,system_server,-1,DisplayDeviceConfig,requesting nits when no mapping exists.]
11-16 05:30:36.918 1504 1601 I am_wtf : [0,1504,system_server,-1,DisplayDeviceConfig,requesting nits when no mapping exists.]
11-16 05:30:36.933 1504 1601 I am_wtf : [0,1504,system_server,-1,DisplayDeviceConfig,requesting nits when no mapping exists.]
11-16 05:30:36.935 1504 1601 I am_wtf : [0,1504,system_server,-1,DisplayDeviceConfig,requesting nits when no mapping exists.]
11-16 05:30:36.950 1504 1601 I am_wtf : [0,1504,system_server,-1,DisplayDeviceConfig,requesting nits when no mapping exists.]
11-16 05:30:36.952 1504 1601 I am_wtf : [0,1504,system_server,-1,DisplayDeviceConfig,requesting nits when no mapping exists.]
11-16 05:30:36.966 1504 1601 I am_wtf : [0,1504,system_server,-1,DisplayDeviceConfig,requesting nits when no mapping exists.]
11-16 05:30:36.967 1504 1601 I am_wtf : [0,1504,system_server,-1,DisplayDeviceConfig,requesting nits when no mapping exists.]
11-16 05:30:36.983 1504 1601 I am_wtf : [0,1504,system_server,-1,DisplayDeviceConfig,requesting nits when no mapping exists.]
11-16 05:30:36.984 1504 1601 I am_wtf : [0,1504,system_server,-1,DisplayDeviceConfig,requesting nits when no mapping exists.]
11-16 05:30:37.002 1504 1601 I am_wtf : [0,1504,system_server,-1,DisplayDeviceConfig,requesting nits when no mapping exists.]
11-16 05:30:37.003 1504 1601 I am_wtf : [0,1504,system_server,-1,DisplayDeviceConfig,requesting nits when no mapping exists.]
11-16 05:30:42.695 1504 1601 I am_uid_idle: 10086
11-16 05:30:43.040 1504 1568 I sysui_multi_action: [757,222,758,1]
11-16 05:30:43.043 1504 1568 I am_uid_active: 10051
11-16 05:30:43.052 1504 1598 I am_pss : [10349,10064,com.android.gallery3d,7716864,5271552,0,94351360,0,19,8]
11-16 05:30:43.059 1504 1598 I am_pss : [8379,10066,com.thundercomm.gamemode.provider,8481792,6238208,0,97128448,0,19,6]
11-16 05:30:43.061 1504 2505 I wm_task_created: [444,-1]
11-16 05:30:43.065 1504 2505 I wm_task_moved: [444,1,6]
11-16 05:30:43.065 1504 2505 I wm_task_to_front: [0,444]
11-16 05:30:43.065 1504 2505 I wm_create_task: [0,444]
11-16 05:30:43.065 1504 2505 I wm_create_activity: [0,93099097,444,com.thundercomm.screensaver/android.service.dreams.DreamActivity,NULL,NULL,NULL,276824064]
11-16 05:30:43.065 1504 2505 I wm_task_moved: [444,1,6]
11-16 05:30:43.066 2496 2496 I wm_on_top_resumed_lost_called: [50203839,com.android.launcher3.uioverrides.QuickstepLauncher,topStateChangedWhenResumed]
11-16 05:30:43.067 1504 2505 I wm_pause_activity: [0,50203839,com.android.launcher3/.uioverrides.QuickstepLauncher,userLeaving=true,pauseBackTasks]
11-16 05:30:43.071 2496 2496 I wm_on_paused_called: [50203839,com.android.launcher3.uioverrides.QuickstepLauncher,performPause]
