11-16 05:39:23.200 1504 1601 I am_wtf : [0,1504,system_server,-1,DisplayDeviceConfig,requesting nits when no mapping exists.]
11-16 05:39:23.201 1504 1601 I am_wtf : [0,1504,system_server,-1,DisplayDeviceConfig,requesting nits when no mapping exists.]
11-16 05:39:23.216 1504 1601 I am_wtf : [0,1504,system_server,-1,DisplayDeviceConfig,requesting nits when no mapping exists.]
11-16 05:39:23.217 1504 1601 I am_wtf : [0,1504,system_server,-1,DisplayDeviceConfig,requesting nits when no mapping exists.]
11-16 05:39:23.233 1504 1601 I am_wtf : [0,1504,system_server,-1,DisplayDeviceConfig,requesting nits when no mapping exists.]
11-16 05:39:23.234 1504 1601 I am_wtf : [0,1504,system_server,-1,DisplayDeviceConfig,requesting nits when no mapping exists.]
11-16 05:39:23.250 1504 1601 I am_wtf : [0,1504,system_server,-1,DisplayDeviceConfig,requesting nits when no mapping exists.]
11-16 05:39:23.251 1504 1601 I am_wtf : [0,1504,system_server,-1,DisplayDeviceConfig,requesting nits when no mapping exists.]
11-16 05:39:23.266 1504 1601 I am_wtf : [0,1504,system_server,-1,DisplayDeviceConfig,requesting nits when no mapping exists.]
11-16 05:39:23.267 1504 1601 I am_wtf : [0,1504,system_server,-1,DisplayDeviceConfig,requesting nits when no mapping exists.]
11-16 05:39:23.284 1504 1601 I am_wtf : [0,1504,system_server,-1,DisplayDeviceConfig,requesting nits when no mapping exists.]
11-16 05:39:23.285 1504 1601 I am_wtf : [0,1504,system_server,-1,DisplayDeviceConfig,requesting nits when no mapping exists.]
11-16 05:39:23.300 1504 1601 I am_wtf : [0,1504,system_server,-1,DisplayDeviceConfig,requesting nits when no mapping exists.]
11-16 05:39:23.301 1504 1601 I am_wtf : [0,1504,system_server,-1,DisplayDeviceConfig,requesting nits when no mapping exists.]
11-16 05:39:23.317 1504 1601 I am_wtf : [0,1504,system_server,-1,DisplayDeviceConfig,requesting nits when no mapping exists.]
11-16 05:39:23.318 1504 1601 I am_wtf : [0,1504,system_server,-1,DisplayDeviceConfig,requesting nits when no mapping exists.]
11-16 05:39:23.333 1504 1601 I am_wtf : [0,1504,system_server,-1,DisplayDeviceConfig,requesting nits when no mapping exists.]
11-16 05:39:23.334 1504 1601 I service_manager_stats: [100,76,107796]
11-16 05:39:23.334 1504 1601 I am_wtf : [0,1504,system_server,-1,DisplayDeviceConfig,requesting nits when no mapping exists.]
11-16 05:39:23.350 1504 1601 I am_wtf : [0,1504,system_server,-1,DisplayDeviceConfig,requesting nits when no mapping exists.]
11-16 05:39:23.351 1504 1601 I am_wtf : [0,1504,system_server,-1,DisplayDeviceConfig,requesting nits when no mapping exists.]
11-16 05:39:23.366 1504 1601 I am_wtf : [0,1504,system_server,-1,DisplayDeviceConfig,requesting nits when no mapping exists.]
11-16 05:39:23.367 1504 1601 I am_wtf : [0,1504,system_server,-1,DisplayDeviceConfig,requesting nits when no mapping exists.]
11-16 05:39:23.383 1504 1601 I am_wtf : [0,1504,system_server,-1,DisplayDeviceConfig,requesting nits when no mapping exists.]
11-16 05:39:23.384 1504 1601 I am_wtf : [0,1504,system_server,-1,DisplayDeviceConfig,requesting nits when no mapping exists.]
11-16 05:39:23.400 1504 1601 I am_wtf : [0,1504,system_server,-1,DisplayDeviceConfig,requesting nits when no mapping exists.]
11-16 05:39:23.401 1504 1601 I am_wtf : [0,1504,system_server,-1,DisplayDeviceConfig,requesting nits when no mapping exists.]
11-16 05:39:23.417 1504 1601 I am_wtf : [0,1504,system_server,-1,DisplayDeviceConfig,requesting nits when no mapping exists.]
11-16 05:39:23.417 1504 1601 I am_wtf : [0,1504,system_server,-1,DisplayDeviceConfig,requesting nits when no mapping exists.]
11-16 05:39:23.433 1504 1601 I am_wtf : [0,1504,system_server,-1,DisplayDeviceConfig,requesting nits when no mapping exists.]
11-16 05:39:23.434 1504 1601 I am_wtf : [0,1504,system_server,-1,DisplayDeviceConfig,requesting nits when no mapping exists.]
11-16 05:39:23.450 1504 1601 I am_wtf : [0,1504,system_server,-1,DisplayDeviceConfig,requesting nits when no mapping exists.]
11-16 05:39:23.451 1504 1601 I am_wtf : [0,1504,system_server,-1,DisplayDeviceConfig,requesting nits when no mapping exists.]
11-16 05:39:23.467 1504 1601 I am_wtf : [0,1504,system_server,-1,DisplayDeviceConfig,requesting nits when no mapping exists.]
11-16 05:39:23.468 1504 1601 I am_wtf : [0,1504,system_server,-1,DisplayDeviceConfig,requesting nits when no mapping exists.]
11-16 05:39:23.484 1504 1601 I am_wtf : [0,1504,system_server,-1,DisplayDeviceConfig,requesting nits when no mapping exists.]
11-16 05:39:23.485 1504 1601 I am_wtf : [0,1504,system_server,-1,DisplayDeviceConfig,requesting nits when no mapping exists.]
11-16 05:39:23.500 1504 1601 I am_wtf : [0,1504,system_server,-1,DisplayDeviceConfig,requesting nits when no mapping exists.]
11-16 05:39:23.501 1504 1601 I am_wtf : [0,1504,system_server,-1,DisplayDeviceConfig,requesting nits when no mapping exists.]
11-16 05:39:23.518 1504 1601 I am_wtf : [0,1504,system_server,-1,DisplayDeviceConfig,requesting nits when no mapping exists.]
11-16 05:39:23.519 1504 1601 I am_wtf : [0,1504,system_server,-1,DisplayDeviceConfig,requesting nits when no mapping exists.]
11-16 05:39:23.534 1504 1601 I am_wtf : [0,1504,system_server,-1,DisplayDeviceConfig,requesting nits when no mapping exists.]
11-16 05:39:23.534 1504 1601 I am_wtf : [0,1504,system_server,-1,DisplayDeviceConfig,requesting nits when no mapping exists.]
11-16 05:39:23.550 1504 1601 I am_wtf : [0,1504,system_server,-1,DisplayDeviceConfig,requesting nits when no mapping exists.]
11-16 05:39:23.551 1504 1601 I am_wtf : [0,1504,system_server,-1,DisplayDeviceConfig,requesting nits when no mapping exists.]
11-16 05:39:23.567 1504 1601 I am_wtf : [0,1504,system_server,-1,DisplayDeviceConfig,requesting nits when no mapping exists.]
11-16 05:39:23.568 1504 1601 I am_wtf : [0,1504,system_server,-1,DisplayDeviceConfig,requesting nits when no mapping exists.]
11-16 05:39:23.584 1504 1601 I am_wtf : [0,1504,system_server,-1,DisplayDeviceConfig,requesting nits when no mapping exists.]
11-16 05:39:23.585 1504 1601 I am_wtf : [0,1504,system_server,-1,DisplayDeviceConfig,requesting nits when no mapping exists.]
11-16 05:39:23.600 1504 1601 I am_wtf : [0,1504,system_server,-1,DisplayDeviceConfig,requesting nits when no mapping exists.]
11-16 05:39:23.601 1504 1601 I am_wtf : [0,1504,system_server,-1,DisplayDeviceConfig,requesting nits when no mapping exists.]
11-16 05:39:23.617 1504 1601 I am_wtf : [0,1504,system_server,-1,DisplayDeviceConfig,requesting nits when no mapping exists.]
11-16 05:39:23.618 1504 1601 I am_wtf : [0,1504,system_server,-1,DisplayDeviceConfig,requesting nits when no mapping exists.]
11-16 05:39:23.634 1504 1601 I am_wtf : [0,1504,system_server,-1,DisplayDeviceConfig,requesting nits when no mapping exists.]
11-16 05:39:23.634 1504 1601 I am_wtf : [0,1504,system_server,-1,DisplayDeviceConfig,requesting nits when no mapping exists.]
11-16 05:39:23.650 1504 1601 I am_wtf : [0,1504,system_server,-1,DisplayDeviceConfig,requesting nits when no mapping exists.]
11-16 05:39:23.651 1504 1601 I am_wtf : [0,1504,system_server,-1,DisplayDeviceConfig,requesting nits when no mapping exists.]
11-16 05:39:23.667 1504 1601 I am_wtf : [0,1504,system_server,-1,DisplayDeviceConfig,requesting nits when no mapping exists.]
11-16 05:39:23.668 1504 1601 I am_wtf : [0,1504,system_server,-1,DisplayDeviceConfig,requesting nits when no mapping exists.]
11-16 05:39:23.685 1504 1601 I am_wtf : [0,1504,system_server,-1,DisplayDeviceConfig,requesting nits when no mapping exists.]
11-16 05:39:23.686 1504 1601 I am_wtf : [0,1504,system_server,-1,DisplayDeviceConfig,requesting nits when no mapping exists.]
11-16 05:39:23.701 1504 1601 I am_wtf : [0,1504,system_server,-1,DisplayDeviceConfig,requesting nits when no mapping exists.]
11-16 05:39:23.702 1504 1601 I am_wtf : [0,1504,system_server,-1,DisplayDeviceConfig,requesting nits when no mapping exists.]
11-16 05:39:23.717 1504 1601 I am_wtf : [0,1504,system_server,-1,DisplayDeviceConfig,requesting nits when no mapping exists.]
11-16 05:39:23.718 1504 1601 I am_wtf : [0,1504,system_server,-1,DisplayDeviceConfig,requesting nits when no mapping exists.]
11-16 05:39:23.734 1504 1601 I am_wtf : [0,1504,system_server,-1,DisplayDeviceConfig,requesting nits when no mapping exists.]
11-16 05:39:23.735 1504 1601 I am_wtf : [0,1504,system_server,-1,DisplayDeviceConfig,requesting nits when no mapping exists.]
11-16 05:39:23.751 1504 1601 I am_wtf : [0,1504,system_server,-1,DisplayDeviceConfig,requesting nits when no mapping exists.]
11-16 05:39:23.752 1504 1601 I am_wtf : [0,1504,system_server,-1,DisplayDeviceConfig,requesting nits when no mapping exists.]
11-16 05:39:23.768 1504 1601 I am_wtf : [0,1504,system_server,-1,DisplayDeviceConfig,requesting nits when no mapping exists.]
11-16 05:39:23.768 1504 1601 I am_wtf : [0,1504,system_server,-1,DisplayDeviceConfig,requesting nits when no mapping exists.]
11-16 05:39:23.785 1504 1601 I am_wtf : [0,1504,system_server,-1,DisplayDeviceConfig,requesting nits when no mapping exists.]
11-16 05:39:23.785 1504 1601 I am_wtf : [0,1504,system_server,-1,DisplayDeviceConfig,requesting nits when no mapping exists.]
11-16 05:39:23.801 1504 1601 I am_wtf : [0,1504,system_server,-1,DisplayDeviceConfig,requesting nits when no mapping exists.]
11-16 05:39:23.801 1504 1601 I am_wtf : [0,1504,system_server,-1,DisplayDeviceConfig,requesting nits when no mapping exists.]
11-16 05:39:23.817 1504 1601 I am_wtf : [0,1504,system_server,-1,DisplayDeviceConfig,requesting nits when no mapping exists.]
11-16 05:39:23.818 1504 1601 I am_wtf : [0,1504,system_server,-1,DisplayDeviceConfig,requesting nits when no mapping exists.]
11-16 05:39:23.834 1504 1601 I am_wtf : [0,1504,system_server,-1,DisplayDeviceConfig,requesting nits when no mapping exists.]
11-16 05:39:23.835 1504 1601 I am_wtf : [0,1504,system_server,-1,DisplayDeviceConfig,requesting nits when no mapping exists.]
11-16 05:39:23.851 1504 1601 I am_wtf : [0,1504,system_server,-1,DisplayDeviceConfig,requesting nits when no mapping exists.]
11-16 05:39:23.852 1504 1601 I am_wtf : [0,1504,system_server,-1,DisplayDeviceConfig,requesting nits when no mapping exists.]
11-16 05:39:23.868 1504 1601 I am_wtf : [0,1504,system_server,-1,DisplayDeviceConfig,requesting nits when no mapping exists.]
11-16 05:39:23.869 1504 1601 I am_wtf : [0,1504,system_server,-1,DisplayDeviceConfig,requesting nits when no mapping exists.]
11-16 05:39:23.884 1504 1601 I am_wtf : [0,1504,system_server,-1,DisplayDeviceConfig,requesting nits when no mapping exists.]
11-16 05:39:23.885 1504 1601 I am_wtf : [0,1504,system_server,-1,DisplayDeviceConfig,requesting nits when no mapping exists.]
11-16 05:39:23.901 1504 1601 I am_wtf : [0,1504,system_server,-1,DisplayDeviceConfig,requesting nits when no mapping exists.]
11-16 05:39:23.902 1504 1601 I am_wtf : [0,1504,system_server,-1,DisplayDeviceConfig,requesting nits when no mapping exists.]
11-16 05:39:23.918 1504 1601 I am_wtf : [0,1504,system_server,-1,DisplayDeviceConfig,requesting nits when no mapping exists.]
11-16 05:39:23.919 1504 1601 I am_wtf : [0,1504,system_server,-1,DisplayDeviceConfig,requesting nits when no mapping exists.]
11-16 05:39:23.935 1504 1601 I am_wtf : [0,1504,system_server,-1,DisplayDeviceConfig,requesting nits when no mapping exists.]
11-16 05:39:23.936 1504 1601 I am_wtf : [0,1504,system_server,-1,DisplayDeviceConfig,requesting nits when no mapping exists.]
11-16 05:39:23.952 1504 1601 I am_wtf : [0,1504,system_server,-1,DisplayDeviceConfig,requesting nits when no mapping exists.]
11-16 05:39:23.953 1504 1601 I am_wtf : [0,1504,system_server,-1,DisplayDeviceConfig,requesting nits when no mapping exists.]
11-16 05:39:23.968 1504 1601 I am_wtf : [0,1504,system_server,-1,DisplayDeviceConfig,requesting nits when no mapping exists.]
11-16 05:39:23.969 1504 1601 I am_wtf : [0,1504,system_server,-1,DisplayDeviceConfig,requesting nits when no mapping exists.]
11-16 05:39:23.985 1504 1601 I am_wtf : [0,1504,system_server,-1,DisplayDeviceConfig,requesting nits when no mapping exists.]
11-16 05:39:23.985 1504 1601 I am_wtf : [0,1504,system_server,-1,DisplayDeviceConfig,requesting nits when no mapping exists.]
11-16 05:39:24.001 1504 1601 I am_wtf : [0,1504,system_server,-1,DisplayDeviceConfig,requesting nits when no mapping exists.]
11-16 05:39:24.002 1504 1601 I am_wtf : [0,1504,system_server,-1,DisplayDeviceConfig,requesting nits when no mapping exists.]
11-16 05:39:24.019 1504 1601 I am_wtf : [0,1504,system_server,-1,DisplayDeviceConfig,requesting nits when no mapping exists.]
11-16 05:39:24.020 1504 1601 I am_wtf : [0,1504,system_server,-1,DisplayDeviceConfig,requesting nits when no mapping exists.]
11-16 05:39:24.035 1504 1601 I am_wtf : [0,1504,system_server,-1,DisplayDeviceConfig,requesting nits when no mapping exists.]
11-16 05:39:24.036 1504 1601 I am_wtf : [0,1504,system_server,-1,DisplayDeviceConfig,requesting nits when no mapping exists.]
11-16 05:39:24.052 1504 1601 I am_wtf : [0,1504,system_server,-1,DisplayDeviceConfig,requesting nits when no mapping exists.]
11-16 05:39:24.053 1504 1601 I am_wtf : [0,1504,system_server,-1,DisplayDeviceConfig,requesting nits when no mapping exists.]
11-16 05:39:24.068 1504 1601 I am_wtf : [0,1504,system_server,-1,DisplayDeviceConfig,requesting nits when no mapping exists.]
11-16 05:39:24.070 1504 1601 I am_wtf : [0,1504,system_server,-1,DisplayDeviceConfig,requesting nits when no mapping exists.]
11-16 05:39:30.103 1504 1568 I sysui_multi_action: [757,222,758,1]
11-16 05:39:30.105 1504 1568 I am_uid_active: 10051
11-16 05:39:30.120 1504 2493 I wm_task_created: [455,-1]
11-16 05:39:30.123 1504 1598 I am_pss : [10648,10086,com.android.music,58703872,52174848,0,176828416,0,2,11]
11-16 05:39:30.127 1504 2493 I wm_task_moved: [455,1,7]
11-16 05:39:30.127 1504 2493 I wm_task_to_front: [0,455]
11-16 05:39:30.128 1504 2493 I wm_create_task: [0,455]
11-16 05:39:30.128 1504 2493 I wm_create_activity: [0,108325763,455,com.thundercomm.screensaver/android.service.dreams.DreamActivity,NULL,NULL,NULL,276824064]
11-16 05:39:30.128 1504 2493 I wm_task_moved: [455,1,7]
11-16 05:39:30.128 10648 10648 I wm_on_top_resumed_lost_called: [173650501,com.android.music.VideoBrowserActivity,topStateChangedWhenResumed]
11-16 05:39:30.129 1504 2493 I wm_pause_activity: [0,173650501,com.android.music/.VideoBrowserActivity,userLeaving=true,pauseBackTasks]
11-16 05:39:30.137 1504 1598 I am_pss : [10669,1000,com.android.settings,27347968,25329664,0,111521792,0,19,8]
11-16 05:39:30.137 10648 10648 I wm_on_paused_called: [173650501,com.android.music.VideoBrowserActivity,performPause]
11-16 05:39:30.142 1504 2493 I wm_add_to_stopping: [0,173650501,com.android.music/.VideoBrowserActivity,makeInvisible]
11-16 05:39:30.143 1504 2493 I wm_restart_activity: [0,108325763,455,com.thundercomm.screensaver/android.service.dreams.DreamActivity]
11-16 05:39:30.144 1504 2493 I wm_set_resumed_activity: [0,com.thundercomm.screensaver/android.service.dreams.DreamActivity,minimalResumeActivityLocked]
11-16 05:39:30.151 1504 1571 I sysui_multi_action: [757,803,799,window_time_0,802,63]
11-16 05:39:30.155 4192 4192 I wm_on_create_called: [108325763,android.service.dreams.DreamActivity,performCreate]
11-16 05:39:30.156 4192 4192 I wm_on_start_called: [108325763,android.service.dreams.DreamActivity,handleStartActivity]
11-16 05:39:30.156 4192 4192 I wm_on_resume_called: [108325763,android.service.dreams.DreamActivity,RESUME_ACTIVITY]
11-16 05:39:30.167 4192 4192 I wm_on_top_resumed_gained_called: [108325763,android.service.dreams.DreamActivity,topStateChangedWhenResumed]
11-16 05:39:30.191 1504 1572 I input_focus: [Focus request 410bcdf com.thundercomm.screensaver/android.service.dreams.DreamActivity,reason=UpdateInputWindows]
11-16 05:39:30.194 1968 1968 I sysui_multi_action: [757,111,758,2]
11-16 05:39:30.195 1968 1968 I sysui_multi_action: [757,111,758,2]
11-16 05:39:30.196 1504 1504 I notification_enqueue: [10081,1968,com.android.systemui,2048,NULL,0,Notification(channel=updateNotification shortcut=null contentView=null vibrate=null sound=null defaults=0x0 flags=0x0 color=0x00000000 vis=PRIVATE),1]
11-16 05:39:30.201 1504 1682 I input_focus: [Focus leaving recents_animation_input_consumer (server),reason=Waiting for window because NOT_VISIBLE]
11-16 05:39:30.204 1504 1620 I sysui_multi_action: [757,1696,758,6,759,3]
11-16 05:39:30.211 1504 1568 I sysui_multi_action: [319,85,322,84,325,8159,757,761,758,8,759,2,806,com.thundercomm.screensaver,871,android.service.dreams.DreamActivity,904,com.thundercomm.screensaver,905,0,1320,4,1321,2]
11-16 05:39:30.211 1968 1968 I sysui_multi_action: [757,111,758,1]
11-16 05:39:30.212 1968 1968 I sysui_multi_action: [757,126,758,1,759,126,927,0,928,0,1593,0]
11-16 05:39:30.212 1504 1568 I wm_activity_launch_time: [0,108325763,com.thundercomm.screensaver/android.service.dreams.DreamActivity,84]
11-16 05:39:30.212 1968 1968 I sysui_multi_action: [757,113,758,1,759,113,927,1,928,1,1593,0]
11-16 05:39:30.212 1968 1968 I sysui_multi_action: [757,0,758,1,759,0,927,2,928,0,1593,0]
11-16 05:39:30.212 1968 1968 I sysui_multi_action: [757,0,758,1,759,0,927,3,928,0,1593,0]
11-16 05:39:30.213 1968 1968 I sysui_multi_action: [757,491,758,1,759,491,927,4,928,0,1311,-1,1593,0]
11-16 05:39:30.213 1968 1968 I sysui_multi_action: [757,0,758,1,759,0,927,5,928,0,1593,0]
11-16 05:39:30.213 1968 1968 I sysui_multi_action: [757,111,758,1]
11-16 05:39:30.213 1968 1968 I sysui_multi_action: [757,126,758,1,759,126,927,0,928,0,1593,0]
11-16 05:39:30.214 1968 1968 I sysui_multi_action: [757,113,758,1,759,113,927,1,928,1,1593,0]
11-16 05:39:30.214 1968 1968 I sysui_multi_action: [757,0,758,1,759,0,927,2,928,0,1593,0]
11-16 05:39:30.214 1968 1968 I sysui_multi_action: [757,0,758,1,759,0,927,3,928,0,1593,0]
11-16 05:39:30.220 1504 1601 I am_wtf : [0,1504,system_server,-1,DisplayDeviceConfig,requesting nits when no mapping exists.]
11-16 05:39:30.221 1504 1601 I am_wtf : [0,1504,system_server,-1,DisplayDeviceConfig,requesting nits when no mapping exists.]
11-16 05:39:30.236 1504 1682 I input_focus: [Focus entering 410bcdf com.thundercomm.screensaver/android.service.dreams.DreamActivity (server),reason=Window became focusable. Previous reason: NOT_VISIBLE]
11-16 05:39:30.236 1504 1601 I am_wtf : [0,1504,system_server,-1,DisplayDeviceConfig,requesting nits when no mapping exists.]
11-16 05:39:30.236 1504 1601 I am_wtf : [0,1504,system_server,-1,DisplayDeviceConfig,requesting nits when no mapping exists.]
11-16 05:39:30.250 1504 1601 I am_wtf : [0,1504,system_server,-1,DisplayDeviceConfig,requesting nits when no mapping exists.]
11-16 05:39:30.251 1504 1601 I service_manager_stats: [100,40,6917]
11-16 05:39:30.256 1504 1601 I am_wtf : [0,1504,system_server,-1,DisplayDeviceConfig,requesting nits when no mapping exists.]
11-16 05:39:30.268 1504 1601 I am_wtf : [0,1504,system_server,-1,DisplayDeviceConfig,requesting nits when no mapping exists.]
11-16 05:39:30.270 1504 1601 I am_wtf : [0,1504,system_server,-1,DisplayDeviceConfig,requesting nits when no mapping exists.]
11-16 05:39:30.283 1504 1601 I am_wtf : [0,1504,system_server,-1,DisplayDeviceConfig,requesting nits when no mapping exists.]
11-16 05:39:30.285 1504 1601 I am_wtf : [0,1504,system_server,-1,DisplayDeviceConfig,requesting nits when no mapping exists.]
11-16 05:39:30.301 1504 1601 I am_wtf : [0,1504,system_server,-1,DisplayDeviceConfig,requesting nits when no mapping exists.]
11-16 05:39:30.307 1504 1601 I am_wtf : [0,1504,system_server,-1,DisplayDeviceConfig,requesting nits when no mapping exists.]
11-16 05:39:30.318 1504 1601 I am_wtf : [0,1504,system_server,-1,DisplayDeviceConfig,requesting nits when no mapping exists.]
11-16 05:39:30.319 1504 1601 I am_wtf : [0,1504,system_server,-1,DisplayDeviceConfig,requesting nits when no mapping exists.]
11-16 05:39:30.337 1504 1601 I am_wtf : [0,1504,system_server,-1,DisplayDeviceConfig,requesting nits when no mapping exists.]
11-16 05:39:30.337 1504 1601 I am_wtf : [0,1504,system_server,-1,DisplayDeviceConfig,requesting nits when no mapping exists.]
11-16 05:39:30.351 1504 1601 I am_wtf : [0,1504,system_server,-1,DisplayDeviceConfig,requesting nits when no mapping exists.]
11-16 05:39:30.352 1504 1601 I am_wtf : [0,1504,system_server,-1,DisplayDeviceConfig,requesting nits when no mapping exists.]
11-16 05:39:30.369 1504 1601 I am_wtf : [0,1504,system_server,-1,DisplayDeviceConfig,requesting nits when no mapping exists.]
11-16 05:39:30.370 1504 1601 I am_wtf : [0,1504,system_server,-1,DisplayDeviceConfig,requesting nits when no mapping exists.]
11-16 05:39:30.387 1504 1601 I am_wtf : [0,1504,system_server,-1,DisplayDeviceConfig,requesting nits when no mapping exists.]
11-16 05:39:30.388 1504 1601 I am_wtf : [0,1504,system_server,-1,DisplayDeviceConfig,requesting nits when no mapping exists.]
11-16 05:39:30.399 1504 1504 I sysui_multi_action: [757,1501,758,1,793,8138735,794,0,795,207,796,2048,806,com.android.systemui,857,updateNotification,858,3,947,0,1500,0,1688,1]
11-16 05:39:30.399 1504 1504 I sysui_multi_action: [757,804,799,note_interruptive,801,0,802,1]
11-16 05:39:30.399 1504 1504 I sysui_multi_action: [757,199,758,1,759,2,793,8138735,794,0,795,207,796,2048,806,com.android.systemui,857,updateNotification,858,3,947,0,1500,0,1688,1]
11-16 05:39:30.402 1504 1601 I am_wtf : [0,1504,system_server,-1,DisplayDeviceConfig,requesting nits when no mapping exists.]
11-16 05:39:30.403 1504 1601 I am_wtf : [0,1504,system_server,-1,DisplayDeviceConfig,requesting nits when no mapping exists.]
11-16 05:39:30.407 1504 1504 I notification_alert: [0|com.android.systemui|2048|null|10081,0,1,0]
11-16 05:39:30.422 1504 1601 I am_wtf : [0,1504,system_server,-1,DisplayDeviceConfig,requesting nits when no mapping exists.]
11-16 05:39:30.423 1504 1601 I am_wtf : [0,1504,system_server,-1,DisplayDeviceConfig,requesting nits when no mapping exists.]
11-16 05:39:30.436 1504 1601 I am_wtf : [0,1504,system_server,-1,DisplayDeviceConfig,requesting nits when no mapping exists.]
11-16 05:39:30.436 1504 1601 I am_wtf : [0,1504,system_server,-1,DisplayDeviceConfig,requesting nits when no mapping exists.]
11-16 05:39:30.452 1504 1601 I am_wtf : [0,1504,system_server,-1,DisplayDeviceConfig,requesting nits when no mapping exists.]
11-16 05:39:30.453 1504 1601 I am_wtf : [0,1504,system_server,-1,DisplayDeviceConfig,requesting nits when no mapping exists.]
11-16 05:39:30.467 1504 1601 I am_wtf : [0,1504,system_server,-1,DisplayDeviceConfig,requesting nits when no mapping exists.]
11-16 05:39:30.468 1504 1601 I am_wtf : [0,1504,system_server,-1,DisplayDeviceConfig,requesting nits when no mapping exists.]
11-16 05:39:30.485 1504 1601 I am_wtf : [0,1504,system_server,-1,DisplayDeviceConfig,requesting nits when no mapping exists.]
11-16 05:39:30.491 1504 1601 I am_wtf : [0,1504,system_server,-1,DisplayDeviceConfig,requesting nits when no mapping exists.]
11-16 05:39:30.503 1504 1601 I am_wtf : [0,1504,system_server,-1,DisplayDeviceConfig,requesting nits when no mapping exists.]
11-16 05:39:30.504 1504 1601 I am_wtf : [0,1504,system_server,-1,DisplayDeviceConfig,requesting nits when no mapping exists.]
11-16 05:39:30.520 1504 1601 I am_wtf : [0,1504,system_server,-1,DisplayDeviceConfig,requesting nits when no mapping exists.]
11-16 05:39:30.521 1504 1601 I am_wtf : [0,1504,system_server,-1,DisplayDeviceConfig,requesting nits when no mapping exists.]
11-16 05:39:30.537 1504 1601 I am_wtf : [0,1504,system_server,-1,DisplayDeviceConfig,requesting nits when no mapping exists.]
11-16 05:39:30.538 1504 1601 I am_wtf : [0,1504,system_server,-1,DisplayDeviceConfig,requesting nits when no mapping exists.]
11-16 05:39:30.552 1504 1601 I am_wtf : [0,1504,system_server,-1,DisplayDeviceConfig,requesting nits when no mapping exists.]
11-16 05:39:30.553 1504 1601 I am_wtf : [0,1504,system_server,-1,DisplayDeviceConfig,requesting nits when no mapping exists.]
11-16 05:39:30.574 1504 1601 I am_wtf : [0,1504,system_server,-1,DisplayDeviceConfig,requesting nits when no mapping exists.]
11-16 05:39:30.576 1504 1601 I am_wtf : [0,1504,system_server,-1,DisplayDeviceConfig,requesting nits when no mapping exists.]
11-16 05:39:30.584 1504 1601 I am_wtf : [0,1504,system_server,-1,DisplayDeviceConfig,requesting nits when no mapping exists.]
11-16 05:39:30.585 1504 1601 I am_wtf : [0,1504,system_server,-1,DisplayDeviceConfig,requesting nits when no mapping exists.]
11-16 05:39:30.601 1504 1601 I am_wtf : [0,1504,system_server,-1,DisplayDeviceConfig,requesting nits when no mapping exists.]
11-16 05:39:30.602 1504 1601 I am_wtf : [0,1504,system_server,-1,DisplayDeviceConfig,requesting nits when no mapping exists.]
11-16 05:39:30.618 1504 1601 I am_wtf : [0,1504,system_server,-1,DisplayDeviceConfig,requesting nits when no mapping exists.]
11-16 05:39:30.619 1504 1601 I am_wtf : [0,1504,system_server,-1,DisplayDeviceConfig,requesting nits when no mapping exists.]
11-16 05:39:30.635 1504 1601 I am_wtf : [0,1504,system_server,-1,DisplayDeviceConfig,requesting nits when no mapping exists.]
11-16 05:39:30.636 1504 1601 I am_wtf : [0,1504,system_server,-1,DisplayDeviceConfig,requesting nits when no mapping exists.]
11-16 05:39:30.654 1504 1601 I am_wtf : [0,1504,system_server,-1,DisplayDeviceConfig,requesting nits when no mapping exists.]
11-16 05:39:30.655 1504 1601 I am_wtf : [0,1504,system_server,-1,DisplayDeviceConfig,requesting nits when no mapping exists.]
11-16 05:39:30.672 1504 1601 I am_wtf : [0,1504,system_server,-1,DisplayDeviceConfig,requesting nits when no mapping exists.]
11-16 05:39:30.673 1504 1601 I am_wtf : [0,1504,system_server,-1,DisplayDeviceConfig,requesting nits when no mapping exists.]
11-16 05:39:30.688 1504 1601 I am_wtf : [0,1504,system_server,-1,DisplayDeviceConfig,requesting nits when no mapping exists.]
11-16 05:39:30.689 1504 1601 I am_wtf : [0,1504,system_server,-1,DisplayDeviceConfig,requesting nits when no mapping exists.]
11-16 05:39:30.703 1504 1601 I am_wtf : [0,1504,system_server,-1,DisplayDeviceConfig,requesting nits when no mapping exists.]
11-16 05:39:30.704 1504 1601 I am_wtf : [0,1504,system_server,-1,DisplayDeviceConfig,requesting nits when no mapping exists.]
11-16 05:39:30.722 1504 1601 I am_wtf : [0,1504,system_server,-1,DisplayDeviceConfig,requesting nits when no mapping exists.]
11-16 05:39:30.723 1504 1601 I am_wtf : [0,1504,system_server,-1,DisplayDeviceConfig,requesting nits when no mapping exists.]
11-16 05:39:30.738 1504 1601 I am_wtf : [0,1504,system_server,-1,DisplayDeviceConfig,requesting nits when no mapping exists.]
11-16 05:39:30.740 1504 1601 I am_wtf : [0,1504,system_server,-1,DisplayDeviceConfig,requesting nits when no mapping exists.]
11-16 05:39:30.754 1504 1601 I am_wtf : [0,1504,system_server,-1,DisplayDeviceConfig,requesting nits when no mapping exists.]
11-16 05:39:30.756 1504 1601 I am_wtf : [0,1504,system_server,-1,DisplayDeviceConfig,requesting nits when no mapping exists.]
11-16 05:39:30.773 1504 1601 I am_wtf : [0,1504,system_server,-1,DisplayDeviceConfig,requesting nits when no mapping exists.]
11-16 05:39:30.775 1504 1601 I am_wtf : [0,1504,system_server,-1,DisplayDeviceConfig,requesting nits when no mapping exists.]
11-16 05:39:30.788 1504 1601 I am_wtf : [0,1504,system_server,-1,DisplayDeviceConfig,requesting nits when no mapping exists.]
11-16 05:39:30.788 1504 1601 I am_wtf : [0,1504,system_server,-1,DisplayDeviceConfig,requesting nits when no mapping exists.]
11-16 05:39:30.802 1504 1601 I am_wtf : [0,1504,system_server,-1,DisplayDeviceConfig,requesting nits when no mapping exists.]
11-16 05:39:30.807 1504 1601 I am_wtf : [0,1504,system_server,-1,DisplayDeviceConfig,requesting nits when no mapping exists.]
11-16 05:39:30.822 1504 1601 I am_wtf : [0,1504,system_server,-1,DisplayDeviceConfig,requesting nits when no mapping exists.]
11-16 05:39:30.823 1504 1601 I am_wtf : [0,1504,system_server,-1,DisplayDeviceConfig,requesting nits when no mapping exists.]
11-16 05:39:30.836 1504 1601 I am_wtf : [0,1504,system_server,-1,DisplayDeviceConfig,requesting nits when no mapping exists.]
11-16 05:39:30.837 1504 1601 I am_wtf : [0,1504,system_server,-1,DisplayDeviceConfig,requesting nits when no mapping exists.]
11-16 05:39:30.855 1504 1601 I am_wtf : [0,1504,system_server,-1,DisplayDeviceConfig,requesting nits when no mapping exists.]
11-16 05:39:30.858 1504 1601 I am_wtf : [0,1504,system_server,-1,DisplayDeviceConfig,requesting nits when no mapping exists.]
11-16 05:39:30.869 1504 1601 I am_wtf : [0,1504,system_server,-1,DisplayDeviceConfig,requesting nits when no mapping exists.]
11-16 05:39:30.870 1504 1601 I am_wtf : [0,1504,system_server,-1,DisplayDeviceConfig,requesting nits when no mapping exists.]
11-16 05:39:30.886 1504 1601 I am_wtf : [0,1504,system_server,-1,DisplayDeviceConfig,requesting nits when no mapping exists.]
11-16 05:39:30.889 1504 1601 I am_wtf : [0,1504,system_server,-1,DisplayDeviceConfig,requesting nits when no mapping exists.]
11-16 05:39:30.902 1504 1601 I am_wtf : [0,1504,system_server,-1,DisplayDeviceConfig,requesting nits when no mapping exists.]
11-16 05:39:30.903 1504 1601 I am_wtf : [0,1504,system_server,-1,DisplayDeviceConfig,requesting nits when no mapping exists.]
11-16 05:39:30.923 1504 1601 I am_wtf : [0,1504,system_server,-1,DisplayDeviceConfig,requesting nits when no mapping exists.]
11-16 05:39:30.923 1504 1601 I am_wtf : [0,1504,system_server,-1,DisplayDeviceConfig,requesting nits when no mapping exists.]
11-16 05:39:30.937 1504 1601 I am_wtf : [0,1504,system_server,-1,DisplayDeviceConfig,requesting nits when no mapping exists.]
11-16 05:39:30.939 1504 1601 I am_wtf : [0,1504,system_server,-1,DisplayDeviceConfig,requesting nits when no mapping exists.]
11-16 05:39:30.953 1504 1601 I am_wtf : [0,1504,system_server,-1,DisplayDeviceConfig,requesting nits when no mapping exists.]
11-16 05:39:30.955 1504 1601 I am_wtf : [0,1504,system_server,-1,DisplayDeviceConfig,requesting nits when no mapping exists.]
11-16 05:39:30.970 1504 1601 I am_wtf : [0,1504,system_server,-1,DisplayDeviceConfig,requesting nits when no mapping exists.]
11-16 05:39:30.971 1504 1601 I am_wtf : [0,1504,system_server,-1,DisplayDeviceConfig,requesting nits when no mapping exists.]
11-16 05:39:30.985 1504 1601 I am_wtf : [0,1504,system_server,-1,DisplayDeviceConfig,requesting nits when no mapping exists.]
11-16 05:39:30.989 1504 1601 I am_wtf : [0,1504,system_server,-1,DisplayDeviceConfig,requesting nits when no mapping exists.]
11-16 05:39:31.010 1504 1601 I am_wtf : [0,1504,system_server,-1,DisplayDeviceConfig,requesting nits when no mapping exists.]
11-16 05:39:31.011 1504 1601 I am_wtf : [0,1504,system_server,-1,DisplayDeviceConfig,requesting nits when no mapping exists.]
11-16 05:39:31.024 1504 1601 I am_wtf : [0,1504,system_server,-1,DisplayDeviceConfig,requesting nits when no mapping exists.]
11-16 05:39:31.025 1504 1601 I am_wtf : [0,1504,system_server,-1,DisplayDeviceConfig,requesting nits when no mapping exists.]
11-16 05:39:31.041 1504 1601 I am_wtf : [0,1504,system_server,-1,DisplayDeviceConfig,requesting nits when no mapping exists.]
11-16 05:39:31.042 1504 1601 I am_wtf : [0,1504,system_server,-1,DisplayDeviceConfig,requesting nits when no mapping exists.]
11-16 05:39:31.055 1504 1601 I am_wtf : [0,1504,system_server,-1,DisplayDeviceConfig,requesting nits when no mapping exists.]
11-16 05:39:31.056 1504 1601 I am_wtf : [0,1504,system_server,-1,DisplayDeviceConfig,requesting nits when no mapping exists.]
11-16 05:39:31.074 1504 1601 I am_wtf : [0,1504,system_server,-1,DisplayDeviceConfig,requesting nits when no mapping exists.]
11-16 05:39:31.075 1504 1601 I am_wtf : [0,1504,system_server,-1,DisplayDeviceConfig,requesting nits when no mapping exists.]
11-16 05:39:31.093 1504 1601 I am_wtf : [0,1504,system_server,-1,DisplayDeviceConfig,requesting nits when no mapping exists.]
11-16 05:39:31.095 1504 1601 I am_wtf : [0,1504,system_server,-1,DisplayDeviceConfig,requesting nits when no mapping exists.]
11-16 05:39:31.108 1504 1601 I am_wtf : [0,1504,system_server,-1,DisplayDeviceConfig,requesting nits when no mapping exists.]
11-16 05:39:31.109 1504 1601 I am_wtf : [0,1504,system_server,-1,DisplayDeviceConfig,requesting nits when no mapping exists.]
11-16 05:39:31.124 1504 1601 I am_wtf : [0,1504,system_server,-1,DisplayDeviceConfig,requesting nits when no mapping exists.]
11-16 05:39:31.128 1504 1601 I am_wtf : [0,1504,system_server,-1,DisplayDeviceConfig,requesting nits when no mapping exists.]
11-16 05:39:31.140 1504 1601 I am_wtf : [0,1504,system_server,-1,DisplayDeviceConfig,requesting nits when no mapping exists.]
11-16 05:39:31.142 1504 1601 I am_wtf : [0,1504,system_server,-1,DisplayDeviceConfig,requesting nits when no mapping exists.]
11-16 05:39:31.159 1504 1601 I am_wtf : [0,1504,system_server,-1,DisplayDeviceConfig,requesting nits when no mapping exists.]
11-16 05:39:31.160 1504 1601 I am_wtf : [0,1504,system_server,-1,DisplayDeviceConfig,requesting nits when no mapping exists.]
11-16 05:39:31.174 1504 1601 I am_wtf : [0,1504,system_server,-1,DisplayDeviceConfig,requesting nits when no mapping exists.]
11-16 05:39:31.176 1504 1601 I am_wtf : [0,1504,system_server,-1,DisplayDeviceConfig,requesting nits when no mapping exists.]
11-16 05:40:18.233 1504 1701 I service_manager_stats: [112,86,47982]
11-16 05:40:18.242 1504 1701 I netstats_mobile_sample: [0,0,0,0,0,0,0,0,0,0,0,0,1668548418242]
11-16 05:40:18.242 1504 1701 I netstats_wifi_sample: [0,0,0,0,0,0,0,0,0,0,0,0,1668548418242]
11-16 05:40:36.304 1504 1601 I am_uid_idle: 10066
11-16 05:42:09.588 1504 1682 I input_interaction: Interaction with: 410bcdf com.thundercomm.screensaver/android.service.dreams.DreamActivity (server), edge-swipe (server), swipe-up (server), PointerEventDispatcher0 (server),
11-16 05:42:09.591 1504 2101 I wm_finish_activity: [0,108325763,455,com.thundercomm.screensaver/android.service.dreams.DreamActivity,finish-activity]
11-16 05:42:09.591 1504 2101 I wm_task_moved: [454,1,6]
11-16 05:42:09.591 1504 2101 I wm_task_to_front: [0,454]
11-16 05:42:09.593 1504 2101 I wm_focused_root_task: [0,0,454,455,finish-top adjustFocusToNextFocusableTask]
11-16 05:42:09.594 1504 2101 I wm_pause_activity: [0,108325763,com.thundercomm.screensaver/android.service.dreams.DreamActivity,userLeaving=false,finish]
11-16 05:42:09.607 1504 1571 I sysui_multi_action: [757,803,799,window_time_0,802,160]
11-16 05:42:09.608 4192 4192 I wm_on_top_resumed_lost_called: [108325763,android.service.dreams.DreamActivity,topStateChangedWhenResumed]
11-16 05:42:09.609 4192 4192 I wm_on_paused_called: [108325763,android.service.dreams.DreamActivity,performPause]
11-16 05:42:09.609 1504 2101 I wm_add_to_stopping: [0,108325763,com.thundercomm.screensaver/android.service.dreams.DreamActivity,completeFinishing]
11-16 05:42:09.613 1504 2101 I wm_set_resumed_activity: [0,com.android.music/.VideoBrowserActivity,resumeTopActivityInnerLocked]
11-16 05:42:09.616 1504 2101 I wm_resume_activity: [0,173650501,454,com.android.music/.VideoBrowserActivity]
11-16 05:42:09.617 10648 10648 I wm_on_resume_called: [173650501,com.android.music.VideoBrowserActivity,RESUME_ACTIVITY]
11-16 05:42:09.617 10648 10648 I wm_on_top_resumed_gained_called: [173650501,com.android.music.VideoBrowserActivity,topWhenResuming]
11-16 05:42:09.635 1504 1682 I input_focus: [Focus leaving 410bcdf com.thundercomm.screensaver/android.service.dreams.DreamActivity (server),reason=NO_WINDOW]
11-16 05:42:09.640 4192 4192 I view_enqueue_input_event: [Motion - Cancel,com.thundercomm.screensaver/android.service.dreams.DreamActivity]
11-16 05:42:09.641 1504 1571 I wm_destroy_activity: [0,108325763,455,com.thundercomm.screensaver/android.service.dreams.DreamActivity,finish-imm:idle]
11-16 05:42:09.660 1504 1571 I sysui_multi_action: [757,803,799,window_time_0,802,0]
11-16 05:42:09.670 4192 4192 I wm_on_stop_called: [108325763,android.service.dreams.DreamActivity,LIFECYCLER_STOP_ACTIVITY]
11-16 05:42:09.671 4192 4192 I wm_on_destroy_called: [108325763,android.service.dreams.DreamActivity,performDestroy]
11-16 05:42:09.675 1504 1568 I sysui_multi_action: [757,222,758,2]
11-16 05:42:09.675 1504 1568 I sysui_multi_action: [757,804,799,dreaming_minutes,801,2,802,1]
11-16 05:42:09.678 1504 1598 I am_pss : [10648,10086,com.android.music,58736640,52207616,0,176861184,0,2,7]
11-16 05:42:09.688 1504 1598 I am_pss : [10669,1000,com.android.settings,27347968,25329664,0,111521792,0,19,6]
11-16 05:42:09.689 1504 1534 I wm_task_removed: [455,removeChild:removeChild last r=ActivityRecord{674eb83 u0 com.thundercomm.screensaver/android.service.dreams.DreamActivity t-1 f}} in t=Task{67d995c #455 type=dream A=10051:android:com.thundercomm.screensaver/dream U=0 visible=false mode=fullscreen translucent=true sz=0}]
11-16 05:42:09.689 1504 1534 I wm_task_removed: [455,removeChild]
11-16 05:42:09.696 1504 1598 I am_pss : [10466,1000,com.qti.diagservices,6324224,3940352,0,93708288,0,10,6]
11-16 05:42:09.702 1504 1504 I am_uid_active: 10066
11-16 05:42:15.014 1504 1682 I input_interaction: Interaction with: e1de84c com.android.launcher3/com.android.launcher3.uioverrides.QuickstepLauncher (server), edge-swipe (server), swipe-up (server), PointerEventDispatcher0 (server),
11-16 05:42:15.127 1504 4314 I wm_task_moved: [280,1,6]
11-16 05:42:15.129 1504 4314 I wm_focused_root_task: [0,0,280,454,startActivityFromRecents]
11-16 05:42:15.130 10648 10648 I wm_on_top_resumed_lost_called: [173650501,com.android.music.VideoBrowserActivity,topStateChangedWhenResumed]
11-16 05:42:15.130 1504 4314 I wm_task_moved: [454,1,6]
11-16 05:42:15.130 1504 4314 I wm_set_resumed_activity: [0,com.android.music/.VideoBrowserActivity,positionChildAt]
11-16 05:42:15.130 1504 4314 I wm_focused_root_task: [0,0,454,280,moveTaskToFront findTaskToMoveToFront]
11-16 05:42:15.130 1504 4314 I wm_set_resumed_activity: [0,com.android.music/.VideoBrowserActivity,moveTaskToFront findTaskToMoveToFront]
11-16 05:42:15.139 10648 10648 I wm_on_top_resumed_gained_called: [173650501,com.android.music.VideoBrowserActivity,topStateChangedWhenResumed]
11-16 05:42:15.548 1504 2493 I wm_add_to_stopping: [0,50203839,com.android.launcher3/.uioverrides.QuickstepLauncher,makeInvisible]
11-16 05:42:15.569 1504 1572 I input_focus: [Focus request 880dac0 com.android.music/com.android.music.VideoBrowserActivity,reason=UpdateInputWindows]
11-16 05:42:15.571 1504 1571 I wm_stop_activity: [0,50203839,com.android.launcher3/.uioverrides.QuickstepLauncher]
11-16 05:42:15.583 1504 1682 I input_focus: [Focus entering 880dac0 com.android.music/com.android.music.VideoBrowserActivity (server),reason=setFocusedWindow]
11-16 05:42:15.608 1504 4314 I wm_task_created: [456,-1]
11-16 05:42:15.611 1504 4314 I wm_task_moved: [456,1,7]
11-16 05:42:15.611 1504 4314 I wm_task_to_front: [0,456]
11-16 05:42:15.611 1504 4314 I wm_create_task: [0,456]
11-16 05:42:15.611 1504 4314 I wm_create_activity: [0,13985823,456,com.android.music/.MusicBrowserActivity,NULL,NULL,NULL,268468224]
11-16 05:42:15.612 1504 4314 I wm_task_moved: [456,1,7]
11-16 05:42:15.612 10648 10648 I wm_on_top_resumed_lost_called: [173650501,com.android.music.VideoBrowserActivity,topStateChangedWhenResumed]
11-16 05:42:15.614 1504 4314 I wm_restart_activity: [0,13985823,456,com.android.music/.MusicBrowserActivity]
11-16 05:42:15.615 1504 4314 I wm_set_resumed_activity: [0,com.android.music/.MusicBrowserActivity,minimalResumeActivityLocked]
11-16 05:42:15.627 2496 2496 I wm_on_stop_called: [50203839,com.android.launcher3.uioverrides.QuickstepLauncher,STOP_ACTIVITY_ITEM]
11-16 05:42:15.663 10648 10648 I wm_on_create_called: [13985823,com.android.music.MusicBrowserActivity,performCreate]
11-16 05:42:15.671 10648 10648 I wm_on_start_called: [13985823,com.android.music.MusicBrowserActivity,handleStartActivity]
11-16 05:42:15.671 10648 10648 I wm_on_resume_called: [13985823,com.android.music.MusicBrowserActivity,RESUME_ACTIVITY]
11-16 05:42:15.674 10648 10648 I wm_on_top_resumed_gained_called: [13985823,com.android.music.MusicBrowserActivity,topStateChangedWhenResumed]
11-16 05:42:15.687 1504 4314 I sysui_multi_action: [757,856,758,1,806,com.android.music,857,Channel-music,858,2]
11-16 05:42:15.692 1504 1504 I notification_enqueue: [10086,10648,com.android.music,1,NULL,0,Notification(channel=Channel-music shortcut=null contentView=null vibrate=null sound=null defaults=0x0 flags=0x0 color=0x00000000 category=transport actions=3 vis=PRIVATE),0]
11-16 05:42:15.693 1504 1504 I notification_enqueue: [10086,10648,com.android.music,1,NULL,0,Notification(channel=Channel-music shortcut=null contentView=null vibrate=null sound=null defaults=0x0 flags=0x40 color=0x00000000 category=transport actions=3 vis=PRIVATE),0]
11-16 05:42:15.697 1504 1504 I notification_enqueue: [10086,10648,com.android.music,1,NULL,0,Notification(channel=Channel-music shortcut=null contentView=null vibrate=null sound=null defaults=0x0 flags=0x40 color=0x00000000 category=transport actions=3 vis=PRIVATE),0]
11-16 05:42:15.703 1504 1504 I notification_enqueue: [10086,10648,com.android.music,1,NULL,0,Notification(channel=Channel-music shortcut=null contentView=null vibrate=null sound=null defaults=0x0 flags=0x40 color=0x00000000 category=transport actions=3 vis=PRIVATE),0]
11-16 05:42:15.704 1504 1504 I notification_enqueue: [10086,10648,com.android.music,1,NULL,0,Notification(channel=Channel-music shortcut=null contentView=null vibrate=null sound=null defaults=0x0 flags=0x40 color=0x00000000 category=transport actions=3 vis=PRIVATE),0]
11-16 05:42:15.705 1504 1504 I notification_enqueue: [10086,10648,com.android.music,1,NULL,0,Notification(channel=Channel-music shortcut=null contentView=null vibrate=null sound=null defaults=0x0 flags=0x40 color=0x00000000 category=transport actions=3 vis=PRIVATE),0]
11-16 05:42:15.713 1504 1572 I input_focus: [Focus request ce4d05d com.android.music/com.android.music.MusicBrowserActivity,reason=UpdateInputWindows]
11-16 05:42:15.724 1504 1504 I sysui_multi_action: [757,128,758,5,759,8,793,33,794,0,795,33,796,1,806,com.android.music,857,Channel-music,858,2,947,0,1500,33,1641,transport,1688,1,1745,1043716538]
11-16 05:42:15.724 1504 1504 I notification_canceled: [0|com.android.music|1|null|10086,8,33,33,0,-1,-1,NULL]
11-16 05:42:15.726 1504 1568 I wm_activity_launch_time: [0,13985823,com.android.music/.MusicBrowserActivity,121]
11-16 05:42:15.732 1504 1682 I input_focus: [Focus leaving 880dac0 com.android.music/com.android.music.VideoBrowserActivity (server),reason=setFocusedWindow]
11-16 05:42:15.732 1504 1682 I input_focus: [Focus entering ce4d05d com.android.music/com.android.music.MusicBrowserActivity (server),reason=setFocusedWindow]
11-16 05:42:15.944 1504 1570 I commit_sys_config_file: [notification-policy,8315403]
11-16 05:42:17.317 1504 1682 I input_interaction: Interaction with: 880dac0 com.android.music/com.android.music.VideoBrowserActivity (server), edge-swipe (server), swipe-up (server), PointerEventDispatcher0 (server),
11-16 05:42:17.322 1504 1571 I wm_task_moved: [454,1,7]
11-16 05:42:17.322 1504 1571 I wm_task_to_front: [0,454]
11-16 05:42:17.326 1504 1571 I wm_set_resumed_activity: [0,com.android.music/.VideoBrowserActivity,positionChildAt]
11-16 05:42:17.327 1504 1571 I wm_focused_root_task: [0,0,454,456,setFocusedTask]
11-16 05:42:17.327 1504 1571 I wm_set_resumed_activity: [0,com.android.music/.VideoBrowserActivity,setFocusedTask]
11-16 05:42:17.328 1504 1572 I input_focus: [Focus request 880dac0 com.android.music/com.android.music.VideoBrowserActivity,reason=UpdateInputWindows]
11-16 05:42:17.334 1504 2504 I wm_task_moved: [280,0,0]
11-16 05:42:17.335 1504 2504 I wm_task_moved: [280,0,6]
11-16 05:42:17.343 10648 10648 I wm_on_top_resumed_lost_called: [13985823,com.android.music.MusicBrowserActivity,topStateChangedWhenResumed]
11-16 05:42:17.348 2496 2496 I wm_on_restart_called: [50203839,com.android.launcher3.uioverrides.QuickstepLauncher,performRestartActivity]
11-16 05:42:17.350 10648 10648 I wm_on_top_resumed_gained_called: [173650501,com.android.music.VideoBrowserActivity,topStateChangedWhenResumed]
11-16 05:42:17.351 1504 3120 I wm_finish_activity: [0,13985823,456,com.android.music/.MusicBrowserActivity,app-request]
11-16 05:42:17.355 1504 1682 I input_focus: [Focus leaving ce4d05d com.android.music/com.android.music.MusicBrowserActivity (server),reason=setFocusedWindow]
11-16 05:42:17.355 1504 1682 I input_focus: [Focus entering 880dac0 com.android.music/com.android.music.VideoBrowserActivity (server),reason=setFocusedWindow]
11-16 05:42:17.361 1504 3120 I wm_pause_activity: [0,13985823,com.android.music/.MusicBrowserActivity,userLeaving=false,finish]
11-16 05:42:17.370 10648 10648 I wm_on_paused_called: [13985823,com.android.music.MusicBrowserActivity,performPause]
11-16 05:42:17.371 1504 1822 I wm_destroy_activity: [0,13985823,456,com.android.music/.MusicBrowserActivity,finish-imm:completePausedLocked]
11-16 05:42:17.378 2496 2496 I wm_on_start_called: [50203839,com.android.launcher3.uioverrides.QuickstepLauncher,handleStartActivity]
11-16 05:42:17.382 1504 1571 I sysui_multi_action: [757,803,799,window_time_0,802,7]
11-16 05:42:17.388 10648 10648 I wm_on_stop_called: [13985823,com.android.music.MusicBrowserActivity,LIFECYCLER_STOP_ACTIVITY]
11-16 05:42:17.394 10648 10648 I wm_on_destroy_called: [13985823,com.android.music.MusicBrowserActivity,performDestroy]
11-16 05:42:17.405 1504 4314 I wm_task_removed: [456,removeChild:removeChild last r=ActivityRecord{d5681f u0 com.android.music/.MusicBrowserActivity t-1 f}} in t=Task{7a52fbe #456 type=standard A=10086:android.task.music U=0 visible=false mode=freeform translucent=true sz=0}]
11-16 05:42:17.405 1504 4314 I wm_task_removed: [456,removeChild]
11-16 05:42:17.407 1504 1568 I sysui_multi_action: [319,14,322,63,325,8326,757,761,758,9,759,5,806,com.android.launcher3,871,com.android.launcher3.uioverrides.QuickstepLauncher,904,com.android.launcher3,905,0,1320,8,1321,5]
11-16 05:42:17.408 1504 3120 I sysui_multi_action: [757,856,758,2,806,com.android.music,857,Channel-music,858,2]
11-16 05:42:17.410 1504 1504 I notification_cancel_all: [1000,1504,com.android.music,0,0,0,20,NULL]
11-16 05:42:17.472 10648 10648 I view_enqueue_input_event: [Motion - Cancel,com.android.music/com.android.music.VideoBrowserActivity]
11-16 05:42:17.473 2496 2496 I sysui_latency: [1,77]
11-16 05:42:17.480 1504 1572 I input_focus: [Focus request recents_animation_input_consumer,reason=UpdateInputWindows]
11-16 05:42:17.481 1504 1682 I input_interaction: Interaction with: edge-swipe (server), swipe-up (server), PointerEventDispatcher0 (server),
11-16 05:42:17.502 1504 1682 I input_focus: [Focus leaving 880dac0 com.android.music/com.android.music.VideoBrowserActivity (server),reason=NOT_FOCUSABLE]
11-16 05:42:17.503 1504 1682 I input_focus: [Focus entering recents_animation_input_consumer (server),reason=setFocusedWindow]
11-16 05:42:17.582 1504 1666 I commit_sys_config_file: [settings-1-0,4]
11-16 05:42:17.667 1504 1570 I commit_sys_config_file: [notification-policy,8317125]
11-16 05:42:17.699 1504 1598 I sysui_latency: [8,74]
11-16 05:42:18.550 1504 1666 I commit_sys_config_file: [settings-1-0,5]
11-16 05:42:18.558 1504 1682 I input_interaction: Interaction with: e1de84c com.android.launcher3/com.android.launcher3.uioverrides.QuickstepLauncher (server), edge-swipe (server), swipe-up (server), PointerEventDispatcher0 (server),
11-16 05:42:18.679 1504 1682 I input_interaction: Interaction with: edge-swipe (server), swipe-up (server), PointerEventDispatcher0 (server),
11-16 05:42:18.682 2496 2496 I view_enqueue_input_event: [Motion - Cancel,com.android.launcher3/com.android.launcher3.uioverrides.QuickstepLauncher]
11-16 05:42:19.474 1504 1682 I input_interaction: Interaction with: e1de84c com.android.launcher3/com.android.launcher3.uioverrides.QuickstepLauncher (server), edge-swipe (server), swipe-up (server), PointerEventDispatcher0 (server),
11-16 05:42:19.602 1504 2504 I wm_task_created: [457,-1]
11-16 05:42:19.611 1504 2504 I wm_task_moved: [457,1,7]
11-16 05:42:19.611 1504 2504 I wm_task_to_front: [0,457]
11-16 05:42:19.611 1504 2504 I wm_create_task: [0,457]
11-16 05:42:19.612 1504 2504 I wm_create_activity: [0,107361483,457,com.android.music/.MusicBrowserActivity,NULL,NULL,NULL,268468224]
11-16 05:42:19.612 1504 2504 I wm_task_moved: [457,1,7]
11-16 05:42:19.612 10648 10648 I wm_on_top_resumed_lost_called: [173650501,com.android.music.VideoBrowserActivity,topStateChangedWhenResumed]
11-16 05:42:19.616 1504 2504 I wm_restart_activity: [0,107361483,457,com.android.music/.MusicBrowserActivity]
11-16 05:42:19.618 1504 2504 I wm_set_resumed_activity: [0,com.android.music/.MusicBrowserActivity,minimalResumeActivityLocked]
11-16 05:42:19.656 10648 10648 I wm_on_create_called: [107361483,com.android.music.MusicBrowserActivity,performCreate]
11-16 05:42:19.662 10648 10648 I wm_on_start_called: [107361483,com.android.music.MusicBrowserActivity,handleStartActivity]
11-16 05:42:19.662 10648 10648 I wm_on_resume_called: [107361483,com.android.music.MusicBrowserActivity,RESUME_ACTIVITY]
11-16 05:42:19.665 10648 10648 I wm_on_top_resumed_gained_called: [107361483,com.android.music.MusicBrowserActivity,topStateChangedWhenResumed]
11-16 05:42:19.679 1504 2099 I sysui_multi_action: [757,856,758,1,806,com.android.music,857,Channel-music,858,2]
11-16 05:42:19.683 1504 1504 I notification_enqueue: [10086,10648,com.android.music,1,NULL,0,Notification(channel=Channel-music shortcut=null contentView=null vibrate=null sound=null defaults=0x0 flags=0x0 color=0x00000000 category=transport actions=3 vis=PRIVATE),0]
11-16 05:42:19.686 1504 1504 I notification_enqueue: [10086,10648,com.android.music,1,NULL,0,Notification(channel=Channel-music shortcut=null contentView=null vibrate=null sound=null defaults=0x0 flags=0x40 color=0x00000000 category=transport actions=3 vis=PRIVATE),0]
