11-16 05:53:54.134 3677 3695 W ContextImpl: Calling a method in the system process without a qualified user: android.app.ContextImpl.startService:1816 android.content.ContextWrapper.startService:774 com.thundercomm.gamemode.ingame.services.GameModeActionUtils.startGameModeService:93 com.thundercomm.gamemode.ingame.services.GameModeActionUtils.startGameModeEntry:21 com.thundercomm.gamemode.ingame.services.ActivityMonitoringService$1.onActivityLaunch:127
11-16 05:53:54.136 2496 2496 D EditModeHelper: setHotseatVisibility: 8
11-16 05:53:54.136 3677 3677 D GameMode_GameModeService: type=hide_entry
11-16 05:53:54.137 3677 3695 D GameModeIF_GameModeSettings: getUriFor setting_content_uri_root = content://com.thundercomm.gamemode.api/gamemode_settings , name = gamemode_isgaming
11-16 05:53:54.137 2496 2496 I wm_on_start_called: [50203839,com.android.launcher3.uioverrides.QuickstepLauncher,handleStartActivity]
11-16 05:53:54.139 1504 1504 I GameModeConfig: Current uri is uri = content://com.thundercomm.gamemode.api/gamemode_settings/gamemode_isgaming
11-16 05:53:54.139 3677 3677 D GameMode_GameSettingsObserver: Game Data change!!!! uri = content://com.thundercomm.gamemode.api/gamemode_settings/gamemode_isgaming
11-16 05:53:54.139 1504 1504 D GameModeIF_GameModeSettings: getUriFor setting_content_uri_root = content://com.thundercomm.gamemode.api/gamemode_settings , name = gamemode_isgaming
11-16 05:53:54.139 3677 3677 D GameModeIF_GameModeSettings: getUriFor setting_content_uri_root = content://com.thundercomm.gamemode.api/gamemode_settings , name = gamemode_isgaming
11-16 05:53:54.139 3677 3695 D GameModeIF_GameModeSettings: gamemode_isgaming set to 0
11-16 05:53:54.141 1504 1504 I GameModeConfig: isGameModeOn = false
11-16 05:53:54.141 1504 1504 I GameModeConfig: isGameModeOn = false
11-16 05:53:54.141 1504 1504 I GameModeConfig: isDisableVoice = true
11-16 05:53:54.143 1504 1682 I input_focus: [Focus leaving b06c275 com.android.music/com.android.music.VideoBrowserActivity (server),reason=NOT_FOCUSABLE]
11-16 05:53:54.143 1504 1682 I input_focus: [Focus entering recents_animation_input_consumer (server),reason=setFocusedWindow]
11-16 05:53:54.144 3677 3677 D GameMode_GameModeService: updateGlobalSettings = gamemode_isgaming
11-16 05:53:54.151 2496 2496 I LatencyTracker: ACTION_TOGGLE_RECENTS latency=63
11-16 05:53:54.151 2496 2496 I sysui_latency: [1,63]
11-16 05:53:54.157 1504 1571 I EventSequenceValidator: dec AccIntentStartedEvents to 1
11-16 05:53:54.163 1504 1568 I sysui_multi_action: [319,10,322,50,325,9023,757,761,758,9,759,5,806,com.android.launcher3,871,com.android.launcher3.uioverrides.QuickstepLauncher,904,com.android.launcher3,905,0,1320,8,1321,5]
11-16 05:53:54.277 2496 2496 W OrientationEventListener: Cannot detect sensors. Invalid disable
11-16 05:53:54.280 2496 2496 D FreeWindowHelper: enterOrExitRecentTasks: isEnterRecentTasks=false,mExitFlag=0
11-16 05:53:54.280 2496 2496 D EditModeHelper: setHotseatVisibility: 0
11-16 05:53:54.342 1504 1666 I commit_sys_config_file: [settings-1-0,4]
11-16 05:53:54.343 11559 11559 I auditd : type=1400 audit(0.0:950): avc: denied { read } for comm="ls" name="/" dev="dm-5" ino=2 scontext=u:r:system_app:s0 tcontext=u:object_r:rootfs:s0 tclass=dir permissive=0
11-16 05:53:54.343 11559 11559 W ls : type=1400 audit(0.0:950): avc: denied { read } for name="/" dev="dm-5" ino=2 scontext=u:r:system_app:s0 tcontext=u:object_r:rootfs:s0 tclass=dir permissive=0
11-16 05:53:54.376 1202 8472 I OMX-VENC: venc_dev: stats: avg. fps 54.54, bitrate 1324818
11-16 05:53:54.395 11563 11563 I auditd : type=1400 audit(0.0:951): avc: denied { read } for comm="ls" name="/" dev="dm-5" ino=2 scontext=u:r:system_app:s0 tcontext=u:object_r:rootfs:s0 tclass=dir permissive=0
11-16 05:53:54.395 11563 11563 W ls : type=1400 audit(0.0:951): avc: denied { read } for name="/" dev="dm-5" ino=2 scontext=u:r:system_app:s0 tcontext=u:object_r:rootfs:s0 tclass=dir permissive=0
11-16 05:53:54.456 1504 1598 I LatencyTracker: ACTION_START_RECENTS_ANIMATION latency=58
11-16 05:53:54.456 1504 1598 I sysui_latency: [8,58]
11-16 05:53:54.492 2220 11514 D TlogClient_LogCollectService: === FINISH to package logs ===
11-16 05:53:54.510 848 1067 W SDM : HWCDisplay::GetHWCLayer: [0] GetLayer(1125) failed: no such layer
11-16 05:53:54.516 991 991 W HwcComposer: command 0x3000000 generated error 3
11-16 05:53:54.516 645 660 I mpu_uart: [MSG-P:RECV]:No message received in 1000 ms
11-16 05:53:54.539 1504 2762 E TaskPersister: File error accessing recents directory (directory doesn't exist?).
11-16 05:53:54.685 645 659 I mpu_uart: [MSG-P:R]:recv sync frame timeout
11-16 05:53:54.933 2769 2769 W hpplay-java: [main]:IPManager:getActiveNets invalid networkInfo:null
11-16 05:53:54.933 2769 2769 I hpplay-java: [main]:IPManager:getActiveNets eth0:false wifi:false mobile:false ap:false
11-16 05:53:54.933 2769 2769 I hpplay-java: [main]:ServerTaskManager:get local ip:null
11-16 05:53:55.048 2496 2496 D EditModeHelper: setHotseatVisibility: 0
11-16 05:53:55.069 1504 6110 I wm_task_moved: [280,1,6]
11-16 05:53:55.070 1504 6110 I wm_task_moved: [281,1,2147483647]
11-16 05:53:55.070 1504 6110 I wm_task_to_front: [0,281]
11-16 05:53:55.070 1504 6110 I wm_focused_root_task: [0,0,280,480,RecentsAnimation.onAnimationFinished()]
11-16 05:53:55.070 1504 6110 I wm_set_resumed_activity: [0,com.android.launcher3/.uioverrides.QuickstepLauncher,RecentsAnimation.onAnimationFinished()]
11-16 05:53:55.071 11498 11498 I wm_on_top_resumed_lost_called: [13597203,com.android.music.VideoBrowserActivity,topStateChangedWhenResumed]
11-16 05:53:55.071 1504 6110 D ActivityTrigger: ActivityTrigger activityPauseTrigger
11-16 05:53:55.072 1504 6110 I wm_pause_activity: [0,13597203,com.android.music/.VideoBrowserActivity,userLeaving=true,pauseBackTasks]
11-16 05:53:55.075 1504 6110 I wm_add_to_stopping: [0,13597203,com.android.music/.VideoBrowserActivity,makeInvisible]
11-16 05:53:55.075 1504 6110 I ActivityTaskManager: FOREGROUND_APPLICATION_CHANGED to com.android.launcher3.uioverrides.QuickstepLauncher
11-16 05:53:55.076 1504 6110 I wm_set_resumed_activity: [0,com.android.launcher3/.uioverrides.QuickstepLauncher,resumeTopActivityInnerLocked]
11-16 05:53:55.077 1504 6110 I wm_resume_activity: [0,50203839,281,com.android.launcher3/.uioverrides.QuickstepLauncher]
11-16 05:53:55.082 2496 2496 I wm_on_resume_called: [50203839,com.android.launcher3.uioverrides.QuickstepLauncher,RESUME_ACTIVITY]
11-16 05:53:55.087 2496 2496 I wm_on_top_resumed_gained_called: [50203839,com.android.launcher3.uioverrides.QuickstepLauncher,topStateChangedWhenResumed]
11-16 05:53:55.087 11498 11498 I wm_on_paused_called: [13597203,com.android.music.VideoBrowserActivity,performPause]
11-16 05:53:55.090 1504 4613 I wm_stop_activity: [0,13597203,com.android.music/.VideoBrowserActivity]
11-16 05:53:55.090 1504 1571 I sysui_multi_action: [757,803,799,window_time_0,802,2]
11-16 05:53:55.091 1504 1572 I input_focus: [Focus request e1de84c com.android.launcher3/com.android.launcher3.uioverrides.QuickstepLauncher,reason=UpdateInputWindows]
11-16 05:53:55.093 1504 1571 I sysui_multi_action: [757,803,799,window_time_0,802,0]
11-16 05:53:55.095 1504 1682 I input_focus: [Focus leaving recents_animation_input_consumer (server),reason=NOT_VISIBLE]
11-16 05:53:55.112 1504 1682 I input_focus: [Focus entering e1de84c com.android.launcher3/com.android.launcher3.uioverrides.QuickstepLauncher (server),reason=setFocusedWindow]
11-16 05:53:55.120 11498 11498 I wm_on_stop_called: [13597203,com.android.music.VideoBrowserActivity,STOP_ACTIVITY_ITEM]
11-16 05:53:55.133 1968 2000 W System : A resource failed to call release.
11-16 05:53:55.133 1968 2000 W System : A resource failed to call close.
11-16 05:53:55.134 1968 2000 W System : A resource failed to call close.
11-16 05:53:55.134 1968 2000 W System : A resource failed to call close.
11-16 05:53:55.134 1968 2000 W System : A resource failed to call release.
11-16 05:53:55.138 3677 9419 I GameMode_ActivityMonitoringService: onForegroundActivitiesChanged uid 10086 pid 11498 fg false
11-16 05:53:55.140 3677 3695 I GameMode_ActivityMonitoringService: Updating top task to: TaskInfoContainer [topActivity=ComponentInfo{com.android.launcher3/com.android.launcher3.uioverrides.QuickstepLauncher}, taskId=281, stackId=280, userId=0, displayId=0, position=6
11-16 05:53:55.140 3677 3695 I GameMode_ActivityMonitoringService: Notifying about top task: TaskInfoContainer [topActivity=ComponentInfo{com.android.launcher3/com.android.launcher3.uioverrides.QuickstepLauncher}, taskId=281, stackId=280, userId=0, displayId=0, position=6
11-16 05:53:55.140 3677 3695 E GameMode_ActivityMonitoringService: onActivityLaunch:com.android.launcher3
11-16 05:53:55.140 3677 3695 V GameMode_GameTypeUtils: judge isGame:com.android.launcher3
11-16 05:53:55.140 3677 3695 V GameMode_GpuUtils: fps:60
11-16 05:53:55.142 3677 3695 D GameMode_GameModeActionUtils: Show GameMode entry by service!
11-16 05:53:55.142 3677 3695 W ContextImpl: Calling a method in the system process without a qualified user: android.app.ContextImpl.startService:1816 android.content.ContextWrapper.startService:774 com.thundercomm.gamemode.ingame.services.GameModeActionUtils.startGameModeService:93 com.thundercomm.gamemode.ingame.services.GameModeActionUtils.startGameModeEntry:21 com.thundercomm.gamemode.ingame.services.ActivityMonitoringService$1.onActivityLaunch:127
11-16 05:53:55.143 3677 3677 D GameMode_GameModeService: type=hide_entry
11-16 05:53:55.144 3677 3695 D GameModeIF_GameModeSettings: getUriFor setting_content_uri_root = content://com.thundercomm.gamemode.api/gamemode_settings , name = gamemode_isgaming
11-16 05:53:55.146 3677 3677 D GameMode_GameSettingsObserver: Game Data change!!!! uri = content://com.thundercomm.gamemode.api/gamemode_settings/gamemode_isgaming
11-16 05:53:55.146 3677 3677 D GameModeIF_GameModeSettings: getUriFor setting_content_uri_root = content://com.thundercomm.gamemode.api/gamemode_settings , name = gamemode_isgaming
11-16 05:53:55.146 3677 3695 D GameModeIF_GameModeSettings: gamemode_isgaming set to 0
11-16 05:53:55.148 1504 1504 I GameModeConfig: Current uri is uri = content://com.thundercomm.gamemode.api/gamemode_settings/gamemode_isgaming
11-16 05:53:55.148 1504 1504 D GameModeIF_GameModeSettings: getUriFor setting_content_uri_root = content://com.thundercomm.gamemode.api/gamemode_settings , name = gamemode_isgaming
11-16 05:53:55.150 3677 3677 D GameMode_GameModeService: updateGlobalSettings = gamemode_isgaming
11-16 05:53:55.150 1504 1504 I GameModeConfig: isGameModeOn = false
11-16 05:53:55.150 1504 1504 I GameModeConfig: isGameModeOn = false
11-16 05:53:55.150 1504 1504 I GameModeConfig: isDisableVoice = true
11-16 05:53:55.168 1504 1682 I input_interaction: Interaction with: e1de84c com.android.launcher3/com.android.launcher3.uioverrides.QuickstepLauncher (server), c74be60 com.android.systemui.ImageWallpaper (server), edge-swipe (server), swipe-up (server), PointerEventDispatcher0 (server),
11-16 05:53:55.188 3677 9419 I GameMode_ActivityMonitoringService: onTaskStackChanged
11-16 05:53:55.193 3677 3695 I GameMode_ActivityMonitoringService: Updating top task to: TaskInfoContainer [topActivity=ComponentInfo{com.android.launcher3/com.android.launcher3.uioverrides.QuickstepLauncher}, taskId=281, stackId=280, userId=0, displayId=0, position=6
11-16 05:53:55.193 3677 3695 I GameMode_ActivityMonitoringService: Notifying about top task: TaskInfoContainer [topActivity=ComponentInfo{com.android.launcher3/com.android.launcher3.uioverrides.QuickstepLauncher}, taskId=281, stackId=280, userId=0, displayId=0, position=6
11-16 05:53:55.193 3677 3695 E GameMode_ActivityMonitoringService: onActivityLaunch:com.android.launcher3
11-16 05:53:55.193 3677 3695 V GameMode_GameTypeUtils: judge isGame:com.android.launcher3
11-16 05:53:55.194 3677 3695 V GameMode_GpuUtils: fps:60
11-16 05:53:55.196 3677 3695 D GameMode_GameModeActionUtils: Show GameMode entry by service!
11-16 05:53:55.196 3677 3695 W ContextImpl: Calling a method in the system process without a qualified user: android.app.ContextImpl.startService:1816 android.content.ContextWrapper.startService:774 com.thundercomm.gamemode.ingame.services.GameModeActionUtils.startGameModeService:93 com.thundercomm.gamemode.ingame.services.GameModeActionUtils.startGameModeEntry:21 com.thundercomm.gamemode.ingame.services.ActivityMonitoringService$1.onActivityLaunch:127
11-16 05:53:55.198 3677 3695 D GameModeIF_GameModeSettings: getUriFor setting_content_uri_root = content://com.thundercomm.gamemode.api/gamemode_settings , name = gamemode_isgaming
11-16 05:53:55.201 1504 1504 I GameModeConfig: Current uri is uri = content://com.thundercomm.gamemode.api/gamemode_settings/gamemode_isgaming
11-16 05:53:55.201 1504 1504 D GameModeIF_GameModeSettings: getUriFor setting_content_uri_root = content://com.thundercomm.gamemode.api/gamemode_settings , name = gamemode_isgaming
11-16 05:53:55.201 3677 3695 D GameModeIF_GameModeSettings: gamemode_isgaming set to 0
11-16 05:53:55.202 3677 3677 D GameMode_GameModeService: type=hide_entry
11-16 05:53:55.202 3677 3677 D GameMode_GameSettingsObserver: Game Data change!!!! uri = content://com.thundercomm.gamemode.api/gamemode_settings/gamemode_isgaming
11-16 05:53:55.202 3677 3677 D GameModeIF_GameModeSettings: getUriFor setting_content_uri_root = content://com.thundercomm.gamemode.api/gamemode_settings , name = gamemode_isgaming
11-16 05:53:55.204 1504 1504 I GameModeConfig: isGameModeOn = false
11-16 05:53:55.204 1504 1504 I GameModeConfig: isGameModeOn = false
11-16 05:53:55.204 1504 1504 I GameModeConfig: isDisableVoice = true
11-16 05:53:55.206 3677 3677 D GameMode_GameModeService: updateGlobalSettings = gamemode_isgaming
11-16 05:53:55.208 2496 2496 D EditModeHelper: setHotseatVisibility: 8
11-16 05:53:55.211 2496 2496 D FreeWindowContainer: reloadTask: null
11-16 05:53:55.216 1504 5212 I InputDispatcher: Monitor swipe-up (server) is stealing touch from [e1de84c com.android.launcher3/com.android.launcher3.uioverrides.QuickstepLauncher (server), c74be60 com.android.systemui.ImageWallpaper (server), ]
11-16 05:53:55.218 2496 2496 I view_enqueue_input_event: [Motion - Cancel,com.android.launcher3/com.android.launcher3.uioverrides.QuickstepLauncher]
11-16 05:53:55.220 1504 1682 I input_interaction: Interaction with: edge-swipe (server), swipe-up (server), PointerEventDispatcher0 (server),
11-16 05:53:55.228 1968 1968 V ShadeControllerImpl: NotificationShadeWindow: com.android.systemui.statusbar.phone.NotificationShadeWindowView{5dddc50 I.E...... ......ID 0,0-2560,1080} canPanelBeCollapsed(): false
11-16 05:53:55.286 1504 1531 W System : A resource failed to call release.
11-16 05:53:55.286 1504 1531 W System : A resource failed to call close.
11-16 05:53:55.286 1504 1531 W System : A resource failed to call close.
11-16 05:53:55.286 1504 1531 W System : A resource failed to call close.
11-16 05:53:55.287 1504 1531 W System : A resource failed to call close.
11-16 05:53:55.358 2496 2496 D FreeWindowContainer: reloadTask: null
11-16 05:53:55.381 1202 8472 I OMX-VENC: venc_dev: stats: avg. fps 58.74, bitrate 3820621
11-16 05:53:55.415 1504 1666 I commit_sys_config_file: [settings-1-0,5]
11-16 05:53:55.517 645 660 I mpu_uart: [MSG-P:RECV]:No message received in 1000 ms
11-16 05:53:55.583 848 1067 W SDM : HWCDisplay::GetHWCLayer: [0] GetLayer(1128) failed: no such layer
11-16 05:53:55.589 991 991 W HwcComposer: command 0x3000000 generated error 3
11-16 05:53:55.627 2496 2496 D StateManager: goToState: QuickSwitch
11-16 05:53:55.628 1504 5212 I wm_task_moved: [280,1,6]
11-16 05:53:55.628 1504 5212 I wm_set_resumed_activity: [0,com.android.launcher3/.uioverrides.QuickstepLauncher,positionChildAt]
11-16 05:53:55.628 1504 5212 I wm_task_moved: [480,1,6]
11-16 05:53:55.628 1504 5212 I wm_task_to_front: [0,480]
11-16 05:53:55.629 1504 5212 I wm_focused_root_task: [0,0,480,280,moveTaskToFront findTaskToMoveToFront]
11-16 05:53:55.629 1504 5212 I wm_set_resumed_activity: [0,com.android.music/.VideoBrowserActivity,moveTaskToFront findTaskToMoveToFront]
11-16 05:53:55.630 2496 2496 I wm_on_top_resumed_lost_called: [50203839,com.android.launcher3.uioverrides.QuickstepLauncher,topStateChangedWhenResumed]
11-16 05:53:55.630 1504 5212 D ActivityTrigger: ActivityTrigger activityPauseTrigger
11-16 05:53:55.631 1504 5212 I wm_pause_activity: [0,50203839,com.android.launcher3/.uioverrides.QuickstepLauncher,userLeaving=true,pauseBackTasks]
11-16 05:53:55.631 1504 1571 I EventSequenceValidator: inc AccIntentStartedEvents to 2
11-16 05:53:55.632 1504 5212 D CompatibilityInfo: mCompatibilityFlags - 4
11-16 05:53:55.632 1504 5212 D CompatibilityInfo: applicationDensity - 240
11-16 05:53:55.632 1504 5212 D CompatibilityInfo: applicationScale - 1.0
11-16 05:53:55.635 2496 2496 I wm_on_paused_called: [50203839,com.android.launcher3.uioverrides.QuickstepLauncher,performPause]
11-16 05:53:55.640 1504 5212 I ActivityTaskManager: FOREGROUND_APPLICATION_CHANGED to com.android.music.VideoBrowserActivity
11-16 05:53:55.643 1504 5212 I wm_set_resumed_activity: [0,com.android.music/.VideoBrowserActivity,resumeTopActivityInnerLocked]
11-16 05:53:55.644 1504 5212 I wm_add_to_stopping: [0,50203839,com.android.launcher3/.uioverrides.QuickstepLauncher,makeInvisible]
11-16 05:53:55.646 1504 5212 I wm_resume_activity: [0,13597203,480,com.android.music/.VideoBrowserActivity]
11-16 05:53:55.656 3677 6434 I GameMode_ActivityMonitoringService: onForegroundActivitiesChanged uid 10086 pid 11498 fg true
11-16 05:53:55.665 1504 1571 I sysui_multi_action: [757,803,799,window_time_0,802,1]
11-16 05:53:55.666 11498 11498 I wm_on_restart_called: [13597203,com.android.music.VideoBrowserActivity,performRestartActivity]
11-16 05:53:55.666 11498 11498 I wm_on_start_called: [13597203,com.android.music.VideoBrowserActivity,handleStartActivity]
11-16 05:53:55.667 11498 11498 I wm_on_resume_called: [13597203,com.android.music.VideoBrowserActivity,RESUME_ACTIVITY]
11-16 05:53:55.667 11498 11498 I wm_on_top_resumed_gained_called: [13597203,com.android.music.VideoBrowserActivity,topWhenResuming]
11-16 05:53:55.673 3677 3695 I GameMode_ActivityMonitoringService: Updating top task to: TaskInfoContainer [topActivity=ComponentInfo{com.android.music/com.android.music.VideoBrowserActivity}, taskId=480, stackId=480, userId=0, displayId=0, position=6
11-16 05:53:55.673 3677 3695 I GameMode_ActivityMonitoringService: Notifying about top task: TaskInfoContainer [topActivity=ComponentInfo{com.android.music/com.android.music.VideoBrowserActivity}, taskId=480, stackId=480, userId=0, displayId=0, position=6
11-16 05:53:55.673 3677 3695 E GameMode_ActivityMonitoringService: onActivityLaunch:com.android.music
11-16 05:53:55.673 3677 3695 V GameMode_GameTypeUtils: judge isGame:com.android.music
11-16 05:53:55.673 3677 3695 V GameMode_GpuUtils: fps:60
11-16 05:53:55.675 3677 3695 D GameMode_GameModeActionUtils: Show GameMode entry by service!
11-16 05:53:55.676 3677 3695 W ContextImpl: Calling a method in the system process without a qualified user: android.app.ContextImpl.startService:1816 android.content.ContextWrapper.startService:774 com.thundercomm.gamemode.ingame.services.GameModeActionUtils.startGameModeService:93 com.thundercomm.gamemode.ingame.services.GameModeActionUtils.startGameModeEntry:21 com.thundercomm.gamemode.ingame.services.ActivityMonitoringService$1.onActivityLaunch:127
11-16 05:53:55.679 3677 3677 D GameMode_GameModeService: type=hide_entry
11-16 05:53:55.679 3677 3695 D GameModeIF_GameModeSettings: getUriFor setting_content_uri_root = content://com.thundercomm.gamemode.api/gamemode_settings , name = gamemode_isgaming
11-16 05:53:55.680 1504 1682 I input_focus: [Focus leaving e1de84c com.android.launcher3/com.android.launcher3.uioverrides.QuickstepLauncher (server),reason=NO_WINDOW]
11-16 05:53:55.682 1504 1504 I GameModeConfig: Current uri is uri = content://com.thundercomm.gamemode.api/gamemode_settings/gamemode_isgaming
11-16 05:53:55.682 1504 1504 D GameModeIF_GameModeSettings: getUriFor setting_content_uri_root = content://com.thundercomm.gamemode.api/gamemode_settings , name = gamemode_isgaming
11-16 05:53:55.682 3677 3677 D GameMode_GameSettingsObserver: Game Data change!!!! uri = content://com.thundercomm.gamemode.api/gamemode_settings/gamemode_isgaming
11-16 05:53:55.682 3677 3677 D GameModeIF_GameModeSettings: getUriFor setting_content_uri_root = content://com.thundercomm.gamemode.api/gamemode_settings , name = gamemode_isgaming
11-16 05:53:55.683 3677 3695 D GameModeIF_GameModeSettings: gamemode_isgaming set to 0
11-16 05:53:55.684 1504 1504 I GameModeConfig: isGameModeOn = false
11-16 05:53:55.684 3677 3677 D GameMode_GameModeService: updateGlobalSettings = gamemode_isgaming
11-16 05:53:55.684 1504 1504 I GameModeConfig: isGameModeOn = false
11-16 05:53:55.684 1504 1504 I GameModeConfig: isDisableVoice = true
11-16 05:53:55.688 1504 1572 I input_focus: [Focus request b06c275 com.android.music/com.android.music.VideoBrowserActivity,reason=UpdateInputWindows]
11-16 05:53:55.694 1504 1571 I EventSequenceValidator: dec AccIntentStartedEvents to 1
11-16 05:53:55.696 1504 1598 I am_pss : [11461,10064,com.android.gallery3d,7759872,5177344,0,94236672,0,19,7]
11-16 05:53:55.697 1504 1682 I input_focus: [Focus entering b06c275 com.android.music/com.android.music.VideoBrowserActivity (server),reason=setFocusedWindow]
11-16 05:53:55.697 1504 1568 I sysui_multi_action: [319,44,321,42,322,63,325,9025,757,761,758,9,759,4,806,com.android.music,871,com.android.music.VideoBrowserActivity,904,com.android.launcher3,905,0,1320,4,1321,5]
11-16 05:53:55.698 1504 4613 I wm_stop_activity: [0,50203839,com.android.launcher3/.uioverrides.QuickstepLauncher]
11-16 05:53:55.721 2496 2496 D StateManager: goToState: Normal
11-16 05:53:55.723 2496 2496 D EditModeHelper: setHotseatVisibility: 0
11-16 05:53:55.727 2496 2496 I wm_on_stop_called: [50203839,com.android.launcher3.uioverrides.QuickstepLauncher,STOP_ACTIVITY_ITEM]
11-16 05:53:55.736 2496 2496 D StateManager: goToState: Normal
11-16 05:53:55.739 3677 6434 I GameMode_ActivityMonitoringService: onForegroundActivitiesChanged uid 10073 pid 2496 fg false
11-16 05:53:55.742 3677 3695 I GameMode_ActivityMonitoringService: Updating top task to: TaskInfoContainer [topActivity=ComponentInfo{com.android.music/com.android.music.VideoBrowserActivity}, taskId=480, stackId=480, userId=0, displayId=0, position=6
11-16 05:53:55.742 3677 3695 I GameMode_ActivityMonitoringService: Notifying about top task: TaskInfoContainer [topActivity=ComponentInfo{com.android.music/com.android.music.VideoBrowserActivity}, taskId=480, stackId=480, userId=0, displayId=0, position=6
11-16 05:53:55.742 3677 3695 E GameMode_ActivityMonitoringService: onActivityLaunch:com.android.music
11-16 05:53:55.742 3677 3695 V GameMode_GameTypeUtils: judge isGame:com.android.music
11-16 05:53:55.742 3677 3695 V GameMode_GpuUtils: fps:60
11-16 05:53:55.744 3677 3695 D GameMode_GameModeActionUtils: Show GameMode entry by service!
11-16 05:53:55.744 3677 3695 W ContextImpl: Calling a method in the system process without a qualified user: android.app.ContextImpl.startService:1816 android.content.ContextWrapper.startService:774 com.thundercomm.gamemode.ingame.services.GameModeActionUtils.startGameModeService:93 com.thundercomm.gamemode.ingame.services.GameModeActionUtils.startGameModeEntry:21 com.thundercomm.gamemode.ingame.services.ActivityMonitoringService$1.onActivityLaunch:127
11-16 05:53:55.746 3677 3695 D GameModeIF_GameModeSettings: getUriFor setting_content_uri_root = content://com.thundercomm.gamemode.api/gamemode_settings , name = gamemode_isgaming
11-16 05:53:55.746 3677 3677 D GameMode_GameModeService: type=hide_entry
11-16 05:53:55.748 3677 3695 D GameModeIF_GameModeSettings: gamemode_isgaming set to 0
11-16 05:53:55.749 3677 9419 I GameMode_ActivityMonitoringService: onTaskStackChanged
11-16 05:53:55.749 1504 1504 I GameModeConfig: Current uri is uri = content://com.thundercomm.gamemode.api/gamemode_settings/gamemode_isgaming
11-16 05:53:55.749 1504 1504 D GameModeIF_GameModeSettings: getUriFor setting_content_uri_root = content://com.thundercomm.gamemode.api/gamemode_settings , name = gamemode_isgaming
11-16 05:53:55.750 1504 1504 I GameModeConfig: isGameModeOn = false
11-16 05:53:55.751 1504 1504 I GameModeConfig: isGameModeOn = false
11-16 05:53:55.751 1504 1504 I GameModeConfig: isDisableVoice = true
11-16 05:53:55.751 3677 3677 D GameMode_GameSettingsObserver: Game Data change!!!! uri = content://com.thundercomm.gamemode.api/gamemode_settings/gamemode_isgaming
11-16 05:53:55.751 3677 3677 D GameModeIF_GameModeSettings: getUriFor setting_content_uri_root = content://com.thundercomm.gamemode.api/gamemode_settings , name = gamemode_isgaming
11-16 05:53:55.754 3677 3677 D GameMode_GameModeService: updateGlobalSettings = gamemode_isgaming
11-16 05:53:55.757 3677 3695 I GameMode_ActivityMonitoringService: Updating top task to: TaskInfoContainer [topActivity=ComponentInfo{com.android.music/com.android.music.VideoBrowserActivity}, taskId=480, stackId=480, userId=0, displayId=0, position=6
11-16 05:53:55.757 3677 3695 I GameMode_ActivityMonitoringService: Notifying about top task: TaskInfoContainer [topActivity=ComponentInfo{com.android.music/com.android.music.VideoBrowserActivity}, taskId=480, stackId=480, userId=0, displayId=0, position=6
11-16 05:53:55.757 3677 3695 E GameMode_ActivityMonitoringService: onActivityLaunch:com.android.music
11-16 05:53:55.757 3677 3695 V GameMode_GameTypeUtils: judge isGame:com.android.music
11-16 05:53:55.757 3677 3695 V GameMode_GpuUtils: fps:60
11-16 05:53:55.759 3677 3695 D GameMode_GameModeActionUtils: Show GameMode entry by service!
11-16 05:53:55.760 3677 3695 W ContextImpl: Calling a method in the system process without a qualified user: android.app.ContextImpl.startService:1816 android.content.ContextWrapper.startService:774 com.thundercomm.gamemode.ingame.services.GameModeActionUtils.startGameModeService:93 com.thundercomm.gamemode.ingame.services.GameModeActionUtils.startGameModeEntry:21 com.thundercomm.gamemode.ingame.services.ActivityMonitoringService$1.onActivityLaunch:127
11-16 05:53:55.761 3677 3677 D GameMode_GameModeService: type=hide_entry
11-16 05:53:55.761 3677 3695 D GameModeIF_GameModeSettings: getUriFor setting_content_uri_root = content://com.thundercomm.gamemode.api/gamemode_settings , name = gamemode_isgaming
11-16 05:53:55.763 3677 3677 D GameMode_GameSettingsObserver: Game Data change!!!! uri = content://com.thundercomm.gamemode.api/gamemode_settings/gamemode_isgaming
11-16 05:53:55.763 1504 1504 I GameModeConfig: Current uri is uri = content://com.thundercomm.gamemode.api/gamemode_settings/gamemode_isgaming
11-16 05:53:55.763 3677 3677 D GameModeIF_GameModeSettings: getUriFor setting_content_uri_root = content://com.thundercomm.gamemode.api/gamemode_settings , name = gamemode_isgaming
11-16 05:53:55.763 1504 1504 D GameModeIF_GameModeSettings: getUriFor setting_content_uri_root = content://com.thundercomm.gamemode.api/gamemode_settings , name = gamemode_isgaming
11-16 05:53:55.765 1504 1504 I GameModeConfig: isGameModeOn = false
11-16 05:53:55.765 1504 1504 I GameModeConfig: isGameModeOn = false
11-16 05:53:55.765 1504 1504 I GameModeConfig: isDisableVoice = true
11-16 05:53:55.766 3677 3695 D GameModeIF_GameModeSettings: gamemode_isgaming set to 0
11-16 05:53:55.767 3677 3677 D GameMode_GameModeService: updateGlobalSettings = gamemode_isgaming
11-16 05:53:55.795 1504 4613 W InputManager-JNI: Input channel object '9889d72 SnapshotStartingWindow for taskId=480 (client)' was disposed without first being removed with the input manager!
11-16 05:53:55.931 1504 1666 I commit_sys_config_file: [settings-1-0,7]
11-16 05:53:55.935 2769 2769 W hpplay-java: [main]:IPManager:getActiveNets invalid networkInfo:null
11-16 05:53:55.935 2769 2769 I hpplay-java: [main]:IPManager:getActiveNets eth0:false wifi:false mobile:false ap:false
11-16 05:53:55.935 2769 2769 I hpplay-java: [main]:ServerTaskManager:get local ip:null
11-16 05:53:56.384 1202 8472 I OMX-VENC: venc_dev: stats: avg. fps 59.81, bitrate 1170271
11-16 05:53:56.517 645 660 I mpu_uart: [MSG-P:RECV]:No message received in 1000 ms
11-16 05:53:56.938 2769 2769 W hpplay-java: [main]:IPManager:getActiveNets invalid networkInfo:null
11-16 05:53:56.938 2769 2769 I hpplay-java: [main]:IPManager:getActiveNets eth0:false wifi:false mobile:false ap:false
11-16 05:53:56.938 2769 2769 I hpplay-java: [main]:ServerTaskManager:get local ip:null
11-16 05:53:57.387 1202 8472 I OMX-VENC: venc_dev: stats: avg. fps 35.87, bitrate 233291
11-16 05:53:57.517 645 660 I mpu_uart: [MSG-P:RECV]:No message received in 1000 ms
11-16 05:53:57.689 645 659 I mpu_uart: [MSG-P:R]:recv sync frame timeout
11-16 05:53:57.940 2769 2769 W hpplay-java: [main]:IPManager:getActiveNets invalid networkInfo:null
11-16 05:53:57.940 2769 2769 I hpplay-java: [main]:IPManager:getActiveNets eth0:false wifi:false mobile:false ap:false
11-16 05:53:57.940 2769 2769 I hpplay-java: [main]:ServerTaskManager:get local ip:null
11-16 05:53:58.414 1202 8472 I OMX-VENC: venc_dev: stats: avg. fps 19.48, bitrate 125034
11-16 05:53:58.518 645 660 I mpu_uart: [MSG-P:RECV]:No message received in 1000 ms