11-16 05:45:15.071 1504 1601 I am_wtf : [0,1504,system_server,-1,DisplayDeviceConfig,requesting nits when no mapping exists.]
11-16 05:45:15.082 1504 1601 I am_wtf : [0,1504,system_server,-1,DisplayDeviceConfig,requesting nits when no mapping exists.]
11-16 05:45:15.082 1504 1601 I am_wtf : [0,1504,system_server,-1,DisplayDeviceConfig,requesting nits when no mapping exists.]
11-16 05:45:15.097 1504 1571 I wm_stop_activity: [0,1643798,com.android.music/.VideoBrowserActivity]
11-16 05:45:15.097 1504 1601 I am_wtf : [0,1504,system_server,-1,DisplayDeviceConfig,requesting nits when no mapping exists.]
11-16 05:45:15.098 1504 1601 I am_wtf : [0,1504,system_server,-1,DisplayDeviceConfig,requesting nits when no mapping exists.]
11-16 05:45:15.114 1504 1601 I am_wtf : [0,1504,system_server,-1,DisplayDeviceConfig,requesting nits when no mapping exists.]
11-16 05:45:15.115 1504 1601 I am_wtf : [0,1504,system_server,-1,DisplayDeviceConfig,requesting nits when no mapping exists.]
11-16 05:45:15.124 11161 11161 I wm_on_stop_called: [1643798,com.android.music.VideoBrowserActivity,STOP_ACTIVITY_ITEM]
11-16 05:45:15.128 1504 1601 I am_wtf : [0,1504,system_server,-1,DisplayDeviceConfig,requesting nits when no mapping exists.]
11-16 05:45:15.129 1504 1601 I am_wtf : [0,1504,system_server,-1,DisplayDeviceConfig,requesting nits when no mapping exists.]
11-16 05:45:15.149 1504 1601 I am_wtf : [0,1504,system_server,-1,DisplayDeviceConfig,requesting nits when no mapping exists.]
11-16 05:45:15.152 1504 1601 I am_wtf : [0,1504,system_server,-1,DisplayDeviceConfig,requesting nits when no mapping exists.]
11-16 05:45:15.161 1504 1601 I am_wtf : [0,1504,system_server,-1,DisplayDeviceConfig,requesting nits when no mapping exists.]
11-16 05:45:15.162 1504 1601 I am_wtf : [0,1504,system_server,-1,DisplayDeviceConfig,requesting nits when no mapping exists.]
11-16 05:45:15.176 1504 1601 I am_wtf : [0,1504,system_server,-1,DisplayDeviceConfig,requesting nits when no mapping exists.]
11-16 05:45:15.177 1504 1601 I am_wtf : [0,1504,system_server,-1,DisplayDeviceConfig,requesting nits when no mapping exists.]
11-16 05:45:15.193 1504 1601 I am_wtf : [0,1504,system_server,-1,DisplayDeviceConfig,requesting nits when no mapping exists.]
11-16 05:45:15.194 1504 1601 I am_wtf : [0,1504,system_server,-1,DisplayDeviceConfig,requesting nits when no mapping exists.]
11-16 05:45:15.210 1504 1601 I am_wtf : [0,1504,system_server,-1,DisplayDeviceConfig,requesting nits when no mapping exists.]
11-16 05:45:15.211 1504 1601 I am_wtf : [0,1504,system_server,-1,DisplayDeviceConfig,requesting nits when no mapping exists.]
11-16 05:45:15.226 1504 1601 I am_wtf : [0,1504,system_server,-1,DisplayDeviceConfig,requesting nits when no mapping exists.]
11-16 05:45:15.227 1504 1601 I am_wtf : [0,1504,system_server,-1,DisplayDeviceConfig,requesting nits when no mapping exists.]
11-16 05:45:15.243 1504 1601 I am_wtf : [0,1504,system_server,-1,DisplayDeviceConfig,requesting nits when no mapping exists.]
11-16 05:45:15.244 1504 1601 I am_wtf : [0,1504,system_server,-1,DisplayDeviceConfig,requesting nits when no mapping exists.]
11-16 05:45:15.260 1504 1601 I am_wtf : [0,1504,system_server,-1,DisplayDeviceConfig,requesting nits when no mapping exists.]
11-16 05:45:15.261 1504 1601 I am_wtf : [0,1504,system_server,-1,DisplayDeviceConfig,requesting nits when no mapping exists.]
11-16 05:45:15.279 1504 1601 I am_wtf : [0,1504,system_server,-1,DisplayDeviceConfig,requesting nits when no mapping exists.]
11-16 05:45:15.280 1504 1601 I am_wtf : [0,1504,system_server,-1,DisplayDeviceConfig,requesting nits when no mapping exists.]
11-16 05:45:15.294 1504 1601 I am_wtf : [0,1504,system_server,-1,DisplayDeviceConfig,requesting nits when no mapping exists.]
11-16 05:45:15.294 1504 1601 I am_wtf : [0,1504,system_server,-1,DisplayDeviceConfig,requesting nits when no mapping exists.]
11-16 05:45:15.311 1504 1601 I am_wtf : [0,1504,system_server,-1,DisplayDeviceConfig,requesting nits when no mapping exists.]
11-16 05:45:15.313 1504 1601 I am_wtf : [0,1504,system_server,-1,DisplayDeviceConfig,requesting nits when no mapping exists.]
11-16 05:45:15.328 1504 1601 I am_wtf : [0,1504,system_server,-1,DisplayDeviceConfig,requesting nits when no mapping exists.]
11-16 05:45:15.329 1504 1601 I am_wtf : [0,1504,system_server,-1,DisplayDeviceConfig,requesting nits when no mapping exists.]
11-16 05:45:15.345 1504 1601 I am_wtf : [0,1504,system_server,-1,DisplayDeviceConfig,requesting nits when no mapping exists.]
11-16 05:45:15.346 1504 1601 I am_wtf : [0,1504,system_server,-1,DisplayDeviceConfig,requesting nits when no mapping exists.]
11-16 05:45:15.361 1504 1601 I am_wtf : [0,1504,system_server,-1,DisplayDeviceConfig,requesting nits when no mapping exists.]
11-16 05:45:15.362 1504 1601 I am_wtf : [0,1504,system_server,-1,DisplayDeviceConfig,requesting nits when no mapping exists.]
11-16 05:45:15.377 1504 1601 I am_wtf : [0,1504,system_server,-1,DisplayDeviceConfig,requesting nits when no mapping exists.]
11-16 05:45:15.378 1504 1601 I am_wtf : [0,1504,system_server,-1,DisplayDeviceConfig,requesting nits when no mapping exists.]
11-16 05:45:15.396 1504 1601 I am_wtf : [0,1504,system_server,-1,DisplayDeviceConfig,requesting nits when no mapping exists.]
11-16 05:45:15.398 1504 1601 I am_wtf : [0,1504,system_server,-1,DisplayDeviceConfig,requesting nits when no mapping exists.]
11-16 05:45:15.412 1504 1601 I am_wtf : [0,1504,system_server,-1,DisplayDeviceConfig,requesting nits when no mapping exists.]
11-16 05:45:15.413 1504 1601 I am_wtf : [0,1504,system_server,-1,DisplayDeviceConfig,requesting nits when no mapping exists.]
11-16 05:45:15.429 1504 1601 I am_wtf : [0,1504,system_server,-1,DisplayDeviceConfig,requesting nits when no mapping exists.]
11-16 05:45:15.432 1504 1601 I am_wtf : [0,1504,system_server,-1,DisplayDeviceConfig,requesting nits when no mapping exists.]
11-16 05:45:15.444 1504 1601 I am_wtf : [0,1504,system_server,-1,DisplayDeviceConfig,requesting nits when no mapping exists.]
11-16 05:45:15.445 1504 1601 I am_wtf : [0,1504,system_server,-1,DisplayDeviceConfig,requesting nits when no mapping exists.]
11-16 05:45:15.462 1504 1601 I am_wtf : [0,1504,system_server,-1,DisplayDeviceConfig,requesting nits when no mapping exists.]
11-16 05:45:15.463 1504 1601 I am_wtf : [0,1504,system_server,-1,DisplayDeviceConfig,requesting nits when no mapping exists.]
11-16 05:45:15.477 1504 1601 I am_wtf : [0,1504,system_server,-1,DisplayDeviceConfig,requesting nits when no mapping exists.]
11-16 05:45:15.478 1504 1601 I am_wtf : [0,1504,system_server,-1,DisplayDeviceConfig,requesting nits when no mapping exists.]
11-16 05:45:15.495 1504 1601 I am_wtf : [0,1504,system_server,-1,DisplayDeviceConfig,requesting nits when no mapping exists.]
11-16 05:45:15.496 1504 1601 I am_wtf : [0,1504,system_server,-1,DisplayDeviceConfig,requesting nits when no mapping exists.]
11-16 05:45:15.510 1504 1601 I am_wtf : [0,1504,system_server,-1,DisplayDeviceConfig,requesting nits when no mapping exists.]
11-16 05:45:15.512 1504 1601 I am_wtf : [0,1504,system_server,-1,DisplayDeviceConfig,requesting nits when no mapping exists.]
11-16 05:45:15.528 1504 1601 I am_wtf : [0,1504,system_server,-1,DisplayDeviceConfig,requesting nits when no mapping exists.]
11-16 05:45:15.529 1504 1601 I am_wtf : [0,1504,system_server,-1,DisplayDeviceConfig,requesting nits when no mapping exists.]
11-16 05:45:15.544 1504 1601 I am_wtf : [0,1504,system_server,-1,DisplayDeviceConfig,requesting nits when no mapping exists.]
11-16 05:45:15.545 1504 1601 I am_wtf : [0,1504,system_server,-1,DisplayDeviceConfig,requesting nits when no mapping exists.]
11-16 05:45:15.562 1504 1601 I am_wtf : [0,1504,system_server,-1,DisplayDeviceConfig,requesting nits when no mapping exists.]
11-16 05:45:15.565 1504 1601 I am_wtf : [0,1504,system_server,-1,DisplayDeviceConfig,requesting nits when no mapping exists.]
11-16 05:46:20.687 1504 1601 I am_uid_idle: 10066
11-16 05:46:51.264 1504 1682 I input_interaction: Interaction with: 72e9867 com.thundercomm.screensaver/android.service.dreams.DreamActivity (server), edge-swipe (server), swipe-up (server), PointerEventDispatcher0 (server),
11-16 05:46:51.268 1504 5497 I wm_finish_activity: [0,145286149,473,com.thundercomm.screensaver/android.service.dreams.DreamActivity,finish-activity]
11-16 05:46:51.268 1504 5497 I wm_task_moved: [472,1,7]
11-16 05:46:51.268 1504 5497 I wm_task_to_front: [0,472]
11-16 05:46:51.270 1504 5497 I wm_set_resumed_activity: [0,com.android.music/.MusicBrowserActivity,positionChildAt]
11-16 05:46:51.270 1504 5497 I wm_focused_root_task: [0,0,472,473,finish-top adjustFocusToNextFocusableTask]
11-16 05:46:51.270 1504 5497 I wm_set_resumed_activity: [0,com.android.music/.MusicBrowserActivity,finish-top]
11-16 05:46:51.271 1504 5497 I wm_pause_activity: [0,145286149,com.thundercomm.screensaver/android.service.dreams.DreamActivity,userLeaving=false,finish]
11-16 05:46:51.282 4192 4192 I wm_on_top_resumed_lost_called: [145286149,android.service.dreams.DreamActivity,topStateChangedWhenResumed]
11-16 05:46:51.285 4192 4192 I wm_on_paused_called: [145286149,android.service.dreams.DreamActivity,performPause]
11-16 05:46:51.286 11161 11161 I wm_on_top_resumed_gained_called: [237756901,com.android.music.MusicBrowserActivity,topStateChangedWhenResumed]
11-16 05:46:51.291 1504 6110 I wm_resume_activity: [0,1643798,471,com.android.music/.VideoBrowserActivity]
11-16 05:46:51.294 1504 1682 I input_focus: [Focus leaving 72e9867 com.thundercomm.screensaver/android.service.dreams.DreamActivity (server),reason=NO_WINDOW]
11-16 05:46:51.298 4192 4192 I view_enqueue_input_event: [Motion - Cancel,com.thundercomm.screensaver/android.service.dreams.DreamActivity]
11-16 05:46:51.300 1504 1571 I sysui_multi_action: [757,803,799,window_time_0,802,96]
11-16 05:46:51.301 1504 1571 I sysui_multi_action: [757,803,799,window_time_2,802,0]
11-16 05:46:51.310 1504 1572 I input_focus: [Focus request 19f4c10 com.android.music/com.android.music.MusicBrowserActivity,reason=UpdateInputWindows]
11-16 05:46:51.311 11161 11161 I wm_on_restart_called: [1643798,com.android.music.VideoBrowserActivity,performRestartActivity]
11-16 05:46:51.311 11161 11161 I wm_on_start_called: [1643798,com.android.music.VideoBrowserActivity,handleStartActivity]
11-16 05:46:51.311 11161 11161 I wm_on_resume_called: [1643798,com.android.music.VideoBrowserActivity,RESUME_ACTIVITY]
11-16 05:46:51.322 1504 1598 I am_pss : [11161,10086,com.android.music,36387840,29319168,0,156463104,0,2,7]
11-16 05:46:51.328 1504 1682 I input_focus: [Focus entering 19f4c10 com.android.music/com.android.music.MusicBrowserActivity (server),reason=setFocusedWindow]
11-16 05:46:51.360 1504 2493 I wm_destroy_activity: [0,145286149,473,com.thundercomm.screensaver/android.service.dreams.DreamActivity,finish-idle]
11-16 05:46:51.367 4192 4192 I wm_on_stop_called: [145286149,android.service.dreams.DreamActivity,LIFECYCLER_STOP_ACTIVITY]
11-16 05:46:51.368 4192 4192 I wm_on_destroy_called: [145286149,android.service.dreams.DreamActivity,performDestroy]
11-16 05:46:51.370 1504 1568 I sysui_multi_action: [757,222,758,2]
11-16 05:46:51.370 1504 1568 I sysui_multi_action: [757,804,799,dreaming_minutes,801,1,802,1]
11-16 05:46:51.390 1504 1504 I am_uid_active: 10066
11-16 05:46:51.877 1504 1572 I wm_task_removed: [473,removeChild:removeChild last r=ActivityRecord{8a8e405 u0 com.thundercomm.screensaver/android.service.dreams.DreamActivity t-1 f}} in t=Task{10b12d6 #473 type=dream A=10051:android:com.thundercomm.screensaver/dream U=0 visible=false mode=fullscreen translucent=true sz=0}]
11-16 05:46:51.877 1504 1572 I wm_task_removed: [473,removeChild]
11-16 05:46:52.104 1504 1682 I input_interaction: Interaction with: d66afab com.android.music/com.android.music.VideoBrowserActivity (server), edge-swipe (server), swipe-up (server), PointerEventDispatcher0 (server),
11-16 05:46:52.107 1504 1571 I wm_task_moved: [471,1,7]
11-16 05:46:52.107 1504 1571 I wm_task_to_front: [0,471]
11-16 05:46:52.121 1504 1571 I wm_set_resumed_activity: [0,com.android.music/.VideoBrowserActivity,positionChildAt]
11-16 05:46:52.121 1504 1571 I wm_focused_root_task: [0,0,471,472,setFocusedTask]
11-16 05:46:52.121 11161 11161 I wm_on_top_resumed_lost_called: [237756901,com.android.music.MusicBrowserActivity,topStateChangedWhenResumed]
11-16 05:46:52.121 1504 1571 I wm_set_resumed_activity: [0,com.android.music/.VideoBrowserActivity,setFocusedTask]
11-16 05:46:52.124 11161 11161 I wm_on_top_resumed_gained_called: [1643798,com.android.music.VideoBrowserActivity,topStateChangedWhenResumed]
11-16 05:46:52.125 1504 1572 I input_focus: [Focus request d66afab com.android.music/com.android.music.VideoBrowserActivity,reason=UpdateInputWindows]
11-16 05:46:52.143 1504 6110 I wm_task_moved: [280,0,0]
11-16 05:46:52.144 1504 6110 I wm_task_moved: [280,0,6]
11-16 05:46:52.149 1504 1682 I input_focus: [Focus leaving 19f4c10 com.android.music/com.android.music.MusicBrowserActivity (server),reason=setFocusedWindow]
11-16 05:46:52.149 1504 1682 I input_focus: [Focus entering d66afab com.android.music/com.android.music.VideoBrowserActivity (server),reason=setFocusedWindow]
11-16 05:46:52.158 2496 2496 I wm_on_restart_called: [50203839,com.android.launcher3.uioverrides.QuickstepLauncher,performRestartActivity]
11-16 05:46:52.160 1504 5497 I wm_finish_activity: [0,237756901,472,com.android.music/.MusicBrowserActivity,app-request]
11-16 05:46:52.175 1504 5497 I wm_pause_activity: [0,237756901,com.android.music/.MusicBrowserActivity,userLeaving=false,finish]
11-16 05:46:52.186 11161 11161 I wm_on_paused_called: [237756901,com.android.music.MusicBrowserActivity,performPause]
11-16 05:46:52.188 1504 6110 I wm_destroy_activity: [0,237756901,472,com.android.music/.MusicBrowserActivity,finish-imm:completePausedLocked]
11-16 05:46:52.200 1504 1571 I sysui_multi_action: [757,803,799,window_time_2,802,1]
11-16 05:46:52.200 11161 11161 I wm_on_stop_called: [237756901,com.android.music.MusicBrowserActivity,LIFECYCLER_STOP_ACTIVITY]
11-16 05:46:52.204 2496 2496 I wm_on_start_called: [50203839,com.android.launcher3.uioverrides.QuickstepLauncher,handleStartActivity]
11-16 05:46:52.207 11161 11161 I wm_on_destroy_called: [237756901,com.android.music.MusicBrowserActivity,performDestroy]
11-16 05:46:52.214 1504 2493 I wm_task_removed: [472,removeChild:removeChild last r=ActivityRecord{e2be1e5 u0 com.android.music/.MusicBrowserActivity t-1 f}} in t=Task{a1fcdc #472 type=standard A=10086:android.task.music U=0 visible=false mode=freeform translucent=true sz=0}]
11-16 05:46:52.214 1504 2493 I wm_task_removed: [472,removeChild]
11-16 05:46:52.222 2496 2496 I sysui_latency: [1,111]
11-16 05:46:52.230 1504 1568 I sysui_multi_action: [319,10,322,77,325,8601,757,761,758,9,759,5,806,com.android.launcher3,871,com.android.launcher3.uioverrides.QuickstepLauncher,904,com.android.launcher3,905,0,1320,8,1321,5]
11-16 05:46:52.231 1504 5497 I sysui_multi_action: [757,856,758,2,806,com.android.music,857,Channel-music,858,2]
11-16 05:46:52.231 1504 1504 I notification_cancel_all: [1000,1504,com.android.music,0,0,0,20,NULL]
11-16 05:46:52.232 11161 11161 I view_enqueue_input_event: [Motion - Cancel,com.android.music/com.android.music.VideoBrowserActivity]
11-16 05:46:52.232 1504 1682 I input_interaction: Interaction with: edge-swipe (server), swipe-up (server), PointerEventDispatcher0 (server),
11-16 05:46:52.233 1504 1572 I input_focus: [Focus request recents_animation_input_consumer,reason=UpdateInputWindows]
11-16 05:46:52.262 1504 1682 I input_focus: [Focus leaving d66afab com.android.music/com.android.music.VideoBrowserActivity (server),reason=NOT_FOCUSABLE]
11-16 05:46:52.265 1504 1682 I input_focus: [Focus entering recents_animation_input_consumer (server),reason=setFocusedWindow]
11-16 05:46:52.407 1504 1666 I commit_sys_config_file: [settings-1-0,3]
11-16 05:46:52.489 1504 1570 I commit_sys_config_file: [notification-policy,8591947]
11-16 05:46:52.522 1504 1598 I sysui_latency: [8,97]
11-16 05:46:53.176 1504 1666 I commit_sys_config_file: [settings-1-0,5]
11-16 05:46:53.853 1504 1682 I input_interaction: Interaction with: e1de84c com.android.launcher3/com.android.launcher3.uioverrides.QuickstepLauncher (server), edge-swipe (server), swipe-up (server), PointerEventDispatcher0 (server),
11-16 05:46:53.938 1504 1822 I wm_task_moved: [280,1,6]
11-16 05:46:53.942 1504 1822 I wm_focused_root_task: [0,0,280,471,startActivityFromRecents]
11-16 05:46:53.943 11161 11161 I wm_on_top_resumed_lost_called: [1643798,com.android.music.VideoBrowserActivity,topStateChangedWhenResumed]
11-16 05:46:53.943 1504 1822 I wm_task_moved: [471,1,6]
11-16 05:46:53.943 1504 1822 I wm_set_resumed_activity: [0,com.android.music/.VideoBrowserActivity,positionChildAt]
11-16 05:46:53.943 1504 1822 I wm_focused_root_task: [0,0,471,280,moveTaskToFront findTaskToMoveToFront]
11-16 05:46:53.943 1504 1822 I wm_set_resumed_activity: [0,com.android.music/.VideoBrowserActivity,moveTaskToFront findTaskToMoveToFront]
11-16 05:46:53.957 11161 11161 I wm_on_top_resumed_gained_called: [1643798,com.android.music.VideoBrowserActivity,topStateChangedWhenResumed]
11-16 05:46:54.337 1504 4276 I wm_add_to_stopping: [0,50203839,com.android.launcher3/.uioverrides.QuickstepLauncher,makeInvisible]
11-16 05:46:54.349 1504 1572 I input_focus: [Focus request d66afab com.android.music/com.android.music.VideoBrowserActivity,reason=UpdateInputWindows]
11-16 05:46:54.355 1504 1571 I wm_stop_activity: [0,50203839,com.android.launcher3/.uioverrides.QuickstepLauncher]
11-16 05:46:54.358 1504 1682 I input_focus: [Focus leaving recents_animation_input_consumer (server),reason=NOT_VISIBLE]
11-16 05:46:54.359 1504 1682 I input_focus: [Focus entering d66afab com.android.music/com.android.music.VideoBrowserActivity (server),reason=setFocusedWindow]
11-16 05:46:54.382 1504 4276 I wm_task_created: [474,-1]
11-16 05:46:54.388 1504 4276 I wm_task_moved: [474,1,7]
11-16 05:46:54.388 1504 4276 I wm_task_to_front: [0,474]
11-16 05:46:54.388 1504 4276 I wm_create_task: [0,474]
11-16 05:46:54.388 1504 4276 I wm_create_activity: [0,135469596,474,com.android.music/.MusicBrowserActivity,NULL,NULL,NULL,268468224]
11-16 05:46:54.388 1504 4276 I wm_task_moved: [474,1,7]
11-16 05:46:54.388 11161 11161 I wm_on_top_resumed_lost_called: [1643798,com.android.music.VideoBrowserActivity,topStateChangedWhenResumed]
11-16 05:46:54.390 1504 4276 I wm_restart_activity: [0,135469596,474,com.android.music/.MusicBrowserActivity]
11-16 05:46:54.391 1504 4276 I wm_set_resumed_activity: [0,com.android.music/.MusicBrowserActivity,minimalResumeActivityLocked]
11-16 05:46:54.402 2496 2496 I wm_on_stop_called: [50203839,com.android.launcher3.uioverrides.QuickstepLauncher,STOP_ACTIVITY_ITEM]
11-16 05:46:54.421 11161 11161 I wm_on_create_called: [135469596,com.android.music.MusicBrowserActivity,performCreate]
11-16 05:46:54.429 11161 11161 I wm_on_start_called: [135469596,com.android.music.MusicBrowserActivity,handleStartActivity]
11-16 05:46:54.429 11161 11161 I wm_on_resume_called: [135469596,com.android.music.MusicBrowserActivity,RESUME_ACTIVITY]
11-16 05:46:54.431 11161 11161 I wm_on_top_resumed_gained_called: [135469596,com.android.music.MusicBrowserActivity,topStateChangedWhenResumed]
11-16 05:46:54.444 1504 1821 I sysui_multi_action: [757,856,758,1,806,com.android.music,857,Channel-music,858,2]
11-16 05:46:54.447 1504 1504 I notification_enqueue: [10086,11161,com.android.music,1,NULL,0,Notification(channel=Channel-music shortcut=null contentView=null vibrate=null sound=null defaults=0x0 flags=0x0 color=0x00000000 category=transport actions=3 vis=PRIVATE),0]
11-16 05:46:54.448 1504 1504 I notification_enqueue: [10086,11161,com.android.music,1,NULL,0,Notification(channel=Channel-music shortcut=null contentView=null vibrate=null sound=null defaults=0x0 flags=0x40 color=0x00000000 category=transport actions=3 vis=PRIVATE),0]
11-16 05:46:54.454 1504 1504 I notification_enqueue: [10086,11161,com.android.music,1,NULL,0,Notification(channel=Channel-music shortcut=null contentView=null vibrate=null sound=null defaults=0x0 flags=0x40 color=0x00000000 category=transport actions=3 vis=PRIVATE),0]
11-16 05:46:54.455 1504 1504 I notification_enqueue: [10086,11161,com.android.music,1,NULL,0,Notification(channel=Channel-music shortcut=null contentView=null vibrate=null sound=null defaults=0x0 flags=0x40 color=0x00000000 category=transport actions=3 vis=PRIVATE),0]
11-16 05:46:54.459 1504 1504 I notification_enqueue: [10086,11161,com.android.music,1,NULL,0,Notification(channel=Channel-music shortcut=null contentView=null vibrate=null sound=null defaults=0x0 flags=0x40 color=0x00000000 category=transport actions=3 vis=PRIVATE),0]
11-16 05:46:54.460 1504 1504 I notification_enqueue: [10086,11161,com.android.music,1,NULL,0,Notification(channel=Channel-music shortcut=null contentView=null vibrate=null sound=null defaults=0x0 flags=0x40 color=0x00000000 category=transport actions=3 vis=PRIVATE),0]
11-16 05:46:54.465 1504 1572 I input_focus: [Focus request 4a19f13 com.android.music/com.android.music.MusicBrowserActivity,reason=UpdateInputWindows]
11-16 05:46:54.474 1504 1504 I sysui_multi_action: [757,128,758,5,759,8,793,27,794,0,795,27,796,1,806,com.android.music,857,Channel-music,858,2,947,0,1500,27,1641,transport,1688,1,1745,1043716538]
11-16 05:46:54.475 1504 1504 I notification_canceled: [0|com.android.music|1|null|10086,8,27,27,0,-1,-1,NULL]
11-16 05:46:54.475 1504 1568 I wm_activity_launch_time: [0,135469596,com.android.music/.MusicBrowserActivity,96]
11-16 05:46:54.486 1504 1682 I input_focus: [Focus leaving d66afab com.android.music/com.android.music.VideoBrowserActivity (server),reason=setFocusedWindow]
11-16 05:46:54.486 1504 1682 I input_focus: [Focus entering 4a19f13 com.android.music/com.android.music.MusicBrowserActivity (server),reason=setFocusedWindow]
11-16 05:46:54.520 1504 1682 I input_interaction: Interaction with: 4a19f13 com.android.music/com.android.music.MusicBrowserActivity (server), edge-swipe (server), swipe-up (server), PointerEventDispatcher0 (server),
11-16 05:46:54.525 1504 1504 I service_manager_stats: [100,67,99714]
11-16 05:46:54.703 1504 1570 I commit_sys_config_file: [notification-policy,8594161]
11-16 05:46:55.628 1504 1682 I input_interaction: Interaction with: d66afab com.android.music/com.android.music.VideoBrowserActivity (server), edge-swipe (server), swipe-up (server), PointerEventDispatcher0 (server),
11-16 05:46:55.632 1504 1571 I wm_task_moved: [471,1,7]
11-16 05:46:55.632 1504 1571 I wm_task_to_front: [0,471]
11-16 05:46:55.639 1504 1571 I wm_set_resumed_activity: [0,com.android.music/.VideoBrowserActivity,positionChildAt]
11-16 05:46:55.639 1504 1571 I wm_focused_root_task: [0,0,471,474,setFocusedTask]
11-16 05:46:55.639 1504 1571 I wm_set_resumed_activity: [0,com.android.music/.VideoBrowserActivity,setFocusedTask]
11-16 05:46:55.639 11161 11161 I wm_on_top_resumed_lost_called: [135469596,com.android.music.MusicBrowserActivity,topStateChangedWhenResumed]
11-16 05:46:55.642 11161 11161 I wm_on_top_resumed_gained_called: [1643798,com.android.music.VideoBrowserActivity,topStateChangedWhenResumed]
11-16 05:46:55.642 1504 1572 I input_focus: [Focus request d66afab com.android.music/com.android.music.VideoBrowserActivity,reason=UpdateInputWindows]
11-16 05:46:55.646 1504 4717 I wm_task_moved: [280,0,0]
11-16 05:46:55.646 1504 4717 I wm_task_moved: [280,0,6]
11-16 05:46:55.658 1504 1682 I input_focus: [Focus leaving 4a19f13 com.android.music/com.android.music.MusicBrowserActivity (server),reason=setFocusedWindow]
11-16 05:46:55.658 1504 1682 I input_focus: [Focus entering d66afab com.android.music/com.android.music.VideoBrowserActivity (server),reason=setFocusedWindow]
11-16 05:46:55.674 2496 2496 I wm_on_restart_called: [50203839,com.android.launcher3.uioverrides.QuickstepLauncher,performRestartActivity]
11-16 05:46:55.675 1504 2059 I wm_finish_activity: [0,135469596,474,com.android.music/.MusicBrowserActivity,app-request]
11-16 05:46:55.684 1504 2059 I wm_pause_activity: [0,135469596,com.android.music/.MusicBrowserActivity,userLeaving=false,finish]
11-16 05:46:55.684 11161 11161 I wm_on_paused_called: [135469596,com.android.music.MusicBrowserActivity,performPause]
11-16 05:46:55.690 1504 4717 I wm_destroy_activity: [0,135469596,474,com.android.music/.MusicBrowserActivity,finish-imm:completePausedLocked]
11-16 05:46:55.703 1504 1571 I sysui_multi_action: [757,803,799,window_time_0,802,4]
11-16 05:46:55.703 11161 11161 I wm_on_stop_called: [135469596,com.android.music.MusicBrowserActivity,LIFECYCLER_STOP_ACTIVITY]
11-16 05:46:55.705 2496 2496 I wm_on_start_called: [50203839,com.android.launcher3.uioverrides.QuickstepLauncher,handleStartActivity]
11-16 05:46:55.716 11161 11161 I wm_on_destroy_called: [135469596,com.android.music.MusicBrowserActivity,performDestroy]
11-16 05:46:55.724 1504 1568 I sysui_multi_action: [319,7,322,71,325,8605,757,761,758,9,759,5,806,com.android.launcher3,871,com.android.launcher3.uioverrides.QuickstepLauncher,904,com.android.launcher3,905,0,1320,8,1321,5]
11-16 05:46:55.730 1504 2059 I wm_task_removed: [474,removeChild:removeChild last r=ActivityRecord{8131a1c u0 com.android.music/.MusicBrowserActivity t-1 f}} in t=Task{5addc69 #474 type=standard A=10086:android.task.music U=0 visible=false mode=freeform translucent=true sz=0}]
11-16 05:46:55.730 1504 2059 I wm_task_removed: [474,removeChild]
11-16 05:46:55.734 1504 4314 I sysui_multi_action: [757,856,758,2,806,com.android.music,857,Channel-music,858,2]
11-16 05:46:55.735 1504 1504 I notification_cancel_all: [1000,1504,com.android.music,0,0,0,20,NULL]
11-16 05:46:55.744 2496 2496 I sysui_latency: [1,87]
11-16 05:46:55.745 11161 11161 I view_enqueue_input_event: [Motion - Cancel,com.android.music/com.android.music.VideoBrowserActivity]
11-16 05:46:55.747 1504 1572 I input_focus: [Focus request recents_animation_input_consumer,reason=UpdateInputWindows]
11-16 05:46:55.747 1504 1682 I input_interaction: Interaction with: edge-swipe (server), swipe-up (server), PointerEventDispatcher0 (server),
11-16 05:46:55.772 1504 1682 I input_focus: [Focus leaving d66afab com.android.music/com.android.music.VideoBrowserActivity (server),reason=NOT_FOCUSABLE]
11-16 05:46:55.773 1504 1682 I input_focus: [Focus entering recents_animation_input_consumer (server),reason=setFocusedWindow]
11-16 05:46:55.902 1504 1666 I commit_sys_config_file: [settings-1-0,4]
11-16 05:46:55.998 1504 1570 I commit_sys_config_file: [notification-policy,8595456]
11-16 05:46:56.019 1504 1598 I sysui_latency: [8,85]
11-16 05:46:56.433 1504 1682 I input_interaction: Interaction with: e1de84c com.android.launcher3/com.android.launcher3.uioverrides.QuickstepLauncher (server), edge-swipe (server), swipe-up (server), PointerEventDispatcher0 (server),
11-16 05:46:56.523 2496 2496 I view_enqueue_input_event: [Motion - Cancel,com.android.launcher3/com.android.launcher3.uioverrides.QuickstepLauncher]
11-16 05:46:56.534 1504 1682 I input_interaction: Interaction with: edge-swipe (server), swipe-up (server), PointerEventDispatcher0 (server),
11-16 05:46:56.584 1504 1666 I commit_sys_config_file: [settings-1-0,4]
11-16 05:46:57.172 1504 1682 I input_interaction: Interaction with: e1de84c com.android.launcher3/com.android.launcher3.uioverrides.QuickstepLauncher (server), edge-swipe (server), swipe-up (server), PointerEventDispatcher0 (server),
11-16 05:46:57.593 1504 1821 I wm_task_moved: [280,1,6]
11-16 05:46:57.598 1504 1821 I wm_focused_root_task: [0,0,280,471,RecentsAnimation.onAnimationFinished()]
11-16 05:46:57.598 11161 11161 I wm_on_top_resumed_lost_called: [1643798,com.android.music.VideoBrowserActivity,topStateChangedWhenResumed]
11-16 05:46:57.601 1504 1821 I wm_pause_activity: [0,1643798,com.android.music/.VideoBrowserActivity,userLeaving=false,pauseBackTasks]
11-16 05:46:57.604 1504 1821 I wm_set_resumed_activity: [0,com.android.launcher3/.uioverrides.QuickstepLauncher,resumeTopActivityInnerLocked]
11-16 05:46:57.605 1504 1821 I wm_resume_activity: [0,50203839,281,com.android.launcher3/.uioverrides.QuickstepLauncher]
11-16 05:46:57.606 1504 1821 I wm_add_to_stopping: [0,1643798,com.android.music/.VideoBrowserActivity,makeInvisible]
11-16 05:46:57.609 2496 2496 I wm_on_resume_called: [50203839,com.android.launcher3.uioverrides.QuickstepLauncher,RESUME_ACTIVITY]
11-16 05:46:57.631 1504 1572 I input_focus: [Focus request e1de84c com.android.launcher3/com.android.launcher3.uioverrides.QuickstepLauncher,reason=UpdateInputWindows]
11-16 05:46:57.632 11161 11161 I wm_on_paused_called: [1643798,com.android.music.VideoBrowserActivity,performPause]
11-16 05:46:57.635 1504 1571 I wm_stop_activity: [0,1643798,com.android.music/.VideoBrowserActivity]
11-16 05:46:57.640 1504 1571 I sysui_multi_action: [757,803,799,window_time_0,802,2]
11-16 05:46:57.641 2496 2496 I wm_on_top_resumed_gained_called: [50203839,com.android.launcher3.uioverrides.QuickstepLauncher,topStateChangedWhenResumed]
11-16 05:46:57.643 1504 1682 I input_focus: [Focus leaving recents_animation_input_consumer (server),reason=NOT_VISIBLE]
11-16 05:46:57.644 1504 1682 I input_focus: [Focus entering e1de84c com.android.launcher3/com.android.launcher3.uioverrides.QuickstepLauncher (server),reason=setFocusedWindow]
11-16 05:46:57.649 11161 11161 I wm_on_stop_called: [1643798,com.android.music.VideoBrowserActivity,STOP_ACTIVITY_ITEM]
11-16 05:46:57.717 1504 1682 I input_interaction: Interaction with: e1de84c com.android.launcher3/com.android.launcher3.uioverrides.QuickstepLauncher (server), c74be60 com.android.systemui.ImageWallpaper (server), edge-swipe (server), swipe-up (server), PointerEventDispatcher0 (server),
11-16 05:46:57.731 1504 4276 I wm_finish_activity: [0,1643798,471,com.android.music/.VideoBrowserActivity,recent-task-trimmed]
11-16 05:46:57.733 1504 4276 I wm_destroy_activity: [0,1643798,471,com.android.music/.VideoBrowserActivity,finish-imm:finishIfPossible]
11-16 05:46:57.736 1504 1571 I am_kill : [0,11161,com.android.music,900,remove task]
11-16 05:46:57.742 1504 1571 I sysui_multi_action: [757,803,799,window_time_0,802,0]
11-16 05:46:57.778 1504 6110 I am_proc_died: [0,11161,com.android.music,900,18]
11-16 05:46:57.781 1504 6110 I am_uid_stopped: 10086
11-16 05:46:57.783 1504 6110 I wm_task_removed: [471,removeChild:removeChild last r=ActivityRecord{191516 u0 com.android.music/.VideoBrowserActivity t-1 f}} in t=Task{7b5b0ee #471 type=standard A=10086:android.task.video U=0 visible=false mode=fullscreen translucent=true sz=0}]
11-16 05:46:57.783 1504 6110 I wm_task_removed: [471,removeChild]
11-16 05:46:57.788 1504 1571 I am_uid_running: 10086
11-16 05:46:57.799 1504 1603 I am_proc_start: [0,11288,10086,com.android.music,NULL,]
11-16 05:46:57.828 1504 2099 I am_proc_bound: [0,11288,com.android.music]
11-16 05:47:18.202 1504 1682 I input_interaction: Interaction with: e1de84c com.android.launcher3/com.android.launcher3.uioverrides.QuickstepLauncher (server), PointerEventDispatcher0 (server),
11-16 05:47:20.357 1504 1682 I input_interaction: Interaction with: e1de84c com.android.launcher3/com.android.launcher3.uioverrides.QuickstepLauncher (server), c74be60 com.android.systemui.ImageWallpaper (server), edge-swipe (server), swipe-up (server), PointerEventDispatcher0 (server),
11-16 05:47:28.450 1504 2099 I wm_task_created: [475,-1]
11-16 05:47:28.454 1504 2099 I wm_task_moved: [475,1,6]
11-16 05:47:28.454 1504 2099 I wm_task_to_front: [0,475]
11-16 05:47:28.455 1504 2099 I wm_create_task: [0,475]
11-16 05:47:28.455 1504 2099 I wm_create_activity: [0,256691545,475,com.android.music/.MusicBrowserActivity,NULL,NULL,NULL,268468224]
11-16 05:47:28.455 1504 2099 I wm_task_moved: [475,1,6]
11-16 05:47:28.459 1504 2099 I wm_restart_activity: [0,256691545,475,com.android.music/.MusicBrowserActivity]
11-16 05:47:28.461 1504 2099 I wm_set_resumed_activity: [0,com.android.music/.MusicBrowserActivity,minimalResumeActivityLocked]
11-16 05:47:28.466 1504 1571 I am_uid_active: 10086
11-16 05:47:28.470 2496 2496 I wm_on_top_resumed_lost_called: [50203839,com.android.launcher3.uioverrides.QuickstepLauncher,topStateChangedWhenResumed]
11-16 05:47:28.521 11288 11288 I wm_on_create_called: [256691545,com.android.music.MusicBrowserActivity,performCreate]
11-16 05:47:28.531 11288 11288 I wm_on_start_called: [256691545,com.android.music.MusicBrowserActivity,handleStartActivity]
11-16 05:47:28.531 11288 11288 I wm_on_resume_called: [256691545,com.android.music.MusicBrowserActivity,RESUME_ACTIVITY]
11-16 05:47:28.535 11288 11288 I wm_on_top_resumed_gained_called: [256691545,com.android.music.MusicBrowserActivity,topStateChangedWhenResumed]
11-16 05:47:28.551 1504 4717 I sysui_multi_action: [757,856,758,1,806,com.android.music,857,Channel-music,858,2]
11-16 05:47:28.557 1504 1504 I notification_enqueue: [10086,11288,com.android.music,1,NULL,0,Notification(channel=Channel-music shortcut=null contentView=null vibrate=null sound=null defaults=0x0 flags=0x0 color=0x00000000 category=transport actions=3 vis=PRIVATE),0]
11-16 05:47:28.558 1504 1504 I notification_enqueue: [10086,11288,com.android.music,1,NULL,0,Notification(channel=Channel-music shortcut=null contentView=null vibrate=null sound=null defaults=0x0 flags=0x40 color=0x00000000 category=transport actions=3 vis=PRIVATE),0]
11-16 05:47:28.562 1504 1504 I notification_enqueue: [10086,11288,com.android.music,1,NULL,0,Notification(channel=Channel-music shortcut=null contentView=null vibrate=null sound=null defaults=0x0 flags=0x40 color=0x00000000 category=transport actions=3 vis=PRIVATE),0]
11-16 05:47:28.563 1504 1504 I notification_enqueue: [10086,11288,com.android.music,1,NULL,0,Notification(channel=Channel-music shortcut=null contentView=null vibrate=null sound=null defaults=0x0 flags=0x40 color=0x00000000 category=transport actions=3 vis=PRIVATE),0]
11-16 05:47:28.576 1504 1504 I notification_enqueue: [10086,11288,com.android.music,1,NULL,0,Notification(channel=Channel-music shortcut=null contentView=null vibrate=null sound=null defaults=0x0 flags=0x40 color=0x00000000 category=transport actions=3 vis=PRIVATE),0]
11-16 05:47:28.577 1504 1504 I notification_enqueue: [10086,11288,com.android.music,1,NULL,0,Notification(channel=Channel-music shortcut=null contentView=null vibrate=null sound=null defaults=0x0 flags=0x40 color=0x00000000 category=transport actions=3 vis=PRIVATE),0]
11-16 05:47:28.588 1504 1572 I input_focus: [Focus request 3cf227e com.android.music/com.android.music.MusicBrowserActivity,reason=UpdateInputWindows]
11-16 05:47:28.617 2496 2496 I view_enqueue_input_event: [Key - Cancel,com.android.launcher3/com.android.launcher3.uioverrides.QuickstepLauncher]
11-16 05:47:28.622 1504 1682 I input_focus: [Focus leaving e1de84c com.android.launcher3/com.android.launcher3.uioverrides.QuickstepLauncher (server),reason=Waiting for window because NOT_VISIBLE]
11-16 05:47:28.622 1504 1504 I sysui_multi_action: [757,128,758,5,759,8,793,66,794,0,795,66,796,1,806,com.android.music,857,Channel-music,858,2,947,0,1500,66,1641,transport,1688,1,1745,1043716538]
11-16 05:47:28.622 1504 1504 I notification_canceled: [0|com.android.music|1|null|10086,8,66,66,0,-1,-1,NULL]
11-16 05:47:28.629 1504 1568 I sysui_multi_action: [319,181,322,180,325,8637,757,761,758,8,759,2,806,com.android.music,871,com.android.music.MusicBrowserActivity,904,com.android.launcher3,905,0,1320,4,1321,5]
11-16 05:47:28.630 1504 1568 I wm_activity_launch_time: [0,256691545,com.android.music/.MusicBrowserActivity,180]
11-16 05:47:28.633 1504 1682 I input_focus: [Focus entering 3cf227e com.android.music/com.android.music.MusicBrowserActivity (server),reason=Window became focusable. Previous reason: NOT_VISIBLE]
11-16 05:47:28.811 1504 1570 I commit_sys_config_file: [notification-policy,8628270]
11-16 05:47:29.609 1504 2059 I wm_task_created: [476,-1]
11-16 05:47:29.613 1504 2059 I wm_task_moved: [476,1,7]
11-16 05:47:29.614 1504 2059 I wm_task_to_front: [0,476]
11-16 05:47:29.614 1504 2059 I wm_create_task: [0,476]
11-16 05:47:29.614 1504 2059 I wm_create_activity: [0,84087794,476,com.android.music/.VideoBrowserActivity,android.intent.action.MAIN,NULL,NULL,270532608]
11-16 05:47:29.614 1504 2059 I wm_task_moved: [476,1,7]
11-16 05:47:29.615 11288 11288 I wm_on_top_resumed_lost_called: [256691545,com.android.music.MusicBrowserActivity,topStateChangedWhenResumed]
11-16 05:47:29.617 1504 2059 I wm_pause_activity: [0,50203839,com.android.launcher3/.uioverrides.QuickstepLauncher,userLeaving=true,pauseBackTasks]
11-16 05:47:29.626 2496 2496 I wm_on_paused_called: [50203839,com.android.launcher3.uioverrides.QuickstepLauncher,performPause]
11-16 05:47:29.636 1504 2059 I wm_add_to_stopping: [0,50203839,com.android.launcher3/.uioverrides.QuickstepLauncher,makeInvisible]
11-16 05:47:29.637 1504 2059 I wm_restart_activity: [0,84087794,476,com.android.music/.VideoBrowserActivity]
11-16 05:47:29.638 1504 2059 I wm_set_resumed_activity: [0,com.android.music/.VideoBrowserActivity,minimalResumeActivityLocked]
11-16 05:47:29.652 1504 1571 I sysui_multi_action: [757,803,799,window_time_0,802,32]
11-16 05:47:29.680 11288 11288 I wm_on_create_called: [84087794,com.android.music.VideoBrowserActivity,performCreate]
11-16 05:47:29.680 11288 11288 I wm_on_start_called: [84087794,com.android.music.VideoBrowserActivity,handleStartActivity]
11-16 05:47:29.681 11288 11288 I wm_on_resume_called: [84087794,com.android.music.VideoBrowserActivity,RESUME_ACTIVITY]
11-16 05:47:29.689 1504 1572 I input_focus: [Focus request bf2ef31 com.android.music/com.android.music.VideoBrowserActivity,reason=UpdateInputWindows]
11-16 05:47:29.695 11288 11288 I wm_on_top_resumed_gained_called: [84087794,com.android.music.VideoBrowserActivity,topStateChangedWhenResumed]
11-16 05:47:29.697 1504 1568 I wm_activity_launch_time: [0,84087794,com.android.music/.VideoBrowserActivity,100]
11-16 05:47:29.704 1504 1682 I input_focus: [Focus leaving 3cf227e com.android.music/com.android.music.MusicBrowserActivity (server),reason=setFocusedWindow]
11-16 05:47:29.704 1504 1682 I input_focus: [Focus entering bf2ef31 com.android.music/com.android.music.VideoBrowserActivity (server),reason=setFocusedWindow]
11-16 05:47:30.234 1504 1571 I wm_stop_activity: [0,50203839,com.android.launcher3/.uioverrides.QuickstepLauncher]
11-16 05:47:30.285 2496 2496 I wm_on_stop_called: [50203839,com.android.launcher3.uioverrides.QuickstepLauncher,STOP_ACTIVITY_ITEM]
11-16 05:47:31.270 1504 1682 I input_interaction: Interaction with: bf2ef31 com.android.music/com.android.music.VideoBrowserActivity (server), edge-swipe (server), swipe-up (server), PointerEventDispatcher0 (server),
11-16 05:47:31.285 1504 2101 I wm_task_moved: [280,0,0]
11-16 05:47:31.286 1504 2101 I wm_task_moved: [280,0,6]
11-16 05:47:31.301 2496 2496 I wm_on_restart_called: [50203839,com.android.launcher3.uioverrides.QuickstepLauncher,performRestartActivity]
11-16 05:47:31.301 1504 2101 I wm_finish_activity: [0,256691545,475,com.android.music/.MusicBrowserActivity,app-request]
11-16 05:47:31.313 1504 2101 I wm_pause_activity: [0,256691545,com.android.music/.MusicBrowserActivity,userLeaving=false,finish]
11-16 05:47:31.324 11288 11288 I wm_on_paused_called: [256691545,com.android.music.MusicBrowserActivity,performPause]
11-16 05:47:31.326 1504 4717 I wm_destroy_activity: [0,256691545,475,com.android.music/.MusicBrowserActivity,finish-imm:completePausedLocked]
11-16 05:47:31.328 2496 2496 I wm_on_start_called: [50203839,com.android.launcher3.uioverrides.QuickstepLauncher,handleStartActivity]
11-16 05:47:31.340 1504 1571 I sysui_multi_action: [757,803,799,window_time_0,802,1]
11-16 05:47:31.343 11288 11288 I wm_on_stop_called: [256691545,com.android.music.MusicBrowserActivity,LIFECYCLER_STOP_ACTIVITY]
11-16 05:47:31.358 1504 1568 I sysui_multi_action: [319,13,322,65,325,8640,757,761,758,9,759,5,806,com.android.launcher3,871,com.android.launcher3.uioverrides.QuickstepLauncher,904,com.android.launcher3,905,0,1320,8,1321,5]
11-16 05:47:31.358 11288 11288 I wm_on_destroy_called: [256691545,com.android.music.MusicBrowserActivity,performDestroy]
11-16 05:47:31.364 1504 2101 I wm_task_removed: [475,removeChild:removeChild last r=ActivityRecord{f4ccd59 u0 com.android.music/.MusicBrowserActivity t-1 f}} in t=Task{9965da0 #475 type=standard A=10086:android.task.music U=0 visible=false mode=freeform translucent=true sz=0}]
11-16 05:47:31.364 1504 2101 I wm_task_removed: [475,removeChild]
11-16 05:47:31.378 1504 2059 I sysui_multi_action: [757,856,758,2,806,com.android.music,857,Channel-music,858,2]
11-16 05:47:31.380 1504 1504 I notification_cancel_all: [1000,1504,com.android.music,0,0,0,20,NULL]
11-16 05:47:31.387 11288 11288 I view_enqueue_input_event: [Motion - Cancel,com.android.music/com.android.music.VideoBrowserActivity]
11-16 05:47:31.388 2496 2496 I sysui_latency: [1,76]
11-16 05:47:31.395 1504 1572 I input_focus: [Focus request recents_animation_input_consumer,reason=UpdateInputWindows]
11-16 05:47:31.402 1504 1682 I input_interaction: Interaction with: edge-swipe (server), swipe-up (server), PointerEventDispatcher0 (server),
11-16 05:47:31.424 1504 1682 I input_focus: [Focus leaving bf2ef31 com.android.music/com.android.music.VideoBrowserActivity (server),reason=NOT_FOCUSABLE]
11-16 05:47:31.425 1504 1682 I input_focus: [Focus entering recents_animation_input_consumer (server),reason=setFocusedWindow]
11-16 05:47:31.534 1504 1666 I commit_sys_config_file: [settings-1-0,7]
11-16 05:47:31.637 1504 1570 I commit_sys_config_file: [notification-policy,8631095]
11-16 05:47:31.652 1504 1598 I sysui_latency: [8,73]
11-16 05:47:32.378 1504 1666 I commit_sys_config_file: [settings-1-0,8]
11-16 05:47:33.435 1504 1682 I input_interaction: Interaction with: e1de84c com.android.launcher3/com.android.launcher3.uioverrides.QuickstepLauncher (server), edge-swipe (server), swipe-up (server), PointerEventDispatcher0 (server),
11-16 05:47:33.552 1504 6110 I wm_task_moved: [280,1,6]
11-16 05:47:33.557 1504 6110 I wm_focused_root_task: [0,0,280,476,startActivityFromRecents]
11-16 05:47:33.557 1504 6110 I wm_task_moved: [476,1,6]
11-16 05:47:33.557 11288 11288 I wm_on_top_resumed_lost_called: [84087794,com.android.music.VideoBrowserActivity,topStateChangedWhenResumed]
11-16 05:47:33.557 1504 6110 I wm_set_resumed_activity: [0,com.android.music/.VideoBrowserActivity,positionChildAt]
11-16 05:47:33.557 1504 6110 I wm_focused_root_task: [0,0,476,280,moveTaskToFront findTaskToMoveToFront]
11-16 05:47:33.557 1504 6110 I wm_set_resumed_activity: [0,com.android.music/.VideoBrowserActivity,moveTaskToFront findTaskToMoveToFront]
11-16 05:47:33.573 11288 11288 I wm_on_top_resumed_gained_called: [84087794,com.android.music.VideoBrowserActivity,topStateChangedWhenResumed]
11-16 05:47:33.956 1504 2059 I wm_add_to_stopping: [0,50203839,com.android.launcher3/.uioverrides.QuickstepLauncher,makeInvisible]
11-16 05:47:33.965 1504 1572 I input_focus: [Focus request bf2ef31 com.android.music/com.android.music.VideoBrowserActivity,reason=UpdateInputWindows]
11-16 05:47:33.967 1504 1571 I wm_stop_activity: [0,50203839,com.android.launcher3/.uioverrides.QuickstepLauncher]
11-16 05:47:33.982 1504 1682 I input_focus: [Focus leaving recents_animation_input_consumer (server),reason=NOT_VISIBLE]
11-16 05:47:33.982 1504 1682 I input_focus: [Focus entering bf2ef31 com.android.music/com.android.music.VideoBrowserActivity (server),reason=setFocusedWindow]
11-16 05:47:33.995 1504 2059 I wm_task_created: [477,-1]
11-16 05:47:33.999 1504 2059 I wm_task_moved: [477,1,7]
11-16 05:47:33.999 1504 2059 I wm_task_to_front: [0,477]
11-16 05:47:33.999 1504 2059 I wm_create_task: [0,477]
11-16 05:47:33.999 1504 2059 I wm_create_activity: [0,110247547,477,com.android.music/.MusicBrowserActivity,NULL,NULL,NULL,268468224]
11-16 05:47:33.999 1504 2059 I wm_task_moved: [477,1,7]
11-16 05:47:34.000 11288 11288 I wm_on_top_resumed_lost_called: [84087794,com.android.music.VideoBrowserActivity,topStateChangedWhenResumed]
11-16 05:47:34.002 1504 2059 I wm_restart_activity: [0,110247547,477,com.android.music/.MusicBrowserActivity]
11-16 05:47:34.003 1504 2059 I wm_set_resumed_activity: [0,com.android.music/.MusicBrowserActivity,minimalResumeActivityLocked]
11-16 05:47:34.016 2496 2496 I wm_on_stop_called: [50203839,com.android.launcher3.uioverrides.QuickstepLauncher,STOP_ACTIVITY_ITEM]
11-16 05:47:34.038 11288 11288 I wm_on_create_called: [110247547,com.android.music.MusicBrowserActivity,performCreate]
11-16 05:47:34.046 11288 11288 I wm_on_start_called: [110247547,com.android.music.MusicBrowserActivity,handleStartActivity]
11-16 05:47:34.047 11288 11288 I wm_on_resume_called: [110247547,com.android.music.MusicBrowserActivity,RESUME_ACTIVITY]
11-16 05:47:34.049 11288 11288 I wm_on_top_resumed_gained_called: [110247547,com.android.music.MusicBrowserActivity,topStateChangedWhenResumed]
11-16 05:47:34.060 1504 2504 I sysui_multi_action: [757,856,758,1,806,com.android.music,857,Channel-music,858,2]
11-16 05:47:34.064 1504 1504 I notification_enqueue: [10086,11288,com.android.music,1,NULL,0,Notification(channel=Channel-music shortcut=null contentView=null vibrate=null sound=null defaults=0x0 flags=0x0 color=0x00000000 category=transport actions=3 vis=PRIVATE),0]
11-16 05:47:34.065 1504 1504 I notification_enqueue: [10086,11288,com.android.music,1,NULL,0,Notification(channel=Channel-music shortcut=null contentView=null vibrate=null sound=null defaults=0x0 flags=0x40 color=0x00000000 category=transport actions=3 vis=PRIVATE),0]
11-16 05:47:34.068 1504 1504 I notification_enqueue: [10086,11288,com.android.music,1,NULL,0,Notification(channel=Channel-music shortcut=null contentView=null vibrate=null sound=null defaults=0x0 flags=0x40 color=0x00000000 category=transport actions=3 vis=PRIVATE),0]
11-16 05:47:34.069 1504 1504 I notification_enqueue: [10086,11288,com.android.music,1,NULL,0,Notification(channel=Channel-music shortcut=null contentView=null vibrate=null sound=null defaults=0x0 flags=0x40 color=0x00000000 category=transport actions=3 vis=PRIVATE),0]
11-16 05:47:34.074 1504 1504 I notification_enqueue: [10086,11288,com.android.music,1,NULL,0,Notification(channel=Channel-music shortcut=null contentView=null vibrate=null sound=null defaults=0x0 flags=0x40 color=0x00000000 category=transport actions=3 vis=PRIVATE),0]
11-16 05:47:34.075 1504 1504 I notification_enqueue: [10086,11288,com.android.music,1,NULL,0,Notification(channel=Channel-music shortcut=null contentView=null vibrate=null sound=null defaults=0x0 flags=0x40 color=0x00000000 category=transport actions=3 vis=PRIVATE),0]
11-16 05:47:34.084 1504 1572 I input_focus: [Focus request 1b9ed5e com.android.music/com.android.music.MusicBrowserActivity,reason=UpdateInputWindows]
11-16 05:47:34.098 1504 1504 I sysui_multi_action: [757,128,758,5,759,8,793,35,794,0,795,35,796,1,806,com.android.music,857,Channel-music,858,2,947,0,1500,35,1641,transport,1688,1,1745,1043716538]
11-16 05:47:34.098 1504 1504 I notification_canceled: [0|com.android.music|1|null|10086,8,35,35,0,-1,-1,NULL]
11-16 05:47:34.099 1504 1568 I wm_activity_launch_time: [0,110247547,com.android.music/.MusicBrowserActivity,108]
11-16 05:47:34.114 1504 1682 I input_focus: [Focus leaving bf2ef31 com.android.music/com.android.music.VideoBrowserActivity (server),reason=setFocusedWindow]
11-16 05:47:34.114 1504 1682 I input_focus: [Focus entering 1b9ed5e com.android.music/com.android.music.MusicBrowserActivity (server),reason=setFocusedWindow]
11-16 05:47:34.321 1504 1570 I commit_sys_config_file: [notification-policy,8633779]
11-16 05:47:51.388 1504 1601 I am_uid_idle: 10051
11-16 05:48:24.084 1504 1668 I am_freeze: [10669,com.android.settings]
11-16 05:48:24.086 1504 1668 I am_kill : [0,10669,com.android.settings,935,Unable to freeze binder interface]
11-16 05:48:24.128 1504 6110 I am_proc_died: [0,10669,com.android.settings,935,19]
11-16 05:48:24.147 1504 1598 I am_pss : [11288,10086,com.android.music,69529600,62488576,0,188309504,0,2,12]
11-16 05:48:24.156 1504 1598 I am_pss : [3677,1000,com.thundercomm.gamemode,17593344,13447168,0,120299520,0,10,8]
11-16 05:48:24.168 1504 1603 I am_proc_start: [0,11361,1000,com.android.settings,NULL,]
11-16 05:48:24.206 1504 6110 I am_proc_bound: [0,11361,com.android.settings]
11-16 05:48:26.574 1504 1620 I sysui_multi_action: [757,1696,758,6,759,2]
11-16 05:48:26.591 1504 1601 I am_wtf : [0,1504,system_server,-1,DisplayDeviceConfig,requesting nits when no mapping exists.]
11-16 05:48:26.596 1504 1601 I am_wtf : [0,1504,system_server,-1,DisplayDeviceConfig,requesting nits when no mapping exists.]
11-16 05:48:26.606 1504 1601 I am_wtf : [0,1504,system_server,-1,DisplayDeviceConfig,requesting nits when no mapping exists.]
11-16 05:48:26.608 1504 1601 I am_wtf : [0,1504,system_server,-1,DisplayDeviceConfig,requesting nits when no mapping exists.]
11-16 05:48:26.619 1504 1601 I am_wtf : [0,1504,system_server,-1,DisplayDeviceConfig,requesting nits when no mapping exists.]
11-16 05:48:26.621 1504 1601 I am_wtf : [0,1504,system_server,-1,DisplayDeviceConfig,requesting nits when no mapping exists.]
11-16 05:48:26.636 1504 1601 I am_wtf : [0,1504,system_server,-1,DisplayDeviceConfig,requesting nits when no mapping exists.]
11-16 05:48:26.637 1504 1601 I am_wtf : [0,1504,system_server,-1,DisplayDeviceConfig,requesting nits when no mapping exists.]
11-16 05:48:26.652 1504 1601 I am_wtf : [0,1504,system_server,-1,DisplayDeviceConfig,requesting nits when no mapping exists.]
11-16 05:48:26.654 1504 1601 I am_wtf : [0,1504,system_server,-1,DisplayDeviceConfig,requesting nits when no mapping exists.]
11-16 05:48:26.669 1504 1601 I am_wtf : [0,1504,system_server,-1,DisplayDeviceConfig,requesting nits when no mapping exists.]
11-16 05:48:26.671 1504 1601 I am_wtf : [0,1504,system_server,-1,DisplayDeviceConfig,requesting nits when no mapping exists.]
