11-16 05:30:43.073 1504 6920 I wm_add_to_stopping: [0,50203839,com.android.launcher3/.uioverrides.QuickstepLauncher,makeInvisible]
11-16 05:30:43.073 1504 6920 I wm_restart_activity: [0,93099097,444,com.thundercomm.screensaver/android.service.dreams.DreamActivity]
11-16 05:30:43.074 1504 6920 I wm_set_resumed_activity: [0,com.thundercomm.screensaver/android.service.dreams.DreamActivity,minimalResumeActivityLocked]
11-16 05:30:43.083 1504 1571 I sysui_multi_action: [757,803,799,window_time_0,802,60]
11-16 05:30:43.088 1504 1682 I input_focus: [Focus leaving e1de84c com.android.launcher3/com.android.launcher3.uioverrides.QuickstepLauncher (server),reason=NO_WINDOW]
11-16 05:30:43.089 4192 4192 I wm_on_create_called: [93099097,android.service.dreams.DreamActivity,performCreate]
11-16 05:30:43.091 4192 4192 I wm_on_start_called: [93099097,android.service.dreams.DreamActivity,handleStartActivity]
11-16 05:30:43.093 4192 4192 I wm_on_resume_called: [93099097,android.service.dreams.DreamActivity,RESUME_ACTIVITY]
11-16 05:30:43.100 4192 4192 I wm_on_top_resumed_gained_called: [93099097,android.service.dreams.DreamActivity,topStateChangedWhenResumed]
11-16 05:30:43.131 1504 1572 I input_focus: [Focus request a691d15 com.thundercomm.screensaver/android.service.dreams.DreamActivity,reason=UpdateInputWindows]
11-16 05:30:43.132 1504 1504 I notification_enqueue: [10081,1968,com.android.systemui,2048,NULL,0,Notification(channel=updateNotification shortcut=null contentView=null vibrate=null sound=null defaults=0x0 flags=0x0 color=0x00000000 vis=PRIVATE),1]
11-16 05:30:43.132 1968 1968 I sysui_multi_action: [757,111,758,2]
11-16 05:30:43.133 1968 1968 I sysui_multi_action: [757,111,758,2]
11-16 05:30:43.147 1968 1968 I sysui_multi_action: [757,111,758,1]
11-16 05:30:43.148 1968 1968 I sysui_multi_action: [757,126,758,1,759,126,927,0,928,0,1593,0]
11-16 05:30:43.148 1968 1968 I sysui_multi_action: [757,113,758,1,759,113,927,1,928,1,1593,0]
11-16 05:30:43.148 1968 1968 I sysui_multi_action: [757,0,758,1,759,0,927,2,928,0,1593,0]
11-16 05:30:43.149 1968 1968 I sysui_multi_action: [757,0,758,1,759,0,927,3,928,0,1593,0]
11-16 05:30:43.149 1968 1968 I sysui_multi_action: [757,491,758,1,759,491,927,4,928,0,1311,-1,1593,0]
11-16 05:30:43.150 1968 1968 I sysui_multi_action: [757,0,758,1,759,0,927,5,928,0,1593,0]
11-16 05:30:43.150 1968 1968 I sysui_multi_action: [757,111,758,1]
11-16 05:30:43.150 1968 1968 I sysui_multi_action: [757,126,758,1,759,126,927,0,928,0,1593,0]
11-16 05:30:43.151 1968 1968 I sysui_multi_action: [757,113,758,1,759,113,927,1,928,1,1593,0]
11-16 05:30:43.151 1968 1968 I sysui_multi_action: [757,0,758,1,759,0,927,2,928,0,1593,0]
11-16 05:30:43.151 1968 1968 I sysui_multi_action: [757,0,758,1,759,0,927,3,928,0,1593,0]
11-16 05:30:43.152 1504 1620 I sysui_multi_action: [757,1696,758,6,759,3]
11-16 05:30:43.162 1504 1568 I sysui_multi_action: [319,95,322,93,325,7632,757,761,758,8,759,2,806,com.thundercomm.screensaver,871,android.service.dreams.DreamActivity,904,com.thundercomm.screensaver,905,0,1320,4,1321,2]
11-16 05:30:43.163 1504 1568 I wm_activity_launch_time: [0,93099097,com.thundercomm.screensaver/android.service.dreams.DreamActivity,93]
11-16 05:30:43.168 1504 1601 I am_wtf : [0,1504,system_server,-1,DisplayDeviceConfig,requesting nits when no mapping exists.]
11-16 05:30:43.169 1504 1601 I am_wtf : [0,1504,system_server,-1,DisplayDeviceConfig,requesting nits when no mapping exists.]
11-16 05:30:43.169 1504 1682 I input_focus: [Focus entering a691d15 com.thundercomm.screensaver/android.service.dreams.DreamActivity (server),reason=Window became focusable. Previous reason: NOT_VISIBLE]
11-16 05:30:43.186 1504 1601 I am_wtf : [0,1504,system_server,-1,DisplayDeviceConfig,requesting nits when no mapping exists.]
11-16 05:30:43.186 1504 1601 I am_wtf : [0,1504,system_server,-1,DisplayDeviceConfig,requesting nits when no mapping exists.]
11-16 05:30:43.201 1504 1601 I am_wtf : [0,1504,system_server,-1,DisplayDeviceConfig,requesting nits when no mapping exists.]
11-16 05:30:43.202 1504 1601 I am_wtf : [0,1504,system_server,-1,DisplayDeviceConfig,requesting nits when no mapping exists.]
11-16 05:30:43.220 1504 1601 I am_wtf : [0,1504,system_server,-1,DisplayDeviceConfig,requesting nits when no mapping exists.]
11-16 05:30:43.220 1504 1601 I am_wtf : [0,1504,system_server,-1,DisplayDeviceConfig,requesting nits when no mapping exists.]
11-16 05:30:43.234 1504 1601 I am_wtf : [0,1504,system_server,-1,DisplayDeviceConfig,requesting nits when no mapping exists.]
11-16 05:30:43.236 1504 1601 I am_wtf : [0,1504,system_server,-1,DisplayDeviceConfig,requesting nits when no mapping exists.]
11-16 05:30:43.252 1504 1601 I am_wtf : [0,1504,system_server,-1,DisplayDeviceConfig,requesting nits when no mapping exists.]
11-16 05:30:43.254 1504 1601 I am_wtf : [0,1504,system_server,-1,DisplayDeviceConfig,requesting nits when no mapping exists.]
11-16 05:30:43.268 1504 1601 I am_wtf : [0,1504,system_server,-1,DisplayDeviceConfig,requesting nits when no mapping exists.]
11-16 05:30:43.269 1504 1601 I am_wtf : [0,1504,system_server,-1,DisplayDeviceConfig,requesting nits when no mapping exists.]
11-16 05:30:43.285 1504 1601 I am_wtf : [0,1504,system_server,-1,DisplayDeviceConfig,requesting nits when no mapping exists.]
11-16 05:30:43.291 1504 1601 I am_wtf : [0,1504,system_server,-1,DisplayDeviceConfig,requesting nits when no mapping exists.]
11-16 05:30:43.302 1504 1601 I am_wtf : [0,1504,system_server,-1,DisplayDeviceConfig,requesting nits when no mapping exists.]
11-16 05:30:43.303 1504 1601 I am_wtf : [0,1504,system_server,-1,DisplayDeviceConfig,requesting nits when no mapping exists.]
11-16 05:30:43.318 1504 1601 I am_wtf : [0,1504,system_server,-1,DisplayDeviceConfig,requesting nits when no mapping exists.]
11-16 05:30:43.319 1504 1601 I am_wtf : [0,1504,system_server,-1,DisplayDeviceConfig,requesting nits when no mapping exists.]
11-16 05:30:43.335 1504 1601 I am_wtf : [0,1504,system_server,-1,DisplayDeviceConfig,requesting nits when no mapping exists.]
11-16 05:30:43.335 1504 1504 I sysui_multi_action: [757,1501,758,1,793,7611671,794,0,795,204,796,2048,806,com.android.systemui,857,updateNotification,858,3,947,0,1500,0,1688,1]
11-16 05:30:43.336 1504 1504 I sysui_multi_action: [757,804,799,note_interruptive,801,0,802,1]
11-16 05:30:43.336 1504 1504 I sysui_multi_action: [757,199,758,1,759,2,793,7611672,794,0,795,205,796,2048,806,com.android.systemui,857,updateNotification,858,3,947,0,1500,1,1688,1]
11-16 05:30:43.336 1504 1504 I notification_alert: [0|com.android.systemui|2048|null|10081,0,1,0]
11-16 05:30:43.341 1504 1601 I am_wtf : [0,1504,system_server,-1,DisplayDeviceConfig,requesting nits when no mapping exists.]
11-16 05:30:43.354 1504 1601 I am_wtf : [0,1504,system_server,-1,DisplayDeviceConfig,requesting nits when no mapping exists.]
11-16 05:30:43.354 1504 1601 I am_wtf : [0,1504,system_server,-1,DisplayDeviceConfig,requesting nits when no mapping exists.]
11-16 05:30:43.368 1504 1601 I am_wtf : [0,1504,system_server,-1,DisplayDeviceConfig,requesting nits when no mapping exists.]
11-16 05:30:43.373 1504 1601 I am_wtf : [0,1504,system_server,-1,DisplayDeviceConfig,requesting nits when no mapping exists.]
11-16 05:30:43.387 1504 1601 I am_wtf : [0,1504,system_server,-1,DisplayDeviceConfig,requesting nits when no mapping exists.]
11-16 05:30:43.387 1504 1601 I am_wtf : [0,1504,system_server,-1,DisplayDeviceConfig,requesting nits when no mapping exists.]
11-16 05:30:43.406 1504 1601 I am_wtf : [0,1504,system_server,-1,DisplayDeviceConfig,requesting nits when no mapping exists.]
11-16 05:30:43.406 1504 1601 I am_wtf : [0,1504,system_server,-1,DisplayDeviceConfig,requesting nits when no mapping exists.]
11-16 05:30:43.419 1504 1601 I am_wtf : [0,1504,system_server,-1,DisplayDeviceConfig,requesting nits when no mapping exists.]
11-16 05:30:43.420 1504 1601 I am_wtf : [0,1504,system_server,-1,DisplayDeviceConfig,requesting nits when no mapping exists.]
11-16 05:30:43.437 1504 1601 I am_wtf : [0,1504,system_server,-1,DisplayDeviceConfig,requesting nits when no mapping exists.]
11-16 05:30:43.438 1504 1601 I am_wtf : [0,1504,system_server,-1,DisplayDeviceConfig,requesting nits when no mapping exists.]
11-16 05:30:43.439 1504 1571 I wm_stop_activity: [0,50203839,com.android.launcher3/.uioverrides.QuickstepLauncher]
11-16 05:30:43.461 1504 1601 I am_wtf : [0,1504,system_server,-1,DisplayDeviceConfig,requesting nits when no mapping exists.]
11-16 05:30:43.461 1504 1601 I am_wtf : [0,1504,system_server,-1,DisplayDeviceConfig,requesting nits when no mapping exists.]
11-16 05:30:43.467 2496 2496 I wm_on_stop_called: [50203839,com.android.launcher3.uioverrides.QuickstepLauncher,STOP_ACTIVITY_ITEM]
11-16 05:30:43.470 1504 1601 I am_wtf : [0,1504,system_server,-1,DisplayDeviceConfig,requesting nits when no mapping exists.]
11-16 05:30:43.471 1504 1601 I am_wtf : [0,1504,system_server,-1,DisplayDeviceConfig,requesting nits when no mapping exists.]
11-16 05:30:43.484 1504 1601 I am_wtf : [0,1504,system_server,-1,DisplayDeviceConfig,requesting nits when no mapping exists.]
11-16 05:30:43.485 1504 1601 I am_wtf : [0,1504,system_server,-1,DisplayDeviceConfig,requesting nits when no mapping exists.]
11-16 05:30:43.499 1504 1601 I am_wtf : [0,1504,system_server,-1,DisplayDeviceConfig,requesting nits when no mapping exists.]
11-16 05:30:43.500 1504 1601 I service_manager_stats: [100,56,6934]
11-16 05:30:43.500 1504 1601 I am_wtf : [0,1504,system_server,-1,DisplayDeviceConfig,requesting nits when no mapping exists.]
11-16 05:30:43.517 1504 1601 I am_wtf : [0,1504,system_server,-1,DisplayDeviceConfig,requesting nits when no mapping exists.]
11-16 05:30:43.517 1504 1601 I am_wtf : [0,1504,system_server,-1,DisplayDeviceConfig,requesting nits when no mapping exists.]
11-16 05:30:43.534 1504 1601 I am_wtf : [0,1504,system_server,-1,DisplayDeviceConfig,requesting nits when no mapping exists.]
11-16 05:30:43.535 1504 1601 I am_wtf : [0,1504,system_server,-1,DisplayDeviceConfig,requesting nits when no mapping exists.]
11-16 05:30:43.549 1504 1601 I am_wtf : [0,1504,system_server,-1,DisplayDeviceConfig,requesting nits when no mapping exists.]
11-16 05:30:43.551 1504 1601 I am_wtf : [0,1504,system_server,-1,DisplayDeviceConfig,requesting nits when no mapping exists.]
11-16 05:30:43.566 1504 1601 I am_wtf : [0,1504,system_server,-1,DisplayDeviceConfig,requesting nits when no mapping exists.]
11-16 05:30:43.568 1504 1601 I am_wtf : [0,1504,system_server,-1,DisplayDeviceConfig,requesting nits when no mapping exists.]
11-16 05:30:43.583 1504 1601 I am_wtf : [0,1504,system_server,-1,DisplayDeviceConfig,requesting nits when no mapping exists.]
11-16 05:30:43.585 1504 1601 I am_wtf : [0,1504,system_server,-1,DisplayDeviceConfig,requesting nits when no mapping exists.]
11-16 05:30:43.600 1504 1601 I am_wtf : [0,1504,system_server,-1,DisplayDeviceConfig,requesting nits when no mapping exists.]
11-16 05:30:43.601 1504 1601 I am_wtf : [0,1504,system_server,-1,DisplayDeviceConfig,requesting nits when no mapping exists.]
11-16 05:30:43.616 1504 1601 I am_wtf : [0,1504,system_server,-1,DisplayDeviceConfig,requesting nits when no mapping exists.]
11-16 05:30:43.618 1504 1601 I am_wtf : [0,1504,system_server,-1,DisplayDeviceConfig,requesting nits when no mapping exists.]
11-16 05:30:43.633 1504 1601 I am_wtf : [0,1504,system_server,-1,DisplayDeviceConfig,requesting nits when no mapping exists.]
11-16 05:30:43.634 1504 1601 I am_wtf : [0,1504,system_server,-1,DisplayDeviceConfig,requesting nits when no mapping exists.]
11-16 05:30:43.650 1504 1601 I am_wtf : [0,1504,system_server,-1,DisplayDeviceConfig,requesting nits when no mapping exists.]
11-16 05:30:43.652 1504 1601 I am_wtf : [0,1504,system_server,-1,DisplayDeviceConfig,requesting nits when no mapping exists.]
11-16 05:30:43.667 1504 1601 I am_wtf : [0,1504,system_server,-1,DisplayDeviceConfig,requesting nits when no mapping exists.]
11-16 05:30:43.668 1504 1601 I am_wtf : [0,1504,system_server,-1,DisplayDeviceConfig,requesting nits when no mapping exists.]
11-16 05:30:43.684 1504 1601 I am_wtf : [0,1504,system_server,-1,DisplayDeviceConfig,requesting nits when no mapping exists.]
11-16 05:30:43.684 1504 1601 I am_wtf : [0,1504,system_server,-1,DisplayDeviceConfig,requesting nits when no mapping exists.]
11-16 05:30:43.700 1504 1601 I am_wtf : [0,1504,system_server,-1,DisplayDeviceConfig,requesting nits when no mapping exists.]
11-16 05:30:43.701 1504 1601 I am_wtf : [0,1504,system_server,-1,DisplayDeviceConfig,requesting nits when no mapping exists.]
11-16 05:30:43.719 1504 1601 I am_wtf : [0,1504,system_server,-1,DisplayDeviceConfig,requesting nits when no mapping exists.]
11-16 05:30:43.720 1504 1601 I am_wtf : [0,1504,system_server,-1,DisplayDeviceConfig,requesting nits when no mapping exists.]
11-16 05:30:43.734 1504 1601 I am_wtf : [0,1504,system_server,-1,DisplayDeviceConfig,requesting nits when no mapping exists.]
11-16 05:30:43.735 1504 1601 I am_wtf : [0,1504,system_server,-1,DisplayDeviceConfig,requesting nits when no mapping exists.]
11-16 05:30:43.752 1504 1601 I am_wtf : [0,1504,system_server,-1,DisplayDeviceConfig,requesting nits when no mapping exists.]
11-16 05:30:43.752 1504 1601 I am_wtf : [0,1504,system_server,-1,DisplayDeviceConfig,requesting nits when no mapping exists.]
11-16 05:30:43.768 1504 1601 I am_wtf : [0,1504,system_server,-1,DisplayDeviceConfig,requesting nits when no mapping exists.]
11-16 05:30:43.769 1504 1601 I am_wtf : [0,1504,system_server,-1,DisplayDeviceConfig,requesting nits when no mapping exists.]
11-16 05:30:43.786 1504 1601 I am_wtf : [0,1504,system_server,-1,DisplayDeviceConfig,requesting nits when no mapping exists.]
11-16 05:30:43.787 1504 1601 I am_wtf : [0,1504,system_server,-1,DisplayDeviceConfig,requesting nits when no mapping exists.]
11-16 05:30:43.803 1504 1601 I am_wtf : [0,1504,system_server,-1,DisplayDeviceConfig,requesting nits when no mapping exists.]
11-16 05:30:43.804 1504 1601 I am_wtf : [0,1504,system_server,-1,DisplayDeviceConfig,requesting nits when no mapping exists.]
11-16 05:30:43.818 1504 1601 I am_wtf : [0,1504,system_server,-1,DisplayDeviceConfig,requesting nits when no mapping exists.]
11-16 05:30:43.820 1504 1601 I am_wtf : [0,1504,system_server,-1,DisplayDeviceConfig,requesting nits when no mapping exists.]
11-16 05:30:43.833 1504 1601 I am_wtf : [0,1504,system_server,-1,DisplayDeviceConfig,requesting nits when no mapping exists.]
11-16 05:30:43.835 1504 1601 I am_wtf : [0,1504,system_server,-1,DisplayDeviceConfig,requesting nits when no mapping exists.]
11-16 05:30:43.851 1504 1601 I am_wtf : [0,1504,system_server,-1,DisplayDeviceConfig,requesting nits when no mapping exists.]
11-16 05:30:43.852 1504 1601 I am_wtf : [0,1504,system_server,-1,DisplayDeviceConfig,requesting nits when no mapping exists.]
11-16 05:30:43.868 1504 1601 I am_wtf : [0,1504,system_server,-1,DisplayDeviceConfig,requesting nits when no mapping exists.]
11-16 05:30:43.869 1504 1601 I am_wtf : [0,1504,system_server,-1,DisplayDeviceConfig,requesting nits when no mapping exists.]
11-16 05:30:43.885 1504 1601 I am_wtf : [0,1504,system_server,-1,DisplayDeviceConfig,requesting nits when no mapping exists.]
11-16 05:30:43.886 1504 1601 I am_wtf : [0,1504,system_server,-1,DisplayDeviceConfig,requesting nits when no mapping exists.]
11-16 05:30:43.902 1504 1601 I am_wtf : [0,1504,system_server,-1,DisplayDeviceConfig,requesting nits when no mapping exists.]
11-16 05:30:43.903 1504 1601 I am_wtf : [0,1504,system_server,-1,DisplayDeviceConfig,requesting nits when no mapping exists.]
11-16 05:30:43.918 1504 1601 I am_wtf : [0,1504,system_server,-1,DisplayDeviceConfig,requesting nits when no mapping exists.]
11-16 05:30:43.922 1504 1601 I am_wtf : [0,1504,system_server,-1,DisplayDeviceConfig,requesting nits when no mapping exists.]
11-16 05:30:43.946 1504 1601 I am_wtf : [0,1504,system_server,-1,DisplayDeviceConfig,requesting nits when no mapping exists.]
11-16 05:30:43.947 1504 1601 I am_wtf : [0,1504,system_server,-1,DisplayDeviceConfig,requesting nits when no mapping exists.]
11-16 05:30:43.950 1504 1601 I am_wtf : [0,1504,system_server,-1,DisplayDeviceConfig,requesting nits when no mapping exists.]
11-16 05:30:43.952 1504 1601 I am_wtf : [0,1504,system_server,-1,DisplayDeviceConfig,requesting nits when no mapping exists.]
11-16 05:30:43.968 1504 1601 I am_wtf : [0,1504,system_server,-1,DisplayDeviceConfig,requesting nits when no mapping exists.]
11-16 05:30:43.969 1504 1601 I am_wtf : [0,1504,system_server,-1,DisplayDeviceConfig,requesting nits when no mapping exists.]
11-16 05:30:43.985 1504 1601 I am_wtf : [0,1504,system_server,-1,DisplayDeviceConfig,requesting nits when no mapping exists.]
11-16 05:30:43.985 1504 1601 I am_wtf : [0,1504,system_server,-1,DisplayDeviceConfig,requesting nits when no mapping exists.]
11-16 05:30:44.001 1504 1601 I am_wtf : [0,1504,system_server,-1,DisplayDeviceConfig,requesting nits when no mapping exists.]
11-16 05:30:44.001 1504 1601 I am_wtf : [0,1504,system_server,-1,DisplayDeviceConfig,requesting nits when no mapping exists.]
11-16 05:30:44.018 1504 1601 I am_wtf : [0,1504,system_server,-1,DisplayDeviceConfig,requesting nits when no mapping exists.]
11-16 05:30:44.019 1504 1601 I am_wtf : [0,1504,system_server,-1,DisplayDeviceConfig,requesting nits when no mapping exists.]
11-16 05:30:44.034 1504 1601 I am_wtf : [0,1504,system_server,-1,DisplayDeviceConfig,requesting nits when no mapping exists.]
11-16 05:30:44.035 1504 1601 I am_wtf : [0,1504,system_server,-1,DisplayDeviceConfig,requesting nits when no mapping exists.]
11-16 05:30:44.052 1504 1601 I am_wtf : [0,1504,system_server,-1,DisplayDeviceConfig,requesting nits when no mapping exists.]
11-16 05:30:44.053 1504 1601 I am_wtf : [0,1504,system_server,-1,DisplayDeviceConfig,requesting nits when no mapping exists.]
11-16 05:30:44.068 1504 1601 I am_wtf : [0,1504,system_server,-1,DisplayDeviceConfig,requesting nits when no mapping exists.]
11-16 05:30:44.069 1504 1601 I am_wtf : [0,1504,system_server,-1,DisplayDeviceConfig,requesting nits when no mapping exists.]
11-16 05:30:44.085 1504 1601 I am_wtf : [0,1504,system_server,-1,DisplayDeviceConfig,requesting nits when no mapping exists.]
11-16 05:30:44.085 1504 1601 I am_wtf : [0,1504,system_server,-1,DisplayDeviceConfig,requesting nits when no mapping exists.]
11-16 05:30:44.102 1504 1601 I am_wtf : [0,1504,system_server,-1,DisplayDeviceConfig,requesting nits when no mapping exists.]
11-16 05:30:44.103 1504 1601 I am_wtf : [0,1504,system_server,-1,DisplayDeviceConfig,requesting nits when no mapping exists.]
11-16 05:31:17.606 1504 1682 I input_interaction: Interaction with: a691d15 com.thundercomm.screensaver/android.service.dreams.DreamActivity (server), edge-swipe (server), swipe-up (server), PointerEventDispatcher0 (server),
11-16 05:31:17.609 1504 2505 I wm_finish_activity: [0,93099097,444,com.thundercomm.screensaver/android.service.dreams.DreamActivity,finish-activity]
11-16 05:31:17.609 1504 2505 I wm_task_moved: [280,1,5]
11-16 05:31:17.610 1504 2505 I wm_task_moved: [281,1,2147483647]
11-16 05:31:17.611 1504 2505 I wm_task_to_front: [0,281]
11-16 05:31:17.611 1504 2505 I wm_focused_root_task: [0,0,280,444,finish-top adjustFocusToNextFocusableTask]
11-16 05:31:17.611 1504 2505 I wm_set_resumed_activity: [0,com.android.launcher3/.uioverrides.QuickstepLauncher,finish-top adjustFocusToNextFocusableTask]
11-16 05:31:17.613 1504 2505 I wm_pause_activity: [0,93099097,com.thundercomm.screensaver/android.service.dreams.DreamActivity,userLeaving=false,finish]
11-16 05:31:17.622 4192 4192 I wm_on_top_resumed_lost_called: [93099097,android.service.dreams.DreamActivity,topStateChangedWhenResumed]
11-16 05:31:17.622 4192 4192 I wm_on_paused_called: [93099097,android.service.dreams.DreamActivity,performPause]
11-16 05:31:17.624 1504 3120 I wm_add_to_stopping: [0,93099097,com.thundercomm.screensaver/android.service.dreams.DreamActivity,completeFinishing]
11-16 05:31:17.627 1504 3120 I wm_set_resumed_activity: [0,com.android.launcher3/.uioverrides.QuickstepLauncher,resumeTopActivityInnerLocked]
11-16 05:31:17.629 1504 3120 I wm_resume_activity: [0,50203839,281,com.android.launcher3/.uioverrides.QuickstepLauncher]
11-16 05:31:17.636 1504 1682 I input_focus: [Focus leaving a691d15 com.thundercomm.screensaver/android.service.dreams.DreamActivity (server),reason=NO_WINDOW]
11-16 05:31:17.638 1504 1571 I sysui_multi_action: [757,803,799,window_time_0,802,35]
11-16 05:31:17.640 2496 2496 I wm_on_restart_called: [50203839,com.android.launcher3.uioverrides.QuickstepLauncher,performRestartActivity]
11-16 05:31:17.640 4192 4192 I view_enqueue_input_event: [Motion - Cancel,com.thundercomm.screensaver/android.service.dreams.DreamActivity]
11-16 05:31:17.641 2496 2496 I wm_on_start_called: [50203839,com.android.launcher3.uioverrides.QuickstepLauncher,handleStartActivity]
11-16 05:31:17.641 2496 2496 I wm_on_resume_called: [50203839,com.android.launcher3.uioverrides.QuickstepLauncher,RESUME_ACTIVITY]
11-16 05:31:17.641 2496 2496 I wm_on_top_resumed_gained_called: [50203839,com.android.launcher3.uioverrides.QuickstepLauncher,topWhenResuming]
11-16 05:31:17.648 1504 1571 I sysui_multi_action: [757,803,799,window_time_0,802,0]
11-16 05:31:17.659 1504 1572 I input_focus: [Focus request e1de84c com.android.launcher3/com.android.launcher3.uioverrides.QuickstepLauncher,reason=UpdateInputWindows]
11-16 05:31:17.662 1504 1598 I am_pss : [10349,10064,com.android.gallery3d,7716864,5271552,0,94351360,0,19,6]
11-16 05:31:17.685 1504 1682 I input_focus: [Focus entering e1de84c com.android.launcher3/com.android.launcher3.uioverrides.QuickstepLauncher (server),reason=setFocusedWindow]
11-16 05:31:17.924 1504 1571 I wm_destroy_activity: [0,93099097,444,com.thundercomm.screensaver/android.service.dreams.DreamActivity,finish-imm:idle]
11-16 05:31:17.941 4192 4192 I wm_on_stop_called: [93099097,android.service.dreams.DreamActivity,LIFECYCLER_STOP_ACTIVITY]
11-16 05:31:17.942 4192 4192 I wm_on_destroy_called: [93099097,android.service.dreams.DreamActivity,performDestroy]
11-16 05:31:17.946 1504 1568 I sysui_multi_action: [757,222,758,2]
11-16 05:31:17.946 1504 1568 I sysui_multi_action: [757,804,799,dreaming_minutes,801,0,802,1]
11-16 05:31:17.960 1504 2032 I wm_task_removed: [444,removeChild:removeChild last r=ActivityRecord{58c9459 u0 com.thundercomm.screensaver/android.service.dreams.DreamActivity t-1 f}} in t=Task{1fabfda #444 type=dream A=10051:android:com.thundercomm.screensaver/dream U=0 visible=false mode=fullscreen translucent=true sz=0}]
11-16 05:31:17.960 1504 2032 I wm_task_removed: [444,removeChild]
11-16 05:31:30.156 1504 6922 I commit_sys_config_file: [appops,7659340]
11-16 05:31:32.491 1504 1668 I am_freeze: [7729,android.process.media]
11-16 05:31:32.492 1504 1668 I am_kill : [0,7729,android.process.media,955,Unable to freeze binder interface]
11-16 05:31:32.526 1504 2505 I am_proc_died: [0,7729,android.process.media,955,19]
11-16 05:31:32.527 1504 2505 I am_uid_stopped: 10022
11-16 05:31:32.539 1504 1598 I commit_sys_config_file: [procstats,8]
11-16 05:31:45.997 1504 1682 I input_interaction: Interaction with: e1de84c com.android.launcher3/com.android.launcher3.uioverrides.QuickstepLauncher (server), c74be60 com.android.systemui.ImageWallpaper (server), edge-swipe (server), swipe-up (server), PointerEventDispatcher0 (server),
11-16 05:31:47.273 1504 3120 I wm_task_created: [445,-1]
11-16 05:31:47.283 1504 3120 I wm_task_moved: [445,1,6]
11-16 05:31:47.284 1504 3120 I wm_task_to_front: [0,445]
11-16 05:31:47.286 1504 3120 I wm_create_task: [0,445]
11-16 05:31:47.286 1504 3120 I wm_create_activity: [0,232894732,445,com.android.gallery3d/.app.GalleryActivity,NULL,NULL,NULL,268468224]
11-16 05:31:47.286 1504 3120 I wm_task_moved: [445,1,6]
11-16 05:31:47.290 1504 3120 I wm_restart_activity: [0,232894732,445,com.android.gallery3d/.app.GalleryActivity]
11-16 05:31:47.292 1504 3120 I wm_set_resumed_activity: [0,com.android.gallery3d/.app.GalleryActivity,minimalResumeActivityLocked]
11-16 05:31:47.297 1504 1571 I am_uid_active: 10064
11-16 05:31:47.299 2496 2496 I wm_on_top_resumed_lost_called: [50203839,com.android.launcher3.uioverrides.QuickstepLauncher,topStateChangedWhenResumed]
11-16 05:31:47.349 10349 10349 I wm_on_create_called: [232894732,com.android.gallery3d.app.GalleryActivity,performCreate]
11-16 05:31:47.350 10349 10349 I wm_on_start_called: [232894732,com.android.gallery3d.app.GalleryActivity,handleStartActivity]
11-16 05:31:47.354 10349 10349 I wm_on_resume_called: [232894732,com.android.gallery3d.app.GalleryActivity,RESUME_ACTIVITY]
11-16 05:31:47.364 10349 10349 I wm_on_top_resumed_gained_called: [232894732,com.android.gallery3d.app.GalleryActivity,topStateChangedWhenResumed]
11-16 05:31:47.377 1504 1572 I input_focus: [Focus request c6b441a com.android.gallery3d/com.android.gallery3d.app.GalleryActivity,reason=UpdateInputWindows]
11-16 05:31:47.406 1504 1682 I input_focus: [Focus leaving e1de84c com.android.launcher3/com.android.launcher3.uioverrides.QuickstepLauncher (server),reason=Waiting for window because NOT_VISIBLE]
11-16 05:31:47.449 1504 1568 I sysui_multi_action: [319,177,322,177,325,7696,757,761,758,8,759,2,806,com.android.gallery3d,871,com.android.gallery3d.app.GalleryActivity,904,com.android.launcher3,905,0,1320,4,1321,1]
11-16 05:31:47.451 1504 1568 I wm_activity_launch_time: [0,232894732,com.android.gallery3d/.app.GalleryActivity,177]
11-16 05:31:47.457 1504 1682 I input_focus: [Focus entering c6b441a com.android.gallery3d/com.android.gallery3d.app.GalleryActivity (server),reason=Window became focusable. Previous reason: NOT_VISIBLE]
11-16 05:31:48.943 1504 2505 I wm_task_created: [446,-1]
11-16 05:31:48.951 1504 2505 I wm_task_moved: [446,1,7]
11-16 05:31:48.951 1504 2505 I wm_task_to_front: [0,446]
11-16 05:31:48.952 1504 2505 I wm_create_task: [0,446]
11-16 05:31:48.952 1504 2505 I wm_create_activity: [0,157096747,446,com.android.music/.VideoBrowserActivity,android.intent.action.MAIN,NULL,NULL,270532608]
11-16 05:31:48.952 10349 10349 I wm_on_top_resumed_lost_called: [232894732,com.android.gallery3d.app.GalleryActivity,topStateChangedWhenResumed]
11-16 05:31:48.952 1504 2505 I wm_task_moved: [446,1,7]
11-16 05:31:48.960 1504 2505 I wm_pause_activity: [0,50203839,com.android.launcher3/.uioverrides.QuickstepLauncher,userLeaving=true,pauseBackTasks]
11-16 05:31:48.971 2496 2496 I wm_on_paused_called: [50203839,com.android.launcher3.uioverrides.QuickstepLauncher,performPause]
11-16 05:31:48.974 1504 6920 I wm_add_to_stopping: [0,50203839,com.android.launcher3/.uioverrides.QuickstepLauncher,makeInvisible]
11-16 05:31:48.975 1504 6920 I wm_restart_activity: [0,157096747,446,com.android.music/.VideoBrowserActivity]
11-16 05:31:48.977 1504 6920 I wm_set_resumed_activity: [0,com.android.music/.VideoBrowserActivity,minimalResumeActivityLocked]
11-16 05:31:48.986 1504 1571 I am_uid_active: 10086
11-16 05:31:48.993 1504 1571 I sysui_multi_action: [757,803,799,window_time_0,802,31]
11-16 05:31:49.014 10264 10264 I wm_on_create_called: [157096747,com.android.music.VideoBrowserActivity,performCreate]
11-16 05:31:49.014 10264 10264 I wm_on_start_called: [157096747,com.android.music.VideoBrowserActivity,handleStartActivity]
11-16 05:31:49.015 10264 10264 I wm_on_resume_called: [157096747,com.android.music.VideoBrowserActivity,RESUME_ACTIVITY]
11-16 05:31:49.017 10264 10264 I wm_on_top_resumed_gained_called: [157096747,com.android.music.VideoBrowserActivity,topStateChangedWhenResumed]
11-16 05:31:49.022 1504 1572 I input_focus: [Focus request be0e31e com.android.music/com.android.music.VideoBrowserActivity,reason=UpdateInputWindows]
11-16 05:31:49.034 1504 1568 I sysui_multi_action: [319,73,321,70,322,94,325,7698,757,761,758,8,759,1,806,com.android.music,871,com.android.music.VideoBrowserActivity,904,com.android.launcher3,905,0,1320,4,1321,5]
11-16 05:31:49.035 1504 1568 I wm_activity_launch_time: [0,157096747,com.android.music/.VideoBrowserActivity,94]
11-16 05:31:49.045 1504 1682 I input_focus: [Focus leaving c6b441a com.android.gallery3d/com.android.gallery3d.app.GalleryActivity (server),reason=setFocusedWindow]
11-16 05:31:49.046 1504 1682 I input_focus: [Focus entering be0e31e com.android.music/com.android.music.VideoBrowserActivity (server),reason=setFocusedWindow]
11-16 05:31:49.573 1504 1571 I wm_stop_activity: [0,50203839,com.android.launcher3/.uioverrides.QuickstepLauncher]
11-16 05:31:49.619 2496 2496 I wm_on_stop_called: [50203839,com.android.launcher3.uioverrides.QuickstepLauncher,STOP_ACTIVITY_ITEM]
11-16 05:31:50.318 1504 1682 I input_interaction: Interaction with: be0e31e com.android.music/com.android.music.VideoBrowserActivity (server), edge-swipe (server), swipe-up (server), PointerEventDispatcher0 (server),
11-16 05:31:50.331 1504 3120 I wm_task_moved: [280,0,0]
11-16 05:31:50.332 1504 3120 I wm_task_moved: [280,0,6]
11-16 05:31:50.343 2496 2496 I wm_on_restart_called: [50203839,com.android.launcher3.uioverrides.QuickstepLauncher,performRestartActivity]
11-16 05:31:50.346 1504 2505 I wm_finish_activity: [0,232894732,445,com.android.gallery3d/.app.GalleryActivity,app-request]
11-16 05:31:50.364 1504 2505 I wm_pause_activity: [0,232894732,com.android.gallery3d/.app.GalleryActivity,userLeaving=false,finish]
11-16 05:31:50.386 10349 10349 I wm_on_paused_called: [232894732,com.android.gallery3d.app.GalleryActivity,performPause]
11-16 05:31:50.389 1504 2032 I wm_destroy_activity: [0,232894732,445,com.android.gallery3d/.app.GalleryActivity,finish-imm:completePausedLocked]
11-16 05:31:50.395 2496 2496 I wm_on_start_called: [50203839,com.android.launcher3.uioverrides.QuickstepLauncher,handleStartActivity]
11-16 05:31:50.403 1504 1571 I sysui_multi_action: [757,803,799,window_time_0,802,1]
11-16 05:31:50.407 10349 10349 I wm_on_stop_called: [232894732,com.android.gallery3d.app.GalleryActivity,LIFECYCLER_STOP_ACTIVITY]
11-16 05:31:50.416 10349 10349 I wm_on_destroy_called: [232894732,com.android.gallery3d.app.GalleryActivity,performDestroy]
11-16 05:31:50.421 1504 1568 I sysui_multi_action: [319,14,322,84,325,7699,757,761,758,9,759,5,806,com.android.launcher3,871,com.android.launcher3.uioverrides.QuickstepLauncher,904,com.android.launcher3,905,0,1320,8,1321,5]
11-16 05:31:50.430 1504 2505 I wm_task_removed: [445,removeChild:removeChild last r=ActivityRecord{de1b10c u0 com.android.gallery3d/.app.GalleryActivity t-1 f}} in t=Task{9c25d99 #445 type=standard A=10064:com.android.gallery3d U=0 visible=false mode=freeform translucent=true sz=0}]
11-16 05:31:50.431 1504 2505 I wm_task_removed: [445,removeChild]
11-16 05:31:50.571 2496 2496 I sysui_latency: [1,93]
11-16 05:31:50.571 10264 10264 I view_enqueue_input_event: [Motion - Cancel,com.android.music/com.android.music.VideoBrowserActivity]
11-16 05:31:50.576 1504 1572 I input_focus: [Focus request recents_animation_input_consumer,reason=UpdateInputWindows]
11-16 05:31:50.578 1504 1682 I input_interaction: Interaction with: edge-swipe (server), swipe-up (server), PointerEventDispatcher0 (server),
11-16 05:31:50.597 1504 1682 I input_focus: [Focus leaving be0e31e com.android.music/com.android.music.VideoBrowserActivity (server),reason=NOT_FOCUSABLE]
11-16 05:31:50.597 1504 1682 I input_focus: [Focus entering recents_animation_input_consumer (server),reason=setFocusedWindow]
11-16 05:31:50.606 1504 1666 I commit_sys_config_file: [settings-1-0,8]
11-16 05:31:50.717 1504 1598 I sysui_latency: [8,93]
11-16 05:31:52.128 1504 1666 I commit_sys_config_file: [settings-1-0,6]
11-16 05:32:17.959 1504 1601 I am_uid_idle: 10051
11-16 05:32:44.544 1504 1620 I sysui_multi_action: [757,1696,758,6,759,2]
11-16 05:32:44.554 1504 1601 I am_wtf : [0,1504,system_server,-1,DisplayDeviceConfig,requesting nits when no mapping exists.]
11-16 05:32:44.555 1504 1601 I service_manager_stats: [100,81,121054]
11-16 05:32:44.558 1504 1601 I am_wtf : [0,1504,system_server,-1,DisplayDeviceConfig,requesting nits when no mapping exists.]
11-16 05:32:44.569 1504 1601 I am_wtf : [0,1504,system_server,-1,DisplayDeviceConfig,requesting nits when no mapping exists.]
11-16 05:32:44.571 1504 1601 I am_wtf : [0,1504,system_server,-1,DisplayDeviceConfig,requesting nits when no mapping exists.]
11-16 05:32:44.586 1504 1601 I am_wtf : [0,1504,system_server,-1,DisplayDeviceConfig,requesting nits when no mapping exists.]
11-16 05:32:44.588 1504 1601 I am_wtf : [0,1504,system_server,-1,DisplayDeviceConfig,requesting nits when no mapping exists.]
11-16 05:32:44.593 1504 1601 I am_wtf : [0,1504,system_server,-1,DisplayDeviceConfig,requesting nits when no mapping exists.]
11-16 05:32:44.593 1504 1601 I am_wtf : [0,1504,system_server,-1,DisplayDeviceConfig,requesting nits when no mapping exists.]
11-16 05:32:44.609 1504 1601 I am_wtf : [0,1504,system_server,-1,DisplayDeviceConfig,requesting nits when no mapping exists.]
11-16 05:32:44.610 1504 1601 I am_wtf : [0,1504,system_server,-1,DisplayDeviceConfig,requesting nits when no mapping exists.]
11-16 05:32:44.626 1504 1601 I am_wtf : [0,1504,system_server,-1,DisplayDeviceConfig,requesting nits when no mapping exists.]
11-16 05:32:44.626 1504 1601 I am_wtf : [0,1504,system_server,-1,DisplayDeviceConfig,requesting nits when no mapping exists.]
11-16 05:32:44.642 1504 1601 I am_wtf : [0,1504,system_server,-1,DisplayDeviceConfig,requesting nits when no mapping exists.]
11-16 05:32:44.643 1504 1601 I am_wtf : [0,1504,system_server,-1,DisplayDeviceConfig,requesting nits when no mapping exists.]
11-16 05:32:44.660 1504 1601 I am_wtf : [0,1504,system_server,-1,DisplayDeviceConfig,requesting nits when no mapping exists.]
11-16 05:32:44.660 1504 1601 I am_wtf : [0,1504,system_server,-1,DisplayDeviceConfig,requesting nits when no mapping exists.]
11-16 05:32:44.676 1504 1601 I am_wtf : [0,1504,system_server,-1,DisplayDeviceConfig,requesting nits when no mapping exists.]
11-16 05:32:44.677 1504 1601 I am_wtf : [0,1504,system_server,-1,DisplayDeviceConfig,requesting nits when no mapping exists.]
11-16 05:32:44.693 1504 1601 I am_wtf : [0,1504,system_server,-1,DisplayDeviceConfig,requesting nits when no mapping exists.]
11-16 05:32:44.694 1504 1601 I am_wtf : [0,1504,system_server,-1,DisplayDeviceConfig,requesting nits when no mapping exists.]
11-16 05:32:44.710 1504 1601 I am_wtf : [0,1504,system_server,-1,DisplayDeviceConfig,requesting nits when no mapping exists.]
11-16 05:32:44.710 1504 1601 I am_wtf : [0,1504,system_server,-1,DisplayDeviceConfig,requesting nits when no mapping exists.]
11-16 05:32:44.726 1504 1601 I am_wtf : [0,1504,system_server,-1,DisplayDeviceConfig,requesting nits when no mapping exists.]
11-16 05:32:44.727 1504 1601 I am_wtf : [0,1504,system_server,-1,DisplayDeviceConfig,requesting nits when no mapping exists.]
11-16 05:32:44.743 1504 1601 I am_wtf : [0,1504,system_server,-1,DisplayDeviceConfig,requesting nits when no mapping exists.]
11-16 05:32:44.744 1504 1601 I am_wtf : [0,1504,system_server,-1,DisplayDeviceConfig,requesting nits when no mapping exists.]
11-16 05:32:44.760 1504 1601 I am_wtf : [0,1504,system_server,-1,DisplayDeviceConfig,requesting nits when no mapping exists.]
11-16 05:32:44.760 1504 1601 I am_wtf : [0,1504,system_server,-1,DisplayDeviceConfig,requesting nits when no mapping exists.]
11-16 05:32:44.776 1504 1601 I am_wtf : [0,1504,system_server,-1,DisplayDeviceConfig,requesting nits when no mapping exists.]
11-16 05:32:44.777 1504 1601 I am_wtf : [0,1504,system_server,-1,DisplayDeviceConfig,requesting nits when no mapping exists.]
11-16 05:32:44.793 1504 1601 I am_wtf : [0,1504,system_server,-1,DisplayDeviceConfig,requesting nits when no mapping exists.]
11-16 05:32:44.795 1504 1601 I am_wtf : [0,1504,system_server,-1,DisplayDeviceConfig,requesting nits when no mapping exists.]
11-16 05:32:44.809 1504 1601 I am_wtf : [0,1504,system_server,-1,DisplayDeviceConfig,requesting nits when no mapping exists.]
11-16 05:32:44.810 1504 1601 I am_wtf : [0,1504,system_server,-1,DisplayDeviceConfig,requesting nits when no mapping exists.]
11-16 05:32:44.826 1504 1601 I am_wtf : [0,1504,system_server,-1,DisplayDeviceConfig,requesting nits when no mapping exists.]
11-16 05:32:44.827 1504 1601 I am_wtf : [0,1504,system_server,-1,DisplayDeviceConfig,requesting nits when no mapping exists.]
11-16 05:32:44.843 1504 1601 I am_wtf : [0,1504,system_server,-1,DisplayDeviceConfig,requesting nits when no mapping exists.]
11-16 05:32:44.844 1504 1601 I am_wtf : [0,1504,system_server,-1,DisplayDeviceConfig,requesting nits when no mapping exists.]
11-16 05:32:44.860 1504 1601 I am_wtf : [0,1504,system_server,-1,DisplayDeviceConfig,requesting nits when no mapping exists.]
11-16 05:32:44.861 1504 1601 I am_wtf : [0,1504,system_server,-1,DisplayDeviceConfig,requesting nits when no mapping exists.]
11-16 05:32:44.876 1504 1601 I am_wtf : [0,1504,system_server,-1,DisplayDeviceConfig,requesting nits when no mapping exists.]
11-16 05:32:44.877 1504 1601 I am_wtf : [0,1504,system_server,-1,DisplayDeviceConfig,requesting nits when no mapping exists.]
11-16 05:32:44.893 1504 1601 I am_wtf : [0,1504,system_server,-1,DisplayDeviceConfig,requesting nits when no mapping exists.]
11-16 05:32:44.894 1504 1601 I am_wtf : [0,1504,system_server,-1,DisplayDeviceConfig,requesting nits when no mapping exists.]
11-16 05:32:44.910 1504 1601 I am_wtf : [0,1504,system_server,-1,DisplayDeviceConfig,requesting nits when no mapping exists.]
11-16 05:32:44.911 1504 1601 I am_wtf : [0,1504,system_server,-1,DisplayDeviceConfig,requesting nits when no mapping exists.]
11-16 05:32:44.926 1504 1601 I am_wtf : [0,1504,system_server,-1,DisplayDeviceConfig,requesting nits when no mapping exists.]
11-16 05:32:44.928 1504 1601 I am_wtf : [0,1504,system_server,-1,DisplayDeviceConfig,requesting nits when no mapping exists.]
11-16 05:32:44.944 1504 1601 I am_wtf : [0,1504,system_server,-1,DisplayDeviceConfig,requesting nits when no mapping exists.]
11-16 05:32:44.945 1504 1601 I am_wtf : [0,1504,system_server,-1,DisplayDeviceConfig,requesting nits when no mapping exists.]
11-16 05:32:44.960 1504 1601 I am_wtf : [0,1504,system_server,-1,DisplayDeviceConfig,requesting nits when no mapping exists.]
11-16 05:32:44.961 1504 1601 I am_wtf : [0,1504,system_server,-1,DisplayDeviceConfig,requesting nits when no mapping exists.]
11-16 05:32:44.977 1504 1601 I am_wtf : [0,1504,system_server,-1,DisplayDeviceConfig,requesting nits when no mapping exists.]
11-16 05:32:44.978 1504 1601 I am_wtf : [0,1504,system_server,-1,DisplayDeviceConfig,requesting nits when no mapping exists.]
11-16 05:32:44.993 1504 1601 I am_wtf : [0,1504,system_server,-1,DisplayDeviceConfig,requesting nits when no mapping exists.]
11-16 05:32:44.994 1504 1601 I am_wtf : [0,1504,system_server,-1,DisplayDeviceConfig,requesting nits when no mapping exists.]
11-16 05:32:45.010 1504 1601 I am_wtf : [0,1504,system_server,-1,DisplayDeviceConfig,requesting nits when no mapping exists.]
11-16 05:32:45.011 1504 1601 I am_wtf : [0,1504,system_server,-1,DisplayDeviceConfig,requesting nits when no mapping exists.]
11-16 05:32:45.027 1504 1601 I am_wtf : [0,1504,system_server,-1,DisplayDeviceConfig,requesting nits when no mapping exists.]
11-16 05:32:45.028 1504 1601 I am_wtf : [0,1504,system_server,-1,DisplayDeviceConfig,requesting nits when no mapping exists.]
11-16 05:32:45.043 1504 1601 I am_wtf : [0,1504,system_server,-1,DisplayDeviceConfig,requesting nits when no mapping exists.]
11-16 05:32:45.044 1504 1601 I am_wtf : [0,1504,system_server,-1,DisplayDeviceConfig,requesting nits when no mapping exists.]
11-16 05:32:45.060 1504 1601 I am_wtf : [0,1504,system_server,-1,DisplayDeviceConfig,requesting nits when no mapping exists.]
11-16 05:32:45.061 1504 1601 I am_wtf : [0,1504,system_server,-1,DisplayDeviceConfig,requesting nits when no mapping exists.]
11-16 05:32:45.076 1504 1601 I am_wtf : [0,1504,system_server,-1,DisplayDeviceConfig,requesting nits when no mapping exists.]
11-16 05:32:45.077 1504 1601 I am_wtf : [0,1504,system_server,-1,DisplayDeviceConfig,requesting nits when no mapping exists.]
11-16 05:32:45.093 1504 1601 I am_wtf : [0,1504,system_server,-1,DisplayDeviceConfig,requesting nits when no mapping exists.]
11-16 05:32:45.094 1504 1601 I am_wtf : [0,1504,system_server,-1,DisplayDeviceConfig,requesting nits when no mapping exists.]
11-16 05:32:45.110 1504 1601 I am_wtf : [0,1504,system_server,-1,DisplayDeviceConfig,requesting nits when no mapping exists.]
11-16 05:32:45.111 1504 1601 I am_wtf : [0,1504,system_server,-1,DisplayDeviceConfig,requesting nits when no mapping exists.]
11-16 05:32:45.127 1504 1601 I am_wtf : [0,1504,system_server,-1,DisplayDeviceConfig,requesting nits when no mapping exists.]
11-16 05:32:45.128 1504 1601 I am_wtf : [0,1504,system_server,-1,DisplayDeviceConfig,requesting nits when no mapping exists.]
11-16 05:32:45.144 1504 1601 I am_wtf : [0,1504,system_server,-1,DisplayDeviceConfig,requesting nits when no mapping exists.]
11-16 05:32:45.145 1504 1601 I am_wtf : [0,1504,system_server,-1,DisplayDeviceConfig,requesting nits when no mapping exists.]
11-16 05:32:45.160 1504 1601 I am_wtf : [0,1504,system_server,-1,DisplayDeviceConfig,requesting nits when no mapping exists.]
11-16 05:32:45.161 1504 1601 I am_wtf : [0,1504,system_server,-1,DisplayDeviceConfig,requesting nits when no mapping exists.]
11-16 05:32:45.178 1504 1601 I am_wtf : [0,1504,system_server,-1,DisplayDeviceConfig,requesting nits when no mapping exists.]
11-16 05:32:45.179 1504 1601 I am_wtf : [0,1504,system_server,-1,DisplayDeviceConfig,requesting nits when no mapping exists.]
11-16 05:32:45.194 1504 1601 I am_wtf : [0,1504,system_server,-1,DisplayDeviceConfig,requesting nits when no mapping exists.]
11-16 05:32:45.195 1504 1601 I am_wtf : [0,1504,system_server,-1,DisplayDeviceConfig,requesting nits when no mapping exists.]
11-16 05:32:45.210 1504 1601 I am_wtf : [0,1504,system_server,-1,DisplayDeviceConfig,requesting nits when no mapping exists.]
11-16 05:32:45.211 1504 1601 I am_wtf : [0,1504,system_server,-1,DisplayDeviceConfig,requesting nits when no mapping exists.]
11-16 05:32:45.227 1504 1601 I am_wtf : [0,1504,system_server,-1,DisplayDeviceConfig,requesting nits when no mapping exists.]
11-16 05:32:45.228 1504 1601 I am_wtf : [0,1504,system_server,-1,DisplayDeviceConfig,requesting nits when no mapping exists.]
11-16 05:32:45.244 1504 1601 I am_wtf : [0,1504,system_server,-1,DisplayDeviceConfig,requesting nits when no mapping exists.]
11-16 05:32:45.245 1504 1601 I am_wtf : [0,1504,system_server,-1,DisplayDeviceConfig,requesting nits when no mapping exists.]
11-16 05:32:45.260 1504 1601 I am_wtf : [0,1504,system_server,-1,DisplayDeviceConfig,requesting nits when no mapping exists.]
11-16 05:32:45.261 1504 1601 I am_wtf : [0,1504,system_server,-1,DisplayDeviceConfig,requesting nits when no mapping exists.]
11-16 05:32:45.277 1504 1601 I am_wtf : [0,1504,system_server,-1,DisplayDeviceConfig,requesting nits when no mapping exists.]
11-16 05:32:45.278 1504 1601 I am_wtf : [0,1504,system_server,-1,DisplayDeviceConfig,requesting nits when no mapping exists.]
11-16 05:32:45.294 1504 1601 I am_wtf : [0,1504,system_server,-1,DisplayDeviceConfig,requesting nits when no mapping exists.]
11-16 05:32:45.295 1504 1601 I am_wtf : [0,1504,system_server,-1,DisplayDeviceConfig,requesting nits when no mapping exists.]
11-16 05:32:45.310 1504 1601 I am_wtf : [0,1504,system_server,-1,DisplayDeviceConfig,requesting nits when no mapping exists.]
11-16 05:32:45.311 1504 1601 I am_wtf : [0,1504,system_server,-1,DisplayDeviceConfig,requesting nits when no mapping exists.]
11-16 05:32:45.327 1504 1601 I am_wtf : [0,1504,system_server,-1,DisplayDeviceConfig,requesting nits when no mapping exists.]
11-16 05:32:45.328 1504 1601 I am_wtf : [0,1504,system_server,-1,DisplayDeviceConfig,requesting nits when no mapping exists.]
11-16 05:32:45.345 1504 1601 I am_wtf : [0,1504,system_server,-1,DisplayDeviceConfig,requesting nits when no mapping exists.]
11-16 05:32:45.346 1504 1601 I am_wtf : [0,1504,system_server,-1,DisplayDeviceConfig,requesting nits when no mapping exists.]
11-16 05:32:45.361 1504 1601 I am_wtf : [0,1504,system_server,-1,DisplayDeviceConfig,requesting nits when no mapping exists.]
11-16 05:32:45.361 1504 1601 I am_wtf : [0,1504,system_server,-1,DisplayDeviceConfig,requesting nits when no mapping exists.]
11-16 05:32:45.377 1504 1601 I am_wtf : [0,1504,system_server,-1,DisplayDeviceConfig,requesting nits when no mapping exists.]
11-16 05:32:45.377 1504 1601 I am_wtf : [0,1504,system_server,-1,DisplayDeviceConfig,requesting nits when no mapping exists.]
11-16 05:32:45.394 1504 1601 I am_wtf : [0,1504,system_server,-1,DisplayDeviceConfig,requesting nits when no mapping exists.]
11-16 05:32:45.394 1504 1601 I am_wtf : [0,1504,system_server,-1,DisplayDeviceConfig,requesting nits when no mapping exists.]
11-16 05:32:45.410 1504 1601 I am_wtf : [0,1504,system_server,-1,DisplayDeviceConfig,requesting nits when no mapping exists.]
11-16 05:32:45.411 1504 1601 I am_wtf : [0,1504,system_server,-1,DisplayDeviceConfig,requesting nits when no mapping exists.]
11-16 05:32:45.427 1504 1601 I am_wtf : [0,1504,system_server,-1,DisplayDeviceConfig,requesting nits when no mapping exists.]
11-16 05:32:45.428 1504 1601 I am_wtf : [0,1504,system_server,-1,DisplayDeviceConfig,requesting nits when no mapping exists.]
11-16 05:32:45.444 1504 1601 I am_wtf : [0,1504,system_server,-1,DisplayDeviceConfig,requesting nits when no mapping exists.]
11-16 05:32:45.445 1504 1601 I am_wtf : [0,1504,system_server,-1,DisplayDeviceConfig,requesting nits when no mapping exists.]
11-16 05:32:45.463 1504 1601 I am_wtf : [0,1504,system_server,-1,DisplayDeviceConfig,requesting nits when no mapping exists.]
11-16 05:32:45.466 1504 1601 I am_wtf : [0,1504,system_server,-1,DisplayDeviceConfig,requesting nits when no mapping exists.]
11-16 05:32:45.480 1504 1601 I am_wtf : [0,1504,system_server,-1,DisplayDeviceConfig,requesting nits when no mapping exists.]
11-16 05:32:45.481 1504 1601 I am_wtf : [0,1504,system_server,-1,DisplayDeviceConfig,requesting nits when no mapping exists.]
11-16 05:32:45.495 1504 1601 I am_wtf : [0,1504,system_server,-1,DisplayDeviceConfig,requesting nits when no mapping exists.]
11-16 05:32:45.498 1504 1601 I am_wtf : [0,1504,system_server,-1,DisplayDeviceConfig,requesting nits when no mapping exists.]
11-16 05:32:50.395 1504 1601 I am_uid_idle: 10064
11-16 05:32:51.530 1504 1568 I sysui_multi_action: [757,222,758,1]
11-16 05:32:51.533 1504 1568 I am_uid_active: 10051
11-16 05:32:51.537 1504 1568 I service_manager_stats: [116,57,6982]
11-16 05:32:51.548 1504 2505 I wm_task_created: [447,-1]
11-16 05:32:51.548 1504 1598 I am_pss : [10264,10086,com.android.music,57027584,50397184,0,177131520,0,2,12]
11-16 05:32:51.553 1504 2505 I wm_task_moved: [447,1,7]
11-16 05:32:51.553 1504 2505 I wm_task_to_front: [0,447]
11-16 05:32:51.554 1504 2505 I wm_create_task: [0,447]
11-16 05:32:51.554 1504 2505 I wm_create_activity: [0,39287240,447,com.thundercomm.screensaver/android.service.dreams.DreamActivity,NULL,NULL,NULL,276824064]
11-16 05:32:51.554 1504 2505 I wm_task_moved: [447,1,7]
11-16 05:32:51.554 10264 10264 I wm_on_top_resumed_lost_called: [157096747,com.android.music.VideoBrowserActivity,topStateChangedWhenResumed]
11-16 05:32:51.555 1504 2505 I wm_pause_activity: [0,157096747,com.android.music/.VideoBrowserActivity,userLeaving=true,pauseBackTasks]
11-16 05:32:51.563 10264 10264 I wm_on_paused_called: [157096747,com.android.music.VideoBrowserActivity,performPause]
11-16 05:32:51.568 1504 2032 I wm_add_to_stopping: [0,157096747,com.android.music/.VideoBrowserActivity,makeInvisible]
11-16 05:32:51.569 1504 2032 I wm_restart_activity: [0,39287240,447,com.thundercomm.screensaver/android.service.dreams.DreamActivity]
11-16 05:32:51.570 1504 2032 I wm_set_resumed_activity: [0,com.thundercomm.screensaver/android.service.dreams.DreamActivity,minimalResumeActivityLocked]
11-16 05:32:51.586 1504 1571 I sysui_multi_action: [757,803,799,window_time_0,802,62]
11-16 05:32:51.586 4192 4192 I wm_on_create_called: [39287240,android.service.dreams.DreamActivity,performCreate]
11-16 05:32:51.586 4192 4192 I wm_on_start_called: [39287240,android.service.dreams.DreamActivity,handleStartActivity]
11-16 05:32:51.588 4192 4192 I wm_on_resume_called: [39287240,android.service.dreams.DreamActivity,RESUME_ACTIVITY]
11-16 05:32:51.595 4192 4192 I wm_on_top_resumed_gained_called: [39287240,android.service.dreams.DreamActivity,topStateChangedWhenResumed]
11-16 05:32:51.618 1504 1572 I input_focus: [Focus request e4e6a74 com.thundercomm.screensaver/android.service.dreams.DreamActivity,reason=UpdateInputWindows]
11-16 05:32:51.620 1968 1968 I sysui_multi_action: [757,111,758,2]
11-16 05:32:51.620 1504 1504 I notification_enqueue: [10081,1968,com.android.systemui,2048,NULL,0,Notification(channel=updateNotification shortcut=null contentView=null vibrate=null sound=null defaults=0x0 flags=0x0 color=0x00000000 vis=PRIVATE),1]
11-16 05:32:51.621 1968 1968 I sysui_multi_action: [757,111,758,2]
11-16 05:32:51.630 1504 1620 I sysui_multi_action: [757,1696,758,6,759,3]
11-16 05:32:51.630 1504 1568 I sysui_multi_action: [319,84,322,83,325,7761,757,761,758,8,759,2,806,com.thundercomm.screensaver,871,android.service.dreams.DreamActivity,904,com.thundercomm.screensaver,905,0,1320,4,1321,2]
11-16 05:32:51.631 1504 1568 I wm_activity_launch_time: [0,39287240,com.thundercomm.screensaver/android.service.dreams.DreamActivity,83]
11-16 05:32:51.638 1968 1968 I sysui_multi_action: [757,111,758,1]
11-16 05:32:51.639 1968 1968 I sysui_multi_action: [757,126,758,1,759,126,927,0,928,0,1593,0]
11-16 05:32:51.639 1968 1968 I sysui_multi_action: [757,113,758,1,759,113,927,1,928,1,1593,0]
11-16 05:32:51.639 1968 1968 I sysui_multi_action: [757,0,758,1,759,0,927,2,928,0,1593,0]
11-16 05:32:51.639 1968 1968 I sysui_multi_action: [757,0,758,1,759,0,927,3,928,0,1593,0]
