11-16 05:53:30.547 566 566 I auditd : type=1400 audit(0.0:902): avc: denied { read } for comm="Binder:566_2" name="wakeup4" dev="sysfs" ino=47028 scontext=u:r:system_suspend:s0 tcontext=u:object_r:sysfs:s0 tclass=dir permissive=0
11-16 05:53:30.547 566 566 I auditd : type=1400 audit(0.0:903): avc: denied { read } for comm="Binder:566_2" name="wakeup76" dev="sysfs" ino=76764 scontext=u:r:system_suspend:s0 tcontext=u:object_r:sysfs:s0 tclass=dir permissive=0
11-16 05:53:30.547 566 566 I auditd : type=1400 audit(0.0:904): avc: denied { read } for comm="Binder:566_2" name="wakeup28" dev="sysfs" ino=53093 scontext=u:r:system_suspend:s0 tcontext=u:object_r:sysfs:s0 tclass=dir permissive=0
11-16 05:53:30.547 566 566 I auditd : type=1400 audit(0.0:905): avc: denied { read } for comm="Binder:566_2" name="wakeup56" dev="sysfs" ino=71771 scontext=u:r:system_suspend:s0 tcontext=u:object_r:sysfs:s0 tclass=dir permissive=0
11-16 05:53:30.551 566 566 I auditd : type=1400 audit(0.0:906): avc: denied { read } for comm="Binder:566_2" name="wakeup2" dev="sysfs" ino=46552 scontext=u:r:system_suspend:s0 tcontext=u:object_r:sysfs:s0 tclass=dir permissive=0
11-16 05:53:30.551 566 566 I auditd : type=1400 audit(0.0:907): avc: denied { read } for comm="Binder:566_2" name="wakeup36" dev="sysfs" ino=58606 scontext=u:r:system_suspend:s0 tcontext=u:object_r:sysfs:s0 tclass=dir permissive=0
11-16 05:53:30.551 566 566 I auditd : type=1400 audit(0.0:908): avc: denied { read } for comm="Binder:566_2" name="wakeup54" dev="sysfs" ino=71699 scontext=u:r:system_suspend:s0 tcontext=u:object_r:sysfs:s0 tclass=dir permissive=0
11-16 05:53:30.587 1504 1598 I commit_sys_config_file: [batterystats,6]
11-16 05:53:30.588 1504 1598 I commit_sys_config_file: [batterystats,1]
11-16 05:53:35.471 1504 1668 I am_freeze: [11064,com.android.gallery3d]
11-16 05:53:35.472 1504 1668 I am_kill : [0,11064,com.android.gallery3d,935,Unable to freeze binder interface]
11-16 05:53:35.494 1504 6110 I am_proc_died: [0,11064,com.android.gallery3d,935,19]
11-16 05:53:35.494 1504 6110 I am_uid_stopped: 10064
11-16 05:53:35.500 1504 1571 I am_uid_running: 10064
11-16 05:53:35.512 1504 1598 I am_pss : [11361,1000,com.android.settings,27308032,25243648,0,111431680,0,19,7]
11-16 05:53:35.519 1504 1603 I am_proc_start: [0,11461,10064,com.android.gallery3d,NULL,]
11-16 05:53:35.553 1504 6110 I am_proc_bound: [0,11461,com.android.gallery3d] --------- beginning of main
11-16 05:53:42.902 2769 2769 W hpplay-java: [main]:IPManager:getActiveNets invalid networkInfo:null
11-16 05:53:42.902 2769 2769 I hpplay-java: [main]:IPManager:getActiveNets eth0:false wifi:false mobile:false ap:false
11-16 05:53:42.903 2769 2769 I hpplay-java: [main]:ServerTaskManager:get local ip:null
11-16 05:53:43.327 1192 1252 I selfinstaller: create socket failed: Network is unreachable 101
11-16 05:53:43.508 645 660 I mpu_uart: [MSG-P:RECV]:No message received in 1000 ms
11-16 05:53:43.904 2769 2769 W hpplay-java: [main]:IPManager:getActiveNets invalid networkInfo:null
11-16 05:53:43.905 2769 2769 I hpplay-java: [main]:IPManager:getActiveNets eth0:false wifi:false mobile:false ap:false
11-16 05:53:43.905 2769 2769 I hpplay-java: [main]:ServerTaskManager:get local ip:null
11-16 05:53:44.509 645 660 I mpu_uart: [MSG-P:RECV]:No message received in 1000 ms
11-16 05:53:44.907 2769 2769 W hpplay-java: [main]:IPManager:getActiveNets invalid networkInfo:null
11-16 05:53:44.907 2769 2769 I hpplay-java: [main]:IPManager:getActiveNets eth0:false wifi:false mobile:false ap:false
11-16 05:53:44.908 2769 2769 I hpplay-java: [main]:ServerTaskManager:get local ip:null
11-16 05:53:45.509 645 660 I mpu_uart: [MSG-P:RECV]:No message received in 1000 ms
11-16 05:53:45.674 645 659 I mpu_uart: [MSG-P:R]:recv sync frame timeout
11-16 05:53:45.909 2769 2769 W hpplay-java: [main]:IPManager:getActiveNets invalid networkInfo:null
11-16 05:53:45.910 2769 2769 I hpplay-java: [main]:IPManager:getActiveNets eth0:false wifi:false mobile:false ap:false
11-16 05:53:45.910 2769 2769 I hpplay-java: [main]:ServerTaskManager:get local ip:null
11-16 05:53:46.509 645 660 I mpu_uart: [MSG-P:RECV]:No message received in 1000 ms
11-16 05:53:46.911 2769 2769 W hpplay-java: [main]:IPManager:getActiveNets invalid networkInfo:null
11-16 05:53:46.911 2769 2769 I hpplay-java: [main]:IPManager:getActiveNets eth0:false wifi:false mobile:false ap:false
11-16 05:53:46.911 2769 2769 I hpplay-java: [main]:ServerTaskManager:get local ip:null
11-16 05:53:47.510 645 660 I mpu_uart: [MSG-P:RECV]:No message received in 1000 ms
11-16 05:53:47.914 2769 2769 W hpplay-java: [main]:IPManager:getActiveNets invalid networkInfo:null
11-16 05:53:47.914 2769 2769 I hpplay-java: [main]:IPManager:getActiveNets eth0:false wifi:false mobile:false ap:false
11-16 05:53:47.914 2769 2769 I hpplay-java: [main]:ServerTaskManager:get local ip:null
11-16 05:53:48.231 1504 2101 I wm_task_moved: [280,0,0]
11-16 05:53:48.231 1504 2101 I wm_task_moved: [280,0,5]
11-16 05:53:48.232 1504 1571 I EventSequenceValidator: inc AccIntentStartedEvents to 2
11-16 05:53:48.248 2496 2496 I wm_on_restart_called: [50203839,com.android.launcher3.uioverrides.QuickstepLauncher,performRestartActivity]
11-16 05:53:48.248 2496 2496 D StateManager: goToState: Background
11-16 05:53:48.248 2496 2496 D FreeWindowHelper: enterOrExitRecentTasks: isEnterRecentTasks=true,mExitFlag=0
11-16 05:53:48.249 2496 2496 D FreeWindowContainer: reloadTask: null
11-16 05:53:48.252 3677 9419 I GameMode_ActivityMonitoringService: onForegroundActivitiesChanged uid 10073 pid 2496 fg true
11-16 05:53:48.256 3677 3695 I GameMode_ActivityMonitoringService: Updating top task to: TaskInfoContainer [topActivity=ComponentInfo{com.android.music/com.android.music.VideoBrowserActivity}, taskId=476, stackId=476, userId=0, displayId=0, position=6
11-16 05:53:48.256 3677 3695 I GameMode_ActivityMonitoringService: Notifying about top task: TaskInfoContainer [topActivity=ComponentInfo{com.android.music/com.android.music.VideoBrowserActivity}, taskId=476, stackId=476, userId=0, displayId=0, position=6
11-16 05:53:48.256 3677 3695 E GameMode_ActivityMonitoringService: onActivityLaunch:com.android.music
11-16 05:53:48.256 3677 3695 V GameMode_GameTypeUtils: judge isGame:com.android.music
11-16 05:53:48.256 3677 3695 V GameMode_GpuUtils: fps:60
11-16 05:53:48.256 2496 2496 D EditModeHelper: setHotseatVisibility: 8
11-16 05:53:48.258 2496 2496 I wm_on_start_called: [50203839,com.android.launcher3.uioverrides.QuickstepLauncher,handleStartActivity]
11-16 05:53:48.259 3677 3695 D GameMode_GameModeActionUtils: Show GameMode entry by service!
11-16 05:53:48.259 1504 1822 I InputDispatcher: Monitor swipe-up (server) is stealing touch from [bf2ef31 com.android.music/com.android.music.VideoBrowserActivity (server), ]
11-16 05:53:48.260 11288 11288 I view_enqueue_input_event: [Motion - Cancel,com.android.music/com.android.music.VideoBrowserActivity] --------- beginning of system
11-16 05:53:48.260 3677 3695 W ContextImpl: Calling a method in the system process without a qualified user: android.app.ContextImpl.startService:1816 android.content.ContextWrapper.startService:774 com.thundercomm.gamemode.ingame.services.GameModeActionUtils.startGameModeService:93 com.thundercomm.gamemode.ingame.services.GameModeActionUtils.startGameModeEntry:21 com.thundercomm.gamemode.ingame.services.ActivityMonitoringService$1.onActivityLaunch:127
11-16 05:53:48.262 3677 3695 D GameModeIF_GameModeSettings: getUriFor setting_content_uri_root = content://com.thundercomm.gamemode.api/gamemode_settings , name = gamemode_isgaming
11-16 05:53:48.263 3677 3677 D GameMode_GameModeService: type=hide_entry
11-16 05:53:48.264 1202 8472 I OMX-VENC: venc_dev: stats: avg. fps 0.06, bitrate 374
11-16 05:53:48.266 3677 3677 D GameMode_GameSettingsObserver: Game Data change!!!! uri = content://com.thundercomm.gamemode.api/gamemode_settings/gamemode_isgaming
11-16 05:53:48.266 1504 1504 I GameModeConfig: Current uri is uri = content://com.thundercomm.gamemode.api/gamemode_settings/gamemode_isgaming
11-16 05:53:48.266 3677 3677 D GameModeIF_GameModeSettings: getUriFor setting_content_uri_root = content://com.thundercomm.gamemode.api/gamemode_settings , name = gamemode_isgaming
11-16 05:53:48.266 1504 1504 D GameModeIF_GameModeSettings: getUriFor setting_content_uri_root = content://com.thundercomm.gamemode.api/gamemode_settings , name = gamemode_isgaming
11-16 05:53:48.266 3677 3695 D GameModeIF_GameModeSettings: gamemode_isgaming set to 0
11-16 05:53:48.266 1504 1504 I am_uid_active: 10066
11-16 05:53:48.269 3677 3677 D GameMode_GameModeService: updateGlobalSettings = gamemode_isgaming
11-16 05:53:48.269 1504 1504 I GameModeConfig: isGameModeOn = false
11-16 05:53:48.270 1504 1504 I GameModeConfig: isGameModeOn = false
11-16 05:53:48.270 1504 1504 I GameModeConfig: isDisableVoice = true
11-16 05:53:48.271 1504 1682 I input_interaction: Interaction with: edge-swipe (server), swipe-up (server), PointerEventDispatcher0 (server),
11-16 05:53:48.272 2496 2496 I LatencyTracker: ACTION_TOGGLE_RECENTS latency=50
11-16 05:53:48.272 2496 2496 I sysui_latency: [1,50]
11-16 05:53:48.272 1504 1572 I input_focus: [Focus request recents_animation_input_consumer,reason=UpdateInputWindows]
11-16 05:53:48.273 1968 1968 V ShadeControllerImpl: NotificationShadeWindow: com.android.systemui.statusbar.phone.NotificationShadeWindowView{5dddc50 I.E...... ......ID 0,0-2560,1080} canPanelBeCollapsed(): false
11-16 05:53:48.281 1504 1571 I EventSequenceValidator: dec AccIntentStartedEvents to 1
11-16 05:53:48.290 1504 1568 I sysui_multi_action: [319,12,322,49,325,9017,757,761,758,9,759,5,806,com.android.launcher3,871,com.android.launcher3.uioverrides.QuickstepLauncher,904,com.android.launcher3,905,0,1320,8,1321,5]
11-16 05:53:48.295 1504 1682 I input_focus: [Focus leaving bf2ef31 com.android.music/com.android.music.VideoBrowserActivity (server),reason=NOT_FOCUSABLE]
11-16 05:53:48.295 1504 1682 I input_focus: [Focus entering recents_animation_input_consumer (server),reason=setFocusedWindow]
11-16 05:53:48.473 1504 1666 I commit_sys_config_file: [settings-1-0,13]
11-16 05:53:48.512 645 660 I mpu_uart: [MSG-P:RECV]:No message received in 1000 ms
11-16 05:53:48.571 868 868 D vendor.qti.vibrator: Vibrator perform effect 0
11-16 05:53:48.572 868 868 D vendor.qti.vibrator: Vibrator on for timeoutMs: 10
11-16 05:53:48.572 868 11485 D vendor.qti.vibrator: Starting on on another thread
11-16 05:53:48.580 868 868 D vendor.qti.vibrator: QTI Vibrator off
11-16 05:53:48.582 868 11485 D vendor.qti.vibrator: Notifying on complete
11-16 05:53:48.582 1504 1598 I LatencyTracker: ACTION_START_RECENTS_ANIMATION latency=53
11-16 05:53:48.583 1504 1598 I sysui_latency: [8,53]
11-16 05:53:48.601 868 868 D vendor.qti.vibrator: Vibrator on for timeoutMs: 30
11-16 05:53:48.601 868 11486 D vendor.qti.vibrator: Starting on on another thread
11-16 05:53:48.631 868 11486 D vendor.qti.vibrator: Notifying on complete
11-16 05:53:48.632 868 868 D vendor.qti.vibrator: QTI Vibrator off
11-16 05:53:48.677 645 659 I mpu_uart: [MSG-P:R]:recv sync frame timeout
11-16 05:53:48.714 2496 2496 W OrientationEventListener: Cannot detect sensors. Invalid disable
11-16 05:53:48.803 2769 2769 I hpplay-java: [main]:IMTask:getIMRoot
11-16 05:53:48.811 2769 11487 W hpplay-java: [AsyncTask #364]:HttpRequest:
11-16 05:53:48.812 2769 11487 W hpplay-java: [AsyncTask #364]:HttpRequest:
11-16 05:53:48.813 2769 11487 W hpplay-java: [AsyncTask #364]:HttpRequest:
11-16 05:53:48.814 2769 2769 E hpplay-java: [main]:IMTask:getIMRoot failed
11-16 05:53:48.916 2769 2769 W hpplay-java: [main]:IPManager:getActiveNets invalid networkInfo:null
11-16 05:53:48.916 2769 2769 I hpplay-java: [main]:IPManager:getActiveNets eth0:false wifi:false mobile:false ap:false
11-16 05:53:48.916 2769 2769 I hpplay-java: [main]:ServerTaskManager:get local ip:null
11-16 05:53:48.916 848 1067 W SDM : HWCDisplay::GetHWCLayer: [0] GetLayer(1117) failed: no such layer
11-16 05:53:48.918 991 991 W HwcComposer: command 0x3000000 generated error 3
11-16 05:53:49.088 2496 2496 D StateManager: goToState: Overview
11-16 05:53:49.090 2496 2496 D FreeWindowContainer: reloadTask: null
11-16 05:53:49.102 2496 2496 D EditModeHelper: setHotseatVisibility: 0
11-16 05:53:49.267 1202 8472 I OMX-VENC: venc_dev: stats: avg. fps 58.85, bitrate 2645451
11-16 05:53:49.308 1504 1666 I commit_sys_config_file: [settings-1-0,4]
11-16 05:53:49.512 645 660 I mpu_uart: [MSG-P:RECV]:No message received in 1000 ms
11-16 05:53:49.917 2769 2769 W hpplay-java: [main]:IPManager:getActiveNets invalid networkInfo:null
11-16 05:53:49.918 2769 2769 I hpplay-java: [main]:IPManager:getActiveNets eth0:false wifi:false mobile:false ap:false
11-16 05:53:49.918 2769 2769 I hpplay-java: [main]:ServerTaskManager:get local ip:null
11-16 05:53:50.209 1504 1682 I input_interaction: Interaction with: e1de84c com.android.launcher3/com.android.launcher3.uioverrides.QuickstepLauncher (server), edge-swipe (server), swipe-up (server), PointerEventDispatcher0 (server),
11-16 05:53:50.267 1202 8472 I OMX-VENC: venc_dev: stats: avg. fps 47.00, bitrate 478424
11-16 05:53:50.513 645 660 I mpu_uart: [MSG-P:RECV]:No message received in 1000 ms
11-16 05:53:50.653 848 1067 W SDM : HWCDisplay::GetHWCLayer: [0] GetLayer(1120) failed: no such layer
11-16 05:53:50.660 991 991 W HwcComposer: command 0x3000000 generated error 3
11-16 05:53:50.842 1504 2101 I wm_task_moved: [280,1,6]
11-16 05:53:50.851 1504 2101 I wm_focused_root_task: [0,0,280,476,RecentsAnimation.onAnimationFinished()]
11-16 05:53:50.851 11288 11288 I wm_on_top_resumed_lost_called: [84087794,com.android.music.VideoBrowserActivity,topStateChangedWhenResumed]
11-16 05:53:50.852 1504 2101 D ActivityTrigger: ActivityTrigger activityPauseTrigger
11-16 05:53:50.853 1504 2101 I wm_pause_activity: [0,84087794,com.android.music/.VideoBrowserActivity,userLeaving=false,pauseBackTasks]
11-16 05:53:50.855 1504 2101 I ActivityTaskManager: FOREGROUND_APPLICATION_CHANGED to com.android.launcher3.uioverrides.QuickstepLauncher
11-16 05:53:50.856 1504 2101 I wm_set_resumed_activity: [0,com.android.launcher3/.uioverrides.QuickstepLauncher,resumeTopActivityInnerLocked]
11-16 05:53:50.857 1504 2101 I wm_resume_activity: [0,50203839,281,com.android.launcher3/.uioverrides.QuickstepLauncher]
11-16 05:53:50.858 1504 2101 I wm_add_to_stopping: [0,84087794,com.android.music/.VideoBrowserActivity,makeInvisible]
11-16 05:53:50.858 2496 2496 I wm_on_resume_called: [50203839,com.android.launcher3.uioverrides.QuickstepLauncher,RESUME_ACTIVITY]
11-16 05:53:50.866 1504 1572 I input_focus: [Focus request e1de84c com.android.launcher3/com.android.launcher3.uioverrides.QuickstepLauncher,reason=UpdateInputWindows]
11-16 05:53:50.867 1504 1571 I sysui_multi_action: [757,803,799,window_time_0,802,92]
11-16 05:53:50.869 1504 1682 I input_focus: [Focus leaving recents_animation_input_consumer (server),reason=NOT_VISIBLE]
11-16 05:53:50.869 1504 1571 I wm_stop_activity: [0,84087794,com.android.music/.VideoBrowserActivity]
11-16 05:53:50.873 1504 1571 I sysui_multi_action: [757,803,799,window_time_0,802,0]
11-16 05:53:50.875 11288 11288 I wm_on_paused_called: [84087794,com.android.music.VideoBrowserActivity,performPause]
11-16 05:53:50.887 1504 1682 I input_focus: [Focus entering e1de84c com.android.launcher3/com.android.launcher3.uioverrides.QuickstepLauncher (server),reason=setFocusedWindow]
11-16 05:53:50.902 11288 11288 I wm_on_stop_called: [84087794,com.android.music.VideoBrowserActivity,STOP_ACTIVITY_ITEM]
11-16 05:53:50.913 2496 2496 I wm_on_top_resumed_gained_called: [50203839,com.android.launcher3.uioverrides.QuickstepLauncher,topStateChangedWhenResumed]
11-16 05:53:50.920 2769 2769 W hpplay-java: [main]:IPManager:getActiveNets invalid networkInfo:null
11-16 05:53:50.920 2769 2769 I hpplay-java: [main]:IPManager:getActiveNets eth0:false wifi:false mobile:false ap:false
11-16 05:53:50.920 2769 2769 I hpplay-java: [main]:ServerTaskManager:get local ip:null
11-16 05:53:50.925 3677 9419 I GameMode_ActivityMonitoringService: onForegroundActivitiesChanged uid 10086 pid 11288 fg false
11-16 05:53:50.930 3677 3695 I GameMode_ActivityMonitoringService: Updating top task to: TaskInfoContainer [topActivity=ComponentInfo{com.android.launcher3/com.android.launcher3.uioverrides.QuickstepLauncher}, taskId=281, stackId=280, userId=0, displayId=0, position=6
11-16 05:53:50.930 3677 3695 I GameMode_ActivityMonitoringService: Notifying about top task: TaskInfoContainer [topActivity=ComponentInfo{com.android.launcher3/com.android.launcher3.uioverrides.QuickstepLauncher}, taskId=281, stackId=280, userId=0, displayId=0, position=6
11-16 05:53:50.930 3677 3695 E GameMode_ActivityMonitoringService: onActivityLaunch:com.android.launcher3
11-16 05:53:50.930 3677 3695 V GameMode_GameTypeUtils: judge isGame:com.android.launcher3
11-16 05:53:50.930 3677 3695 V GameMode_GpuUtils: fps:60
11-16 05:53:50.932 3677 3695 D GameMode_GameModeActionUtils: Show GameMode entry by service!
11-16 05:53:50.932 3677 3695 W ContextImpl: Calling a method in the system process without a qualified user: android.app.ContextImpl.startService:1816 android.content.ContextWrapper.startService:774 com.thundercomm.gamemode.ingame.services.GameModeActionUtils.startGameModeService:93 com.thundercomm.gamemode.ingame.services.GameModeActionUtils.startGameModeEntry:21 com.thundercomm.gamemode.ingame.services.ActivityMonitoringService$1.onActivityLaunch:127
11-16 05:53:50.934 3677 3677 D GameMode_GameModeService: type=hide_entry
11-16 05:53:50.934 3677 3695 D GameModeIF_GameModeSettings: getUriFor setting_content_uri_root = content://com.thundercomm.gamemode.api/gamemode_settings , name = gamemode_isgaming
11-16 05:53:50.938 1504 1504 I GameModeConfig: Current uri is uri = content://com.thundercomm.gamemode.api/gamemode_settings/gamemode_isgaming
11-16 05:53:50.938 1504 1504 D GameModeIF_GameModeSettings: getUriFor setting_content_uri_root = content://com.thundercomm.gamemode.api/gamemode_settings , name = gamemode_isgaming
11-16 05:53:50.939 3677 3695 D GameModeIF_GameModeSettings: gamemode_isgaming set to 0
11-16 05:53:50.940 1504 1504 I GameModeConfig: isGameModeOn = false
11-16 05:53:50.940 1504 1504 I GameModeConfig: isGameModeOn = false
11-16 05:53:50.940 1504 1504 I GameModeConfig: isDisableVoice = true
11-16 05:53:50.942 3677 3677 D GameMode_GameSettingsObserver: Game Data change!!!! uri = content://com.thundercomm.gamemode.api/gamemode_settings/gamemode_isgaming
11-16 05:53:50.942 3677 3677 D GameModeIF_GameModeSettings: getUriFor setting_content_uri_root = content://com.thundercomm.gamemode.api/gamemode_settings , name = gamemode_isgaming
11-16 05:53:50.947 3677 3677 D GameMode_GameModeService: updateGlobalSettings = gamemode_isgaming
11-16 05:53:50.966 3677 9419 I GameMode_ActivityMonitoringService: onTaskStackChanged
11-16 05:53:50.967 1504 2101 I wm_finish_activity: [0,84087794,476,com.android.music/.VideoBrowserActivity,remove-task]
11-16 05:53:50.968 1504 2101 I wm_destroy_activity: [0,84087794,476,com.android.music/.VideoBrowserActivity,finish-imm:finishIfPossible]
11-16 05:53:50.971 1504 1571 I ActivityManager: Killing 11288:com.android.music/u0a86 (adj 900): remove task
11-16 05:53:50.971 1504 1571 I am_kill : [0,11288,com.android.music,900,remove task]
11-16 05:53:50.971 1504 1571 I sysui_multi_action: [757,803,799,window_time_0,802,0]
11-16 05:53:50.975 1504 2762 E TaskPersister: File error accessing recents directory (directory doesn't exist?).
11-16 05:53:50.975 3677 3695 I GameMode_ActivityMonitoringService: Updating top task to: TaskInfoContainer [topActivity=ComponentInfo{com.android.launcher3/com.android.launcher3.uioverrides.QuickstepLauncher}, taskId=281, stackId=280, userId=0, displayId=0, position=6
11-16 05:53:50.975 3677 3695 I GameMode_ActivityMonitoringService: Notifying about top task: TaskInfoContainer [topActivity=ComponentInfo{com.android.launcher3/com.android.launcher3.uioverrides.QuickstepLauncher}, taskId=281, stackId=280, userId=0, displayId=0, position=6
11-16 05:53:50.975 3677 3695 E GameMode_ActivityMonitoringService: onActivityLaunch:com.android.launcher3
11-16 05:53:50.976 3677 3695 V GameMode_GameTypeUtils: judge isGame:com.android.launcher3
11-16 05:53:50.976 3677 3695 V GameMode_GpuUtils: fps:60
11-16 05:53:50.977 1504 1604 I libprocessgroup: Successfully killed process cgroup uid 10086 pid 11288 in 5ms
11-16 05:53:50.977 3677 3695 D GameMode_GameModeActionUtils: Show GameMode entry by service!
11-16 05:53:50.978 3677 3695 W ContextImpl: Calling a method in the system process without a qualified user: android.app.ContextImpl.startService:1816 android.content.ContextWrapper.startService:774 com.thundercomm.gamemode.ingame.services.GameModeActionUtils.startGameModeService:93 com.thundercomm.gamemode.ingame.services.GameModeActionUtils.startGameModeEntry:21 com.thundercomm.gamemode.ingame.services.ActivityMonitoringService$1.onActivityLaunch:127
11-16 05:53:50.980 3677 3695 D GameModeIF_GameModeSettings: getUriFor setting_content_uri_root = content://com.thundercomm.gamemode.api/gamemode_settings , name = gamemode_isgaming
11-16 05:53:50.980 3677 3677 D GameMode_GameModeService: type=hide_entry
11-16 05:53:50.982 3677 3677 D GameMode_GameSettingsObserver: Game Data change!!!! uri = content://com.thundercomm.gamemode.api/gamemode_settings/gamemode_isgaming
11-16 05:53:50.982 1504 1504 I GameModeConfig: Current uri is uri = content://com.thundercomm.gamemode.api/gamemode_settings/gamemode_isgaming
11-16 05:53:50.982 3677 3677 D GameModeIF_GameModeSettings: getUriFor setting_content_uri_root = content://com.thundercomm.gamemode.api/gamemode_settings , name = gamemode_isgaming
11-16 05:53:50.982 1504 1504 D GameModeIF_GameModeSettings: getUriFor setting_content_uri_root = content://com.thundercomm.gamemode.api/gamemode_settings , name = gamemode_isgaming
11-16 05:53:50.982 3677 3695 D GameModeIF_GameModeSettings: gamemode_isgaming set to 0
11-16 05:53:50.984 1504 1504 I GameModeConfig: isGameModeOn = false
11-16 05:53:50.984 1504 1504 I GameModeConfig: isGameModeOn = false
11-16 05:53:50.984 1504 1504 I GameModeConfig: isDisableVoice = true
11-16 05:53:50.985 3677 3677 D GameMode_GameModeService: updateGlobalSettings = gamemode_isgaming
11-16 05:53:51.023 1504 4303 I WindowManager: WIN DEATH: Window{bf2ef31 u0 com.android.music/com.android.music.VideoBrowserActivity}
11-16 05:53:51.024 1504 4303 W InputManager-JNI: Input channel object 'bf2ef31 com.android.music/com.android.music.VideoBrowserActivity (client)' was disposed without first being removed with the input manager!
11-16 05:53:51.024 666 666 I Zygote : Process 11288 exited due to signal 9 (Killed)
11-16 05:53:51.024 1504 6110 I am_proc_died: [0,11288,com.android.music,900,18]
11-16 05:53:51.027 1504 6110 I am_uid_stopped: 10086
11-16 05:53:51.029 1504 6110 I wm_task_removed: [476,removeChild:removeChild last r=ActivityRecord{50313f2 u0 com.android.music/.VideoBrowserActivity t-1 f}} in t=Task{7dcc0ec #476 type=standard A=10086:android.task.video U=0 visible=false mode=fullscreen translucent=true sz=0}]
11-16 05:53:51.029 1504 6110 I wm_task_removed: [476,removeChild]
11-16 05:53:51.031 1504 1571 W ActivityManager: setHasOverlayUi called on unknown pid: 11288
11-16 05:53:51.031 1504 1598 W UsageStatsService: Unexpected activity event reported! (com.android.music/com.android.music.VideoBrowserActivity event : 23 instanceId : 235588263)
11-16 05:53:51.032 1504 1572 W ActivityTaskManager: Can't find TaskDisplayArea to determine support for multi window. Task id=476 attached=false
11-16 05:53:51.032 1504 1572 W ActivityTaskManager: Can't find TaskDisplayArea to determine support for multi window. Task id=476 attached=false
11-16 05:53:51.035 1504 1571 I am_uid_running: 10086
11-16 05:53:51.035 1504 1571 D CompatibilityChangeReporter: Compat change id reported: 135634846; UID 10086; state: DISABLED
11-16 05:53:51.036 1504 1571 D CompatibilityChangeReporter: Compat change id reported: 177438394; UID 10086; state: DISABLED
11-16 05:53:51.036 1504 1571 D CompatibilityChangeReporter: Compat change id reported: 135772972; UID 10086; state: DISABLED
11-16 05:53:51.036 1504 1571 D CompatibilityChangeReporter: Compat change id reported: 135754954; UID 10086; state: ENABLED
11-16 05:53:51.039 1504 1603 D CompatibilityChangeReporter: Compat change id reported: 143937733; UID 10086; state: ENABLED
11-16 05:53:51.046 666 666 D Zygote : Forked child process 11498
11-16 05:53:51.047 1504 1603 I am_proc_start: [0,11498,10086,com.android.music,NULL,]
11-16 05:53:51.047 1504 1603 I ActivityManager: Start proc 11498:com.android.music/u0a86 for null
11-16 05:53:51.066 11498 11498 E m.android.musi: Not starting debugger since process cannot load the jdwp agent.
11-16 05:53:51.069 11498 11498 D ProcessState: Binder ioctl to enable oneway spam detection failed: Invalid argument
11-16 05:53:51.070 3677 9419 I GameMode_ActivityMonitoringService: onTaskStackChanged
11-16 05:53:51.073 3677 3695 I GameMode_ActivityMonitoringService: Updating top task to: TaskInfoContainer [topActivity=ComponentInfo{com.android.launcher3/com.android.launcher3.uioverrides.QuickstepLauncher}, taskId=281, stackId=280, userId=0, displayId=0, position=5
11-16 05:53:51.073 3677 3695 I GameMode_ActivityMonitoringService: Notifying about top task: TaskInfoContainer [topActivity=ComponentInfo{com.android.launcher3/com.android.launcher3.uioverrides.QuickstepLauncher}, taskId=281, stackId=280, userId=0, displayId=0, position=5
11-16 05:53:51.073 3677 3695 E GameMode_ActivityMonitoringService: onActivityLaunch:com.android.launcher3
11-16 05:53:51.073 3677 3695 V GameMode_GameTypeUtils: judge isGame:com.android.launcher3
11-16 05:53:51.073 3677 3695 V GameMode_GpuUtils: fps:60
11-16 05:53:51.075 1504 4303 I am_proc_bound: [0,11498,com.android.music]
11-16 05:53:51.076 3677 3695 D GameMode_GameModeActionUtils: Show GameMode entry by service!
11-16 05:53:51.076 3677 3695 W ContextImpl: Calling a method in the system process without a qualified user: android.app.ContextImpl.startService:1816 android.content.ContextWrapper.startService:774 com.thundercomm.gamemode.ingame.services.GameModeActionUtils.startGameModeService:93 com.thundercomm.gamemode.ingame.services.GameModeActionUtils.startGameModeEntry:21 com.thundercomm.gamemode.ingame.services.ActivityMonitoringService$1.onActivityLaunch:127
11-16 05:53:51.076 1504 4303 D CompatibilityInfo: mCompatibilityFlags - 4
11-16 05:53:51.076 1504 4303 D CompatibilityInfo: applicationDensity - 240
11-16 05:53:51.076 1504 4303 D CompatibilityInfo: applicationScale - 1.0
11-16 05:53:51.080 11498 11498 D CompatibilityChangeReporter: Compat change id reported: 171979766; UID 10086; state: ENABLED
11-16 05:53:51.080 3677 3677 D GameMode_GameModeService: type=hide_entry
11-16 05:53:51.080 3677 3695 D GameModeIF_GameModeSettings: getUriFor setting_content_uri_root = content://com.thundercomm.gamemode.api/gamemode_settings , name = gamemode_isgaming
11-16 05:53:51.082 3677 3677 D GameMode_GameSettingsObserver: Game Data change!!!! uri = content://com.thundercomm.gamemode.api/gamemode_settings/gamemode_isgaming
11-16 05:53:51.082 1504 1504 I GameModeConfig: Current uri is uri = content://com.thundercomm.gamemode.api/gamemode_settings/gamemode_isgaming
11-16 05:53:51.082 1504 1504 D GameModeIF_GameModeSettings: getUriFor setting_content_uri_root = content://com.thundercomm.gamemode.api/gamemode_settings , name = gamemode_isgaming
11-16 05:53:51.082 3677 3677 D GameModeIF_GameModeSettings: getUriFor setting_content_uri_root = content://com.thundercomm.gamemode.api/gamemode_settings , name = gamemode_isgaming
11-16 05:53:51.082 3677 3695 D GameModeIF_GameModeSettings: gamemode_isgaming set to 0
11-16 05:53:51.083 1504 1504 I GameModeConfig: isGameModeOn = false
11-16 05:53:51.084 1504 1504 I GameModeConfig: isGameModeOn = false
11-16 05:53:51.084 1504 1504 I GameModeConfig: isDisableVoice = true
11-16 05:53:51.084 3677 3677 D GameMode_GameModeService: updateGlobalSettings = gamemode_isgaming
11-16 05:53:51.100 11498 11498 I Perf : Connecting to perf service.
11-16 05:53:51.104 11498 11498 V GraphicsEnvironment: ANGLE Developer option for 'com.android.music' set to: 'default'
11-16 05:53:51.105 11498 11498 V GraphicsEnvironment: ANGLE GameManagerService for com.android.music: false
11-16 05:53:51.105 11498 11498 D NetworkSecurityConfig: No Network Security Config specified, using platform default
11-16 05:53:51.106 11498 11498 D NetworkSecurityConfig: No Network Security Config specified, using platform default
11-16 05:53:51.363 1202 8472 I OMX-VENC: venc_dev: stats: avg. fps 41.04, bitrate 485862
11-16 05:53:51.513 645 660 I mpu_uart: [MSG-P:RECV]:No message received in 1000 ms
11-16 05:53:51.681 645 659 I mpu_uart: [MSG-P:R]:recv sync frame timeout
11-16 05:53:51.805 2220 11514 D TlogClient_LogCollectService: === START to package logs ===
11-16 05:53:51.806 2220 11514 D TlogClient_LogCollectService: mCommand: [/system/bin/sh, /data/user_de/0/com.tc.logclient/files/package_log.sh, 003, 0013]
11-16 05:53:51.855 500 511 I auditd : type=1401 audit(0.0:949): op=security_compute_sid invalid_context=u:r:np_thundercomm_tlog_pstore:s0 scontext=u:r:init:s0 tcontext=u:object_r:np_thundercomm_tlog_pstore_exec:s0 tclass=process
11-16 05:53:51.855 511 511 W auditd : type=1401 audit(0.0:949): op=security_compute_sid invalid_context=u:r:np_thundercomm_tlog_pstore:s0 scontext=u:r:init:s0 tcontext=u:object_r:np_thundercomm_tlog_pstore_exec:s0 tclass=process
11-16 05:53:51.896 1504 1682 I input_interaction: Interaction with: e1de84c com.android.launcher3/com.android.launcher3.uioverrides.QuickstepLauncher (server), c74be60 com.android.systemui.ImageWallpaper (server), edge-swipe (server), swipe-up (server), PointerEventDispatcher0 (server),
11-16 05:53:51.926 2769 2769 W hpplay-java: [main]:IPManager:getActiveNets invalid networkInfo:null
11-16 05:53:51.926 2769 2769 I hpplay-java: [main]:IPManager:getActiveNets eth0:false wifi:false mobile:false ap:false
11-16 05:53:51.926 2769 2769 I hpplay-java: [main]:ServerTaskManager:get local ip:null
11-16 05:53:51.985 2496 2496 D StateManager: goToState: Normal
11-16 05:53:51.986 2496 2496 D EditModeHelper: setHotseatVisibility: 0
11-16 05:53:52.003 2496 2496 D FreeWindowHelper: enterOrExitRecentTasks: isEnterRecentTasks=false,mExitFlag=0
11-16 05:53:52.208 848 1067 W SDM : HWCDisplay::GetHWCLayer: [0] GetLayer(1121) failed: no such layer
11-16 05:53:52.214 991 991 W HwcComposer: command 0x3000000 generated error 3
11-16 05:53:52.364 1202 8472 I OMX-VENC: venc_dev: stats: avg. fps 24.97, bitrate 1377756
11-16 05:53:52.406 2496 2496 W OrientationEventListener: Cannot detect sensors. Invalid disable
11-16 05:53:52.513 645 660 I mpu_uart: [MSG-P:RECV]:No message received in 1000 ms
11-16 05:53:52.929 2769 2769 W hpplay-java: [main]:IPManager:getActiveNets invalid networkInfo:null
11-16 05:53:52.929 2769 2769 I hpplay-java: [main]:IPManager:getActiveNets eth0:false wifi:false mobile:false ap:false
11-16 05:53:52.929 2769 2769 I hpplay-java: [main]:ServerTaskManager:get local ip:null
11-16 05:53:53.039 1504 4303 I ActivityTaskManager: START u0 {act=android.intent.action.MAIN cat=[android.intent.category.LAUNCHER] flg=0x10200000 cmp=com.android.music/.VideoBrowserActivity bnds=[2233,540][2408,723]} from uid 10073
11-16 05:53:53.040 1504 1571 I EventSequenceValidator: inc AccIntentStartedEvents to 2
11-16 05:53:53.043 1504 4303 E ANDR-PERF-JNI: com_qualcomm_qtiperformance_native_perf_io_prefetch_start
11-16 05:53:53.044 1504 4303 I wm_task_created: [480,-1]
11-16 05:53:53.044 1504 4303 W ActivityTaskManager: Can't find TaskDisplayArea to determine support for multi window. Task id=480 attached=false
11-16 05:53:53.047 1504 4303 I wm_task_moved: [480,1,6]
11-16 05:53:53.047 1504 4303 I wm_task_to_front: [0,480]
11-16 05:53:53.047 1504 4303 I wm_create_task: [0,480]
11-16 05:53:53.047 1504 4303 I wm_create_activity: [0,13597203,480,com.android.music/.VideoBrowserActivity,android.intent.action.MAIN,NULL,NULL,270532608]
11-16 05:53:53.047 1504 4303 I wm_task_moved: [480,1,6]
11-16 05:53:53.048 1504 4303 D CompatibilityInfo: mCompatibilityFlags - 4
11-16 05:53:53.048 1504 4303 D CompatibilityInfo: applicationDensity - 240
11-16 05:53:53.048 1504 4303 D CompatibilityInfo: applicationScale - 1.0
11-16 05:53:53.049 1504 4303 D ActivityTrigger: ActivityTrigger activityPauseTrigger
11-16 05:53:53.049 1504 4303 I wm_pause_activity: [0,50203839,com.android.launcher3/.uioverrides.QuickstepLauncher,userLeaving=true,pauseBackTasks]
11-16 05:53:53.055 2496 2496 I wm_on_top_resumed_lost_called: [50203839,com.android.launcher3.uioverrides.QuickstepLauncher,topStateChangedWhenResumed]
11-16 05:53:53.056 2496 2496 I wm_on_paused_called: [50203839,com.android.launcher3.uioverrides.QuickstepLauncher,performPause]
11-16 05:53:53.057 1504 4303 I ActivityTaskManager: FOREGROUND_APPLICATION_CHANGED to com.android.music.VideoBrowserActivity
11-16 05:53:53.058 1504 4303 I ActivityTaskManager: The Process com.android.music Already Exists in BG. So sending its PID: 11498
11-16 05:53:53.058 1504 4303 I wm_add_to_stopping: [0,50203839,com.android.launcher3/.uioverrides.QuickstepLauncher,makeInvisible]
11-16 05:53:53.056 850 3128 E ANDR-IOP: io prefetch is disabled
11-16 05:53:53.058 1504 4303 I wm_restart_activity: [0,13597203,480,com.android.music/.VideoBrowserActivity]
11-16 05:53:53.058 1504 4303 D CompatibilityInfo: mCompatibilityFlags - 4
11-16 05:53:53.058 1504 4303 D CompatibilityInfo: applicationDensity - 240
11-16 05:53:53.058 1504 4303 D CompatibilityInfo: applicationScale - 1.0
11-16 05:53:53.059 1504 4303 I wm_set_resumed_activity: [0,com.android.music/.VideoBrowserActivity,minimalResumeActivityLocked]
11-16 05:53:53.061 1504 1571 I am_uid_active: 10086
11-16 05:53:53.065 3677 9419 I GameMode_ActivityMonitoringService: onForegroundActivitiesChanged uid 10086 pid 11498 fg true
11-16 05:53:53.069 1504 1571 I sysui_multi_action: [757,803,799,window_time_0,802,2]
11-16 05:53:53.082 3677 3695 I GameMode_ActivityMonitoringService: Updating top task to: TaskInfoContainer [topActivity=ComponentInfo{com.android.music/com.android.music.VideoBrowserActivity}, taskId=480, stackId=480, userId=0, displayId=0, position=6
11-16 05:53:53.083 3677 3695 I GameMode_ActivityMonitoringService: Notifying about top task: TaskInfoContainer [topActivity=ComponentInfo{com.android.music/com.android.music.VideoBrowserActivity}, taskId=480, stackId=480, userId=0, displayId=0, position=6
11-16 05:53:53.083 3677 3695 E GameMode_ActivityMonitoringService: onActivityLaunch:com.android.music
11-16 05:53:53.083 3677 3695 V GameMode_GameTypeUtils: judge isGame:com.android.music
11-16 05:53:53.083 3677 3695 V GameMode_GpuUtils: fps:60
11-16 05:53:53.086 3677 3695 D GameMode_GameModeActionUtils: Show GameMode entry by service!
11-16 05:53:53.086 3677 3695 W ContextImpl: Calling a method in the system process without a qualified user: android.app.ContextImpl.startService:1816 android.content.ContextWrapper.startService:774 com.thundercomm.gamemode.ingame.services.GameModeActionUtils.startGameModeService:93 com.thundercomm.gamemode.ingame.services.GameModeActionUtils.startGameModeEntry:21 com.thundercomm.gamemode.ingame.services.ActivityMonitoringService$1.onActivityLaunch:127
11-16 05:53:53.089 3677 3695 D GameModeIF_GameModeSettings: getUriFor setting_content_uri_root = content://com.thundercomm.gamemode.api/gamemode_settings , name = gamemode_isgaming
11-16 05:53:53.089 3677 3677 D GameMode_GameModeService: type=hide_entry
11-16 05:53:53.090 1504 1682 I input_focus: [Focus leaving e1de84c com.android.launcher3/com.android.launcher3.uioverrides.QuickstepLauncher (server),reason=NO_WINDOW]
11-16 05:53:53.096 1504 1504 I GameModeConfig: Current uri is uri = content://com.thundercomm.gamemode.api/gamemode_settings/gamemode_isgaming
11-16 05:53:53.096 1504 1504 D GameModeIF_GameModeSettings: getUriFor setting_content_uri_root = content://com.thundercomm.gamemode.api/gamemode_settings , name = gamemode_isgaming
11-16 05:53:53.096 3677 3695 D GameModeIF_GameModeSettings: gamemode_isgaming set to 0
11-16 05:53:53.097 11498 11498 D CompatibilityChangeReporter: Compat change id reported: 171228096; UID 10086; state: ENABLED
11-16 05:53:53.099 1504 1504 I GameModeConfig: isGameModeOn = false
11-16 05:53:53.099 1504 1504 I GameModeConfig: isGameModeOn = false
11-16 05:53:53.099 1504 1504 I GameModeConfig: isDisableVoice = true
11-16 05:53:53.100 3677 3677 D GameMode_GameSettingsObserver: Game Data change!!!! uri = content://com.thundercomm.gamemode.api/gamemode_settings/gamemode_isgaming
11-16 05:53:53.100 3677 3677 D GameModeIF_GameModeSettings: getUriFor setting_content_uri_root = content://com.thundercomm.gamemode.api/gamemode_settings , name = gamemode_isgaming
11-16 05:53:53.102 3677 3677 D GameMode_GameModeService: updateGlobalSettings = gamemode_isgaming
11-16 05:53:53.107 11498 11498 I wm_on_create_called: [13597203,com.android.music.VideoBrowserActivity,performCreate]
11-16 05:53:53.107 11498 11498 I wm_on_start_called: [13597203,com.android.music.VideoBrowserActivity,handleStartActivity]
11-16 05:53:53.108 11498 11498 I wm_on_resume_called: [13597203,com.android.music.VideoBrowserActivity,RESUME_ACTIVITY]
11-16 05:53:53.115 11498 11498 I wm_on_top_resumed_gained_called: [13597203,com.android.music.VideoBrowserActivity,topStateChangedWhenResumed]
11-16 05:53:53.121 1504 1572 I input_focus: [Focus request b06c275 com.android.music/com.android.music.VideoBrowserActivity,reason=UpdateInputWindows]
11-16 05:53:53.123 11498 11533 I AdrenoGLES-0: QUALCOMM build : 47421dbee6, I139f36ad46
11-16 05:53:53.123 11498 11533 I AdrenoGLES-0: Build Date : 02/18/22
11-16 05:53:53.123 11498 11533 I AdrenoGLES-0: OpenGL ES Shader Compiler Version: EV031.32.02.17
11-16 05:53:53.123 11498 11533 I AdrenoGLES-0: Local Branch :
11-16 05:53:53.123 11498 11533 I AdrenoGLES-0: Remote Branch :
11-16 05:53:53.123 11498 11533 I AdrenoGLES-0: Remote Branch :
11-16 05:53:53.123 11498 11533 I AdrenoGLES-0: Reconstruct Branch :
11-16 05:53:53.123 11498 11533 I AdrenoGLES-0: Build Config : S P 10.0.7 AArch64
11-16 05:53:53.123 11498 11533 I AdrenoGLES-0: Driver Path : /vendor/lib64/egl/libGLESv2_adreno.so
11-16 05:53:53.124 503 503 I hwservicemanager: getTransport: Cannot find entry android.hardware.graphics.mapper@4.0::IMapper/default in either framework or device VINTF manifest.
11-16 05:53:53.127 11498 11533 I AdrenoGLES-0: PFP: 0x016dd093, ME: 0x00000000
11-16 05:53:53.134 11498 11533 D libEGL : MSAA-->msaa:0 gamemode:0 4x_msaa:0
11-16 05:53:53.134 11498 11533 D libEGL : MSAA-->msaa:0 gamemode:0 4x_msaa:0
11-16 05:53:53.134 11498 11533 D libEGL : MSAA-->msaa:0 gamemode:0 4x_msaa:0
11-16 05:53:53.137 848 1067 I SDM : HWCDisplay::GetColorModeCount: Supported color mode count = 1
11-16 05:53:53.138 848 1067 I SDM : HWCDisplay::GetColorModes: Color mode = 0 is supported
11-16 05:53:53.138 991 1062 E HWComposer: getSupportedContentTypes: getSupportedContentTypes failed for display 4630946816427681409: Unsupported (8)
11-16 05:53:53.139 11498 11533 D hw-ProcessState: Binder ioctl to enable oneway spam detection failed: Invalid argument
11-16 05:53:53.140 503 503 I hwservicemanager: getTransport: Cannot find entry android.hardware.graphics.mapper@4.0::IMapper/default in either framework or device VINTF manifest.
11-16 05:53:53.140 11498 11545 I Gralloc4: mapper 4.x is not supported
11-16 05:53:53.141 503 503 I hwservicemanager: getTransport: Cannot find entry android.hardware.graphics.allocator@4.0::IAllocator/default in either framework or device VINTF manifest.
11-16 05:53:53.141 11498 11545 W Gralloc4: allocator 4.x is not supported
11-16 05:53:53.150 1504 1571 I EventSequenceValidator: dec AccIntentStartedEvents to 1
11-16 05:53:53.154 1504 1568 I sysui_multi_action: [319,50,321,45,322,110,325,9022,757,761,758,8,759,1,806,com.android.music,871,com.android.music.VideoBrowserActivity,904,com.android.launcher3,905,0,1320,4,1321,5]
11-16 05:53:53.155 1504 1568 I wm_activity_launch_time: [0,13597203,com.android.music/.VideoBrowserActivity,110]
11-16 05:53:53.157 1504 1682 I input_focus: [Focus entering b06c275 com.android.music/com.android.music.VideoBrowserActivity (server),reason=Window became focusable. Previous reason: NOT_VISIBLE]
11-16 05:53:53.158 1504 1568 I ActivityTaskManager: Displayed com.android.music/.VideoBrowserActivity: +110ms
11-16 05:53:53.167 3677 3739 I GameMode_ActivityMonitoringService: onTaskStackChanged
11-16 05:53:53.173 3677 3695 I GameMode_ActivityMonitoringService: Updating top task to: TaskInfoContainer [topActivity=ComponentInfo{com.android.music/com.android.music.VideoBrowserActivity}, taskId=480, stackId=480, userId=0, displayId=0, position=6
11-16 05:53:53.173 3677 3695 I GameMode_ActivityMonitoringService: Notifying about top task: TaskInfoContainer [topActivity=ComponentInfo{com.android.music/com.android.music.VideoBrowserActivity}, taskId=480, stackId=480, userId=0, displayId=0, position=6
11-16 05:53:53.173 3677 3695 E GameMode_ActivityMonitoringService: onActivityLaunch:com.android.music
11-16 05:53:53.173 3677 3695 V GameMode_GameTypeUtils: judge isGame:com.android.music
11-16 05:53:53.173 3677 3695 V GameMode_GpuUtils: fps:60
11-16 05:53:53.175 3677 3695 D GameMode_GameModeActionUtils: Show GameMode entry by service!
11-16 05:53:53.175 3677 3695 W ContextImpl: Calling a method in the system process without a qualified user: android.app.ContextImpl.startService:1816 android.content.ContextWrapper.startService:774 com.thundercomm.gamemode.ingame.services.GameModeActionUtils.startGameModeService:93 com.thundercomm.gamemode.ingame.services.GameModeActionUtils.startGameModeEntry:21 com.thundercomm.gamemode.ingame.services.ActivityMonitoringService$1.onActivityLaunch:127
11-16 05:53:53.178 3677 3677 D GameMode_GameModeService: type=hide_entry
11-16 05:53:53.178 3677 3695 D GameModeIF_GameModeSettings: getUriFor setting_content_uri_root = content://com.thundercomm.gamemode.api/gamemode_settings , name = gamemode_isgaming
11-16 05:53:53.179 3677 3677 D GameMode_GameSettingsObserver: Game Data change!!!! uri = content://com.thundercomm.gamemode.api/gamemode_settings/gamemode_isgaming
11-16 05:53:53.179 1504 1504 I GameModeConfig: Current uri is uri = content://com.thundercomm.gamemode.api/gamemode_settings/gamemode_isgaming
11-16 05:53:53.179 1504 1504 D GameModeIF_GameModeSettings: getUriFor setting_content_uri_root = content://com.thundercomm.gamemode.api/gamemode_settings , name = gamemode_isgaming
11-16 05:53:53.180 3677 3677 D GameModeIF_GameModeSettings: getUriFor setting_content_uri_root = content://com.thundercomm.gamemode.api/gamemode_settings , name = gamemode_isgaming
11-16 05:53:53.181 1504 1504 I GameModeConfig: isGameModeOn = false
11-16 05:53:53.181 1504 1504 I GameModeConfig: isGameModeOn = false
11-16 05:53:53.181 1504 1504 I GameModeConfig: isDisableVoice = true
11-16 05:53:53.182 3677 3695 D GameModeIF_GameModeSettings: gamemode_isgaming set to 0
11-16 05:53:53.182 3677 3677 D GameMode_GameModeService: updateGlobalSettings = gamemode_isgaming
11-16 05:53:53.260 848 1067 W SDM : HWCDisplay::GetHWCLayer: [0] GetLayer(1122) failed: no such layer
11-16 05:53:53.262 991 991 W HwcComposer: command 0x3000000 generated error 3
11-16 05:53:53.368 1202 8472 I OMX-VENC: venc_dev: stats: avg. fps 50.82, bitrate 2099219
11-16 05:53:53.514 645 660 I mpu_uart: [MSG-P:RECV]:No message received in 1000 ms
11-16 05:53:53.581 1504 1535 W InputManager-JNI: Input channel object '82da46f Splash Screen com.android.music (client)' was disposed without first being removed with the input manager!
11-16 05:53:53.657 1504 1571 I wm_stop_activity: [0,50203839,com.android.launcher3/.uioverrides.QuickstepLauncher]
11-16 05:53:53.706 2496 2496 D StateManager: goToState: Normal
11-16 05:53:53.708 2496 2496 I wm_on_stop_called: [50203839,com.android.launcher3.uioverrides.QuickstepLauncher,STOP_ACTIVITY_ITEM]
11-16 05:53:53.717 3677 3739 I GameMode_ActivityMonitoringService: onForegroundActivitiesChanged uid 10073 pid 2496 fg false
11-16 05:53:53.723 3677 3695 I GameMode_ActivityMonitoringService: Updating top task to: TaskInfoContainer [topActivity=ComponentInfo{com.android.music/com.android.music.VideoBrowserActivity}, taskId=480, stackId=480, userId=0, displayId=0, position=6
11-16 05:53:53.723 3677 3695 I GameMode_ActivityMonitoringService: Notifying about top task: TaskInfoContainer [topActivity=ComponentInfo{com.android.music/com.android.music.VideoBrowserActivity}, taskId=480, stackId=480, userId=0, displayId=0, position=6
11-16 05:53:53.723 3677 3695 E GameMode_ActivityMonitoringService: onActivityLaunch:com.android.music
11-16 05:53:53.723 3677 3695 V GameMode_GameTypeUtils: judge isGame:com.android.music
11-16 05:53:53.723 3677 3695 V GameMode_GpuUtils: fps:60
11-16 05:53:53.733 3677 3695 D GameMode_GameModeActionUtils: Show GameMode entry by service!
11-16 05:53:53.734 3677 3695 W ContextImpl: Calling a method in the system process without a qualified user: android.app.ContextImpl.startService:1816 android.content.ContextWrapper.startService:774 com.thundercomm.gamemode.ingame.services.GameModeActionUtils.startGameModeService:93 com.thundercomm.gamemode.ingame.services.GameModeActionUtils.startGameModeEntry:21 com.thundercomm.gamemode.ingame.services.ActivityMonitoringService$1.onActivityLaunch:127
11-16 05:53:53.736 3677 3677 D GameMode_GameModeService: type=hide_entry
11-16 05:53:53.736 3677 3695 D GameModeIF_GameModeSettings: getUriFor setting_content_uri_root = content://com.thundercomm.gamemode.api/gamemode_settings , name = gamemode_isgaming
11-16 05:53:53.738 3677 3677 D GameMode_GameSettingsObserver: Game Data change!!!! uri = content://com.thundercomm.gamemode.api/gamemode_settings/gamemode_isgaming
11-16 05:53:53.738 3677 3677 D GameModeIF_GameModeSettings: getUriFor setting_content_uri_root = content://com.thundercomm.gamemode.api/gamemode_settings , name = gamemode_isgaming
11-16 05:53:53.738 1504 1504 I GameModeConfig: Current uri is uri = content://com.thundercomm.gamemode.api/gamemode_settings/gamemode_isgaming
11-16 05:53:53.738 1504 1504 D GameModeIF_GameModeSettings: getUriFor setting_content_uri_root = content://com.thundercomm.gamemode.api/gamemode_settings , name = gamemode_isgaming
11-16 05:53:53.738 3677 3695 D GameModeIF_GameModeSettings: gamemode_isgaming set to 0
11-16 05:53:53.740 1504 1504 I GameModeConfig: isGameModeOn = false
11-16 05:53:53.740 1504 1504 I GameModeConfig: isGameModeOn = false
11-16 05:53:53.740 1504 1504 I GameModeConfig: isDisableVoice = true
11-16 05:53:53.741 3677 3677 D GameMode_GameModeService: updateGlobalSettings = gamemode_isgaming
11-16 05:53:53.931 2769 2769 W hpplay-java: [main]:IPManager:getActiveNets invalid networkInfo:null
11-16 05:53:53.931 2769 2769 I hpplay-java: [main]:IPManager:getActiveNets eth0:false wifi:false mobile:false ap:false
11-16 05:53:53.931 2769 2769 I hpplay-java: [main]:ServerTaskManager:get local ip:null
11-16 05:53:54.090 1504 1682 I input_interaction: Interaction with: b06c275 com.android.music/com.android.music.VideoBrowserActivity (server), edge-swipe (server), swipe-up (server), PointerEventDispatcher0 (server),
11-16 05:53:54.105 1504 6110 I wm_task_moved: [280,0,0]
11-16 05:53:54.105 1504 6110 I wm_task_moved: [280,0,5]
11-16 05:53:54.106 1504 1571 I EventSequenceValidator: inc AccIntentStartedEvents to 2
11-16 05:53:54.113 11498 11498 I view_enqueue_input_event: [Motion - Cancel,com.android.music/com.android.music.VideoBrowserActivity]
11-16 05:53:54.113 1504 1535 I InputDispatcher: Monitor swipe-up (server) is stealing touch from [b06c275 com.android.music/com.android.music.VideoBrowserActivity (server), ]
11-16 05:53:54.119 1504 1682 I input_interaction: Interaction with: edge-swipe (server), swipe-up (server), PointerEventDispatcher0 (server),
11-16 05:53:54.121 3677 3739 I GameMode_ActivityMonitoringService: onForegroundActivitiesChanged uid 10073 pid 2496 fg true
11-16 05:53:54.122 1504 1572 I input_focus: [Focus request recents_animation_input_consumer,reason=UpdateInputWindows]
11-16 05:53:54.124 3677 3695 I GameMode_ActivityMonitoringService: Updating top task to: TaskInfoContainer [topActivity=ComponentInfo{com.android.music/com.android.music.VideoBrowserActivity}, taskId=480, stackId=480, userId=0, displayId=0, position=6
11-16 05:53:54.124 3677 3695 I GameMode_ActivityMonitoringService: Notifying about top task: TaskInfoContainer [topActivity=ComponentInfo{com.android.music/com.android.music.VideoBrowserActivity}, taskId=480, stackId=480, userId=0, displayId=0, position=6
11-16 05:53:54.124 3677 3695 E GameMode_ActivityMonitoringService: onActivityLaunch:com.android.music
11-16 05:53:54.124 3677 3695 V GameMode_GameTypeUtils: judge isGame:com.android.music
11-16 05:53:54.124 3677 3695 V GameMode_GpuUtils: fps:60
11-16 05:53:54.124 2496 2496 I wm_on_restart_called: [50203839,com.android.launcher3.uioverrides.QuickstepLauncher,performRestartActivity]
11-16 05:53:54.125 2496 2496 D StateManager: goToState: Background
11-16 05:53:54.125 2496 2496 D FreeWindowHelper: enterOrExitRecentTasks: isEnterRecentTasks=true,mExitFlag=0
11-16 05:53:54.125 2496 2496 D FreeWindowContainer: reloadTask: null
11-16 05:53:54.126 1968 1968 V ShadeControllerImpl: NotificationShadeWindow: com.android.systemui.statusbar.phone.NotificationShadeWindowView{5dddc50 I.E...... ......ID 0,0-2560,1080} canPanelBeCollapsed(): false
11-16 05:53:54.133 3677 3695 D GameMode_GameModeActionUtils: Show GameMode entry by service!
