11-16 05:42:19.688 1504 1504 I notification_enqueue: [10086,10648,com.android.music,1,NULL,0,Notification(channel=Channel-music shortcut=null contentView=null vibrate=null sound=null defaults=0x0 flags=0x40 color=0x00000000 category=transport actions=3 vis=PRIVATE),0]
11-16 05:42:19.690 1504 1504 I notification_enqueue: [10086,10648,com.android.music,1,NULL,0,Notification(channel=Channel-music shortcut=null contentView=null vibrate=null sound=null defaults=0x0 flags=0x40 color=0x00000000 category=transport actions=3 vis=PRIVATE),0]
11-16 05:42:19.696 1504 1504 I notification_enqueue: [10086,10648,com.android.music,1,NULL,0,Notification(channel=Channel-music shortcut=null contentView=null vibrate=null sound=null defaults=0x0 flags=0x40 color=0x00000000 category=transport actions=3 vis=PRIVATE),0]
11-16 05:42:19.701 1504 1504 I notification_enqueue: [10086,10648,com.android.music,1,NULL,0,Notification(channel=Channel-music shortcut=null contentView=null vibrate=null sound=null defaults=0x0 flags=0x40 color=0x00000000 category=transport actions=3 vis=PRIVATE),0]
11-16 05:42:19.704 1504 1572 I input_focus: [Focus request a4c85a2 com.android.music/com.android.music.MusicBrowserActivity,reason=UpdateInputWindows]
11-16 05:42:19.713 1504 1568 I wm_activity_launch_time: [0,107361483,com.android.music/.MusicBrowserActivity,117]
11-16 05:42:19.714 1504 1504 I sysui_multi_action: [757,128,758,5,759,8,793,31,794,0,795,31,796,1,806,com.android.music,857,Channel-music,858,2,947,0,1500,31,1641,transport,1688,1,1745,1043716538]
11-16 05:42:19.714 1504 1504 I notification_canceled: [0|com.android.music|1|null|10086,8,31,31,0,-1,-1,NULL]
11-16 05:42:19.726 1504 1682 I input_focus: [Focus leaving recents_animation_input_consumer (server),reason=setFocusedWindow]
11-16 05:42:19.726 1504 1682 I input_focus: [Focus entering a4c85a2 com.android.music/com.android.music.MusicBrowserActivity (server),reason=setFocusedWindow]
11-16 05:42:19.942 1504 1570 I commit_sys_config_file: [notification-policy,8319400]
11-16 05:42:20.018 1504 2099 I wm_task_moved: [280,1,7]
11-16 05:42:20.019 1504 2099 I wm_task_moved: [281,1,2147483647]
11-16 05:42:20.019 10648 10648 I wm_on_top_resumed_lost_called: [107361483,com.android.music.MusicBrowserActivity,topStateChangedWhenResumed]
11-16 05:42:20.019 1504 2099 I wm_task_to_front: [0,281]
11-16 05:42:20.020 1504 2099 I wm_focused_root_task: [0,0,280,457,RecentsAnimation.onAnimationFinished()]
11-16 05:42:20.021 1504 2099 I wm_set_resumed_activity: [0,com.android.launcher3/.uioverrides.QuickstepLauncher,RecentsAnimation.onAnimationFinished()]
11-16 05:42:20.025 1504 2099 I wm_pause_activity: [0,173650501,com.android.music/.VideoBrowserActivity,userLeaving=true,pauseBackTasks]
11-16 05:42:20.030 1504 2099 I wm_add_to_stopping: [0,173650501,com.android.music/.VideoBrowserActivity,makeInvisible]
11-16 05:42:20.031 1504 2099 I wm_set_resumed_activity: [0,com.android.launcher3/.uioverrides.QuickstepLauncher,resumeTopActivityInnerLocked]
11-16 05:42:20.034 1504 2099 I wm_resume_activity: [0,50203839,281,com.android.launcher3/.uioverrides.QuickstepLauncher]
11-16 05:42:20.047 2496 2496 I wm_on_resume_called: [50203839,com.android.launcher3.uioverrides.QuickstepLauncher,RESUME_ACTIVITY]
11-16 05:42:20.066 1504 1571 I wm_stop_activity: [0,173650501,com.android.music/.VideoBrowserActivity]
11-16 05:42:20.067 1504 1572 I input_focus: [Focus request e1de84c com.android.launcher3/com.android.launcher3.uioverrides.QuickstepLauncher,reason=UpdateInputWindows]
11-16 05:42:20.068 10648 10648 I wm_on_paused_called: [173650501,com.android.music.VideoBrowserActivity,performPause]
11-16 05:42:20.069 1504 1571 I sysui_multi_action: [757,803,799,window_time_0,802,3]
11-16 05:42:20.072 10648 10648 I wm_on_stop_called: [173650501,com.android.music.VideoBrowserActivity,STOP_ACTIVITY_ITEM]
11-16 05:42:20.075 1504 1571 I sysui_multi_action: [757,803,799,window_time_0,802,0]
11-16 05:42:20.078 1504 1682 I input_focus: [Focus leaving a4c85a2 com.android.music/com.android.music.MusicBrowserActivity (server),reason=setFocusedWindow]
11-16 05:42:20.078 1504 1682 I input_focus: [Focus entering e1de84c com.android.launcher3/com.android.launcher3.uioverrides.QuickstepLauncher (server),reason=setFocusedWindow]
11-16 05:42:20.094 2496 2496 I wm_on_top_resumed_gained_called: [50203839,com.android.launcher3.uioverrides.QuickstepLauncher,topStateChangedWhenResumed]
11-16 05:42:21.346 1504 1682 I input_interaction: Interaction with: e1de84c com.android.launcher3/com.android.launcher3.uioverrides.QuickstepLauncher (server), c74be60 com.android.systemui.ImageWallpaper (server), edge-swipe (server), swipe-up (server), PointerEventDispatcher0 (server),
11-16 05:42:21.490 2496 2496 I view_enqueue_input_event: [Motion - Cancel,com.android.launcher3/com.android.launcher3.uioverrides.QuickstepLauncher]
11-16 05:42:21.498 1504 1682 I input_interaction: Interaction with: edge-swipe (server), swipe-up (server), PointerEventDispatcher0 (server),
11-16 05:42:21.687 1504 1666 I commit_sys_config_file: [settings-1-0,9]
11-16 05:42:21.936 1504 1666 I commit_sys_config_file: [settings-1-0,7]
11-16 05:42:22.045 1504 7432 I wm_finish_activity: [0,107361483,457,com.android.music/.MusicBrowserActivity,app-request]
11-16 05:42:22.057 1504 7432 I wm_pause_activity: [0,107361483,com.android.music/.MusicBrowserActivity,userLeaving=false,finish]
11-16 05:42:22.062 10648 10648 I wm_on_paused_called: [107361483,com.android.music.MusicBrowserActivity,performPause]
11-16 05:42:22.071 1504 2493 I wm_destroy_activity: [0,107361483,457,com.android.music/.MusicBrowserActivity,finish-imm:completePausedLocked]
11-16 05:42:22.091 1504 1571 I sysui_multi_action: [757,803,799,window_time_0,802,2]
11-16 05:42:22.097 10648 10648 I wm_on_stop_called: [107361483,com.android.music.MusicBrowserActivity,LIFECYCLER_STOP_ACTIVITY]
11-16 05:42:22.111 10648 10648 I wm_on_destroy_called: [107361483,com.android.music.MusicBrowserActivity,performDestroy]
11-16 05:42:22.131 1504 4276 I sysui_multi_action: [757,856,758,2,806,com.android.music,857,Channel-music,858,2]
11-16 05:42:22.133 1504 1504 I notification_cancel_all: [1000,1504,com.android.music,0,0,0,20,NULL]
11-16 05:42:22.381 1504 1572 I wm_task_removed: [457,removeChild:removeChild last r=ActivityRecord{66634cb u0 com.android.music/.MusicBrowserActivity t-1 f}} in t=Task{be87c8e #457 type=standard A=10086:android.task.music U=0 visible=false mode=freeform translucent=true sz=0}]
11-16 05:42:22.381 1504 1572 I wm_task_removed: [457,removeChild]
11-16 05:42:22.392 1504 1570 I commit_sys_config_file: [notification-policy,8321850]
11-16 05:42:57.909 1504 1682 I input_interaction: Interaction with: e1de84c com.android.launcher3/com.android.launcher3.uioverrides.QuickstepLauncher (server), c74be60 com.android.systemui.ImageWallpaper (server), edge-swipe (server), swipe-up (server), PointerEventDispatcher0 (server),
11-16 05:42:58.026 1504 7432 I wm_task_created: [458,-1]
11-16 05:42:58.030 1504 7432 I wm_task_moved: [458,1,7]
11-16 05:42:58.030 1504 7432 I wm_task_to_front: [0,458]
11-16 05:42:58.031 1504 7432 I wm_create_task: [0,458]
11-16 05:42:58.031 1504 7432 I wm_create_activity: [0,47770276,458,com.android.music/.MusicBrowserActivity,NULL,NULL,NULL,268468224]
11-16 05:42:58.031 1504 7432 I wm_task_moved: [458,1,7]
11-16 05:42:58.036 1504 7432 I wm_restart_activity: [0,47770276,458,com.android.music/.MusicBrowserActivity]
11-16 05:42:58.038 1504 7432 I wm_set_resumed_activity: [0,com.android.music/.MusicBrowserActivity,minimalResumeActivityLocked]
11-16 05:42:58.052 2496 2496 I wm_on_top_resumed_lost_called: [50203839,com.android.launcher3.uioverrides.QuickstepLauncher,topStateChangedWhenResumed]
11-16 05:42:58.099 10648 10648 I wm_on_create_called: [47770276,com.android.music.MusicBrowserActivity,performCreate]
11-16 05:42:58.108 10648 10648 I wm_on_start_called: [47770276,com.android.music.MusicBrowserActivity,handleStartActivity]
11-16 05:42:58.109 10648 10648 I wm_on_resume_called: [47770276,com.android.music.MusicBrowserActivity,RESUME_ACTIVITY]
11-16 05:42:58.111 10648 10648 I wm_on_top_resumed_gained_called: [47770276,com.android.music.MusicBrowserActivity,topStateChangedWhenResumed]
11-16 05:42:58.124 1504 4303 I sysui_multi_action: [757,856,758,1,806,com.android.music,857,Channel-music,858,2]
11-16 05:42:58.129 1504 1504 I notification_enqueue: [10086,10648,com.android.music,1,NULL,0,Notification(channel=Channel-music shortcut=null contentView=null vibrate=null sound=null defaults=0x0 flags=0x0 color=0x00000000 category=transport actions=3 vis=PRIVATE),0]
11-16 05:42:58.129 1504 1504 I notification_enqueue: [10086,10648,com.android.music,1,NULL,0,Notification(channel=Channel-music shortcut=null contentView=null vibrate=null sound=null defaults=0x0 flags=0x40 color=0x00000000 category=transport actions=3 vis=PRIVATE),0]
11-16 05:42:58.136 1504 1504 I notification_enqueue: [10086,10648,com.android.music,1,NULL,0,Notification(channel=Channel-music shortcut=null contentView=null vibrate=null sound=null defaults=0x0 flags=0x40 color=0x00000000 category=transport actions=3 vis=PRIVATE),0]
11-16 05:42:58.143 1504 1504 I notification_enqueue: [10086,10648,com.android.music,1,NULL,0,Notification(channel=Channel-music shortcut=null contentView=null vibrate=null sound=null defaults=0x0 flags=0x40 color=0x00000000 category=transport actions=3 vis=PRIVATE),0]
11-16 05:42:58.144 1504 1504 I notification_enqueue: [10086,10648,com.android.music,1,NULL,0,Notification(channel=Channel-music shortcut=null contentView=null vibrate=null sound=null defaults=0x0 flags=0x40 color=0x00000000 category=transport actions=3 vis=PRIVATE),0]
11-16 05:42:58.146 1504 1504 I notification_enqueue: [10086,10648,com.android.music,1,NULL,0,Notification(channel=Channel-music shortcut=null contentView=null vibrate=null sound=null defaults=0x0 flags=0x40 color=0x00000000 category=transport actions=3 vis=PRIVATE),0]
11-16 05:42:58.154 1504 1572 I input_focus: [Focus request 10324ca com.android.music/com.android.music.MusicBrowserActivity,reason=UpdateInputWindows]
11-16 05:42:58.171 1504 1568 I sysui_multi_action: [319,147,322,146,325,8367,757,761,758,8,759,2,806,com.android.music,871,com.android.music.MusicBrowserActivity,904,android,905,0,1320,4,1321,5]
11-16 05:42:58.172 1504 1504 I sysui_multi_action: [757,128,758,5,759,8,793,43,794,0,795,43,796,1,806,com.android.music,857,Channel-music,858,2,947,0,1500,43,1641,transport,1688,1,1745,1043716538]
11-16 05:42:58.172 1504 1504 I notification_canceled: [0|com.android.music|1|null|10086,8,43,43,0,-1,-1,NULL]
11-16 05:42:58.174 1504 1568 I wm_activity_launch_time: [0,47770276,com.android.music/.MusicBrowserActivity,146]
11-16 05:42:58.184 1504 1682 I input_focus: [Focus leaving e1de84c com.android.launcher3/com.android.launcher3.uioverrides.QuickstepLauncher (server),reason=setFocusedWindow]
11-16 05:42:58.184 1504 1682 I input_focus: [Focus entering 10324ca com.android.music/com.android.music.MusicBrowserActivity (server),reason=setFocusedWindow]
11-16 05:42:58.380 1504 1570 I commit_sys_config_file: [notification-policy,8357839]
11-16 05:42:59.820 2496 2496 I view_enqueue_input_event: [Motion - Cancel,com.android.launcher3/com.android.launcher3.uioverrides.QuickstepLauncher]
11-16 05:42:59.821 1504 1682 I input_interaction: Interaction with: edge-swipe (server), swipe-up (server), PointerEventDispatcher0 (server),
11-16 05:43:00.155 1504 7432 I wm_task_moved: [280,1,7]
11-16 05:43:00.157 10648 10648 I wm_on_top_resumed_lost_called: [47770276,com.android.music.MusicBrowserActivity,topStateChangedWhenResumed]
11-16 05:43:00.157 1504 7432 I wm_set_resumed_activity: [0,com.android.launcher3/.uioverrides.QuickstepLauncher,positionChildAt]
11-16 05:43:00.157 1504 7432 I wm_task_moved: [281,1,2147483647]
11-16 05:43:00.157 1504 7432 I wm_task_to_front: [0,281]
11-16 05:43:00.157 1504 7432 I wm_focused_root_task: [0,0,280,458,bringingFoundTaskToFront]
11-16 05:43:00.157 1504 7432 I wm_set_resumed_activity: [0,com.android.launcher3/.uioverrides.QuickstepLauncher,bringingFoundTaskToFront]
11-16 05:43:00.158 1504 7432 I wm_new_intent: [0,50203839,281,com.android.launcher3/.uioverrides.QuickstepLauncher,android.intent.action.MAIN,NULL,NULL,268500992]
11-16 05:43:00.159 1504 7432 I wm_task_moved: [280,1,7]
11-16 05:43:00.159 1504 7432 I wm_set_resumed_activity: [0,com.android.launcher3/.uioverrides.QuickstepLauncher,positionChildAt]
11-16 05:43:00.168 1504 1572 I input_focus: [Focus request e1de84c com.android.launcher3/com.android.launcher3.uioverrides.QuickstepLauncher,reason=UpdateInputWindows]
11-16 05:43:00.169 2496 2496 I wm_on_paused_called: [50203839,com.android.launcher3.uioverrides.QuickstepLauncher,performPause]
11-16 05:43:00.170 2496 2496 I wm_on_resume_called: [50203839,com.android.launcher3.uioverrides.QuickstepLauncher,LIFECYCLER_RESUME_ACTIVITY]
11-16 05:43:00.171 2496 2496 I wm_on_top_resumed_gained_called: [50203839,com.android.launcher3.uioverrides.QuickstepLauncher,topStateChangedWhenResumed]
11-16 05:43:00.190 1504 1682 I input_focus: [Focus leaving 10324ca com.android.music/com.android.music.MusicBrowserActivity (server),reason=setFocusedWindow]
11-16 05:43:00.190 1504 1682 I input_focus: [Focus entering e1de84c com.android.launcher3/com.android.launcher3.uioverrides.QuickstepLauncher (server),reason=setFocusedWindow]
11-16 05:43:00.780 1504 1682 I input_interaction: Interaction with: e1de84c com.android.launcher3/com.android.launcher3.uioverrides.QuickstepLauncher (server), c74be60 com.android.systemui.ImageWallpaper (server), edge-swipe (server), swipe-up (server), PointerEventDispatcher0 (server),
11-16 05:43:00.911 2496 2496 I view_enqueue_input_event: [Motion - Cancel,com.android.launcher3/com.android.launcher3.uioverrides.QuickstepLauncher]
11-16 05:43:00.920 1504 1682 I input_interaction: Interaction with: edge-swipe (server), swipe-up (server), PointerEventDispatcher0 (server),
11-16 05:43:01.100 1504 1666 I commit_sys_config_file: [settings-1-0,11]
11-16 05:43:01.357 1504 1666 I commit_sys_config_file: [settings-1-0,11]
11-16 05:43:01.461 1504 3120 I wm_finish_activity: [0,47770276,458,com.android.music/.MusicBrowserActivity,app-request]
11-16 05:43:01.477 1504 3120 I wm_pause_activity: [0,47770276,com.android.music/.MusicBrowserActivity,userLeaving=false,finish]
11-16 05:43:01.483 10648 10648 I wm_on_paused_called: [47770276,com.android.music.MusicBrowserActivity,performPause]
11-16 05:43:01.484 1504 7432 I wm_destroy_activity: [0,47770276,458,com.android.music/.MusicBrowserActivity,finish-imm:completePausedLocked]
11-16 05:43:01.507 1504 1571 I sysui_multi_action: [757,803,799,window_time_0,802,40]
11-16 05:43:01.516 10648 10648 I wm_on_stop_called: [47770276,com.android.music.MusicBrowserActivity,LIFECYCLER_STOP_ACTIVITY]
11-16 05:43:01.533 10648 10648 I wm_on_destroy_called: [47770276,com.android.music.MusicBrowserActivity,performDestroy]
11-16 05:43:01.560 1504 3120 I sysui_multi_action: [757,856,758,2,806,com.android.music,857,Channel-music,858,2]
11-16 05:43:01.560 1504 1504 I notification_cancel_all: [1000,1504,com.android.music,0,0,0,20,NULL]
11-16 05:43:01.673 1504 1682 I input_interaction: Interaction with: e1de84c com.android.launcher3/com.android.launcher3.uioverrides.QuickstepLauncher (server), c74be60 com.android.systemui.ImageWallpaper (server), edge-swipe (server), swipe-up (server), PointerEventDispatcher0 (server),
11-16 05:43:01.791 1504 1572 I wm_task_removed: [458,removeChild:removeChild last r=ActivityRecord{2d8eaa4 u0 com.android.music/.MusicBrowserActivity t-1 f}} in t=Task{3f4c537 #458 type=standard A=10086:android.task.music U=0 visible=false mode=freeform translucent=true sz=0}]
11-16 05:43:01.791 1504 1572 I wm_task_removed: [458,removeChild]
11-16 05:43:01.816 1504 1570 I commit_sys_config_file: [notification-policy,8361274]
11-16 05:43:02.190 1504 2493 I wm_finish_activity: [0,173650501,454,com.android.music/.VideoBrowserActivity,recent-task-trimmed]
11-16 05:43:02.192 1504 2493 I wm_destroy_activity: [0,173650501,454,com.android.music/.VideoBrowserActivity,finish-imm:finishIfPossible]
11-16 05:43:02.196 10648 10648 I wm_on_destroy_called: [173650501,com.android.music.VideoBrowserActivity,performDestroy]
11-16 05:43:02.199 1504 1571 I am_kill : [0,10648,com.android.music,900,remove task]
11-16 05:43:02.202 1504 1571 I sysui_multi_action: [757,803,799,window_time_0,802,0]
11-16 05:43:02.241 1504 3120 I am_proc_died: [0,10648,com.android.music,900,18]
11-16 05:43:02.249 1504 3120 I am_uid_stopped: 10086
11-16 05:43:02.251 1504 3120 I wm_task_removed: [454,removeChild:removeChild last r=ActivityRecord{a59b245 u0 com.android.music/.VideoBrowserActivity t-1 f}} in t=Task{13ef4a7 #454 type=standard A=10086:android.task.video U=0 visible=false mode=fullscreen translucent=true sz=0}]
11-16 05:43:02.251 1504 3120 I wm_task_removed: [454,removeChild]
11-16 05:43:02.257 1504 1571 I am_uid_running: 10086
11-16 05:43:02.270 1504 1603 I am_proc_start: [0,10819,10086,com.android.music,NULL,]
11-16 05:43:02.298 1504 5212 I am_proc_bound: [0,10819,com.android.music]
11-16 05:43:03.857 1504 3120 I wm_task_created: [459,-1]
11-16 05:43:03.869 1504 3120 I wm_task_moved: [459,1,6]
11-16 05:43:03.869 1504 3120 I wm_task_to_front: [0,459]
11-16 05:43:03.869 1504 3120 I wm_create_task: [0,459]
11-16 05:43:03.869 1504 3120 I wm_create_activity: [0,268361848,459,com.android.gallery3d/.app.GalleryActivity,NULL,NULL,NULL,268468224]
11-16 05:43:03.869 1504 3120 I wm_task_moved: [459,1,6]
11-16 05:43:03.874 1504 3120 I wm_restart_activity: [0,268361848,459,com.android.gallery3d/.app.GalleryActivity]
11-16 05:43:03.877 1504 3120 I wm_set_resumed_activity: [0,com.android.gallery3d/.app.GalleryActivity,minimalResumeActivityLocked]
11-16 05:43:03.881 1504 1571 I am_uid_active: 10064
11-16 05:43:03.904 2496 2496 I wm_on_top_resumed_lost_called: [50203839,com.android.launcher3.uioverrides.QuickstepLauncher,topStateChangedWhenResumed]
11-16 05:43:03.918 10545 10545 I wm_on_create_called: [268361848,com.android.gallery3d.app.GalleryActivity,performCreate]
11-16 05:43:03.919 10545 10545 I wm_on_start_called: [268361848,com.android.gallery3d.app.GalleryActivity,handleStartActivity]
11-16 05:43:03.923 10545 10545 I wm_on_resume_called: [268361848,com.android.gallery3d.app.GalleryActivity,RESUME_ACTIVITY]
11-16 05:43:03.927 10545 10545 I wm_on_top_resumed_gained_called: [268361848,com.android.gallery3d.app.GalleryActivity,topStateChangedWhenResumed]
11-16 05:43:03.934 1504 1572 I input_focus: [Focus request e703942 com.android.gallery3d/com.android.gallery3d.app.GalleryActivity,reason=UpdateInputWindows]
11-16 05:43:03.965 1504 1682 I input_focus: [Focus leaving e1de84c com.android.launcher3/com.android.launcher3.uioverrides.QuickstepLauncher (server),reason=Waiting for window because NOT_VISIBLE]
11-16 05:43:03.974 1504 1568 I sysui_multi_action: [319,118,322,118,325,8373,757,761,758,8,759,2,806,com.android.gallery3d,871,com.android.gallery3d.app.GalleryActivity,904,com.android.launcher3,905,0,1320,4,1321,1]
11-16 05:43:03.975 1504 1568 I wm_activity_launch_time: [0,268361848,com.android.gallery3d/.app.GalleryActivity,118]
11-16 05:43:03.981 1504 1682 I input_focus: [Focus entering e703942 com.android.gallery3d/com.android.gallery3d.app.GalleryActivity (server),reason=Window became focusable. Previous reason: NOT_VISIBLE]
11-16 05:43:04.725 1504 2099 I wm_task_created: [460,-1]
11-16 05:43:04.732 1504 2099 I wm_task_moved: [460,1,7]
11-16 05:43:04.732 1504 2099 I wm_task_to_front: [0,460]
11-16 05:43:04.733 1504 2099 I wm_create_task: [0,460]
11-16 05:43:04.733 1504 2099 I wm_create_activity: [0,252543138,460,com.android.music/.VideoBrowserActivity,android.intent.action.MAIN,NULL,NULL,270532608]
11-16 05:43:04.733 1504 2099 I wm_task_moved: [460,1,7]
11-16 05:43:04.733 10545 10545 I wm_on_top_resumed_lost_called: [268361848,com.android.gallery3d.app.GalleryActivity,topStateChangedWhenResumed]
11-16 05:43:04.737 1504 2099 I wm_pause_activity: [0,50203839,com.android.launcher3/.uioverrides.QuickstepLauncher,userLeaving=true,pauseBackTasks]
11-16 05:43:04.748 2496 2496 I wm_on_paused_called: [50203839,com.android.launcher3.uioverrides.QuickstepLauncher,performPause]
11-16 05:43:04.751 1504 2493 I wm_add_to_stopping: [0,50203839,com.android.launcher3/.uioverrides.QuickstepLauncher,makeInvisible]
11-16 05:43:04.752 1504 2493 I wm_restart_activity: [0,252543138,460,com.android.music/.VideoBrowserActivity]
11-16 05:43:04.754 1504 2493 I wm_set_resumed_activity: [0,com.android.music/.VideoBrowserActivity,minimalResumeActivityLocked]
11-16 05:43:04.759 1504 1571 I am_uid_active: 10086
11-16 05:43:04.766 1504 1571 I sysui_multi_action: [757,803,799,window_time_0,802,3]
11-16 05:43:04.794 10819 10819 I wm_on_create_called: [252543138,com.android.music.VideoBrowserActivity,performCreate]
11-16 05:43:04.794 10819 10819 I wm_on_start_called: [252543138,com.android.music.VideoBrowserActivity,handleStartActivity]
11-16 05:43:04.795 10819 10819 I wm_on_resume_called: [252543138,com.android.music.VideoBrowserActivity,RESUME_ACTIVITY]
11-16 05:43:04.799 10819 10819 I wm_on_top_resumed_gained_called: [252543138,com.android.music.VideoBrowserActivity,topStateChangedWhenResumed]
11-16 05:43:04.802 1504 1572 I input_focus: [Focus request a3b5652 com.android.music/com.android.music.VideoBrowserActivity,reason=UpdateInputWindows]
11-16 05:43:04.836 1504 1682 I input_focus: [Focus leaving e703942 com.android.gallery3d/com.android.gallery3d.app.GalleryActivity (server),reason=setFocusedWindow]
11-16 05:43:04.836 1504 1682 I input_focus: [Focus entering a3b5652 com.android.music/com.android.music.VideoBrowserActivity (server),reason=setFocusedWindow]
11-16 05:43:04.836 1504 1568 I sysui_multi_action: [319,73,321,71,322,117,325,8374,757,761,758,8,759,1,806,com.android.music,871,com.android.music.VideoBrowserActivity,904,com.android.launcher3,905,0,1320,4,1321,5]
11-16 05:43:04.837 1504 1568 I wm_activity_launch_time: [0,252543138,com.android.music/.VideoBrowserActivity,117]
11-16 05:43:05.347 1504 1571 I wm_stop_activity: [0,50203839,com.android.launcher3/.uioverrides.QuickstepLauncher]
11-16 05:43:05.390 2496 2496 I wm_on_stop_called: [50203839,com.android.launcher3.uioverrides.QuickstepLauncher,STOP_ACTIVITY_ITEM]
11-16 05:43:06.165 1504 1682 I input_interaction: Interaction with: a3b5652 com.android.music/com.android.music.VideoBrowserActivity (server), edge-swipe (server), swipe-up (server), PointerEventDispatcher0 (server),
11-16 05:43:06.179 1504 4613 I wm_task_moved: [280,0,0]
11-16 05:43:06.180 1504 4613 I wm_task_moved: [280,0,6]
11-16 05:43:06.181 1504 1504 I service_manager_slow: [13,phone]
11-16 05:43:06.209 2496 2496 I wm_on_restart_called: [50203839,com.android.launcher3.uioverrides.QuickstepLauncher,performRestartActivity]
11-16 05:43:06.210 1504 4613 I wm_finish_activity: [0,268361848,459,com.android.gallery3d/.app.GalleryActivity,app-request]
11-16 05:43:06.216 1504 4613 I wm_pause_activity: [0,268361848,com.android.gallery3d/.app.GalleryActivity,userLeaving=false,finish]
11-16 05:43:06.229 10545 10545 I wm_on_paused_called: [268361848,com.android.gallery3d.app.GalleryActivity,performPause]
11-16 05:43:06.230 1504 5212 I wm_destroy_activity: [0,268361848,459,com.android.gallery3d/.app.GalleryActivity,finish-imm:completePausedLocked]
11-16 05:43:06.234 2496 2496 I wm_on_start_called: [50203839,com.android.launcher3.uioverrides.QuickstepLauncher,handleStartActivity]
11-16 05:43:06.246 10545 10545 I wm_on_stop_called: [268361848,com.android.gallery3d.app.GalleryActivity,LIFECYCLER_STOP_ACTIVITY]
11-16 05:43:06.248 1504 1571 I sysui_multi_action: [757,803,799,window_time_0,802,1]
11-16 05:43:06.252 10545 10545 I wm_on_destroy_called: [268361848,com.android.gallery3d.app.GalleryActivity,performDestroy]
11-16 05:43:06.258 1504 1568 I sysui_multi_action: [319,12,322,74,325,8375,757,761,758,9,759,5,806,com.android.launcher3,871,com.android.launcher3.uioverrides.QuickstepLauncher,904,com.android.launcher3,905,0,1320,8,1321,5]
11-16 05:43:06.267 1504 5212 I wm_task_removed: [459,removeChild:removeChild last r=ActivityRecord{ffee078 u0 com.android.gallery3d/.app.GalleryActivity t-1 f}} in t=Task{acc5ddb #459 type=standard A=10064:com.android.gallery3d U=0 visible=false mode=freeform translucent=true sz=0}]
11-16 05:43:06.267 1504 5212 I wm_task_removed: [459,removeChild]
11-16 05:43:06.275 2496 2496 I sysui_latency: [1,86]
11-16 05:43:06.277 10819 10819 I view_enqueue_input_event: [Motion - Cancel,com.android.music/com.android.music.VideoBrowserActivity]
11-16 05:43:06.278 1504 1572 I input_focus: [Focus request recents_animation_input_consumer,reason=UpdateInputWindows]
11-16 05:43:06.289 1504 1682 I input_interaction: Interaction with: edge-swipe (server), swipe-up (server), PointerEventDispatcher0 (server),
11-16 05:43:06.303 1504 1682 I input_focus: [Focus leaving a3b5652 com.android.music/com.android.music.VideoBrowserActivity (server),reason=NOT_FOCUSABLE]
11-16 05:43:06.303 1504 1682 I input_focus: [Focus entering recents_animation_input_consumer (server),reason=setFocusedWindow]
11-16 05:43:06.440 1504 1666 I commit_sys_config_file: [settings-1-0,6]
11-16 05:43:06.555 1504 1598 I sysui_latency: [8,83]
11-16 05:43:07.402 1504 1666 I commit_sys_config_file: [settings-1-0,5]
11-16 05:43:08.553 1504 1682 I input_interaction: Interaction with: e1de84c com.android.launcher3/com.android.launcher3.uioverrides.QuickstepLauncher (server), edge-swipe (server), swipe-up (server), PointerEventDispatcher0 (server),
11-16 05:43:09.020 1504 2504 I wm_add_to_stopping: [0,50203839,com.android.launcher3/.uioverrides.QuickstepLauncher,makeInvisible]
11-16 05:43:09.032 1504 1572 I input_focus: [Focus request a3b5652 com.android.music/com.android.music.VideoBrowserActivity,reason=UpdateInputWindows]
11-16 05:43:09.035 1504 1571 I wm_stop_activity: [0,50203839,com.android.launcher3/.uioverrides.QuickstepLauncher]
11-16 05:43:09.048 1504 1682 I input_focus: [Focus leaving recents_animation_input_consumer (server),reason=NOT_VISIBLE]
11-16 05:43:09.049 1504 1682 I input_focus: [Focus entering a3b5652 com.android.music/com.android.music.VideoBrowserActivity (server),reason=setFocusedWindow]
11-16 05:43:09.066 1504 1822 I wm_task_created: [461,-1]
11-16 05:43:09.069 1504 1822 I wm_task_moved: [461,1,7]
11-16 05:43:09.069 1504 1822 I wm_task_to_front: [0,461]
11-16 05:43:09.069 1504 1822 I wm_create_task: [0,461]
11-16 05:43:09.069 1504 1822 I wm_create_activity: [0,217673948,461,com.android.gallery3d/.app.GalleryActivity,NULL,NULL,NULL,268468224]
11-16 05:43:09.069 1504 1822 I wm_task_moved: [461,1,7]
11-16 05:43:09.069 10819 10819 I wm_on_top_resumed_lost_called: [252543138,com.android.music.VideoBrowserActivity,topStateChangedWhenResumed]
11-16 05:43:09.071 1504 1822 I wm_restart_activity: [0,217673948,461,com.android.gallery3d/.app.GalleryActivity]
11-16 05:43:09.073 1504 1822 I wm_set_resumed_activity: [0,com.android.gallery3d/.app.GalleryActivity,minimalResumeActivityLocked]
11-16 05:43:09.103 10545 10545 I wm_on_create_called: [217673948,com.android.gallery3d.app.GalleryActivity,performCreate]
11-16 05:43:09.104 10545 10545 I wm_on_start_called: [217673948,com.android.gallery3d.app.GalleryActivity,handleStartActivity]
11-16 05:43:09.105 2496 2496 I wm_on_stop_called: [50203839,com.android.launcher3.uioverrides.QuickstepLauncher,STOP_ACTIVITY_ITEM]
11-16 05:43:09.107 10545 10545 I wm_on_resume_called: [217673948,com.android.gallery3d.app.GalleryActivity,RESUME_ACTIVITY]
11-16 05:43:09.109 10545 10545 I wm_on_top_resumed_gained_called: [217673948,com.android.gallery3d.app.GalleryActivity,topStateChangedWhenResumed]
11-16 05:43:09.129 1504 1572 I input_focus: [Focus request 480ff74 com.android.gallery3d/com.android.gallery3d.app.GalleryActivity,reason=UpdateInputWindows]
11-16 05:43:09.160 1504 1682 I input_focus: [Focus leaving a3b5652 com.android.music/com.android.music.VideoBrowserActivity (server),reason=Waiting for window because NOT_VISIBLE]
11-16 05:43:09.166 1504 1568 I sysui_multi_action: [319,99,322,99,325,8378,757,761,758,8,759,2,806,com.android.gallery3d,871,com.android.gallery3d.app.GalleryActivity,904,android,905,0,1320,4,1321,1]
11-16 05:43:09.169 1504 1568 I wm_activity_launch_time: [0,217673948,com.android.gallery3d/.app.GalleryActivity,99]
11-16 05:43:09.177 1504 1682 I input_focus: [Focus entering 480ff74 com.android.gallery3d/com.android.gallery3d.app.GalleryActivity (server),reason=Window became focusable. Previous reason: NOT_VISIBLE]
11-16 05:43:09.679 1504 1601 I am_uid_idle: 10051
11-16 05:43:10.213 1504 1682 I input_interaction: Interaction with: a3b5652 com.android.music/com.android.music.VideoBrowserActivity (server), edge-swipe (server), swipe-up (server), PointerEventDispatcher0 (server),
11-16 05:43:10.217 1504 1571 I wm_task_moved: [460,1,7]
11-16 05:43:10.217 1504 1571 I wm_task_to_front: [0,460]
11-16 05:43:10.228 1504 1571 I wm_set_resumed_activity: [0,com.android.music/.VideoBrowserActivity,positionChildAt]
11-16 05:43:10.228 1504 1571 I wm_focused_root_task: [0,0,460,461,setFocusedTask]
11-16 05:43:10.228 10545 10545 I wm_on_top_resumed_lost_called: [217673948,com.android.gallery3d.app.GalleryActivity,topStateChangedWhenResumed]
11-16 05:43:10.228 1504 1571 I wm_set_resumed_activity: [0,com.android.music/.VideoBrowserActivity,setFocusedTask]
11-16 05:43:10.230 1504 1572 I input_focus: [Focus request a3b5652 com.android.music/com.android.music.VideoBrowserActivity,reason=UpdateInputWindows]
11-16 05:43:10.234 1504 2099 I wm_task_moved: [280,0,0]
11-16 05:43:10.234 1504 2099 I wm_task_moved: [280,0,6]
11-16 05:43:10.235 10819 10819 I wm_on_top_resumed_gained_called: [252543138,com.android.music.VideoBrowserActivity,topStateChangedWhenResumed]
11-16 05:43:10.246 2496 2496 I wm_on_restart_called: [50203839,com.android.launcher3.uioverrides.QuickstepLauncher,performRestartActivity]
11-16 05:43:10.247 1504 1682 I input_focus: [Focus leaving 480ff74 com.android.gallery3d/com.android.gallery3d.app.GalleryActivity (server),reason=setFocusedWindow]
11-16 05:43:10.247 1504 1682 I input_focus: [Focus entering a3b5652 com.android.music/com.android.music.VideoBrowserActivity (server),reason=setFocusedWindow]
11-16 05:43:10.262 1504 2493 I wm_finish_activity: [0,217673948,461,com.android.gallery3d/.app.GalleryActivity,app-request]
11-16 05:43:10.276 1504 2493 I wm_pause_activity: [0,217673948,com.android.gallery3d/.app.GalleryActivity,userLeaving=false,finish]
11-16 05:43:10.280 10545 10545 I wm_on_paused_called: [217673948,com.android.gallery3d.app.GalleryActivity,performPause]
11-16 05:43:10.283 1504 2099 I wm_destroy_activity: [0,217673948,461,com.android.gallery3d/.app.GalleryActivity,finish-imm:completePausedLocked]
11-16 05:43:10.293 10545 10545 I wm_on_stop_called: [217673948,com.android.gallery3d.app.GalleryActivity,LIFECYCLER_STOP_ACTIVITY]
11-16 05:43:10.298 10545 10545 I wm_on_destroy_called: [217673948,com.android.gallery3d.app.GalleryActivity,performDestroy]
11-16 05:43:10.298 1504 1571 I sysui_multi_action: [757,803,799,window_time_0,802,4]
11-16 05:43:10.303 2496 2496 I wm_on_start_called: [50203839,com.android.launcher3.uioverrides.QuickstepLauncher,handleStartActivity]
11-16 05:43:10.313 1504 5212 I wm_task_removed: [461,removeChild:removeChild last r=ActivityRecord{cf970dc u0 com.android.gallery3d/.app.GalleryActivity t-1 f}} in t=Task{7224fae #461 type=standard A=10064:com.android.gallery3d U=0 visible=false mode=freeform translucent=true sz=0}]
11-16 05:43:10.313 1504 5212 I wm_task_removed: [461,removeChild]
11-16 05:43:10.322 1504 1568 I sysui_multi_action: [319,9,322,83,325,8379,757,761,758,9,759,5,806,com.android.launcher3,871,com.android.launcher3.uioverrides.QuickstepLauncher,904,com.android.launcher3,905,0,1320,8,1321,5]
11-16 05:43:10.356 10819 10819 I view_enqueue_input_event: [Motion - Cancel,com.android.music/com.android.music.VideoBrowserActivity]
11-16 05:43:10.357 2496 2496 I sysui_latency: [1,101]
11-16 05:43:10.362 1504 1572 I input_focus: [Focus request recents_animation_input_consumer,reason=UpdateInputWindows]
11-16 05:43:10.391 1504 1682 I input_interaction: Interaction with: edge-swipe (server), swipe-up (server), PointerEventDispatcher0 (server),
11-16 05:43:10.396 1504 1682 I input_focus: [Focus leaving a3b5652 com.android.music/com.android.music.VideoBrowserActivity (server),reason=NOT_FOCUSABLE]
11-16 05:43:10.397 1504 1682 I input_focus: [Focus entering recents_animation_input_consumer (server),reason=setFocusedWindow]
11-16 05:43:10.507 1504 1666 I commit_sys_config_file: [settings-1-0,3]
11-16 05:43:10.619 1504 1598 I sysui_latency: [8,99]
11-16 05:43:11.077 1504 1682 I input_interaction: Interaction with: e1de84c com.android.launcher3/com.android.launcher3.uioverrides.QuickstepLauncher (server), edge-swipe (server), swipe-up (server), PointerEventDispatcher0 (server),
11-16 05:43:11.202 2496 2496 I view_enqueue_input_event: [Motion - Cancel,com.android.launcher3/com.android.launcher3.uioverrides.QuickstepLauncher]
11-16 05:43:11.205 1504 1682 I input_interaction: Interaction with: edge-swipe (server), swipe-up (server), PointerEventDispatcher0 (server),
11-16 05:43:11.243 1504 1666 I commit_sys_config_file: [settings-1-0,12]
11-16 05:43:12.160 1504 1682 I input_interaction: Interaction with: e1de84c com.android.launcher3/com.android.launcher3.uioverrides.QuickstepLauncher (server), edge-swipe (server), swipe-up (server), PointerEventDispatcher0 (server),
11-16 05:43:12.580 1504 4613 I wm_task_moved: [280,1,6]
11-16 05:43:12.587 1504 4613 I wm_focused_root_task: [0,0,280,460,RecentsAnimation.onAnimationFinished()]
11-16 05:43:12.587 10819 10819 I wm_on_top_resumed_lost_called: [252543138,com.android.music.VideoBrowserActivity,topStateChangedWhenResumed]
11-16 05:43:12.590 1504 4613 I wm_pause_activity: [0,252543138,com.android.music/.VideoBrowserActivity,userLeaving=false,pauseBackTasks]
11-16 05:43:12.593 1504 4613 I wm_set_resumed_activity: [0,com.android.launcher3/.uioverrides.QuickstepLauncher,resumeTopActivityInnerLocked]
11-16 05:43:12.595 1504 4613 I wm_resume_activity: [0,50203839,281,com.android.launcher3/.uioverrides.QuickstepLauncher]
11-16 05:43:12.595 1504 4613 I wm_add_to_stopping: [0,252543138,com.android.music/.VideoBrowserActivity,makeInvisible]
11-16 05:43:12.605 2496 2496 I wm_on_resume_called: [50203839,com.android.launcher3.uioverrides.QuickstepLauncher,RESUME_ACTIVITY]
11-16 05:43:12.618 1504 1572 I input_focus: [Focus request e1de84c com.android.launcher3/com.android.launcher3.uioverrides.QuickstepLauncher,reason=UpdateInputWindows]
11-16 05:43:12.620 10819 10819 I wm_on_paused_called: [252543138,com.android.music.VideoBrowserActivity,performPause]
11-16 05:43:12.629 1504 2493 I wm_stop_activity: [0,252543138,com.android.music/.VideoBrowserActivity]
11-16 05:43:12.630 1504 1571 I sysui_multi_action: [757,803,799,window_time_0,802,3]
11-16 05:43:12.634 2496 2496 I wm_on_top_resumed_gained_called: [50203839,com.android.launcher3.uioverrides.QuickstepLauncher,topStateChangedWhenResumed]
11-16 05:43:12.640 1504 1682 I input_focus: [Focus leaving recents_animation_input_consumer (server),reason=NOT_VISIBLE]
11-16 05:43:12.640 1504 1682 I input_focus: [Focus entering e1de84c com.android.launcher3/com.android.launcher3.uioverrides.QuickstepLauncher (server),reason=setFocusedWindow]
11-16 05:43:12.648 10819 10819 I wm_on_stop_called: [252543138,com.android.music.VideoBrowserActivity,STOP_ACTIVITY_ITEM]
11-16 05:43:12.679 1504 1682 I input_interaction: Interaction with: e1de84c com.android.launcher3/com.android.launcher3.uioverrides.QuickstepLauncher (server), c74be60 com.android.systemui.ImageWallpaper (server), edge-swipe (server), swipe-up (server), PointerEventDispatcher0 (server),
11-16 05:43:12.680 1504 1571 I am_kill : [0,10545,com.android.gallery3d,900,remove task]
11-16 05:43:12.681 1504 1571 I sysui_multi_action: [757,803,799,window_time_0,802,0]
11-16 05:43:12.715 1504 4276 I am_proc_died: [0,10545,com.android.gallery3d,900,18]
11-16 05:43:12.716 1504 4276 I am_uid_stopped: 10064
11-16 05:43:12.718 1504 6071 I wm_finish_activity: [0,252543138,460,com.android.music/.VideoBrowserActivity,recent-task-trimmed]
11-16 05:43:12.719 1504 6071 I wm_destroy_activity: [0,252543138,460,com.android.music/.VideoBrowserActivity,finish-imm:finishIfPossible]
11-16 05:43:12.720 1504 1571 I am_uid_running: 10064
11-16 05:43:12.722 10819 10819 I wm_on_destroy_called: [252543138,com.android.music.VideoBrowserActivity,performDestroy]
11-16 05:43:12.723 1504 1571 I am_kill : [0,10819,com.android.music,905,remove task]
11-16 05:43:12.723 1504 1571 I sysui_multi_action: [757,803,799,window_time_0,802,0]
11-16 05:43:12.730 1504 1603 I am_proc_start: [0,10888,10064,com.android.gallery3d,NULL,]
11-16 05:43:12.751 1504 6071 I am_proc_died: [0,10819,com.android.music,905,19]
11-16 05:43:12.754 1504 6071 I am_uid_stopped: 10086
11-16 05:43:12.756 1504 6071 I wm_task_removed: [460,removeChild:removeChild last r=ActivityRecord{f0d80a2 u0 com.android.music/.VideoBrowserActivity t-1 f}} in t=Task{ac281fa #460 type=standard A=10086:android.task.video U=0 visible=false mode=fullscreen translucent=true sz=0}]
11-16 05:43:12.756 1504 6071 I wm_task_removed: [460,removeChild]
11-16 05:43:12.758 1504 4613 I am_proc_bound: [0,10888,com.android.gallery3d]
11-16 05:43:12.766 1504 1571 I am_uid_running: 10086
11-16 05:43:12.777 1504 1603 I am_proc_start: [0,10903,10086,com.android.music,NULL,]
11-16 05:43:12.810 1504 6071 I am_proc_bound: [0,10903,com.android.music]
11-16 05:43:14.670 1504 6071 I wm_task_created: [462,-1]
11-16 05:43:14.678 1504 6071 I wm_task_moved: [462,1,6]
11-16 05:43:14.678 1504 6071 I wm_task_to_front: [0,462]
11-16 05:43:14.678 1504 6071 I wm_create_task: [0,462]
11-16 05:43:14.678 1504 6071 I wm_create_activity: [0,84284563,462,com.android.gallery3d/.app.GalleryActivity,NULL,NULL,NULL,268468224]
11-16 05:43:14.679 1504 6071 I wm_task_moved: [462,1,6]
11-16 05:43:14.682 1504 6071 I wm_restart_activity: [0,84284563,462,com.android.gallery3d/.app.GalleryActivity]
11-16 05:43:14.683 1504 6071 I wm_set_resumed_activity: [0,com.android.gallery3d/.app.GalleryActivity,minimalResumeActivityLocked]
11-16 05:43:14.691 1504 1571 I am_uid_active: 10064
11-16 05:43:14.696 2496 2496 I wm_on_top_resumed_lost_called: [50203839,com.android.launcher3.uioverrides.QuickstepLauncher,topStateChangedWhenResumed]
11-16 05:43:14.742 10888 10888 I wm_on_create_called: [84284563,com.android.gallery3d.app.GalleryActivity,performCreate]
11-16 05:43:14.743 10888 10888 I wm_on_start_called: [84284563,com.android.gallery3d.app.GalleryActivity,handleStartActivity]
11-16 05:43:14.748 10888 10888 I wm_on_resume_called: [84284563,com.android.gallery3d.app.GalleryActivity,RESUME_ACTIVITY]
11-16 05:43:14.754 10888 10888 I wm_on_top_resumed_gained_called: [84284563,com.android.gallery3d.app.GalleryActivity,topStateChangedWhenResumed]
11-16 05:43:14.762 1504 1572 I input_focus: [Focus request a73a239 com.android.gallery3d/com.android.gallery3d.app.GalleryActivity,reason=UpdateInputWindows]
11-16 05:43:14.791 1504 1682 I input_focus: [Focus leaving e1de84c com.android.launcher3/com.android.launcher3.uioverrides.QuickstepLauncher (server),reason=Waiting for window because NOT_VISIBLE]
11-16 05:43:14.832 1504 1568 I sysui_multi_action: [319,161,322,161,325,8384,757,761,758,8,759,2,806,com.android.gallery3d,871,com.android.gallery3d.app.GalleryActivity,904,com.android.launcher3,905,0,1320,4,1321,1]
11-16 05:43:14.834 1504 1568 I wm_activity_launch_time: [0,84284563,com.android.gallery3d/.app.GalleryActivity,161]
11-16 05:43:14.841 1504 1682 I input_focus: [Focus entering a73a239 com.android.gallery3d/com.android.gallery3d.app.GalleryActivity (server),reason=Window became focusable. Previous reason: NOT_VISIBLE]
11-16 05:43:16.079 1504 3120 I wm_task_created: [463,-1]
11-16 05:43:16.084 1504 3120 I wm_task_moved: [463,1,7]
11-16 05:43:16.084 1504 3120 I wm_task_to_front: [0,463]
11-16 05:43:16.085 1504 3120 I wm_create_task: [0,463]
11-16 05:43:16.085 1504 3120 I wm_create_activity: [0,90817471,463,com.android.music/.VideoBrowserActivity,android.intent.action.MAIN,NULL,NULL,270532608]
11-16 05:43:16.085 1504 3120 I wm_task_moved: [463,1,7]
11-16 05:43:16.085 10888 10888 I wm_on_top_resumed_lost_called: [84284563,com.android.gallery3d.app.GalleryActivity,topStateChangedWhenResumed]
11-16 05:43:16.088 1504 3120 I wm_pause_activity: [0,50203839,com.android.launcher3/.uioverrides.QuickstepLauncher,userLeaving=true,pauseBackTasks]
11-16 05:43:16.103 2496 2496 I wm_on_paused_called: [50203839,com.android.launcher3.uioverrides.QuickstepLauncher,performPause]
11-16 05:43:16.110 1504 4613 I wm_add_to_stopping: [0,50203839,com.android.launcher3/.uioverrides.QuickstepLauncher,makeInvisible]
11-16 05:43:16.112 1504 4613 I wm_restart_activity: [0,90817471,463,com.android.music/.VideoBrowserActivity]
11-16 05:43:16.113 1504 4613 I wm_set_resumed_activity: [0,com.android.music/.VideoBrowserActivity,minimalResumeActivityLocked]
11-16 05:43:16.126 1504 1571 I am_uid_active: 10086
11-16 05:43:16.129 1504 1571 I sysui_multi_action: [757,803,799,window_time_0,802,3]
11-16 05:43:16.170 10903 10903 I wm_on_create_called: [90817471,com.android.music.VideoBrowserActivity,performCreate]
11-16 05:43:16.170 10903 10903 I wm_on_start_called: [90817471,com.android.music.VideoBrowserActivity,handleStartActivity]
11-16 05:43:16.171 10903 10903 I wm_on_resume_called: [90817471,com.android.music.VideoBrowserActivity,RESUME_ACTIVITY]
11-16 05:43:16.176 10903 10903 I wm_on_top_resumed_gained_called: [90817471,com.android.music.VideoBrowserActivity,topStateChangedWhenResumed]
11-16 05:43:16.182 1504 1572 I input_focus: [Focus request de11aaf com.android.music/com.android.music.VideoBrowserActivity,reason=UpdateInputWindows]
11-16 05:43:16.213 1504 1682 I input_focus: [Focus leaving a73a239 com.android.gallery3d/com.android.gallery3d.app.GalleryActivity (server),reason=Waiting for window because NOT_VISIBLE]
11-16 05:43:16.220 1504 1568 I sysui_multi_action: [319,77,321,74,322,143,325,8385,757,761,758,8,759,1,806,com.android.music,871,com.android.music.VideoBrowserActivity,904,com.android.launcher3,905,0,1320,4,1321,5]
11-16 05:43:16.221 1504 1568 I wm_activity_launch_time: [0,90817471,com.android.music/.VideoBrowserActivity,143]
11-16 05:43:16.230 1504 1682 I input_focus: [Focus entering de11aaf com.android.music/com.android.music.VideoBrowserActivity (server),reason=Window became focusable. Previous reason: NOT_VISIBLE]
11-16 05:43:16.697 1504 1571 I wm_stop_activity: [0,50203839,com.android.launcher3/.uioverrides.QuickstepLauncher]
11-16 05:43:16.766 2496 2496 I wm_on_stop_called: [50203839,com.android.launcher3.uioverrides.QuickstepLauncher,STOP_ACTIVITY_ITEM]
11-16 05:43:17.142 1504 1682 I input_interaction: Interaction with: de11aaf com.android.music/com.android.music.VideoBrowserActivity (server), edge-swipe (server), swipe-up (server), PointerEventDispatcher0 (server),
11-16 05:43:17.155 1504 3120 I wm_task_moved: [280,0,0]
11-16 05:43:17.156 1504 3120 I wm_task_moved: [280,0,6]
11-16 05:43:17.188 2496 2496 I wm_on_restart_called: [50203839,com.android.launcher3.uioverrides.QuickstepLauncher,performRestartActivity]
11-16 05:43:17.189 1504 3120 I wm_finish_activity: [0,84284563,462,com.android.gallery3d/.app.GalleryActivity,app-request]
11-16 05:43:17.194 1504 3120 I wm_pause_activity: [0,84284563,com.android.gallery3d/.app.GalleryActivity,userLeaving=false,finish]
11-16 05:43:17.206 10888 10888 I wm_on_paused_called: [84284563,com.android.gallery3d.app.GalleryActivity,performPause]
11-16 05:43:17.207 2496 2496 I wm_on_start_called: [50203839,com.android.launcher3.uioverrides.QuickstepLauncher,handleStartActivity]
11-16 05:43:17.208 1504 6071 I wm_destroy_activity: [0,84284563,462,com.android.gallery3d/.app.GalleryActivity,finish-imm:completePausedLocked]
11-16 05:43:17.218 1504 1571 I sysui_multi_action: [757,803,799,window_time_0,802,1]
11-16 05:43:17.221 10888 10888 I wm_on_stop_called: [84284563,com.android.gallery3d.app.GalleryActivity,LIFECYCLER_STOP_ACTIVITY]
11-16 05:43:17.226 10888 10888 I wm_on_destroy_called: [84284563,com.android.gallery3d.app.GalleryActivity,performDestroy]
11-16 05:43:17.238 1504 4717 I wm_task_removed: [462,removeChild:removeChild last r=ActivityRecord{5061493 u0 com.android.gallery3d/.app.GalleryActivity t-1 f}} in t=Task{10b1e64 #462 type=standard A=10064:com.android.gallery3d U=0 visible=false mode=freeform translucent=true sz=0}]
11-16 05:43:17.238 1504 4717 I wm_task_removed: [462,removeChild]
11-16 05:43:17.244 1504 1568 I sysui_multi_action: [319,14,322,74,325,8386,757,761,758,9,759,5,806,com.android.launcher3,871,com.android.launcher3.uioverrides.QuickstepLauncher,904,com.android.launcher3,905,0,1320,8,1321,5]
11-16 05:43:17.319 10903 10903 I view_enqueue_input_event: [Motion - Cancel,com.android.music/com.android.music.VideoBrowserActivity]
11-16 05:43:17.319 2496 2496 I sysui_latency: [1,85]
11-16 05:43:17.324 1504 1682 I input_interaction: Interaction with: edge-swipe (server), swipe-up (server), PointerEventDispatcher0 (server),
11-16 05:43:17.326 1504 1572 I input_focus: [Focus request recents_animation_input_consumer,reason=UpdateInputWindows]
11-16 05:43:17.346 1504 1682 I input_focus: [Focus leaving de11aaf com.android.music/com.android.music.VideoBrowserActivity (server),reason=NOT_FOCUSABLE]
11-16 05:43:17.346 1504 1682 I input_focus: [Focus entering recents_animation_input_consumer (server),reason=setFocusedWindow]
11-16 05:43:17.412 1504 1666 I commit_sys_config_file: [settings-1-0,4]
11-16 05:43:17.531 1504 1598 I sysui_latency: [8,80]
11-16 05:43:18.337 1504 1666 I commit_sys_config_file: [settings-1-0,5]
11-16 05:43:20.958 1504 1682 I input_interaction: Interaction with: e1de84c com.android.launcher3/com.android.launcher3.uioverrides.QuickstepLauncher (server), edge-swipe (server), swipe-up (server), PointerEventDispatcher0 (server),
11-16 05:43:21.060 1504 7432 I wm_task_moved: [280,1,7]
11-16 05:43:21.064 1504 7432 I wm_focused_root_task: [0,0,280,463,startActivityFromRecents]
11-16 05:43:21.065 10903 10903 I wm_on_top_resumed_lost_called: [90817471,com.android.music.VideoBrowserActivity,topStateChangedWhenResumed]
11-16 05:43:21.069 1504 7432 I wm_task_moved: [462,1,7]
11-16 05:43:21.069 1504 7432 I wm_task_to_front: [0,462]
11-16 05:43:21.069 1504 7432 I wm_focused_root_task: [0,0,462,280,reuseOrNewTask]
11-16 05:43:21.070 1504 7432 I wm_create_activity: [0,142050592,462,com.android.gallery3d/.app.GalleryActivity,NULL,NULL,NULL,269516800]
11-16 05:43:21.077 1504 7432 I wm_pause_activity: [0,90817471,com.android.music/.VideoBrowserActivity,userLeaving=true,pauseBackTasks]
11-16 05:43:21.087 1504 1572 I input_focus: [Focus request e1de84c com.android.launcher3/com.android.launcher3.uioverrides.QuickstepLauncher,reason=UpdateInputWindows]
11-16 05:43:21.093 10903 10903 I wm_on_paused_called: [90817471,com.android.music.VideoBrowserActivity,performPause]
11-16 05:43:21.097 1504 1682 I input_focus: [Focus leaving recents_animation_input_consumer (server),reason=setFocusedWindow]
11-16 05:43:21.097 1504 1682 I input_focus: [Focus entering e1de84c com.android.launcher3/com.android.launcher3.uioverrides.QuickstepLauncher (server),reason=setFocusedWindow]
11-16 05:43:21.101 1504 7432 I wm_add_to_stopping: [0,90817471,com.android.music/.VideoBrowserActivity,makeInvisible]
11-16 05:43:21.102 1504 7432 I wm_restart_activity: [0,142050592,462,com.android.gallery3d/.app.GalleryActivity]
11-16 05:43:21.105 1504 7432 I wm_set_resumed_activity: [0,com.android.gallery3d/.app.GalleryActivity,minimalResumeActivityLocked]
11-16 05:43:21.132 1504 1571 I sysui_multi_action: [757,803,799,window_time_0,802,4]
11-16 05:43:21.144 10888 10888 I wm_on_create_called: [142050592,com.android.gallery3d.app.GalleryActivity,performCreate]
11-16 05:43:21.145 10888 10888 I wm_on_start_called: [142050592,com.android.gallery3d.app.GalleryActivity,handleStartActivity]
11-16 05:43:21.149 10888 10888 I wm_on_resume_called: [142050592,com.android.gallery3d.app.GalleryActivity,RESUME_ACTIVITY]
11-16 05:43:21.150 10888 10888 I wm_on_top_resumed_gained_called: [142050592,com.android.gallery3d.app.GalleryActivity,topStateChangedWhenResumed]
11-16 05:43:21.186 1504 1568 I sysui_multi_action: [319,77,321,75,322,116,325,8390,757,761,758,8,759,1,806,com.android.gallery3d,871,com.android.gallery3d.app.GalleryActivity,904,com.android.launcher3,905,0,1320,4,1321,1]
11-16 05:43:21.188 1504 1568 I wm_activity_launch_time: [0,142050592,com.android.gallery3d/.app.GalleryActivity,116]
11-16 05:43:21.526 1504 1821 I wm_task_moved: [280,0,6]
11-16 05:43:21.530 1504 1821 I wm_add_to_stopping: [0,50203839,com.android.launcher3/.uioverrides.QuickstepLauncher,makeInvisible]
11-16 05:43:21.536 1504 1504 I notification_enqueue: [10081,1968,com.android.systemui,2048,NULL,0,Notification(channel=updateNotification shortcut=null contentView=null vibrate=null sound=null defaults=0x0 flags=0x0 color=0x00000000 vis=PRIVATE),1]
11-16 05:43:21.538 1968 1968 I sysui_multi_action: [757,111,758,2]
11-16 05:43:21.542 1968 1968 I sysui_multi_action: [757,111,758,2]
11-16 05:43:21.547 1504 1572 I input_focus: [Focus request 3cebd4e com.android.gallery3d/com.android.gallery3d.app.GalleryActivity,reason=UpdateInputWindows]
11-16 05:43:21.549 1504 1571 I wm_stop_activity: [0,50203839,com.android.launcher3/.uioverrides.QuickstepLauncher]
11-16 05:43:21.550 1504 1571 I wm_stop_activity: [0,90817471,com.android.music/.VideoBrowserActivity]
11-16 05:43:21.556 1504 1682 I input_focus: [Focus leaving e1de84c com.android.launcher3/com.android.launcher3.uioverrides.QuickstepLauncher (server),reason=NOT_VISIBLE]
11-16 05:43:21.561 10903 10903 I wm_on_stop_called: [90817471,com.android.music.VideoBrowserActivity,STOP_ACTIVITY_ITEM]
11-16 05:43:21.561 1968 1968 I sysui_multi_action: [757,111,758,1]
