11-19 04:57:47.170 1499 4942 I wm_destroy_activity: [0,223192695,62,com.android.permissioncontroller/.permission.ui.GrantPermissionsActivity,finish-idle]
11-19 04:57:47.171 9979 9979 I wm_on_stop_called: [223192695,com.android.permissioncontroller.permission.ui.GrantPermissionsActivity,LIFECYCLER_STOP_ACTIVITY]
11-19 04:57:47.171 9979 9979 I wm_on_destroy_called: [223192695,com.android.permissioncontroller.permission.ui.GrantPermissionsActivity,performDestroy]
11-19 04:57:47.181 7802 7838 W ContextImpl: Calling a method in the system process without a qualified user: android.app.ContextImpl.startService:1816 android.content.ContextWrapper.startService:774 com.thundercomm.gamemode.ingame.services.GameModeActionUtils.startGameModeService:93 com.thundercomm.gamemode.ingame.services.GameModeActionUtils.startGameModeEntry:21 com.thundercomm.gamemode.ingame.services.ActivityMonitoringService$1.onActivityLaunch:127
11-19 04:57:47.186 1499 1499 I GameModeConfig: Current uri is uri = content://com.thundercomm.gamemode.api/gamemode_settings/gamemode_isgaming
11-19 04:57:47.188 1499 1499 I GameModeConfig: isGameModeOn = false
11-19 04:57:47.188 1499 1499 I GameModeConfig: isGameModeOn = false
11-19 04:57:47.188 1499 1499 I GameModeConfig: isDisableVoice = true
11-19 04:57:47.214 7802 7838 W ContextImpl: Calling a method in the system process without a qualified user: android.app.ContextImpl.startService:1816 android.content.ContextWrapper.startService:774 com.thundercomm.gamemode.ingame.services.GameModeActionUtils.startGameModeService:93 com.thundercomm.gamemode.ingame.services.GameModeActionUtils.startGameModeEntry:21 com.thundercomm.gamemode.ingame.services.ActivityMonitoringService$1.onActivityLaunch:127
11-19 04:57:47.219 1499 1499 I GameModeConfig: Current uri is uri = content://com.thundercomm.gamemode.api/gamemode_settings/gamemode_isgaming
11-19 04:57:47.226 1499 1499 I GameModeConfig: isGameModeOn = false
11-19 04:57:47.226 1499 1499 I GameModeConfig: isGameModeOn = false
11-19 04:57:47.226 1499 1499 I GameModeConfig: isDisableVoice = true
11-19 04:57:47.245 1499 1793 D ActivityManager: freezing 9764 com.qti.diagservices
11-19 04:57:47.246 1499 1793 E ActivityManager: Unable to freeze binder for 9764 com.qti.diagservices
11-19 04:57:47.247 1499 1793 D ActivityManager: froze 9764 com.qti.diagservices
11-19 04:57:47.247 1499 1793 I am_freeze: [9764,com.qti.diagservices]
11-19 04:57:47.247 1499 1793 E ActivityManager: Unable to freeze binder for 9764 com.qti.diagservices
11-19 04:57:47.247 1499 1793 I ActivityManager: Killing 9764:com.qti.diagservices/1000 (adj 955): Unable to freeze binder interface
11-19 04:57:47.247 1499 1793 I am_kill : [0,9764,com.qti.diagservices,955,Unable to freeze binder interface]
11-19 04:57:47.282 1499 8917 I am_proc_died: [0,9764,com.qti.diagservices,955,10]
11-19 04:57:47.283 1499 8917 W ActivityManager: Scheduling restart of crashed service com.qti.diagservices/.QTIDiagServices in 1000ms for start-requested
11-19 04:57:47.283 1499 8917 I am_schedule_service_restart: [0,com.qti.diagservices/.QTIDiagServices,1000]
11-19 04:57:47.440 1499 1637 I wm_stop_activity: [0,19758722,com.android.launcher3/.uioverrides.QuickstepLauncher]
11-19 04:57:47.470 2802 2802 I wm_on_stop_called: [19758722,com.android.launcher3.uioverrides.QuickstepLauncher,STOP_ACTIVITY_ITEM]
11-19 04:57:47.498 7802 7838 W ContextImpl: Calling a method in the system process without a qualified user: android.app.ContextImpl.startService:1816 android.content.ContextWrapper.startService:774 com.thundercomm.gamemode.ingame.services.GameModeActionUtils.startGameModeService:93 com.thundercomm.gamemode.ingame.services.GameModeActionUtils.startGameModeEntry:21 com.thundercomm.gamemode.ingame.services.ActivityMonitoringService$1.onActivityLaunch:127
11-19 04:57:47.506 1499 1499 I GameModeConfig: Current uri is uri = content://com.thundercomm.gamemode.api/gamemode_settings/gamemode_isgaming
11-19 04:57:47.508 1499 1499 I GameModeConfig: isGameModeOn = false
11-19 04:57:47.508 1499 1499 I GameModeConfig: isGameModeOn = false
11-19 04:57:47.508 1499 1499 I GameModeConfig: isDisableVoice = true
11-19 04:57:48.131 0 0 I auditd : type=1400 audit(0.0:11498): avc: denied { kill } for comm="swapper/2" capability=5 scontext=u:r:kernel:s0 tcontext=u:r:kernel:s0 tclass=capability permissive=0
11-19 04:57:48.287 1499 1645 D CompatibilityChangeReporter: Compat change id reported: 135634846; UID 1000; state: DISABLED
11-19 04:57:48.288 1499 1645 D CompatibilityChangeReporter: Compat change id reported: 177438394; UID 1000; state: DISABLED
11-19 04:57:48.288 1499 1645 D CompatibilityChangeReporter: Compat change id reported: 135772972; UID 1000; state: DISABLED
11-19 04:57:48.288 1499 1645 D CompatibilityChangeReporter: Compat change id reported: 135754954; UID 1000; state: ENABLED
11-19 04:57:48.318 1499 1646 I am_proc_start: [0,12996,1000,com.qti.diagservices,service,{com.qti.diagservices/com.qti.diagservices.QTIDiagServices}]
11-19 04:57:48.318 1499 1646 I ActivityManager: Start proc 12996:com.qti.diagservices/1000 for service {com.qti.diagservices/com.qti.diagservices.QTIDiagServices}
11-19 04:57:48.329 1499 8917 I wm_task_moved: [1,0,0]
11-19 04:57:48.330 1499 8917 I wm_task_moved: [1,0,6]
11-19 04:57:48.349 7802 7838 W ContextImpl: Calling a method in the system process without a qualified user: android.app.ContextImpl.startService:1816 android.content.ContextWrapper.startService:774 com.thundercomm.gamemode.ingame.services.GameModeActionUtils.startGameModeService:93 com.thundercomm.gamemode.ingame.services.GameModeActionUtils.startGameModeEntry:21 com.thundercomm.gamemode.ingame.services.ActivityMonitoringService$1.onActivityLaunch:127
11-19 04:57:48.350 1499 8917 I am_proc_bound: [0,12996,com.qti.diagservices]
11-19 04:57:48.351 1499 8917 D CompatibilityChangeReporter: Compat change id reported: 168419799; UID 1000; state: DISABLED
11-19 04:57:48.357 2802 2802 I wm_on_restart_called: [19758722,com.android.launcher3.uioverrides.QuickstepLauncher,performRestartActivity]
11-19 04:57:48.358 1499 1499 I GameModeConfig: Current uri is uri = content://com.thundercomm.gamemode.api/gamemode_settings/gamemode_isgaming
11-19 04:57:48.361 1499 1499 I GameModeConfig: isGameModeOn = false
11-19 04:57:48.361 1499 1499 I GameModeConfig: isGameModeOn = false
11-19 04:57:48.361 1499 1499 I GameModeConfig: isDisableVoice = true
11-19 04:57:48.383 2802 2802 I wm_on_start_called: [19758722,com.android.launcher3.uioverrides.QuickstepLauncher,handleStartActivity]
11-19 04:57:48.395 12996 12996 I auditd : type=1400 audit(0.0:11499): avc: denied { read write } for comm="ti.diagservices" name="diag" dev="tmpfs" ino=2148 scontext=u:r:system_app:s0 tcontext=u:object_r:vendor_diag_device:s0 tclass=chr_file permissive=0
11-19 04:57:48.403 9544 9544 I view_enqueue_input_event: [Motion - Cancel,com.android.deskclock/com.android.deskclock.DeskClock]
11-19 04:57:48.405 2802 2802 I sysui_latency: [1,99]
11-19 04:57:48.411 1499 1638 I input_focus: [Focus request recents_animation_input_consumer,reason=UpdateInputWindows]
11-19 04:57:48.416 1499 1831 I input_interaction: Interaction with: edge-swipe (server), swipe-up (server), PointerEventDispatcher0 (server),
11-19 04:57:48.418 1499 1634 I sysui_multi_action: [319,10,322,79,325,13147,757,761,758,9,759,5,806,com.android.launcher3,871,com.android.launcher3.uioverrides.QuickstepLauncher,905,0,1320,8,1321,5]
11-19 04:57:48.438 1499 1831 I input_focus: [Focus leaving 9cb1151 com.android.deskclock/com.android.deskclock.DeskClock (server),reason=NOT_FOCUSABLE]
11-19 04:57:48.438 1499 1831 I input_focus: [Focus entering recents_animation_input_consumer (server),reason=setFocusedWindow]
11-19 04:57:48.585 1499 1759 I commit_sys_config_file: [settings-1-0,5]
11-19 04:57:48.710 1499 1644 I sysui_latency: [8,106]
11-19 04:57:48.800 1499 3791 E TaskPersister: File error accessing recents directory (directory doesn't exist?).
11-19 04:57:49.264 1499 1759 I commit_sys_config_file: [settings-1-0,3]
11-19 04:57:49.982 1499 1831 I input_interaction: Interaction with: 632f7bf com.android.launcher3/com.android.launcher3.uioverrides.QuickstepLauncher (server), edge-swipe (server), swipe-up (server), PointerEventDispatcher0 (server),
11-19 04:57:50.112 1499 5517 D FreeFormWindowHelper: Add freeform task=Task{1a162bf #62 type=standard A=10063:com.android.deskclock U=0 visible=true mode=freeform translucent=false sz=1}
11-19 04:57:50.113 1499 5517 I wm_relaunch_resume_activity: [0,210201996,62,com.android.deskclock/.DeskClock]
11-19 04:57:50.115 1499 5517 I wm_task_moved: [1,1,7]
11-19 04:57:50.115 9544 9544 I wm_on_top_resumed_lost_called: [210201996,com.android.deskclock.DeskClock,pausing]
11-19 04:57:50.118 9544 9544 I wm_on_paused_called: [210201996,com.android.deskclock.DeskClock,performPause]
11-19 04:57:50.122 1499 5517 I wm_focused_root_task: [0,0,1,62,startActivityFromRecents]
11-19 04:57:50.122 1499 5517 I wm_task_moved: [62,1,7]
11-19 04:57:50.122 1499 5517 I wm_set_resumed_activity: [0,com.android.deskclock/.DeskClock,positionChildAt]
11-19 04:57:50.122 1499 5517 I wm_focused_root_task: [0,0,62,1,moveTaskToFront findTaskToMoveToFront]
11-19 04:57:50.122 1499 5517 I wm_set_resumed_activity: [0,com.android.deskclock/.DeskClock,moveTaskToFront findTaskToMoveToFront]
11-19 04:57:50.123 9544 9544 I wm_on_stop_called: [210201996,com.android.deskclock.DeskClock,handleRelaunchActivity]
11-19 04:57:50.124 1499 5517 W WindowManager: updateScale0.7996942
11-19 04:57:50.133 9544 9544 I wm_on_destroy_called: [210201996,com.android.deskclock.DeskClock,performDestroy]
11-19 04:57:50.140 1499 4942 W WindowManager: Attempted to set replacing window on app token with no content Token{d4dfb60 ActivityRecord{c876d8c u0 com.android.deskclock/.DeskClock t62}}
11-19 04:57:50.181 1499 8917 I ActivityTaskManager: START u0 {act=android.content.pm.action.REQUEST_PERMISSIONS pkg=com.android.permissioncontroller cmp=com.android.permissioncontroller/.permission.ui.GrantPermissionsActivity (has extras)} from uid 10063
11-19 04:57:50.183 1499 8917 I wm_task_moved: [62,1,7]
11-19 04:57:50.183 1499 8917 I wm_set_resumed_activity: [0,com.android.deskclock/.DeskClock,positionChildAt]
11-19 04:57:50.183 1499 8917 I wm_create_activity: [0,134080904,62,com.android.permissioncontroller/.permission.ui.GrantPermissionsActivity,android.content.pm.action.REQUEST_PERMISSIONS,NULL,NULL,8388608]
11-19 04:57:50.184 1499 8917 I wm_pause_activity: [0,210201996,com.android.deskclock/.DeskClock,userLeaving=true,resumeTopActivityInnerLocked]
11-19 04:57:50.184 1499 8917 W WindowManager: updateScale0.7996942
11-19 04:57:50.195 9544 9544 I wm_on_create_called: [210201996,com.android.deskclock.DeskClock,performCreate]
11-19 04:57:50.213 9544 9544 I wm_on_start_called: [210201996,com.android.deskclock.DeskClock,handleStartActivity]
11-19 04:57:50.213 9544 9544 I wm_on_resume_called: [210201996,com.android.deskclock.DeskClock,RESUME_ACTIVITY]
11-19 04:57:50.214 9544 9544 I wm_on_top_resumed_gained_called: [210201996,com.android.deskclock.DeskClock,topWhenResuming]
11-19 04:57:50.219 1499 8917 W WindowManager: updateScale0.7996942
11-19 04:57:50.225 1499 8917 W WindowManager: updateScale0.7996942
11-19 04:57:50.225 1499 8917 W WindowManager: updateScale0.7996942
11-19 04:57:50.252 9544 9544 I wm_on_top_resumed_lost_called: [210201996,com.android.deskclock.DeskClock,topStateChangedWhenResumed]
11-19 04:57:50.253 1499 8917 I WindowManager: finishDrawing of relaunch: Window{9cb1151 u0 com.android.deskclock/com.android.deskclock.DeskClock} 140ms
11-19 04:57:50.253 1499 1638 W WindowManager: updateScale0.7996942
11-19 04:57:50.253 9544 9544 I wm_on_paused_called: [210201996,com.android.deskclock.DeskClock,performPause]
11-19 04:57:50.254 1499 1638 W WindowManager: updateScale0.7996942
11-19 04:57:50.256 1499 8831 I ActivityTaskManager: FOREGROUND_APPLICATION_CHANGED to com.android.permissioncontroller.permission.ui.GrantPermissionsActivity
11-19 04:57:50.256 1499 8831 I ActivityTaskManager: The Process com.android.permissioncontroller Already Exists in BG. So sending its PID: 9979
11-19 04:57:50.256 1499 8831 W ActivityTaskManager: Tried to set launchTime (0) < mLastActivityLaunchTime (13146408)
11-19 04:57:50.258 1499 8831 I wm_restart_activity: [0,134080904,62,com.android.permissioncontroller/.permission.ui.GrantPermissionsActivity]
11-19 04:57:50.259 1499 8831 I wm_set_resumed_activity: [0,com.android.permissioncontroller/.permission.ui.GrantPermissionsActivity,minimalResumeActivityLocked]
11-19 04:57:50.265 1499 1637 I sysui_multi_action: [757,803,799,window_time_0,802,3]
11-19 04:57:50.276 7802 7838 W ContextImpl: Calling a method in the system process without a qualified user: android.app.ContextImpl.startService:1816 android.content.ContextWrapper.startService:774 com.thundercomm.gamemode.ingame.services.GameModeActionUtils.startGameModeService:93 com.thundercomm.gamemode.ingame.services.GameModeActionUtils.startGameModeEntry:21 com.thundercomm.gamemode.ingame.services.ActivityMonitoringService$1.onActivityLaunch:127
11-19 04:57:50.283 9979 9979 I wm_on_create_called: [134080904,com.android.permissioncontroller.permission.ui.GrantPermissionsActivity,performCreate]
11-19 04:57:50.284 9979 9979 I wm_on_start_called: [134080904,com.android.permissioncontroller.permission.ui.GrantPermissionsActivity,handleStartActivity]
11-19 04:57:50.284 9979 9979 I wm_on_resume_called: [134080904,com.android.permissioncontroller.permission.ui.GrantPermissionsActivity,RESUME_ACTIVITY]
11-19 04:57:50.284 1499 1499 I GameModeConfig: Current uri is uri = content://com.thundercomm.gamemode.api/gamemode_settings/gamemode_isgaming
11-19 04:57:50.287 1499 1499 I GameModeConfig: isGameModeOn = false
11-19 04:57:50.287 9979 9979 I wm_on_top_resumed_gained_called: [134080904,com.android.permissioncontroller.permission.ui.GrantPermissionsActivity,topStateChangedWhenResumed]
11-19 04:57:50.287 1499 1499 I GameModeConfig: isGameModeOn = false
11-19 04:57:50.287 1499 1499 I GameModeConfig: isDisableVoice = true
11-19 04:57:50.293 1499 5517 W WindowManager: updateScale0.7996942
11-19 04:57:50.293 1499 5517 W WindowManager: updateScale0.7996942
11-19 04:57:50.298 1499 1638 W WindowManager: updateScale0.7996942
11-19 04:57:50.298 1499 1638 W WindowManager: updateScale0.7996942
11-19 04:57:50.301 1499 1638 W WindowManager: updateScale0.7996942
11-19 04:57:50.301 1499 1638 W WindowManager: updateScale0.7996942
11-19 04:57:50.306 1499 5517 I wm_finish_activity: [0,134080904,62,com.android.permissioncontroller/.permission.ui.GrantPermissionsActivity,app-request]
11-19 04:57:50.307 1499 5517 I wm_pause_activity: [0,134080904,com.android.permissioncontroller/.permission.ui.GrantPermissionsActivity,userLeaving=false,finish]
11-19 04:57:50.310 9979 9979 I wm_on_top_resumed_lost_called: [134080904,com.android.permissioncontroller.permission.ui.GrantPermissionsActivity,topStateChangedWhenResumed]
11-19 04:57:50.310 9979 9979 I wm_on_paused_called: [134080904,com.android.permissioncontroller.permission.ui.GrantPermissionsActivity,performPause]
11-19 04:57:50.310 1499 1634 I sysui_multi_action: [319,119,322,119,325,13149,757,761,758,8,759,2,806,com.android.permissioncontroller,871,com.android.permissioncontroller.permission.ui.GrantPermissionsActivity,904,com.android.deskclock,905,0,1320,8,1321,5]
11-19 04:57:50.312 1499 5048 I ActivityTaskManager: FOREGROUND_APPLICATION_CHANGED to com.android.deskclock.DeskClock
11-19 04:57:50.313 1499 5048 I wm_set_resumed_activity: [0,com.android.deskclock/.DeskClock,resumeTopActivityInnerLocked]
11-19 04:57:50.313 1499 1634 I wm_activity_launch_time: [0,134080904,com.android.permissioncontroller/.permission.ui.GrantPermissionsActivity,119]
11-19 04:57:50.320 1499 5048 I wm_resume_activity: [0,210201996,62,com.android.deskclock/.DeskClock]
11-19 04:57:50.320 9544 9544 I wm_on_activity_result_called: [210201996,com.android.deskclock.DeskClock,ACTIVITY_RESULT]
11-19 04:57:50.321 9544 9544 I wm_on_resume_called: [210201996,com.android.deskclock.DeskClock,RESUME_ACTIVITY]
11-19 04:57:50.322 9544 9544 I wm_on_top_resumed_gained_called: [210201996,com.android.deskclock.DeskClock,topWhenResuming]
11-19 04:57:50.329 1499 5048 W WindowManager: updateScale0.7996942
11-19 04:57:50.331 1499 1637 I sysui_multi_action: [757,803,799,window_time_2,802,0]
11-19 04:57:50.333 1499 8831 W WindowManager: updateScale0.7996942
11-19 04:57:50.346 1499 5048 I wm_destroy_activity: [0,134080904,62,com.android.permissioncontroller/.permission.ui.GrantPermissionsActivity,finish-idle]
11-19 04:57:50.347 9979 9979 I wm_on_stop_called: [134080904,com.android.permissioncontroller.permission.ui.GrantPermissionsActivity,LIFECYCLER_STOP_ACTIVITY]
11-19 04:57:50.348 9979 9979 I wm_on_destroy_called: [134080904,com.android.permissioncontroller.permission.ui.GrantPermissionsActivity,performDestroy]
11-19 04:57:50.349 1499 5048 W WindowManager: updateScale0.7996942
11-19 04:57:50.362 7802 7838 W ContextImpl: Calling a method in the system process without a qualified user: android.app.ContextImpl.startService:1816 android.content.ContextWrapper.startService:774 com.thundercomm.gamemode.ingame.services.GameModeActionUtils.startGameModeService:93 com.thundercomm.gamemode.ingame.services.GameModeActionUtils.startGameModeEntry:21 com.thundercomm.gamemode.ingame.services.ActivityMonitoringService$1.onActivityLaunch:127
11-19 04:57:50.367 1499 1499 I GameModeConfig: Current uri is uri = content://com.thundercomm.gamemode.api/gamemode_settings/gamemode_isgaming
11-19 04:57:50.370 1499 1499 I GameModeConfig: isGameModeOn = false
11-19 04:57:50.370 1499 1499 I GameModeConfig: isGameModeOn = false
11-19 04:57:50.370 1499 1499 I GameModeConfig: isDisableVoice = true
11-19 04:57:50.435 7802 7838 W ContextImpl: Calling a method in the system process without a qualified user: android.app.ContextImpl.startService:1816 android.content.ContextWrapper.startService:774 com.thundercomm.gamemode.ingame.services.GameModeActionUtils.startGameModeService:93 com.thundercomm.gamemode.ingame.services.GameModeActionUtils.startGameModeEntry:21 com.thundercomm.gamemode.ingame.services.ActivityMonitoringService$1.onActivityLaunch:127
11-19 04:57:50.441 1499 1499 I GameModeConfig: Current uri is uri = content://com.thundercomm.gamemode.api/gamemode_settings/gamemode_isgaming
11-19 04:57:50.443 1499 1499 I GameModeConfig: isGameModeOn = false
11-19 04:57:50.444 1499 1499 I GameModeConfig: isGameModeOn = false
11-19 04:57:50.444 1499 1499 I GameModeConfig: isDisableVoice = true
11-19 04:57:50.509 1499 1638 W WindowManager: updateScale0.7996942
11-19 04:57:50.526 1499 1638 W WindowManager: updateScale0.7996942
11-19 04:57:50.564 1499 8831 I wm_task_moved: [1,1,7]
11-19 04:57:50.565 1499 8831 I wm_task_moved: [10,1,2147483647]
11-19 04:57:50.565 1499 8831 I wm_task_to_front: [0,10]
11-19 04:57:50.565 9544 9544 I wm_on_top_resumed_lost_called: [210201996,com.android.deskclock.DeskClock,topStateChangedWhenResumed]
11-19 04:57:50.565 1499 8831 I wm_focused_root_task: [0,0,1,62,RecentsAnimation.onAnimationFinished()]
11-19 04:57:50.565 1499 8831 I wm_set_resumed_activity: [0,com.android.launcher3/.uioverrides.QuickstepLauncher,RecentsAnimation.onAnimationFinished()]
11-19 04:57:50.566 1499 8831 I ActivityTaskManager: FOREGROUND_APPLICATION_CHANGED to com.android.launcher3.uioverrides.QuickstepLauncher
11-19 04:57:50.567 1499 8831 I wm_set_resumed_activity: [0,com.android.launcher3/.uioverrides.QuickstepLauncher,resumeTopActivityInnerLocked]
11-19 04:57:50.570 1499 8831 I wm_resume_activity: [0,19758722,10,com.android.launcher3/.uioverrides.QuickstepLauncher]
11-19 04:57:50.576 1499 8831 W WindowManager: updateScale0.7996942
11-19 04:57:50.578 1499 8831 W WindowManager: updateScale0.7996942
11-19 04:57:50.583 1499 1638 I input_focus: [Focus request 632f7bf com.android.launcher3/com.android.launcher3.uioverrides.QuickstepLauncher,reason=UpdateInputWindows]
11-19 04:57:50.587 1499 1638 W WindowManager: updateScale0.7996942
11-19 04:57:50.590 1499 1637 I sysui_multi_action: [757,803,799,window_time_2,802,0]
11-19 04:57:50.596 1499 1831 I input_focus: [Focus leaving recents_animation_input_consumer (server),reason=NOT_VISIBLE]
11-19 04:57:50.597 1499 1831 I input_focus: [Focus entering 632f7bf com.android.launcher3/com.android.launcher3.uioverrides.QuickstepLauncher (server),reason=setFocusedWindow]
11-19 04:57:50.597 2802 2802 I wm_on_resume_called: [19758722,com.android.launcher3.uioverrides.QuickstepLauncher,RESUME_ACTIVITY]
11-19 04:57:50.598 2802 2802 I wm_on_top_resumed_gained_called: [19758722,com.android.launcher3.uioverrides.QuickstepLauncher,topStateChangedWhenResumed]
11-19 04:57:50.697 7802 7838 W ContextImpl: Calling a method in the system process without a qualified user: android.app.ContextImpl.startService:1816 android.content.ContextWrapper.startService:774 com.thundercomm.gamemode.ingame.services.GameModeActionUtils.startGameModeService:93 com.thundercomm.gamemode.ingame.services.GameModeActionUtils.startGameModeEntry:21 com.thundercomm.gamemode.ingame.services.ActivityMonitoringService$1.onActivityLaunch:127
11-19 04:57:50.706 1499 1499 I GameModeConfig: Current uri is uri = content://com.thundercomm.gamemode.api/gamemode_settings/gamemode_isgaming
11-19 04:57:50.708 1499 1499 I GameModeConfig: isGameModeOn = false
11-19 04:57:50.708 1499 1499 I GameModeConfig: isGameModeOn = false
11-19 04:57:50.708 1499 1499 I GameModeConfig: isDisableVoice = true
11-19 04:57:51.131 0 0 I auditd : type=1400 audit(0.0:11500): avc: denied { kill } for comm="swapper/3" capability=5 scontext=u:r:kernel:s0 tcontext=u:r:kernel:s0 tclass=capability permissive=0
11-19 04:57:51.181 1499 1831 I input_interaction: Interaction with: 9cb1151 com.android.deskclock/com.android.deskclock.DeskClock (server), edge-swipe (server), swipe-up (server), PointerEventDispatcher0 (server),
11-19 04:57:51.183 1499 1637 I wm_task_moved: [62,1,7]
11-19 04:57:51.183 1499 1637 I wm_task_to_front: [0,62]
11-19 04:57:51.184 1499 1637 W WindowManager: updateScale0.7996942
11-19 04:57:51.187 1499 1637 I wm_set_resumed_activity: [0,com.android.deskclock/.DeskClock,positionChildAt]
11-19 04:57:51.187 1499 1637 I wm_focused_root_task: [0,0,62,1,setFocusedTask]
11-19 04:57:51.187 1499 1637 I wm_set_resumed_activity: [0,com.android.deskclock/.DeskClock,setFocusedTask]
11-19 04:57:51.187 1499 1637 I ActivityTaskManager: FOREGROUND_APPLICATION_CHANGED to com.android.deskclock.DeskClock
11-19 04:57:51.188 1499 1638 I input_focus: [Focus request 9cb1151 com.android.deskclock/com.android.deskclock.DeskClock,reason=UpdateInputWindows]
11-19 04:57:51.189 2802 2802 I wm_on_top_resumed_lost_called: [19758722,com.android.launcher3.uioverrides.QuickstepLauncher,topStateChangedWhenResumed]
11-19 04:57:51.201 1499 1831 I input_focus: [Focus leaving 632f7bf com.android.launcher3/com.android.launcher3.uioverrides.QuickstepLauncher (server),reason=setFocusedWindow]
11-19 04:57:51.201 1499 1831 I input_focus: [Focus entering 9cb1151 com.android.deskclock/com.android.deskclock.DeskClock (server),reason=setFocusedWindow]
11-19 04:57:51.204 9544 9544 I wm_on_top_resumed_gained_called: [210201996,com.android.deskclock.DeskClock,topStateChangedWhenResumed]
11-19 04:57:51.307 1499 4942 I wm_relaunch_resume_activity: [0,210201996,62,com.android.deskclock/.DeskClock]
11-19 04:57:51.308 1499 4942 I wm_add_to_stopping: [0,19758722,com.android.launcher3/.uioverrides.QuickstepLauncher,makeInvisible]
11-19 04:57:51.311 1499 4942 D FreeFormWindowHelper: Remove freefrom task=Task{1a162bf #62 type=standard A=10063:com.android.deskclock U=0 visible=true mode=fullscreen translucent=false sz=1}
11-19 04:57:51.326 7802 7838 W ContextImpl: Calling a method in the system process without a qualified user: android.app.ContextImpl.startService:1816 android.content.ContextWrapper.startService:774 com.thundercomm.gamemode.ingame.services.GameModeActionUtils.startGameModeService:93 com.thundercomm.gamemode.ingame.services.GameModeActionUtils.startGameModeEntry:21 com.thundercomm.gamemode.ingame.services.ActivityMonitoringService$1.onActivityLaunch:127
11-19 04:57:51.330 1499 1499 I GameModeConfig: Current uri is uri = content://com.thundercomm.gamemode.api/gamemode_settings/gamemode_isgaming
11-19 04:57:51.333 1499 1499 I GameModeConfig: isGameModeOn = false
11-19 04:57:51.333 1499 1499 I GameModeConfig: isGameModeOn = false
11-19 04:57:51.333 1499 1499 I GameModeConfig: isDisableVoice = true
11-19 04:57:51.337 9544 9544 I wm_on_top_resumed_lost_called: [210201996,com.android.deskclock.DeskClock,pausing]
11-19 04:57:51.337 1499 4942 W WindowManager: Attempted to set replacing window on app token with no content Token{d4dfb60 ActivityRecord{c876d8c u0 com.android.deskclock/.DeskClock t62}}
11-19 04:57:51.338 9544 9544 I wm_on_paused_called: [210201996,com.android.deskclock.DeskClock,performPause]
11-19 04:57:51.339 9544 9544 I wm_on_stop_called: [210201996,com.android.deskclock.DeskClock,handleRelaunchActivity]
11-19 04:57:51.343 9544 9544 I wm_on_destroy_called: [210201996,com.android.deskclock.DeskClock,performDestroy]
11-19 04:57:51.360 1499 4942 I ActivityTaskManager: START u0 {act=android.content.pm.action.REQUEST_PERMISSIONS pkg=com.android.permissioncontroller cmp=com.android.permissioncontroller/.permission.ui.GrantPermissionsActivity (has extras)} from uid 10063
11-19 04:57:51.361 1499 4942 W ActivityTaskManager: Background activity start [callingPackage: com.android.deskclock; callingUid: 10063; appSwitchAllowed: false; isCallingUidForeground: true; callingUidHasAnyVisibleWindow: true; callingUidProcState: TOP; isCallingUidPersistentSystemProcess: false; realCallingUid: 10063; isRealCallingUidForeground: true; realCallingUidHasAnyVisibleWindow: true; realCallingUidProcState: TOP; isRealCallingUidPersistentSystemProcess: false; originatingPendingIntent: null; allowBackgroundActivityStart: false; intent: Intent { act=android.content.pm.action.REQUEST_PERMISSIONS pkg=com.android.permissioncontroller cmp=com.android.permissioncontroller/.permission.ui.GrantPermissionsActivity (has extras) }; callerApp: ProcessRecord{b1b006b 9544:com.android.deskclock/u0a63}; inVisibleTask: true]
11-19 04:57:51.361 1499 4942 I sysui_multi_action: [757,1513,758,4,805,1668805071361,1514,10063,1515,com.android.deskclock,1516,1002,1517,1,1518,10063,1519,1002,1520,1,1526,com.android.permissioncontroller/.permission.ui.GrantPermissionsActivity,1527,0,1528,android.content.pm.action.REQUEST_PERMISSIONS,1529,com.android.deskclock,1530,1002,1531,0,1532,0,1533,1,1534,0,1535,0,1536,1,1537,5563,1539,15810]
11-19 04:57:51.362 1499 4942 I wm_create_activity: [0,91301969,62,com.android.permissioncontroller/.permission.ui.GrantPermissionsActivity,android.content.pm.action.REQUEST_PERMISSIONS,NULL,NULL,8388608]
11-19 04:57:51.377 9544 9544 I wm_on_create_called: [210201996,com.android.deskclock.DeskClock,performCreate]
11-19 04:57:51.402 9544 9544 I wm_on_start_called: [210201996,com.android.deskclock.DeskClock,handleStartActivity]
11-19 04:57:51.403 9544 9544 I wm_on_resume_called: [210201996,com.android.deskclock.DeskClock,RESUME_ACTIVITY]
11-19 04:57:51.405 9544 9544 I wm_on_top_resumed_gained_called: [210201996,com.android.deskclock.DeskClock,topWhenResuming]
11-19 04:57:51.439 1499 4942 I WindowManager: finishDrawing of relaunch: Window{9cb1151 u0 com.android.deskclock/com.android.deskclock.DeskClock} 131ms
11-19 04:57:51.441 1499 8917 I ActivityTaskManager: The Process com.android.permissioncontroller Already Exists in BG. So sending its PID: 9979
11-19 04:57:51.442 1499 8917 W ActivityTaskManager: Tried to set launchTime (0) < mLastActivityLaunchTime (13149618)
11-19 04:57:51.443 1499 8917 I wm_restart_activity: [0,91301969,62,com.android.permissioncontroller/.permission.ui.GrantPermissionsActivity]
11-19 04:57:51.444 9544 9544 I wm_on_top_resumed_lost_called: [210201996,com.android.deskclock.DeskClock,topStateChangedWhenResumed]
11-19 04:57:51.445 1499 8917 I wm_set_resumed_activity: [0,com.android.permissioncontroller/.permission.ui.GrantPermissionsActivity,minimalResumeActivityLocked]
11-19 04:57:51.460 9979 9979 I wm_on_create_called: [91301969,com.android.permissioncontroller.permission.ui.GrantPermissionsActivity,performCreate]
11-19 04:57:51.461 9979 9979 I wm_on_start_called: [91301969,com.android.permissioncontroller.permission.ui.GrantPermissionsActivity,handleStartActivity]
11-19 04:57:51.461 9979 9979 I wm_on_resume_called: [91301969,com.android.permissioncontroller.permission.ui.GrantPermissionsActivity,RESUME_ACTIVITY]
11-19 04:57:51.462 7802 7838 W ContextImpl: Calling a method in the system process without a qualified user: android.app.ContextImpl.startService:1816 android.content.ContextWrapper.startService:774 com.thundercomm.gamemode.ingame.services.GameModeActionUtils.startGameModeService:93 com.thundercomm.gamemode.ingame.services.GameModeActionUtils.startGameModeEntry:21 com.thundercomm.gamemode.ingame.services.ActivityMonitoringService$1.onActivityLaunch:127
11-19 04:57:51.463 9979 9979 I wm_on_top_resumed_gained_called: [91301969,com.android.permissioncontroller.permission.ui.GrantPermissionsActivity,topStateChangedWhenResumed]
11-19 04:57:51.465 1499 1499 I GameModeConfig: Current uri is uri = content://com.thundercomm.gamemode.api/gamemode_settings/gamemode_isgaming
11-19 04:57:51.467 1499 1499 I GameModeConfig: isGameModeOn = false
11-19 04:57:51.467 1499 1499 I GameModeConfig: isGameModeOn = false
11-19 04:57:51.467 1499 1499 I GameModeConfig: isDisableVoice = true
11-19 04:57:51.469 1499 5048 I wm_finish_activity: [0,91301969,62,com.android.permissioncontroller/.permission.ui.GrantPermissionsActivity,app-request]
11-19 04:57:51.478 1499 5048 I wm_pause_activity: [0,91301969,com.android.permissioncontroller/.permission.ui.GrantPermissionsActivity,userLeaving=false,finish]
11-19 04:57:51.482 1499 1637 I sysui_multi_action: [757,1144,758,8,806,com.android.permissioncontroller,871,com.android.permissioncontroller.permission.ui.GrantPermissionsActivity]
11-19 04:57:51.488 9979 9979 I wm_on_top_resumed_lost_called: [91301969,com.android.permissioncontroller.permission.ui.GrantPermissionsActivity,topStateChangedWhenResumed]
11-19 04:57:51.490 9979 9979 I wm_on_paused_called: [91301969,com.android.permissioncontroller.permission.ui.GrantPermissionsActivity,performPause]
11-19 04:57:51.491 1499 4942 I wm_pause_activity: [0,19758722,com.android.launcher3/.uioverrides.QuickstepLauncher,userLeaving=false,pauseBackTasks]
11-19 04:57:51.492 2802 2802 I wm_on_paused_called: [19758722,com.android.launcher3.uioverrides.QuickstepLauncher,performPause]
11-19 04:57:51.503 1499 5048 I wm_resume_activity: [0,210201996,62,com.android.deskclock/.DeskClock]
11-19 04:57:51.506 9544 9544 I wm_on_paused_called: [210201996,com.android.deskclock.DeskClock,performPause]
11-19 04:57:51.506 9544 9544 I wm_on_activity_result_called: [210201996,com.android.deskclock.DeskClock,ACTIVITY_RESULT]
11-19 04:57:51.506 9544 9544 I wm_on_resume_called: [210201996,com.android.deskclock.DeskClock,ACTIVITY_RESULT]
11-19 04:57:51.509 1499 1637 I sysui_multi_action: [757,803,799,window_time_0,802,1]
11-19 04:57:51.509 1499 1637 I wm_destroy_activity: [0,91301969,62,com.android.permissioncontroller/.permission.ui.GrantPermissionsActivity,finish-idle]
11-19 04:57:51.510 1499 1637 I sysui_multi_action: [757,803,799,window_time_0,802,0]
11-19 04:57:51.510 9979 9979 I wm_on_stop_called: [91301969,com.android.permissioncontroller.permission.ui.GrantPermissionsActivity,LIFECYCLER_STOP_ACTIVITY]
11-19 04:57:51.511 9979 9979 I wm_on_destroy_called: [91301969,com.android.permissioncontroller.permission.ui.GrantPermissionsActivity,performDestroy]
11-19 04:57:51.518 1499 5517 I wm_resume_activity: [0,210201996,62,com.android.deskclock/.DeskClock]
11-19 04:57:51.520 1499 1638 I input_focus: [Focus request 9cb1151 com.android.deskclock/com.android.deskclock.DeskClock,reason=UpdateInputWindows]
11-19 04:57:51.526 7802 7838 W ContextImpl: Calling a method in the system process without a qualified user: android.app.ContextImpl.startService:1816 android.content.ContextWrapper.startService:774 com.thundercomm.gamemode.ingame.services.GameModeActionUtils.startGameModeService:93 com.thundercomm.gamemode.ingame.services.GameModeActionUtils.startGameModeEntry:21 com.thundercomm.gamemode.ingame.services.ActivityMonitoringService$1.onActivityLaunch:127
11-19 04:57:51.531 1499 1499 I GameModeConfig: Current uri is uri = content://com.thundercomm.gamemode.api/gamemode_settings/gamemode_isgaming
11-19 04:57:51.533 1499 1499 I GameModeConfig: isGameModeOn = false
11-19 04:57:51.533 1499 1499 I GameModeConfig: isGameModeOn = false
11-19 04:57:51.533 1499 1499 I GameModeConfig: isDisableVoice = true
11-19 04:57:51.616 7802 7838 W ContextImpl: Calling a method in the system process without a qualified user: android.app.ContextImpl.startService:1816 android.content.ContextWrapper.startService:774 com.thundercomm.gamemode.ingame.services.GameModeActionUtils.startGameModeService:93 com.thundercomm.gamemode.ingame.services.GameModeActionUtils.startGameModeEntry:21 com.thundercomm.gamemode.ingame.services.ActivityMonitoringService$1.onActivityLaunch:127
11-19 04:57:51.620 1499 1499 I GameModeConfig: Current uri is uri = content://com.thundercomm.gamemode.api/gamemode_settings/gamemode_isgaming
11-19 04:57:51.623 1499 1499 I GameModeConfig: isGameModeOn = false
11-19 04:57:51.623 1499 1499 I GameModeConfig: isGameModeOn = false
11-19 04:57:51.623 1499 1499 I GameModeConfig: isDisableVoice = true
11-19 04:57:52.260 1499 2284 I GameModeConfig: isGameModeOn = false
11-19 04:57:52.665 1499 5517 I wm_task_moved: [1,0,0]
11-19 04:57:52.666 1499 5517 I wm_task_moved: [1,0,6]
11-19 04:57:52.716 1499 1634 I sysui_multi_action: [319,14,322,42,325,13152,757,761,758,9,759,5,806,com.android.launcher3,871,com.android.launcher3.uioverrides.QuickstepLauncher,905,0,1320,8,1321,5]
11-19 04:57:52.729 9544 9544 I view_enqueue_input_event: [Motion - Cancel,com.android.deskclock/com.android.deskclock.DeskClock]
11-19 04:57:52.757 2802 2802 I sysui_latency: [1,15]
11-19 04:57:52.758 1499 1638 I input_focus: [Focus request recents_animation_input_consumer,reason=UpdateInputWindows]
11-19 04:57:52.760 1499 1831 I input_interaction: Interaction with: edge-swipe (server), swipe-up (server), PointerEventDispatcher0 (server),
11-19 04:57:52.782 1499 1831 I input_focus: [Focus leaving 9cb1151 com.android.deskclock/com.android.deskclock.DeskClock (server),reason=NOT_FOCUSABLE]
11-19 04:57:52.782 1499 1831 I input_focus: [Focus entering recents_animation_input_consumer (server),reason=setFocusedWindow]
11-19 04:57:52.957 1499 1759 I commit_sys_config_file: [settings-1-0,3]
11-19 04:57:53.010 1499 1644 I sysui_latency: [8,68]
11-19 04:57:53.618 1499 1759 I commit_sys_config_file: [settings-1-0,12]
11-19 04:57:54.131 0 0 I auditd : type=1400 audit(0.0:11501): avc: denied { kill } for comm="swapper/1" capability=5 scontext=u:r:kernel:s0 tcontext=u:r:kernel:s0 tclass=capability permissive=0
11-19 04:57:54.371 1499 3791 E TaskPersister: File error accessing recents directory (directory doesn't exist?).
11-19 04:57:56.062 1499 1831 I input_interaction: Interaction with: 632f7bf com.android.launcher3/com.android.launcher3.uioverrides.QuickstepLauncher (server), edge-swipe (server), swipe-up (server), PointerEventDispatcher0 (server),
11-19 04:57:56.131 0 0 I auditd : type=1400 audit(0.0:11502): avc: denied { kill } for comm="swapper/1" capability=5 scontext=u:r:kernel:s0 tcontext=u:r:kernel:s0 tclass=capability permissive=0
11-19 04:57:56.201 1499 4942 D FreeFormWindowHelper: Add freeform task=Task{1a162bf #62 type=standard A=10063:com.android.deskclock U=0 visible=true mode=freeform translucent=false sz=1}
11-19 04:57:56.201 1499 4942 I wm_relaunch_resume_activity: [0,210201996,62,com.android.deskclock/.DeskClock]
11-19 04:57:56.206 9544 9544 I wm_on_paused_called: [210201996,com.android.deskclock.DeskClock,performPause]
11-19 04:57:56.206 1499 4942 I wm_resume_activity: [0,210201996,62,com.android.deskclock/.DeskClock]
11-19 04:57:56.208 1499 4942 I wm_task_moved: [1,1,7]
11-19 04:57:56.210 1499 4942 I wm_focused_root_task: [0,0,1,62,startActivityFromRecents]
11-19 04:57:56.210 1499 4942 I wm_task_moved: [62,1,7]
11-19 04:57:56.210 1499 4942 I wm_focused_root_task: [0,0,62,1,moveTaskToFront findTaskToMoveToFront]
11-19 04:57:56.211 1499 4942 I wm_set_resumed_activity: [0,com.android.deskclock/.DeskClock,moveTaskToFront findTaskToMoveToFront]
11-19 04:57:56.214 1499 4942 I wm_resume_activity: [0,210201996,62,com.android.deskclock/.DeskClock]
11-19 04:57:56.216 1499 4942 W WindowManager: updateScale0.7996942
11-19 04:57:56.219 9544 9544 I wm_on_stop_called: [210201996,com.android.deskclock.DeskClock,handleRelaunchActivity]
11-19 04:57:56.223 1499 5517 W WindowManager: Attempted to set replacing window on app token with no content Token{d4dfb60 ActivityRecord{c876d8c u0 com.android.deskclock/.DeskClock t62}}
11-19 04:57:56.238 9544 9544 I wm_on_destroy_called: [210201996,com.android.deskclock.DeskClock,performDestroy]
11-19 04:57:56.258 1499 4942 I ActivityTaskManager: START u0 {act=android.content.pm.action.REQUEST_PERMISSIONS pkg=com.android.permissioncontroller cmp=com.android.permissioncontroller/.permission.ui.GrantPermissionsActivity (has extras)} from uid 10063
11-19 04:57:56.260 1499 4942 I wm_task_moved: [62,1,7]
11-19 04:57:56.260 1499 4942 I wm_create_activity: [0,238030353,62,com.android.permissioncontroller/.permission.ui.GrantPermissionsActivity,android.content.pm.action.REQUEST_PERMISSIONS,NULL,NULL,8388608]
11-19 04:57:56.260 1499 4942 I ActivityTaskManager: FOREGROUND_APPLICATION_CHANGED to com.android.permissioncontroller.permission.ui.GrantPermissionsActivity
11-19 04:57:56.260 1499 4942 I ActivityTaskManager: The Process com.android.permissioncontroller Already Exists in BG. So sending its PID: 9979
11-19 04:57:56.260 1499 4942 W ActivityTaskManager: Tried to set launchTime (0) < mLastActivityLaunchTime (13150803)
11-19 04:57:56.261 1499 4942 I wm_restart_activity: [0,238030353,62,com.android.permissioncontroller/.permission.ui.GrantPermissionsActivity]
11-19 04:57:56.262 1499 4942 I wm_set_resumed_activity: [0,com.android.permissioncontroller/.permission.ui.GrantPermissionsActivity,minimalResumeActivityLocked]
11-19 04:57:56.262 1499 4942 W WindowManager: updateScale0.7996942
11-19 04:57:56.269 9544 9544 I wm_on_create_called: [210201996,com.android.deskclock.DeskClock,performCreate]
11-19 04:57:56.295 9979 9979 I wm_on_create_called: [238030353,com.android.permissioncontroller.permission.ui.GrantPermissionsActivity,performCreate]
11-19 04:57:56.297 9979 9979 I wm_on_start_called: [238030353,com.android.permissioncontroller.permission.ui.GrantPermissionsActivity,handleStartActivity]
11-19 04:57:56.298 9979 9979 I wm_on_resume_called: [238030353,com.android.permissioncontroller.permission.ui.GrantPermissionsActivity,RESUME_ACTIVITY]
11-19 04:57:56.298 9544 9544 I wm_on_start_called: [210201996,com.android.deskclock.DeskClock,handleStartActivity]
11-19 04:57:56.300 9544 9544 I wm_on_resume_called: [210201996,com.android.deskclock.DeskClock,RESUME_ACTIVITY]
11-19 04:57:56.307 9979 9979 I wm_on_top_resumed_gained_called: [238030353,com.android.permissioncontroller.permission.ui.GrantPermissionsActivity,topStateChangedWhenResumed]
11-19 04:57:56.309 1499 4942 W WindowManager: updateScale0.7996942
11-19 04:57:56.309 1499 4942 W WindowManager: updateScale0.7996942
11-19 04:57:56.312 1499 5517 W WindowManager: updateScale0.7996942
11-19 04:57:56.312 1499 5517 W WindowManager: updateScale0.7996942
11-19 04:57:56.315 1499 1638 W WindowManager: updateScale0.7996942
11-19 04:57:56.315 1499 1638 W WindowManager: updateScale0.7996942
11-19 04:57:56.316 1499 1638 W WindowManager: updateScale0.7996942
11-19 04:57:56.316 1499 1638 W WindowManager: updateScale0.7996942
11-19 04:57:56.317 1499 8831 I wm_finish_activity: [0,238030353,62,com.android.permissioncontroller/.permission.ui.GrantPermissionsActivity,app-request]
11-19 04:57:56.317 1499 8831 I wm_pause_activity: [0,238030353,com.android.permissioncontroller/.permission.ui.GrantPermissionsActivity,userLeaving=false,finish]
11-19 04:57:56.321 1499 1637 I sysui_multi_action: [757,1144,758,8,806,com.android.permissioncontroller,871,com.android.permissioncontroller.permission.ui.GrantPermissionsActivity]
11-19 04:57:56.322 9979 9979 I wm_on_top_resumed_lost_called: [238030353,com.android.permissioncontroller.permission.ui.GrantPermissionsActivity,topStateChangedWhenResumed]
11-19 04:57:56.326 9979 9979 I wm_on_paused_called: [238030353,com.android.permissioncontroller.permission.ui.GrantPermissionsActivity,performPause]
11-19 04:57:56.326 1499 5517 I ActivityTaskManager: FOREGROUND_APPLICATION_CHANGED to com.android.deskclock.DeskClock
11-19 04:57:56.327 1499 5517 I wm_resume_activity: [0,210201996,62,com.android.deskclock/.DeskClock]
11-19 04:57:56.331 1499 5517 I wm_resume_activity: [0,210201996,62,com.android.deskclock/.DeskClock]
11-19 04:57:56.336 1499 1637 I sysui_multi_action: [757,803,799,window_time_0,802,5]
11-19 04:57:56.362 1499 4942 I WindowManager: finishDrawing of relaunch: Window{9cb1151 u0 com.android.deskclock/com.android.deskclock.DeskClock} 161ms
11-19 04:57:56.362 1499 1638 W WindowManager: updateScale0.7996942
11-19 04:57:56.363 1499 1638 W WindowManager: updateScale0.7996942
11-19 04:57:56.364 1499 5517 W WindowManager: updateScale0.7996942
11-19 04:57:56.371 9544 9544 I wm_on_paused_called: [210201996,com.android.deskclock.DeskClock,performPause]
11-19 04:57:56.371 9544 9544 I wm_on_activity_result_called: [210201996,com.android.deskclock.DeskClock,ACTIVITY_RESULT]
11-19 04:57:56.371 9544 9544 I wm_on_resume_called: [210201996,com.android.deskclock.DeskClock,ACTIVITY_RESULT]
11-19 04:57:56.385 1499 4942 I wm_destroy_activity: [0,238030353,62,com.android.permissioncontroller/.permission.ui.GrantPermissionsActivity,finish-idle]
11-19 04:57:56.386 9979 9979 I wm_on_stop_called: [238030353,com.android.permissioncontroller.permission.ui.GrantPermissionsActivity,LIFECYCLER_STOP_ACTIVITY]
11-19 04:57:56.386 9979 9979 I wm_on_destroy_called: [238030353,com.android.permissioncontroller.permission.ui.GrantPermissionsActivity,performDestroy]
11-19 04:57:56.388 1499 4942 W WindowManager: updateScale0.7996942
11-19 04:57:56.393 1499 4942 I wm_resume_activity: [0,210201996,62,com.android.deskclock/.DeskClock]
11-19 04:57:56.394 1499 1638 I input_focus: [Focus request 632f7bf com.android.launcher3/com.android.launcher3.uioverrides.QuickstepLauncher,reason=UpdateInputWindows]
11-19 04:57:56.395 1499 1638 W WindowManager: updateScale0.7996942
11-19 04:57:56.399 1499 1644 I am_pss : [12815,1000,com.android.settings,25302016,23511040,0,109092864,0,19,6]
11-19 04:57:56.407 1499 1831 I input_focus: [Focus leaving recents_animation_input_consumer (server),reason=setFocusedWindow]
11-19 04:57:56.407 1499 1831 I input_focus: [Focus entering 632f7bf com.android.launcher3/com.android.launcher3.uioverrides.QuickstepLauncher (server),reason=setFocusedWindow]
11-19 04:57:56.440 7802 7838 W ContextImpl: Calling a method in the system process without a qualified user: android.app.ContextImpl.startService:1816 android.content.ContextWrapper.startService:774 com.thundercomm.gamemode.ingame.services.GameModeActionUtils.startGameModeService:93 com.thundercomm.gamemode.ingame.services.GameModeActionUtils.startGameModeEntry:21 com.thundercomm.gamemode.ingame.services.ActivityMonitoringService$1.onActivityLaunch:127
11-19 04:57:56.445 1499 1499 I GameModeConfig: Current uri is uri = content://com.thundercomm.gamemode.api/gamemode_settings/gamemode_isgaming
11-19 04:57:56.452 1499 1499 I GameModeConfig: isGameModeOn = false
11-19 04:57:56.453 1499 1499 I GameModeConfig: isGameModeOn = false
11-19 04:57:56.453 1499 1499 I GameModeConfig: isDisableVoice = true
11-19 04:57:56.540 1499 1638 W WindowManager: updateScale0.7996942
11-19 04:57:56.557 1499 1638 W WindowManager: updateScale0.7996942
11-19 04:57:56.615 1499 8917 I wm_task_moved: [1,0,6]
11-19 04:57:56.619 1499 8917 I ActivityTaskManager: FOREGROUND_APPLICATION_CHANGED to com.android.launcher3.uioverrides.QuickstepLauncher
11-19 04:57:56.623 1499 8917 I wm_resume_activity: [0,19758722,10,com.android.launcher3/.uioverrides.QuickstepLauncher]
11-19 04:57:56.625 1499 8917 I ActivityTaskManager: FOREGROUND_APPLICATION_CHANGED to com.android.deskclock.DeskClock
11-19 04:57:56.627 2802 2802 I wm_on_resume_called: [19758722,com.android.launcher3.uioverrides.QuickstepLauncher,RESUME_ACTIVITY]
11-19 04:57:56.628 1499 8917 I wm_resume_activity: [0,210201996,62,com.android.deskclock/.DeskClock]
11-19 04:57:56.629 1499 8917 W WindowManager: updateScale0.7996942
11-19 04:57:56.635 1499 8917 W WindowManager: updateScale0.7996942
11-19 04:57:56.640 1499 1638 I input_focus: [Focus request 9cb1151 com.android.deskclock/com.android.deskclock.DeskClock,reason=UpdateInputWindows]
11-19 04:57:56.642 1499 8917 W WindowManager: updateScale0.7996942
11-19 04:57:56.657 1499 1831 I input_focus: [Focus leaving 632f7bf com.android.launcher3/com.android.launcher3.uioverrides.QuickstepLauncher (server),reason=setFocusedWindow]
11-19 04:57:56.657 1499 1831 I input_focus: [Focus entering 9cb1151 com.android.deskclock/com.android.deskclock.DeskClock (server),reason=setFocusedWindow]
11-19 04:57:56.723 1499 4942 W WindowManager: updateScale0.7996942
11-19 04:57:56.724 1499 4942 W WindowManager: updateScale0.7996942
11-19 04:57:57.502 1499 1831 I input_interaction: Interaction with: 9cb1151 com.android.deskclock/com.android.deskclock.DeskClock (server), edge-swipe (server), swipe-up (server), PointerEventDispatcher0 (server),
11-19 04:57:57.510 1499 8917 W WindowManager: updateScale0.7996942
11-19 04:57:57.532 1499 1638 W WindowManager: updateScale0.7996942
11-19 04:57:57.687 1499 8917 I wm_relaunch_resume_activity: [0,210201996,62,com.android.deskclock/.DeskClock]
11-19 04:57:57.688 1499 8917 I wm_add_to_stopping: [0,19758722,com.android.launcher3/.uioverrides.QuickstepLauncher,makeInvisible]
11-19 04:57:57.690 1499 8917 I wm_pause_activity: [0,19758722,com.android.launcher3/.uioverrides.QuickstepLauncher,userLeaving=false,pauseBackTasks]
11-19 04:57:57.693 2802 2802 I wm_on_paused_called: [19758722,com.android.launcher3.uioverrides.QuickstepLauncher,performPause]
11-19 04:57:57.695 1499 8917 D FreeFormWindowHelper: Remove freefrom task=Task{1a162bf #62 type=standard A=10063:com.android.deskclock U=0 visible=true mode=fullscreen translucent=false sz=1}
11-19 04:57:57.703 1499 5517 I wm_resume_activity: [0,210201996,62,com.android.deskclock/.DeskClock]
11-19 04:57:57.709 9544 9544 I wm_on_paused_called: [210201996,com.android.deskclock.DeskClock,performPause]
11-19 04:57:57.713 1499 8917 W WindowManager: Attempted to set replacing window on app token with no content Token{d4dfb60 ActivityRecord{c876d8c u0 com.android.deskclock/.DeskClock t62}}
11-19 04:57:57.717 1499 1637 I sysui_multi_action: [757,803,799,window_time_2,802,2]
11-19 04:57:57.718 9544 9544 I wm_on_stop_called: [210201996,com.android.deskclock.DeskClock,handleRelaunchActivity]
11-19 04:57:57.727 9544 9544 I wm_on_destroy_called: [210201996,com.android.deskclock.DeskClock,performDestroy]
11-19 04:57:57.751 1499 4942 I ActivityTaskManager: START u0 {act=android.content.pm.action.REQUEST_PERMISSIONS pkg=com.android.permissioncontroller cmp=com.android.permissioncontroller/.permission.ui.GrantPermissionsActivity (has extras)} from uid 10063
11-19 04:57:57.753 1499 4942 I wm_task_moved: [62,1,7]
11-19 04:57:57.753 1499 4942 I wm_create_activity: [0,10382902,62,com.android.permissioncontroller/.permission.ui.GrantPermissionsActivity,android.content.pm.action.REQUEST_PERMISSIONS,NULL,NULL,8388608]
11-19 04:57:57.754 1499 4942 I ActivityTaskManager: FOREGROUND_APPLICATION_CHANGED to com.android.permissioncontroller.permission.ui.GrantPermissionsActivity
11-19 04:57:57.754 1499 4942 I ActivityTaskManager: The Process com.android.permissioncontroller Already Exists in BG. So sending its PID: 9979
11-19 04:57:57.754 1499 4942 W ActivityTaskManager: Tried to set launchTime (0) < mLastActivityLaunchTime (13155621)
11-19 04:57:57.754 1499 4942 I wm_restart_activity: [0,10382902,62,com.android.permissioncontroller/.permission.ui.GrantPermissionsActivity]
11-19 04:57:57.755 1499 4942 I wm_set_resumed_activity: [0,com.android.permissioncontroller/.permission.ui.GrantPermissionsActivity,minimalResumeActivityLocked]
11-19 04:57:57.773 9544 9544 I wm_on_create_called: [210201996,com.android.deskclock.DeskClock,performCreate]
11-19 04:57:57.785 9979 9979 I wm_on_create_called: [10382902,com.android.permissioncontroller.permission.ui.GrantPermissionsActivity,performCreate]
11-19 04:57:57.786 9979 9979 I wm_on_start_called: [10382902,com.android.permissioncontroller.permission.ui.GrantPermissionsActivity,handleStartActivity]
11-19 04:57:57.786 9979 9979 I wm_on_resume_called: [10382902,com.android.permissioncontroller.permission.ui.GrantPermissionsActivity,RESUME_ACTIVITY]
11-19 04:57:57.789 9979 9979 I wm_on_top_resumed_gained_called: [10382902,com.android.permissioncontroller.permission.ui.GrantPermissionsActivity,topStateChangedWhenResumed]
11-19 04:57:57.802 9544 9544 I wm_on_start_called: [210201996,com.android.deskclock.DeskClock,handleStartActivity]
11-19 04:57:57.803 9544 9544 I wm_on_resume_called: [210201996,com.android.deskclock.DeskClock,RESUME_ACTIVITY]
11-19 04:57:57.803 1499 1638 I input_focus: [Focus request d4fc6a4 com.android.permissioncontroller/com.android.permissioncontroller.permission.ui.GrantPermissionsActivity,reason=UpdateInputWindows]
11-19 04:57:57.810 1499 8831 I wm_finish_activity: [0,10382902,62,com.android.permissioncontroller/.permission.ui.GrantPermissionsActivity,app-request]
