11-19 05:12:41.794 13162 13162 I wm_on_stop_called: [186266324,com.android.gallery3d.app.GalleryActivity,handleRelaunchActivity]
11-19 05:12:41.805 13162 13162 I wm_on_destroy_called: [186266324,com.android.gallery3d.app.GalleryActivity,performDestroy]
11-19 05:12:41.809 1499 9049 W WindowManager: Attempted to set replacing window on app token with no content Token{b925a4b ActivityRecord{b1a32d4 u0 com.android.gallery3d/.app.GalleryActivity t65}}
11-19 05:12:41.839 13162 13162 I wm_on_create_called: [186266324,com.android.gallery3d.app.GalleryActivity,performCreate]
11-19 05:12:41.841 13162 13162 I wm_on_start_called: [186266324,com.android.gallery3d.app.GalleryActivity,handleStartActivity]
11-19 05:12:41.850 13162 13162 I wm_on_resume_called: [186266324,com.android.gallery3d.app.GalleryActivity,RESUME_ACTIVITY]
11-19 05:12:41.850 13162 13162 I wm_on_top_resumed_gained_called: [186266324,com.android.gallery3d.app.GalleryActivity,topWhenResuming]
11-19 05:12:41.851 13162 13162 I wm_on_top_resumed_lost_called: [186266324,com.android.gallery3d.app.GalleryActivity,topStateChangedWhenResumed]
11-19 05:12:41.851 1499 2757 I NotificationService: cancelToast pkg=com.android.gallery3d token=android.os.BinderProxy@d470fcc
11-19 05:12:41.851 1499 2757 W NotificationService: Toast already cancelled. pkg=com.android.gallery3d token=android.os.BinderProxy@d470fcc
11-19 05:12:41.854 1499 1614 W WindowManager: updateScale0.7996942
11-19 05:12:41.865 13162 13162 I wm_on_top_resumed_gained_called: [186266324,com.android.gallery3d.app.GalleryActivity,topStateChangedWhenResumed]
11-19 05:12:41.884 1499 1614 I WindowManager: finishDrawing of relaunch: Window{757a122 u0 com.android.gallery3d/com.android.gallery3d.app.GalleryActivity} 95ms
11-19 05:12:41.884 1499 1638 W WindowManager: updateScale0.7996942
11-19 05:12:41.886 1499 1638 W WindowManager: updateScale0.7996942
11-19 05:12:41.935 1499 1614 W WindowManager: updateScale0.7996942
11-19 05:12:41.943 1499 1638 W WindowManager: updateScale0.7996942
11-19 05:12:42.131 0 0 I auditd : type=1400 audit(0.0:12312): avc: denied { kill } for comm="swapper/3" capability=5 scontext=u:r:kernel:s0 tcontext=u:r:kernel:s0 tclass=capability permissive=0
11-19 05:12:42.212 1499 1614 I wm_task_moved: [1,0,6]
11-19 05:12:42.215 1499 1614 I ActivityTaskManager: FOREGROUND_APPLICATION_CHANGED to com.android.launcher3.uioverrides.QuickstepLauncher
11-19 05:12:42.221 1499 1614 I wm_resume_activity: [0,19758722,10,com.android.launcher3/.uioverrides.QuickstepLauncher]
11-19 05:12:42.223 1499 1614 I ActivityTaskManager: FOREGROUND_APPLICATION_CHANGED to com.android.gallery3d.app.GalleryActivity
11-19 05:12:42.223 1499 1614 W WindowManager: updateScale0.7996942
11-19 05:12:42.232 1499 1614 W WindowManager: updateScale0.7996942
11-19 05:12:42.236 1499 1638 I input_focus: [Focus request 757a122 com.android.gallery3d/com.android.gallery3d.app.GalleryActivity,reason=UpdateInputWindows]
11-19 05:12:42.239 2802 2802 I wm_on_resume_called: [19758722,com.android.launcher3.uioverrides.QuickstepLauncher,RESUME_ACTIVITY]
11-19 05:12:42.252 1499 1614 W WindowManager: updateScale0.7996942
11-19 05:12:42.254 1499 1831 I input_focus: [Focus leaving recents_animation_input_consumer (server),reason=NOT_VISIBLE]
11-19 05:12:42.254 1499 1831 I input_focus: [Focus entering 757a122 com.android.gallery3d/com.android.gallery3d.app.GalleryActivity (server),reason=setFocusedWindow]
11-19 05:12:42.257 1499 2284 I GameModeConfig: isGameModeOn = false
11-19 05:12:42.334 1499 4942 W WindowManager: updateScale0.7996942
11-19 05:12:42.335 1499 4942 W WindowManager: updateScale0.7996942
11-19 05:12:42.438 1499 2284 I GameModeConfig: isGameModeOn = false
11-19 05:12:42.941 1499 1831 I input_interaction: Interaction with: 757a122 com.android.gallery3d/com.android.gallery3d.app.GalleryActivity (server), edge-swipe (server), swipe-up (server), PointerEventDispatcher0 (server),
11-19 05:12:42.981 1499 1614 W WindowManager: updateScale0.7996942
11-19 05:12:42.997 1499 1638 W WindowManager: updateScale0.7996942
11-19 05:12:43.079 1499 1614 W WindowManager: updateScale0.7996942
11-19 05:12:43.243 1499 1499 W WindowManager: removeWindowToken: Attempted to remove non-existing token: android.os.Binder@cce8c9a
11-19 05:12:43.867 1499 1614 W WindowManager: updateScale0.7996942
11-19 05:12:43.883 1499 1638 W WindowManager: updateScale0.7996942
11-19 05:12:44.004 1499 1614 I wm_relaunch_resume_activity: [0,186266324,65,com.android.gallery3d/.app.GalleryActivity]
11-19 05:12:44.005 1499 1614 I wm_add_to_stopping: [0,19758722,com.android.launcher3/.uioverrides.QuickstepLauncher,makeInvisible]
11-19 05:12:44.010 1499 1614 D FreeFormWindowHelper: Remove freefrom task=Task{daa5027 #65 type=standard A=10066:com.android.gallery3d U=0 visible=true mode=fullscreen translucent=false sz=1}
11-19 05:12:44.013 13162 13162 I wm_on_top_resumed_lost_called: [186266324,com.android.gallery3d.app.GalleryActivity,pausing]
11-19 05:12:44.018 13162 13162 I wm_on_paused_called: [186266324,com.android.gallery3d.app.GalleryActivity,performPause]
11-19 05:12:44.019 13162 13162 I wm_on_stop_called: [186266324,com.android.gallery3d.app.GalleryActivity,handleRelaunchActivity]
11-19 05:12:44.027 13162 13162 I wm_on_destroy_called: [186266324,com.android.gallery3d.app.GalleryActivity,performDestroy]
11-19 05:12:44.027 1499 2437 W WindowManager: Attempted to set replacing window on app token with no content Token{b925a4b ActivityRecord{b1a32d4 u0 com.android.gallery3d/.app.GalleryActivity t65}}
11-19 05:12:44.032 7802 7838 W ContextImpl: Calling a method in the system process without a qualified user: android.app.ContextImpl.startService:1816 android.content.ContextWrapper.startService:774 com.thundercomm.gamemode.ingame.services.GameModeActionUtils.startGameModeService:93 com.thundercomm.gamemode.ingame.services.GameModeActionUtils.startGameModeEntry:21 com.thundercomm.gamemode.ingame.services.ActivityMonitoringService$1.onActivityLaunch:127
11-19 05:12:44.037 1499 1499 I GameModeConfig: Current uri is uri = content://com.thundercomm.gamemode.api/gamemode_settings/gamemode_isgaming
11-19 05:12:44.039 1499 1499 I GameModeConfig: isGameModeOn = false
11-19 05:12:44.039 1499 1499 I GameModeConfig: isGameModeOn = false
11-19 05:12:44.039 1499 1499 I GameModeConfig: isDisableVoice = true
11-19 05:12:44.058 13162 13162 I wm_on_create_called: [186266324,com.android.gallery3d.app.GalleryActivity,performCreate]
11-19 05:12:44.061 13162 13162 I wm_on_start_called: [186266324,com.android.gallery3d.app.GalleryActivity,handleStartActivity]
11-19 05:12:44.068 13162 13162 I wm_on_resume_called: [186266324,com.android.gallery3d.app.GalleryActivity,RESUME_ACTIVITY]
11-19 05:12:44.068 13162 13162 I wm_on_top_resumed_gained_called: [186266324,com.android.gallery3d.app.GalleryActivity,topWhenResuming]
11-19 05:12:44.077 1499 2284 I GameModeConfig: isGameModeOn = false
11-19 05:12:44.077 1499 2284 I GameModeConfig: isGameModeOn = false
11-19 05:12:44.077 1499 2284 I GameModeConfig: isGameModeOn = false
11-19 05:12:44.077 1499 2284 I GameModeConfig: isGameModeOn = false
11-19 05:12:44.079 1499 1499 I notification_enqueue: [10081,2342,com.android.systemui,2048,NULL,0,Notification(channel=updateNotification shortcut=null contentView=null vibrate=null sound=null defaults=0x0 flags=0x0 color=0x00000000 vis=PRIVATE),1]
11-19 05:12:44.082 2342 2342 I sysui_multi_action: [757,111,758,2]
11-19 05:12:44.083 2342 2342 I sysui_multi_action: [757,111,758,2]
11-19 05:12:44.097 1499 9049 I NotificationService: cancelToast pkg=com.android.gallery3d token=android.os.BinderProxy@d292ef4
11-19 05:12:44.097 1499 9049 W WindowManager: removeWindowToken: Attempted to remove non-existing token: android.os.Binder@58a6a01
11-19 05:12:44.100 2342 2342 I sysui_multi_action: [757,111,758,1]
11-19 05:12:44.101 2342 2342 I sysui_multi_action: [757,126,758,1,759,126,927,0,928,0,1593,0]
11-19 05:12:44.101 2342 2342 I sysui_multi_action: [757,113,758,1,759,113,927,1,928,1,1593,0]
11-19 05:12:44.101 2342 2342 I sysui_multi_action: [757,0,758,1,759,0,927,2,928,0,1593,0]
11-19 05:12:44.101 2342 2342 I sysui_multi_action: [757,0,758,1,759,0,927,3,928,0,1593,0]
11-19 05:12:44.102 1499 9049 I WindowManager: finishDrawing of relaunch: Window{757a122 u0 com.android.gallery3d/com.android.gallery3d.app.GalleryActivity} 97ms
11-19 05:12:44.102 2342 2342 I sysui_multi_action: [757,491,758,1,759,491,927,4,928,0,1311,-1,1593,0]
11-19 05:12:44.102 2342 2342 I sysui_multi_action: [757,0,758,1,759,0,927,5,928,0,1593,0]
11-19 05:12:44.102 2342 2342 I sysui_multi_action: [757,111,758,1]
11-19 05:12:44.102 2342 2342 I sysui_multi_action: [757,126,758,1,759,126,927,0,928,0,1593,0]
11-19 05:12:44.103 2342 2342 I sysui_multi_action: [757,113,758,1,759,113,927,1,928,1,1593,0]
11-19 05:12:44.103 2342 2342 I sysui_multi_action: [757,0,758,1,759,0,927,2,928,0,1593,0]
11-19 05:12:44.103 2342 2342 I sysui_multi_action: [757,0,758,1,759,0,927,3,928,0,1593,0]
11-19 05:12:44.282 1499 1499 I GameModeConfig: isGameModeOn = false
11-19 05:12:44.442 1499 1637 I wm_stop_activity: [0,19758722,com.android.launcher3/.uioverrides.QuickstepLauncher]
11-19 05:12:44.459 7802 7838 W ContextImpl: Calling a method in the system process without a qualified user: android.app.ContextImpl.startService:1816 android.content.ContextWrapper.startService:774 com.thundercomm.gamemode.ingame.services.GameModeActionUtils.startGameModeService:93 com.thundercomm.gamemode.ingame.services.GameModeActionUtils.startGameModeEntry:21 com.thundercomm.gamemode.ingame.services.ActivityMonitoringService$1.onActivityLaunch:127
11-19 05:12:44.465 2802 2802 I wm_on_paused_called: [19758722,com.android.launcher3.uioverrides.QuickstepLauncher,performPause]
11-19 05:12:44.470 1499 1499 I GameModeConfig: Current uri is uri = content://com.thundercomm.gamemode.api/gamemode_settings/gamemode_isgaming
11-19 05:12:44.470 2802 2802 I wm_on_stop_called: [19758722,com.android.launcher3.uioverrides.QuickstepLauncher,STOP_ACTIVITY_ITEM]
11-19 05:12:44.473 1499 1499 I GameModeConfig: isGameModeOn = false
11-19 05:12:44.473 1499 1499 I GameModeConfig: isGameModeOn = false
11-19 05:12:44.473 1499 1499 I GameModeConfig: isDisableVoice = true
11-19 05:12:44.500 7802 7838 W ContextImpl: Calling a method in the system process without a qualified user: android.app.ContextImpl.startService:1816 android.content.ContextWrapper.startService:774 com.thundercomm.gamemode.ingame.services.GameModeActionUtils.startGameModeService:93 com.thundercomm.gamemode.ingame.services.GameModeActionUtils.startGameModeEntry:21 com.thundercomm.gamemode.ingame.services.ActivityMonitoringService$1.onActivityLaunch:127
11-19 05:12:44.505 1499 1499 I GameModeConfig: Current uri is uri = content://com.thundercomm.gamemode.api/gamemode_settings/gamemode_isgaming
11-19 05:12:44.506 1499 1499 I GameModeConfig: isGameModeOn = false
11-19 05:12:44.507 1499 1499 I GameModeConfig: isGameModeOn = false
11-19 05:12:44.507 1499 1499 I GameModeConfig: isDisableVoice = true
11-19 05:12:45.131 0 0 I auditd : type=1400 audit(0.0:12313): avc: denied { kill } for comm="swapper/3" capability=5 scontext=u:r:kernel:s0 tcontext=u:r:kernel:s0 tclass=capability permissive=0
11-19 05:12:45.639 13162 13162 I view_enqueue_input_event: [Motion - Cancel,com.android.gallery3d/com.android.gallery3d.app.GalleryActivity]
11-19 05:12:45.656 1499 2437 I wm_task_moved: [1,0,0]
11-19 05:12:45.657 1499 2437 I wm_task_moved: [1,0,6]
11-19 05:12:45.684 2802 2802 I wm_on_restart_called: [19758722,com.android.launcher3.uioverrides.QuickstepLauncher,performRestartActivity]
11-19 05:12:45.690 7802 7838 W ContextImpl: Calling a method in the system process without a qualified user: android.app.ContextImpl.startService:1816 android.content.ContextWrapper.startService:774 com.thundercomm.gamemode.ingame.services.GameModeActionUtils.startGameModeService:93 com.thundercomm.gamemode.ingame.services.GameModeActionUtils.startGameModeEntry:21 com.thundercomm.gamemode.ingame.services.ActivityMonitoringService$1.onActivityLaunch:127
11-19 05:12:45.698 1499 1499 I GameModeConfig: Current uri is uri = content://com.thundercomm.gamemode.api/gamemode_settings/gamemode_isgaming
11-19 05:12:45.699 2802 2802 I wm_on_start_called: [19758722,com.android.launcher3.uioverrides.QuickstepLauncher,handleStartActivity]
11-19 05:12:45.700 1499 1499 I GameModeConfig: isGameModeOn = false
11-19 05:12:45.700 1499 1499 I GameModeConfig: isGameModeOn = false
11-19 05:12:45.701 1499 1499 I GameModeConfig: isDisableVoice = true
11-19 05:12:45.722 1499 1634 I sysui_multi_action: [319,19,322,57,325,14045,757,761,758,9,759,5,806,com.android.launcher3,871,com.android.launcher3.uioverrides.QuickstepLauncher,905,0,1320,8,1321,5]
11-19 05:12:45.730 1499 1831 I input_interaction: Interaction with: edge-swipe (server), swipe-up (server), PointerEventDispatcher0 (server),
11-19 05:12:45.750 2802 2802 I sysui_latency: [1,76]
11-19 05:12:45.756 1499 1638 I input_focus: [Focus request recents_animation_input_consumer,reason=UpdateInputWindows]
11-19 05:12:45.777 1499 1831 I input_focus: [Focus leaving 757a122 com.android.gallery3d/com.android.gallery3d.app.GalleryActivity (server),reason=NOT_FOCUSABLE]
11-19 05:12:45.777 1499 1831 I input_focus: [Focus entering recents_animation_input_consumer (server),reason=setFocusedWindow]
11-19 05:12:45.902 1499 1759 I commit_sys_config_file: [settings-1-0,4]
11-19 05:12:45.919 1499 1637 W WindowManager: Unable to start animation, surface is null or no children.
11-19 05:12:46.014 1499 1644 I sysui_latency: [8,77]
11-19 05:12:46.136 1499 2757 I wm_task_moved: [1,0,6]
11-19 05:12:46.138 1499 2757 I wm_add_to_stopping: [0,19758722,com.android.launcher3/.uioverrides.QuickstepLauncher,makeInvisible]
11-19 05:12:46.153 1499 1638 I input_focus: [Focus request 757a122 com.android.gallery3d/com.android.gallery3d.app.GalleryActivity,reason=UpdateInputWindows]
11-19 05:12:46.155 1499 1637 I wm_stop_activity: [0,19758722,com.android.launcher3/.uioverrides.QuickstepLauncher]
11-19 05:12:46.177 1499 1831 I input_focus: [Focus leaving recents_animation_input_consumer (server),reason=NOT_VISIBLE]
11-19 05:12:46.178 1499 1831 I input_focus: [Focus entering 757a122 com.android.gallery3d/com.android.gallery3d.app.GalleryActivity (server),reason=setFocusedWindow]
11-19 05:12:46.182 1499 1644 I am_pss : [13162,10066,com.android.gallery3d,98061312,92614656,0,212172800,0,2,9]
11-19 05:12:46.207 2802 2802 I wm_on_stop_called: [19758722,com.android.launcher3.uioverrides.QuickstepLauncher,STOP_ACTIVITY_ITEM]
11-19 05:12:46.215 1499 1644 W UsageStatsService: Unexpected activity event reported! (com.android.launcher3/com.android.launcher3.uioverrides.QuickstepLauncher event : 23 instanceId : 69626717)
11-19 05:12:46.222 7802 7838 W ContextImpl: Calling a method in the system process without a qualified user: android.app.ContextImpl.startService:1816 android.content.ContextWrapper.startService:774 com.thundercomm.gamemode.ingame.services.GameModeActionUtils.startGameModeService:93 com.thundercomm.gamemode.ingame.services.GameModeActionUtils.startGameModeEntry:21 com.thundercomm.gamemode.ingame.services.ActivityMonitoringService$1.onActivityLaunch:127
11-19 05:12:46.226 1499 1499 I GameModeConfig: Current uri is uri = content://com.thundercomm.gamemode.api/gamemode_settings/gamemode_isgaming
11-19 05:12:46.228 1499 1499 I GameModeConfig: isGameModeOn = false
11-19 05:12:46.228 1499 1499 I GameModeConfig: isGameModeOn = false
11-19 05:12:46.228 1499 1499 I GameModeConfig: isDisableVoice = true
11-19 05:12:46.275 1499 1499 W WindowManager: removeWindowToken: Attempted to remove non-existing token: android.os.Binder@2f4039e
11-19 05:12:46.409 1499 1759 I commit_sys_config_file: [settings-1-0,5]
11-19 05:12:46.698 1499 2284 I GameModeConfig: isGameModeOn = false
11-19 05:12:46.900 1499 2284 I GameModeConfig: isGameModeOn = false
11-19 05:12:47.131 0 0 I auditd : type=1400 audit(0.0:12314): avc: denied { kill } for comm="swapper/2" capability=5 scontext=u:r:kernel:s0 tcontext=u:r:kernel:s0 tclass=capability permissive=0
11-19 05:12:47.624 1499 2757 W NotificationService: Toast already killed. pkg=com.android.gallery3d token=android.os.BinderProxy@8121bd8
11-19 05:12:47.679 1499 1499 W WindowManager: removeWindowToken: Attempted to remove non-existing token: android.os.Binder@c53bd62
11-19 05:12:48.118 1499 1499 I service_manager_stats: [100,90,61473]
11-19 05:12:49.131 0 0 I auditd : type=1400 audit(0.0:12315): avc: denied { kill } for comm="swapper/2" capability=5 scontext=u:r:kernel:s0 tcontext=u:r:kernel:s0 tclass=capability permissive=0
11-19 05:12:50.131 0 0 I auditd : type=1400 audit(0.0:12316): avc: denied { kill } for comm="swapper/2" capability=5 scontext=u:r:kernel:s0 tcontext=u:r:kernel:s0 tclass=capability permissive=0
11-19 05:12:51.131 0 0 I auditd : type=1400 audit(0.0:12317): avc: denied { kill } for comm="swapper/2" capability=5 scontext=u:r:kernel:s0 tcontext=u:r:kernel:s0 tclass=capability permissive=0
11-19 05:12:51.202 1499 1499 W WindowManager: removeWindowToken: Attempted to remove non-existing token: android.os.Binder@c6e4f28
11-19 05:12:52.131 0 0 I auditd : type=1400 audit(0.0:12318): avc: denied { kill } for comm="swapper/2" capability=5 scontext=u:r:kernel:s0 tcontext=u:r:kernel:s0 tclass=capability permissive=0
11-19 05:12:53.131 0 0 I auditd : type=1400 audit(0.0:12319): avc: denied { kill } for comm="swapper/2" capability=5 scontext=u:r:kernel:s0 tcontext=u:r:kernel:s0 tclass=capability permissive=0
11-19 05:12:54.114 1499 2284 I GameModeConfig: isGameModeOn = false
11-19 05:12:54.131 0 0 I auditd : type=1400 audit(0.0:12320): avc: denied { kill } for comm="swapper/2" capability=5 scontext=u:r:kernel:s0 tcontext=u:r:kernel:s0 tclass=capability permissive=0
11-19 05:12:54.283 1499 2284 I GameModeConfig: isGameModeOn = false
11-19 05:12:55.099 1499 1499 W WindowManager: removeWindowToken: Attempted to remove non-existing token: android.os.Binder@58a6a01
11-19 05:12:55.131 0 0 I auditd : type=1400 audit(0.0:12321): avc: denied { kill } for comm="swapper/2" capability=5 scontext=u:r:kernel:s0 tcontext=u:r:kernel:s0 tclass=capability permissive=0
11-19 05:12:56.131 0 0 I auditd : type=1400 audit(0.0:12322): avc: denied { kill } for comm="swapper/2" capability=5 scontext=u:r:kernel:s0 tcontext=u:r:kernel:s0 tclass=capability permissive=0
11-19 05:12:57.131 0 0 I auditd : type=1400 audit(0.0:12323): avc: denied { kill } for comm="swapper/2" capability=5 scontext=u:r:kernel:s0 tcontext=u:r:kernel:s0 tclass=capability permissive=0
11-19 05:12:58.131 0 0 I auditd : type=1400 audit(0.0:12324): avc: denied { kill } for comm="swapper/2" capability=5 scontext=u:r:kernel:s0 tcontext=u:r:kernel:s0 tclass=capability permissive=0
11-19 05:12:58.622 1499 1499 W WindowManager: removeWindowToken: Attempted to remove non-existing token: android.os.Binder@6244660
11-19 05:12:59.131 0 0 I auditd : type=1400 audit(0.0:12325): avc: denied { kill } for comm="swapper/2" capability=5 scontext=u:r:kernel:s0 tcontext=u:r:kernel:s0 tclass=capability permissive=0
11-19 05:13:00.131 0 0 I auditd : type=1400 audit(0.0:12326): avc: denied { kill } for comm="swapper/2" capability=5 scontext=u:r:kernel:s0 tcontext=u:r:kernel:s0 tclass=capability permissive=0
11-19 05:13:01.131 0 0 I auditd : type=1400 audit(0.0:12327): avc: denied { kill } for comm="swapper/2" capability=5 scontext=u:r:kernel:s0 tcontext=u:r:kernel:s0 tclass=capability permissive=0
11-19 05:13:02.131 0 0 I auditd : type=1400 audit(0.0:12328): avc: denied { kill } for comm="swapper/2" capability=5 scontext=u:r:kernel:s0 tcontext=u:r:kernel:s0 tclass=capability permissive=0
11-19 05:13:03.131 0 0 I auditd : type=1400 audit(0.0:12329): avc: denied { kill } for comm="swapper/2" capability=5 scontext=u:r:kernel:s0 tcontext=u:r:kernel:s0 tclass=capability permissive=0
11-19 05:13:04.131 0 0 I auditd : type=1400 audit(0.0:12330): avc: denied { kill } for comm="swapper/2" capability=5 scontext=u:r:kernel:s0 tcontext=u:r:kernel:s0 tclass=capability permissive=0
11-19 05:13:05.131 0 0 I auditd : type=1400 audit(0.0:12331): avc: denied { kill } for comm="swapper/2" capability=5 scontext=u:r:kernel:s0 tcontext=u:r:kernel:s0 tclass=capability permissive=0
11-19 05:13:06.131 0 0 I auditd : type=1400 audit(0.0:12332): avc: denied { kill } for comm="swapper/2" capability=5 scontext=u:r:kernel:s0 tcontext=u:r:kernel:s0 tclass=capability permissive=0
11-19 05:13:07.131 0 0 I auditd : type=1400 audit(0.0:12333): avc: denied { kill } for comm="swapper/2" capability=5 scontext=u:r:kernel:s0 tcontext=u:r:kernel:s0 tclass=capability permissive=0
11-19 05:13:08.131 0 0 I auditd : type=1400 audit(0.0:12334): avc: denied { kill } for comm="swapper/2" capability=5 scontext=u:r:kernel:s0 tcontext=u:r:kernel:s0 tclass=capability permissive=0
11-19 05:13:09.131 0 0 I auditd : type=1400 audit(0.0:12335): avc: denied { kill } for comm="swapper/2" capability=5 scontext=u:r:kernel:s0 tcontext=u:r:kernel:s0 tclass=capability permissive=0
11-19 05:13:10.131 0 0 I auditd : type=1400 audit(0.0:12336): avc: denied { kill } for comm="swapper/2" capability=5 scontext=u:r:kernel:s0 tcontext=u:r:kernel:s0 tclass=capability permissive=0
11-19 05:13:11.131 0 0 I auditd : type=1400 audit(0.0:12337): avc: denied { kill } for comm="swapper/2" capability=5 scontext=u:r:kernel:s0 tcontext=u:r:kernel:s0 tclass=capability permissive=0
11-19 05:13:12.131 0 0 I auditd : type=1400 audit(0.0:12338): avc: denied { kill } for comm="swapper/2" capability=5 scontext=u:r:kernel:s0 tcontext=u:r:kernel:s0 tclass=capability permissive=0
11-19 05:13:13.131 0 0 I auditd : type=1400 audit(0.0:12339): avc: denied { kill } for comm="swapper/2" capability=5 scontext=u:r:kernel:s0 tcontext=u:r:kernel:s0 tclass=capability permissive=0
11-19 05:13:14.131 0 0 I auditd : type=1400 audit(0.0:12340): avc: denied { kill } for comm="swapper/2" capability=5 scontext=u:r:kernel:s0 tcontext=u:r:kernel:s0 tclass=capability permissive=0
11-19 05:13:15.131 0 0 I auditd : type=1400 audit(0.0:12341): avc: denied { kill } for comm="swapper/2" capability=5 scontext=u:r:kernel:s0 tcontext=u:r:kernel:s0 tclass=capability permissive=0
11-19 05:13:16.131 0 0 I auditd : type=1400 audit(0.0:12342): avc: denied { kill } for comm="swapper/2" capability=5 scontext=u:r:kernel:s0 tcontext=u:r:kernel:s0 tclass=capability permissive=0
11-19 05:13:17.131 0 0 I auditd : type=1400 audit(0.0:12343): avc: denied { kill } for comm="swapper/2" capability=5 scontext=u:r:kernel:s0 tcontext=u:r:kernel:s0 tclass=capability permissive=0
11-19 05:13:18.131 0 0 I auditd : type=1400 audit(0.0:12344): avc: denied { kill } for comm="swapper/2" capability=5 scontext=u:r:kernel:s0 tcontext=u:r:kernel:s0 tclass=capability permissive=0
11-19 05:13:19.131 0 0 I auditd : type=1400 audit(0.0:12345): avc: denied { kill } for comm="swapper/2" capability=5 scontext=u:r:kernel:s0 tcontext=u:r:kernel:s0 tclass=capability permissive=0
11-19 05:13:20.131 0 0 I auditd : type=1400 audit(0.0:12346): avc: denied { kill } for comm="swapper/2" capability=5 scontext=u:r:kernel:s0 tcontext=u:r:kernel:s0 tclass=capability permissive=0
11-19 05:13:21.131 0 0 I auditd : type=1400 audit(0.0:12347): avc: denied { kill } for comm="swapper/2" capability=5 scontext=u:r:kernel:s0 tcontext=u:r:kernel:s0 tclass=capability permissive=0
11-19 05:13:22.131 0 0 I auditd : type=1400 audit(0.0:12348): avc: denied { kill } for comm="swapper/2" capability=5 scontext=u:r:kernel:s0 tcontext=u:r:kernel:s0 tclass=capability permissive=0
11-19 05:13:23.131 0 0 I auditd : type=1400 audit(0.0:12349): avc: denied { kill } for comm="swapper/2" capability=5 scontext=u:r:kernel:s0 tcontext=u:r:kernel:s0 tclass=capability permissive=0
11-19 05:13:24.131 0 0 I auditd : type=1400 audit(0.0:12350): avc: denied { kill } for comm="swapper/2" capability=5 scontext=u:r:kernel:s0 tcontext=u:r:kernel:s0 tclass=capability permissive=0
11-19 05:13:25.131 0 0 I auditd : type=1400 audit(0.0:12351): avc: denied { kill } for comm="swapper/2" capability=5 scontext=u:r:kernel:s0 tcontext=u:r:kernel:s0 tclass=capability permissive=0
11-19 05:13:26.131 0 0 I auditd : type=1400 audit(0.0:12352): avc: denied { kill } for comm="swapper/2" capability=5 scontext=u:r:kernel:s0 tcontext=u:r:kernel:s0 tclass=capability permissive=0
11-19 05:13:27.131 0 0 I auditd : type=1400 audit(0.0:12353): avc: denied { kill } for comm="swapper/2" capability=5 scontext=u:r:kernel:s0 tcontext=u:r:kernel:s0 tclass=capability permissive=0
11-19 05:13:28.131 0 0 I auditd : type=1400 audit(0.0:12354): avc: denied { kill } for comm="swapper/2" capability=5 scontext=u:r:kernel:s0 tcontext=u:r:kernel:s0 tclass=capability permissive=0
11-19 05:13:29.131 0 0 I auditd : type=1400 audit(0.0:12355): avc: denied { kill } for comm="swapper/2" capability=5 scontext=u:r:kernel:s0 tcontext=u:r:kernel:s0 tclass=capability permissive=0
11-19 05:13:30.131 0 0 I auditd : type=1400 audit(0.0:12356): avc: denied { kill } for comm="swapper/2" capability=5 scontext=u:r:kernel:s0 tcontext=u:r:kernel:s0 tclass=capability permissive=0
11-19 05:13:31.131 0 0 I auditd : type=1400 audit(0.0:12357): avc: denied { kill } for comm="swapper/2" capability=5 scontext=u:r:kernel:s0 tcontext=u:r:kernel:s0 tclass=capability permissive=0
11-19 05:13:32.131 0 0 I auditd : type=1400 audit(0.0:12358): avc: denied { kill } for comm="swapper/2" capability=5 scontext=u:r:kernel:s0 tcontext=u:r:kernel:s0 tclass=capability permissive=0
11-19 05:13:33.131 0 0 I auditd : type=1400 audit(0.0:12359): avc: denied { kill } for comm="swapper/2" capability=5 scontext=u:r:kernel:s0 tcontext=u:r:kernel:s0 tclass=capability permissive=0
11-19 05:13:34.131 0 0 I auditd : type=1400 audit(0.0:12360): avc: denied { kill } for comm="swapper/2" capability=5 scontext=u:r:kernel:s0 tcontext=u:r:kernel:s0 tclass=capability permissive=0
11-19 05:13:35.131 0 0 I auditd : type=1400 audit(0.0:12361): avc: denied { kill } for comm="swapper/2" capability=5 scontext=u:r:kernel:s0 tcontext=u:r:kernel:s0 tclass=capability permissive=0
11-19 05:13:36.131 0 0 I auditd : type=1400 audit(0.0:12362): avc: denied { kill } for comm="swapper/2" capability=5 scontext=u:r:kernel:s0 tcontext=u:r:kernel:s0 tclass=capability permissive=0
11-19 05:13:37.131 0 0 I auditd : type=1400 audit(0.0:12363): avc: denied { kill } for comm="swapper/2" capability=5 scontext=u:r:kernel:s0 tcontext=u:r:kernel:s0 tclass=capability permissive=0
11-19 05:13:38.131 0 0 I auditd : type=1400 audit(0.0:12364): avc: denied { kill } for comm="swapper/2" capability=5 scontext=u:r:kernel:s0 tcontext=u:r:kernel:s0 tclass=capability permissive=0
11-19 05:13:39.028 1499 1663 V DisplayPowerController[0]: Brightness [0.05] reason changing to: 'manual [ dim ]', previous reason: 'manual'.
11-19 05:13:39.028 1499 1663 I sysui_multi_action: [757,1696,758,6,759,2]
11-19 05:13:39.029 1499 1663 W PowerManagerService: Screen on took 161536 ms
11-19 05:13:39.041 1499 2319 E DisplayDeviceConfig: requesting nits when no mapping exists.
11-19 05:13:39.042 1499 2319 E DisplayDeviceConfig: requesting nits when no mapping exists.
11-19 05:13:39.042 1499 1645 I am_wtf : [0,1499,system_server,-1,DisplayDeviceConfig,requesting nits when no mapping exists.]
11-19 05:13:39.044 1499 1645 I DropBoxManagerService: add tag=system_server_wtf isTagEnabled=true flags=0x2
11-19 05:13:39.046 1499 1645 I am_wtf : [0,1499,system_server,-1,DisplayDeviceConfig,requesting nits when no mapping exists.]
11-19 05:13:39.047 1499 1645 I DropBoxManagerService: add tag=system_server_wtf isTagEnabled=true flags=0x2
11-19 05:13:39.058 1499 2319 E DisplayDeviceConfig: requesting nits when no mapping exists.
11-19 05:13:39.058 1499 2319 E DisplayDeviceConfig: requesting nits when no mapping exists.
11-19 05:13:39.058 1499 1645 I am_wtf : [0,1499,system_server,-1,DisplayDeviceConfig,requesting nits when no mapping exists.]
11-19 05:13:39.059 1499 1645 I DropBoxManagerService: add tag=system_server_wtf isTagEnabled=true flags=0x2
11-19 05:13:39.060 1499 1645 I am_wtf : [0,1499,system_server,-1,DisplayDeviceConfig,requesting nits when no mapping exists.]
11-19 05:13:39.061 1499 1645 I DropBoxManagerService: add tag=system_server_wtf isTagEnabled=true flags=0x2
11-19 05:13:39.067 1499 2319 E DisplayDeviceConfig: requesting nits when no mapping exists.
11-19 05:13:39.068 1499 2319 E DisplayDeviceConfig: requesting nits when no mapping exists.
11-19 05:13:39.068 1499 1645 I am_wtf : [0,1499,system_server,-1,DisplayDeviceConfig,requesting nits when no mapping exists.]
11-19 05:13:39.069 1499 1645 I DropBoxManagerService: add tag=system_server_wtf isTagEnabled=true flags=0x2
11-19 05:13:39.069 1499 1645 I am_wtf : [0,1499,system_server,-1,DisplayDeviceConfig,requesting nits when no mapping exists.]
11-19 05:13:39.084 1499 2319 E DisplayDeviceConfig: requesting nits when no mapping exists.
11-19 05:13:39.084 1499 2319 E DisplayDeviceConfig: requesting nits when no mapping exists.
11-19 05:13:39.084 1499 1645 I am_wtf : [0,1499,system_server,-1,DisplayDeviceConfig,requesting nits when no mapping exists.]
11-19 05:13:39.085 1499 1645 I am_wtf : [0,1499,system_server,-1,DisplayDeviceConfig,requesting nits when no mapping exists.]
11-19 05:13:39.101 1499 2319 E DisplayDeviceConfig: requesting nits when no mapping exists.
11-19 05:13:39.102 1499 2319 E DisplayDeviceConfig: requesting nits when no mapping exists.
11-19 05:13:39.103 1499 1645 I am_wtf : [0,1499,system_server,-1,DisplayDeviceConfig,requesting nits when no mapping exists.]
11-19 05:13:39.104 1499 1645 I am_wtf : [0,1499,system_server,-1,DisplayDeviceConfig,requesting nits when no mapping exists.]
11-19 05:13:39.117 1499 2319 E DisplayDeviceConfig: requesting nits when no mapping exists.
11-19 05:13:39.118 1499 2319 E DisplayDeviceConfig: requesting nits when no mapping exists.
11-19 05:13:39.118 1499 1645 I am_wtf : [0,1499,system_server,-1,DisplayDeviceConfig,requesting nits when no mapping exists.]
11-19 05:13:39.119 1499 1645 I am_wtf : [0,1499,system_server,-1,DisplayDeviceConfig,requesting nits when no mapping exists.]
11-19 05:13:39.134 1499 2319 E DisplayDeviceConfig: requesting nits when no mapping exists.
11-19 05:13:39.135 1499 2319 E DisplayDeviceConfig: requesting nits when no mapping exists.
11-19 05:13:39.135 1499 1645 I am_wtf : [0,1499,system_server,-1,DisplayDeviceConfig,requesting nits when no mapping exists.]
11-19 05:13:39.136 1499 1645 I am_wtf : [0,1499,system_server,-1,DisplayDeviceConfig,requesting nits when no mapping exists.]
11-19 05:13:39.151 1499 2319 E DisplayDeviceConfig: requesting nits when no mapping exists.
11-19 05:13:39.152 1499 2319 E DisplayDeviceConfig: requesting nits when no mapping exists.
11-19 05:13:39.152 1499 1645 I am_wtf : [0,1499,system_server,-1,DisplayDeviceConfig,requesting nits when no mapping exists.]
11-19 05:13:39.153 1499 1645 I am_wtf : [0,1499,system_server,-1,DisplayDeviceConfig,requesting nits when no mapping exists.]
11-19 05:13:39.168 1499 2319 E DisplayDeviceConfig: requesting nits when no mapping exists.
11-19 05:13:39.168 1499 2319 E DisplayDeviceConfig: requesting nits when no mapping exists.
11-19 05:13:39.169 1499 1645 I am_wtf : [0,1499,system_server,-1,DisplayDeviceConfig,requesting nits when no mapping exists.]
11-19 05:13:39.170 1499 1645 I am_wtf : [0,1499,system_server,-1,DisplayDeviceConfig,requesting nits when no mapping exists.]
11-19 05:13:39.185 1499 2319 E DisplayDeviceConfig: requesting nits when no mapping exists.
11-19 05:13:39.186 1499 1645 I am_wtf : [0,1499,system_server,-1,DisplayDeviceConfig,requesting nits when no mapping exists.]
11-19 05:13:39.186 1499 2319 E DisplayDeviceConfig: requesting nits when no mapping exists.
11-19 05:13:39.187 1499 1645 I am_wtf : [0,1499,system_server,-1,DisplayDeviceConfig,requesting nits when no mapping exists.]
11-19 05:13:39.202 1499 2319 E DisplayDeviceConfig: requesting nits when no mapping exists.
11-19 05:13:39.202 1499 2319 E DisplayDeviceConfig: requesting nits when no mapping exists.
11-19 05:13:39.202 1499 1645 I am_wtf : [0,1499,system_server,-1,DisplayDeviceConfig,requesting nits when no mapping exists.]
11-19 05:13:39.203 1499 1645 I am_wtf : [0,1499,system_server,-1,DisplayDeviceConfig,requesting nits when no mapping exists.]
11-19 05:13:39.218 1499 2319 E DisplayDeviceConfig: requesting nits when no mapping exists.
11-19 05:13:39.218 1499 2319 E DisplayDeviceConfig: requesting nits when no mapping exists.
11-19 05:13:39.218 1499 1645 I am_wtf : [0,1499,system_server,-1,DisplayDeviceConfig,requesting nits when no mapping exists.]
11-19 05:13:39.219 1499 1645 I am_wtf : [0,1499,system_server,-1,DisplayDeviceConfig,requesting nits when no mapping exists.]
11-19 05:13:39.235 1499 2319 E DisplayDeviceConfig: requesting nits when no mapping exists.
11-19 05:13:39.235 1499 2319 E DisplayDeviceConfig: requesting nits when no mapping exists.
11-19 05:13:39.235 1499 1645 I am_wtf : [0,1499,system_server,-1,DisplayDeviceConfig,requesting nits when no mapping exists.]
11-19 05:13:39.236 1499 1645 I am_wtf : [0,1499,system_server,-1,DisplayDeviceConfig,requesting nits when no mapping exists.]
11-19 05:13:39.252 1499 2319 E DisplayDeviceConfig: requesting nits when no mapping exists.
11-19 05:13:39.253 1499 1645 I am_wtf : [0,1499,system_server,-1,DisplayDeviceConfig,requesting nits when no mapping exists.]
11-19 05:13:39.254 1499 2319 E DisplayDeviceConfig: requesting nits when no mapping exists.
11-19 05:13:39.255 1499 1645 I am_wtf : [0,1499,system_server,-1,DisplayDeviceConfig,requesting nits when no mapping exists.]
11-19 05:13:39.268 1499 2319 E DisplayDeviceConfig: requesting nits when no mapping exists.
11-19 05:13:39.269 1499 1645 I am_wtf : [0,1499,system_server,-1,DisplayDeviceConfig,requesting nits when no mapping exists.]
11-19 05:13:39.269 1499 2319 E DisplayDeviceConfig: requesting nits when no mapping exists.
11-19 05:13:39.270 1499 1645 I am_wtf : [0,1499,system_server,-1,DisplayDeviceConfig,requesting nits when no mapping exists.]
11-19 05:13:39.285 1499 2319 E DisplayDeviceConfig: requesting nits when no mapping exists.
11-19 05:13:39.285 1499 1645 I am_wtf : [0,1499,system_server,-1,DisplayDeviceConfig,requesting nits when no mapping exists.]
11-19 05:13:39.285 1499 2319 E DisplayDeviceConfig: requesting nits when no mapping exists.
11-19 05:13:39.286 1499 1645 I am_wtf : [0,1499,system_server,-1,DisplayDeviceConfig,requesting nits when no mapping exists.]
11-19 05:13:39.302 1499 2319 E DisplayDeviceConfig: requesting nits when no mapping exists.
11-19 05:13:39.303 1499 2319 E DisplayDeviceConfig: requesting nits when no mapping exists.
11-19 05:13:39.303 1499 1645 I am_wtf : [0,1499,system_server,-1,DisplayDeviceConfig,requesting nits when no mapping exists.]
11-19 05:13:39.304 1499 1645 I am_wtf : [0,1499,system_server,-1,DisplayDeviceConfig,requesting nits when no mapping exists.]
11-19 05:13:39.318 1499 2319 E DisplayDeviceConfig: requesting nits when no mapping exists.
11-19 05:13:39.319 1499 2319 E DisplayDeviceConfig: requesting nits when no mapping exists.
11-19 05:13:39.319 1499 1645 I am_wtf : [0,1499,system_server,-1,DisplayDeviceConfig,requesting nits when no mapping exists.]
11-19 05:13:39.319 1499 1645 I am_wtf : [0,1499,system_server,-1,DisplayDeviceConfig,requesting nits when no mapping exists.]
11-19 05:13:39.335 1499 2319 E DisplayDeviceConfig: requesting nits when no mapping exists.
11-19 05:13:39.335 1499 2319 E DisplayDeviceConfig: requesting nits when no mapping exists.
11-19 05:13:39.335 1499 1645 I am_wtf : [0,1499,system_server,-1,DisplayDeviceConfig,requesting nits when no mapping exists.]
11-19 05:13:39.336 1499 1645 I am_wtf : [0,1499,system_server,-1,DisplayDeviceConfig,requesting nits when no mapping exists.]
11-19 05:13:39.351 1499 2319 E DisplayDeviceConfig: requesting nits when no mapping exists.
11-19 05:13:39.352 1499 2319 E DisplayDeviceConfig: requesting nits when no mapping exists.
11-19 05:13:39.352 1499 1645 I am_wtf : [0,1499,system_server,-1,DisplayDeviceConfig,requesting nits when no mapping exists.]
11-19 05:13:39.352 1499 1645 I am_wtf : [0,1499,system_server,-1,DisplayDeviceConfig,requesting nits when no mapping exists.]
11-19 05:13:39.368 1499 2319 E DisplayDeviceConfig: requesting nits when no mapping exists.
11-19 05:13:39.369 1499 2319 E DisplayDeviceConfig: requesting nits when no mapping exists.
11-19 05:13:39.369 1499 1645 I am_wtf : [0,1499,system_server,-1,DisplayDeviceConfig,requesting nits when no mapping exists.]
11-19 05:13:39.369 1499 1645 I am_wtf : [0,1499,system_server,-1,DisplayDeviceConfig,requesting nits when no mapping exists.]
11-19 05:13:39.385 1499 2319 E DisplayDeviceConfig: requesting nits when no mapping exists.
11-19 05:13:39.385 1499 1645 I am_wtf : [0,1499,system_server,-1,DisplayDeviceConfig,requesting nits when no mapping exists.]
11-19 05:13:39.385 1499 2319 E DisplayDeviceConfig: requesting nits when no mapping exists.
11-19 05:13:39.386 1499 1645 I am_wtf : [0,1499,system_server,-1,DisplayDeviceConfig,requesting nits when no mapping exists.]
11-19 05:13:39.402 1499 2319 E DisplayDeviceConfig: requesting nits when no mapping exists.
11-19 05:13:39.402 1499 2319 E DisplayDeviceConfig: requesting nits when no mapping exists.
11-19 05:13:39.403 1499 1645 I am_wtf : [0,1499,system_server,-1,DisplayDeviceConfig,requesting nits when no mapping exists.]
11-19 05:13:39.403 1499 1645 I am_wtf : [0,1499,system_server,-1,DisplayDeviceConfig,requesting nits when no mapping exists.]
11-19 05:13:39.418 1499 2319 E DisplayDeviceConfig: requesting nits when no mapping exists.
11-19 05:13:39.419 1499 2319 E DisplayDeviceConfig: requesting nits when no mapping exists.
11-19 05:13:39.419 1499 1645 I am_wtf : [0,1499,system_server,-1,DisplayDeviceConfig,requesting nits when no mapping exists.]
11-19 05:13:39.419 1499 1645 I am_wtf : [0,1499,system_server,-1,DisplayDeviceConfig,requesting nits when no mapping exists.]
11-19 05:13:39.435 1499 2319 E DisplayDeviceConfig: requesting nits when no mapping exists.
11-19 05:13:39.436 1499 2319 E DisplayDeviceConfig: requesting nits when no mapping exists.
11-19 05:13:39.436 1499 1645 I am_wtf : [0,1499,system_server,-1,DisplayDeviceConfig,requesting nits when no mapping exists.]
11-19 05:13:39.437 1499 1645 I am_wtf : [0,1499,system_server,-1,DisplayDeviceConfig,requesting nits when no mapping exists.]
11-19 05:13:39.452 1499 2319 E DisplayDeviceConfig: requesting nits when no mapping exists.
11-19 05:13:39.453 1499 2319 E DisplayDeviceConfig: requesting nits when no mapping exists.
11-19 05:13:39.453 1499 1645 I am_wtf : [0,1499,system_server,-1,DisplayDeviceConfig,requesting nits when no mapping exists.]
11-19 05:13:39.454 1499 1645 I am_wtf : [0,1499,system_server,-1,DisplayDeviceConfig,requesting nits when no mapping exists.]
11-19 05:13:39.468 1499 2319 E DisplayDeviceConfig: requesting nits when no mapping exists.
11-19 05:13:39.469 1499 2319 E DisplayDeviceConfig: requesting nits when no mapping exists.
11-19 05:13:39.469 1499 1645 I am_wtf : [0,1499,system_server,-1,DisplayDeviceConfig,requesting nits when no mapping exists.]
11-19 05:13:39.470 1499 1645 I am_wtf : [0,1499,system_server,-1,DisplayDeviceConfig,requesting nits when no mapping exists.]
11-19 05:13:39.486 1499 2319 E DisplayDeviceConfig: requesting nits when no mapping exists.
11-19 05:13:39.486 1499 2319 E DisplayDeviceConfig: requesting nits when no mapping exists.
11-19 05:13:39.487 1499 1645 I am_wtf : [0,1499,system_server,-1,DisplayDeviceConfig,requesting nits when no mapping exists.]
11-19 05:13:39.488 1499 1645 I am_wtf : [0,1499,system_server,-1,DisplayDeviceConfig,requesting nits when no mapping exists.]
11-19 05:13:39.502 1499 2319 E DisplayDeviceConfig: requesting nits when no mapping exists.
11-19 05:13:39.503 1499 1645 I am_wtf : [0,1499,system_server,-1,DisplayDeviceConfig,requesting nits when no mapping exists.]
11-19 05:13:39.503 1499 2319 E DisplayDeviceConfig: requesting nits when no mapping exists.
11-19 05:13:39.503 1499 1645 I am_wtf : [0,1499,system_server,-1,DisplayDeviceConfig,requesting nits when no mapping exists.]
11-19 05:13:39.519 1499 2319 E DisplayDeviceConfig: requesting nits when no mapping exists.
11-19 05:13:39.519 1499 2319 E DisplayDeviceConfig: requesting nits when no mapping exists.
11-19 05:13:39.519 1499 1645 I am_wtf : [0,1499,system_server,-1,DisplayDeviceConfig,requesting nits when no mapping exists.]
11-19 05:13:39.520 1499 1645 I am_wtf : [0,1499,system_server,-1,DisplayDeviceConfig,requesting nits when no mapping exists.]
11-19 05:13:39.535 1499 2319 E DisplayDeviceConfig: requesting nits when no mapping exists.
11-19 05:13:39.536 1499 2319 E DisplayDeviceConfig: requesting nits when no mapping exists.
11-19 05:13:39.536 1499 1645 I am_wtf : [0,1499,system_server,-1,DisplayDeviceConfig,requesting nits when no mapping exists.]
11-19 05:13:39.537 1499 1645 I am_wtf : [0,1499,system_server,-1,DisplayDeviceConfig,requesting nits when no mapping exists.]
11-19 05:13:39.552 1499 2319 E DisplayDeviceConfig: requesting nits when no mapping exists.
11-19 05:13:39.553 1499 1645 I am_wtf : [0,1499,system_server,-1,DisplayDeviceConfig,requesting nits when no mapping exists.]
11-19 05:13:39.553 1499 2319 E DisplayDeviceConfig: requesting nits when no mapping exists.
11-19 05:13:39.554 1499 1645 I am_wtf : [0,1499,system_server,-1,DisplayDeviceConfig,requesting nits when no mapping exists.]
11-19 05:13:39.569 1499 2319 E DisplayDeviceConfig: requesting nits when no mapping exists.
11-19 05:13:39.569 1499 1645 I am_wtf : [0,1499,system_server,-1,DisplayDeviceConfig,requesting nits when no mapping exists.]
11-19 05:13:39.569 1499 2319 E DisplayDeviceConfig: requesting nits when no mapping exists.
11-19 05:13:39.570 1499 1645 I am_wtf : [0,1499,system_server,-1,DisplayDeviceConfig,requesting nits when no mapping exists.]
11-19 05:13:39.586 1499 2319 E DisplayDeviceConfig: requesting nits when no mapping exists.
11-19 05:13:39.586 1499 2319 E DisplayDeviceConfig: requesting nits when no mapping exists.
11-19 05:13:39.586 1499 1645 I am_wtf : [0,1499,system_server,-1,DisplayDeviceConfig,requesting nits when no mapping exists.]
11-19 05:13:39.587 1499 1645 I am_wtf : [0,1499,system_server,-1,DisplayDeviceConfig,requesting nits when no mapping exists.]
11-19 05:13:39.602 1499 2319 E DisplayDeviceConfig: requesting nits when no mapping exists.
11-19 05:13:39.603 1499 1645 I am_wtf : [0,1499,system_server,-1,DisplayDeviceConfig,requesting nits when no mapping exists.]
11-19 05:13:39.604 1499 2319 E DisplayDeviceConfig: requesting nits when no mapping exists.
11-19 05:13:39.605 1499 1645 I am_wtf : [0,1499,system_server,-1,DisplayDeviceConfig,requesting nits when no mapping exists.]
11-19 05:13:39.619 1499 2319 E DisplayDeviceConfig: requesting nits when no mapping exists.
11-19 05:13:39.619 1499 1645 I am_wtf : [0,1499,system_server,-1,DisplayDeviceConfig,requesting nits when no mapping exists.]
11-19 05:13:39.619 1499 2319 E DisplayDeviceConfig: requesting nits when no mapping exists.
11-19 05:13:39.621 1499 1645 I am_wtf : [0,1499,system_server,-1,DisplayDeviceConfig,requesting nits when no mapping exists.]
11-19 05:13:39.635 1499 2319 E DisplayDeviceConfig: requesting nits when no mapping exists.
11-19 05:13:39.636 1499 2319 E DisplayDeviceConfig: requesting nits when no mapping exists.
11-19 05:13:39.636 1499 1645 I am_wtf : [0,1499,system_server,-1,DisplayDeviceConfig,requesting nits when no mapping exists.]
11-19 05:13:39.637 1499 1645 I am_wtf : [0,1499,system_server,-1,DisplayDeviceConfig,requesting nits when no mapping exists.]
11-19 05:13:39.652 1499 2319 E DisplayDeviceConfig: requesting nits when no mapping exists.
11-19 05:13:39.653 1499 2319 E DisplayDeviceConfig: requesting nits when no mapping exists.
11-19 05:13:39.653 1499 1645 I am_wtf : [0,1499,system_server,-1,DisplayDeviceConfig,requesting nits when no mapping exists.]
11-19 05:13:39.654 1499 1645 I am_wtf : [0,1499,system_server,-1,DisplayDeviceConfig,requesting nits when no mapping exists.]
11-19 05:13:39.669 1499 2319 E DisplayDeviceConfig: requesting nits when no mapping exists.
11-19 05:13:39.670 1499 2319 E DisplayDeviceConfig: requesting nits when no mapping exists.
11-19 05:13:39.670 1499 1645 I am_wtf : [0,1499,system_server,-1,DisplayDeviceConfig,requesting nits when no mapping exists.]
11-19 05:13:39.671 1499 1645 I am_wtf : [0,1499,system_server,-1,DisplayDeviceConfig,requesting nits when no mapping exists.]
11-19 05:13:39.686 1499 2319 E DisplayDeviceConfig: requesting nits when no mapping exists.
11-19 05:13:39.686 1499 1645 I am_wtf : [0,1499,system_server,-1,DisplayDeviceConfig,requesting nits when no mapping exists.]
11-19 05:13:39.686 1499 2319 E DisplayDeviceConfig: requesting nits when no mapping exists.
11-19 05:13:39.687 1499 1645 I am_wtf : [0,1499,system_server,-1,DisplayDeviceConfig,requesting nits when no mapping exists.]
11-19 05:13:39.703 1499 2319 E DisplayDeviceConfig: requesting nits when no mapping exists.
11-19 05:13:39.703 1499 2319 E DisplayDeviceConfig: requesting nits when no mapping exists.
11-19 05:13:39.703 1499 1645 I am_wtf : [0,1499,system_server,-1,DisplayDeviceConfig,requesting nits when no mapping exists.]
11-19 05:13:39.704 1499 1645 I am_wtf : [0,1499,system_server,-1,DisplayDeviceConfig,requesting nits when no mapping exists.]
11-19 05:13:39.719 1499 2319 E DisplayDeviceConfig: requesting nits when no mapping exists.
11-19 05:13:39.720 1499 1645 I am_wtf : [0,1499,system_server,-1,DisplayDeviceConfig,requesting nits when no mapping exists.]
11-19 05:13:39.720 1499 2319 E DisplayDeviceConfig: requesting nits when no mapping exists.
11-19 05:13:39.720 1499 1645 I am_wtf : [0,1499,system_server,-1,DisplayDeviceConfig,requesting nits when no mapping exists.]
11-19 05:13:39.736 1499 2319 E DisplayDeviceConfig: requesting nits when no mapping exists.
11-19 05:13:39.737 1499 2319 E DisplayDeviceConfig: requesting nits when no mapping exists.
11-19 05:13:39.737 1499 1645 I am_wtf : [0,1499,system_server,-1,DisplayDeviceConfig,requesting nits when no mapping exists.]
11-19 05:13:39.737 1499 1645 I am_wtf : [0,1499,system_server,-1,DisplayDeviceConfig,requesting nits when no mapping exists.]
11-19 05:13:39.753 1499 2319 E DisplayDeviceConfig: requesting nits when no mapping exists.
11-19 05:13:39.753 1499 2319 E DisplayDeviceConfig: requesting nits when no mapping exists.
11-19 05:13:39.753 1499 1645 I am_wtf : [0,1499,system_server,-1,DisplayDeviceConfig,requesting nits when no mapping exists.]
11-19 05:13:39.754 1499 1645 I am_wtf : [0,1499,system_server,-1,DisplayDeviceConfig,requesting nits when no mapping exists.]
11-19 05:13:39.769 1499 2319 E DisplayDeviceConfig: requesting nits when no mapping exists.
11-19 05:13:39.770 1499 2319 E DisplayDeviceConfig: requesting nits when no mapping exists.
11-19 05:13:39.770 1499 1645 I am_wtf : [0,1499,system_server,-1,DisplayDeviceConfig,requesting nits when no mapping exists.]
11-19 05:13:39.771 1499 1645 I am_wtf : [0,1499,system_server,-1,DisplayDeviceConfig,requesting nits when no mapping exists.]
11-19 05:13:39.786 1499 2319 E DisplayDeviceConfig: requesting nits when no mapping exists.
11-19 05:13:39.786 1499 2319 E DisplayDeviceConfig: requesting nits when no mapping exists.
11-19 05:13:39.786 1499 1645 I am_wtf : [0,1499,system_server,-1,DisplayDeviceConfig,requesting nits when no mapping exists.]
11-19 05:13:39.787 1499 1645 I am_wtf : [0,1499,system_server,-1,DisplayDeviceConfig,requesting nits when no mapping exists.]
11-19 05:13:39.802 1499 2319 E DisplayDeviceConfig: requesting nits when no mapping exists.
11-19 05:13:39.803 1499 2319 E DisplayDeviceConfig: requesting nits when no mapping exists.
11-19 05:13:39.803 1499 1645 I am_wtf : [0,1499,system_server,-1,DisplayDeviceConfig,requesting nits when no mapping exists.]
11-19 05:13:39.804 1499 1645 I am_wtf : [0,1499,system_server,-1,DisplayDeviceConfig,requesting nits when no mapping exists.]
11-19 05:13:39.819 1499 2319 E DisplayDeviceConfig: requesting nits when no mapping exists.
11-19 05:13:39.820 1499 2319 E DisplayDeviceConfig: requesting nits when no mapping exists.
11-19 05:13:39.820 1499 1645 I am_wtf : [0,1499,system_server,-1,DisplayDeviceConfig,requesting nits when no mapping exists.]
11-19 05:13:39.821 1499 1645 I am_wtf : [0,1499,system_server,-1,DisplayDeviceConfig,requesting nits when no mapping exists.]
11-19 05:13:39.836 1499 2319 E DisplayDeviceConfig: requesting nits when no mapping exists.
11-19 05:13:39.837 1499 2319 E DisplayDeviceConfig: requesting nits when no mapping exists.
11-19 05:13:39.837 1499 1645 I am_wtf : [0,1499,system_server,-1,DisplayDeviceConfig,requesting nits when no mapping exists.]
11-19 05:13:39.839 1499 1645 I am_wtf : [0,1499,system_server,-1,DisplayDeviceConfig,requesting nits when no mapping exists.]
11-19 05:13:39.853 1499 2319 E DisplayDeviceConfig: requesting nits when no mapping exists.
11-19 05:13:39.853 1499 1645 I am_wtf : [0,1499,system_server,-1,DisplayDeviceConfig,requesting nits when no mapping exists.]
11-19 05:13:39.853 1499 2319 E DisplayDeviceConfig: requesting nits when no mapping exists.
11-19 05:13:39.854 1499 1645 I am_wtf : [0,1499,system_server,-1,DisplayDeviceConfig,requesting nits when no mapping exists.]
11-19 05:13:39.855 1499 1645 I service_manager_stats: [100,45,51737]
11-19 05:13:39.870 1499 2319 E DisplayDeviceConfig: requesting nits when no mapping exists.
11-19 05:13:39.870 1499 2319 E DisplayDeviceConfig: requesting nits when no mapping exists.
11-19 05:13:39.870 1499 1645 I am_wtf : [0,1499,system_server,-1,DisplayDeviceConfig,requesting nits when no mapping exists.]
11-19 05:13:39.872 1499 1645 I am_wtf : [0,1499,system_server,-1,DisplayDeviceConfig,requesting nits when no mapping exists.]
11-19 05:13:39.886 1499 2319 E DisplayDeviceConfig: requesting nits when no mapping exists.
11-19 05:13:39.887 1499 2319 E DisplayDeviceConfig: requesting nits when no mapping exists.
