11-19 05:10:42.131 0 0 I auditd : type=1400 audit(0.0:12223): avc: denied { kill } for comm="swapper/1" capability=5 scontext=u:r:kernel:s0 tcontext=u:r:kernel:s0 tclass=capability permissive=0
11-19 05:10:43.131 0 0 I auditd : type=1400 audit(0.0:12224): avc: denied { kill } for comm="swapper/1" capability=5 scontext=u:r:kernel:s0 tcontext=u:r:kernel:s0 tclass=capability permissive=0
11-19 05:10:44.131 0 0 I auditd : type=1400 audit(0.0:12225): avc: denied { kill } for comm="swapper/1" capability=5 scontext=u:r:kernel:s0 tcontext=u:r:kernel:s0 tclass=capability permissive=0
11-19 05:10:45.131 0 0 I auditd : type=1400 audit(0.0:12226): avc: denied { kill } for comm="swapper/1" capability=5 scontext=u:r:kernel:s0 tcontext=u:r:kernel:s0 tclass=capability permissive=0
11-19 05:10:46.131 0 0 I auditd : type=1400 audit(0.0:12227): avc: denied { kill } for comm="swapper/1" capability=5 scontext=u:r:kernel:s0 tcontext=u:r:kernel:s0 tclass=capability permissive=0
11-19 05:10:47.131 0 0 I auditd : type=1400 audit(0.0:12228): avc: denied { kill } for comm="swapper/1" capability=5 scontext=u:r:kernel:s0 tcontext=u:r:kernel:s0 tclass=capability permissive=0
11-19 05:10:48.131 0 0 I auditd : type=1400 audit(0.0:12229): avc: denied { kill } for comm="swapper/1" capability=5 scontext=u:r:kernel:s0 tcontext=u:r:kernel:s0 tclass=capability permissive=0
11-19 05:10:49.131 0 0 I auditd : type=1400 audit(0.0:12230): avc: denied { kill } for comm="swapper/1" capability=5 scontext=u:r:kernel:s0 tcontext=u:r:kernel:s0 tclass=capability permissive=0
11-19 05:10:50.131 0 0 I auditd : type=1400 audit(0.0:12231): avc: denied { kill } for comm="swapper/1" capability=5 scontext=u:r:kernel:s0 tcontext=u:r:kernel:s0 tclass=capability permissive=0
11-19 05:10:51.131 0 0 I auditd : type=1400 audit(0.0:12232): avc: denied { kill } for comm="swapper/1" capability=5 scontext=u:r:kernel:s0 tcontext=u:r:kernel:s0 tclass=capability permissive=0
11-19 05:10:52.131 0 0 I auditd : type=1400 audit(0.0:12233): avc: denied { kill } for comm="swapper/1" capability=5 scontext=u:r:kernel:s0 tcontext=u:r:kernel:s0 tclass=capability permissive=0
11-19 05:10:53.131 0 0 I auditd : type=1400 audit(0.0:12234): avc: denied { kill } for comm="swapper/1" capability=5 scontext=u:r:kernel:s0 tcontext=u:r:kernel:s0 tclass=capability permissive=0
11-19 05:10:54.131 0 0 I auditd : type=1400 audit(0.0:12235): avc: denied { kill } for comm="swapper/1" capability=5 scontext=u:r:kernel:s0 tcontext=u:r:kernel:s0 tclass=capability permissive=0
11-19 05:10:55.131 0 0 I auditd : type=1400 audit(0.0:12236): avc: denied { kill } for comm="swapper/1" capability=5 scontext=u:r:kernel:s0 tcontext=u:r:kernel:s0 tclass=capability permissive=0
11-19 05:10:56.131 0 0 I auditd : type=1400 audit(0.0:12237): avc: denied { kill } for comm="swapper/1" capability=5 scontext=u:r:kernel:s0 tcontext=u:r:kernel:s0 tclass=capability permissive=0
11-19 05:10:57.389 1499 1831 I input_interaction: Interaction with: 4d6f2e1 com.thundercomm.screensaver/android.service.dreams.DreamActivity (server), edge-swipe (server), swipe-up (server), PointerEventDispatcher0 (server),
11-19 05:10:57.393 1499 7484 I wm_finish_activity: [0,116269626,63,com.thundercomm.screensaver/android.service.dreams.DreamActivity,finish-activity]
11-19 05:10:57.394 1499 7484 I wm_task_moved: [62,1,7]
11-19 05:10:57.394 1499 7484 I wm_task_to_front: [0,62]
11-19 05:10:57.395 1499 7484 I wm_focused_root_task: [0,0,62,63,finish-top adjustFocusToNextFocusableTask]
11-19 05:10:57.399 1499 7484 I wm_pause_activity: [0,116269626,com.thundercomm.screensaver/android.service.dreams.DreamActivity,userLeaving=false,finish]
11-19 05:10:57.408 1499 8917 I DreamManagerService: Gently waking up from dream.
11-19 05:10:57.410 1499 1634 I DreamManagerService: Performing gentle wake from dream.
11-19 05:10:57.411 4805 4805 I wm_on_top_resumed_lost_called: [116269626,android.service.dreams.DreamActivity,topStateChangedWhenResumed]
11-19 05:10:57.412 1499 1637 I sysui_multi_action: [757,803,799,window_time_0,802,731]
11-19 05:10:57.414 4805 4805 I wm_on_paused_called: [116269626,android.service.dreams.DreamActivity,performPause]
11-19 05:10:57.415 1499 7484 I wm_add_to_stopping: [0,116269626,com.thundercomm.screensaver/android.service.dreams.DreamActivity,completeFinishing]
11-19 05:10:57.416 1499 7484 I ActivityTaskManager: FOREGROUND_APPLICATION_CHANGED to com.android.deskclock.DeskClock
11-19 05:10:57.425 1499 7484 I wm_set_resumed_activity: [0,com.android.deskclock/.DeskClock,resumeTopActivityInnerLocked]
11-19 05:10:57.427 1499 7484 I wm_resume_activity: [0,210201996,62,com.android.deskclock/.DeskClock]
11-19 05:10:57.432 1499 1637 I am_uid_active: 10063
11-19 05:10:57.436 4805 4805 I view_enqueue_input_event: [Motion - Cancel,com.thundercomm.screensaver/android.service.dreams.DreamActivity]
11-19 05:10:57.436 1499 1831 I input_focus: [Focus leaving 4d6f2e1 com.thundercomm.screensaver/android.service.dreams.DreamActivity (server),reason=NO_WINDOW]
11-19 05:10:57.439 9544 9544 I wm_on_restart_called: [210201996,com.android.deskclock.DeskClock,performRestartActivity]
11-19 05:10:57.443 1499 1637 I sysui_multi_action: [757,803,799,window_time_0,802,0]
11-19 05:10:57.445 9544 9544 I wm_on_start_called: [210201996,com.android.deskclock.DeskClock,handleStartActivity]
11-19 05:10:57.446 9544 9544 I wm_on_resume_called: [210201996,com.android.deskclock.DeskClock,RESUME_ACTIVITY]
11-19 05:10:57.450 9544 9544 I wm_on_top_resumed_gained_called: [210201996,com.android.deskclock.DeskClock,topWhenResuming]
11-19 05:10:57.455 1499 1644 I am_pss : [13163,10062,com.android.calendar,6840320,4775936,0,91688960,0,19,6]
11-19 05:10:57.461 1499 1638 I input_focus: [Focus request 9cb1151 com.android.deskclock/com.android.deskclock.DeskClock,reason=UpdateInputWindows]
11-19 05:10:57.462 1499 1644 I am_pss : [13177,10090,com.android.music,7111680,4808704,0,90902528,0,19,6]
11-19 05:10:57.466 7802 7838 W ContextImpl: Calling a method in the system process without a qualified user: android.app.ContextImpl.startService:1816 android.content.ContextWrapper.startService:774 com.thundercomm.gamemode.ingame.services.GameModeActionUtils.startGameModeService:93 com.thundercomm.gamemode.ingame.services.GameModeActionUtils.startGameModeEntry:21 com.thundercomm.gamemode.ingame.services.ActivityMonitoringService$1.onActivityLaunch:127
11-19 05:10:57.470 1499 1644 I am_pss : [13162,10066,com.android.gallery3d,8408064,6254592,0,93671424,0,19,6]
11-19 05:10:57.484 1499 1499 I GameModeConfig: Current uri is uri = content://com.thundercomm.gamemode.api/gamemode_settings/gamemode_isgaming
11-19 05:10:57.485 1499 1499 I am_uid_active: 10064
11-19 05:10:57.492 1499 1663 I PowerManagerService: Powering on display group fromDreaming (groupId=0, uid=1000, reason=WAKE_REASON_UNKNOWN, details=android.server.power:DREAM_FINISHED)...
11-19 05:10:57.492 1499 1663 I PowerManagerService: Waking up from Dreaming (uid=1000, reason=WAKE_REASON_UNKNOWN, details=android.server.power:DREAM_FINISHED)...
11-19 05:10:57.494 1499 1499 I GameModeConfig: isGameModeOn = false
11-19 05:10:57.495 1499 1499 I GameModeConfig: isGameModeOn = false
11-19 05:10:57.495 1499 1499 I GameModeConfig: isDisableVoice = true
11-19 05:10:57.500 1499 1831 I input_focus: [Focus entering 9cb1151 com.android.deskclock/com.android.deskclock.DeskClock (server),reason=Window became focusable. Previous reason: NOT_VISIBLE]
11-19 05:10:57.542 7802 7838 W ContextImpl: Calling a method in the system process without a qualified user: android.app.ContextImpl.startService:1816 android.content.ContextWrapper.startService:774 com.thundercomm.gamemode.ingame.services.GameModeActionUtils.startGameModeService:93 com.thundercomm.gamemode.ingame.services.GameModeActionUtils.startGameModeEntry:21 com.thundercomm.gamemode.ingame.services.ActivityMonitoringService$1.onActivityLaunch:127
11-19 05:10:57.546 1499 1499 I GameModeConfig: Current uri is uri = content://com.thundercomm.gamemode.api/gamemode_settings/gamemode_isgaming
11-19 05:10:57.559 1499 1499 I GameModeConfig: isGameModeOn = false
11-19 05:10:57.559 1499 1499 I GameModeConfig: isGameModeOn = false
11-19 05:10:57.559 1499 1499 I GameModeConfig: isDisableVoice = true
11-19 05:10:58.005 1499 1637 I wm_destroy_activity: [0,116269626,63,com.thundercomm.screensaver/android.service.dreams.DreamActivity,finish-imm:idle]
11-19 05:10:58.023 7802 7838 W ContextImpl: Calling a method in the system process without a qualified user: android.app.ContextImpl.startService:1816 android.content.ContextWrapper.startService:774 com.thundercomm.gamemode.ingame.services.GameModeActionUtils.startGameModeService:93 com.thundercomm.gamemode.ingame.services.GameModeActionUtils.startGameModeEntry:21 com.thundercomm.gamemode.ingame.services.ActivityMonitoringService$1.onActivityLaunch:127
11-19 05:10:58.029 1499 1499 I GameModeConfig: Current uri is uri = content://com.thundercomm.gamemode.api/gamemode_settings/gamemode_isgaming
11-19 05:10:58.031 1499 1499 I GameModeConfig: isGameModeOn = false
11-19 05:10:58.032 1499 1499 I GameModeConfig: isGameModeOn = false
11-19 05:10:58.032 1499 1499 I GameModeConfig: isDisableVoice = true
11-19 05:10:58.035 4805 4805 I wm_on_stop_called: [116269626,android.service.dreams.DreamActivity,LIFECYCLER_STOP_ACTIVITY]
11-19 05:10:58.035 4805 4805 I wm_on_destroy_called: [116269626,android.service.dreams.DreamActivity,performDestroy]
11-19 05:10:58.038 1499 8917 I DreamManagerService: Leaving dreamland.
11-19 05:10:58.039 1499 1634 I DreamManagerService: Performing gentle wake from dream.
11-19 05:10:58.039 1499 1634 I DreamController: Stopping dream: name=ComponentInfo{com.thundercomm.screensaver/com.thundercomm.saverclock.service.ClockScreensaver}, isTest=false, canDoze=false, userId=0, reason='finished self'(from 'finished self')
11-19 05:10:58.039 1499 1634 I sysui_multi_action: [757,222,758,2]
11-19 05:10:58.039 1499 1634 I sysui_multi_action: [757,804,799,dreaming_minutes,801,11,802,1]
11-19 05:10:58.051 1499 2437 I wm_task_removed: [63,removeChild:removeChild last r=ActivityRecord{6ee223a u0 com.thundercomm.screensaver/android.service.dreams.DreamActivity t-1 f}} in t=Task{196ab24 #63 type=dream A=10050:android:com.thundercomm.screensaver/dream U=0 visible=false mode=fullscreen translucent=true sz=0}]
11-19 05:10:58.051 1499 2437 I wm_task_removed: [63,removeChild]
11-19 05:10:58.055 1499 1638 W ActivityTaskManager: Can't find TaskDisplayArea to determine support for multi window. Task id=63 attached=false
11-19 05:10:58.131 13220 13220 I auditd : type=1400 audit(0.0:12238): avc: denied { kill } for comm="kworker/u17:1" capability=5 scontext=u:r:kernel:s0 tcontext=u:r:kernel:s0 tclass=capability permissive=0
11-19 05:10:58.883 1499 1831 I input_interaction: Interaction with: 9cb1151 com.android.deskclock/com.android.deskclock.DeskClock (server), edge-swipe (server), swipe-up (server), PointerEventDispatcher0 (server),
11-19 05:10:58.905 1499 7484 I wm_task_moved: [1,0,0]
11-19 05:10:58.906 1499 7484 I wm_task_moved: [1,0,6]
11-19 05:10:58.938 2802 2802 I wm_on_restart_called: [19758722,com.android.launcher3.uioverrides.QuickstepLauncher,performRestartActivity]
11-19 05:10:58.938 7802 7838 W ContextImpl: Calling a method in the system process without a qualified user: android.app.ContextImpl.startService:1816 android.content.ContextWrapper.startService:774 com.thundercomm.gamemode.ingame.services.GameModeActionUtils.startGameModeService:93 com.thundercomm.gamemode.ingame.services.GameModeActionUtils.startGameModeEntry:21 com.thundercomm.gamemode.ingame.services.ActivityMonitoringService$1.onActivityLaunch:127
11-19 05:10:58.944 1499 1499 I GameModeConfig: Current uri is uri = content://com.thundercomm.gamemode.api/gamemode_settings/gamemode_isgaming
11-19 05:10:58.947 1499 1499 I GameModeConfig: isGameModeOn = false
11-19 05:10:58.947 1499 1499 I GameModeConfig: isGameModeOn = false
11-19 05:10:58.947 1499 1499 I GameModeConfig: isDisableVoice = true
11-19 05:10:58.967 2802 2802 I wm_on_start_called: [19758722,com.android.launcher3.uioverrides.QuickstepLauncher,handleStartActivity]
11-19 05:10:58.997 1499 1634 I sysui_multi_action: [319,19,322,79,325,13938,757,761,758,9,759,5,806,com.android.launcher3,871,com.android.launcher3.uioverrides.QuickstepLauncher,905,0,1320,8,1321,5]
11-19 05:10:59.010 9544 9544 I view_enqueue_input_event: [Motion - Cancel,com.android.deskclock/com.android.deskclock.DeskClock]
11-19 05:10:59.012 2802 2802 I sysui_latency: [1,96]
11-19 05:10:59.015 1499 1638 I input_focus: [Focus request recents_animation_input_consumer,reason=UpdateInputWindows]
11-19 05:10:59.019 1499 1831 I input_interaction: Interaction with: edge-swipe (server), swipe-up (server), PointerEventDispatcher0 (server),
11-19 05:10:59.037 1499 1831 I input_focus: [Focus leaving 9cb1151 com.android.deskclock/com.android.deskclock.DeskClock (server),reason=NOT_FOCUSABLE]
11-19 05:10:59.037 1499 1831 I input_focus: [Focus entering recents_animation_input_consumer (server),reason=setFocusedWindow]
11-19 05:10:59.174 1499 1759 I commit_sys_config_file: [settings-1-0,9]
11-19 05:10:59.286 1499 1644 I sysui_latency: [8,94]
11-19 05:10:59.866 1499 1759 I commit_sys_config_file: [settings-1-0,6]
11-19 05:11:00.131 0 0 I auditd : type=1400 audit(0.0:12239): avc: denied { kill } for comm="swapper/1" capability=5 scontext=u:r:kernel:s0 tcontext=u:r:kernel:s0 tclass=capability permissive=0
11-19 05:11:00.471 1499 1831 I input_interaction: Interaction with: 632f7bf com.android.launcher3/com.android.launcher3.uioverrides.QuickstepLauncher (server), edge-swipe (server), swipe-up (server), PointerEventDispatcher0 (server),
11-19 05:11:00.632 1499 4942 D FreeFormWindowHelper: Add freeform task=Task{1a162bf #62 type=standard A=10063:com.android.deskclock U=0 visible=true mode=freeform translucent=false sz=1}
11-19 05:11:00.632 1499 4942 I wm_relaunch_resume_activity: [0,210201996,62,com.android.deskclock/.DeskClock]
11-19 05:11:00.633 9544 9544 I wm_on_top_resumed_lost_called: [210201996,com.android.deskclock.DeskClock,pausing]
11-19 05:11:00.635 1499 4942 I wm_task_moved: [1,1,7]
11-19 05:11:00.636 9544 9544 I wm_on_paused_called: [210201996,com.android.deskclock.DeskClock,performPause]
11-19 05:11:00.637 1499 4942 I wm_focused_root_task: [0,0,1,62,startActivityFromRecents]
11-19 05:11:00.637 1499 4942 I wm_task_moved: [62,1,7]
11-19 05:11:00.637 1499 4942 I wm_set_resumed_activity: [0,com.android.deskclock/.DeskClock,positionChildAt]
11-19 05:11:00.637 1499 4942 I wm_focused_root_task: [0,0,62,1,moveTaskToFront findTaskToMoveToFront]
11-19 05:11:00.637 1499 4942 I wm_set_resumed_activity: [0,com.android.deskclock/.DeskClock,moveTaskToFront findTaskToMoveToFront]
11-19 05:11:00.639 9544 9544 I wm_on_stop_called: [210201996,com.android.deskclock.DeskClock,handleRelaunchActivity]
11-19 05:11:00.639 1499 4942 W WindowManager: updateScale0.7996942
11-19 05:11:00.647 1499 2437 W WindowManager: Attempted to set replacing window on app token with no content Token{d4dfb60 ActivityRecord{c876d8c u0 com.android.deskclock/.DeskClock t62}}
11-19 05:11:00.651 9544 9544 I wm_on_destroy_called: [210201996,com.android.deskclock.DeskClock,performDestroy]
11-19 05:11:00.684 1499 2437 I ActivityTaskManager: START u0 {act=android.content.pm.action.REQUEST_PERMISSIONS pkg=com.android.permissioncontroller cmp=com.android.permissioncontroller/.permission.ui.GrantPermissionsActivity (has extras)} from uid 10063
11-19 05:11:00.689 1499 2437 I wm_task_moved: [62,1,7]
11-19 05:11:00.689 1499 2437 I wm_set_resumed_activity: [0,com.android.deskclock/.DeskClock,positionChildAt]
11-19 05:11:00.689 1499 2437 I wm_create_activity: [0,19950697,62,com.android.permissioncontroller/.permission.ui.GrantPermissionsActivity,android.content.pm.action.REQUEST_PERMISSIONS,NULL,NULL,8388608]
11-19 05:11:00.692 1499 2437 I wm_pause_activity: [0,210201996,com.android.deskclock/.DeskClock,userLeaving=true,resumeTopActivityInnerLocked]
11-19 05:11:00.694 1499 2437 W WindowManager: updateScale0.7996942
11-19 05:11:00.699 1499 1637 I am_uid_running: 10094
11-19 05:11:00.699 1499 1637 D CompatibilityChangeReporter: Compat change id reported: 135634846; UID 10094; state: DISABLED
11-19 05:11:00.699 1499 1637 D CompatibilityChangeReporter: Compat change id reported: 177438394; UID 10094; state: DISABLED
11-19 05:11:00.699 1499 1637 D CompatibilityChangeReporter: Compat change id reported: 135772972; UID 10094; state: DISABLED
11-19 05:11:00.699 1499 1637 D CompatibilityChangeReporter: Compat change id reported: 135754954; UID 10094; state: DISABLED
11-19 05:11:00.700 1499 1646 D CompatibilityChangeReporter: Compat change id reported: 143937733; UID 10094; state: DISABLED
11-19 05:11:00.711 1499 1646 I am_proc_start: [0,13238,10094,com.android.permissioncontroller,pre-top-activity,{com.android.permissioncontroller/com.android.permissioncontroller.permission.ui.GrantPermissionsActivity}]
11-19 05:11:00.711 1499 1646 I ActivityManager: Start proc 13238:com.android.permissioncontroller/u0a94 for pre-top-activity {com.android.permissioncontroller/com.android.permissioncontroller.permission.ui.GrantPermissionsActivity}
11-19 05:11:00.712 1499 13239 W ContextImpl: Calling a method in the system process without a qualified user: android.app.ContextImpl.sendBroadcast:1173 com.qualcomm.qti.Performance$SendGameLaunchBroadcast.run:217 java.lang.Thread.run:920
11-19 05:11:00.716 9544 9544 I wm_on_create_called: [210201996,com.android.deskclock.DeskClock,performCreate]
11-19 05:11:00.729 1499 4942 I am_proc_bound: [0,13238,com.android.permissioncontroller]
11-19 05:11:00.731 1499 4942 I ActivityTaskManager: The Process com.android.permissioncontroller Already Exists in BG. So sending its PID: 13238
11-19 05:11:00.736 9544 9544 I wm_on_start_called: [210201996,com.android.deskclock.DeskClock,handleStartActivity]
11-19 05:11:00.737 9544 9544 I wm_on_resume_called: [210201996,com.android.deskclock.DeskClock,RESUME_ACTIVITY]
11-19 05:11:00.738 9544 9544 I wm_on_top_resumed_gained_called: [210201996,com.android.deskclock.DeskClock,topWhenResuming]
11-19 05:11:00.738 9544 9544 I wm_on_top_resumed_lost_called: [210201996,com.android.deskclock.DeskClock,topStateChangedWhenResumed]
11-19 05:11:00.744 1499 4942 W WindowManager: updateScale0.7996942
11-19 05:11:00.776 1499 4942 I WindowManager: finishDrawing of relaunch: Window{9cb1151 u0 com.android.deskclock/com.android.deskclock.DeskClock} 143ms
11-19 05:11:00.776 9544 9544 I wm_on_paused_called: [210201996,com.android.deskclock.DeskClock,performPause]
11-19 05:11:00.776 1499 1638 W WindowManager: updateScale0.7996942
11-19 05:11:00.778 1499 1638 W WindowManager: updateScale0.7996942
11-19 05:11:00.781 1499 4942 I ActivityTaskManager: FOREGROUND_APPLICATION_CHANGED to com.android.permissioncontroller.permission.ui.GrantPermissionsActivity
11-19 05:11:00.781 1499 4942 I ActivityTaskManager: The Process com.android.permissioncontroller Already Exists in BG. So sending its PID: 13238
11-19 05:11:00.783 1499 4942 I wm_restart_activity: [0,19950697,62,com.android.permissioncontroller/.permission.ui.GrantPermissionsActivity]
11-19 05:11:00.784 1499 4942 I wm_set_resumed_activity: [0,com.android.permissioncontroller/.permission.ui.GrantPermissionsActivity,minimalResumeActivityLocked]
11-19 05:11:00.788 1499 1637 I am_uid_active: 10094
11-19 05:11:00.792 1499 1637 I sysui_multi_action: [757,803,799,window_time_0,802,4]
11-19 05:11:00.806 7802 7838 W ContextImpl: Calling a method in the system process without a qualified user: android.app.ContextImpl.startService:1816 android.content.ContextWrapper.startService:774 com.thundercomm.gamemode.ingame.services.GameModeActionUtils.startGameModeService:93 com.thundercomm.gamemode.ingame.services.GameModeActionUtils.startGameModeEntry:21 com.thundercomm.gamemode.ingame.services.ActivityMonitoringService$1.onActivityLaunch:127
11-19 05:11:00.813 1499 1499 I GameModeConfig: Current uri is uri = content://com.thundercomm.gamemode.api/gamemode_settings/gamemode_isgaming
11-19 05:11:00.819 1499 1499 I GameModeConfig: isGameModeOn = false
11-19 05:11:00.819 1499 1499 I GameModeConfig: isGameModeOn = false
11-19 05:11:00.819 1499 1499 I GameModeConfig: isDisableVoice = true
11-19 05:11:00.829 13238 13238 I wm_on_create_called: [19950697,com.android.permissioncontroller.permission.ui.GrantPermissionsActivity,performCreate]
11-19 05:11:00.830 13238 13238 I wm_on_start_called: [19950697,com.android.permissioncontroller.permission.ui.GrantPermissionsActivity,handleStartActivity]
11-19 05:11:00.830 13238 13238 I wm_on_resume_called: [19950697,com.android.permissioncontroller.permission.ui.GrantPermissionsActivity,RESUME_ACTIVITY]
11-19 05:11:00.835 13238 13238 I wm_on_top_resumed_gained_called: [19950697,com.android.permissioncontroller.permission.ui.GrantPermissionsActivity,topStateChangedWhenResumed]
11-19 05:11:00.840 1499 2437 W WindowManager: updateScale0.7996942
11-19 05:11:00.840 1499 2437 W WindowManager: updateScale0.7996942
11-19 05:11:00.847 1499 1638 W WindowManager: updateScale0.7996942
11-19 05:11:00.848 1499 1638 W WindowManager: updateScale0.7996942
11-19 05:11:00.850 1499 1638 W WindowManager: updateScale0.7996942
11-19 05:11:00.850 1499 1638 W WindowManager: updateScale0.7996942
11-19 05:11:00.852 1499 2437 I wm_finish_activity: [0,19950697,62,com.android.permissioncontroller/.permission.ui.GrantPermissionsActivity,app-request]
11-19 05:11:00.852 1499 2437 I wm_pause_activity: [0,19950697,com.android.permissioncontroller/.permission.ui.GrantPermissionsActivity,userLeaving=false,finish]
11-19 05:11:00.856 13238 13238 I wm_on_top_resumed_lost_called: [19950697,com.android.permissioncontroller.permission.ui.GrantPermissionsActivity,topStateChangedWhenResumed]
11-19 05:11:00.859 1499 1634 I sysui_multi_action: [319,165,322,164,325,13940,757,761,758,7,759,2,806,com.android.permissioncontroller,871,com.android.permissioncontroller.permission.ui.GrantPermissionsActivity,904,com.android.deskclock,905,0,945,46,1320,8,1321,5]
11-19 05:11:00.860 13238 13238 I wm_on_paused_called: [19950697,com.android.permissioncontroller.permission.ui.GrantPermissionsActivity,performPause]
11-19 05:11:00.861 1499 5520 I ActivityTaskManager: FOREGROUND_APPLICATION_CHANGED to com.android.deskclock.DeskClock
11-19 05:11:00.861 1499 5520 I wm_set_resumed_activity: [0,com.android.deskclock/.DeskClock,resumeTopActivityInnerLocked]
11-19 05:11:00.862 1499 5520 I wm_resume_activity: [0,210201996,62,com.android.deskclock/.DeskClock]
11-19 05:11:00.863 9544 9544 I wm_on_activity_result_called: [210201996,com.android.deskclock.DeskClock,ACTIVITY_RESULT]
11-19 05:11:00.864 9544 9544 I wm_on_resume_called: [210201996,com.android.deskclock.DeskClock,RESUME_ACTIVITY]
11-19 05:11:00.865 9544 9544 I wm_on_top_resumed_gained_called: [210201996,com.android.deskclock.DeskClock,topWhenResuming]
11-19 05:11:00.866 1499 1634 I wm_activity_launch_time: [0,19950697,com.android.permissioncontroller/.permission.ui.GrantPermissionsActivity,164]
11-19 05:11:00.869 1499 5520 W WindowManager: updateScale0.7996942
11-19 05:11:00.871 1499 1637 I sysui_multi_action: [757,803,799,window_time_2,802,0]
11-19 05:11:00.873 1499 2437 W WindowManager: updateScale0.7996942
11-19 05:11:00.880 1499 4942 I wm_destroy_activity: [0,19950697,62,com.android.permissioncontroller/.permission.ui.GrantPermissionsActivity,finish-idle]
11-19 05:11:00.881 13238 13238 I wm_on_stop_called: [19950697,com.android.permissioncontroller.permission.ui.GrantPermissionsActivity,LIFECYCLER_STOP_ACTIVITY]
11-19 05:11:00.885 13238 13238 I wm_on_destroy_called: [19950697,com.android.permissioncontroller.permission.ui.GrantPermissionsActivity,performDestroy]
11-19 05:11:00.888 1499 4942 W WindowManager: updateScale0.7996942
11-19 05:11:00.896 7802 7838 W ContextImpl: Calling a method in the system process without a qualified user: android.app.ContextImpl.startService:1816 android.content.ContextWrapper.startService:774 com.thundercomm.gamemode.ingame.services.GameModeActionUtils.startGameModeService:93 com.thundercomm.gamemode.ingame.services.GameModeActionUtils.startGameModeEntry:21 com.thundercomm.gamemode.ingame.services.ActivityMonitoringService$1.onActivityLaunch:127
11-19 05:11:00.900 1499 1499 I GameModeConfig: Current uri is uri = content://com.thundercomm.gamemode.api/gamemode_settings/gamemode_isgaming
11-19 05:11:00.902 1499 1499 I GameModeConfig: isGameModeOn = false
11-19 05:11:00.902 1499 1499 I GameModeConfig: isGameModeOn = false
11-19 05:11:00.902 1499 1499 I GameModeConfig: isDisableVoice = true
11-19 05:11:00.976 7802 7838 W ContextImpl: Calling a method in the system process without a qualified user: android.app.ContextImpl.startService:1816 android.content.ContextWrapper.startService:774 com.thundercomm.gamemode.ingame.services.GameModeActionUtils.startGameModeService:93 com.thundercomm.gamemode.ingame.services.GameModeActionUtils.startGameModeEntry:21 com.thundercomm.gamemode.ingame.services.ActivityMonitoringService$1.onActivityLaunch:127
11-19 05:11:00.980 1499 1499 I GameModeConfig: Current uri is uri = content://com.thundercomm.gamemode.api/gamemode_settings/gamemode_isgaming
11-19 05:11:00.982 1499 1499 I GameModeConfig: isGameModeOn = false
11-19 05:11:00.982 1499 1499 I GameModeConfig: isGameModeOn = false
11-19 05:11:00.982 1499 1499 I GameModeConfig: isDisableVoice = true
11-19 05:11:01.009 1499 4942 I wm_task_moved: [1,0,6]
11-19 05:11:01.011 1499 4942 I ActivityTaskManager: FOREGROUND_APPLICATION_CHANGED to com.android.launcher3.uioverrides.QuickstepLauncher
11-19 05:11:01.014 1499 4942 I wm_resume_activity: [0,19758722,10,com.android.launcher3/.uioverrides.QuickstepLauncher]
11-19 05:11:01.015 1499 4942 I ActivityTaskManager: FOREGROUND_APPLICATION_CHANGED to com.android.deskclock.DeskClock
11-19 05:11:01.015 1499 4942 W WindowManager: updateScale0.7996942
11-19 05:11:01.015 2802 2802 I wm_on_resume_called: [19758722,com.android.launcher3.uioverrides.QuickstepLauncher,RESUME_ACTIVITY]
11-19 05:11:01.017 1499 4942 W WindowManager: updateScale0.7996942
11-19 05:11:01.019 1499 1638 I input_focus: [Focus request 9cb1151 com.android.deskclock/com.android.deskclock.DeskClock,reason=UpdateInputWindows]
11-19 05:11:01.025 1499 5520 W WindowManager: updateScale0.7996942
11-19 05:11:01.041 1499 1638 W WindowManager: updateScale0.7996942
11-19 05:11:01.041 1499 1831 I input_focus: [Focus leaving recents_animation_input_consumer (server),reason=NOT_VISIBLE]
11-19 05:11:01.041 1499 1831 I input_focus: [Focus entering 9cb1151 com.android.deskclock/com.android.deskclock.DeskClock (server),reason=setFocusedWindow]
11-19 05:11:01.057 1499 1638 W WindowManager: updateScale0.7996942
11-19 05:11:01.109 1499 2437 W WindowManager: updateScale0.7996942
11-19 05:11:01.110 1499 2437 W WindowManager: updateScale0.7996942
11-19 05:11:01.113 1499 2437 W WindowManager: updateScale0.7996942
11-19 05:11:02.131 0 0 I auditd : type=1400 audit(0.0:12240): avc: denied { kill } for comm="swapper/1" capability=5 scontext=u:r:kernel:s0 tcontext=u:r:kernel:s0 tclass=capability permissive=0
11-19 05:11:02.204 1499 1831 I input_interaction: Interaction with: 9cb1151 com.android.deskclock/com.android.deskclock.DeskClock (server), edge-swipe (server), swipe-up (server), PointerEventDispatcher0 (server),
11-19 05:11:02.221 1499 2437 W WindowManager: updateScale0.7996942
11-19 05:11:02.235 1499 1638 W WindowManager: updateScale0.7996942
11-19 05:11:02.334 1499 2437 I wm_relaunch_resume_activity: [0,210201996,62,com.android.deskclock/.DeskClock]
11-19 05:11:02.335 1499 2437 I wm_add_to_stopping: [0,19758722,com.android.launcher3/.uioverrides.QuickstepLauncher,makeInvisible]
11-19 05:11:02.337 1499 2437 D FreeFormWindowHelper: Remove freefrom task=Task{1a162bf #62 type=standard A=10063:com.android.deskclock U=0 visible=true mode=fullscreen translucent=false sz=1}
11-19 05:11:02.343 9544 9544 I wm_on_top_resumed_lost_called: [210201996,com.android.deskclock.DeskClock,pausing]
11-19 05:11:02.344 9544 9544 I wm_on_paused_called: [210201996,com.android.deskclock.DeskClock,performPause]
11-19 05:11:02.346 9544 9544 I wm_on_stop_called: [210201996,com.android.deskclock.DeskClock,handleRelaunchActivity]
11-19 05:11:02.352 1499 7484 W WindowManager: Attempted to set replacing window on app token with no content Token{d4dfb60 ActivityRecord{c876d8c u0 com.android.deskclock/.DeskClock t62}}
11-19 05:11:02.356 9544 9544 I wm_on_destroy_called: [210201996,com.android.deskclock.DeskClock,performDestroy]
11-19 05:11:02.359 7802 7838 W ContextImpl: Calling a method in the system process without a qualified user: android.app.ContextImpl.startService:1816 android.content.ContextWrapper.startService:774 com.thundercomm.gamemode.ingame.services.GameModeActionUtils.startGameModeService:93 com.thundercomm.gamemode.ingame.services.GameModeActionUtils.startGameModeEntry:21 com.thundercomm.gamemode.ingame.services.ActivityMonitoringService$1.onActivityLaunch:127
11-19 05:11:02.365 1499 1499 I GameModeConfig: Current uri is uri = content://com.thundercomm.gamemode.api/gamemode_settings/gamemode_isgaming
11-19 05:11:02.367 1499 1499 I GameModeConfig: isGameModeOn = false
11-19 05:11:02.367 1499 1499 I GameModeConfig: isGameModeOn = false
11-19 05:11:02.367 1499 1499 I GameModeConfig: isDisableVoice = true
11-19 05:11:02.377 1499 2437 I ActivityTaskManager: START u0 {act=android.content.pm.action.REQUEST_PERMISSIONS pkg=com.android.permissioncontroller cmp=com.android.permissioncontroller/.permission.ui.GrantPermissionsActivity (has extras)} from uid 10063
11-19 05:11:02.379 1499 2437 I wm_task_moved: [62,1,7]
11-19 05:11:02.379 1499 2437 I wm_set_resumed_activity: [0,com.android.deskclock/.DeskClock,positionChildAt]
11-19 05:11:02.379 1499 2437 I wm_create_activity: [0,76820284,62,com.android.permissioncontroller/.permission.ui.GrantPermissionsActivity,android.content.pm.action.REQUEST_PERMISSIONS,NULL,NULL,8388608]
11-19 05:11:02.380 1499 2437 I wm_pause_activity: [0,19758722,com.android.launcher3/.uioverrides.QuickstepLauncher,userLeaving=true,pauseBackTasks]
11-19 05:11:02.380 1499 2437 I wm_pause_activity: [0,210201996,com.android.deskclock/.DeskClock,userLeaving=true,resumeTopActivityInnerLocked]
11-19 05:11:02.381 2802 2802 I wm_on_paused_called: [19758722,com.android.launcher3.uioverrides.QuickstepLauncher,performPause]
11-19 05:11:02.384 1499 4942 I ActivityTaskManager: The Process com.android.permissioncontroller Already Exists in BG. So sending its PID: 13238
11-19 05:11:02.387 1499 1637 I sysui_multi_action: [757,803,799,window_time_2,802,1]
11-19 05:11:02.397 7802 7838 W ContextImpl: Calling a method in the system process without a qualified user: android.app.ContextImpl.startService:1816 android.content.ContextWrapper.startService:774 com.thundercomm.gamemode.ingame.services.GameModeActionUtils.startGameModeService:93 com.thundercomm.gamemode.ingame.services.GameModeActionUtils.startGameModeEntry:21 com.thundercomm.gamemode.ingame.services.ActivityMonitoringService$1.onActivityLaunch:127
11-19 05:11:02.397 9544 9544 I wm_on_create_called: [210201996,com.android.deskclock.DeskClock,performCreate]
11-19 05:11:02.401 1499 1499 I GameModeConfig: Current uri is uri = content://com.thundercomm.gamemode.api/gamemode_settings/gamemode_isgaming
11-19 05:11:02.403 1499 1499 I GameModeConfig: isGameModeOn = false
11-19 05:11:02.404 1499 1499 I GameModeConfig: isGameModeOn = false
11-19 05:11:02.404 1499 1499 I GameModeConfig: isDisableVoice = true
11-19 05:11:02.425 9544 9544 I wm_on_start_called: [210201996,com.android.deskclock.DeskClock,handleStartActivity]
11-19 05:11:02.426 9544 9544 I wm_on_resume_called: [210201996,com.android.deskclock.DeskClock,RESUME_ACTIVITY]
11-19 05:11:02.428 9544 9544 I wm_on_top_resumed_gained_called: [210201996,com.android.deskclock.DeskClock,topWhenResuming]
11-19 05:11:02.464 9544 9544 I wm_on_top_resumed_lost_called: [210201996,com.android.deskclock.DeskClock,topStateChangedWhenResumed]
11-19 05:11:02.464 1499 2437 I WindowManager: finishDrawing of relaunch: Window{9cb1151 u0 com.android.deskclock/com.android.deskclock.DeskClock} 131ms
11-19 05:11:02.464 9544 9544 I wm_on_paused_called: [210201996,com.android.deskclock.DeskClock,performPause]
11-19 05:11:02.467 1499 4942 I ActivityTaskManager: FOREGROUND_APPLICATION_CHANGED to com.android.permissioncontroller.permission.ui.GrantPermissionsActivity
11-19 05:11:02.467 1499 4942 I ActivityTaskManager: The Process com.android.permissioncontroller Already Exists in BG. So sending its PID: 13238
11-19 05:11:02.468 1499 4942 W ActivityTaskManager: Tried to set launchTime (0) < mLastActivityLaunchTime (13940143)
11-19 05:11:02.470 1499 4942 I wm_restart_activity: [0,76820284,62,com.android.permissioncontroller/.permission.ui.GrantPermissionsActivity]
11-19 05:11:02.473 1499 4942 I wm_set_resumed_activity: [0,com.android.permissioncontroller/.permission.ui.GrantPermissionsActivity,minimalResumeActivityLocked]
11-19 05:11:02.478 1499 1637 I sysui_multi_action: [757,803,799,window_time_0,802,0]
11-19 05:11:02.496 7802 7838 W ContextImpl: Calling a method in the system process without a qualified user: android.app.ContextImpl.startService:1816 android.content.ContextWrapper.startService:774 com.thundercomm.gamemode.ingame.services.GameModeActionUtils.startGameModeService:93 com.thundercomm.gamemode.ingame.services.GameModeActionUtils.startGameModeEntry:21 com.thundercomm.gamemode.ingame.services.ActivityMonitoringService$1.onActivityLaunch:127
11-19 05:11:02.502 1499 1499 I GameModeConfig: Current uri is uri = content://com.thundercomm.gamemode.api/gamemode_settings/gamemode_isgaming
11-19 05:11:02.503 13238 13238 I wm_on_create_called: [76820284,com.android.permissioncontroller.permission.ui.GrantPermissionsActivity,performCreate]
11-19 05:11:02.504 13238 13238 I wm_on_start_called: [76820284,com.android.permissioncontroller.permission.ui.GrantPermissionsActivity,handleStartActivity]
11-19 05:11:02.504 13238 13238 I wm_on_resume_called: [76820284,com.android.permissioncontroller.permission.ui.GrantPermissionsActivity,RESUME_ACTIVITY]
11-19 05:11:02.504 1499 1499 I GameModeConfig: isGameModeOn = false
11-19 05:11:02.504 1499 1499 I GameModeConfig: isGameModeOn = false
11-19 05:11:02.504 1499 1499 I GameModeConfig: isDisableVoice = true
11-19 05:11:02.506 13238 13238 I wm_on_top_resumed_gained_called: [76820284,com.android.permissioncontroller.permission.ui.GrantPermissionsActivity,topStateChangedWhenResumed]
11-19 05:11:02.514 1499 1638 I input_focus: [Focus request 5c533b1 com.android.permissioncontroller/com.android.permissioncontroller.permission.ui.GrantPermissionsActivity,reason=UpdateInputWindows]
11-19 05:11:02.516 1499 4942 I wm_finish_activity: [0,76820284,62,com.android.permissioncontroller/.permission.ui.GrantPermissionsActivity,app-request]
11-19 05:11:02.526 1499 4942 I wm_pause_activity: [0,76820284,com.android.permissioncontroller/.permission.ui.GrantPermissionsActivity,userLeaving=false,finish]
11-19 05:11:02.531 13238 13238 I wm_on_top_resumed_lost_called: [76820284,com.android.permissioncontroller.permission.ui.GrantPermissionsActivity,topStateChangedWhenResumed]
11-19 05:11:02.532 13238 13238 I wm_on_paused_called: [76820284,com.android.permissioncontroller.permission.ui.GrantPermissionsActivity,performPause]
11-19 05:11:02.533 1499 1637 I sysui_multi_action: [757,1144,758,8,806,com.android.permissioncontroller,871,com.android.permissioncontroller.permission.ui.GrantPermissionsActivity]
11-19 05:11:02.535 1499 7484 I ActivityTaskManager: FOREGROUND_APPLICATION_CHANGED to com.android.deskclock.DeskClock
11-19 05:11:02.538 1499 7484 I wm_set_resumed_activity: [0,com.android.deskclock/.DeskClock,resumeTopActivityInnerLocked]
11-19 05:11:02.540 1499 7484 I wm_resume_activity: [0,210201996,62,com.android.deskclock/.DeskClock]
11-19 05:11:02.540 9544 9544 I wm_on_activity_result_called: [210201996,com.android.deskclock.DeskClock,ACTIVITY_RESULT]
11-19 05:11:02.541 9544 9544 I wm_on_resume_called: [210201996,com.android.deskclock.DeskClock,RESUME_ACTIVITY]
11-19 05:11:02.544 9544 9544 I wm_on_top_resumed_gained_called: [210201996,com.android.deskclock.DeskClock,topWhenResuming]
11-19 05:11:02.547 1499 1831 I input_focus: [Focus leaving 9cb1151 com.android.deskclock/com.android.deskclock.DeskClock (server),reason=Waiting for window because NO_WINDOW]
11-19 05:11:02.548 1499 1638 I input_focus: [Focus request 9cb1151 com.android.deskclock/com.android.deskclock.DeskClock,reason=UpdateInputWindows]
11-19 05:11:02.552 1499 1637 I sysui_multi_action: [757,803,799,window_time_0,802,0]
11-19 05:11:02.562 1499 1831 I input_focus: [Focus entering 9cb1151 com.android.deskclock/com.android.deskclock.DeskClock (server),reason=setFocusedWindow]
11-19 05:11:02.613 1499 8533 I wm_destroy_activity: [0,76820284,62,com.android.permissioncontroller/.permission.ui.GrantPermissionsActivity,finish-idle]
11-19 05:11:02.614 13238 13238 I wm_on_stop_called: [76820284,com.android.permissioncontroller.permission.ui.GrantPermissionsActivity,LIFECYCLER_STOP_ACTIVITY]
11-19 05:11:02.615 13238 13238 I wm_on_destroy_called: [76820284,com.android.permissioncontroller.permission.ui.GrantPermissionsActivity,performDestroy]
11-19 05:11:02.630 7802 7838 W ContextImpl: Calling a method in the system process without a qualified user: android.app.ContextImpl.startService:1816 android.content.ContextWrapper.startService:774 com.thundercomm.gamemode.ingame.services.GameModeActionUtils.startGameModeService:93 com.thundercomm.gamemode.ingame.services.GameModeActionUtils.startGameModeEntry:21 com.thundercomm.gamemode.ingame.services.ActivityMonitoringService$1.onActivityLaunch:127
11-19 05:11:02.634 1499 1499 I GameModeConfig: Current uri is uri = content://com.thundercomm.gamemode.api/gamemode_settings/gamemode_isgaming
11-19 05:11:02.635 1499 1499 I GameModeConfig: isGameModeOn = false
11-19 05:11:02.636 1499 1499 I GameModeConfig: isGameModeOn = false
11-19 05:11:02.636 1499 1499 I GameModeConfig: isDisableVoice = true
11-19 05:11:02.648 7802 7838 W ContextImpl: Calling a method in the system process without a qualified user: android.app.ContextImpl.startService:1816 android.content.ContextWrapper.startService:774 com.thundercomm.gamemode.ingame.services.GameModeActionUtils.startGameModeService:93 com.thundercomm.gamemode.ingame.services.GameModeActionUtils.startGameModeEntry:21 com.thundercomm.gamemode.ingame.services.ActivityMonitoringService$1.onActivityLaunch:127
11-19 05:11:02.653 1499 1499 I GameModeConfig: Current uri is uri = content://com.thundercomm.gamemode.api/gamemode_settings/gamemode_isgaming
11-19 05:11:02.655 1499 1499 I GameModeConfig: isGameModeOn = false
11-19 05:11:02.655 1499 1499 I GameModeConfig: isGameModeOn = false
11-19 05:11:02.655 1499 1499 I GameModeConfig: isDisableVoice = true
11-19 05:11:02.902 1499 1637 I wm_stop_activity: [0,19758722,com.android.launcher3/.uioverrides.QuickstepLauncher]
11-19 05:11:02.939 2802 2802 I wm_on_stop_called: [19758722,com.android.launcher3.uioverrides.QuickstepLauncher,STOP_ACTIVITY_ITEM]
11-19 05:11:02.954 7802 7838 W ContextImpl: Calling a method in the system process without a qualified user: android.app.ContextImpl.startService:1816 android.content.ContextWrapper.startService:774 com.thundercomm.gamemode.ingame.services.GameModeActionUtils.startGameModeService:93 com.thundercomm.gamemode.ingame.services.GameModeActionUtils.startGameModeEntry:21 com.thundercomm.gamemode.ingame.services.ActivityMonitoringService$1.onActivityLaunch:127
11-19 05:11:02.958 1499 1499 I GameModeConfig: Current uri is uri = content://com.thundercomm.gamemode.api/gamemode_settings/gamemode_isgaming
11-19 05:11:02.960 1499 1499 I GameModeConfig: isGameModeOn = false
11-19 05:11:02.960 1499 1499 I GameModeConfig: isGameModeOn = false
11-19 05:11:02.960 1499 1499 I GameModeConfig: isDisableVoice = true
11-19 05:11:03.131 0 0 I auditd : type=1400 audit(0.0:12241): avc: denied { kill } for comm="swapper/1" capability=5 scontext=u:r:kernel:s0 tcontext=u:r:kernel:s0 tclass=capability permissive=0
11-19 05:11:03.695 1499 4942 I wm_task_moved: [1,0,0]
11-19 05:11:03.696 1499 4942 I wm_task_moved: [1,0,6]
11-19 05:11:03.711 2802 2802 I wm_on_restart_called: [19758722,com.android.launcher3.uioverrides.QuickstepLauncher,performRestartActivity]
11-19 05:11:03.729 7802 7838 W ContextImpl: Calling a method in the system process without a qualified user: android.app.ContextImpl.startService:1816 android.content.ContextWrapper.startService:774 com.thundercomm.gamemode.ingame.services.GameModeActionUtils.startGameModeService:93 com.thundercomm.gamemode.ingame.services.GameModeActionUtils.startGameModeEntry:21 com.thundercomm.gamemode.ingame.services.ActivityMonitoringService$1.onActivityLaunch:127
11-19 05:11:03.734 1499 1499 I GameModeConfig: Current uri is uri = content://com.thundercomm.gamemode.api/gamemode_settings/gamemode_isgaming
11-19 05:11:03.736 1499 1499 I GameModeConfig: isGameModeOn = false
11-19 05:11:03.736 1499 1499 I GameModeConfig: isGameModeOn = false
11-19 05:11:03.736 1499 1499 I GameModeConfig: isDisableVoice = true
11-19 05:11:03.739 2802 2802 I wm_on_start_called: [19758722,com.android.launcher3.uioverrides.QuickstepLauncher,handleStartActivity]
11-19 05:11:03.759 1499 1634 I sysui_multi_action: [319,20,322,59,325,13943,757,761,758,9,759,5,806,com.android.launcher3,871,com.android.launcher3.uioverrides.QuickstepLauncher,905,0,1320,8,1321,5]
11-19 05:11:03.822 9544 9544 I view_enqueue_input_event: [Motion - Cancel,com.android.deskclock/com.android.deskclock.DeskClock]
11-19 05:11:03.824 2802 2802 I sysui_latency: [1,76]
11-19 05:11:03.829 1499 1638 I input_focus: [Focus request recents_animation_input_consumer,reason=UpdateInputWindows]
11-19 05:11:03.838 1499 1831 I input_interaction: Interaction with: edge-swipe (server), swipe-up (server), PointerEventDispatcher0 (server),
11-19 05:11:03.848 1499 1831 I input_focus: [Focus leaving 9cb1151 com.android.deskclock/com.android.deskclock.DeskClock (server),reason=NOT_FOCUSABLE]
11-19 05:11:03.849 1499 1831 I input_focus: [Focus entering recents_animation_input_consumer (server),reason=setFocusedWindow]
11-19 05:11:03.939 1499 1759 I commit_sys_config_file: [settings-1-0,3]
11-19 05:11:04.056 1499 1644 I sysui_latency: [8,75]
11-19 05:11:04.652 1499 1759 I commit_sys_config_file: [settings-1-0,6]
11-19 05:11:05.070 1499 1831 I input_interaction: Interaction with: 632f7bf com.android.launcher3/com.android.launcher3.uioverrides.QuickstepLauncher (server), edge-swipe (server), swipe-up (server), PointerEventDispatcher0 (server),
11-19 05:11:05.131 0 0 I auditd : type=1400 audit(0.0:12242): avc: denied { kill } for comm="swapper/1" capability=5 scontext=u:r:kernel:s0 tcontext=u:r:kernel:s0 tclass=capability permissive=0
11-19 05:11:05.391 1499 3791 E TaskPersister: File error accessing recents directory (directory doesn't exist?).
11-19 05:11:05.497 1499 7484 I wm_task_moved: [1,1,7]
11-19 05:11:05.502 9544 9544 I wm_on_top_resumed_lost_called: [210201996,com.android.deskclock.DeskClock,topStateChangedWhenResumed]
11-19 05:11:05.502 1499 7484 I wm_focused_root_task: [0,0,1,62,RecentsAnimation.onAnimationFinished()]
11-19 05:11:05.505 1499 7484 I wm_pause_activity: [0,210201996,com.android.deskclock/.DeskClock,userLeaving=false,pauseBackTasks]
11-19 05:11:05.507 1499 7484 I ActivityTaskManager: FOREGROUND_APPLICATION_CHANGED to com.android.launcher3.uioverrides.QuickstepLauncher
11-19 05:11:05.508 1499 7484 I wm_set_resumed_activity: [0,com.android.launcher3/.uioverrides.QuickstepLauncher,resumeTopActivityInnerLocked]
11-19 05:11:05.510 1499 7484 I wm_resume_activity: [0,19758722,10,com.android.launcher3/.uioverrides.QuickstepLauncher]
11-19 05:11:05.511 1499 7484 I wm_add_to_stopping: [0,210201996,com.android.deskclock/.DeskClock,makeInvisible]
11-19 05:11:05.519 2802 2802 I wm_on_resume_called: [19758722,com.android.launcher3.uioverrides.QuickstepLauncher,RESUME_ACTIVITY]
11-19 05:11:05.526 9544 9544 I wm_on_paused_called: [210201996,com.android.deskclock.DeskClock,performPause]
11-19 05:11:05.528 1499 1637 I sysui_multi_action: [757,803,799,window_time_0,802,3]
11-19 05:11:05.533 1499 1638 I input_focus: [Focus request 632f7bf com.android.launcher3/com.android.launcher3.uioverrides.QuickstepLauncher,reason=UpdateInputWindows]
11-19 05:11:05.542 1499 1637 I wm_stop_activity: [0,210201996,com.android.deskclock/.DeskClock]
11-19 05:11:05.542 1499 1831 I input_focus: [Focus leaving recents_animation_input_consumer (server),reason=NOT_VISIBLE]
11-19 05:11:05.544 1499 1637 I sysui_multi_action: [757,803,799,window_time_0,802,0]
11-19 05:11:05.549 2802 2802 I wm_on_top_resumed_gained_called: [19758722,com.android.launcher3.uioverrides.QuickstepLauncher,topStateChangedWhenResumed]
11-19 05:11:05.552 1499 1831 I input_focus: [Focus entering 632f7bf com.android.launcher3/com.android.launcher3.uioverrides.QuickstepLauncher (server),reason=setFocusedWindow]
11-19 05:11:05.556 9544 9544 I wm_on_stop_called: [210201996,com.android.deskclock.DeskClock,STOP_ACTIVITY_ITEM]
11-19 05:11:05.582 7802 7838 W ContextImpl: Calling a method in the system process without a qualified user: android.app.ContextImpl.startService:1816 android.content.ContextWrapper.startService:774 com.thundercomm.gamemode.ingame.services.GameModeActionUtils.startGameModeService:93 com.thundercomm.gamemode.ingame.services.GameModeActionUtils.startGameModeEntry:21 com.thundercomm.gamemode.ingame.services.ActivityMonitoringService$1.onActivityLaunch:127
11-19 05:11:05.589 1499 1499 I GameModeConfig: Current uri is uri = content://com.thundercomm.gamemode.api/gamemode_settings/gamemode_isgaming
11-19 05:11:05.595 1499 1499 I GameModeConfig: isGameModeOn = false
11-19 05:11:05.596 1499 1499 I GameModeConfig: isGameModeOn = false
11-19 05:11:05.596 1499 1499 I GameModeConfig: isDisableVoice = true
11-19 05:11:05.630 7802 7838 W ContextImpl: Calling a method in the system process without a qualified user: android.app.ContextImpl.startService:1816 android.content.ContextWrapper.startService:774 com.thundercomm.gamemode.ingame.services.GameModeActionUtils.startGameModeService:93 com.thundercomm.gamemode.ingame.services.GameModeActionUtils.startGameModeEntry:21 com.thundercomm.gamemode.ingame.services.ActivityMonitoringService$1.onActivityLaunch:127
11-19 05:11:05.634 1499 1499 I GameModeConfig: Current uri is uri = content://com.thundercomm.gamemode.api/gamemode_settings/gamemode_isgaming
11-19 05:11:05.636 1499 2759 I wm_finish_activity: [0,210201996,62,com.android.deskclock/.DeskClock,recent-task-trimmed]
11-19 05:11:05.637 1499 2759 I wm_destroy_activity: [0,210201996,62,com.android.deskclock/.DeskClock,finish-imm:finishIfPossible]
11-19 05:11:05.638 1499 1499 I GameModeConfig: isGameModeOn = false
11-19 05:11:05.638 1499 1499 I GameModeConfig: isGameModeOn = false
11-19 05:11:05.638 1499 1499 I GameModeConfig: isDisableVoice = true
11-19 05:11:05.639 1499 1637 I sysui_multi_action: [757,803,799,window_time_0,802,0]
11-19 05:11:05.640 1499 3791 E TaskPersister: File error accessing recents directory (directory doesn't exist?).
11-19 05:11:05.642 1499 3791 E TaskPersister: File error accessing recents directory (directory doesn't exist?).
11-19 05:11:05.647 9544 9544 I wm_on_destroy_called: [210201996,com.android.deskclock.DeskClock,performDestroy]
11-19 05:11:05.651 1499 1644 W UsageStatsService: Unexpected activity event reported! (com.android.deskclock/com.android.deskclock.DeskClock event : 23 instanceId : 223214432)
11-19 05:11:05.652 1499 2759 I wm_task_removed: [62,removeChild:removeChild last r=ActivityRecord{c876d8c u0 com.android.deskclock/.DeskClock t-1 f}} in t=Task{1a162bf #62 type=standard A=10063:com.android.deskclock U=0 visible=false mode=fullscreen translucent=true sz=0}]
11-19 05:11:05.652 1499 2759 I wm_task_removed: [62,removeChild]
11-19 05:11:05.653 1499 1638 W ActivityTaskManager: Can't find TaskDisplayArea to determine support for multi window. Task id=62 attached=false
11-19 05:11:05.653 1499 1638 W ActivityTaskManager: Can't find TaskDisplayArea to determine support for multi window. Task id=62 attached=false
11-19 05:11:05.714 1167 13234 I iorapd : Perfetto TraceBuffer saved to file: /data/misc/iorapd/com.android.permissioncontroller/319999900/com.android.permissioncontroller.permission.ui.GrantPermissionsActivity/raw_traces/1668805865713176977.perfetto_trace.pb
11-19 05:11:05.749 7802 7838 W ContextImpl: Calling a method in the system process without a qualified user: android.app.ContextImpl.startService:1816 android.content.ContextWrapper.startService:774 com.thundercomm.gamemode.ingame.services.GameModeActionUtils.startGameModeService:93 com.thundercomm.gamemode.ingame.services.GameModeActionUtils.startGameModeEntry:21 com.thundercomm.gamemode.ingame.services.ActivityMonitoringService$1.onActivityLaunch:127
11-19 05:11:05.754 1499 1499 I GameModeConfig: Current uri is uri = content://com.thundercomm.gamemode.api/gamemode_settings/gamemode_isgaming
11-19 05:11:05.756 1499 1499 I GameModeConfig: isGameModeOn = false
11-19 05:11:05.756 1499 1499 I GameModeConfig: isGameModeOn = false
11-19 05:11:05.756 1499 1499 I GameModeConfig: isDisableVoice = true
11-19 05:11:05.964 1499 1831 I input_interaction: Interaction with: 632f7bf com.android.launcher3/com.android.launcher3.uioverrides.QuickstepLauncher (server), a1d9774 com.android.systemui.ImageWallpaper (server), edge-swipe (server), swipe-up (server), PointerEventDispatcher0 (server),
11-19 05:11:07.133 1499 4942 I ActivityTaskManager: START u0 {flg=0x10008000 cmp=com.android.music/.VideoBrowserActivity} from uid 10078
11-19 05:11:07.144 1499 4942 I wm_task_created: [64,-1]
11-19 05:11:07.144 1499 4942 W ActivityTaskManager: Can't find TaskDisplayArea to determine support for multi window. Task id=64 attached=false
