11-19 05:12:01.280 1499 1499 I GameModeConfig: isGameModeOn = false
11-19 05:12:01.280 1499 1499 I GameModeConfig: isDisableVoice = true
11-19 05:12:01.284 13177 13177 I wm_on_create_called: [245513734,com.android.music.VideoBrowserActivity,performCreate]
11-19 05:12:01.284 13177 13177 I wm_on_start_called: [245513734,com.android.music.VideoBrowserActivity,handleStartActivity]
11-19 05:12:01.286 13177 13177 I wm_on_resume_called: [245513734,com.android.music.VideoBrowserActivity,RESUME_ACTIVITY]
11-19 05:12:01.286 13177 13177 I wm_on_top_resumed_gained_called: [245513734,com.android.music.VideoBrowserActivity,topWhenResuming]
11-19 05:12:01.297 1499 4942 I WindowManager: finishDrawing of relaunch: Window{b1bdc8c u0 com.android.music/com.android.music.VideoBrowserActivity} 53ms
11-19 05:12:01.638 1499 1637 I wm_stop_activity: [0,19758722,com.android.launcher3/.uioverrides.QuickstepLauncher]
11-19 05:12:01.659 7802 7838 W ContextImpl: Calling a method in the system process without a qualified user: android.app.ContextImpl.startService:1816 android.content.ContextWrapper.startService:774 com.thundercomm.gamemode.ingame.services.GameModeActionUtils.startGameModeService:93 com.thundercomm.gamemode.ingame.services.GameModeActionUtils.startGameModeEntry:21 com.thundercomm.gamemode.ingame.services.ActivityMonitoringService$1.onActivityLaunch:127
11-19 05:12:01.664 1499 1499 I GameModeConfig: Current uri is uri = content://com.thundercomm.gamemode.api/gamemode_settings/gamemode_isgaming
11-19 05:12:01.667 2802 2802 I wm_on_paused_called: [19758722,com.android.launcher3.uioverrides.QuickstepLauncher,performPause]
11-19 05:12:01.669 1499 1499 I GameModeConfig: isGameModeOn = false
11-19 05:12:01.670 1499 1499 I GameModeConfig: isGameModeOn = false
11-19 05:12:01.670 1499 1499 I GameModeConfig: isDisableVoice = true
11-19 05:12:01.674 2802 2802 I wm_on_stop_called: [19758722,com.android.launcher3.uioverrides.QuickstepLauncher,STOP_ACTIVITY_ITEM]
11-19 05:12:01.696 7802 7838 W ContextImpl: Calling a method in the system process without a qualified user: android.app.ContextImpl.startService:1816 android.content.ContextWrapper.startService:774 com.thundercomm.gamemode.ingame.services.GameModeActionUtils.startGameModeService:93 com.thundercomm.gamemode.ingame.services.GameModeActionUtils.startGameModeEntry:21 com.thundercomm.gamemode.ingame.services.ActivityMonitoringService$1.onActivityLaunch:127
11-19 05:12:01.700 1499 1499 I GameModeConfig: Current uri is uri = content://com.thundercomm.gamemode.api/gamemode_settings/gamemode_isgaming
11-19 05:12:01.703 1499 1499 I GameModeConfig: isGameModeOn = false
11-19 05:12:01.703 1499 1499 I GameModeConfig: isGameModeOn = false
11-19 05:12:01.703 1499 1499 I GameModeConfig: isDisableVoice = true
11-19 05:12:02.131 0 0 I auditd : type=1400 audit(0.0:12281): avc: denied { kill } for comm="swapper/1" capability=5 scontext=u:r:kernel:s0 tcontext=u:r:kernel:s0 tclass=capability permissive=0
11-19 05:12:02.616 1499 1645 I am_uid_idle: 10094
11-19 05:12:02.911 1499 4942 I wm_task_moved: [1,0,0]
11-19 05:12:02.913 1499 4942 I wm_task_moved: [1,0,6]
11-19 05:12:02.942 2802 2802 I wm_on_restart_called: [19758722,com.android.launcher3.uioverrides.QuickstepLauncher,performRestartActivity]
11-19 05:12:02.949 7802 7838 W ContextImpl: Calling a method in the system process without a qualified user: android.app.ContextImpl.startService:1816 android.content.ContextWrapper.startService:774 com.thundercomm.gamemode.ingame.services.GameModeActionUtils.startGameModeService:93 com.thundercomm.gamemode.ingame.services.GameModeActionUtils.startGameModeEntry:21 com.thundercomm.gamemode.ingame.services.ActivityMonitoringService$1.onActivityLaunch:127
11-19 05:12:02.957 1499 1499 I GameModeConfig: Current uri is uri = content://com.thundercomm.gamemode.api/gamemode_settings/gamemode_isgaming
11-19 05:12:02.959 1499 1499 I GameModeConfig: isGameModeOn = false
11-19 05:12:02.959 1499 1499 I GameModeConfig: isGameModeOn = false
11-19 05:12:02.959 1499 1499 I GameModeConfig: isDisableVoice = true
11-19 05:12:02.968 2802 2802 I wm_on_start_called: [19758722,com.android.launcher3.uioverrides.QuickstepLauncher,handleStartActivity]
11-19 05:12:02.996 1499 1634 I sysui_multi_action: [319,21,322,75,325,14002,757,761,758,9,759,5,806,com.android.launcher3,871,com.android.launcher3.uioverrides.QuickstepLauncher,905,0,1320,8,1321,5]
11-19 05:12:02.997 13177 13177 I view_enqueue_input_event: [Motion - Cancel,com.android.music/com.android.music.VideoBrowserActivity]
11-19 05:12:02.998 2802 2802 I sysui_latency: [1,91]
11-19 05:12:03.002 1499 1638 I input_focus: [Focus request recents_animation_input_consumer,reason=UpdateInputWindows]
11-19 05:12:03.003 1499 1831 I input_interaction: Interaction with: edge-swipe (server), swipe-up (server), PointerEventDispatcher0 (server),
11-19 05:12:03.024 1499 1831 I input_focus: [Focus leaving b1bdc8c com.android.music/com.android.music.VideoBrowserActivity (server),reason=NOT_FOCUSABLE]
11-19 05:12:03.024 1499 1831 I input_focus: [Focus entering recents_animation_input_consumer (server),reason=setFocusedWindow]
11-19 05:12:03.170 1499 1759 I commit_sys_config_file: [settings-1-0,4]
11-19 05:12:03.287 1499 1644 I sysui_latency: [8,92]
11-19 05:12:03.917 1499 1759 I commit_sys_config_file: [settings-1-0,5]
11-19 05:12:04.131 0 0 I auditd : type=1400 audit(0.0:12282): avc: denied { kill } for comm="swapper/1" capability=5 scontext=u:r:kernel:s0 tcontext=u:r:kernel:s0 tclass=capability permissive=0
11-19 05:12:05.131 0 0 I auditd : type=1400 audit(0.0:12283): avc: denied { kill } for comm="swapper/1" capability=5 scontext=u:r:kernel:s0 tcontext=u:r:kernel:s0 tclass=capability permissive=0
11-19 05:12:05.527 1499 1831 I input_interaction: Interaction with: 632f7bf com.android.launcher3/com.android.launcher3.uioverrides.QuickstepLauncher (server), edge-swipe (server), swipe-up (server), PointerEventDispatcher0 (server),
11-19 05:12:05.550 1499 1645 I am_uid_idle: 10063
11-19 05:12:05.991 1499 2437 I wm_task_moved: [1,0,6]
11-19 05:12:05.993 1499 2437 I wm_add_to_stopping: [0,19758722,com.android.launcher3/.uioverrides.QuickstepLauncher,makeInvisible]
11-19 05:12:06.006 1499 1638 I input_focus: [Focus request b1bdc8c com.android.music/com.android.music.VideoBrowserActivity,reason=UpdateInputWindows]
11-19 05:12:06.008 1499 1637 I wm_stop_activity: [0,19758722,com.android.launcher3/.uioverrides.QuickstepLauncher]
11-19 05:12:06.016 1499 1831 I input_focus: [Focus leaving recents_animation_input_consumer (server),reason=NOT_VISIBLE]
11-19 05:12:06.016 1499 1831 I input_focus: [Focus entering b1bdc8c com.android.music/com.android.music.VideoBrowserActivity (server),reason=setFocusedWindow]
11-19 05:12:06.040 2802 2802 I wm_on_stop_called: [19758722,com.android.launcher3.uioverrides.QuickstepLauncher,STOP_ACTIVITY_ITEM]
11-19 05:12:06.056 1499 1644 W UsageStatsService: Unexpected activity event reported! (com.android.launcher3/com.android.launcher3.uioverrides.QuickstepLauncher event : 23 instanceId : 69626717)
11-19 05:12:06.068 7802 7838 W ContextImpl: Calling a method in the system process without a qualified user: android.app.ContextImpl.startService:1816 android.content.ContextWrapper.startService:774 com.thundercomm.gamemode.ingame.services.GameModeActionUtils.startGameModeService:93 com.thundercomm.gamemode.ingame.services.GameModeActionUtils.startGameModeEntry:21 com.thundercomm.gamemode.ingame.services.ActivityMonitoringService$1.onActivityLaunch:127
11-19 05:12:06.079 1499 1499 I GameModeConfig: Current uri is uri = content://com.thundercomm.gamemode.api/gamemode_settings/gamemode_isgaming
11-19 05:12:06.081 1499 1499 I GameModeConfig: isGameModeOn = false
11-19 05:12:06.081 1499 1499 I GameModeConfig: isGameModeOn = false
11-19 05:12:06.081 1499 1499 I GameModeConfig: isDisableVoice = true
11-19 05:12:06.131 0 0 I auditd : type=1400 audit(0.0:12284): avc: denied { kill } for comm="swapper/1" capability=5 scontext=u:r:kernel:s0 tcontext=u:r:kernel:s0 tclass=capability permissive=0
11-19 05:12:07.131 288 288 I auditd : type=1400 audit(0.0:12285): avc: denied { kill } for comm="kgsl_worker_thr" capability=5 scontext=u:r:kernel:s0 tcontext=u:r:kernel:s0 tclass=capability permissive=0
11-19 05:12:07.199 1499 1831 I input_interaction: Interaction with: b1bdc8c com.android.music/com.android.music.VideoBrowserActivity (server), edge-swipe (server), swipe-up (server), PointerEventDispatcher0 (server),
11-19 05:12:07.217 1499 2437 I wm_task_moved: [1,0,0]
11-19 05:12:07.217 1499 2437 I wm_task_moved: [1,0,6]
11-19 05:12:07.236 2802 2802 I wm_on_restart_called: [19758722,com.android.launcher3.uioverrides.QuickstepLauncher,performRestartActivity]
11-19 05:12:07.249 7802 7838 W ContextImpl: Calling a method in the system process without a qualified user: android.app.ContextImpl.startService:1816 android.content.ContextWrapper.startService:774 com.thundercomm.gamemode.ingame.services.GameModeActionUtils.startGameModeService:93 com.thundercomm.gamemode.ingame.services.GameModeActionUtils.startGameModeEntry:21 com.thundercomm.gamemode.ingame.services.ActivityMonitoringService$1.onActivityLaunch:127
11-19 05:12:07.257 1499 1499 I GameModeConfig: Current uri is uri = content://com.thundercomm.gamemode.api/gamemode_settings/gamemode_isgaming
11-19 05:12:07.262 1499 1499 I GameModeConfig: isGameModeOn = false
11-19 05:12:07.263 1499 1499 I GameModeConfig: isGameModeOn = false
11-19 05:12:07.263 1499 1499 I GameModeConfig: isDisableVoice = true
11-19 05:12:07.263 2802 2802 I wm_on_start_called: [19758722,com.android.launcher3.uioverrides.QuickstepLauncher,handleStartActivity]
11-19 05:12:07.281 1499 1634 I sysui_multi_action: [319,14,322,58,325,14006,757,761,758,9,759,5,806,com.android.launcher3,871,com.android.launcher3.uioverrides.QuickstepLauncher,905,0,1320,8,1321,5]
11-19 05:12:07.328 13177 13177 I view_enqueue_input_event: [Motion - Cancel,com.android.music/com.android.music.VideoBrowserActivity]
11-19 05:12:07.330 2802 2802 I sysui_latency: [1,73]
11-19 05:12:07.335 1499 1831 I input_interaction: Interaction with: edge-swipe (server), swipe-up (server), PointerEventDispatcher0 (server),
11-19 05:12:07.335 1499 1638 I input_focus: [Focus request recents_animation_input_consumer,reason=UpdateInputWindows]
11-19 05:12:07.367 1499 1831 I input_focus: [Focus leaving b1bdc8c com.android.music/com.android.music.VideoBrowserActivity (server),reason=NOT_FOCUSABLE]
11-19 05:12:07.368 1499 1831 I input_focus: [Focus entering recents_animation_input_consumer (server),reason=setFocusedWindow]
11-19 05:12:07.473 1499 1759 I commit_sys_config_file: [settings-1-0,11]
11-19 05:12:07.577 1499 1644 I sysui_latency: [8,70]
11-19 05:12:07.807 1499 8917 I wm_task_moved: [1,0,6]
11-19 05:12:07.808 1499 8917 I wm_add_to_stopping: [0,19758722,com.android.launcher3/.uioverrides.QuickstepLauncher,makeInvisible]
11-19 05:12:07.821 1499 1638 I input_focus: [Focus request b1bdc8c com.android.music/com.android.music.VideoBrowserActivity,reason=UpdateInputWindows]
11-19 05:12:07.822 1499 1637 I wm_stop_activity: [0,19758722,com.android.launcher3/.uioverrides.QuickstepLauncher]
11-19 05:12:07.835 1499 1831 I input_focus: [Focus leaving recents_animation_input_consumer (server),reason=NOT_VISIBLE]
11-19 05:12:07.835 1499 1831 I input_focus: [Focus entering b1bdc8c com.android.music/com.android.music.VideoBrowserActivity (server),reason=setFocusedWindow]
11-19 05:12:07.874 2802 2802 I wm_on_stop_called: [19758722,com.android.launcher3.uioverrides.QuickstepLauncher,STOP_ACTIVITY_ITEM]
11-19 05:12:07.884 1499 1644 W UsageStatsService: Unexpected activity event reported! (com.android.launcher3/com.android.launcher3.uioverrides.QuickstepLauncher event : 23 instanceId : 69626717)
11-19 05:12:07.896 7802 7838 W ContextImpl: Calling a method in the system process without a qualified user: android.app.ContextImpl.startService:1816 android.content.ContextWrapper.startService:774 com.thundercomm.gamemode.ingame.services.GameModeActionUtils.startGameModeService:93 com.thundercomm.gamemode.ingame.services.GameModeActionUtils.startGameModeEntry:21 com.thundercomm.gamemode.ingame.services.ActivityMonitoringService$1.onActivityLaunch:127
11-19 05:12:07.901 1499 1499 I GameModeConfig: Current uri is uri = content://com.thundercomm.gamemode.api/gamemode_settings/gamemode_isgaming
11-19 05:12:07.902 1499 1499 I GameModeConfig: isGameModeOn = false
11-19 05:12:07.903 1499 1499 I GameModeConfig: isGameModeOn = false
11-19 05:12:07.903 1499 1499 I GameModeConfig: isDisableVoice = true
11-19 05:12:08.069 1499 1759 I commit_sys_config_file: [settings-1-0,5]
11-19 05:12:08.131 0 0 I auditd : type=1400 audit(0.0:12286): avc: denied { kill } for comm="swapper/1" capability=5 scontext=u:r:kernel:s0 tcontext=u:r:kernel:s0 tclass=capability permissive=0
11-19 05:12:08.647 1499 1831 I input_interaction: Interaction with: b1bdc8c com.android.music/com.android.music.VideoBrowserActivity (server), edge-swipe (server), swipe-up (server), PointerEventDispatcher0 (server),
11-19 05:12:08.668 1499 2437 I wm_task_moved: [1,0,0]
11-19 05:12:08.669 1499 2437 I wm_task_moved: [1,0,6]
11-19 05:12:08.689 2802 2802 I wm_on_restart_called: [19758722,com.android.launcher3.uioverrides.QuickstepLauncher,performRestartActivity]
11-19 05:12:08.697 7802 7838 W ContextImpl: Calling a method in the system process without a qualified user: android.app.ContextImpl.startService:1816 android.content.ContextWrapper.startService:774 com.thundercomm.gamemode.ingame.services.GameModeActionUtils.startGameModeService:93 com.thundercomm.gamemode.ingame.services.GameModeActionUtils.startGameModeEntry:21 com.thundercomm.gamemode.ingame.services.ActivityMonitoringService$1.onActivityLaunch:127
11-19 05:12:08.703 1499 1499 I GameModeConfig: Current uri is uri = content://com.thundercomm.gamemode.api/gamemode_settings/gamemode_isgaming
11-19 05:12:08.705 2802 2802 I wm_on_start_called: [19758722,com.android.launcher3.uioverrides.QuickstepLauncher,handleStartActivity]
11-19 05:12:08.706 1499 1499 I GameModeConfig: isGameModeOn = false
11-19 05:12:08.706 1499 1499 I GameModeConfig: isGameModeOn = false
11-19 05:12:08.706 1499 1499 I GameModeConfig: isDisableVoice = true
11-19 05:12:08.731 1499 1634 I sysui_multi_action: [319,12,322,52,325,14008,757,761,758,9,759,5,806,com.android.launcher3,871,com.android.launcher3.uioverrides.QuickstepLauncher,905,0,1320,8,1321,5]
11-19 05:12:08.759 13177 13177 I view_enqueue_input_event: [Motion - Cancel,com.android.music/com.android.music.VideoBrowserActivity]
11-19 05:12:08.761 2802 2802 I sysui_latency: [1,68]
11-19 05:12:08.764 1499 1831 I input_interaction: Interaction with: edge-swipe (server), swipe-up (server), PointerEventDispatcher0 (server),
11-19 05:12:08.767 1499 1638 I input_focus: [Focus request recents_animation_input_consumer,reason=UpdateInputWindows]
11-19 05:12:08.787 1499 1831 I input_focus: [Focus leaving b1bdc8c com.android.music/com.android.music.VideoBrowserActivity (server),reason=NOT_FOCUSABLE]
11-19 05:12:08.787 1499 1831 I input_focus: [Focus entering recents_animation_input_consumer (server),reason=setFocusedWindow]
11-19 05:12:08.913 1499 1759 I commit_sys_config_file: [settings-1-0,11]
11-19 05:12:09.022 1499 1644 I sysui_latency: [8,67]
11-19 05:12:09.625 1499 1759 I commit_sys_config_file: [settings-1-0,4]
11-19 05:12:10.131 0 0 I auditd : type=1400 audit(0.0:12287): avc: denied { kill } for comm="swapper/1" capability=5 scontext=u:r:kernel:s0 tcontext=u:r:kernel:s0 tclass=capability permissive=0
11-19 05:12:10.303 1499 1831 I input_interaction: Interaction with: 632f7bf com.android.launcher3/com.android.launcher3.uioverrides.QuickstepLauncher (server), edge-swipe (server), swipe-up (server), PointerEventDispatcher0 (server),
11-19 05:12:10.420 1499 2437 D FreeFormWindowHelper: Add freeform task=Task{12feceb #64 type=standard A=10090:android.task.video U=0 visible=true mode=freeform translucent=false sz=1}
11-19 05:12:10.421 1499 2437 I wm_relaunch_resume_activity: [0,245513734,64,com.android.music/.VideoBrowserActivity]
11-19 05:12:10.422 13177 13177 I wm_on_top_resumed_lost_called: [245513734,com.android.music.VideoBrowserActivity,pausing]
11-19 05:12:10.423 13177 13177 I wm_on_paused_called: [245513734,com.android.music.VideoBrowserActivity,performPause]
11-19 05:12:10.423 1499 2437 I wm_task_moved: [1,1,7]
11-19 05:12:10.423 13177 13177 I wm_on_stop_called: [245513734,com.android.music.VideoBrowserActivity,handleRelaunchActivity]
11-19 05:12:10.425 1499 2437 I wm_focused_root_task: [0,0,1,64,startActivityFromRecents]
11-19 05:12:10.425 1499 2437 I wm_task_moved: [64,1,7]
11-19 05:12:10.425 1499 2437 I wm_set_resumed_activity: [0,com.android.music/.VideoBrowserActivity,positionChildAt]
11-19 05:12:10.426 1499 2437 I wm_focused_root_task: [0,0,64,1,moveTaskToFront findTaskToMoveToFront]
11-19 05:12:10.426 1499 2437 I wm_set_resumed_activity: [0,com.android.music/.VideoBrowserActivity,moveTaskToFront findTaskToMoveToFront]
11-19 05:12:10.427 1499 2437 W WindowManager: updateScale0.7996942
11-19 05:12:10.433 13177 13177 I wm_on_destroy_called: [245513734,com.android.music.VideoBrowserActivity,performDestroy]
11-19 05:12:10.441 1499 7484 W WindowManager: Attempted to set replacing window on app token with no content Token{acf2cf ActivityRecord{ea23e06 u0 com.android.music/.VideoBrowserActivity t64}}
11-19 05:12:10.469 13177 13177 I wm_on_create_called: [245513734,com.android.music.VideoBrowserActivity,performCreate]
11-19 05:12:10.470 13177 13177 I wm_on_start_called: [245513734,com.android.music.VideoBrowserActivity,handleStartActivity]
11-19 05:12:10.471 13177 13177 I wm_on_resume_called: [245513734,com.android.music.VideoBrowserActivity,RESUME_ACTIVITY]
11-19 05:12:10.471 13177 13177 I wm_on_top_resumed_gained_called: [245513734,com.android.music.VideoBrowserActivity,topWhenResuming]
11-19 05:12:10.471 13177 13177 I wm_on_top_resumed_lost_called: [245513734,com.android.music.VideoBrowserActivity,topStateChangedWhenResumed]
11-19 05:12:10.472 1499 2759 W WindowManager: updateScale0.7996942
11-19 05:12:10.479 13177 13177 I wm_on_top_resumed_gained_called: [245513734,com.android.music.VideoBrowserActivity,topStateChangedWhenResumed]
11-19 05:12:10.479 1499 2437 I WindowManager: finishDrawing of relaunch: Window{b1bdc8c u0 com.android.music/com.android.music.VideoBrowserActivity} 58ms
11-19 05:12:10.479 1499 1638 W WindowManager: updateScale0.7996942
11-19 05:12:10.480 1499 1638 W WindowManager: updateScale0.7996942
11-19 05:12:10.825 1499 2759 I wm_task_moved: [1,0,6]
11-19 05:12:10.827 1499 2759 I ActivityTaskManager: FOREGROUND_APPLICATION_CHANGED to com.android.launcher3.uioverrides.QuickstepLauncher
11-19 05:12:10.829 1499 2759 I wm_resume_activity: [0,19758722,10,com.android.launcher3/.uioverrides.QuickstepLauncher]
11-19 05:12:10.831 1499 2759 I ActivityTaskManager: FOREGROUND_APPLICATION_CHANGED to com.android.music.VideoBrowserActivity
11-19 05:12:10.831 1499 2759 W WindowManager: updateScale0.7996942
11-19 05:12:10.839 1499 2759 W WindowManager: updateScale0.7996942
11-19 05:12:10.843 1499 1638 I input_focus: [Focus request b1bdc8c com.android.music/com.android.music.VideoBrowserActivity,reason=UpdateInputWindows]
11-19 05:12:10.845 2802 2802 I wm_on_resume_called: [19758722,com.android.launcher3.uioverrides.QuickstepLauncher,RESUME_ACTIVITY]
11-19 05:12:10.860 1499 1831 I input_focus: [Focus leaving recents_animation_input_consumer (server),reason=NOT_VISIBLE]
11-19 05:12:10.860 1499 1831 I input_focus: [Focus entering b1bdc8c com.android.music/com.android.music.VideoBrowserActivity (server),reason=setFocusedWindow]
11-19 05:12:10.868 1499 7484 W WindowManager: updateScale0.7996942
11-19 05:12:10.957 1499 7484 W WindowManager: updateScale0.7996942
11-19 05:12:10.958 1499 7484 W WindowManager: updateScale0.7996942
11-19 05:12:11.131 0 0 I auditd : type=1400 audit(0.0:12288): avc: denied { kill } for comm="swapper/1" capability=5 scontext=u:r:kernel:s0 tcontext=u:r:kernel:s0 tclass=capability permissive=0
11-19 05:12:11.749 1499 1831 I input_interaction: Interaction with: b1bdc8c com.android.music/com.android.music.VideoBrowserActivity (server), edge-swipe (server), swipe-up (server), PointerEventDispatcher0 (server),
11-19 05:12:11.775 1499 7484 W WindowManager: updateScale0.7996942
11-19 05:12:11.790 1499 1638 W WindowManager: updateScale0.7996942
11-19 05:12:11.868 1499 7484 I wm_relaunch_resume_activity: [0,245513734,64,com.android.music/.VideoBrowserActivity]
11-19 05:12:11.869 1499 7484 I wm_add_to_stopping: [0,19758722,com.android.launcher3/.uioverrides.QuickstepLauncher,makeInvisible]
11-19 05:12:11.870 1499 7484 D FreeFormWindowHelper: Remove freefrom task=Task{12feceb #64 type=standard A=10090:android.task.video U=0 visible=true mode=fullscreen translucent=false sz=1}
11-19 05:12:11.895 7802 7838 W ContextImpl: Calling a method in the system process without a qualified user: android.app.ContextImpl.startService:1816 android.content.ContextWrapper.startService:774 com.thundercomm.gamemode.ingame.services.GameModeActionUtils.startGameModeService:93 com.thundercomm.gamemode.ingame.services.GameModeActionUtils.startGameModeEntry:21 com.thundercomm.gamemode.ingame.services.ActivityMonitoringService$1.onActivityLaunch:127
11-19 05:12:11.898 13177 13177 I wm_on_top_resumed_lost_called: [245513734,com.android.music.VideoBrowserActivity,pausing]
11-19 05:12:11.899 13177 13177 I wm_on_paused_called: [245513734,com.android.music.VideoBrowserActivity,performPause]
11-19 05:12:11.899 13177 13177 I wm_on_stop_called: [245513734,com.android.music.VideoBrowserActivity,handleRelaunchActivity]
11-19 05:12:11.899 1499 2437 I WindowManager: finishDrawing of relaunch: Window{b1bdc8c u0 com.android.music/com.android.music.VideoBrowserActivity} 31ms
11-19 05:12:11.901 13177 13177 I wm_on_destroy_called: [245513734,com.android.music.VideoBrowserActivity,performDestroy]
11-19 05:12:11.902 1499 1499 I GameModeConfig: Current uri is uri = content://com.thundercomm.gamemode.api/gamemode_settings/gamemode_isgaming
11-19 05:12:11.906 1499 1499 I GameModeConfig: isGameModeOn = false
11-19 05:12:11.907 1499 1499 I GameModeConfig: isGameModeOn = false
11-19 05:12:11.907 1499 1499 I GameModeConfig: isDisableVoice = true
11-19 05:12:11.921 13177 13177 I wm_on_create_called: [245513734,com.android.music.VideoBrowserActivity,performCreate]
11-19 05:12:11.923 13177 13177 I wm_on_start_called: [245513734,com.android.music.VideoBrowserActivity,handleStartActivity]
11-19 05:12:11.925 13177 13177 I wm_on_resume_called: [245513734,com.android.music.VideoBrowserActivity,RESUME_ACTIVITY]
11-19 05:12:11.925 13177 13177 I wm_on_top_resumed_gained_called: [245513734,com.android.music.VideoBrowserActivity,topWhenResuming]
11-19 05:12:12.131 0 0 I auditd : type=1400 audit(0.0:12289): avc: denied { kill } for comm="swapper/1" capability=5 scontext=u:r:kernel:s0 tcontext=u:r:kernel:s0 tclass=capability permissive=0
11-19 05:12:12.283 1499 1637 I wm_stop_activity: [0,19758722,com.android.launcher3/.uioverrides.QuickstepLauncher]
11-19 05:12:12.303 7802 7838 W ContextImpl: Calling a method in the system process without a qualified user: android.app.ContextImpl.startService:1816 android.content.ContextWrapper.startService:774 com.thundercomm.gamemode.ingame.services.GameModeActionUtils.startGameModeService:93 com.thundercomm.gamemode.ingame.services.GameModeActionUtils.startGameModeEntry:21 com.thundercomm.gamemode.ingame.services.ActivityMonitoringService$1.onActivityLaunch:127
11-19 05:12:12.311 1499 1499 I GameModeConfig: Current uri is uri = content://com.thundercomm.gamemode.api/gamemode_settings/gamemode_isgaming
11-19 05:12:12.314 1499 1499 I GameModeConfig: isGameModeOn = false
11-19 05:12:12.314 1499 1499 I GameModeConfig: isGameModeOn = false
11-19 05:12:12.314 1499 1499 I GameModeConfig: isDisableVoice = true
11-19 05:12:12.319 2802 2802 I wm_on_paused_called: [19758722,com.android.launcher3.uioverrides.QuickstepLauncher,performPause]
11-19 05:12:12.323 2802 2802 I wm_on_stop_called: [19758722,com.android.launcher3.uioverrides.QuickstepLauncher,STOP_ACTIVITY_ITEM]
11-19 05:12:12.339 7802 7838 W ContextImpl: Calling a method in the system process without a qualified user: android.app.ContextImpl.startService:1816 android.content.ContextWrapper.startService:774 com.thundercomm.gamemode.ingame.services.GameModeActionUtils.startGameModeService:93 com.thundercomm.gamemode.ingame.services.GameModeActionUtils.startGameModeEntry:21 com.thundercomm.gamemode.ingame.services.ActivityMonitoringService$1.onActivityLaunch:127
11-19 05:12:12.344 1499 1499 I GameModeConfig: Current uri is uri = content://com.thundercomm.gamemode.api/gamemode_settings/gamemode_isgaming
11-19 05:12:12.346 1499 1499 I GameModeConfig: isGameModeOn = false
11-19 05:12:12.346 1499 1499 I GameModeConfig: isGameModeOn = false
11-19 05:12:12.347 1499 1499 I GameModeConfig: isDisableVoice = true
11-19 05:12:14.131 0 0 I auditd : type=1400 audit(0.0:12290): avc: denied { kill } for comm="swapper/1" capability=5 scontext=u:r:kernel:s0 tcontext=u:r:kernel:s0 tclass=capability permissive=0
11-19 05:12:14.210 1499 2437 I wm_task_moved: [1,0,0]
11-19 05:12:14.211 1499 2437 I wm_task_moved: [1,0,6]
11-19 05:12:14.238 2802 2802 I wm_on_restart_called: [19758722,com.android.launcher3.uioverrides.QuickstepLauncher,performRestartActivity]
11-19 05:12:14.243 7802 7838 W ContextImpl: Calling a method in the system process without a qualified user: android.app.ContextImpl.startService:1816 android.content.ContextWrapper.startService:774 com.thundercomm.gamemode.ingame.services.GameModeActionUtils.startGameModeService:93 com.thundercomm.gamemode.ingame.services.GameModeActionUtils.startGameModeEntry:21 com.thundercomm.gamemode.ingame.services.ActivityMonitoringService$1.onActivityLaunch:127
11-19 05:12:14.251 1499 1499 I GameModeConfig: Current uri is uri = content://com.thundercomm.gamemode.api/gamemode_settings/gamemode_isgaming
11-19 05:12:14.255 1499 1499 I GameModeConfig: isGameModeOn = false
11-19 05:12:14.255 1499 1499 I GameModeConfig: isGameModeOn = false
11-19 05:12:14.255 1499 1499 I GameModeConfig: isDisableVoice = true
11-19 05:12:14.256 2802 2802 I wm_on_start_called: [19758722,com.android.launcher3.uioverrides.QuickstepLauncher,handleStartActivity]
11-19 05:12:14.273 13177 13177 I view_enqueue_input_event: [Motion - Cancel,com.android.music/com.android.music.VideoBrowserActivity]
11-19 05:12:14.274 2802 2802 I sysui_latency: [1,76]
11-19 05:12:14.277 1499 1638 I input_focus: [Focus request recents_animation_input_consumer,reason=UpdateInputWindows]
11-19 05:12:14.279 1499 1831 I input_interaction: Interaction with: edge-swipe (server), swipe-up (server), PointerEventDispatcher0 (server),
11-19 05:12:14.285 1499 1831 I input_focus: [Focus leaving b1bdc8c com.android.music/com.android.music.VideoBrowserActivity (server),reason=NOT_FOCUSABLE]
11-19 05:12:14.285 1499 1831 I input_focus: [Focus entering recents_animation_input_consumer (server),reason=setFocusedWindow]
11-19 05:12:14.285 1499 1634 I sysui_multi_action: [319,12,322,70,325,14013,757,761,758,9,759,5,806,com.android.launcher3,871,com.android.launcher3.uioverrides.QuickstepLauncher,905,0,1320,8,1321,5]
11-19 05:12:14.462 1499 1759 I commit_sys_config_file: [settings-1-0,7]
11-19 05:12:14.582 1499 1644 I sysui_latency: [8,82]
11-19 05:12:15.126 1499 1759 I commit_sys_config_file: [settings-1-0,6]
11-19 05:12:15.131 0 0 I auditd : type=1400 audit(0.0:12291): avc: denied { kill } for comm="swapper/1" capability=5 scontext=u:r:kernel:s0 tcontext=u:r:kernel:s0 tclass=capability permissive=0
11-19 05:12:15.440 1499 1831 I input_interaction: Interaction with: 632f7bf com.android.launcher3/com.android.launcher3.uioverrides.QuickstepLauncher (server), edge-swipe (server), swipe-up (server), PointerEventDispatcher0 (server),
11-19 05:12:15.858 1499 2437 I wm_task_moved: [1,1,7]
11-19 05:12:15.862 1499 2437 I wm_focused_root_task: [0,0,1,64,RecentsAnimation.onAnimationFinished()]
11-19 05:12:15.862 13177 13177 I wm_on_top_resumed_lost_called: [245513734,com.android.music.VideoBrowserActivity,topStateChangedWhenResumed]
11-19 05:12:15.872 1499 2437 I wm_pause_activity: [0,245513734,com.android.music/.VideoBrowserActivity,userLeaving=false,pauseBackTasks]
11-19 05:12:15.874 1499 2437 I ActivityTaskManager: FOREGROUND_APPLICATION_CHANGED to com.android.launcher3.uioverrides.QuickstepLauncher
11-19 05:12:15.875 1499 2437 I wm_set_resumed_activity: [0,com.android.launcher3/.uioverrides.QuickstepLauncher,resumeTopActivityInnerLocked]
11-19 05:12:15.879 1499 2437 I wm_resume_activity: [0,19758722,10,com.android.launcher3/.uioverrides.QuickstepLauncher]
11-19 05:12:15.881 1499 2437 I wm_add_to_stopping: [0,245513734,com.android.music/.VideoBrowserActivity,makeInvisible]
11-19 05:12:15.882 2802 2802 I wm_on_resume_called: [19758722,com.android.launcher3.uioverrides.QuickstepLauncher,RESUME_ACTIVITY]
11-19 05:12:15.889 1499 1638 I input_focus: [Focus request 632f7bf com.android.launcher3/com.android.launcher3.uioverrides.QuickstepLauncher,reason=UpdateInputWindows]
11-19 05:12:15.890 13177 13177 I wm_on_paused_called: [245513734,com.android.music.VideoBrowserActivity,performPause]
11-19 05:12:15.895 1499 1637 I sysui_multi_action: [757,803,799,window_time_0,802,16]
11-19 05:12:15.899 1499 1637 I wm_stop_activity: [0,245513734,com.android.music/.VideoBrowserActivity]
11-19 05:12:15.900 1499 1637 I sysui_multi_action: [757,803,799,window_time_0,802,0]
11-19 05:12:15.907 13177 13177 I wm_on_stop_called: [245513734,com.android.music.VideoBrowserActivity,STOP_ACTIVITY_ITEM]
11-19 05:12:15.910 2802 2802 I wm_on_top_resumed_gained_called: [19758722,com.android.launcher3.uioverrides.QuickstepLauncher,topStateChangedWhenResumed]
11-19 05:12:15.915 1499 1831 I input_focus: [Focus leaving recents_animation_input_consumer (server),reason=NOT_VISIBLE]
11-19 05:12:15.915 1499 1831 I input_focus: [Focus entering 632f7bf com.android.launcher3/com.android.launcher3.uioverrides.QuickstepLauncher (server),reason=setFocusedWindow]
11-19 05:12:15.937 7802 7838 W ContextImpl: Calling a method in the system process without a qualified user: android.app.ContextImpl.startService:1816 android.content.ContextWrapper.startService:774 com.thundercomm.gamemode.ingame.services.GameModeActionUtils.startGameModeService:93 com.thundercomm.gamemode.ingame.services.GameModeActionUtils.startGameModeEntry:21 com.thundercomm.gamemode.ingame.services.ActivityMonitoringService$1.onActivityLaunch:127
11-19 05:12:15.953 1499 1499 I GameModeConfig: Current uri is uri = content://com.thundercomm.gamemode.api/gamemode_settings/gamemode_isgaming
11-19 05:12:15.956 1499 1499 I GameModeConfig: isGameModeOn = false
11-19 05:12:15.957 1499 1499 I GameModeConfig: isGameModeOn = false
11-19 05:12:15.957 1499 1499 I GameModeConfig: isDisableVoice = true
11-19 05:12:15.999 7802 7838 W ContextImpl: Calling a method in the system process without a qualified user: android.app.ContextImpl.startService:1816 android.content.ContextWrapper.startService:774 com.thundercomm.gamemode.ingame.services.GameModeActionUtils.startGameModeService:93 com.thundercomm.gamemode.ingame.services.GameModeActionUtils.startGameModeEntry:21 com.thundercomm.gamemode.ingame.services.ActivityMonitoringService$1.onActivityLaunch:127
11-19 05:12:16.005 1499 1499 I GameModeConfig: Current uri is uri = content://com.thundercomm.gamemode.api/gamemode_settings/gamemode_isgaming
11-19 05:12:16.007 1499 1499 I GameModeConfig: isGameModeOn = false
11-19 05:12:16.007 1499 1499 I GameModeConfig: isGameModeOn = false
11-19 05:12:16.007 1499 1499 I GameModeConfig: isDisableVoice = true
11-19 05:12:16.009 1499 2759 I wm_finish_activity: [0,245513734,64,com.android.music/.VideoBrowserActivity,recent-task-trimmed]
11-19 05:12:16.010 1499 2759 I wm_destroy_activity: [0,245513734,64,com.android.music/.VideoBrowserActivity,finish-imm:finishIfPossible]
11-19 05:12:16.011 1499 1637 I ActivityManager: Killing 13177:com.android.music/u0a90 (adj 900): remove task
11-19 05:12:16.011 1499 1637 I am_kill : [0,13177,com.android.music,900,remove task]
11-19 05:12:16.016 1499 1637 I sysui_multi_action: [757,803,799,window_time_0,802,0]
11-19 05:12:16.018 1499 3791 E TaskPersister: File error accessing recents directory (directory doesn't exist?).
11-19 05:12:16.049 1499 2437 I WindowManager: WIN DEATH: Window{b1bdc8c u0 com.android.music/com.android.music.VideoBrowserActivity}
11-19 05:12:16.050 1499 4942 I am_proc_died: [0,13177,com.android.music,900,18]
11-19 05:12:16.054 1499 4942 I am_uid_stopped: 10090
11-19 05:12:16.057 1499 4942 I wm_task_removed: [64,removeChild:removeChild last r=ActivityRecord{ea23e06 u0 com.android.music/.VideoBrowserActivity t-1 f}} in t=Task{12feceb #64 type=standard A=10090:android.task.video U=0 visible=false mode=fullscreen translucent=true sz=0}]
11-19 05:12:16.057 1499 4942 I wm_task_removed: [64,removeChild]
11-19 05:12:16.059 1499 1638 W ActivityTaskManager: Can't find TaskDisplayArea to determine support for multi window. Task id=64 attached=false
11-19 05:12:16.059 1499 1638 W ActivityTaskManager: Can't find TaskDisplayArea to determine support for multi window. Task id=64 attached=false
11-19 05:12:16.059 1499 1637 W ActivityManager: setHasOverlayUi called on unknown pid: 13177
11-19 05:12:16.060 1499 1644 W UsageStatsService: Unexpected activity event reported! (com.android.music/com.android.music.VideoBrowserActivity event : 23 instanceId : 11334351)
11-19 05:12:16.063 1499 1637 I am_uid_running: 10090
11-19 05:12:16.064 1499 1637 D CompatibilityChangeReporter: Compat change id reported: 135634846; UID 10090; state: DISABLED
11-19 05:12:16.064 1499 1637 D CompatibilityChangeReporter: Compat change id reported: 177438394; UID 10090; state: DISABLED
11-19 05:12:16.065 1499 1637 D CompatibilityChangeReporter: Compat change id reported: 135772972; UID 10090; state: DISABLED
11-19 05:12:16.065 1499 1637 D CompatibilityChangeReporter: Compat change id reported: 135754954; UID 10090; state: ENABLED
11-19 05:12:16.065 1499 1646 D CompatibilityChangeReporter: Compat change id reported: 143937733; UID 10090; state: ENABLED
11-19 05:12:16.074 1499 1646 I am_proc_start: [0,13467,10090,com.android.music,NULL,]
11-19 05:12:16.074 1499 1646 I ActivityManager: Start proc 13467:com.android.music/u0a90 for null
11-19 05:12:16.104 1499 1614 I am_proc_bound: [0,13467,com.android.music]
11-19 05:12:16.122 7802 7838 W ContextImpl: Calling a method in the system process without a qualified user: android.app.ContextImpl.startService:1816 android.content.ContextWrapper.startService:774 com.thundercomm.gamemode.ingame.services.GameModeActionUtils.startGameModeService:93 com.thundercomm.gamemode.ingame.services.GameModeActionUtils.startGameModeEntry:21 com.thundercomm.gamemode.ingame.services.ActivityMonitoringService$1.onActivityLaunch:127
11-19 05:12:16.128 1499 1499 I GameModeConfig: Current uri is uri = content://com.thundercomm.gamemode.api/gamemode_settings/gamemode_isgaming
11-19 05:12:16.130 1499 1499 I GameModeConfig: isGameModeOn = false
11-19 05:12:16.130 1499 1499 I GameModeConfig: isGameModeOn = false
11-19 05:12:16.130 1499 1499 I GameModeConfig: isDisableVoice = true
11-19 05:12:17.131 0 0 I auditd : type=1400 audit(0.0:12292): avc: denied { kill } for comm="swapper/1" capability=5 scontext=u:r:kernel:s0 tcontext=u:r:kernel:s0 tclass=capability permissive=0
11-19 05:12:18.131 0 0 I auditd : type=1400 audit(0.0:12293): avc: denied { kill } for comm="swapper/1" capability=5 scontext=u:r:kernel:s0 tcontext=u:r:kernel:s0 tclass=capability permissive=0
11-19 05:12:19.061 1499 3791 E TaskPersister: File error accessing recents directory (directory doesn't exist?).
11-19 05:12:19.131 0 0 I auditd : type=1400 audit(0.0:12294): avc: denied { kill } for comm="swapper/1" capability=5 scontext=u:r:kernel:s0 tcontext=u:r:kernel:s0 tclass=capability permissive=0
11-19 05:12:20.131 0 0 I auditd : type=1400 audit(0.0:12295): avc: denied { kill } for comm="swapper/1" capability=5 scontext=u:r:kernel:s0 tcontext=u:r:kernel:s0 tclass=capability permissive=0
11-19 05:12:21.131 0 0 I auditd : type=1400 audit(0.0:12296): avc: denied { kill } for comm="swapper/1" capability=5 scontext=u:r:kernel:s0 tcontext=u:r:kernel:s0 tclass=capability permissive=0
11-19 05:12:22.131 0 0 I auditd : type=1400 audit(0.0:12297): avc: denied { kill } for comm="swapper/1" capability=5 scontext=u:r:kernel:s0 tcontext=u:r:kernel:s0 tclass=capability permissive=0
11-19 05:12:22.288 1499 1831 I input_interaction: Interaction with: 632f7bf com.android.launcher3/com.android.launcher3.uioverrides.QuickstepLauncher (server), a1d9774 com.android.systemui.ImageWallpaper (server), edge-swipe (server), swipe-up (server), PointerEventDispatcher0 (server),
11-19 05:12:23.131 0 0 I auditd : type=1400 audit(0.0:12298): avc: denied { kill } for comm="swapper/1" capability=5 scontext=u:r:kernel:s0 tcontext=u:r:kernel:s0 tclass=capability permissive=0
11-19 05:12:23.437 1499 4942 I ActivityTaskManager: START u0 {flg=0x10008000 cmp=com.android.gallery3d/.app.GalleryActivity} from uid 10078
11-19 05:12:23.448 1499 4942 I wm_task_created: [65,-1]
11-19 05:12:23.449 1499 4942 W ActivityTaskManager: Can't find TaskDisplayArea to determine support for multi window. Task id=65 attached=false
11-19 05:12:23.456 1499 4942 D FreeFormWindowHelper: Add freeform task=Task{daa5027 #65 type=standard ?? U=0 visible=false mode=freeform translucent=true sz=0}
11-19 05:12:23.462 1499 4942 D CompatibilityChangeReporter: Compat change id reported: 174042980; UID 10066; state: DISABLED
11-19 05:12:23.463 1499 4942 D CompatibilityChangeReporter: Compat change id reported: 184838306; UID 10066; state: DISABLED
11-19 05:12:23.464 1499 4942 D CompatibilityChangeReporter: Compat change id reported: 185004937; UID 10066; state: DISABLED
11-19 05:12:23.465 1499 4942 D CompatibilityChangeReporter: Compat change id reported: 181136395; UID 10066; state: DISABLED
11-19 05:12:23.465 1499 4942 D CompatibilityChangeReporter: Compat change id reported: 174042936; UID 10066; state: DISABLED
11-19 05:12:23.467 1499 4942 I wm_task_moved: [65,1,7]
11-19 05:12:23.467 1499 4942 I wm_task_to_front: [0,65]
11-19 05:12:23.467 1499 4942 I wm_create_task: [0,65]
11-19 05:12:23.467 1499 4942 I wm_create_activity: [0,186266324,65,com.android.gallery3d/.app.GalleryActivity,NULL,NULL,NULL,268468224]
11-19 05:12:23.467 1499 4942 I wm_task_moved: [65,1,7]
11-19 05:12:23.469 1499 4942 D CompatibilityChangeReporter: Compat change id reported: 168419799; UID 10066; state: DISABLED
11-19 05:12:23.469 1499 4942 I ActivityTaskManager: FOREGROUND_APPLICATION_CHANGED to com.android.gallery3d.app.GalleryActivity
11-19 05:12:23.470 1499 4942 I ActivityTaskManager: The Process com.android.gallery3d Already Exists in BG. So sending its PID: 13162
11-19 05:12:23.472 1499 4942 I wm_restart_activity: [0,186266324,65,com.android.gallery3d/.app.GalleryActivity]
11-19 05:12:23.474 1499 4942 I wm_set_resumed_activity: [0,com.android.gallery3d/.app.GalleryActivity,minimalResumeActivityLocked]
11-19 05:12:23.479 1499 1637 I am_uid_active: 10066
11-19 05:12:23.485 2802 2802 I wm_on_top_resumed_lost_called: [19758722,com.android.launcher3.uioverrides.QuickstepLauncher,topStateChangedWhenResumed]
11-19 05:12:23.496 7802 7838 W ContextImpl: Calling a method in the system process without a qualified user: android.app.ContextImpl.startService:1816 android.content.ContextWrapper.startService:774 com.thundercomm.gamemode.ingame.services.GameModeActionUtils.startGameModeService:93 com.thundercomm.gamemode.ingame.services.GameModeActionUtils.startGameModeEntry:21 com.thundercomm.gamemode.ingame.services.ActivityMonitoringService$1.onActivityLaunch:127
11-19 05:12:23.505 1499 1499 I GameModeConfig: Current uri is uri = content://com.thundercomm.gamemode.api/gamemode_settings/gamemode_isgaming
11-19 05:12:23.508 1499 1499 I GameModeConfig: isGameModeOn = false
11-19 05:12:23.510 1499 1499 I GameModeConfig: isGameModeOn = false
11-19 05:12:23.510 1499 1499 I GameModeConfig: isDisableVoice = true
11-19 05:12:23.526 13162 13162 I wm_on_create_called: [186266324,com.android.gallery3d.app.GalleryActivity,performCreate]
11-19 05:12:23.527 13162 13162 I wm_on_start_called: [186266324,com.android.gallery3d.app.GalleryActivity,handleStartActivity]
11-19 05:12:23.531 13162 13162 I wm_on_resume_called: [186266324,com.android.gallery3d.app.GalleryActivity,RESUME_ACTIVITY]
11-19 05:12:23.537 13162 13162 I wm_on_top_resumed_gained_called: [186266324,com.android.gallery3d.app.GalleryActivity,topStateChangedWhenResumed]
11-19 05:12:23.541 1499 4942 W WindowManager: updateScale0.7996942
11-19 05:12:23.544 1499 1638 I input_focus: [Focus request 757a122 com.android.gallery3d/com.android.gallery3d.app.GalleryActivity,reason=UpdateInputWindows]
11-19 05:12:23.574 1499 1831 I input_focus: [Focus leaving 632f7bf com.android.launcher3/com.android.launcher3.uioverrides.QuickstepLauncher (server),reason=Waiting for window because NOT_VISIBLE]
11-19 05:12:23.606 1499 1638 W WindowManager: updateScale0.7996942
11-19 05:12:23.609 1499 1638 W WindowManager: updateScale0.7996942
11-19 05:12:23.610 1499 1638 W WindowManager: updateScale0.7996942
11-19 05:12:23.612 1499 1634 I sysui_multi_action: [319,172,322,172,325,14022,757,761,758,8,759,2,806,com.android.gallery3d,871,com.android.gallery3d.app.GalleryActivity,904,com.android.launcher3,905,0,1320,4,1321,1]
11-19 05:12:23.613 1499 1634 I wm_activity_launch_time: [0,186266324,com.android.gallery3d/.app.GalleryActivity,172]
11-19 05:12:23.623 1499 1831 I input_focus: [Focus entering 757a122 com.android.gallery3d/com.android.gallery3d.app.GalleryActivity (server),reason=Window became focusable. Previous reason: NOT_VISIBLE]
11-19 05:12:23.660 1499 4942 W WindowManager: updateScale0.7996942
11-19 05:12:23.666 1499 1638 W WindowManager: updateScale0.7996942
11-19 05:12:23.894 1499 1638 W WindowManager: updateScale0.7996942
11-19 05:12:24.131 749 749 I auditd : type=1400 audit(0.0:12299): avc: denied { kill } for comm="crtc_commit:125" capability=5 scontext=u:r:kernel:s0 tcontext=u:r:kernel:s0 tclass=capability permissive=0
11-19 05:12:24.425 1499 1831 I input_interaction: Interaction with: 757a122 com.android.gallery3d/com.android.gallery3d.app.GalleryActivity (server), edge-swipe (server), swipe-up (server), PointerEventDispatcher0 (server),
11-19 05:12:24.434 1499 2437 W WindowManager: updateScale0.7996942
11-19 05:12:24.446 1499 1638 W WindowManager: updateScale0.7996942
11-19 05:12:24.583 1499 2437 I wm_relaunch_resume_activity: [0,186266324,65,com.android.gallery3d/.app.GalleryActivity]
11-19 05:12:24.584 1499 2437 I wm_add_to_stopping: [0,19758722,com.android.launcher3/.uioverrides.QuickstepLauncher,makeInvisible]
11-19 05:12:24.587 1499 2437 D FreeFormWindowHelper: Remove freefrom task=Task{daa5027 #65 type=standard A=10066:com.android.gallery3d U=0 visible=true mode=fullscreen translucent=false sz=1}
11-19 05:12:24.590 13162 13162 I wm_on_top_resumed_lost_called: [186266324,com.android.gallery3d.app.GalleryActivity,pausing]
11-19 05:12:24.597 1499 2757 W WindowManager: Attempted to set replacing window on app token with no content Token{b925a4b ActivityRecord{b1a32d4 u0 com.android.gallery3d/.app.GalleryActivity t65}}
11-19 05:12:24.601 13162 13162 I wm_on_paused_called: [186266324,com.android.gallery3d.app.GalleryActivity,performPause]
11-19 05:12:24.602 13162 13162 I wm_on_stop_called: [186266324,com.android.gallery3d.app.GalleryActivity,handleRelaunchActivity]
11-19 05:12:24.605 13162 13162 I wm_on_destroy_called: [186266324,com.android.gallery3d.app.GalleryActivity,performDestroy]
11-19 05:12:24.607 7802 7838 W ContextImpl: Calling a method in the system process without a qualified user: android.app.ContextImpl.startService:1816 android.content.ContextWrapper.startService:774 com.thundercomm.gamemode.ingame.services.GameModeActionUtils.startGameModeService:93 com.thundercomm.gamemode.ingame.services.GameModeActionUtils.startGameModeEntry:21 com.thundercomm.gamemode.ingame.services.ActivityMonitoringService$1.onActivityLaunch:127
11-19 05:12:24.617 1499 1499 I GameModeConfig: Current uri is uri = content://com.thundercomm.gamemode.api/gamemode_settings/gamemode_isgaming
11-19 05:12:24.619 1499 1499 I GameModeConfig: isGameModeOn = false
11-19 05:12:24.619 1499 1499 I GameModeConfig: isGameModeOn = false
11-19 05:12:24.619 1499 1499 I GameModeConfig: isDisableVoice = true
11-19 05:12:24.643 13162 13162 I wm_on_create_called: [186266324,com.android.gallery3d.app.GalleryActivity,performCreate]
11-19 05:12:24.645 13162 13162 I wm_on_start_called: [186266324,com.android.gallery3d.app.GalleryActivity,handleStartActivity]
11-19 05:12:24.653 13162 13162 I wm_on_resume_called: [186266324,com.android.gallery3d.app.GalleryActivity,RESUME_ACTIVITY]
11-19 05:12:24.653 13162 13162 I wm_on_top_resumed_gained_called: [186266324,com.android.gallery3d.app.GalleryActivity,topWhenResuming]
11-19 05:12:24.663 1499 2284 I GameModeConfig: isGameModeOn = false
11-19 05:12:24.664 1499 2284 I GameModeConfig: isGameModeOn = false
11-19 05:12:24.664 1499 2284 I GameModeConfig: isGameModeOn = false
11-19 05:12:24.664 1499 2284 I GameModeConfig: isGameModeOn = false
11-19 05:12:24.667 2342 2342 I sysui_multi_action: [757,111,758,2]
11-19 05:12:24.667 1499 1499 I notification_enqueue: [10081,2342,com.android.systemui,2048,NULL,0,Notification(channel=updateNotification shortcut=null contentView=null vibrate=null sound=null defaults=0x0 flags=0x0 color=0x00000000 vis=PRIVATE),1]
11-19 05:12:24.668 2342 2342 I sysui_multi_action: [757,111,758,2]
11-19 05:12:24.678 1499 2437 I WindowManager: finishDrawing of relaunch: Window{757a122 u0 com.android.gallery3d/com.android.gallery3d.app.GalleryActivity} 95ms
11-19 05:12:24.684 2342 2342 I sysui_multi_action: [757,111,758,1]
11-19 05:12:24.685 2342 2342 I sysui_multi_action: [757,126,758,1,759,126,927,0,928,0,1593,0]
11-19 05:12:24.685 2342 2342 I sysui_multi_action: [757,113,758,1,759,113,927,1,928,1,1593,0]
11-19 05:12:24.685 2342 2342 I sysui_multi_action: [757,0,758,1,759,0,927,2,928,0,1593,0]
11-19 05:12:24.685 2342 2342 I sysui_multi_action: [757,0,758,1,759,0,927,3,928,0,1593,0]
11-19 05:12:24.686 2342 2342 I sysui_multi_action: [757,491,758,1,759,491,927,4,928,0,1311,-1,1593,0]
11-19 05:12:24.686 2342 2342 I sysui_multi_action: [757,0,758,1,759,0,927,5,928,0,1593,0]
11-19 05:12:24.686 2342 2342 I sysui_multi_action: [757,111,758,1]
11-19 05:12:24.686 2342 2342 I sysui_multi_action: [757,126,758,1,759,126,927,0,928,0,1593,0]
11-19 05:12:24.687 2342 2342 I sysui_multi_action: [757,113,758,1,759,113,927,1,928,1,1593,0]
11-19 05:12:24.687 2342 2342 I sysui_multi_action: [757,0,758,1,759,0,927,2,928,0,1593,0]
11-19 05:12:24.687 2342 2342 I sysui_multi_action: [757,0,758,1,759,0,927,3,928,0,1593,0]
11-19 05:12:24.869 1499 1499 I GameModeConfig: isGameModeOn = false
11-19 05:12:25.030 1499 1637 I wm_stop_activity: [0,19758722,com.android.launcher3/.uioverrides.QuickstepLauncher]
11-19 05:12:25.043 7802 7838 W ContextImpl: Calling a method in the system process without a qualified user: android.app.ContextImpl.startService:1816 android.content.ContextWrapper.startService:774 com.thundercomm.gamemode.ingame.services.GameModeActionUtils.startGameModeService:93 com.thundercomm.gamemode.ingame.services.GameModeActionUtils.startGameModeEntry:21 com.thundercomm.gamemode.ingame.services.ActivityMonitoringService$1.onActivityLaunch:127
11-19 05:12:25.050 1499 1499 I GameModeConfig: Current uri is uri = content://com.thundercomm.gamemode.api/gamemode_settings/gamemode_isgaming
11-19 05:12:25.052 1499 1499 I GameModeConfig: isGameModeOn = false
11-19 05:12:25.052 1499 1499 I GameModeConfig: isGameModeOn = false
11-19 05:12:25.052 1499 1499 I GameModeConfig: isDisableVoice = true
11-19 05:12:25.061 2802 2802 I wm_on_paused_called: [19758722,com.android.launcher3.uioverrides.QuickstepLauncher,performPause]
11-19 05:12:25.068 2802 2802 I wm_on_stop_called: [19758722,com.android.launcher3.uioverrides.QuickstepLauncher,STOP_ACTIVITY_ITEM]
11-19 05:12:25.088 7802 7838 W ContextImpl: Calling a method in the system process without a qualified user: android.app.ContextImpl.startService:1816 android.content.ContextWrapper.startService:774 com.thundercomm.gamemode.ingame.services.GameModeActionUtils.startGameModeService:93 com.thundercomm.gamemode.ingame.services.GameModeActionUtils.startGameModeEntry:21 com.thundercomm.gamemode.ingame.services.ActivityMonitoringService$1.onActivityLaunch:127
11-19 05:12:25.095 1499 1499 I GameModeConfig: Current uri is uri = content://com.thundercomm.gamemode.api/gamemode_settings/gamemode_isgaming
11-19 05:12:25.097 1499 1499 I GameModeConfig: isGameModeOn = false
11-19 05:12:25.098 1499 1499 I GameModeConfig: isGameModeOn = false
11-19 05:12:25.098 1499 1499 I GameModeConfig: isDisableVoice = true
11-19 05:12:26.066 1499 4942 I wm_task_moved: [1,0,0]
11-19 05:12:26.066 1499 4942 I wm_task_moved: [1,0,6]
11-19 05:12:26.091 2802 2802 I wm_on_restart_called: [19758722,com.android.launcher3.uioverrides.QuickstepLauncher,performRestartActivity]
11-19 05:12:26.101 7802 7838 W ContextImpl: Calling a method in the system process without a qualified user: android.app.ContextImpl.startService:1816 android.content.ContextWrapper.startService:774 com.thundercomm.gamemode.ingame.services.GameModeActionUtils.startGameModeService:93 com.thundercomm.gamemode.ingame.services.GameModeActionUtils.startGameModeEntry:21 com.thundercomm.gamemode.ingame.services.ActivityMonitoringService$1.onActivityLaunch:127
11-19 05:12:26.105 1499 1499 I GameModeConfig: Current uri is uri = content://com.thundercomm.gamemode.api/gamemode_settings/gamemode_isgaming
