11-19 04:57:37.686 1499 5048 D CompatibilityChangeReporter: Compat change id reported: 185004937; UID 10090; state: DISABLED
11-19 04:57:37.687 1499 5048 D CompatibilityChangeReporter: Compat change id reported: 181136395; UID 10090; state: DISABLED
11-19 04:57:37.687 1499 5048 D CompatibilityChangeReporter: Compat change id reported: 174042936; UID 10090; state: DISABLED
11-19 04:57:37.688 1499 5048 I wm_task_moved: [61,1,7]
11-19 04:57:37.688 1499 5048 I wm_task_to_front: [0,61]
11-19 04:57:37.689 1499 5048 I wm_create_task: [0,61]
11-19 04:57:37.689 1499 5048 I wm_create_activity: [0,176399180,61,com.android.music/.MusicBrowserActivity,NULL,NULL,NULL,268468224]
11-19 04:57:37.689 1499 5048 I wm_task_moved: [61,1,7]
11-19 04:57:37.690 1499 5048 D CompatibilityChangeReporter: Compat change id reported: 168419799; UID 10090; state: DISABLED
11-19 04:57:37.691 1499 5048 I ActivityTaskManager: FOREGROUND_APPLICATION_CHANGED to com.android.music.MusicBrowserActivity
11-19 04:57:37.691 1499 5048 I ActivityTaskManager: The Process com.android.music Already Exists in BG. So sending its PID: 12796
11-19 04:57:37.692 1499 5048 I wm_restart_activity: [0,176399180,61,com.android.music/.MusicBrowserActivity]
11-19 04:57:37.693 1499 5048 I wm_set_resumed_activity: [0,com.android.music/.MusicBrowserActivity,minimalResumeActivityLocked]
11-19 04:57:37.696 1499 1637 I am_uid_active: 10090
11-19 04:57:37.703 2802 2802 I wm_on_top_resumed_lost_called: [19758722,com.android.launcher3.uioverrides.QuickstepLauncher,topStateChangedWhenResumed]
11-19 04:57:37.709 7802 7838 W ContextImpl: Calling a method in the system process without a qualified user: android.app.ContextImpl.startService:1816 android.content.ContextWrapper.startService:774 com.thundercomm.gamemode.ingame.services.GameModeActionUtils.startGameModeService:93 com.thundercomm.gamemode.ingame.services.GameModeActionUtils.startGameModeEntry:21 com.thundercomm.gamemode.ingame.services.ActivityMonitoringService$1.onActivityLaunch:127
11-19 04:57:37.713 1499 1499 I GameModeConfig: Current uri is uri = content://com.thundercomm.gamemode.api/gamemode_settings/gamemode_isgaming
11-19 04:57:37.722 1499 1499 I GameModeConfig: isGameModeOn = false
11-19 04:57:37.724 1499 1499 I GameModeConfig: isGameModeOn = false
11-19 04:57:37.724 1499 1499 I GameModeConfig: isDisableVoice = true
11-19 04:57:37.775 12796 12796 I wm_on_create_called: [176399180,com.android.music.MusicBrowserActivity,performCreate]
11-19 04:57:37.785 12796 12796 I wm_on_start_called: [176399180,com.android.music.MusicBrowserActivity,handleStartActivity]
11-19 04:57:37.785 12796 12796 I wm_on_resume_called: [176399180,com.android.music.MusicBrowserActivity,RESUME_ACTIVITY]
11-19 04:57:37.790 12796 12796 I wm_on_top_resumed_gained_called: [176399180,com.android.music.MusicBrowserActivity,topStateChangedWhenResumed]
11-19 04:57:37.813 1499 5048 I sysui_multi_action: [757,856,758,1,806,com.android.music,857,Channel-music,858,2]
11-19 04:57:37.817 1499 1499 I notification_enqueue: [10090,12796,com.android.music,1,NULL,0,Notification(channel=Channel-music shortcut=null contentView=null vibrate=null sound=null defaults=0x0 flags=0x0 color=0x00000000 category=transport actions=4 vis=PRIVATE),0]
11-19 04:57:37.818 1499 2284 I GameModeConfig: isGameModeOn = false
11-19 04:57:37.818 1499 2284 I GameModeConfig: isGameModeOn = false
11-19 04:57:37.818 1499 2284 I GameModeConfig: isGameModeOn = false
11-19 04:57:37.831 1499 2284 I GameModeConfig: isGameModeOn = false
11-19 04:57:37.834 1499 1499 I notification_enqueue: [10090,12796,com.android.music,1,NULL,0,Notification(channel=Channel-music shortcut=null contentView=null vibrate=null sound=null defaults=0x0 flags=0x40 color=0x00000000 category=transport actions=4 vis=PRIVATE),0]
11-19 04:57:37.836 1499 1499 I notification_enqueue: [10090,12796,com.android.music,1,NULL,0,Notification(channel=Channel-music shortcut=null contentView=null vibrate=null sound=null defaults=0x0 flags=0x40 color=0x00000000 category=transport actions=4 vis=PRIVATE),0]
11-19 04:57:37.836 1499 2284 I GameModeConfig: isGameModeOn = false
11-19 04:57:37.837 1499 2284 I GameModeConfig: isGameModeOn = false
11-19 04:57:37.837 1499 2284 I GameModeConfig: isGameModeOn = false
11-19 04:57:37.837 1499 2284 I GameModeConfig: isGameModeOn = false
11-19 04:57:37.837 1499 1499 I notification_enqueue: [10090,12796,com.android.music,1,NULL,0,Notification(channel=Channel-music shortcut=null contentView=null vibrate=null sound=null defaults=0x0 flags=0x40 color=0x00000000 category=transport actions=4 vis=PRIVATE),0]
11-19 04:57:37.840 1499 1499 I notification_enqueue: [10090,12796,com.android.music,1,NULL,0,Notification(channel=Channel-music shortcut=null contentView=null vibrate=null sound=null defaults=0x0 flags=0x40 color=0x00000000 category=transport actions=4 vis=PRIVATE),0]
11-19 04:57:37.841 1499 1499 I notification_enqueue: [10090,12796,com.android.music,1,NULL,0,Notification(channel=Channel-music shortcut=null contentView=null vibrate=null sound=null defaults=0x0 flags=0x40 color=0x00000000 category=transport actions=4 vis=PRIVATE),0]
11-19 04:57:37.855 1499 7484 W WindowManager: updateScale0.7996942
11-19 04:57:37.859 1499 1638 I input_focus: [Focus request 6f9015f com.android.music/com.android.music.MusicBrowserActivity,reason=UpdateInputWindows]
11-19 04:57:37.880 1499 1831 I input_focus: [Focus leaving 632f7bf com.android.launcher3/com.android.launcher3.uioverrides.QuickstepLauncher (server),reason=Waiting for window because NOT_VISIBLE]
11-19 04:57:37.897 1499 1638 W WindowManager: updateScale0.7996942
11-19 04:57:37.898 1499 5048 D CompatibilityChangeReporter: Compat change id reported: 157233955; UID 10090; state: ENABLED
11-19 04:57:37.899 1499 1638 W WindowManager: updateScale0.7996942
11-19 04:57:37.900 1499 1499 I sysui_multi_action: [757,128,758,5,759,8,793,84,794,0,795,84,796,1,806,com.android.music,857,Channel-music,858,2,947,0,1500,84,1641,transport,1688,1,1745,1043716538]
11-19 04:57:37.901 1499 1499 I notification_canceled: [0|com.android.music|1|null|10090,8,84,84,0,-1,-1,NULL]
11-19 04:57:37.901 1499 1638 W WindowManager: updateScale0.7996942
11-19 04:57:37.904 1499 1634 I sysui_multi_action: [319,231,322,230,325,13137,757,761,758,8,759,2,806,com.android.music,871,com.android.music.MusicBrowserActivity,904,com.android.launcher3,905,0,1320,4,1321,1]
11-19 04:57:37.906 1499 1634 I wm_activity_launch_time: [0,176399180,com.android.music/.MusicBrowserActivity,230]
11-19 04:57:37.909 1499 7484 W WindowManager: updateScale0.7996942
11-19 04:57:37.913 1499 1831 I input_focus: [Focus entering 6f9015f com.android.music/com.android.music.MusicBrowserActivity (server),reason=Window became focusable. Previous reason: NOT_VISIBLE]
11-19 04:57:38.018 1499 1499 I NotificationService: Cannot find enqueued record for key: 0|com.android.music|1|null|10090
11-19 04:57:38.034 1499 1499 I NotificationService: Cannot find enqueued record for key: 0|com.android.music|1|null|10090
11-19 04:57:38.036 1499 1499 I NotificationService: Cannot find enqueued record for key: 0|com.android.music|1|null|10090
11-19 04:57:38.037 1499 1499 I NotificationService: Cannot find enqueued record for key: 0|com.android.music|1|null|10090
11-19 04:57:38.041 1499 1499 I NotificationService: Cannot find enqueued record for key: 0|com.android.music|1|null|10090
11-19 04:57:38.041 1499 1499 I NotificationService: Cannot find enqueued record for key: 0|com.android.music|1|null|10090
11-19 04:57:38.077 1499 1636 I commit_sys_config_file: [notification-policy,13115613]
11-19 04:57:38.131 0 0 I auditd : type=1400 audit(0.0:11493): avc: denied { kill } for comm="swapper/3" capability=5 scontext=u:r:kernel:s0 tcontext=u:r:kernel:s0 tclass=capability permissive=0
11-19 04:57:38.182 1499 1638 W WindowManager: updateScale0.7996942
11-19 04:57:38.669 1499 1831 I input_interaction: Interaction with: 6f9015f com.android.music/com.android.music.MusicBrowserActivity (server), edge-swipe (server), swipe-up (server), PointerEventDispatcher0 (server),
11-19 04:57:38.678 1499 5048 W WindowManager: updateScale0.7996942
11-19 04:57:38.704 1499 1638 W WindowManager: updateScale0.7996942
11-19 04:57:38.809 1499 5048 I wm_relaunch_resume_activity: [0,176399180,61,com.android.music/.MusicBrowserActivity]
11-19 04:57:38.810 1499 5048 I wm_add_to_stopping: [0,19758722,com.android.launcher3/.uioverrides.QuickstepLauncher,makeInvisible]
11-19 04:57:38.812 1499 5048 D FreeFormWindowHelper: Remove freefrom task=Task{339d77f #61 type=standard A=10090:android.task.music U=0 visible=true mode=fullscreen translucent=false sz=1}
11-19 04:57:38.815 1499 7484 W ActivityManager: Receiver with filter android.content.IntentFilter@d90d827 already registered for pid 12796, callerPackage is com.android.music
11-19 04:57:38.818 12796 12796 I wm_on_top_resumed_lost_called: [176399180,com.android.music.MusicBrowserActivity,pausing]
11-19 04:57:38.819 12796 12796 I wm_on_paused_called: [176399180,com.android.music.MusicBrowserActivity,performPause]
11-19 04:57:38.827 1499 5048 W WindowManager: Attempted to set replacing window on app token with no content Token{f136152 ActivityRecord{a83a34c u0 com.android.music/.MusicBrowserActivity t61}}
11-19 04:57:38.830 12796 12796 I wm_on_stop_called: [176399180,com.android.music.MusicBrowserActivity,handleRelaunchActivity]
11-19 04:57:38.838 12796 12796 I wm_on_destroy_called: [176399180,com.android.music.MusicBrowserActivity,performDestroy]
11-19 04:57:38.839 7802 7838 W ContextImpl: Calling a method in the system process without a qualified user: android.app.ContextImpl.startService:1816 android.content.ContextWrapper.startService:774 com.thundercomm.gamemode.ingame.services.GameModeActionUtils.startGameModeService:93 com.thundercomm.gamemode.ingame.services.GameModeActionUtils.startGameModeEntry:21 com.thundercomm.gamemode.ingame.services.ActivityMonitoringService$1.onActivityLaunch:127
11-19 04:57:38.844 1499 1499 I GameModeConfig: Current uri is uri = content://com.thundercomm.gamemode.api/gamemode_settings/gamemode_isgaming
11-19 04:57:38.847 1499 1499 I GameModeConfig: isGameModeOn = false
11-19 04:57:38.847 1499 1499 I GameModeConfig: isGameModeOn = false
11-19 04:57:38.847 1499 1499 I GameModeConfig: isDisableVoice = true
11-19 04:57:38.875 12796 12796 I wm_on_create_called: [176399180,com.android.music.MusicBrowserActivity,performCreate]
11-19 04:57:38.885 12796 12796 I wm_on_start_called: [176399180,com.android.music.MusicBrowserActivity,handleStartActivity]
11-19 04:57:38.886 12796 12796 I wm_on_resume_called: [176399180,com.android.music.MusicBrowserActivity,RESUME_ACTIVITY]
11-19 04:57:38.886 12796 12796 I wm_on_top_resumed_gained_called: [176399180,com.android.music.MusicBrowserActivity,topWhenResuming]
11-19 04:57:38.898 1499 8831 I WindowManager: finishDrawing of relaunch: Window{6f9015f u0 com.android.music/com.android.music.MusicBrowserActivity} 89ms
11-19 04:57:38.902 1499 2284 I GameModeConfig: isGameModeOn = false
11-19 04:57:38.903 1499 2284 I GameModeConfig: isGameModeOn = false
11-19 04:57:38.903 1499 2284 I GameModeConfig: isGameModeOn = false
11-19 04:57:38.903 1499 2284 I GameModeConfig: isGameModeOn = false
11-19 04:57:38.907 1499 1499 I notification_enqueue: [10090,12796,com.android.music,1,NULL,0,Notification(channel=Channel-music shortcut=null contentView=null vibrate=null sound=null defaults=0x0 flags=0x40 color=0x00000000 category=transport actions=4 vis=PRIVATE),0]
11-19 04:57:38.909 1499 1499 I notification_enqueue: [10090,12796,com.android.music,1,NULL,0,Notification(channel=Channel-music shortcut=null contentView=null vibrate=null sound=null defaults=0x0 flags=0x40 color=0x00000000 category=transport actions=4 vis=PRIVATE),0]
11-19 04:57:38.911 1499 2284 I GameModeConfig: isGameModeOn = false
11-19 04:57:38.911 1499 2284 I GameModeConfig: isGameModeOn = false
11-19 04:57:38.911 1499 2284 I GameModeConfig: isGameModeOn = false
11-19 04:57:38.911 1499 2284 I GameModeConfig: isGameModeOn = false
11-19 04:57:38.916 1499 2284 I GameModeConfig: isGameModeOn = false
11-19 04:57:38.916 1499 2284 I GameModeConfig: isGameModeOn = false
11-19 04:57:38.916 1499 2284 I GameModeConfig: isGameModeOn = false
11-19 04:57:38.916 1499 2284 I GameModeConfig: isGameModeOn = false
11-19 04:57:38.918 1499 1499 I notification_enqueue: [10090,12796,com.android.music,1,NULL,0,Notification(channel=Channel-music shortcut=null contentView=null vibrate=null sound=null defaults=0x0 flags=0x40 color=0x00000000 category=transport actions=4 vis=PRIVATE),0]
11-19 04:57:38.918 1499 1499 I notification_enqueue: [10090,12796,com.android.music,1,NULL,0,Notification(channel=Channel-music shortcut=null contentView=null vibrate=null sound=null defaults=0x0 flags=0x40 color=0x00000000 category=transport actions=4 vis=PRIVATE),0]
11-19 04:57:38.921 1499 1499 I notification_enqueue: [10090,12796,com.android.music,1,NULL,0,Notification(channel=Channel-music shortcut=null contentView=null vibrate=null sound=null defaults=0x0 flags=0x40 color=0x00000000 category=transport actions=4 vis=PRIVATE),0]
11-19 04:57:38.933 1499 1499 I notification_enqueue: [10090,12796,com.android.music,1,NULL,0,Notification(channel=Channel-music shortcut=null contentView=null vibrate=null sound=null defaults=0x0 flags=0x40 color=0x00000000 category=transport actions=4 vis=PRIVATE),0]
11-19 04:57:39.112 1499 1499 I sysui_multi_action: [757,1501,758,1,793,205,794,0,795,205,796,1,806,com.android.music,857,Channel-music,858,2,947,0,1500,0,1641,transport,1688,1,1745,1043716538]
11-19 04:57:39.113 1499 1499 I sysui_multi_action: [757,804,799,note_interruptive,801,0,802,1]
11-19 04:57:39.113 1499 1499 I GameModeConfig: isGameModeOn = false
11-19 04:57:39.118 1499 1499 W NotificationHistory: Attempted to add notif for locked/gone/disabled user 0
11-19 04:57:39.118 1499 1499 I GameModeConfig: isGameModeOn = false
11-19 04:57:39.120 1499 1499 I GameModeConfig: isGameModeOn = false
11-19 04:57:39.120 1499 1499 I GameModeConfig: isGameModeOn = false
11-19 04:57:39.122 1499 1499 I GameModeConfig: isGameModeOn = false
11-19 04:57:39.135 1499 1499 I GameModeConfig: isGameModeOn = false
11-19 04:57:39.178 1499 1499 I sysui_multi_action: [757,128,758,5,759,8,793,2868102,794,0,795,2868102,796,1,797,empty_media,806,com.android.systemui,857,empty_media_style_id,858,4,947,0,1500,2867897,1641,transport,1688,1,1745,1043716538]
11-19 04:57:39.178 1499 1499 I notification_canceled: [0|com.android.systemui|1|empty_media|10081,8,2868102,2868102,0,-1,-1,NULL]
11-19 04:57:39.184 1499 1499 D CompatibilityChangeReporter: Compat change id reported: 175319604; UID 1000; state: ENABLED
11-19 04:57:39.184 1499 1499 D CompatibilityChangeReporter: Compat change id reported: 175319604; UID 1000; state: DISABLED
11-19 04:57:39.250 1499 1637 I wm_stop_activity: [0,19758722,com.android.launcher3/.uioverrides.QuickstepLauncher]
11-19 04:57:39.257 7802 7838 W ContextImpl: Calling a method in the system process without a qualified user: android.app.ContextImpl.startService:1816 android.content.ContextWrapper.startService:774 com.thundercomm.gamemode.ingame.services.GameModeActionUtils.startGameModeService:93 com.thundercomm.gamemode.ingame.services.GameModeActionUtils.startGameModeEntry:21 com.thundercomm.gamemode.ingame.services.ActivityMonitoringService$1.onActivityLaunch:127
11-19 04:57:39.261 1499 1499 I GameModeConfig: Current uri is uri = content://com.thundercomm.gamemode.api/gamemode_settings/gamemode_isgaming
11-19 04:57:39.263 1499 1499 I GameModeConfig: isGameModeOn = false
11-19 04:57:39.263 1499 1499 I GameModeConfig: isGameModeOn = false
11-19 04:57:39.263 1499 1499 I GameModeConfig: isDisableVoice = true
11-19 04:57:39.279 2802 2802 I wm_on_paused_called: [19758722,com.android.launcher3.uioverrides.QuickstepLauncher,performPause]
11-19 04:57:39.282 2802 2802 I wm_on_stop_called: [19758722,com.android.launcher3.uioverrides.QuickstepLauncher,STOP_ACTIVITY_ITEM]
11-19 04:57:39.307 7802 7838 W ContextImpl: Calling a method in the system process without a qualified user: android.app.ContextImpl.startService:1816 android.content.ContextWrapper.startService:774 com.thundercomm.gamemode.ingame.services.GameModeActionUtils.startGameModeService:93 com.thundercomm.gamemode.ingame.services.GameModeActionUtils.startGameModeEntry:21 com.thundercomm.gamemode.ingame.services.ActivityMonitoringService$1.onActivityLaunch:127
11-19 04:57:39.311 1499 1499 I GameModeConfig: Current uri is uri = content://com.thundercomm.gamemode.api/gamemode_settings/gamemode_isgaming
11-19 04:57:39.314 1499 1499 I GameModeConfig: isGameModeOn = false
11-19 04:57:39.315 1499 1499 I GameModeConfig: isGameModeOn = false
11-19 04:57:39.315 1499 1499 I GameModeConfig: isDisableVoice = true
11-19 04:57:40.131 0 0 I auditd : type=1400 audit(0.0:11494): avc: denied { kill } for comm="swapper/3" capability=5 scontext=u:r:kernel:s0 tcontext=u:r:kernel:s0 tclass=capability permissive=0
11-19 04:57:40.298 1499 5048 I wm_task_moved: [1,0,0]
11-19 04:57:40.299 1499 5048 I wm_task_moved: [1,0,6]
11-19 04:57:40.315 2802 2802 I wm_on_restart_called: [19758722,com.android.launcher3.uioverrides.QuickstepLauncher,performRestartActivity]
11-19 04:57:40.333 7802 7838 W ContextImpl: Calling a method in the system process without a qualified user: android.app.ContextImpl.startService:1816 android.content.ContextWrapper.startService:774 com.thundercomm.gamemode.ingame.services.GameModeActionUtils.startGameModeService:93 com.thundercomm.gamemode.ingame.services.GameModeActionUtils.startGameModeEntry:21 com.thundercomm.gamemode.ingame.services.ActivityMonitoringService$1.onActivityLaunch:127
11-19 04:57:40.337 1499 1499 I GameModeConfig: Current uri is uri = content://com.thundercomm.gamemode.api/gamemode_settings/gamemode_isgaming
11-19 04:57:40.340 1499 1499 I GameModeConfig: isGameModeOn = false
11-19 04:57:40.343 1499 1499 I GameModeConfig: isGameModeOn = false
11-19 04:57:40.343 1499 1499 I GameModeConfig: isDisableVoice = true
11-19 04:57:40.346 2802 2802 I wm_on_start_called: [19758722,com.android.launcher3.uioverrides.QuickstepLauncher,handleStartActivity]
11-19 04:57:40.360 12796 12796 I view_enqueue_input_event: [Motion - Cancel,com.android.music/com.android.music.MusicBrowserActivity]
11-19 04:57:40.361 2802 2802 I sysui_latency: [1,77]
11-19 04:57:40.365 1499 1634 I sysui_multi_action: [319,19,322,61,325,13139,757,761,758,9,759,5,806,com.android.launcher3,871,com.android.launcher3.uioverrides.QuickstepLauncher,905,0,1320,8,1321,5]
11-19 04:57:40.367 1499 1638 I input_focus: [Focus request recents_animation_input_consumer,reason=UpdateInputWindows]
11-19 04:57:40.379 1499 1831 I input_interaction: Interaction with: edge-swipe (server), swipe-up (server), PointerEventDispatcher0 (server),
11-19 04:57:40.386 1499 1831 I input_focus: [Focus leaving 6f9015f com.android.music/com.android.music.MusicBrowserActivity (server),reason=NOT_FOCUSABLE]
11-19 04:57:40.386 1499 1831 I input_focus: [Focus entering recents_animation_input_consumer (server),reason=setFocusedWindow]
11-19 04:57:40.550 1499 1759 I commit_sys_config_file: [settings-1-0,5]
11-19 04:57:40.661 1499 1644 I sysui_latency: [8,76]
11-19 04:57:40.698 1499 3791 E TaskPersister: File error accessing recents directory (directory doesn't exist?).
11-19 04:57:41.231 1499 1759 I commit_sys_config_file: [settings-1-0,4]
11-19 04:57:41.420 1499 1831 I input_interaction: Interaction with: 632f7bf com.android.launcher3/com.android.launcher3.uioverrides.QuickstepLauncher (server), edge-swipe (server), swipe-up (server), PointerEventDispatcher0 (server),
11-19 04:57:41.857 1499 5517 I wm_task_moved: [1,1,7]
11-19 04:57:41.861 1499 5517 I wm_focused_root_task: [0,0,1,61,RecentsAnimation.onAnimationFinished()]
11-19 04:57:41.863 1499 5517 I wm_pause_activity: [0,176399180,com.android.music/.MusicBrowserActivity,userLeaving=false,pauseBackTasks]
11-19 04:57:41.864 1499 5517 I ActivityTaskManager: FOREGROUND_APPLICATION_CHANGED to com.android.launcher3.uioverrides.QuickstepLauncher
11-19 04:57:41.865 1499 5517 I wm_set_resumed_activity: [0,com.android.launcher3/.uioverrides.QuickstepLauncher,resumeTopActivityInnerLocked]
11-19 04:57:41.866 1499 5517 I wm_resume_activity: [0,19758722,10,com.android.launcher3/.uioverrides.QuickstepLauncher]
11-19 04:57:41.866 1499 5517 I wm_add_to_stopping: [0,176399180,com.android.music/.MusicBrowserActivity,makeInvisible]
11-19 04:57:41.867 2802 2802 I wm_on_resume_called: [19758722,com.android.launcher3.uioverrides.QuickstepLauncher,RESUME_ACTIVITY]
11-19 04:57:41.871 12796 12796 I wm_on_top_resumed_lost_called: [176399180,com.android.music.MusicBrowserActivity,topStateChangedWhenResumed]
11-19 04:57:41.877 1499 1638 I input_focus: [Focus request 632f7bf com.android.launcher3/com.android.launcher3.uioverrides.QuickstepLauncher,reason=UpdateInputWindows]
11-19 04:57:41.883 12796 12796 I wm_on_paused_called: [176399180,com.android.music.MusicBrowserActivity,performPause]
11-19 04:57:41.885 1499 8917 I wm_stop_activity: [0,176399180,com.android.music/.MusicBrowserActivity]
11-19 04:57:41.889 1499 1637 I sysui_multi_action: [757,803,799,window_time_0,802,6]
11-19 04:57:41.889 1499 1831 I input_focus: [Focus leaving recents_animation_input_consumer (server),reason=NOT_VISIBLE]
11-19 04:57:41.890 2802 2802 I wm_on_top_resumed_gained_called: [19758722,com.android.launcher3.uioverrides.QuickstepLauncher,topStateChangedWhenResumed]
11-19 04:57:41.897 1499 1831 I input_focus: [Focus entering 632f7bf com.android.launcher3/com.android.launcher3.uioverrides.QuickstepLauncher (server),reason=setFocusedWindow]
11-19 04:57:41.901 1499 1831 I input_interaction: Interaction with: 632f7bf com.android.launcher3/com.android.launcher3.uioverrides.QuickstepLauncher (server), a1d9774 com.android.systemui.ImageWallpaper (server), edge-swipe (server), swipe-up (server), PointerEventDispatcher0 (server),
11-19 04:57:41.902 1499 1637 I sysui_multi_action: [757,803,799,window_time_0,802,0]
11-19 04:57:41.905 12796 12796 I wm_on_stop_called: [176399180,com.android.music.MusicBrowserActivity,STOP_ACTIVITY_ITEM]
11-19 04:57:41.931 7802 7838 W ContextImpl: Calling a method in the system process without a qualified user: android.app.ContextImpl.startService:1816 android.content.ContextWrapper.startService:774 com.thundercomm.gamemode.ingame.services.GameModeActionUtils.startGameModeService:93 com.thundercomm.gamemode.ingame.services.GameModeActionUtils.startGameModeEntry:21 com.thundercomm.gamemode.ingame.services.ActivityMonitoringService$1.onActivityLaunch:127
11-19 04:57:41.939 1499 1499 I GameModeConfig: Current uri is uri = content://com.thundercomm.gamemode.api/gamemode_settings/gamemode_isgaming
11-19 04:57:41.943 1499 1499 I GameModeConfig: isGameModeOn = false
11-19 04:57:41.943 1499 1499 I GameModeConfig: isGameModeOn = false
11-19 04:57:41.943 1499 1499 I GameModeConfig: isDisableVoice = true
11-19 04:57:41.979 1499 4942 I wm_finish_activity: [0,176399180,61,com.android.music/.MusicBrowserActivity,recent-task-trimmed]
11-19 04:57:41.980 1499 4942 I wm_destroy_activity: [0,176399180,61,com.android.music/.MusicBrowserActivity,finish-imm:finishIfPossible]
11-19 04:57:41.983 1499 1637 I sysui_multi_action: [757,803,799,window_time_0,802,0]
11-19 04:57:41.984 1499 3791 E TaskPersister: File error accessing recents directory (directory doesn't exist?).
11-19 04:57:41.986 1499 3791 E TaskPersister: File error accessing recents directory (directory doesn't exist?).
11-19 04:57:41.988 12796 12796 I wm_on_destroy_called: [176399180,com.android.music.MusicBrowserActivity,performDestroy]
11-19 04:57:41.996 1499 1644 W UsageStatsService: Unexpected activity event reported! (com.android.music/com.android.music.MusicBrowserActivity event : 23 instanceId : 252928338)
11-19 04:57:41.996 1499 5517 I wm_task_removed: [61,removeChild:removeChild last r=ActivityRecord{a83a34c u0 com.android.music/.MusicBrowserActivity t-1 f}} in t=Task{339d77f #61 type=standard A=10090:android.task.music U=0 visible=false mode=fullscreen translucent=true sz=0}]
11-19 04:57:41.997 1499 5517 I wm_task_removed: [61,removeChild]
11-19 04:57:41.999 1499 1638 W ActivityTaskManager: Can't find TaskDisplayArea to determine support for multi window. Task id=61 attached=false
11-19 04:57:41.999 1499 1638 W ActivityTaskManager: Can't find TaskDisplayArea to determine support for multi window. Task id=61 attached=false
11-19 04:57:42.000 1499 1499 I sysui_multi_action: [757,128,758,5,759,8,793,3071,794,0,795,3071,796,1,806,com.android.music,857,Channel-music,858,2,947,0,1500,3071,1641,transport,1688,1,1745,1043716538]
11-19 04:57:42.000 1499 1499 I notification_canceled: [0|com.android.music|1|null|10090,8,3071,3071,0,-1,-1,NULL]
11-19 04:57:42.002 1499 1645 I am_uid_running: 10025
11-19 04:57:42.003 1499 1645 D CompatibilityChangeReporter: Compat change id reported: 135634846; UID 10025; state: DISABLED
11-19 04:57:42.003 1499 1645 D CompatibilityChangeReporter: Compat change id reported: 177438394; UID 10025; state: DISABLED
11-19 04:57:42.003 1499 1645 D CompatibilityChangeReporter: Compat change id reported: 135772972; UID 10025; state: DISABLED
11-19 04:57:42.003 1499 1645 D CompatibilityChangeReporter: Compat change id reported: 135754954; UID 10025; state: ENABLED
11-19 04:57:42.003 1499 1646 D CompatibilityChangeReporter: Compat change id reported: 143937733; UID 10025; state: ENABLED
11-19 04:57:42.008 1499 1499 I notification_cancel_all: [1000,1499,com.android.music,0,0,0,20,NULL]
11-19 04:57:42.008 1499 5517 I sysui_multi_action: [757,856,758,2,806,com.android.music,857,Channel-music,858,2]
11-19 04:57:42.012 1499 1646 I am_proc_start: [0,12951,10025,com.android.musicfx,broadcast,{com.android.musicfx/com.android.musicfx.ControlPanelReceiver}]
11-19 04:57:42.012 1499 1646 I ActivityManager: Start proc 12951:com.android.musicfx/u0a25 for broadcast {com.android.musicfx/com.android.musicfx.ControlPanelReceiver}
11-19 04:57:42.015 1499 2284 I GameModeConfig: isGameModeOn = false
11-19 04:57:42.015 1499 2284 I GameModeConfig: isGameModeOn = false
11-19 04:57:42.015 1499 2284 I GameModeConfig: isGameModeOn = false
11-19 04:57:42.015 1499 5517 W NotificationHistory: Attempted to remove channel for locked/gone/disabled user 0
11-19 04:57:42.017 1499 1499 I notification_enqueue: [10081,2342,com.android.systemui,1,empty_media,0,Notification(channel=empty_media_style_id shortcut=null contentView=null vibrate=null sound=null defaults=0x0 flags=0x20 color=0x00000000 category=transport actions=4 vis=PRIVATE),0]
11-19 04:57:42.036 1499 4942 I am_proc_bound: [0,12951,com.android.musicfx]
11-19 04:57:42.068 1499 4942 W BroadcastQueue: Background execution not allowed: receiving Intent { act=com.android.music.updatewidget flg=0x10 } to com.android.music/.MediaAppWidgetProvider
11-19 04:57:42.069 1499 1645 W BroadcastQueue: Background execution not allowed: receiving Intent { act=com.android.music.updatewidget flg=0x10 } to com.android.music/.MediaAppWidgetProviderLarge
11-19 04:57:42.090 7802 7838 W ContextImpl: Calling a method in the system process without a qualified user: android.app.ContextImpl.startService:1816 android.content.ContextWrapper.startService:774 com.thundercomm.gamemode.ingame.services.GameModeActionUtils.startGameModeService:93 com.thundercomm.gamemode.ingame.services.GameModeActionUtils.startGameModeEntry:21 com.thundercomm.gamemode.ingame.services.ActivityMonitoringService$1.onActivityLaunch:127
11-19 04:57:42.095 1499 1499 I GameModeConfig: Current uri is uri = content://com.thundercomm.gamemode.api/gamemode_settings/gamemode_isgaming
11-19 04:57:42.096 1499 1499 I GameModeConfig: isGameModeOn = false
11-19 04:57:42.097 1499 1499 I GameModeConfig: isGameModeOn = false
11-19 04:57:42.097 1499 1499 I GameModeConfig: isDisableVoice = true
11-19 04:57:42.220 1499 1499 I sysui_multi_action: [757,1501,758,1,793,204,794,0,795,204,796,1,797,empty_media,806,com.android.systemui,857,empty_media_style_id,858,4,947,0,1500,0,1641,transport,1688,1,1745,1043716538]
11-19 04:57:42.220 1499 1499 I sysui_multi_action: [757,804,799,note_interruptive,801,0,802,1]
11-19 04:57:42.220 1499 1499 I GameModeConfig: isGameModeOn = false
11-19 04:57:42.223 1499 1499 W NotificationHistory: Attempted to add notif for locked/gone/disabled user 0
11-19 04:57:42.273 1499 1636 I commit_sys_config_file: [notification-policy,13119810]
11-19 04:57:43.131 0 0 I auditd : type=1400 audit(0.0:11495): avc: denied { kill } for comm="swapper/2" capability=5 scontext=u:r:kernel:s0 tcontext=u:r:kernel:s0 tclass=capability permissive=0
11-19 04:57:43.566 1499 1759 I commit_sys_config_file: [settings-1-0,7]
11-19 04:57:44.131 0 0 I auditd : type=1400 audit(0.0:11496): avc: denied { kill } for comm="swapper/2" capability=5 scontext=u:r:kernel:s0 tcontext=u:r:kernel:s0 tclass=capability permissive=0
11-19 04:57:45.001 1499 3791 E TaskPersister: File error accessing recents directory (directory doesn't exist?).
11-19 04:57:45.131 0 0 I auditd : type=1400 audit(0.0:11497): avc: denied { kill } for comm="swapper/2" capability=5 scontext=u:r:kernel:s0 tcontext=u:r:kernel:s0 tclass=capability permissive=0
11-19 04:57:45.773 1499 4942 I ActivityTaskManager: START u0 {flg=0x10008000 cmp=com.android.deskclock/.DeskClock} from uid 10078
11-19 04:57:45.778 1499 4942 I wm_task_created: [62,-1]
11-19 04:57:45.778 1499 4942 W ActivityTaskManager: Can't find TaskDisplayArea to determine support for multi window. Task id=62 attached=false
11-19 04:57:45.779 1499 4942 D FreeFormWindowHelper: Add freeform task=Task{1a162bf #62 type=standard ?? U=0 visible=false mode=freeform translucent=true sz=0}
11-19 04:57:45.787 1499 4942 I wm_task_moved: [62,1,7]
11-19 04:57:45.787 1499 4942 I wm_task_to_front: [0,62]
11-19 04:57:45.787 1499 4942 I wm_create_task: [0,62]
11-19 04:57:45.787 1499 4942 I wm_create_activity: [0,210201996,62,com.android.deskclock/.DeskClock,NULL,NULL,NULL,268468224]
11-19 04:57:45.787 1499 4942 I wm_task_moved: [62,1,7]
11-19 04:57:45.789 1499 4942 I ActivityTaskManager: FOREGROUND_APPLICATION_CHANGED to com.android.deskclock.DeskClock
11-19 04:57:45.789 1499 4942 I ActivityTaskManager: The Process com.android.deskclock Already Exists in BG. So sending its PID: 9544
11-19 04:57:45.791 1499 4942 W ActivityTaskManager: Tried to set launchTime (0) < mLastActivityLaunchTime (13130809)
11-19 04:57:45.792 1499 4942 I wm_restart_activity: [0,210201996,62,com.android.deskclock/.DeskClock]
11-19 04:57:45.794 1499 4942 I wm_set_resumed_activity: [0,com.android.deskclock/.DeskClock,minimalResumeActivityLocked]
11-19 04:57:45.811 2802 2802 I wm_on_top_resumed_lost_called: [19758722,com.android.launcher3.uioverrides.QuickstepLauncher,topStateChangedWhenResumed]
11-19 04:57:45.813 7802 7838 W ContextImpl: Calling a method in the system process without a qualified user: android.app.ContextImpl.startService:1816 android.content.ContextWrapper.startService:774 com.thundercomm.gamemode.ingame.services.GameModeActionUtils.startGameModeService:93 com.thundercomm.gamemode.ingame.services.GameModeActionUtils.startGameModeEntry:21 com.thundercomm.gamemode.ingame.services.ActivityMonitoringService$1.onActivityLaunch:127
11-19 04:57:45.820 1499 1499 I GameModeConfig: Current uri is uri = content://com.thundercomm.gamemode.api/gamemode_settings/gamemode_isgaming
11-19 04:57:45.826 1499 1499 I GameModeConfig: isGameModeOn = false
11-19 04:57:45.826 1499 1499 I GameModeConfig: isGameModeOn = false
11-19 04:57:45.826 1499 1499 I GameModeConfig: isDisableVoice = true
11-19 04:57:45.834 1499 8917 I ActivityTaskManager: START u0 {act=android.content.pm.action.REQUEST_PERMISSIONS pkg=com.android.permissioncontroller cmp=com.android.permissioncontroller/.permission.ui.GrantPermissionsActivity (has extras)} from uid 10063
11-19 04:57:45.838 1499 8917 I wm_task_moved: [62,1,7]
11-19 04:57:45.838 1499 8917 I wm_set_resumed_activity: [0,com.android.deskclock/.DeskClock,positionChildAt]
11-19 04:57:45.838 1499 8917 I wm_create_activity: [0,76770267,62,com.android.permissioncontroller/.permission.ui.GrantPermissionsActivity,android.content.pm.action.REQUEST_PERMISSIONS,NULL,NULL,8388608]
11-19 04:57:45.840 1499 8917 I wm_pause_activity: [0,210201996,com.android.deskclock/.DeskClock,userLeaving=true,resumeTopActivityInnerLocked]
11-19 04:57:45.859 9544 9544 I wm_on_create_called: [210201996,com.android.deskclock.DeskClock,performCreate]
11-19 04:57:45.860 9544 9544 I wm_on_start_called: [210201996,com.android.deskclock.DeskClock,handleStartActivity]
11-19 04:57:45.862 9544 9544 I wm_on_resume_called: [210201996,com.android.deskclock.DeskClock,RESUME_ACTIVITY]
11-19 04:57:45.866 9544 9544 I wm_on_top_resumed_gained_called: [210201996,com.android.deskclock.DeskClock,topStateChangedWhenResumed]
11-19 04:57:45.866 9544 9544 I wm_on_top_resumed_lost_called: [210201996,com.android.deskclock.DeskClock,topStateChangedWhenResumed]
11-19 04:57:45.866 9544 9544 I wm_on_paused_called: [210201996,com.android.deskclock.DeskClock,performPause]
11-19 04:57:45.866 1499 4942 I ActivityTaskManager: FOREGROUND_APPLICATION_CHANGED to com.android.permissioncontroller.permission.ui.GrantPermissionsActivity
11-19 04:57:45.867 1499 4942 I ActivityTaskManager: The Process com.android.permissioncontroller Already Exists in BG. So sending its PID: 9979
11-19 04:57:45.867 1499 4942 W ActivityTaskManager: Tried to set launchTime (0) < mLastActivityLaunchTime (13132144)
11-19 04:57:45.868 1499 4942 I wm_restart_activity: [0,76770267,62,com.android.permissioncontroller/.permission.ui.GrantPermissionsActivity]
11-19 04:57:45.869 1499 4942 I wm_set_resumed_activity: [0,com.android.permissioncontroller/.permission.ui.GrantPermissionsActivity,minimalResumeActivityLocked]
11-19 04:57:45.874 1499 1637 I sysui_multi_action: [757,803,799,window_time_0,802,4]
11-19 04:57:45.893 9979 9979 I wm_on_create_called: [76770267,com.android.permissioncontroller.permission.ui.GrantPermissionsActivity,performCreate]
11-19 04:57:45.894 9979 9979 I wm_on_start_called: [76770267,com.android.permissioncontroller.permission.ui.GrantPermissionsActivity,handleStartActivity]
11-19 04:57:45.895 9979 9979 I wm_on_resume_called: [76770267,com.android.permissioncontroller.permission.ui.GrantPermissionsActivity,RESUME_ACTIVITY]
11-19 04:57:45.898 9979 9979 I wm_on_top_resumed_gained_called: [76770267,com.android.permissioncontroller.permission.ui.GrantPermissionsActivity,topStateChangedWhenResumed]
11-19 04:57:45.900 1499 4942 W WindowManager: updateScale0.7996942
11-19 04:57:45.900 1499 4942 W WindowManager: updateScale0.7996942
11-19 04:57:45.904 1499 1638 I input_focus: [Focus request edd7f42 com.android.permissioncontroller/com.android.permissioncontroller.permission.ui.GrantPermissionsActivity,reason=UpdateInputWindows]
11-19 04:57:45.906 1499 1638 W WindowManager: updateScale0.7996942
11-19 04:57:45.907 1499 1638 W WindowManager: updateScale0.7996942
11-19 04:57:45.909 1499 7777 I wm_finish_activity: [0,76770267,62,com.android.permissioncontroller/.permission.ui.GrantPermissionsActivity,app-request]
11-19 04:57:45.910 1499 7777 I wm_pause_activity: [0,76770267,com.android.permissioncontroller/.permission.ui.GrantPermissionsActivity,userLeaving=false,finish]
11-19 04:57:45.915 9979 9979 I wm_on_top_resumed_lost_called: [76770267,com.android.permissioncontroller.permission.ui.GrantPermissionsActivity,topStateChangedWhenResumed]
11-19 04:57:45.916 9979 9979 I wm_on_paused_called: [76770267,com.android.permissioncontroller.permission.ui.GrantPermissionsActivity,performPause]
11-19 04:57:45.916 1499 8917 I wm_add_to_stopping: [0,76770267,com.android.permissioncontroller/.permission.ui.GrantPermissionsActivity,completeFinishing]
11-19 04:57:45.916 1499 8917 I ActivityTaskManager: FOREGROUND_APPLICATION_CHANGED to com.android.deskclock.DeskClock
11-19 04:57:45.918 1499 1831 I input_focus: [Focus leaving 632f7bf com.android.launcher3/com.android.launcher3.uioverrides.QuickstepLauncher (server),reason=Waiting for window because NOT_VISIBLE]
11-19 04:57:45.918 1499 8917 I wm_set_resumed_activity: [0,com.android.deskclock/.DeskClock,resumeTopActivityInnerLocked]
11-19 04:57:45.919 1499 8917 I wm_resume_activity: [0,210201996,62,com.android.deskclock/.DeskClock]
11-19 04:57:45.922 1499 4942 W WindowManager: updateScale0.7996942
11-19 04:57:45.928 1499 1638 I input_focus: [Focus request 9cb1151 com.android.deskclock/com.android.deskclock.DeskClock,reason=UpdateInputWindows]
11-19 04:57:45.928 1499 1637 I sysui_multi_action: [757,803,799,window_time_2,802,0]
11-19 04:57:45.950 1499 1638 W WindowManager: updateScale0.7996942
11-19 04:57:45.952 1499 1638 W WindowManager: updateScale0.7996942
11-19 04:57:45.953 1499 1638 W WindowManager: updateScale0.7996942
11-19 04:57:45.958 9544 9544 I wm_on_activity_result_called: [210201996,com.android.deskclock.DeskClock,ACTIVITY_RESULT]
11-19 04:57:45.958 9544 9544 I wm_on_resume_called: [210201996,com.android.deskclock.DeskClock,RESUME_ACTIVITY]
11-19 04:57:45.959 9544 9544 I wm_on_top_resumed_gained_called: [210201996,com.android.deskclock.DeskClock,topWhenResuming]
11-19 04:57:45.966 1499 1831 I input_focus: [Focus entering 9cb1151 com.android.deskclock/com.android.deskclock.DeskClock (server),reason=Window became focusable. Previous reason: NOT_VISIBLE]
11-19 04:57:45.968 1499 1759 I commit_sys_config_file: [settings-1-0,5]
11-19 04:57:46.034 7802 7838 W ContextImpl: Calling a method in the system process without a qualified user: android.app.ContextImpl.startService:1816 android.content.ContextWrapper.startService:774 com.thundercomm.gamemode.ingame.services.GameModeActionUtils.startGameModeService:93 com.thundercomm.gamemode.ingame.services.GameModeActionUtils.startGameModeEntry:21 com.thundercomm.gamemode.ingame.services.ActivityMonitoringService$1.onActivityLaunch:127
11-19 04:57:46.040 1499 1499 I GameModeConfig: Current uri is uri = content://com.thundercomm.gamemode.api/gamemode_settings/gamemode_isgaming
11-19 04:57:46.041 1499 1499 I GameModeConfig: isGameModeOn = false
11-19 04:57:46.041 1499 1499 I GameModeConfig: isGameModeOn = false
11-19 04:57:46.041 1499 1499 I GameModeConfig: isDisableVoice = true
11-19 04:57:46.236 1499 1638 W WindowManager: updateScale0.7996942
11-19 04:57:46.239 1499 1637 I wm_destroy_activity: [0,76770267,62,com.android.permissioncontroller/.permission.ui.GrantPermissionsActivity,finish-imm:idle]
11-19 04:57:46.241 9979 9979 I wm_on_stop_called: [76770267,com.android.permissioncontroller.permission.ui.GrantPermissionsActivity,LIFECYCLER_STOP_ACTIVITY]
11-19 04:57:46.243 9979 9979 I wm_on_destroy_called: [76770267,com.android.permissioncontroller.permission.ui.GrantPermissionsActivity,performDestroy]
11-19 04:57:46.245 1499 8917 W WindowManager: updateScale0.7996942
11-19 04:57:46.272 7802 7838 W ContextImpl: Calling a method in the system process without a qualified user: android.app.ContextImpl.startService:1816 android.content.ContextWrapper.startService:774 com.thundercomm.gamemode.ingame.services.GameModeActionUtils.startGameModeService:93 com.thundercomm.gamemode.ingame.services.GameModeActionUtils.startGameModeEntry:21 com.thundercomm.gamemode.ingame.services.ActivityMonitoringService$1.onActivityLaunch:127
11-19 04:57:46.279 1499 1499 I GameModeConfig: Current uri is uri = content://com.thundercomm.gamemode.api/gamemode_settings/gamemode_isgaming
11-19 04:57:46.282 1499 1499 I GameModeConfig: isGameModeOn = false
11-19 04:57:46.283 1499 1499 I GameModeConfig: isGameModeOn = false
11-19 04:57:46.283 1499 1499 I GameModeConfig: isDisableVoice = true
11-19 04:57:46.751 1499 1831 I input_interaction: Interaction with: 9cb1151 com.android.deskclock/com.android.deskclock.DeskClock (server), edge-swipe (server), swipe-up (server), PointerEventDispatcher0 (server),
11-19 04:57:46.762 1499 8917 W WindowManager: updateScale0.7996942
11-19 04:57:46.780 1499 1638 W WindowManager: updateScale0.7996942
11-19 04:57:46.909 1499 8917 I wm_relaunch_resume_activity: [0,210201996,62,com.android.deskclock/.DeskClock]
11-19 04:57:46.909 1499 8917 I wm_add_to_stopping: [0,19758722,com.android.launcher3/.uioverrides.QuickstepLauncher,makeInvisible]
11-19 04:57:46.911 1499 8917 D FreeFormWindowHelper: Remove freefrom task=Task{1a162bf #62 type=standard A=10063:com.android.deskclock U=0 visible=true mode=fullscreen translucent=false sz=1}
11-19 04:57:46.922 9544 9544 I wm_on_top_resumed_lost_called: [210201996,com.android.deskclock.DeskClock,pausing]
11-19 04:57:46.923 9544 9544 I wm_on_paused_called: [210201996,com.android.deskclock.DeskClock,performPause]
11-19 04:57:46.924 1499 5517 W WindowManager: Attempted to set replacing window on app token with no content Token{d4dfb60 ActivityRecord{c876d8c u0 com.android.deskclock/.DeskClock t62}}
11-19 04:57:46.926 9544 9544 I wm_on_stop_called: [210201996,com.android.deskclock.DeskClock,handleRelaunchActivity]
11-19 04:57:46.931 7802 7838 W ContextImpl: Calling a method in the system process without a qualified user: android.app.ContextImpl.startService:1816 android.content.ContextWrapper.startService:774 com.thundercomm.gamemode.ingame.services.GameModeActionUtils.startGameModeService:93 com.thundercomm.gamemode.ingame.services.GameModeActionUtils.startGameModeEntry:21 com.thundercomm.gamemode.ingame.services.ActivityMonitoringService$1.onActivityLaunch:127
11-19 04:57:46.936 9544 9544 I wm_on_destroy_called: [210201996,com.android.deskclock.DeskClock,performDestroy]
11-19 04:57:46.940 1499 1499 I GameModeConfig: Current uri is uri = content://com.thundercomm.gamemode.api/gamemode_settings/gamemode_isgaming
11-19 04:57:46.943 1499 1499 I GameModeConfig: isGameModeOn = false
11-19 04:57:46.943 1499 1499 I GameModeConfig: isGameModeOn = false
11-19 04:57:46.943 1499 1499 I GameModeConfig: isDisableVoice = true
11-19 04:57:46.954 1499 5048 I ActivityTaskManager: START u0 {act=android.content.pm.action.REQUEST_PERMISSIONS pkg=com.android.permissioncontroller cmp=com.android.permissioncontroller/.permission.ui.GrantPermissionsActivity (has extras)} from uid 10063
11-19 04:57:46.955 1499 5048 I wm_task_moved: [62,1,7]
11-19 04:57:46.955 1499 5048 I wm_set_resumed_activity: [0,com.android.deskclock/.DeskClock,positionChildAt]
11-19 04:57:46.955 1499 5048 I wm_create_activity: [0,223192695,62,com.android.permissioncontroller/.permission.ui.GrantPermissionsActivity,android.content.pm.action.REQUEST_PERMISSIONS,NULL,NULL,8388608]
11-19 04:57:46.956 1499 5048 I wm_pause_activity: [0,19758722,com.android.launcher3/.uioverrides.QuickstepLauncher,userLeaving=true,pauseBackTasks]
11-19 04:57:46.956 1499 5048 I wm_pause_activity: [0,210201996,com.android.deskclock/.DeskClock,userLeaving=true,resumeTopActivityInnerLocked]
11-19 04:57:46.961 2802 2802 I wm_on_paused_called: [19758722,com.android.launcher3.uioverrides.QuickstepLauncher,performPause]
11-19 04:57:46.963 1499 5048 I ActivityTaskManager: The Process com.android.permissioncontroller Already Exists in BG. So sending its PID: 9979
11-19 04:57:46.967 1499 1637 I sysui_multi_action: [757,803,799,window_time_2,802,1]
11-19 04:57:46.974 9544 9544 I wm_on_create_called: [210201996,com.android.deskclock.DeskClock,performCreate]
11-19 04:57:46.975 7802 7838 W ContextImpl: Calling a method in the system process without a qualified user: android.app.ContextImpl.startService:1816 android.content.ContextWrapper.startService:774 com.thundercomm.gamemode.ingame.services.GameModeActionUtils.startGameModeService:93 com.thundercomm.gamemode.ingame.services.GameModeActionUtils.startGameModeEntry:21 com.thundercomm.gamemode.ingame.services.ActivityMonitoringService$1.onActivityLaunch:127
11-19 04:57:46.980 1499 1499 I GameModeConfig: Current uri is uri = content://com.thundercomm.gamemode.api/gamemode_settings/gamemode_isgaming
11-19 04:57:46.983 1499 1499 I GameModeConfig: isGameModeOn = false
11-19 04:57:46.984 1499 1499 I GameModeConfig: isGameModeOn = false
11-19 04:57:46.984 1499 1499 I GameModeConfig: isDisableVoice = true
11-19 04:57:47.000 9544 9544 I wm_on_start_called: [210201996,com.android.deskclock.DeskClock,handleStartActivity]
11-19 04:57:47.001 9544 9544 I wm_on_resume_called: [210201996,com.android.deskclock.DeskClock,RESUME_ACTIVITY]
11-19 04:57:47.003 9544 9544 I wm_on_top_resumed_gained_called: [210201996,com.android.deskclock.DeskClock,topWhenResuming]
11-19 04:57:47.041 9544 9544 I wm_on_top_resumed_lost_called: [210201996,com.android.deskclock.DeskClock,topStateChangedWhenResumed]
11-19 04:57:47.041 1499 4942 I WindowManager: finishDrawing of relaunch: Window{9cb1151 u0 com.android.deskclock/com.android.deskclock.DeskClock} 133ms
11-19 04:57:47.042 9544 9544 I wm_on_paused_called: [210201996,com.android.deskclock.DeskClock,performPause]
11-19 04:57:47.045 1499 8917 I ActivityTaskManager: FOREGROUND_APPLICATION_CHANGED to com.android.permissioncontroller.permission.ui.GrantPermissionsActivity
11-19 04:57:47.045 1499 8917 I ActivityTaskManager: The Process com.android.permissioncontroller Already Exists in BG. So sending its PID: 9979
11-19 04:57:47.046 1499 8917 W ActivityTaskManager: Tried to set launchTime (0) < mLastActivityLaunchTime (13145227)
11-19 04:57:47.049 1499 8917 I wm_restart_activity: [0,223192695,62,com.android.permissioncontroller/.permission.ui.GrantPermissionsActivity]
11-19 04:57:47.051 1499 8917 I wm_set_resumed_activity: [0,com.android.permissioncontroller/.permission.ui.GrantPermissionsActivity,minimalResumeActivityLocked]
11-19 04:57:47.058 1499 1637 I sysui_multi_action: [757,803,799,window_time_0,802,0]
11-19 04:57:47.074 9979 9979 I wm_on_create_called: [223192695,com.android.permissioncontroller.permission.ui.GrantPermissionsActivity,performCreate]
11-19 04:57:47.075 9979 9979 I wm_on_start_called: [223192695,com.android.permissioncontroller.permission.ui.GrantPermissionsActivity,handleStartActivity]
11-19 04:57:47.075 9979 9979 I wm_on_resume_called: [223192695,com.android.permissioncontroller.permission.ui.GrantPermissionsActivity,RESUME_ACTIVITY]
11-19 04:57:47.076 7802 7838 W ContextImpl: Calling a method in the system process without a qualified user: android.app.ContextImpl.startService:1816 android.content.ContextWrapper.startService:774 com.thundercomm.gamemode.ingame.services.GameModeActionUtils.startGameModeService:93 com.thundercomm.gamemode.ingame.services.GameModeActionUtils.startGameModeEntry:21 com.thundercomm.gamemode.ingame.services.ActivityMonitoringService$1.onActivityLaunch:127
11-19 04:57:47.077 9979 9979 I wm_on_top_resumed_gained_called: [223192695,com.android.permissioncontroller.permission.ui.GrantPermissionsActivity,topStateChangedWhenResumed]
11-19 04:57:47.086 1499 1499 I GameModeConfig: Current uri is uri = content://com.thundercomm.gamemode.api/gamemode_settings/gamemode_isgaming
11-19 04:57:47.087 1499 1499 I GameModeConfig: isGameModeOn = false
11-19 04:57:47.087 1499 1499 I GameModeConfig: isGameModeOn = false
11-19 04:57:47.087 1499 1499 I GameModeConfig: isDisableVoice = true
11-19 04:57:47.088 1499 1638 I input_focus: [Focus request 4301680 com.android.permissioncontroller/com.android.permissioncontroller.permission.ui.GrantPermissionsActivity,reason=UpdateInputWindows]
11-19 04:57:47.096 1499 5048 I wm_finish_activity: [0,223192695,62,com.android.permissioncontroller/.permission.ui.GrantPermissionsActivity,app-request]
11-19 04:57:47.097 1499 5048 I wm_pause_activity: [0,223192695,com.android.permissioncontroller/.permission.ui.GrantPermissionsActivity,userLeaving=false,finish]
11-19 04:57:47.097 1499 1634 I sysui_multi_action: [319,140,322,139,325,13146,757,761,758,8,759,2,806,com.android.permissioncontroller,871,com.android.permissioncontroller.permission.ui.GrantPermissionsActivity,904,com.android.deskclock,905,0,1320,8,1321,5]
11-19 04:57:47.098 1499 1634 I wm_activity_launch_time: [0,223192695,com.android.permissioncontroller/.permission.ui.GrantPermissionsActivity,139]
11-19 04:57:47.101 9979 9979 I wm_on_top_resumed_lost_called: [223192695,com.android.permissioncontroller.permission.ui.GrantPermissionsActivity,topStateChangedWhenResumed]
11-19 04:57:47.102 1499 1831 I input_focus: [Focus leaving 9cb1151 com.android.deskclock/com.android.deskclock.DeskClock (server),reason=setFocusedWindow]
11-19 04:57:47.102 1499 1831 I input_focus: [Focus entering 4301680 com.android.permissioncontroller/com.android.permissioncontroller.permission.ui.GrantPermissionsActivity (server),reason=setFocusedWindow]
11-19 04:57:47.103 9979 9979 I wm_on_paused_called: [223192695,com.android.permissioncontroller.permission.ui.GrantPermissionsActivity,performPause]
11-19 04:57:47.104 1499 4942 I ActivityTaskManager: FOREGROUND_APPLICATION_CHANGED to com.android.deskclock.DeskClock
11-19 04:57:47.105 1499 4942 I wm_set_resumed_activity: [0,com.android.deskclock/.DeskClock,resumeTopActivityInnerLocked]
11-19 04:57:47.106 1499 4942 I wm_resume_activity: [0,210201996,62,com.android.deskclock/.DeskClock]
11-19 04:57:47.111 1499 1638 I input_focus: [Focus request 9cb1151 com.android.deskclock/com.android.deskclock.DeskClock,reason=UpdateInputWindows]
11-19 04:57:47.111 1499 1637 I sysui_multi_action: [757,803,799,window_time_0,802,0]
11-19 04:57:47.117 9544 9544 I wm_on_activity_result_called: [210201996,com.android.deskclock.DeskClock,ACTIVITY_RESULT]
11-19 04:57:47.118 9544 9544 I wm_on_resume_called: [210201996,com.android.deskclock.DeskClock,RESUME_ACTIVITY]
11-19 04:57:47.120 1499 1831 I input_focus: [Focus leaving 4301680 com.android.permissioncontroller/com.android.permissioncontroller.permission.ui.GrantPermissionsActivity (server),reason=NO_WINDOW]
11-19 04:57:47.120 9544 9544 I wm_on_top_resumed_gained_called: [210201996,com.android.deskclock.DeskClock,topWhenResuming]
11-19 04:57:47.135 1499 1831 I input_focus: [Focus entering 9cb1151 com.android.deskclock/com.android.deskclock.DeskClock (server),reason=setFocusedWindow]
