11-19 04:39:08.400 1499 1638 W WindowManager: updateScale0.7996942
11-19 04:39:08.406 1499 4942 W WindowManager: updateScale0.7996942
11-19 04:39:08.415 1499 1638 D FreeFormWindowHelper: refreshTipWindow windowDragBounds:Rect(1758, 547 - 2281, 1475)
11-19 04:39:08.416 1499 1638 W WindowManager: updateScale0.7996942
11-19 04:39:08.427 1499 5215 W WindowManager: updateScale0.7996942
11-19 04:39:08.432 1499 1638 D FreeFormWindowHelper: refreshTipWindow windowDragBounds:Rect(1792, 560 - 2315, 1488)
11-19 04:39:08.433 1499 1638 W WindowManager: updateScale0.7996942
11-19 04:39:08.444 1499 5215 W WindowManager: updateScale0.7996942
11-19 04:39:08.448 1499 1638 D FreeFormWindowHelper: refreshTipWindow windowDragBounds:Rect(1810, 568 - 2333, 1496)
11-19 04:39:08.449 1499 1638 W WindowManager: updateScale0.7996942
11-19 04:39:08.461 1499 5215 W WindowManager: updateScale0.7996942
11-19 04:39:08.465 1499 1638 D FreeFormWindowHelper: refreshTipWindow windowDragBounds:Rect(1836, 580 - 2359, 1508)
11-19 04:39:08.466 1499 1638 W WindowManager: updateScale0.7996942
11-19 04:39:08.478 1499 5215 W WindowManager: updateScale0.7996942
11-19 04:39:08.482 1499 1638 D FreeFormWindowHelper: refreshTipWindow windowDragBounds:Rect(1845, 578 - 2368, 1506)
11-19 04:39:08.483 1499 1638 W WindowManager: updateScale0.7996942
11-19 04:39:08.494 1499 5215 W WindowManager: updateScale0.7996942
11-19 04:39:08.498 1499 1638 D FreeFormWindowHelper: refreshTipWindow windowDragBounds:Rect(1858, 587 - 2381, 1515)
11-19 04:39:08.499 1499 1638 W WindowManager: updateScale0.7996942
11-19 04:39:08.511 1499 5215 W WindowManager: updateScale0.7996942
11-19 04:39:08.515 1499 1638 D FreeFormWindowHelper: refreshTipWindow windowDragBounds:Rect(1863, 589 - 2386, 1517)
11-19 04:39:08.516 1499 1638 W WindowManager: updateScale0.7996942
11-19 04:39:08.528 1499 4942 W WindowManager: updateScale0.7996942
11-19 04:39:08.532 1499 1638 D FreeFormWindowHelper: refreshTipWindow windowDragBounds:Rect(1871, 592 - 2394, 1520)
11-19 04:39:08.533 1499 1638 W WindowManager: updateScale0.7996942
11-19 04:39:08.544 1499 5215 W WindowManager: updateScale0.7996942
11-19 04:39:08.549 1499 1638 D FreeFormWindowHelper: refreshTipWindow windowDragBounds:Rect(1877, 597 - 2400, 1525)
11-19 04:39:08.550 1499 1638 W WindowManager: updateScale0.7996942
11-19 04:39:08.561 1499 5215 W WindowManager: updateScale0.7996942
11-19 04:39:08.578 1499 5215 W WindowManager: updateScale0.7996942
11-19 04:39:08.582 1499 1638 D FreeFormWindowHelper: refreshTipWindow windowDragBounds:Rect(1885, 598 - 2408, 1526)
11-19 04:39:08.583 1499 1638 W WindowManager: updateScale0.7996942
11-19 04:39:08.599 1499 1638 D FreeFormWindowHelper: refreshTipWindow windowDragBounds:Rect(1886, 599 - 2409, 1527)
11-19 04:39:08.600 1499 1638 W WindowManager: updateScale0.7996942
11-19 04:39:08.615 1499 1638 D FreeFormWindowHelper: refreshTipWindow windowDragBounds:Rect(1890, 599 - 2413, 1527)
11-19 04:39:08.617 1499 1638 W WindowManager: updateScale0.7996942
11-19 04:39:08.632 1499 1638 D FreeFormWindowHelper: refreshTipWindow windowDragBounds:Rect(1891, 599 - 2414, 1527)
11-19 04:39:08.633 1499 1638 W WindowManager: updateScale0.7996942
11-19 04:39:08.649 1499 1638 D FreeFormWindowHelper: refreshTipWindow windowDragBounds:Rect(1896, 599 - 2419, 1527)
11-19 04:39:08.650 1499 1638 W WindowManager: updateScale0.7996942
11-19 04:39:08.666 1499 1638 D FreeFormWindowHelper: refreshTipWindow windowDragBounds:Rect(1908, 599 - 2431, 1527)
11-19 04:39:08.666 1499 1638 W WindowManager: updateScale0.7996942
11-19 04:39:08.682 1499 1638 D FreeFormWindowHelper: refreshTipWindow windowDragBounds:Rect(1917, 599 - 2440, 1527)
11-19 04:39:08.683 1499 1638 W WindowManager: updateScale0.7996942
11-19 04:39:08.699 1499 1638 D FreeFormWindowHelper: refreshTipWindow windowDragBounds:Rect(1927, 599 - 2450, 1527)
11-19 04:39:08.700 1499 1638 W WindowManager: updateScale0.7996942
11-19 04:39:08.716 1499 1638 D FreeFormWindowHelper: refreshTipWindow windowDragBounds:Rect(1931, 599 - 2454, 1527)
11-19 04:39:08.716 1499 1638 W WindowManager: updateScale0.7996942
11-19 04:39:08.732 1499 1638 D FreeFormWindowHelper: refreshTipWindow windowDragBounds:Rect(1939, 599 - 2462, 1527)
11-19 04:39:08.733 1499 1638 W WindowManager: updateScale0.7996942
11-19 04:39:08.749 1499 1638 D FreeFormWindowHelper: refreshTipWindow windowDragBounds:Rect(1948, 599 - 2471, 1527)
11-19 04:39:08.750 1499 1638 W WindowManager: updateScale0.7996942
11-19 04:39:08.766 1499 1638 D FreeFormWindowHelper: refreshTipWindow windowDragBounds:Rect(1956, 599 - 2479, 1527)
11-19 04:39:08.766 1499 1638 W WindowManager: updateScale0.7996942
11-19 04:39:08.782 1499 1638 D FreeFormWindowHelper: refreshTipWindow windowDragBounds:Rect(1962, 599 - 2485, 1527)
11-19 04:39:08.783 1499 1638 W WindowManager: updateScale0.7996942
11-19 04:39:08.799 1499 1638 D FreeFormWindowHelper: refreshTipWindow windowDragBounds:Rect(1970, 599 - 2493, 1527)
11-19 04:39:08.800 1499 1638 W WindowManager: updateScale0.7996942
11-19 04:39:08.816 1499 1638 D FreeFormWindowHelper: refreshTipWindow windowDragBounds:Rect(1972, 599 - 2495, 1527)
11-19 04:39:08.817 1499 1638 W WindowManager: updateScale0.7996942
11-19 04:39:08.833 1499 1638 D FreeFormWindowHelper: refreshTipWindow windowDragBounds:Rect(1976, 599 - 2499, 1527)
11-19 04:39:08.834 1499 1638 W WindowManager: updateScale0.7996942
11-19 04:39:08.849 1499 1638 D FreeFormWindowHelper: refreshTipWindow windowDragBounds:Rect(1979, 599 - 2502, 1527)
11-19 04:39:08.850 1499 1638 W WindowManager: updateScale0.7996942
11-19 04:39:08.883 1499 1638 D FreeFormWindowHelper: refreshTipWindow windowDragBounds:Rect(1984, 599 - 2507, 1527)
11-19 04:39:08.884 1499 1638 W WindowManager: updateScale0.7996942
11-19 04:39:08.933 1499 1638 D FreeFormWindowHelper: refreshTipWindow windowDragBounds:Rect(1986, 599 - 2509, 1527)
11-19 04:39:08.934 1499 1638 W WindowManager: updateScale0.7996942
11-19 04:39:08.966 1499 1638 D FreeFormWindowHelper: refreshTipWindow windowDragBounds:Rect(1988, 599 - 2511, 1527)
11-19 04:39:08.967 1499 1638 W WindowManager: updateScale0.7996942
11-19 04:39:08.998 1499 1638 D WindowManager: updateWindowDragBounds: mIsSwipeYfalse
11-19 04:39:08.998 1499 1638 D WindowManager: updateWindowDragBounds: mIsTopfalse
11-19 04:39:08.998 1499 1638 D WindowManager: updateWindowDragBounds: mIsSwipeXfalse
11-19 04:39:08.998 1499 1638 W WindowManager: updateScale0.4617737
11-19 04:39:08.999 1499 1638 I wm_relaunch_resume_activity: [0,176962710,51,com.android.deskclock/.DeskClock]
11-19 04:39:09.000 1499 1638 W WindowManager: updateScale0.4617737
11-19 04:39:09.001 9544 9544 I wm_on_top_resumed_lost_called: [176962710,com.android.deskclock.DeskClock,pausing]
11-19 04:39:09.002 9544 9544 I wm_on_paused_called: [176962710,com.android.deskclock.DeskClock,performPause]
11-19 04:39:09.003 9544 9544 I wm_on_stop_called: [176962710,com.android.deskclock.DeskClock,handleRelaunchActivity]
11-19 04:39:09.008 9544 9544 I wm_on_destroy_called: [176962710,com.android.deskclock.DeskClock,performDestroy]
11-19 04:39:09.026 1499 5215 I ActivityTaskManager: START u0 {act=android.content.pm.action.REQUEST_PERMISSIONS pkg=com.android.permissioncontroller cmp=com.android.permissioncontroller/.permission.ui.GrantPermissionsActivity (has extras)} from uid 10063
11-19 04:39:09.028 1499 5215 I wm_task_moved: [51,1,7]
11-19 04:39:09.028 1499 5215 I wm_set_resumed_activity: [0,com.android.deskclock/.DeskClock,positionChildAt]
11-19 04:39:09.028 1499 5215 I wm_create_activity: [0,208837693,51,com.android.permissioncontroller/.permission.ui.GrantPermissionsActivity,android.content.pm.action.REQUEST_PERMISSIONS,NULL,NULL,8388608]
11-19 04:39:09.029 1499 5215 I wm_pause_activity: [0,176962710,com.android.deskclock/.DeskClock,userLeaving=true,resumeTopActivityInnerLocked]
11-19 04:39:09.030 1499 5215 W WindowManager: updateScale0.4617737
11-19 04:39:09.049 9544 9544 I wm_on_create_called: [176962710,com.android.deskclock.DeskClock,performCreate]
11-19 04:39:09.071 9544 9544 I wm_on_start_called: [176962710,com.android.deskclock.DeskClock,handleStartActivity]
11-19 04:39:09.072 9544 9544 I wm_on_resume_called: [176962710,com.android.deskclock.DeskClock,RESUME_ACTIVITY]
11-19 04:39:09.073 9544 9544 I wm_on_top_resumed_gained_called: [176962710,com.android.deskclock.DeskClock,topWhenResuming]
11-19 04:39:09.080 1499 5215 W WindowManager: updateScale0.4617737
11-19 04:39:09.082 1499 5215 W WindowManager: updateScale0.4617737
11-19 04:39:09.110 9544 9544 I wm_on_top_resumed_lost_called: [176962710,com.android.deskclock.DeskClock,topStateChangedWhenResumed]
11-19 04:39:09.110 9544 9544 I wm_on_paused_called: [176962710,com.android.deskclock.DeskClock,performPause]
11-19 04:39:09.111 1499 5215 I ActivityTaskManager: FOREGROUND_APPLICATION_CHANGED to com.android.permissioncontroller.permission.ui.GrantPermissionsActivity
11-19 04:39:09.111 1499 5215 I ActivityTaskManager: The Process com.android.permissioncontroller Already Exists in BG. So sending its PID: 9979
11-19 04:39:09.113 1499 5215 W ActivityTaskManager: Tried to set launchTime (0) < mLastActivityLaunchTime (12026283)
11-19 04:39:09.114 1499 5215 I wm_restart_activity: [0,208837693,51,com.android.permissioncontroller/.permission.ui.GrantPermissionsActivity]
11-19 04:39:09.120 1499 5215 I wm_set_resumed_activity: [0,com.android.permissioncontroller/.permission.ui.GrantPermissionsActivity,minimalResumeActivityLocked]
11-19 04:39:09.121 1499 5215 W WindowManager: updateScale0.4617737
11-19 04:39:09.124 1499 5215 W WindowManager: updateScale0.4617737
11-19 04:39:09.127 1499 1637 I sysui_multi_action: [757,803,799,window_time_2,802,2]
11-19 04:39:09.143 7802 7838 W ContextImpl: Calling a method in the system process without a qualified user: android.app.ContextImpl.startService:1816 android.content.ContextWrapper.startService:774 com.thundercomm.gamemode.ingame.services.GameModeActionUtils.startGameModeService:93 com.thundercomm.gamemode.ingame.services.GameModeActionUtils.startGameModeEntry:21 com.thundercomm.gamemode.ingame.services.ActivityMonitoringService$1.onActivityLaunch:127
11-19 04:39:09.150 1499 1499 I GameModeConfig: Current uri is uri = content://com.thundercomm.gamemode.api/gamemode_settings/gamemode_isgaming
11-19 04:39:09.153 9979 9979 I wm_on_create_called: [208837693,com.android.permissioncontroller.permission.ui.GrantPermissionsActivity,performCreate]
11-19 04:39:09.153 1499 1499 I GameModeConfig: isGameModeOn = false
11-19 04:39:09.154 9979 9979 I wm_on_start_called: [208837693,com.android.permissioncontroller.permission.ui.GrantPermissionsActivity,handleStartActivity]
11-19 04:39:09.154 9979 9979 I wm_on_resume_called: [208837693,com.android.permissioncontroller.permission.ui.GrantPermissionsActivity,RESUME_ACTIVITY]
11-19 04:39:09.154 1499 1499 I GameModeConfig: isGameModeOn = false
11-19 04:39:09.154 1499 1499 I GameModeConfig: isDisableVoice = true
11-19 04:39:09.157 9979 9979 I wm_on_top_resumed_gained_called: [208837693,com.android.permissioncontroller.permission.ui.GrantPermissionsActivity,topStateChangedWhenResumed]
11-19 04:39:09.163 1499 5215 I wm_finish_activity: [0,208837693,51,com.android.permissioncontroller/.permission.ui.GrantPermissionsActivity,app-request]
11-19 04:39:09.173 1499 5215 I wm_pause_activity: [0,208837693,com.android.permissioncontroller/.permission.ui.GrantPermissionsActivity,userLeaving=false,finish]
11-19 04:39:09.177 1499 1637 I sysui_multi_action: [757,1144,758,8,806,com.android.permissioncontroller,871,com.android.permissioncontroller.permission.ui.GrantPermissionsActivity]
11-19 04:39:09.184 1499 5215 W WindowManager: updateScale0.4617737
11-19 04:39:09.184 1499 5215 W WindowManager: updateScale0.4617737
11-19 04:39:09.190 9979 9979 I wm_on_top_resumed_lost_called: [208837693,com.android.permissioncontroller.permission.ui.GrantPermissionsActivity,topStateChangedWhenResumed]
11-19 04:39:09.190 1499 1638 W WindowManager: updateScale0.4617737
11-19 04:39:09.192 9979 9979 I wm_on_paused_called: [208837693,com.android.permissioncontroller.permission.ui.GrantPermissionsActivity,performPause]
11-19 04:39:09.193 1499 5215 I ActivityTaskManager: FOREGROUND_APPLICATION_CHANGED to com.android.deskclock.DeskClock
11-19 04:39:09.194 1499 5215 I wm_set_resumed_activity: [0,com.android.deskclock/.DeskClock,resumeTopActivityInnerLocked]
11-19 04:39:09.195 1499 5215 I wm_resume_activity: [0,176962710,51,com.android.deskclock/.DeskClock]
11-19 04:39:09.196 1499 5215 W WindowManager: updateScale0.4617737
11-19 04:39:09.198 1499 5215 W WindowManager: updateScale0.4617737
11-19 04:39:09.200 9544 9544 I wm_on_activity_result_called: [176962710,com.android.deskclock.DeskClock,ACTIVITY_RESULT]
11-19 04:39:09.201 9544 9544 I wm_on_resume_called: [176962710,com.android.deskclock.DeskClock,RESUME_ACTIVITY]
11-19 04:39:09.202 1499 1638 I input_focus: [Focus request e7536b3 com.android.deskclock/com.android.deskclock.DeskClock,reason=UpdateInputWindows]
11-19 04:39:09.203 9544 9544 I wm_on_top_resumed_gained_called: [176962710,com.android.deskclock.DeskClock,topWhenResuming]
11-19 04:39:09.216 1499 1637 I sysui_multi_action: [757,803,799,window_time_2,802,0]
11-19 04:39:09.216 1499 1729 W WindowManager: updateScale0.4617737
11-19 04:39:09.224 1499 4942 I wm_destroy_activity: [0,208837693,51,com.android.permissioncontroller/.permission.ui.GrantPermissionsActivity,finish-idle]
11-19 04:39:09.226 9979 9979 I wm_on_stop_called: [208837693,com.android.permissioncontroller.permission.ui.GrantPermissionsActivity,LIFECYCLER_STOP_ACTIVITY]
11-19 04:39:09.226 9979 9979 I wm_on_destroy_called: [208837693,com.android.permissioncontroller.permission.ui.GrantPermissionsActivity,performDestroy]
11-19 04:39:09.230 1499 4942 W WindowManager: updateScale0.4617737
11-19 04:39:09.240 7802 7838 W ContextImpl: Calling a method in the system process without a qualified user: android.app.ContextImpl.startService:1816 android.content.ContextWrapper.startService:774 com.thundercomm.gamemode.ingame.services.GameModeActionUtils.startGameModeService:93 com.thundercomm.gamemode.ingame.services.GameModeActionUtils.startGameModeEntry:21 com.thundercomm.gamemode.ingame.services.ActivityMonitoringService$1.onActivityLaunch:127
11-19 04:39:09.244 1499 1499 I GameModeConfig: Current uri is uri = content://com.thundercomm.gamemode.api/gamemode_settings/gamemode_isgaming
11-19 04:39:09.246 1499 1499 I GameModeConfig: isGameModeOn = false
11-19 04:39:09.246 1499 1499 I GameModeConfig: isGameModeOn = false
11-19 04:39:09.247 1499 1499 I GameModeConfig: isDisableVoice = true
11-19 04:39:09.305 7802 7838 W ContextImpl: Calling a method in the system process without a qualified user: android.app.ContextImpl.startService:1816 android.content.ContextWrapper.startService:774 com.thundercomm.gamemode.ingame.services.GameModeActionUtils.startGameModeService:93 com.thundercomm.gamemode.ingame.services.GameModeActionUtils.startGameModeEntry:21 com.thundercomm.gamemode.ingame.services.ActivityMonitoringService$1.onActivityLaunch:127
11-19 04:39:09.309 1499 1499 I GameModeConfig: Current uri is uri = content://com.thundercomm.gamemode.api/gamemode_settings/gamemode_isgaming
11-19 04:39:09.310 1499 1499 I GameModeConfig: isGameModeOn = false
11-19 04:39:09.311 1499 1499 I GameModeConfig: isGameModeOn = false
11-19 04:39:09.311 1499 1499 I GameModeConfig: isDisableVoice = true
11-19 04:39:10.131 0 0 I auditd : type=1400 audit(0.0:7782): avc: denied { kill } for comm="swapper/1" capability=5 scontext=u:r:kernel:s0 tcontext=u:r:kernel:s0 tclass=capability permissive=0
11-19 04:39:12.131 0 0 I auditd : type=1400 audit(0.0:7783): avc: denied { kill } for comm="swapper/1" capability=5 scontext=u:r:kernel:s0 tcontext=u:r:kernel:s0 tclass=capability permissive=0
11-19 04:39:13.131 0 0 I auditd : type=1400 audit(0.0:7784): avc: denied { kill } for comm="swapper/1" capability=5 scontext=u:r:kernel:s0 tcontext=u:r:kernel:s0 tclass=capability permissive=0
11-19 04:39:14.131 0 0 I auditd : type=1400 audit(0.0:7785): avc: denied { kill } for comm="swapper/1" capability=5 scontext=u:r:kernel:s0 tcontext=u:r:kernel:s0 tclass=capability permissive=0
11-19 04:39:15.131 0 0 I auditd : type=1400 audit(0.0:7786): avc: denied { kill } for comm="swapper/1" capability=5 scontext=u:r:kernel:s0 tcontext=u:r:kernel:s0 tclass=capability permissive=0
11-19 04:39:16.131 0 0 I auditd : type=1400 audit(0.0:7787): avc: denied { kill } for comm="swapper/1" capability=5 scontext=u:r:kernel:s0 tcontext=u:r:kernel:s0 tclass=capability permissive=0
11-19 04:39:17.131 0 0 I auditd : type=1400 audit(0.0:7788): avc: denied { kill } for comm="swapper/1" capability=5 scontext=u:r:kernel:s0 tcontext=u:r:kernel:s0 tclass=capability permissive=0
11-19 04:39:18.131 0 0 I auditd : type=1400 audit(0.0:7789): avc: denied { kill } for comm="swapper/1" capability=5 scontext=u:r:kernel:s0 tcontext=u:r:kernel:s0 tclass=capability permissive=0
11-19 04:39:19.131 0 0 I auditd : type=1400 audit(0.0:7790): avc: denied { kill } for comm="swapper/1" capability=5 scontext=u:r:kernel:s0 tcontext=u:r:kernel:s0 tclass=capability permissive=0
11-19 04:39:20.131 0 0 I auditd : type=1400 audit(0.0:7791): avc: denied { kill } for comm="swapper/1" capability=5 scontext=u:r:kernel:s0 tcontext=u:r:kernel:s0 tclass=capability permissive=0
11-19 04:39:21.131 0 0 I auditd : type=1400 audit(0.0:7792): avc: denied { kill } for comm="swapper/1" capability=5 scontext=u:r:kernel:s0 tcontext=u:r:kernel:s0 tclass=capability permissive=0
11-19 04:39:22.131 0 0 I auditd : type=1400 audit(0.0:7793): avc: denied { kill } for comm="swapper/1" capability=5 scontext=u:r:kernel:s0 tcontext=u:r:kernel:s0 tclass=capability permissive=0
11-19 04:39:23.131 0 0 I auditd : type=1400 audit(0.0:7794): avc: denied { kill } for comm="swapper/1" capability=5 scontext=u:r:kernel:s0 tcontext=u:r:kernel:s0 tclass=capability permissive=0
11-19 04:39:24.131 0 0 I auditd : type=1400 audit(0.0:7795): avc: denied { kill } for comm="swapper/1" capability=5 scontext=u:r:kernel:s0 tcontext=u:r:kernel:s0 tclass=capability permissive=0
11-19 04:39:25.131 0 0 I auditd : type=1400 audit(0.0:7796): avc: denied { kill } for comm="swapper/1" capability=5 scontext=u:r:kernel:s0 tcontext=u:r:kernel:s0 tclass=capability permissive=0
11-19 04:39:26.131 0 0 I auditd : type=1400 audit(0.0:7797): avc: denied { kill } for comm="swapper/1" capability=5 scontext=u:r:kernel:s0 tcontext=u:r:kernel:s0 tclass=capability permissive=0
11-19 04:39:27.131 0 0 I auditd : type=1400 audit(0.0:7798): avc: denied { kill } for comm="swapper/1" capability=5 scontext=u:r:kernel:s0 tcontext=u:r:kernel:s0 tclass=capability permissive=0
11-19 04:39:28.131 0 0 I auditd : type=1400 audit(0.0:7799): avc: denied { kill } for comm="swapper/1" capability=5 scontext=u:r:kernel:s0 tcontext=u:r:kernel:s0 tclass=capability permissive=0
11-19 04:39:29.131 0 0 I auditd : type=1400 audit(0.0:7800): avc: denied { kill } for comm="swapper/1" capability=5 scontext=u:r:kernel:s0 tcontext=u:r:kernel:s0 tclass=capability permissive=0
11-19 04:39:30.131 0 0 I auditd : type=1400 audit(0.0:7801): avc: denied { kill } for comm="swapper/1" capability=5 scontext=u:r:kernel:s0 tcontext=u:r:kernel:s0 tclass=capability permissive=0
11-19 04:39:31.131 0 0 I auditd : type=1400 audit(0.0:7802): avc: denied { kill } for comm="swapper/1" capability=5 scontext=u:r:kernel:s0 tcontext=u:r:kernel:s0 tclass=capability permissive=0
11-19 04:39:32.131 0 0 I auditd : type=1400 audit(0.0:7803): avc: denied { kill } for comm="swapper/1" capability=5 scontext=u:r:kernel:s0 tcontext=u:r:kernel:s0 tclass=capability permissive=0
11-19 04:39:33.131 0 0 I auditd : type=1400 audit(0.0:7804): avc: denied { kill } for comm="swapper/1" capability=5 scontext=u:r:kernel:s0 tcontext=u:r:kernel:s0 tclass=capability permissive=0
11-19 04:39:34.131 0 0 I auditd : type=1400 audit(0.0:7805): avc: denied { kill } for comm="swapper/1" capability=5 scontext=u:r:kernel:s0 tcontext=u:r:kernel:s0 tclass=capability permissive=0
11-19 04:39:35.131 0 0 I auditd : type=1400 audit(0.0:7806): avc: denied { kill } for comm="swapper/1" capability=5 scontext=u:r:kernel:s0 tcontext=u:r:kernel:s0 tclass=capability permissive=0
11-19 04:39:36.131 0 0 I auditd : type=1400 audit(0.0:7807): avc: denied { kill } for comm="swapper/1" capability=5 scontext=u:r:kernel:s0 tcontext=u:r:kernel:s0 tclass=capability permissive=0
11-19 04:39:37.131 0 0 I auditd : type=1400 audit(0.0:7808): avc: denied { kill } for comm="swapper/1" capability=5 scontext=u:r:kernel:s0 tcontext=u:r:kernel:s0 tclass=capability permissive=0
11-19 04:39:38.131 0 0 I auditd : type=1400 audit(0.0:7809): avc: denied { kill } for comm="swapper/1" capability=5 scontext=u:r:kernel:s0 tcontext=u:r:kernel:s0 tclass=capability permissive=0
11-19 04:39:39.131 0 0 I auditd : type=1400 audit(0.0:7810): avc: denied { kill } for comm="swapper/1" capability=5 scontext=u:r:kernel:s0 tcontext=u:r:kernel:s0 tclass=capability permissive=0
11-19 04:39:40.131 0 0 I auditd : type=1400 audit(0.0:7811): avc: denied { kill } for comm="swapper/1" capability=5 scontext=u:r:kernel:s0 tcontext=u:r:kernel:s0 tclass=capability permissive=0
11-19 04:39:41.131 0 0 I auditd : type=1400 audit(0.0:7812): avc: denied { kill } for comm="swapper/1" capability=5 scontext=u:r:kernel:s0 tcontext=u:r:kernel:s0 tclass=capability permissive=0
11-19 04:39:42.131 0 0 I auditd : type=1400 audit(0.0:7813): avc: denied { kill } for comm="swapper/1" capability=5 scontext=u:r:kernel:s0 tcontext=u:r:kernel:s0 tclass=capability permissive=0
11-19 04:39:43.131 0 0 I auditd : type=1400 audit(0.0:7814): avc: denied { kill } for comm="swapper/1" capability=5 scontext=u:r:kernel:s0 tcontext=u:r:kernel:s0 tclass=capability permissive=0
11-19 04:39:43.281 1499 1645 I am_uid_idle: 10050
11-19 04:39:44.131 0 0 I auditd : type=1400 audit(0.0:7815): avc: denied { kill } for comm="swapper/1" capability=5 scontext=u:r:kernel:s0 tcontext=u:r:kernel:s0 tclass=capability permissive=0
11-19 04:39:45.131 0 0 I auditd : type=1400 audit(0.0:7816): avc: denied { kill } for comm="swapper/1" capability=5 scontext=u:r:kernel:s0 tcontext=u:r:kernel:s0 tclass=capability permissive=0
11-19 04:39:46.131 0 0 I auditd : type=1400 audit(0.0:7817): avc: denied { kill } for comm="swapper/1" capability=5 scontext=u:r:kernel:s0 tcontext=u:r:kernel:s0 tclass=capability permissive=0
11-19 04:39:47.131 0 0 I auditd : type=1400 audit(0.0:7818): avc: denied { kill } for comm="swapper/1" capability=5 scontext=u:r:kernel:s0 tcontext=u:r:kernel:s0 tclass=capability permissive=0
11-19 04:39:48.131 0 0 I auditd : type=1400 audit(0.0:7819): avc: denied { kill } for comm="swapper/1" capability=5 scontext=u:r:kernel:s0 tcontext=u:r:kernel:s0 tclass=capability permissive=0
11-19 04:39:49.131 0 0 I auditd : type=1400 audit(0.0:7820): avc: denied { kill } for comm="swapper/1" capability=5 scontext=u:r:kernel:s0 tcontext=u:r:kernel:s0 tclass=capability permissive=0
11-19 04:39:50.131 0 0 I auditd : type=1400 audit(0.0:7821): avc: denied { kill } for comm="swapper/1" capability=5 scontext=u:r:kernel:s0 tcontext=u:r:kernel:s0 tclass=capability permissive=0
11-19 04:39:51.131 0 0 I auditd : type=1400 audit(0.0:7822): avc: denied { kill } for comm="swapper/1" capability=5 scontext=u:r:kernel:s0 tcontext=u:r:kernel:s0 tclass=capability permissive=0
11-19 04:39:52.131 0 0 I auditd : type=1400 audit(0.0:7823): avc: denied { kill } for comm="swapper/1" capability=5 scontext=u:r:kernel:s0 tcontext=u:r:kernel:s0 tclass=capability permissive=0
11-19 04:39:53.131 0 0 I auditd : type=1400 audit(0.0:7824): avc: denied { kill } for comm="swapper/1" capability=5 scontext=u:r:kernel:s0 tcontext=u:r:kernel:s0 tclass=capability permissive=0
11-19 04:39:54.131 0 0 I auditd : type=1400 audit(0.0:7825): avc: denied { kill } for comm="swapper/1" capability=5 scontext=u:r:kernel:s0 tcontext=u:r:kernel:s0 tclass=capability permissive=0
11-19 04:39:55.131 0 0 I auditd : type=1400 audit(0.0:7826): avc: denied { kill } for comm="swapper/1" capability=5 scontext=u:r:kernel:s0 tcontext=u:r:kernel:s0 tclass=capability permissive=0
11-19 04:39:56.131 0 0 I auditd : type=1400 audit(0.0:7827): avc: denied { kill } for comm="swapper/1" capability=5 scontext=u:r:kernel:s0 tcontext=u:r:kernel:s0 tclass=capability permissive=0
11-19 04:39:57.131 0 0 I auditd : type=1400 audit(0.0:7828): avc: denied { kill } for comm="swapper/1" capability=5 scontext=u:r:kernel:s0 tcontext=u:r:kernel:s0 tclass=capability permissive=0
11-19 04:39:58.131 0 0 I auditd : type=1400 audit(0.0:7829): avc: denied { kill } for comm="swapper/1" capability=5 scontext=u:r:kernel:s0 tcontext=u:r:kernel:s0 tclass=capability permissive=0
11-19 04:39:59.131 0 0 I auditd : type=1400 audit(0.0:7830): avc: denied { kill } for comm="swapper/1" capability=5 scontext=u:r:kernel:s0 tcontext=u:r:kernel:s0 tclass=capability permissive=0
11-19 04:40:00.131 0 0 I auditd : type=1400 audit(0.0:7831): avc: denied { kill } for comm="swapper/1" capability=5 scontext=u:r:kernel:s0 tcontext=u:r:kernel:s0 tclass=capability permissive=0
11-19 04:40:01.131 0 0 I auditd : type=1400 audit(0.0:7832): avc: denied { kill } for comm="swapper/1" capability=5 scontext=u:r:kernel:s0 tcontext=u:r:kernel:s0 tclass=capability permissive=0
11-19 04:40:01.963 1499 1663 V DisplayPowerController[0]: Brightness [0.05] reason changing to: 'manual [ dim ]', previous reason: 'manual'.
11-19 04:40:01.963 1499 1663 I sysui_multi_action: [757,1696,758,6,759,2]
11-19 04:40:01.964 1499 1663 W PowerManagerService: Screen on took 79242 ms
11-19 04:40:01.969 1499 2319 E DisplayDeviceConfig: requesting nits when no mapping exists.
11-19 04:40:01.971 1499 1645 I am_wtf : [0,1499,system_server,-1,DisplayDeviceConfig,requesting nits when no mapping exists.]
11-19 04:40:01.971 1499 2319 E DisplayDeviceConfig: requesting nits when no mapping exists.
11-19 04:40:01.972 1499 1645 I DropBoxManagerService: add tag=system_server_wtf isTagEnabled=true flags=0x2
11-19 04:40:01.974 1499 1645 I am_wtf : [0,1499,system_server,-1,DisplayDeviceConfig,requesting nits when no mapping exists.]
11-19 04:40:01.975 1499 1645 I DropBoxManagerService: add tag=system_server_wtf isTagEnabled=true flags=0x2
11-19 04:40:01.986 1499 2319 E DisplayDeviceConfig: requesting nits when no mapping exists.
11-19 04:40:01.986 1499 1645 I am_wtf : [0,1499,system_server,-1,DisplayDeviceConfig,requesting nits when no mapping exists.]
11-19 04:40:01.986 1499 2319 E DisplayDeviceConfig: requesting nits when no mapping exists.
11-19 04:40:01.987 1499 1645 I DropBoxManagerService: add tag=system_server_wtf isTagEnabled=true flags=0x2
11-19 04:40:01.988 1499 1645 I am_wtf : [0,1499,system_server,-1,DisplayDeviceConfig,requesting nits when no mapping exists.]
11-19 04:40:01.988 1499 1645 I DropBoxManagerService: add tag=system_server_wtf isTagEnabled=true flags=0x2
11-19 04:40:02.002 1499 2319 E DisplayDeviceConfig: requesting nits when no mapping exists.
11-19 04:40:02.003 1499 2319 E DisplayDeviceConfig: requesting nits when no mapping exists.
11-19 04:40:02.003 1499 1645 I am_wtf : [0,1499,system_server,-1,DisplayDeviceConfig,requesting nits when no mapping exists.]
11-19 04:40:02.004 1499 1645 I DropBoxManagerService: add tag=system_server_wtf isTagEnabled=true flags=0x2
11-19 04:40:02.005 1499 1645 I am_wtf : [0,1499,system_server,-1,DisplayDeviceConfig,requesting nits when no mapping exists.]
11-19 04:40:02.006 1499 2319 E DisplayDeviceConfig: requesting nits when no mapping exists.
11-19 04:40:02.007 1499 2319 E DisplayDeviceConfig: requesting nits when no mapping exists.
11-19 04:40:02.007 1499 1645 I am_wtf : [0,1499,system_server,-1,DisplayDeviceConfig,requesting nits when no mapping exists.]
11-19 04:40:02.008 1499 1645 I am_wtf : [0,1499,system_server,-1,DisplayDeviceConfig,requesting nits when no mapping exists.]
11-19 04:40:02.023 1499 2319 E DisplayDeviceConfig: requesting nits when no mapping exists.
11-19 04:40:02.023 1499 2319 E DisplayDeviceConfig: requesting nits when no mapping exists.
11-19 04:40:02.023 1499 1645 I am_wtf : [0,1499,system_server,-1,DisplayDeviceConfig,requesting nits when no mapping exists.]
11-19 04:40:02.024 1499 1645 I am_wtf : [0,1499,system_server,-1,DisplayDeviceConfig,requesting nits when no mapping exists.]
11-19 04:40:02.039 1499 2319 E DisplayDeviceConfig: requesting nits when no mapping exists.
11-19 04:40:02.040 1499 1645 I am_wtf : [0,1499,system_server,-1,DisplayDeviceConfig,requesting nits when no mapping exists.]
11-19 04:40:02.040 1499 2319 E DisplayDeviceConfig: requesting nits when no mapping exists.
11-19 04:40:02.041 1499 1645 I am_wtf : [0,1499,system_server,-1,DisplayDeviceConfig,requesting nits when no mapping exists.]
11-19 04:40:02.056 1499 2319 E DisplayDeviceConfig: requesting nits when no mapping exists.
11-19 04:40:02.057 1499 2319 E DisplayDeviceConfig: requesting nits when no mapping exists.
11-19 04:40:02.057 1499 1645 I am_wtf : [0,1499,system_server,-1,DisplayDeviceConfig,requesting nits when no mapping exists.]
11-19 04:40:02.058 1499 1645 I am_wtf : [0,1499,system_server,-1,DisplayDeviceConfig,requesting nits when no mapping exists.]
11-19 04:40:02.073 1499 2319 E DisplayDeviceConfig: requesting nits when no mapping exists.
11-19 04:40:02.074 1499 1645 I am_wtf : [0,1499,system_server,-1,DisplayDeviceConfig,requesting nits when no mapping exists.]
11-19 04:40:02.074 1499 2319 E DisplayDeviceConfig: requesting nits when no mapping exists.
11-19 04:40:02.074 1499 1645 I am_wtf : [0,1499,system_server,-1,DisplayDeviceConfig,requesting nits when no mapping exists.]
11-19 04:40:02.090 1499 2319 E DisplayDeviceConfig: requesting nits when no mapping exists.
11-19 04:40:02.090 1499 1645 I am_wtf : [0,1499,system_server,-1,DisplayDeviceConfig,requesting nits when no mapping exists.]
11-19 04:40:02.090 1499 2319 E DisplayDeviceConfig: requesting nits when no mapping exists.
11-19 04:40:02.091 1499 1645 I service_manager_stats: [100,73,1472601]
11-19 04:40:02.091 1499 1645 I am_wtf : [0,1499,system_server,-1,DisplayDeviceConfig,requesting nits when no mapping exists.]
11-19 04:40:02.106 1499 2319 E DisplayDeviceConfig: requesting nits when no mapping exists.
11-19 04:40:02.107 1499 2319 E DisplayDeviceConfig: requesting nits when no mapping exists.
11-19 04:40:02.107 1499 1645 I am_wtf : [0,1499,system_server,-1,DisplayDeviceConfig,requesting nits when no mapping exists.]
11-19 04:40:02.108 1499 1645 I am_wtf : [0,1499,system_server,-1,DisplayDeviceConfig,requesting nits when no mapping exists.]
11-19 04:40:02.123 1499 2319 E DisplayDeviceConfig: requesting nits when no mapping exists.
11-19 04:40:02.124 1499 1645 I am_wtf : [0,1499,system_server,-1,DisplayDeviceConfig,requesting nits when no mapping exists.]
11-19 04:40:02.124 1499 2319 E DisplayDeviceConfig: requesting nits when no mapping exists.
11-19 04:40:02.125 1499 1645 I am_wtf : [0,1499,system_server,-1,DisplayDeviceConfig,requesting nits when no mapping exists.]
11-19 04:40:02.131 473 473 I auditd : type=1400 audit(0.0:7833): avc: denied { kill } for comm="ueventd" capability=5 scontext=u:r:ueventd:s0 tcontext=u:r:ueventd:s0 tclass=capability permissive=0
11-19 04:40:02.140 1499 2319 E DisplayDeviceConfig: requesting nits when no mapping exists.
11-19 04:40:02.140 1499 2319 E DisplayDeviceConfig: requesting nits when no mapping exists.
11-19 04:40:02.140 1499 1645 I am_wtf : [0,1499,system_server,-1,DisplayDeviceConfig,requesting nits when no mapping exists.]
11-19 04:40:02.141 1499 1645 I am_wtf : [0,1499,system_server,-1,DisplayDeviceConfig,requesting nits when no mapping exists.]
11-19 04:40:02.157 1499 2319 E DisplayDeviceConfig: requesting nits when no mapping exists.
11-19 04:40:02.158 1499 1645 I am_wtf : [0,1499,system_server,-1,DisplayDeviceConfig,requesting nits when no mapping exists.]
11-19 04:40:02.158 1499 2319 E DisplayDeviceConfig: requesting nits when no mapping exists.
11-19 04:40:02.159 1499 1645 I am_wtf : [0,1499,system_server,-1,DisplayDeviceConfig,requesting nits when no mapping exists.]
11-19 04:40:02.173 1499 2319 E DisplayDeviceConfig: requesting nits when no mapping exists.
11-19 04:40:02.174 1499 2319 E DisplayDeviceConfig: requesting nits when no mapping exists.
11-19 04:40:02.174 1499 1645 I am_wtf : [0,1499,system_server,-1,DisplayDeviceConfig,requesting nits when no mapping exists.]
11-19 04:40:02.174 1499 1645 I am_wtf : [0,1499,system_server,-1,DisplayDeviceConfig,requesting nits when no mapping exists.]
11-19 04:40:02.190 1499 2319 E DisplayDeviceConfig: requesting nits when no mapping exists.
11-19 04:40:02.190 1499 2319 E DisplayDeviceConfig: requesting nits when no mapping exists.
11-19 04:40:02.190 1499 1645 I am_wtf : [0,1499,system_server,-1,DisplayDeviceConfig,requesting nits when no mapping exists.]
11-19 04:40:02.191 1499 1645 I am_wtf : [0,1499,system_server,-1,DisplayDeviceConfig,requesting nits when no mapping exists.]
11-19 04:40:02.206 1499 2319 E DisplayDeviceConfig: requesting nits when no mapping exists.
11-19 04:40:02.207 1499 1645 I am_wtf : [0,1499,system_server,-1,DisplayDeviceConfig,requesting nits when no mapping exists.]
11-19 04:40:02.207 1499 2319 E DisplayDeviceConfig: requesting nits when no mapping exists.
11-19 04:40:02.207 1499 1645 I am_wtf : [0,1499,system_server,-1,DisplayDeviceConfig,requesting nits when no mapping exists.]
11-19 04:40:02.223 1499 2319 E DisplayDeviceConfig: requesting nits when no mapping exists.
11-19 04:40:02.224 1499 2319 E DisplayDeviceConfig: requesting nits when no mapping exists.
11-19 04:40:02.224 1499 1645 I am_wtf : [0,1499,system_server,-1,DisplayDeviceConfig,requesting nits when no mapping exists.]
11-19 04:40:02.224 1499 1645 I am_wtf : [0,1499,system_server,-1,DisplayDeviceConfig,requesting nits when no mapping exists.]
11-19 04:40:02.240 1499 2319 E DisplayDeviceConfig: requesting nits when no mapping exists.
11-19 04:40:02.241 1499 1645 I am_wtf : [0,1499,system_server,-1,DisplayDeviceConfig,requesting nits when no mapping exists.]
11-19 04:40:02.241 1499 2319 E DisplayDeviceConfig: requesting nits when no mapping exists.
11-19 04:40:02.242 1499 1645 I am_wtf : [0,1499,system_server,-1,DisplayDeviceConfig,requesting nits when no mapping exists.]
11-19 04:40:02.257 1499 2319 E DisplayDeviceConfig: requesting nits when no mapping exists.
11-19 04:40:02.257 1499 2319 E DisplayDeviceConfig: requesting nits when no mapping exists.
11-19 04:40:02.257 1499 1645 I am_wtf : [0,1499,system_server,-1,DisplayDeviceConfig,requesting nits when no mapping exists.]
11-19 04:40:02.258 1499 1645 I am_wtf : [0,1499,system_server,-1,DisplayDeviceConfig,requesting nits when no mapping exists.]
11-19 04:40:02.273 1499 2319 E DisplayDeviceConfig: requesting nits when no mapping exists.
11-19 04:40:02.274 1499 2319 E DisplayDeviceConfig: requesting nits when no mapping exists.
11-19 04:40:02.274 1499 1645 I am_wtf : [0,1499,system_server,-1,DisplayDeviceConfig,requesting nits when no mapping exists.]
11-19 04:40:02.274 1499 1645 I am_wtf : [0,1499,system_server,-1,DisplayDeviceConfig,requesting nits when no mapping exists.]
11-19 04:40:02.290 1499 2319 E DisplayDeviceConfig: requesting nits when no mapping exists.
11-19 04:40:02.291 1499 1645 I am_wtf : [0,1499,system_server,-1,DisplayDeviceConfig,requesting nits when no mapping exists.]
11-19 04:40:02.291 1499 2319 E DisplayDeviceConfig: requesting nits when no mapping exists.
11-19 04:40:02.292 1499 1645 I am_wtf : [0,1499,system_server,-1,DisplayDeviceConfig,requesting nits when no mapping exists.]
11-19 04:40:02.307 1499 2319 E DisplayDeviceConfig: requesting nits when no mapping exists.
11-19 04:40:02.308 1499 1645 I am_wtf : [0,1499,system_server,-1,DisplayDeviceConfig,requesting nits when no mapping exists.]
11-19 04:40:02.308 1499 2319 E DisplayDeviceConfig: requesting nits when no mapping exists.
11-19 04:40:02.309 1499 1645 I am_wtf : [0,1499,system_server,-1,DisplayDeviceConfig,requesting nits when no mapping exists.]
11-19 04:40:02.324 1499 2319 E DisplayDeviceConfig: requesting nits when no mapping exists.
11-19 04:40:02.325 1499 1645 I am_wtf : [0,1499,system_server,-1,DisplayDeviceConfig,requesting nits when no mapping exists.]
11-19 04:40:02.325 1499 2319 E DisplayDeviceConfig: requesting nits when no mapping exists.
11-19 04:40:02.325 1499 1645 I am_wtf : [0,1499,system_server,-1,DisplayDeviceConfig,requesting nits when no mapping exists.]
11-19 04:40:02.340 1499 2319 E DisplayDeviceConfig: requesting nits when no mapping exists.
11-19 04:40:02.341 1499 1645 I am_wtf : [0,1499,system_server,-1,DisplayDeviceConfig,requesting nits when no mapping exists.]
11-19 04:40:02.342 1499 2319 E DisplayDeviceConfig: requesting nits when no mapping exists.
11-19 04:40:02.342 1499 1645 I am_wtf : [0,1499,system_server,-1,DisplayDeviceConfig,requesting nits when no mapping exists.]
11-19 04:40:02.357 1499 2319 E DisplayDeviceConfig: requesting nits when no mapping exists.
11-19 04:40:02.358 1499 1645 I am_wtf : [0,1499,system_server,-1,DisplayDeviceConfig,requesting nits when no mapping exists.]
11-19 04:40:02.358 1499 2319 E DisplayDeviceConfig: requesting nits when no mapping exists.
11-19 04:40:02.359 1499 1645 I am_wtf : [0,1499,system_server,-1,DisplayDeviceConfig,requesting nits when no mapping exists.]
11-19 04:40:02.373 1499 2319 E DisplayDeviceConfig: requesting nits when no mapping exists.
11-19 04:40:02.374 1499 1645 I am_wtf : [0,1499,system_server,-1,DisplayDeviceConfig,requesting nits when no mapping exists.]
11-19 04:40:02.374 1499 2319 E DisplayDeviceConfig: requesting nits when no mapping exists.
11-19 04:40:02.375 1499 1645 I am_wtf : [0,1499,system_server,-1,DisplayDeviceConfig,requesting nits when no mapping exists.]
11-19 04:40:02.390 1499 2319 E DisplayDeviceConfig: requesting nits when no mapping exists.
11-19 04:40:02.390 1499 2319 E DisplayDeviceConfig: requesting nits when no mapping exists.
11-19 04:40:02.391 1499 1645 I am_wtf : [0,1499,system_server,-1,DisplayDeviceConfig,requesting nits when no mapping exists.]
11-19 04:40:02.391 1499 1645 I am_wtf : [0,1499,system_server,-1,DisplayDeviceConfig,requesting nits when no mapping exists.]
11-19 04:40:02.407 1499 2319 E DisplayDeviceConfig: requesting nits when no mapping exists.
11-19 04:40:02.407 1499 2319 E DisplayDeviceConfig: requesting nits when no mapping exists.
11-19 04:40:02.407 1499 1645 I am_wtf : [0,1499,system_server,-1,DisplayDeviceConfig,requesting nits when no mapping exists.]
11-19 04:40:02.408 1499 1645 I am_wtf : [0,1499,system_server,-1,DisplayDeviceConfig,requesting nits when no mapping exists.]
11-19 04:40:02.423 1499 2319 E DisplayDeviceConfig: requesting nits when no mapping exists.
11-19 04:40:02.424 1499 2319 E DisplayDeviceConfig: requesting nits when no mapping exists.
11-19 04:40:02.424 1499 1645 I am_wtf : [0,1499,system_server,-1,DisplayDeviceConfig,requesting nits when no mapping exists.]
11-19 04:40:02.425 1499 1645 I am_wtf : [0,1499,system_server,-1,DisplayDeviceConfig,requesting nits when no mapping exists.]
11-19 04:40:02.440 1499 2319 E DisplayDeviceConfig: requesting nits when no mapping exists.
11-19 04:40:02.441 1499 1645 I am_wtf : [0,1499,system_server,-1,DisplayDeviceConfig,requesting nits when no mapping exists.]
11-19 04:40:02.442 1499 2319 E DisplayDeviceConfig: requesting nits when no mapping exists.
11-19 04:40:02.442 1499 1645 I am_wtf : [0,1499,system_server,-1,DisplayDeviceConfig,requesting nits when no mapping exists.]
11-19 04:40:02.457 1499 2319 E DisplayDeviceConfig: requesting nits when no mapping exists.
11-19 04:40:02.458 1499 1645 I am_wtf : [0,1499,system_server,-1,DisplayDeviceConfig,requesting nits when no mapping exists.]
11-19 04:40:02.458 1499 2319 E DisplayDeviceConfig: requesting nits when no mapping exists.
11-19 04:40:02.459 1499 1645 I am_wtf : [0,1499,system_server,-1,DisplayDeviceConfig,requesting nits when no mapping exists.]
11-19 04:40:02.474 1499 2319 E DisplayDeviceConfig: requesting nits when no mapping exists.
11-19 04:40:02.474 1499 1645 I am_wtf : [0,1499,system_server,-1,DisplayDeviceConfig,requesting nits when no mapping exists.]
11-19 04:40:02.474 1499 2319 E DisplayDeviceConfig: requesting nits when no mapping exists.
11-19 04:40:02.475 1499 1645 I am_wtf : [0,1499,system_server,-1,DisplayDeviceConfig,requesting nits when no mapping exists.]
11-19 04:40:02.491 1499 2319 E DisplayDeviceConfig: requesting nits when no mapping exists.
11-19 04:40:02.491 1499 2319 E DisplayDeviceConfig: requesting nits when no mapping exists.
11-19 04:40:02.492 1499 1645 I am_wtf : [0,1499,system_server,-1,DisplayDeviceConfig,requesting nits when no mapping exists.]
11-19 04:40:02.492 1499 1645 I am_wtf : [0,1499,system_server,-1,DisplayDeviceConfig,requesting nits when no mapping exists.]
11-19 04:40:02.507 1499 2319 E DisplayDeviceConfig: requesting nits when no mapping exists.
11-19 04:40:02.507 1499 2319 E DisplayDeviceConfig: requesting nits when no mapping exists.
11-19 04:40:02.508 1499 1645 I am_wtf : [0,1499,system_server,-1,DisplayDeviceConfig,requesting nits when no mapping exists.]
11-19 04:40:02.509 1499 1645 I am_wtf : [0,1499,system_server,-1,DisplayDeviceConfig,requesting nits when no mapping exists.]
11-19 04:40:02.524 1499 2319 E DisplayDeviceConfig: requesting nits when no mapping exists.
11-19 04:40:02.525 1499 2319 E DisplayDeviceConfig: requesting nits when no mapping exists.
11-19 04:40:02.525 1499 1645 I am_wtf : [0,1499,system_server,-1,DisplayDeviceConfig,requesting nits when no mapping exists.]
11-19 04:40:02.526 1499 1645 I am_wtf : [0,1499,system_server,-1,DisplayDeviceConfig,requesting nits when no mapping exists.]
11-19 04:40:02.541 1499 2319 E DisplayDeviceConfig: requesting nits when no mapping exists.
11-19 04:40:02.542 1499 2319 E DisplayDeviceConfig: requesting nits when no mapping exists.
11-19 04:40:02.542 1499 1645 I am_wtf : [0,1499,system_server,-1,DisplayDeviceConfig,requesting nits when no mapping exists.]
11-19 04:40:02.542 1499 1645 I am_wtf : [0,1499,system_server,-1,DisplayDeviceConfig,requesting nits when no mapping exists.]
11-19 04:40:02.558 1499 2319 E DisplayDeviceConfig: requesting nits when no mapping exists.
11-19 04:40:02.558 1499 1645 I am_wtf : [0,1499,system_server,-1,DisplayDeviceConfig,requesting nits when no mapping exists.]
11-19 04:40:02.558 1499 2319 E DisplayDeviceConfig: requesting nits when no mapping exists.
11-19 04:40:02.559 1499 1645 I am_wtf : [0,1499,system_server,-1,DisplayDeviceConfig,requesting nits when no mapping exists.]
11-19 04:40:02.574 1499 2319 E DisplayDeviceConfig: requesting nits when no mapping exists.
11-19 04:40:02.575 1499 1645 I am_wtf : [0,1499,system_server,-1,DisplayDeviceConfig,requesting nits when no mapping exists.]
11-19 04:40:02.575 1499 2319 E DisplayDeviceConfig: requesting nits when no mapping exists.
11-19 04:40:02.576 1499 1645 I am_wtf : [0,1499,system_server,-1,DisplayDeviceConfig,requesting nits when no mapping exists.]
11-19 04:40:02.590 1499 2319 E DisplayDeviceConfig: requesting nits when no mapping exists.
11-19 04:40:02.591 1499 2319 E DisplayDeviceConfig: requesting nits when no mapping exists.
11-19 04:40:02.591 1499 1645 I am_wtf : [0,1499,system_server,-1,DisplayDeviceConfig,requesting nits when no mapping exists.]
11-19 04:40:02.592 1499 1645 I am_wtf : [0,1499,system_server,-1,DisplayDeviceConfig,requesting nits when no mapping exists.]
11-19 04:40:02.607 1499 2319 E DisplayDeviceConfig: requesting nits when no mapping exists.
11-19 04:40:02.608 1499 2319 E DisplayDeviceConfig: requesting nits when no mapping exists.
11-19 04:40:02.608 1499 1645 I am_wtf : [0,1499,system_server,-1,DisplayDeviceConfig,requesting nits when no mapping exists.]
11-19 04:40:02.608 1499 1645 I am_wtf : [0,1499,system_server,-1,DisplayDeviceConfig,requesting nits when no mapping exists.]
11-19 04:40:02.624 1499 2319 E DisplayDeviceConfig: requesting nits when no mapping exists.
11-19 04:40:02.625 1499 1645 I am_wtf : [0,1499,system_server,-1,DisplayDeviceConfig,requesting nits when no mapping exists.]
11-19 04:40:02.625 1499 2319 E DisplayDeviceConfig: requesting nits when no mapping exists.
11-19 04:40:02.626 1499 1645 I am_wtf : [0,1499,system_server,-1,DisplayDeviceConfig,requesting nits when no mapping exists.]
11-19 04:40:02.641 1499 2319 E DisplayDeviceConfig: requesting nits when no mapping exists.
11-19 04:40:02.641 1499 1645 I am_wtf : [0,1499,system_server,-1,DisplayDeviceConfig,requesting nits when no mapping exists.]
11-19 04:40:02.641 1499 2319 E DisplayDeviceConfig: requesting nits when no mapping exists.
11-19 04:40:02.642 1499 1645 I am_wtf : [0,1499,system_server,-1,DisplayDeviceConfig,requesting nits when no mapping exists.]
11-19 04:40:02.658 1499 2319 E DisplayDeviceConfig: requesting nits when no mapping exists.
11-19 04:40:02.658 1499 2319 E DisplayDeviceConfig: requesting nits when no mapping exists.
11-19 04:40:02.658 1499 1645 I am_wtf : [0,1499,system_server,-1,DisplayDeviceConfig,requesting nits when no mapping exists.]
11-19 04:40:02.659 1499 1645 I am_wtf : [0,1499,system_server,-1,DisplayDeviceConfig,requesting nits when no mapping exists.]
11-19 04:40:02.674 1499 2319 E DisplayDeviceConfig: requesting nits when no mapping exists.
11-19 04:40:02.674 1499 2319 E DisplayDeviceConfig: requesting nits when no mapping exists.
11-19 04:40:02.674 1499 1645 I am_wtf : [0,1499,system_server,-1,DisplayDeviceConfig,requesting nits when no mapping exists.]
11-19 04:40:02.675 1499 1645 I am_wtf : [0,1499,system_server,-1,DisplayDeviceConfig,requesting nits when no mapping exists.]
11-19 04:40:02.690 1499 2319 E DisplayDeviceConfig: requesting nits when no mapping exists.
11-19 04:40:02.691 1499 2319 E DisplayDeviceConfig: requesting nits when no mapping exists.
11-19 04:40:02.691 1499 1645 I am_wtf : [0,1499,system_server,-1,DisplayDeviceConfig,requesting nits when no mapping exists.]
11-19 04:40:02.692 1499 1645 I am_wtf : [0,1499,system_server,-1,DisplayDeviceConfig,requesting nits when no mapping exists.]
11-19 04:40:02.707 1499 2319 E DisplayDeviceConfig: requesting nits when no mapping exists.
11-19 04:40:02.708 1499 1645 I am_wtf : [0,1499,system_server,-1,DisplayDeviceConfig,requesting nits when no mapping exists.]
11-19 04:40:02.708 1499 2319 E DisplayDeviceConfig: requesting nits when no mapping exists.
11-19 04:40:02.709 1499 1645 I am_wtf : [0,1499,system_server,-1,DisplayDeviceConfig,requesting nits when no mapping exists.]
11-19 04:40:02.725 1499 2319 E DisplayDeviceConfig: requesting nits when no mapping exists.
11-19 04:40:02.726 1499 2319 E DisplayDeviceConfig: requesting nits when no mapping exists.
11-19 04:40:02.726 1499 1645 I am_wtf : [0,1499,system_server,-1,DisplayDeviceConfig,requesting nits when no mapping exists.]
11-19 04:40:02.727 1499 1645 I am_wtf : [0,1499,system_server,-1,DisplayDeviceConfig,requesting nits when no mapping exists.]
11-19 04:40:02.741 1499 2319 E DisplayDeviceConfig: requesting nits when no mapping exists.
11-19 04:40:02.742 1499 1645 I am_wtf : [0,1499,system_server,-1,DisplayDeviceConfig,requesting nits when no mapping exists.]
11-19 04:40:02.743 1499 2319 E DisplayDeviceConfig: requesting nits when no mapping exists.
11-19 04:40:02.744 1499 1645 I am_wtf : [0,1499,system_server,-1,DisplayDeviceConfig,requesting nits when no mapping exists.]
11-19 04:40:02.758 1499 2319 E DisplayDeviceConfig: requesting nits when no mapping exists.
11-19 04:40:02.759 1499 2319 E DisplayDeviceConfig: requesting nits when no mapping exists.
11-19 04:40:02.759 1499 1645 I am_wtf : [0,1499,system_server,-1,DisplayDeviceConfig,requesting nits when no mapping exists.]
11-19 04:40:02.760 1499 1645 I am_wtf : [0,1499,system_server,-1,DisplayDeviceConfig,requesting nits when no mapping exists.]
11-19 04:40:02.774 1499 2319 E DisplayDeviceConfig: requesting nits when no mapping exists.
11-19 04:40:02.775 1499 1645 I am_wtf : [0,1499,system_server,-1,DisplayDeviceConfig,requesting nits when no mapping exists.]
11-19 04:40:02.776 1499 2319 E DisplayDeviceConfig: requesting nits when no mapping exists.
11-19 04:40:02.776 1499 1645 I am_wtf : [0,1499,system_server,-1,DisplayDeviceConfig,requesting nits when no mapping exists.]
11-19 04:40:02.791 1499 2319 E DisplayDeviceConfig: requesting nits when no mapping exists.
11-19 04:40:02.792 1499 2319 E DisplayDeviceConfig: requesting nits when no mapping exists.
11-19 04:40:02.792 1499 1645 I am_wtf : [0,1499,system_server,-1,DisplayDeviceConfig,requesting nits when no mapping exists.]
11-19 04:40:02.793 1499 1645 I am_wtf : [0,1499,system_server,-1,DisplayDeviceConfig,requesting nits when no mapping exists.]
11-19 04:40:02.808 1499 2319 E DisplayDeviceConfig: requesting nits when no mapping exists.
11-19 04:40:02.809 1499 1645 I am_wtf : [0,1499,system_server,-1,DisplayDeviceConfig,requesting nits when no mapping exists.]
11-19 04:40:02.810 1499 2319 E DisplayDeviceConfig: requesting nits when no mapping exists.
11-19 04:40:02.811 1499 1645 I am_wtf : [0,1499,system_server,-1,DisplayDeviceConfig,requesting nits when no mapping exists.]
11-19 04:40:02.825 1499 2319 E DisplayDeviceConfig: requesting nits when no mapping exists.
11-19 04:40:02.825 1499 1645 I am_wtf : [0,1499,system_server,-1,DisplayDeviceConfig,requesting nits when no mapping exists.]
11-19 04:40:02.825 1499 2319 E DisplayDeviceConfig: requesting nits when no mapping exists.
11-19 04:40:02.827 1499 1645 I am_wtf : [0,1499,system_server,-1,DisplayDeviceConfig,requesting nits when no mapping exists.]
11-19 04:40:02.841 1499 2319 E DisplayDeviceConfig: requesting nits when no mapping exists.
11-19 04:40:02.842 1499 1645 I am_wtf : [0,1499,system_server,-1,DisplayDeviceConfig,requesting nits when no mapping exists.]
11-19 04:40:02.843 1499 2319 E DisplayDeviceConfig: requesting nits when no mapping exists.
11-19 04:40:02.843 1499 1645 I am_wtf : [0,1499,system_server,-1,DisplayDeviceConfig,requesting nits when no mapping exists.]
