11-19 05:12:26.107 2802 2802 I wm_on_start_called: [19758722,com.android.launcher3.uioverrides.QuickstepLauncher,handleStartActivity]
11-19 05:12:26.108 1499 1499 I GameModeConfig: isGameModeOn = false
11-19 05:12:26.108 1499 1499 I GameModeConfig: isGameModeOn = false
11-19 05:12:26.108 1499 1499 I GameModeConfig: isDisableVoice = true
11-19 05:12:26.123 13162 13162 I view_enqueue_input_event: [Motion - Cancel,com.android.gallery3d/com.android.gallery3d.app.GalleryActivity]
11-19 05:12:26.124 2802 2802 I sysui_latency: [1,75]
11-19 05:12:26.132 1499 1638 I input_focus: [Focus request recents_animation_input_consumer,reason=UpdateInputWindows]
11-19 05:12:26.142 1499 1634 I sysui_multi_action: [319,18,322,62,325,14025,757,761,758,9,759,5,806,com.android.launcher3,871,com.android.launcher3.uioverrides.QuickstepLauncher,905,0,1320,8,1321,5]
11-19 05:12:26.144 1499 1831 I input_interaction: Interaction with: edge-swipe (server), swipe-up (server), PointerEventDispatcher0 (server),
11-19 05:12:26.146 1499 1831 I input_focus: [Focus leaving 757a122 com.android.gallery3d/com.android.gallery3d.app.GalleryActivity (server),reason=NOT_FOCUSABLE]
11-19 05:12:26.146 1499 1831 I input_focus: [Focus entering recents_animation_input_consumer (server),reason=setFocusedWindow]
11-19 05:12:26.309 1499 1759 I commit_sys_config_file: [settings-1-0,4]
11-19 05:12:26.430 1499 1644 I sysui_latency: [8,78]
11-19 05:12:26.481 1499 3791 E TaskPersister: File error accessing recents directory (directory doesn't exist?).
11-19 05:12:26.557 1499 2757 I wm_task_moved: [1,0,6]
11-19 05:12:26.558 1499 2757 I wm_add_to_stopping: [0,19758722,com.android.launcher3/.uioverrides.QuickstepLauncher,makeInvisible]
11-19 05:12:26.567 1499 1638 I input_focus: [Focus request 757a122 com.android.gallery3d/com.android.gallery3d.app.GalleryActivity,reason=UpdateInputWindows]
11-19 05:12:26.569 1499 1637 I wm_stop_activity: [0,19758722,com.android.launcher3/.uioverrides.QuickstepLauncher]
11-19 05:12:26.572 1499 1831 I input_focus: [Focus leaving recents_animation_input_consumer (server),reason=NOT_VISIBLE]
11-19 05:12:26.572 1499 1831 I input_focus: [Focus entering 757a122 com.android.gallery3d/com.android.gallery3d.app.GalleryActivity (server),reason=setFocusedWindow]
11-19 05:12:26.609 2802 2802 I wm_on_stop_called: [19758722,com.android.launcher3.uioverrides.QuickstepLauncher,STOP_ACTIVITY_ITEM]
11-19 05:12:26.616 1499 1644 W UsageStatsService: Unexpected activity event reported! (com.android.launcher3/com.android.launcher3.uioverrides.QuickstepLauncher event : 23 instanceId : 69626717)
11-19 05:12:26.626 7802 7838 W ContextImpl: Calling a method in the system process without a qualified user: android.app.ContextImpl.startService:1816 android.content.ContextWrapper.startService:774 com.thundercomm.gamemode.ingame.services.GameModeActionUtils.startGameModeService:93 com.thundercomm.gamemode.ingame.services.GameModeActionUtils.startGameModeEntry:21 com.thundercomm.gamemode.ingame.services.ActivityMonitoringService$1.onActivityLaunch:127
11-19 05:12:26.630 1499 1499 I GameModeConfig: Current uri is uri = content://com.thundercomm.gamemode.api/gamemode_settings/gamemode_isgaming
11-19 05:12:26.632 1499 1499 I GameModeConfig: isGameModeOn = false
11-19 05:12:26.633 1499 1499 I GameModeConfig: isGameModeOn = false
11-19 05:12:26.633 1499 1499 I GameModeConfig: isDisableVoice = true
11-19 05:12:26.811 1499 1759 I commit_sys_config_file: [settings-1-0,5]
11-19 05:12:27.131 0 0 I auditd : type=1400 audit(0.0:12300): avc: denied { kill } for comm="swapper/0" capability=5 scontext=u:r:kernel:s0 tcontext=u:r:kernel:s0 tclass=capability permissive=0
11-19 05:12:27.154 1499 2757 W NotificationService: Toast already killed. pkg=com.android.gallery3d token=android.os.BinderProxy@2e75fcf
11-19 05:12:27.464 1499 1831 I input_interaction: Interaction with: 757a122 com.android.gallery3d/com.android.gallery3d.app.GalleryActivity (server), edge-swipe (server), swipe-up (server), PointerEventDispatcher0 (server),
11-19 05:12:27.488 1499 2757 I wm_task_moved: [1,0,0]
11-19 05:12:27.489 1499 2757 I wm_task_moved: [1,0,6]
11-19 05:12:27.497 2802 2802 I wm_on_restart_called: [19758722,com.android.launcher3.uioverrides.QuickstepLauncher,performRestartActivity]
11-19 05:12:27.512 7802 7838 W ContextImpl: Calling a method in the system process without a qualified user: android.app.ContextImpl.startService:1816 android.content.ContextWrapper.startService:774 com.thundercomm.gamemode.ingame.services.GameModeActionUtils.startGameModeService:93 com.thundercomm.gamemode.ingame.services.GameModeActionUtils.startGameModeEntry:21 com.thundercomm.gamemode.ingame.services.ActivityMonitoringService$1.onActivityLaunch:127
11-19 05:12:27.513 2802 2802 I wm_on_start_called: [19758722,com.android.launcher3.uioverrides.QuickstepLauncher,handleStartActivity]
11-19 05:12:27.520 1499 1499 I GameModeConfig: Current uri is uri = content://com.thundercomm.gamemode.api/gamemode_settings/gamemode_isgaming
11-19 05:12:27.522 1499 1499 I GameModeConfig: isGameModeOn = false
11-19 05:12:27.522 1499 1499 I GameModeConfig: isGameModeOn = false
11-19 05:12:27.522 1499 1499 I GameModeConfig: isDisableVoice = true
11-19 05:12:27.539 1499 1634 I sysui_multi_action: [319,11,322,41,325,14026,757,761,758,9,759,5,806,com.android.launcher3,871,com.android.launcher3.uioverrides.QuickstepLauncher,905,0,1320,8,1321,5]
11-19 05:12:27.543 13162 13162 I view_enqueue_input_event: [Motion - Cancel,com.android.gallery3d/com.android.gallery3d.app.GalleryActivity]
11-19 05:12:27.544 2802 2802 I sysui_latency: [1,60]
11-19 05:12:27.549 1499 1638 I input_focus: [Focus request recents_animation_input_consumer,reason=UpdateInputWindows]
11-19 05:12:27.551 1499 1831 I input_interaction: Interaction with: edge-swipe (server), swipe-up (server), PointerEventDispatcher0 (server),
11-19 05:12:27.582 1499 1831 I input_focus: [Focus leaving 757a122 com.android.gallery3d/com.android.gallery3d.app.GalleryActivity (server),reason=NOT_FOCUSABLE]
11-19 05:12:27.585 1499 1831 I input_focus: [Focus entering recents_animation_input_consumer (server),reason=setFocusedWindow]
11-19 05:12:27.716 1499 1759 I commit_sys_config_file: [settings-1-0,4]
11-19 05:12:27.831 1499 1644 I sysui_latency: [8,57]
11-19 05:12:28.131 0 0 I auditd : type=1400 audit(0.0:12301): avc: denied { kill } for comm="swapper/0" capability=5 scontext=u:r:kernel:s0 tcontext=u:r:kernel:s0 tclass=capability permissive=0
11-19 05:12:28.455 1499 1759 I commit_sys_config_file: [settings-1-0,14]
11-19 05:12:29.131 0 0 I auditd : type=1400 audit(0.0:12302): avc: denied { kill } for comm="swapper/0" capability=5 scontext=u:r:kernel:s0 tcontext=u:r:kernel:s0 tclass=capability permissive=0
11-19 05:12:29.903 1499 1831 I input_interaction: Interaction with: 632f7bf com.android.launcher3/com.android.launcher3.uioverrides.QuickstepLauncher (server), edge-swipe (server), swipe-up (server), PointerEventDispatcher0 (server),
11-19 05:12:30.056 1499 4942 D FreeFormWindowHelper: Add freeform task=Task{daa5027 #65 type=standard A=10066:com.android.gallery3d U=0 visible=true mode=freeform translucent=false sz=1}
11-19 05:12:30.057 1499 4942 I wm_relaunch_resume_activity: [0,186266324,65,com.android.gallery3d/.app.GalleryActivity]
11-19 05:12:30.059 1499 4942 I wm_task_moved: [1,1,7]
11-19 05:12:30.059 13162 13162 I wm_on_top_resumed_lost_called: [186266324,com.android.gallery3d.app.GalleryActivity,pausing]
11-19 05:12:30.062 1499 4942 I wm_focused_root_task: [0,0,1,65,startActivityFromRecents]
11-19 05:12:30.062 1499 4942 I wm_task_moved: [65,1,7]
11-19 05:12:30.063 1499 4942 I wm_set_resumed_activity: [0,com.android.gallery3d/.app.GalleryActivity,positionChildAt]
11-19 05:12:30.063 1499 4942 I wm_focused_root_task: [0,0,65,1,moveTaskToFront findTaskToMoveToFront]
11-19 05:12:30.063 1499 4942 I wm_set_resumed_activity: [0,com.android.gallery3d/.app.GalleryActivity,moveTaskToFront findTaskToMoveToFront]
11-19 05:12:30.066 1499 4942 W WindowManager: updateScale0.7996942
11-19 05:12:30.066 13162 13162 I wm_on_paused_called: [186266324,com.android.gallery3d.app.GalleryActivity,performPause]
11-19 05:12:30.066 13162 13162 I wm_on_stop_called: [186266324,com.android.gallery3d.app.GalleryActivity,handleRelaunchActivity]
11-19 05:12:30.084 1499 1614 W WindowManager: Attempted to set replacing window on app token with no content Token{b925a4b ActivityRecord{b1a32d4 u0 com.android.gallery3d/.app.GalleryActivity t65}}
11-19 05:12:30.087 13162 13162 I wm_on_destroy_called: [186266324,com.android.gallery3d.app.GalleryActivity,performDestroy]
11-19 05:12:30.089 1499 1637 W WindowManager: updateScale0.7996942
11-19 05:12:30.143 13162 13162 I wm_on_create_called: [186266324,com.android.gallery3d.app.GalleryActivity,performCreate]
11-19 05:12:30.144 13162 13162 I wm_on_start_called: [186266324,com.android.gallery3d.app.GalleryActivity,handleStartActivity]
11-19 05:12:30.149 13162 13162 I wm_on_resume_called: [186266324,com.android.gallery3d.app.GalleryActivity,RESUME_ACTIVITY]
11-19 05:12:30.149 13162 13162 I wm_on_top_resumed_gained_called: [186266324,com.android.gallery3d.app.GalleryActivity,topWhenResuming]
11-19 05:12:30.150 13162 13162 I wm_on_top_resumed_lost_called: [186266324,com.android.gallery3d.app.GalleryActivity,topStateChangedWhenResumed]
11-19 05:12:30.159 1499 2757 W WindowManager: updateScale0.7996942
11-19 05:12:30.162 1499 4942 W WindowManager: updateScale0.7996942
11-19 05:12:30.163 1499 4942 W WindowManager: updateScale0.7996942
11-19 05:12:30.165 1499 2757 W WindowManager: updateScale0.7996942
11-19 05:12:30.167 1499 2757 I NotificationService: cancelToast pkg=com.android.gallery3d token=android.os.BinderProxy@81469bc
11-19 05:12:30.168 1499 2757 W WindowManager: removeWindowToken: Attempted to remove non-existing token: android.os.Binder@ef790e8
11-19 05:12:30.174 1499 2437 W WindowManager: updateScale0.7996942
11-19 05:12:30.188 13162 13162 I wm_on_top_resumed_gained_called: [186266324,com.android.gallery3d.app.GalleryActivity,topStateChangedWhenResumed]
11-19 05:12:30.205 1499 4942 I WindowManager: finishDrawing of relaunch: Window{757a122 u0 com.android.gallery3d/com.android.gallery3d.app.GalleryActivity} 149ms
11-19 05:12:30.206 1499 1638 W WindowManager: updateScale0.7996942
11-19 05:12:30.207 1499 1638 W WindowManager: updateScale0.7996942
11-19 05:12:30.257 1499 4942 W WindowManager: updateScale0.7996942
11-19 05:12:30.265 1499 1638 W WindowManager: updateScale0.7996942
11-19 05:12:30.523 1499 4942 I wm_task_moved: [1,1,7]
11-19 05:12:30.524 1499 4942 I wm_task_moved: [10,1,2147483647]
11-19 05:12:30.524 1499 4942 I wm_task_to_front: [0,10]
11-19 05:12:30.524 13162 13162 I wm_on_top_resumed_lost_called: [186266324,com.android.gallery3d.app.GalleryActivity,topStateChangedWhenResumed]
11-19 05:12:30.524 1499 4942 I wm_focused_root_task: [0,0,1,65,RecentsAnimation.onAnimationFinished()]
11-19 05:12:30.524 1499 4942 I wm_set_resumed_activity: [0,com.android.launcher3/.uioverrides.QuickstepLauncher,RecentsAnimation.onAnimationFinished()]
11-19 05:12:30.525 1499 4942 I ActivityTaskManager: FOREGROUND_APPLICATION_CHANGED to com.android.launcher3.uioverrides.QuickstepLauncher
11-19 05:12:30.526 1499 4942 I wm_set_resumed_activity: [0,com.android.launcher3/.uioverrides.QuickstepLauncher,resumeTopActivityInnerLocked]
11-19 05:12:30.527 1499 4942 I wm_resume_activity: [0,19758722,10,com.android.launcher3/.uioverrides.QuickstepLauncher]
11-19 05:12:30.530 1499 4942 W WindowManager: updateScale0.7996942
11-19 05:12:30.534 1499 4942 W WindowManager: updateScale0.7996942
11-19 05:12:30.537 1499 1638 I input_focus: [Focus request 632f7bf com.android.launcher3/com.android.launcher3.uioverrides.QuickstepLauncher,reason=UpdateInputWindows]
11-19 05:12:30.544 1499 1637 I sysui_multi_action: [757,803,799,window_time_0,802,14]
11-19 05:12:30.545 2802 2802 I wm_on_resume_called: [19758722,com.android.launcher3.uioverrides.QuickstepLauncher,RESUME_ACTIVITY]
11-19 05:12:30.558 1499 1831 I input_focus: [Focus leaving recents_animation_input_consumer (server),reason=NOT_VISIBLE]
11-19 05:12:30.558 1499 1831 I input_focus: [Focus entering 632f7bf com.android.launcher3/com.android.launcher3.uioverrides.QuickstepLauncher (server),reason=setFocusedWindow]
11-19 05:12:30.559 2802 2802 I wm_on_top_resumed_gained_called: [19758722,com.android.launcher3.uioverrides.QuickstepLauncher,topStateChangedWhenResumed]
11-19 05:12:30.647 7802 7838 W ContextImpl: Calling a method in the system process without a qualified user: android.app.ContextImpl.startService:1816 android.content.ContextWrapper.startService:774 com.thundercomm.gamemode.ingame.services.GameModeActionUtils.startGameModeService:93 com.thundercomm.gamemode.ingame.services.GameModeActionUtils.startGameModeEntry:21 com.thundercomm.gamemode.ingame.services.ActivityMonitoringService$1.onActivityLaunch:127
11-19 05:12:30.660 1499 1499 I GameModeConfig: Current uri is uri = content://com.thundercomm.gamemode.api/gamemode_settings/gamemode_isgaming
11-19 05:12:30.664 1499 1499 I GameModeConfig: isGameModeOn = false
11-19 05:12:30.665 1499 1499 I GameModeConfig: isGameModeOn = false
11-19 05:12:30.665 1499 1499 I GameModeConfig: isDisableVoice = true
11-19 05:12:30.678 1499 1638 W WindowManager: updateScale0.7996942
11-19 05:12:31.131 0 0 I auditd : type=1400 audit(0.0:12303): avc: denied { kill } for comm="swapper/0" capability=5 scontext=u:r:kernel:s0 tcontext=u:r:kernel:s0 tclass=capability permissive=0
11-19 05:12:31.160 1499 1637 W WindowManager: Unable to start animation, surface is null or no children.
11-19 05:12:31.161 1499 1637 W WindowManager: updateScale0.7996942
11-19 05:12:32.032 1499 1831 I input_interaction: Interaction with: 757a122 com.android.gallery3d/com.android.gallery3d.app.GalleryActivity (server), edge-swipe (server), swipe-up (server), PointerEventDispatcher0 (server),
11-19 05:12:32.039 1499 1637 I wm_task_moved: [65,1,7]
11-19 05:12:32.039 1499 1637 I wm_task_to_front: [0,65]
11-19 05:12:32.044 1499 1637 W WindowManager: updateScale0.7996942
11-19 05:12:32.049 2802 2802 I wm_on_top_resumed_lost_called: [19758722,com.android.launcher3.uioverrides.QuickstepLauncher,topStateChangedWhenResumed]
11-19 05:12:32.049 1499 1637 I wm_set_resumed_activity: [0,com.android.gallery3d/.app.GalleryActivity,positionChildAt]
11-19 05:12:32.049 1499 1637 I wm_focused_root_task: [0,0,65,1,setFocusedTask]
11-19 05:12:32.049 1499 1637 I wm_set_resumed_activity: [0,com.android.gallery3d/.app.GalleryActivity,setFocusedTask]
11-19 05:12:32.050 1499 1637 I ActivityTaskManager: FOREGROUND_APPLICATION_CHANGED to com.android.gallery3d.app.GalleryActivity
11-19 05:12:32.051 1499 1638 I input_focus: [Focus request 757a122 com.android.gallery3d/com.android.gallery3d.app.GalleryActivity,reason=UpdateInputWindows]
11-19 05:12:32.052 13162 13162 I wm_on_top_resumed_gained_called: [186266324,com.android.gallery3d.app.GalleryActivity,topStateChangedWhenResumed]
11-19 05:12:32.078 1499 1831 I input_focus: [Focus leaving 632f7bf com.android.launcher3/com.android.launcher3.uioverrides.QuickstepLauncher (server),reason=setFocusedWindow]
11-19 05:12:32.078 1499 1831 I input_focus: [Focus entering 757a122 com.android.gallery3d/com.android.gallery3d.app.GalleryActivity (server),reason=setFocusedWindow]
11-19 05:12:32.131 0 0 I auditd : type=1400 audit(0.0:12304): avc: denied { kill } for comm="swapper/0" capability=5 scontext=u:r:kernel:s0 tcontext=u:r:kernel:s0 tclass=capability permissive=0
11-19 05:12:32.167 1499 4942 I wm_relaunch_resume_activity: [0,186266324,65,com.android.gallery3d/.app.GalleryActivity]
11-19 05:12:32.167 1499 4942 I wm_add_to_stopping: [0,19758722,com.android.launcher3/.uioverrides.QuickstepLauncher,makeInvisible]
11-19 05:12:32.169 1499 4942 D FreeFormWindowHelper: Remove freefrom task=Task{daa5027 #65 type=standard A=10066:com.android.gallery3d U=0 visible=true mode=fullscreen translucent=false sz=1}
11-19 05:12:32.172 13162 13162 I wm_on_top_resumed_lost_called: [186266324,com.android.gallery3d.app.GalleryActivity,pausing]
11-19 05:12:32.176 1499 4942 W WindowManager: Attempted to set replacing window on app token with no content Token{b925a4b ActivityRecord{b1a32d4 u0 com.android.gallery3d/.app.GalleryActivity t65}}
11-19 05:12:32.180 13162 13162 I wm_on_paused_called: [186266324,com.android.gallery3d.app.GalleryActivity,performPause]
11-19 05:12:32.182 13162 13162 I wm_on_stop_called: [186266324,com.android.gallery3d.app.GalleryActivity,handleRelaunchActivity]
11-19 05:12:32.187 13162 13162 I wm_on_destroy_called: [186266324,com.android.gallery3d.app.GalleryActivity,performDestroy]
11-19 05:12:32.196 7802 7838 W ContextImpl: Calling a method in the system process without a qualified user: android.app.ContextImpl.startService:1816 android.content.ContextWrapper.startService:774 com.thundercomm.gamemode.ingame.services.GameModeActionUtils.startGameModeService:93 com.thundercomm.gamemode.ingame.services.GameModeActionUtils.startGameModeEntry:21 com.thundercomm.gamemode.ingame.services.ActivityMonitoringService$1.onActivityLaunch:127
11-19 05:12:32.202 1499 1499 I GameModeConfig: Current uri is uri = content://com.thundercomm.gamemode.api/gamemode_settings/gamemode_isgaming
11-19 05:12:32.204 1499 1499 I GameModeConfig: isGameModeOn = false
11-19 05:12:32.204 1499 1499 I GameModeConfig: isGameModeOn = false
11-19 05:12:32.204 1499 1499 I GameModeConfig: isDisableVoice = true
11-19 05:12:32.208 13162 13162 I wm_on_create_called: [186266324,com.android.gallery3d.app.GalleryActivity,performCreate]
11-19 05:12:32.209 13162 13162 I wm_on_start_called: [186266324,com.android.gallery3d.app.GalleryActivity,handleStartActivity]
11-19 05:12:32.217 13162 13162 I wm_on_resume_called: [186266324,com.android.gallery3d.app.GalleryActivity,RESUME_ACTIVITY]
11-19 05:12:32.217 13162 13162 I wm_on_top_resumed_gained_called: [186266324,com.android.gallery3d.app.GalleryActivity,topWhenResuming]
11-19 05:12:32.231 1499 2284 I GameModeConfig: isGameModeOn = false
11-19 05:12:32.231 1499 2284 I GameModeConfig: isGameModeOn = false
11-19 05:12:32.231 1499 2284 I GameModeConfig: isGameModeOn = false
11-19 05:12:32.231 1499 2284 I GameModeConfig: isGameModeOn = false
11-19 05:12:32.234 1499 1499 I notification_enqueue: [10081,2342,com.android.systemui,2048,NULL,0,Notification(channel=updateNotification shortcut=null contentView=null vibrate=null sound=null defaults=0x0 flags=0x0 color=0x00000000 vis=PRIVATE),1]
11-19 05:12:32.236 2342 2342 I sysui_multi_action: [757,111,758,2]
11-19 05:12:32.236 2342 2342 I sysui_multi_action: [757,111,758,2]
11-19 05:12:32.241 1499 2757 I NotificationService: cancelToast pkg=com.android.gallery3d token=android.os.BinderProxy@31750dd
11-19 05:12:32.241 1499 2757 W WindowManager: removeWindowToken: Attempted to remove non-existing token: android.os.Binder@cce8c9a
11-19 05:12:32.244 1499 2437 I WindowManager: finishDrawing of relaunch: Window{757a122 u0 com.android.gallery3d/com.android.gallery3d.app.GalleryActivity} 77ms
11-19 05:12:32.253 2342 2342 I sysui_multi_action: [757,111,758,1]
11-19 05:12:32.254 2342 2342 I sysui_multi_action: [757,126,758,1,759,126,927,0,928,0,1593,0]
11-19 05:12:32.254 2342 2342 I sysui_multi_action: [757,113,758,1,759,113,927,1,928,1,1593,0]
11-19 05:12:32.254 2342 2342 I sysui_multi_action: [757,0,758,1,759,0,927,2,928,0,1593,0]
11-19 05:12:32.254 2342 2342 I sysui_multi_action: [757,0,758,1,759,0,927,3,928,0,1593,0]
11-19 05:12:32.254 2342 2342 I sysui_multi_action: [757,491,758,1,759,491,927,4,928,0,1311,-1,1593,0]
11-19 05:12:32.255 2342 2342 I sysui_multi_action: [757,0,758,1,759,0,927,5,928,0,1593,0]
11-19 05:12:32.255 2342 2342 I sysui_multi_action: [757,111,758,1]
11-19 05:12:32.255 2342 2342 I sysui_multi_action: [757,126,758,1,759,126,927,0,928,0,1593,0]
11-19 05:12:32.255 2342 2342 I sysui_multi_action: [757,113,758,1,759,113,927,1,928,1,1593,0]
11-19 05:12:32.255 2342 2342 I sysui_multi_action: [757,0,758,1,759,0,927,2,928,0,1593,0]
11-19 05:12:32.255 2342 2342 I sysui_multi_action: [757,0,758,1,759,0,927,3,928,0,1593,0]
11-19 05:12:32.436 1499 1499 I GameModeConfig: isGameModeOn = false
11-19 05:12:32.596 1499 1637 I wm_stop_activity: [0,19758722,com.android.launcher3/.uioverrides.QuickstepLauncher]
11-19 05:12:32.606 7802 7838 W ContextImpl: Calling a method in the system process without a qualified user: android.app.ContextImpl.startService:1816 android.content.ContextWrapper.startService:774 com.thundercomm.gamemode.ingame.services.GameModeActionUtils.startGameModeService:93 com.thundercomm.gamemode.ingame.services.GameModeActionUtils.startGameModeEntry:21 com.thundercomm.gamemode.ingame.services.ActivityMonitoringService$1.onActivityLaunch:127
11-19 05:12:32.613 1499 1499 I GameModeConfig: Current uri is uri = content://com.thundercomm.gamemode.api/gamemode_settings/gamemode_isgaming
11-19 05:12:32.617 1499 1499 I GameModeConfig: isGameModeOn = false
11-19 05:12:32.617 1499 1499 I GameModeConfig: isGameModeOn = false
11-19 05:12:32.617 1499 1499 I GameModeConfig: isDisableVoice = true
11-19 05:12:32.631 2802 2802 I wm_on_paused_called: [19758722,com.android.launcher3.uioverrides.QuickstepLauncher,performPause]
11-19 05:12:32.635 2802 2802 I wm_on_stop_called: [19758722,com.android.launcher3.uioverrides.QuickstepLauncher,STOP_ACTIVITY_ITEM]
11-19 05:12:32.657 7802 7838 W ContextImpl: Calling a method in the system process without a qualified user: android.app.ContextImpl.startService:1816 android.content.ContextWrapper.startService:774 com.thundercomm.gamemode.ingame.services.GameModeActionUtils.startGameModeService:93 com.thundercomm.gamemode.ingame.services.GameModeActionUtils.startGameModeEntry:21 com.thundercomm.gamemode.ingame.services.ActivityMonitoringService$1.onActivityLaunch:127
11-19 05:12:32.662 1499 1499 I GameModeConfig: Current uri is uri = content://com.thundercomm.gamemode.api/gamemode_settings/gamemode_isgaming
11-19 05:12:32.665 1499 1499 I GameModeConfig: isGameModeOn = false
11-19 05:12:32.666 1499 1499 I GameModeConfig: isGameModeOn = false
11-19 05:12:32.666 1499 1499 I GameModeConfig: isDisableVoice = true
11-19 05:12:33.131 0 0 I auditd : type=1400 audit(0.0:12305): avc: denied { kill } for comm="swapper/0" capability=5 scontext=u:r:kernel:s0 tcontext=u:r:kernel:s0 tclass=capability permissive=0
11-19 05:12:33.424 1499 2757 I wm_task_moved: [1,0,0]
11-19 05:12:33.425 1499 2757 I wm_task_moved: [1,0,6]
11-19 05:12:33.436 2802 2802 I wm_on_restart_called: [19758722,com.android.launcher3.uioverrides.QuickstepLauncher,performRestartActivity]
11-19 05:12:33.450 7802 7838 W ContextImpl: Calling a method in the system process without a qualified user: android.app.ContextImpl.startService:1816 android.content.ContextWrapper.startService:774 com.thundercomm.gamemode.ingame.services.GameModeActionUtils.startGameModeService:93 com.thundercomm.gamemode.ingame.services.GameModeActionUtils.startGameModeEntry:21 com.thundercomm.gamemode.ingame.services.ActivityMonitoringService$1.onActivityLaunch:127
11-19 05:12:33.455 1499 1499 I GameModeConfig: Current uri is uri = content://com.thundercomm.gamemode.api/gamemode_settings/gamemode_isgaming
11-19 05:12:33.457 1499 1499 I GameModeConfig: isGameModeOn = false
11-19 05:12:33.458 1499 1499 I GameModeConfig: isGameModeOn = false
11-19 05:12:33.458 1499 1499 I GameModeConfig: isDisableVoice = true
11-19 05:12:33.458 2802 2802 I wm_on_start_called: [19758722,com.android.launcher3.uioverrides.QuickstepLauncher,handleStartActivity]
11-19 05:12:33.476 1499 1634 I sysui_multi_action: [319,13,322,46,325,14032,757,761,758,9,759,5,806,com.android.launcher3,871,com.android.launcher3.uioverrides.QuickstepLauncher,905,0,1320,8,1321,5]
11-19 05:12:33.548 13162 13162 I view_enqueue_input_event: [Motion - Cancel,com.android.gallery3d/com.android.gallery3d.app.GalleryActivity]
11-19 05:12:33.550 2802 2802 I sysui_latency: [1,67]
11-19 05:12:33.555 1499 1638 I input_focus: [Focus request recents_animation_input_consumer,reason=UpdateInputWindows]
11-19 05:12:33.558 1499 1831 I input_interaction: Interaction with: edge-swipe (server), swipe-up (server), PointerEventDispatcher0 (server),
11-19 05:12:33.566 1499 1831 I input_focus: [Focus leaving 757a122 com.android.gallery3d/com.android.gallery3d.app.GalleryActivity (server),reason=NOT_FOCUSABLE]
11-19 05:12:33.566 1499 1831 I input_focus: [Focus entering recents_animation_input_consumer (server),reason=setFocusedWindow]
11-19 05:12:33.665 1499 1759 I commit_sys_config_file: [settings-1-0,7]
11-19 05:12:33.772 1499 1644 I sysui_latency: [8,66]
11-19 05:12:34.131 0 0 I auditd : type=1400 audit(0.0:12306): avc: denied { kill } for comm="swapper/0" capability=5 scontext=u:r:kernel:s0 tcontext=u:r:kernel:s0 tclass=capability permissive=0
11-19 05:12:34.249 1499 1637 W WindowManager: Unable to start animation, surface is null or no children.
11-19 05:12:34.438 1499 1759 I commit_sys_config_file: [settings-1-0,4]
11-19 05:12:34.870 1499 2284 I GameModeConfig: isGameModeOn = false
11-19 05:12:35.040 1499 1831 I input_interaction: Interaction with: 632f7bf com.android.launcher3/com.android.launcher3.uioverrides.QuickstepLauncher (server), edge-swipe (server), swipe-up (server), PointerEventDispatcher0 (server),
11-19 05:12:35.131 0 0 I auditd : type=1400 audit(0.0:12307): avc: denied { kill } for comm="swapper/0" capability=5 scontext=u:r:kernel:s0 tcontext=u:r:kernel:s0 tclass=capability permissive=0
11-19 05:12:35.175 1499 1614 D FreeFormWindowHelper: Add freeform task=Task{daa5027 #65 type=standard A=10066:com.android.gallery3d U=0 visible=true mode=freeform translucent=false sz=1}
11-19 05:12:35.176 1499 1614 I wm_relaunch_resume_activity: [0,186266324,65,com.android.gallery3d/.app.GalleryActivity]
11-19 05:12:35.178 13162 13162 I wm_on_top_resumed_lost_called: [186266324,com.android.gallery3d.app.GalleryActivity,pausing]
11-19 05:12:35.178 1499 1614 I wm_task_moved: [1,1,7]
11-19 05:12:35.183 1499 1614 I wm_focused_root_task: [0,0,1,65,startActivityFromRecents]
11-19 05:12:35.183 1499 1614 I wm_task_moved: [65,1,7]
11-19 05:12:35.184 1499 1614 I wm_set_resumed_activity: [0,com.android.gallery3d/.app.GalleryActivity,positionChildAt]
11-19 05:12:35.184 1499 1614 I wm_focused_root_task: [0,0,65,1,moveTaskToFront findTaskToMoveToFront]
11-19 05:12:35.184 1499 1614 I wm_set_resumed_activity: [0,com.android.gallery3d/.app.GalleryActivity,moveTaskToFront findTaskToMoveToFront]
11-19 05:12:35.184 13162 13162 I wm_on_paused_called: [186266324,com.android.gallery3d.app.GalleryActivity,performPause]
11-19 05:12:35.185 13162 13162 I wm_on_stop_called: [186266324,com.android.gallery3d.app.GalleryActivity,handleRelaunchActivity]
11-19 05:12:35.185 1499 1614 W WindowManager: updateScale0.7996942
11-19 05:12:35.197 1499 4942 W WindowManager: Attempted to set replacing window on app token with no content Token{b925a4b ActivityRecord{b1a32d4 u0 com.android.gallery3d/.app.GalleryActivity t65}}
11-19 05:12:35.200 1499 1637 W WindowManager: updateScale0.7996942
11-19 05:12:35.204 13162 13162 I wm_on_destroy_called: [186266324,com.android.gallery3d.app.GalleryActivity,performDestroy]
11-19 05:12:35.235 1499 1644 I am_pss : [13162,10066,com.android.gallery3d,62555136,57094144,0,176660480,0,2,8]
11-19 05:12:35.248 13162 13162 I wm_on_create_called: [186266324,com.android.gallery3d.app.GalleryActivity,performCreate]
11-19 05:12:35.251 13162 13162 I wm_on_start_called: [186266324,com.android.gallery3d.app.GalleryActivity,handleStartActivity]
11-19 05:12:35.261 13162 13162 I wm_on_resume_called: [186266324,com.android.gallery3d.app.GalleryActivity,RESUME_ACTIVITY]
11-19 05:12:35.261 13162 13162 I wm_on_top_resumed_gained_called: [186266324,com.android.gallery3d.app.GalleryActivity,topWhenResuming]
11-19 05:12:35.261 13162 13162 I wm_on_top_resumed_lost_called: [186266324,com.android.gallery3d.app.GalleryActivity,topStateChangedWhenResumed]
11-19 05:12:35.265 1499 4942 W WindowManager: updateScale0.7996942
11-19 05:12:35.268 1499 2437 W WindowManager: updateScale0.7996942
11-19 05:12:35.269 1499 2437 W WindowManager: updateScale0.7996942
11-19 05:12:35.270 1499 4942 W WindowManager: updateScale0.7996942
11-19 05:12:35.272 1499 4942 I NotificationService: cancelToast pkg=com.android.gallery3d token=android.os.BinderProxy@9bf2b44
11-19 05:12:35.274 1499 4942 W WindowManager: removeWindowToken: Attempted to remove non-existing token: android.os.Binder@2f4039e
11-19 05:12:35.278 1499 2757 W WindowManager: updateScale0.7996942
11-19 05:12:35.297 13162 13162 I wm_on_top_resumed_gained_called: [186266324,com.android.gallery3d.app.GalleryActivity,topStateChangedWhenResumed]
11-19 05:12:35.308 1499 2437 I WindowManager: finishDrawing of relaunch: Window{757a122 u0 com.android.gallery3d/com.android.gallery3d.app.GalleryActivity} 131ms
11-19 05:12:35.308 1499 1638 W WindowManager: updateScale0.7996942
11-19 05:12:35.310 1499 1638 W WindowManager: updateScale0.7996942
11-19 05:12:35.362 1499 2757 W WindowManager: updateScale0.7996942
11-19 05:12:35.372 1499 1638 W WindowManager: updateScale0.7996942
11-19 05:12:35.641 1499 4942 I wm_task_moved: [1,1,7]
11-19 05:12:35.642 1499 4942 I wm_task_moved: [10,1,2147483647]
11-19 05:12:35.642 1499 4942 I wm_task_to_front: [0,10]
11-19 05:12:35.642 1499 4942 I wm_focused_root_task: [0,0,1,65,RecentsAnimation.onAnimationFinished()]
11-19 05:12:35.642 13162 13162 I wm_on_top_resumed_lost_called: [186266324,com.android.gallery3d.app.GalleryActivity,topStateChangedWhenResumed]
11-19 05:12:35.643 1499 4942 I wm_set_resumed_activity: [0,com.android.launcher3/.uioverrides.QuickstepLauncher,RecentsAnimation.onAnimationFinished()]
11-19 05:12:35.643 1499 4942 I ActivityTaskManager: FOREGROUND_APPLICATION_CHANGED to com.android.launcher3.uioverrides.QuickstepLauncher
11-19 05:12:35.644 1499 4942 I wm_set_resumed_activity: [0,com.android.launcher3/.uioverrides.QuickstepLauncher,resumeTopActivityInnerLocked]
11-19 05:12:35.645 1499 4942 I wm_resume_activity: [0,19758722,10,com.android.launcher3/.uioverrides.QuickstepLauncher]
11-19 05:12:35.647 1499 4942 W WindowManager: updateScale0.7996942
11-19 05:12:35.651 1499 4942 W WindowManager: updateScale0.7996942
11-19 05:12:35.654 1499 1638 I input_focus: [Focus request 632f7bf com.android.launcher3/com.android.launcher3.uioverrides.QuickstepLauncher,reason=UpdateInputWindows]
11-19 05:12:35.658 1499 1637 I sysui_multi_action: [757,803,799,window_time_0,802,6]
11-19 05:12:35.667 2802 2802 I wm_on_resume_called: [19758722,com.android.launcher3.uioverrides.QuickstepLauncher,RESUME_ACTIVITY]
11-19 05:12:35.667 2802 2802 I wm_on_top_resumed_gained_called: [19758722,com.android.launcher3.uioverrides.QuickstepLauncher,topStateChangedWhenResumed]
11-19 05:12:35.690 1499 1831 I input_focus: [Focus leaving recents_animation_input_consumer (server),reason=NOT_VISIBLE]
11-19 05:12:35.690 1499 1831 I input_focus: [Focus entering 632f7bf com.android.launcher3/com.android.launcher3.uioverrides.QuickstepLauncher (server),reason=setFocusedWindow]
11-19 05:12:35.765 7802 7838 W ContextImpl: Calling a method in the system process without a qualified user: android.app.ContextImpl.startService:1816 android.content.ContextWrapper.startService:774 com.thundercomm.gamemode.ingame.services.GameModeActionUtils.startGameModeService:93 com.thundercomm.gamemode.ingame.services.GameModeActionUtils.startGameModeEntry:21 com.thundercomm.gamemode.ingame.services.ActivityMonitoringService$1.onActivityLaunch:127
11-19 05:12:35.773 1499 1499 I GameModeConfig: Current uri is uri = content://com.thundercomm.gamemode.api/gamemode_settings/gamemode_isgaming
11-19 05:12:35.776 1499 1499 I GameModeConfig: isGameModeOn = false
11-19 05:12:35.776 1499 1499 I GameModeConfig: isGameModeOn = false
11-19 05:12:35.776 1499 1499 I GameModeConfig: isDisableVoice = true
11-19 05:12:35.789 1499 1638 W WindowManager: updateScale0.7996942
11-19 05:12:36.267 1499 1637 W WindowManager: Unable to start animation, surface is null or no children.
11-19 05:12:36.268 1499 1637 W WindowManager: updateScale0.7996942
11-19 05:12:36.431 1499 1831 I input_interaction: Interaction with: 757a122 com.android.gallery3d/com.android.gallery3d.app.GalleryActivity (server), edge-swipe (server), swipe-up (server), PointerEventDispatcher0 (server),
11-19 05:12:36.433 1499 1637 I wm_task_moved: [65,1,7]
11-19 05:12:36.433 1499 1637 I wm_task_to_front: [0,65]
11-19 05:12:36.435 1499 1637 W WindowManager: updateScale0.7996942
11-19 05:12:36.438 2802 2802 I wm_on_top_resumed_lost_called: [19758722,com.android.launcher3.uioverrides.QuickstepLauncher,topStateChangedWhenResumed]
11-19 05:12:36.438 1499 1637 I wm_set_resumed_activity: [0,com.android.gallery3d/.app.GalleryActivity,positionChildAt]
11-19 05:12:36.438 1499 1637 I wm_focused_root_task: [0,0,65,1,setFocusedTask]
11-19 05:12:36.438 1499 1637 I wm_set_resumed_activity: [0,com.android.gallery3d/.app.GalleryActivity,setFocusedTask]
11-19 05:12:36.439 1499 1637 I ActivityTaskManager: FOREGROUND_APPLICATION_CHANGED to com.android.gallery3d.app.GalleryActivity
11-19 05:12:36.439 1499 1638 I input_focus: [Focus request 757a122 com.android.gallery3d/com.android.gallery3d.app.GalleryActivity,reason=UpdateInputWindows]
11-19 05:12:36.440 13162 13162 I wm_on_top_resumed_gained_called: [186266324,com.android.gallery3d.app.GalleryActivity,topStateChangedWhenResumed]
11-19 05:12:36.456 1499 1831 I input_focus: [Focus leaving 632f7bf com.android.launcher3/com.android.launcher3.uioverrides.QuickstepLauncher (server),reason=setFocusedWindow]
11-19 05:12:36.456 1499 1831 I input_focus: [Focus entering 757a122 com.android.gallery3d/com.android.gallery3d.app.GalleryActivity (server),reason=setFocusedWindow]
11-19 05:12:36.605 1499 2437 I wm_relaunch_resume_activity: [0,186266324,65,com.android.gallery3d/.app.GalleryActivity]
11-19 05:12:36.605 1499 2437 I wm_add_to_stopping: [0,19758722,com.android.launcher3/.uioverrides.QuickstepLauncher,makeInvisible]
11-19 05:12:36.609 1499 2437 D FreeFormWindowHelper: Remove freefrom task=Task{daa5027 #65 type=standard A=10066:com.android.gallery3d U=0 visible=true mode=fullscreen translucent=false sz=1}
11-19 05:12:36.623 13162 13162 I wm_on_top_resumed_lost_called: [186266324,com.android.gallery3d.app.GalleryActivity,pausing]
11-19 05:12:36.626 13162 13162 I wm_on_paused_called: [186266324,com.android.gallery3d.app.GalleryActivity,performPause]
11-19 05:12:36.626 13162 13162 I wm_on_stop_called: [186266324,com.android.gallery3d.app.GalleryActivity,handleRelaunchActivity]
11-19 05:12:36.626 1499 4942 W WindowManager: Attempted to set replacing window on app token with no content Token{b925a4b ActivityRecord{b1a32d4 u0 com.android.gallery3d/.app.GalleryActivity t65}}
11-19 05:12:36.628 13162 13162 I wm_on_destroy_called: [186266324,com.android.gallery3d.app.GalleryActivity,performDestroy]
11-19 05:12:36.631 7802 7838 W ContextImpl: Calling a method in the system process without a qualified user: android.app.ContextImpl.startService:1816 android.content.ContextWrapper.startService:774 com.thundercomm.gamemode.ingame.services.GameModeActionUtils.startGameModeService:93 com.thundercomm.gamemode.ingame.services.GameModeActionUtils.startGameModeEntry:21 com.thundercomm.gamemode.ingame.services.ActivityMonitoringService$1.onActivityLaunch:127
11-19 05:12:36.641 1499 1644 I am_pss : [13467,10090,com.android.music,7051264,4759552,0,90902528,0,19,6]
11-19 05:12:36.641 1499 1499 I GameModeConfig: Current uri is uri = content://com.thundercomm.gamemode.api/gamemode_settings/gamemode_isgaming
11-19 05:12:36.645 1499 1499 I GameModeConfig: isGameModeOn = false
11-19 05:12:36.646 1499 1499 I GameModeConfig: isGameModeOn = false
11-19 05:12:36.646 1499 1499 I GameModeConfig: isDisableVoice = true
11-19 05:12:36.647 13162 13162 I wm_on_create_called: [186266324,com.android.gallery3d.app.GalleryActivity,performCreate]
11-19 05:12:36.649 13162 13162 I wm_on_start_called: [186266324,com.android.gallery3d.app.GalleryActivity,handleStartActivity]
11-19 05:12:36.654 13162 13162 I wm_on_resume_called: [186266324,com.android.gallery3d.app.GalleryActivity,RESUME_ACTIVITY]
11-19 05:12:36.654 13162 13162 I wm_on_top_resumed_gained_called: [186266324,com.android.gallery3d.app.GalleryActivity,topWhenResuming]
11-19 05:12:36.677 1499 4942 I NotificationService: cancelToast pkg=com.android.gallery3d token=android.os.BinderProxy@692bb3c
11-19 05:12:36.677 1499 4942 W WindowManager: removeWindowToken: Attempted to remove non-existing token: android.os.Binder@c53bd62
11-19 05:12:36.679 1499 4942 I WindowManager: finishDrawing of relaunch: Window{757a122 u0 com.android.gallery3d/com.android.gallery3d.app.GalleryActivity} 75ms
11-19 05:12:36.696 1499 2284 I GameModeConfig: isGameModeOn = false
11-19 05:12:36.696 1499 2284 I GameModeConfig: isGameModeOn = false
11-19 05:12:36.696 1499 2284 I GameModeConfig: isGameModeOn = false
11-19 05:12:36.696 1499 2284 I GameModeConfig: isGameModeOn = false
11-19 05:12:36.697 1499 1499 I notification_enqueue: [10081,2342,com.android.systemui,2048,NULL,0,Notification(channel=updateNotification shortcut=null contentView=null vibrate=null sound=null defaults=0x0 flags=0x0 color=0x00000000 vis=PRIVATE),1]
11-19 05:12:36.697 2342 2342 I sysui_multi_action: [757,111,758,2]
11-19 05:12:36.700 2342 2342 I sysui_multi_action: [757,111,758,2]
11-19 05:12:36.721 2342 2342 I sysui_multi_action: [757,111,758,1]
11-19 05:12:36.721 2342 2342 I sysui_multi_action: [757,126,758,1,759,126,927,0,928,0,1593,0]
11-19 05:12:36.721 2342 2342 I sysui_multi_action: [757,113,758,1,759,113,927,1,928,1,1593,0]
11-19 05:12:36.721 2342 2342 I sysui_multi_action: [757,0,758,1,759,0,927,2,928,0,1593,0]
11-19 05:12:36.721 2342 2342 I sysui_multi_action: [757,0,758,1,759,0,927,3,928,0,1593,0]
11-19 05:12:36.721 2342 2342 I sysui_multi_action: [757,491,758,1,759,491,927,4,928,0,1311,-1,1593,0]
11-19 05:12:36.721 2342 2342 I sysui_multi_action: [757,0,758,1,759,0,927,5,928,0,1593,0]
11-19 05:12:36.721 2342 2342 I sysui_multi_action: [757,111,758,1]
11-19 05:12:36.722 2342 2342 I sysui_multi_action: [757,126,758,1,759,126,927,0,928,0,1593,0]
11-19 05:12:36.722 2342 2342 I sysui_multi_action: [757,113,758,1,759,113,927,1,928,1,1593,0]
11-19 05:12:36.722 2342 2342 I sysui_multi_action: [757,0,758,1,759,0,927,2,928,0,1593,0]
11-19 05:12:36.722 2342 2342 I sysui_multi_action: [757,0,758,1,759,0,927,3,928,0,1593,0]
11-19 05:12:36.899 1499 1499 I GameModeConfig: isGameModeOn = false
11-19 05:12:37.023 1499 1637 I wm_stop_activity: [0,19758722,com.android.launcher3/.uioverrides.QuickstepLauncher]
11-19 05:12:37.033 7802 7838 W ContextImpl: Calling a method in the system process without a qualified user: android.app.ContextImpl.startService:1816 android.content.ContextWrapper.startService:774 com.thundercomm.gamemode.ingame.services.GameModeActionUtils.startGameModeService:93 com.thundercomm.gamemode.ingame.services.GameModeActionUtils.startGameModeEntry:21 com.thundercomm.gamemode.ingame.services.ActivityMonitoringService$1.onActivityLaunch:127
11-19 05:12:37.040 1499 1499 I GameModeConfig: Current uri is uri = content://com.thundercomm.gamemode.api/gamemode_settings/gamemode_isgaming
11-19 05:12:37.044 1499 1499 I GameModeConfig: isGameModeOn = false
11-19 05:12:37.045 1499 1499 I GameModeConfig: isGameModeOn = false
11-19 05:12:37.045 1499 1499 I GameModeConfig: isDisableVoice = true
11-19 05:12:37.052 2802 2802 I wm_on_paused_called: [19758722,com.android.launcher3.uioverrides.QuickstepLauncher,performPause]
11-19 05:12:37.057 2802 2802 I wm_on_stop_called: [19758722,com.android.launcher3.uioverrides.QuickstepLauncher,STOP_ACTIVITY_ITEM]
11-19 05:12:37.078 7802 7838 W ContextImpl: Calling a method in the system process without a qualified user: android.app.ContextImpl.startService:1816 android.content.ContextWrapper.startService:774 com.thundercomm.gamemode.ingame.services.GameModeActionUtils.startGameModeService:93 com.thundercomm.gamemode.ingame.services.GameModeActionUtils.startGameModeEntry:21 com.thundercomm.gamemode.ingame.services.ActivityMonitoringService$1.onActivityLaunch:127
11-19 05:12:37.082 1499 1499 I GameModeConfig: Current uri is uri = content://com.thundercomm.gamemode.api/gamemode_settings/gamemode_isgaming
11-19 05:12:37.085 1499 1499 I GameModeConfig: isGameModeOn = false
11-19 05:12:37.085 1499 1499 I GameModeConfig: isGameModeOn = false
11-19 05:12:37.085 1499 1499 I GameModeConfig: isDisableVoice = true
11-19 05:12:37.131 0 0 I auditd : type=1400 audit(0.0:12308): avc: denied { kill } for comm="swapper/3" capability=5 scontext=u:r:kernel:s0 tcontext=u:r:kernel:s0 tclass=capability permissive=0
11-19 05:12:37.884 1499 4942 I wm_task_moved: [1,0,0]
11-19 05:12:37.887 1499 4942 I wm_task_moved: [1,0,6]
11-19 05:12:37.908 2802 2802 I wm_on_restart_called: [19758722,com.android.launcher3.uioverrides.QuickstepLauncher,performRestartActivity]
11-19 05:12:37.921 7802 7838 W ContextImpl: Calling a method in the system process without a qualified user: android.app.ContextImpl.startService:1816 android.content.ContextWrapper.startService:774 com.thundercomm.gamemode.ingame.services.GameModeActionUtils.startGameModeService:93 com.thundercomm.gamemode.ingame.services.GameModeActionUtils.startGameModeEntry:21 com.thundercomm.gamemode.ingame.services.ActivityMonitoringService$1.onActivityLaunch:127
11-19 05:12:37.925 1499 1499 I GameModeConfig: Current uri is uri = content://com.thundercomm.gamemode.api/gamemode_settings/gamemode_isgaming
11-19 05:12:37.928 1499 1499 I GameModeConfig: isGameModeOn = false
11-19 05:12:37.928 1499 1499 I GameModeConfig: isGameModeOn = false
11-19 05:12:37.928 1499 1499 I GameModeConfig: isDisableVoice = true
11-19 05:12:37.933 2802 2802 I wm_on_start_called: [19758722,com.android.launcher3.uioverrides.QuickstepLauncher,handleStartActivity]
11-19 05:12:37.954 1499 1634 I sysui_multi_action: [319,17,322,62,325,14037,757,761,758,9,759,5,806,com.android.launcher3,871,com.android.launcher3.uioverrides.QuickstepLauncher,905,0,1320,8,1321,5]
11-19 05:12:37.998 13162 13162 I view_enqueue_input_event: [Motion - Cancel,com.android.gallery3d/com.android.gallery3d.app.GalleryActivity]
11-19 05:12:37.998 1499 1831 I input_interaction: Interaction with: edge-swipe (server), swipe-up (server), PointerEventDispatcher0 (server),
11-19 05:12:37.999 2802 2802 I sysui_latency: [1,71]
11-19 05:12:38.007 1499 1638 I input_focus: [Focus request recents_animation_input_consumer,reason=UpdateInputWindows]
11-19 05:12:38.042 1499 1831 I input_focus: [Focus leaving 757a122 com.android.gallery3d/com.android.gallery3d.app.GalleryActivity (server),reason=NOT_FOCUSABLE]
11-19 05:12:38.042 1499 1831 I input_focus: [Focus entering recents_animation_input_consumer (server),reason=setFocusedWindow]
11-19 05:12:38.135 1499 1759 I commit_sys_config_file: [settings-1-0,3]
11-19 05:12:38.152 1499 1499 W WindowManager: removeWindowToken: Attempted to remove non-existing token: android.os.Binder@1eded5d
11-19 05:12:38.250 1499 1644 I sysui_latency: [8,71]
11-19 05:12:38.360 1499 2757 I wm_task_moved: [1,0,6]
11-19 05:12:38.361 1499 2757 I wm_add_to_stopping: [0,19758722,com.android.launcher3/.uioverrides.QuickstepLauncher,makeInvisible]
11-19 05:12:38.374 1499 1638 I input_focus: [Focus request 757a122 com.android.gallery3d/com.android.gallery3d.app.GalleryActivity,reason=UpdateInputWindows]
11-19 05:12:38.375 1499 1637 I wm_stop_activity: [0,19758722,com.android.launcher3/.uioverrides.QuickstepLauncher]
11-19 05:12:38.382 1499 1831 I input_focus: [Focus leaving recents_animation_input_consumer (server),reason=NOT_VISIBLE]
11-19 05:12:38.382 1499 1831 I input_focus: [Focus entering 757a122 com.android.gallery3d/com.android.gallery3d.app.GalleryActivity (server),reason=setFocusedWindow]
11-19 05:12:38.429 2802 2802 I wm_on_stop_called: [19758722,com.android.launcher3.uioverrides.QuickstepLauncher,STOP_ACTIVITY_ITEM]
11-19 05:12:38.434 1499 1644 W UsageStatsService: Unexpected activity event reported! (com.android.launcher3/com.android.launcher3.uioverrides.QuickstepLauncher event : 23 instanceId : 69626717)
11-19 05:12:38.441 7802 7838 W ContextImpl: Calling a method in the system process without a qualified user: android.app.ContextImpl.startService:1816 android.content.ContextWrapper.startService:774 com.thundercomm.gamemode.ingame.services.GameModeActionUtils.startGameModeService:93 com.thundercomm.gamemode.ingame.services.GameModeActionUtils.startGameModeEntry:21 com.thundercomm.gamemode.ingame.services.ActivityMonitoringService$1.onActivityLaunch:127
11-19 05:12:38.446 1499 1499 I GameModeConfig: Current uri is uri = content://com.thundercomm.gamemode.api/gamemode_settings/gamemode_isgaming
11-19 05:12:38.447 1499 1499 I GameModeConfig: isGameModeOn = false
11-19 05:12:38.447 1499 1499 I GameModeConfig: isGameModeOn = false
11-19 05:12:38.447 1499 1499 I GameModeConfig: isDisableVoice = true
11-19 05:12:38.631 1499 1759 I commit_sys_config_file: [settings-1-0,7]
11-19 05:12:39.131 0 0 I auditd : type=1400 audit(0.0:12309): avc: denied { kill } for comm="swapper/3" capability=5 scontext=u:r:kernel:s0 tcontext=u:r:kernel:s0 tclass=capability permissive=0
11-19 05:12:39.360 1499 1637 W WindowManager: Unable to start animation, surface is null or no children.
11-19 05:12:39.613 1499 1831 I input_interaction: Interaction with: 757a122 com.android.gallery3d/com.android.gallery3d.app.GalleryActivity (server), edge-swipe (server), swipe-up (server), PointerEventDispatcher0 (server),
11-19 05:12:39.630 1499 2437 I wm_task_moved: [1,0,0]
11-19 05:12:39.631 1499 2437 I wm_task_moved: [1,0,6]
11-19 05:12:39.655 2802 2802 I wm_on_restart_called: [19758722,com.android.launcher3.uioverrides.QuickstepLauncher,performRestartActivity]
11-19 05:12:39.663 7802 7838 W ContextImpl: Calling a method in the system process without a qualified user: android.app.ContextImpl.startService:1816 android.content.ContextWrapper.startService:774 com.thundercomm.gamemode.ingame.services.GameModeActionUtils.startGameModeService:93 com.thundercomm.gamemode.ingame.services.GameModeActionUtils.startGameModeEntry:21 com.thundercomm.gamemode.ingame.services.ActivityMonitoringService$1.onActivityLaunch:127
11-19 05:12:39.669 1499 1499 I GameModeConfig: Current uri is uri = content://com.thundercomm.gamemode.api/gamemode_settings/gamemode_isgaming
11-19 05:12:39.672 1499 1499 I GameModeConfig: isGameModeOn = false
11-19 05:12:39.672 1499 1499 I GameModeConfig: isGameModeOn = false
11-19 05:12:39.672 1499 1499 I GameModeConfig: isDisableVoice = true
11-19 05:12:39.674 2802 2802 I wm_on_start_called: [19758722,com.android.launcher3.uioverrides.QuickstepLauncher,handleStartActivity]
11-19 05:12:39.700 1499 1634 I sysui_multi_action: [319,15,322,62,325,14038,757,761,758,9,759,5,806,com.android.launcher3,871,com.android.launcher3.uioverrides.QuickstepLauncher,905,0,1320,8,1321,5]
11-19 05:12:39.733 13162 13162 I view_enqueue_input_event: [Motion - Cancel,com.android.gallery3d/com.android.gallery3d.app.GalleryActivity]
11-19 05:12:39.734 2802 2802 I sysui_latency: [1,74]
11-19 05:12:39.737 1499 1831 I input_interaction: Interaction with: edge-swipe (server), swipe-up (server), PointerEventDispatcher0 (server),
11-19 05:12:39.741 1499 1638 I input_focus: [Focus request recents_animation_input_consumer,reason=UpdateInputWindows]
11-19 05:12:39.763 1499 1831 I input_focus: [Focus leaving 757a122 com.android.gallery3d/com.android.gallery3d.app.GalleryActivity (server),reason=NOT_FOCUSABLE]
11-19 05:12:39.764 1499 1831 I input_focus: [Focus entering recents_animation_input_consumer (server),reason=setFocusedWindow]
11-19 05:12:39.876 1499 1759 I commit_sys_config_file: [settings-1-0,3]
11-19 05:12:39.994 1499 1644 I sysui_latency: [8,74]
11-19 05:12:40.131 0 0 I auditd : type=1400 audit(0.0:12310): avc: denied { kill } for comm="swapper/3" capability=5 scontext=u:r:kernel:s0 tcontext=u:r:kernel:s0 tclass=capability permissive=0
11-19 05:12:40.207 1499 9049 W NotificationService: Toast already killed. pkg=com.android.gallery3d token=android.os.BinderProxy@d470fcc
11-19 05:12:40.727 1499 1759 I commit_sys_config_file: [settings-1-0,3]
11-19 05:12:41.131 0 0 I auditd : type=1400 audit(0.0:12311): avc: denied { kill } for comm="swapper/3" capability=5 scontext=u:r:kernel:s0 tcontext=u:r:kernel:s0 tclass=capability permissive=0
11-19 05:12:41.170 1499 1499 W WindowManager: removeWindowToken: Attempted to remove non-existing token: android.os.Binder@ef790e8
11-19 05:12:41.642 1499 1831 I input_interaction: Interaction with: 632f7bf com.android.launcher3/com.android.launcher3.uioverrides.QuickstepLauncher (server), edge-swipe (server), swipe-up (server), PointerEventDispatcher0 (server),
11-19 05:12:41.788 1499 4942 D FreeFormWindowHelper: Add freeform task=Task{daa5027 #65 type=standard A=10066:com.android.gallery3d U=0 visible=true mode=freeform translucent=false sz=1}
11-19 05:12:41.789 1499 4942 I wm_relaunch_resume_activity: [0,186266324,65,com.android.gallery3d/.app.GalleryActivity]
11-19 05:12:41.790 1499 4942 I wm_task_moved: [1,1,7]
11-19 05:12:41.790 13162 13162 I wm_on_top_resumed_lost_called: [186266324,com.android.gallery3d.app.GalleryActivity,pausing]
11-19 05:12:41.791 1499 4942 I wm_focused_root_task: [0,0,1,65,startActivityFromRecents]
11-19 05:12:41.793 1499 4942 I wm_task_moved: [65,1,7]
11-19 05:12:41.793 1499 4942 I wm_set_resumed_activity: [0,com.android.gallery3d/.app.GalleryActivity,positionChildAt]
11-19 05:12:41.793 1499 4942 I wm_focused_root_task: [0,0,65,1,moveTaskToFront findTaskToMoveToFront]
11-19 05:12:41.793 1499 4942 I wm_set_resumed_activity: [0,com.android.gallery3d/.app.GalleryActivity,moveTaskToFront findTaskToMoveToFront]
11-19 05:12:41.794 13162 13162 I wm_on_paused_called: [186266324,com.android.gallery3d.app.GalleryActivity,performPause]
11-19 05:12:41.794 1499 4942 W WindowManager: updateScale0.7996942
