11-19 04:39:03.067 7802 7838 W ContextImpl: Calling a method in the system process without a qualified user: android.app.ContextImpl.startService:1816 android.content.ContextWrapper.startService:774 com.thundercomm.gamemode.ingame.services.GameModeActionUtils.startGameModeService:93 com.thundercomm.gamemode.ingame.services.GameModeActionUtils.startGameModeEntry:21 com.thundercomm.gamemode.ingame.services.ActivityMonitoringService$1.onActivityLaunch:127
11-19 04:39:03.067 1499 2759 W WindowManager: updateScale0.7996942
11-19 04:39:03.067 1499 2759 W WindowManager: updateScale0.7996942
11-19 04:39:03.069 1499 1638 I input_focus: [Focus request 9e5c320 com.android.permissioncontroller/com.android.permissioncontroller.permission.ui.GrantPermissionsActivity,reason=UpdateInputWindows]
11-19 04:39:03.071 1499 1638 W WindowManager: updateScale0.7996942
11-19 04:39:03.071 1499 1638 W WindowManager: updateScale0.7996942
11-19 04:39:03.073 1499 1638 W WindowManager: updateScale0.7996942
11-19 04:39:03.073 1499 1638 W WindowManager: updateScale0.7996942
11-19 04:39:03.075 1499 2437 I wm_finish_activity: [0,247695778,51,com.android.permissioncontroller/.permission.ui.GrantPermissionsActivity,app-request]
11-19 04:39:03.079 1499 1634 I sysui_multi_action: [319,121,322,120,325,12022,757,761,758,8,759,2,806,com.android.permissioncontroller,871,com.android.permissioncontroller.permission.ui.GrantPermissionsActivity,904,com.android.deskclock,905,0,1320,8,1321,5]
11-19 04:39:03.080 1499 1634 I wm_activity_launch_time: [0,247695778,com.android.permissioncontroller/.permission.ui.GrantPermissionsActivity,120]
11-19 04:39:03.080 1499 1499 I GameModeConfig: Current uri is uri = content://com.thundercomm.gamemode.api/gamemode_settings/gamemode_isgaming
11-19 04:39:03.088 1499 2437 I wm_pause_activity: [0,247695778,com.android.permissioncontroller/.permission.ui.GrantPermissionsActivity,userLeaving=false,finish]
11-19 04:39:03.089 1499 1499 I GameModeConfig: isGameModeOn = false
11-19 04:39:03.089 1499 1499 I GameModeConfig: isGameModeOn = false
11-19 04:39:03.089 1499 1499 I GameModeConfig: isDisableVoice = true
11-19 04:39:03.090 1499 1831 I input_focus: [Focus leaving e7536b3 com.android.deskclock/com.android.deskclock.DeskClock (server),reason=setFocusedWindow]
11-19 04:39:03.090 1499 1831 I input_focus: [Focus entering 9e5c320 com.android.permissioncontroller/com.android.permissioncontroller.permission.ui.GrantPermissionsActivity (server),reason=setFocusedWindow]
11-19 04:39:03.091 9979 9979 I wm_on_top_resumed_lost_called: [247695778,com.android.permissioncontroller.permission.ui.GrantPermissionsActivity,topStateChangedWhenResumed]
11-19 04:39:03.091 9979 9979 I wm_on_paused_called: [247695778,com.android.permissioncontroller.permission.ui.GrantPermissionsActivity,performPause]
11-19 04:39:03.095 1499 5520 I ActivityTaskManager: FOREGROUND_APPLICATION_CHANGED to com.android.deskclock.DeskClock
11-19 04:39:03.096 1499 5520 I wm_set_resumed_activity: [0,com.android.deskclock/.DeskClock,resumeTopActivityInnerLocked]
11-19 04:39:03.097 1499 5520 I wm_resume_activity: [0,176962710,51,com.android.deskclock/.DeskClock]
11-19 04:39:03.101 1499 1831 I input_focus: [Focus leaving 9e5c320 com.android.permissioncontroller/com.android.permissioncontroller.permission.ui.GrantPermissionsActivity (server),reason=NO_WINDOW]
11-19 04:39:03.103 9544 9544 I wm_on_activity_result_called: [176962710,com.android.deskclock.DeskClock,ACTIVITY_RESULT]
11-19 04:39:03.104 9544 9544 I wm_on_resume_called: [176962710,com.android.deskclock.DeskClock,RESUME_ACTIVITY]
11-19 04:39:03.105 1499 5520 W WindowManager: updateScale0.7996942
11-19 04:39:03.105 9544 9544 I wm_on_top_resumed_gained_called: [176962710,com.android.deskclock.DeskClock,topWhenResuming]
11-19 04:39:03.108 1499 1638 I input_focus: [Focus request e7536b3 com.android.deskclock/com.android.deskclock.DeskClock,reason=UpdateInputWindows]
11-19 04:39:03.109 1499 1637 I sysui_multi_action: [757,803,799,window_time_2,802,0]
11-19 04:39:03.117 1499 4942 W WindowManager: updateScale0.7996942
11-19 04:39:03.119 1499 1831 I input_focus: [Focus entering e7536b3 com.android.deskclock/com.android.deskclock.DeskClock (server),reason=setFocusedWindow]
11-19 04:39:03.152 1499 5520 I wm_destroy_activity: [0,247695778,51,com.android.permissioncontroller/.permission.ui.GrantPermissionsActivity,finish-idle]
11-19 04:39:03.153 9979 9979 I wm_on_stop_called: [247695778,com.android.permissioncontroller.permission.ui.GrantPermissionsActivity,LIFECYCLER_STOP_ACTIVITY]
11-19 04:39:03.155 9979 9979 I wm_on_destroy_called: [247695778,com.android.permissioncontroller.permission.ui.GrantPermissionsActivity,performDestroy]
11-19 04:39:03.158 1499 4942 W WindowManager: updateScale0.7996942
11-19 04:39:03.166 7802 7838 W ContextImpl: Calling a method in the system process without a qualified user: android.app.ContextImpl.startService:1816 android.content.ContextWrapper.startService:774 com.thundercomm.gamemode.ingame.services.GameModeActionUtils.startGameModeService:93 com.thundercomm.gamemode.ingame.services.GameModeActionUtils.startGameModeEntry:21 com.thundercomm.gamemode.ingame.services.ActivityMonitoringService$1.onActivityLaunch:127
11-19 04:39:03.170 1499 1499 I GameModeConfig: Current uri is uri = content://com.thundercomm.gamemode.api/gamemode_settings/gamemode_isgaming
11-19 04:39:03.172 1499 1499 I GameModeConfig: isGameModeOn = false
11-19 04:39:03.172 1499 1499 I GameModeConfig: isGameModeOn = false
11-19 04:39:03.172 1499 1499 I GameModeConfig: isDisableVoice = true
11-19 04:39:03.212 7802 7838 W ContextImpl: Calling a method in the system process without a qualified user: android.app.ContextImpl.startService:1816 android.content.ContextWrapper.startService:774 com.thundercomm.gamemode.ingame.services.GameModeActionUtils.startGameModeService:93 com.thundercomm.gamemode.ingame.services.GameModeActionUtils.startGameModeEntry:21 com.thundercomm.gamemode.ingame.services.ActivityMonitoringService$1.onActivityLaunch:127
11-19 04:39:03.217 1499 1499 I GameModeConfig: Current uri is uri = content://com.thundercomm.gamemode.api/gamemode_settings/gamemode_isgaming
11-19 04:39:03.219 1499 1499 I GameModeConfig: isGameModeOn = false
11-19 04:39:03.219 1499 1499 I GameModeConfig: isGameModeOn = false
11-19 04:39:03.219 1499 1499 I GameModeConfig: isDisableVoice = true
11-19 04:39:03.321 1499 1638 W WindowManager: updateScale0.7996942
11-19 04:39:03.335 1499 1638 W WindowManager: updateScale0.7996942
11-19 04:39:03.355 1499 1638 W WindowManager: updateScale0.7996942
11-19 04:39:03.959 9544 9544 I view_enqueue_input_event: [Motion - Cancel,com.android.deskclock/com.android.deskclock.DeskClock]
11-19 04:39:03.962 1499 1831 I input_interaction: Interaction with: WindowManager (server), edge-swipe (server), swipe-up (server), PointerEventDispatcher0 (server),
11-19 04:39:03.971 1499 1638 D FreeFormWindowHelper: refreshTipWindow windowDragBounds:Rect(0, 86 - 523, 1014)
11-19 04:39:03.975 1499 1638 W WindowManager: updateScale0.7996942
11-19 04:39:03.990 1499 1638 D FreeFormWindowHelper: refreshTipWindow windowDragBounds:Rect(0, 91 - 523, 1019)
11-19 04:39:03.991 1499 1638 W WindowManager: updateScale0.7996942
11-19 04:39:04.004 1499 1638 D FreeFormWindowHelper: refreshTipWindow windowDragBounds:Rect(0, 96 - 523, 1024)
11-19 04:39:04.007 1499 1638 W WindowManager: updateScale0.7996942
11-19 04:39:04.055 1499 1638 D FreeFormWindowHelper: refreshTipWindow windowDragBounds:Rect(0, 99 - 523, 1027)
11-19 04:39:04.057 1499 1638 W WindowManager: updateScale0.7996942
11-19 04:39:04.088 1499 1638 D FreeFormWindowHelper: refreshTipWindow windowDragBounds:Rect(0, 101 - 523, 1029)
11-19 04:39:04.095 1499 1638 W WindowManager: updateScale0.7996942
11-19 04:39:04.105 1499 1638 D FreeFormWindowHelper: refreshTipWindow windowDragBounds:Rect(0, 107 - 523, 1035)
11-19 04:39:04.106 1499 1638 W WindowManager: updateScale0.7996942
11-19 04:39:04.120 1499 5520 W WindowManager: updateScale0.7996942
11-19 04:39:04.136 1499 1729 W WindowManager: updateScale0.7996942
11-19 04:39:04.138 1499 1638 D FreeFormWindowHelper: refreshTipWindow windowDragBounds:Rect(-3, 106 - 520, 1034)
11-19 04:39:04.139 1499 1638 W WindowManager: updateScale0.7996942
11-19 04:39:04.155 1499 1638 D FreeFormWindowHelper: refreshTipWindow windowDragBounds:Rect(-2, 115 - 521, 1043)
11-19 04:39:04.155 1499 1638 W WindowManager: updateScale0.7996942
11-19 04:39:04.157 1499 1729 W WindowManager: updateScale0.7996942
11-19 04:39:04.171 1499 1638 D FreeFormWindowHelper: refreshTipWindow windowDragBounds:Rect(-7, 116 - 516, 1044)
11-19 04:39:04.172 1499 1638 W WindowManager: updateScale0.7996942
11-19 04:39:04.178 1499 1729 W WindowManager: updateScale0.7996942
11-19 04:39:04.188 1499 1638 D FreeFormWindowHelper: refreshTipWindow windowDragBounds:Rect(-8, 118 - 515, 1046)
11-19 04:39:04.189 1499 1638 W WindowManager: updateScale0.7996942
11-19 04:39:04.195 1499 1729 W WindowManager: updateScale0.7996942
11-19 04:39:04.205 1499 1638 D FreeFormWindowHelper: refreshTipWindow windowDragBounds:Rect(-7, 121 - 516, 1049)
11-19 04:39:04.206 1499 1638 W WindowManager: updateScale0.7996942
11-19 04:39:04.211 1499 5520 W WindowManager: updateScale0.7996942
11-19 04:39:04.222 1499 1638 D FreeFormWindowHelper: refreshTipWindow windowDragBounds:Rect(-7, 122 - 516, 1050)
11-19 04:39:04.222 1499 1638 W WindowManager: updateScale0.7996942
11-19 04:39:04.225 1499 1729 W WindowManager: updateScale0.7996942
11-19 04:39:04.237 1499 1729 W WindowManager: updateScale0.7996942
11-19 04:39:04.239 1499 1638 D FreeFormWindowHelper: refreshTipWindow windowDragBounds:Rect(-7, 126 - 516, 1054)
11-19 04:39:04.239 1499 1638 W WindowManager: updateScale0.7996942
11-19 04:39:04.255 1499 1638 D FreeFormWindowHelper: refreshTipWindow windowDragBounds:Rect(-9, 127 - 514, 1055)
11-19 04:39:04.256 1499 1638 W WindowManager: updateScale0.7996942
11-19 04:39:04.272 1499 1638 D FreeFormWindowHelper: refreshTipWindow windowDragBounds:Rect(-9, 132 - 514, 1060)
11-19 04:39:04.273 1499 1638 W WindowManager: updateScale0.7996942
11-19 04:39:04.288 1499 1638 D FreeFormWindowHelper: refreshTipWindow windowDragBounds:Rect(-14, 139 - 509, 1067)
11-19 04:39:04.289 1499 1638 W WindowManager: updateScale0.7996942
11-19 04:39:04.291 1499 1729 W WindowManager: updateScale0.7996942
11-19 04:39:04.305 1499 1638 D FreeFormWindowHelper: refreshTipWindow windowDragBounds:Rect(-17, 146 - 506, 1074)
11-19 04:39:04.306 1499 1638 W WindowManager: updateScale0.7996942
11-19 04:39:04.309 1499 5520 W WindowManager: updateScale0.7996942
11-19 04:39:04.322 1499 1638 D FreeFormWindowHelper: refreshTipWindow windowDragBounds:Rect(-19, 162 - 504, 1090)
11-19 04:39:04.323 1499 1638 W WindowManager: updateScale0.7996942
11-19 04:39:04.324 1499 5520 W WindowManager: updateScale0.7996942
11-19 04:39:04.339 1499 1638 D FreeFormWindowHelper: refreshTipWindow windowDragBounds:Rect(-26, 178 - 497, 1106)
11-19 04:39:04.339 1499 1638 W WindowManager: updateScale0.7996942
11-19 04:39:04.341 1499 4942 W WindowManager: updateScale0.7996942
11-19 04:39:04.355 1499 1638 D FreeFormWindowHelper: refreshTipWindow windowDragBounds:Rect(-26, 192 - 497, 1120)
11-19 04:39:04.356 1499 1638 W WindowManager: updateScale0.7996942
11-19 04:39:04.358 1499 4942 W WindowManager: updateScale0.7996942
11-19 04:39:04.372 1499 1638 D FreeFormWindowHelper: refreshTipWindow windowDragBounds:Rect(-28, 225 - 495, 1153)
11-19 04:39:04.373 1499 1638 W WindowManager: updateScale0.7996942
11-19 04:39:04.375 1499 4942 W WindowManager: updateScale0.7996942
11-19 04:39:04.389 1499 1638 D FreeFormWindowHelper: refreshTipWindow windowDragBounds:Rect(-28, 242 - 495, 1170)
11-19 04:39:04.389 1499 1638 W WindowManager: updateScale0.7996942
11-19 04:39:04.391 1499 4942 W WindowManager: updateScale0.7996942
11-19 04:39:04.404 1499 5520 W WindowManager: updateScale0.7996942
11-19 04:39:04.406 1499 1638 D FreeFormWindowHelper: refreshTipWindow windowDragBounds:Rect(-36, 260 - 487, 1188)
11-19 04:39:04.407 1499 1638 W WindowManager: updateScale0.7996942
11-19 04:39:04.422 1499 1638 D FreeFormWindowHelper: refreshTipWindow windowDragBounds:Rect(-39, 282 - 484, 1210)
11-19 04:39:04.423 1499 1638 W WindowManager: updateScale0.7996942
11-19 04:39:04.424 1499 5520 W WindowManager: updateScale0.7996942
11-19 04:39:04.439 1499 1638 D FreeFormWindowHelper: refreshTipWindow windowDragBounds:Rect(-40, 303 - 483, 1231)
11-19 04:39:04.440 1499 1638 W WindowManager: updateScale0.7996942
11-19 04:39:04.442 1499 5520 W WindowManager: updateScale0.7996942
11-19 04:39:04.455 1499 1638 D FreeFormWindowHelper: refreshTipWindow windowDragBounds:Rect(-46, 330 - 477, 1258)
11-19 04:39:04.456 1499 1638 W WindowManager: updateScale0.7996942
11-19 04:39:04.458 1499 5520 W WindowManager: updateScale0.7996942
11-19 04:39:04.472 1499 1638 D FreeFormWindowHelper: refreshTipWindow windowDragBounds:Rect(-48, 365 - 475, 1293)
11-19 04:39:04.473 1499 1638 W WindowManager: updateScale0.7996942
11-19 04:39:04.475 1499 5520 W WindowManager: updateScale0.7996942
11-19 04:39:04.477 1499 1638 W WindowManager: updateScale0.7996942
11-19 04:39:04.489 1499 1638 D FreeFormWindowHelper: refreshTipWindow windowDragBounds:Rect(-54, 384 - 469, 1312)
11-19 04:39:04.490 1499 1638 W WindowManager: updateScale0.7996942
11-19 04:39:04.491 1499 1729 W WindowManager: updateScale0.7996942
11-19 04:39:04.503 1499 1729 W WindowManager: updateScale0.7996942
11-19 04:39:04.506 1499 1638 D FreeFormWindowHelper: refreshTipWindow windowDragBounds:Rect(-54, 403 - 469, 1331)
11-19 04:39:04.506 1499 1638 W WindowManager: updateScale0.7996942
11-19 04:39:04.522 1499 1638 D FreeFormWindowHelper: refreshTipWindow windowDragBounds:Rect(-69, 448 - 454, 1376)
11-19 04:39:04.524 1499 1638 W WindowManager: updateScale0.7996942
11-19 04:39:04.525 1499 1729 W WindowManager: updateScale0.7996942
11-19 04:39:04.539 1499 1638 D FreeFormWindowHelper: refreshTipWindow windowDragBounds:Rect(-71, 487 - 452, 1415)
11-19 04:39:04.540 1499 1638 W WindowManager: updateScale0.7996942
11-19 04:39:04.542 1499 5520 W WindowManager: updateScale0.7996942
11-19 04:39:04.556 1499 1638 D FreeFormWindowHelper: refreshTipWindow windowDragBounds:Rect(-81, 522 - 442, 1450)
11-19 04:39:04.556 1499 1638 W WindowManager: updateScale0.7996942
11-19 04:39:04.558 1499 5520 W WindowManager: updateScale0.7996942
11-19 04:39:04.572 1499 5520 W WindowManager: updateScale0.7996942
11-19 04:39:04.574 1499 1638 D FreeFormWindowHelper: refreshTipWindow windowDragBounds:Rect(-89, 552 - 434, 1480)
11-19 04:39:04.575 1499 1638 W WindowManager: updateScale0.7996942
11-19 04:39:04.589 1499 1638 D FreeFormWindowHelper: refreshTipWindow windowDragBounds:Rect(-98, 593 - 425, 1521)
11-19 04:39:04.590 1499 1638 W WindowManager: updateScale0.7996942
11-19 04:39:04.592 1499 1729 W WindowManager: updateScale0.7996942
11-19 04:39:04.606 1499 1638 D FreeFormWindowHelper: refreshTipWindow windowDragBounds:Rect(-100, 620 - 423, 1548)
11-19 04:39:04.607 1499 1638 W WindowManager: updateScale0.7996942
11-19 04:39:04.611 1499 1729 W WindowManager: updateScale0.7996942
11-19 04:39:04.623 1499 1638 D FreeFormWindowHelper: refreshTipWindow windowDragBounds:Rect(-109, 654 - 414, 1582)
11-19 04:39:04.623 1499 1638 W WindowManager: updateScale0.7996942
11-19 04:39:04.624 1499 4942 W WindowManager: updateScale0.7996942
11-19 04:39:04.637 1499 4942 W WindowManager: updateScale0.7996942
11-19 04:39:04.639 1499 1638 D FreeFormWindowHelper: refreshTipWindow windowDragBounds:Rect(-111, 690 - 412, 1618)
11-19 04:39:04.640 1499 1638 W WindowManager: updateScale0.7996942
11-19 04:39:04.656 1499 1638 D FreeFormWindowHelper: refreshTipWindow windowDragBounds:Rect(-115, 700 - 408, 1628)
11-19 04:39:04.656 1499 1638 W WindowManager: updateScale0.7996942
11-19 04:39:04.673 1499 1638 D FreeFormWindowHelper: refreshTipWindow windowDragBounds:Rect(-114, 704 - 409, 1632)
11-19 04:39:04.674 1499 1638 W WindowManager: updateScale0.7996942
11-19 04:39:04.675 1499 4942 W WindowManager: updateScale0.7996942
11-19 04:39:04.689 1499 1638 D FreeFormWindowHelper: refreshTipWindow windowDragBounds:Rect(-114, 708 - 409, 1636)
11-19 04:39:04.690 1499 1638 W WindowManager: updateScale0.7996942
11-19 04:39:04.691 1499 4942 W WindowManager: updateScale0.7996942
11-19 04:39:04.706 1499 1638 D FreeFormWindowHelper: refreshTipWindow windowDragBounds:Rect(-116, 718 - 407, 1646)
11-19 04:39:04.707 1499 1638 W WindowManager: updateScale0.7996942
11-19 04:39:04.709 1499 4942 W WindowManager: updateScale0.7996942
11-19 04:39:04.723 1499 1638 D FreeFormWindowHelper: refreshTipWindow windowDragBounds:Rect(-116, 724 - 407, 1652)
11-19 04:39:04.724 1499 1638 W WindowManager: updateScale0.7996942
11-19 04:39:04.726 1499 4942 W WindowManager: updateScale0.7996942
11-19 04:39:04.740 1499 1638 D FreeFormWindowHelper: refreshTipWindow windowDragBounds:Rect(-120, 730 - 403, 1658)
11-19 04:39:04.741 1499 1638 W WindowManager: updateScale0.7996942
11-19 04:39:04.742 1499 4942 W WindowManager: updateScale0.7996942
11-19 04:39:04.756 1499 4942 W WindowManager: updateScale0.7996942
11-19 04:39:04.757 1499 1638 D FreeFormWindowHelper: refreshTipWindow windowDragBounds:Rect(-121, 737 - 402, 1665)
11-19 04:39:04.758 1499 1638 W WindowManager: updateScale0.7996942
11-19 04:39:04.790 1499 1638 D FreeFormWindowHelper: refreshTipWindow windowDragBounds:Rect(-121, 743 - 402, 1671)
11-19 04:39:04.791 1499 1638 W WindowManager: updateScale0.7996942
11-19 04:39:04.807 1499 1638 D FreeFormWindowHelper: refreshTipWindow windowDragBounds:Rect(-121, 745 - 402, 1673)
11-19 04:39:04.809 1499 1638 W WindowManager: updateScale0.7996942
11-19 04:39:04.813 1499 4942 W WindowManager: updateScale0.7996942
11-19 04:39:04.823 1499 1638 D FreeFormWindowHelper: refreshTipWindow windowDragBounds:Rect(-121, 751 - 402, 1679)
11-19 04:39:04.825 1499 1638 W WindowManager: updateScale0.7996942
11-19 04:39:04.840 1499 1638 D FreeFormWindowHelper: refreshTipWindow windowDragBounds:Rect(-121, 752 - 402, 1680)
11-19 04:39:04.841 1499 1638 W WindowManager: updateScale0.7996942
11-19 04:39:04.844 1499 1729 W WindowManager: updateScale0.7996942
11-19 04:39:04.873 1499 1638 D FreeFormWindowHelper: refreshTipWindow windowDragBounds:Rect(-121, 755 - 402, 1683)
11-19 04:39:04.874 1499 1638 W WindowManager: updateScale0.7996942
11-19 04:39:04.907 1499 1638 D FreeFormWindowHelper: refreshTipWindow windowDragBounds:Rect(-121, 757 - 402, 1685)
11-19 04:39:04.908 1499 1638 W WindowManager: updateScale0.7996942
11-19 04:39:04.925 1499 1638 D FreeFormWindowHelper: refreshTipWindow windowDragBounds:Rect(-121, 775 - 402, 1703)
11-19 04:39:04.927 1499 1638 W WindowManager: updateScale0.7996942
11-19 04:39:04.930 1499 1729 W WindowManager: updateScale0.7996942
11-19 04:39:04.940 1499 1638 D FreeFormWindowHelper: refreshTipWindow windowDragBounds:Rect(-121, 793 - 402, 1721)
11-19 04:39:04.941 1499 1638 W WindowManager: updateScale0.7996942
11-19 04:39:04.951 1499 4942 W WindowManager: updateScale0.7996942
11-19 04:39:04.957 1499 1638 D FreeFormWindowHelper: refreshTipWindow windowDragBounds:Rect(-124, 807 - 399, 1735)
11-19 04:39:04.959 1499 1638 W WindowManager: updateScale0.7996942
11-19 04:39:04.969 1499 4942 W WindowManager: updateScale0.7996942
11-19 04:39:04.973 1499 1638 D FreeFormWindowHelper: refreshTipWindow windowDragBounds:Rect(-123, 808 - 400, 1736)
11-19 04:39:04.975 1499 1638 W WindowManager: updateScale0.7996942
11-19 04:39:04.986 1499 1729 W WindowManager: updateScale0.7996942
11-19 04:39:04.990 1499 1638 D FreeFormWindowHelper: refreshTipWindow windowDragBounds:Rect(-123, 814 - 400, 1742)
11-19 04:39:04.991 1499 1638 W WindowManager: updateScale0.7996942
11-19 04:39:05.002 1499 1729 W WindowManager: updateScale0.7996942
11-19 04:39:05.019 1499 1729 W WindowManager: updateScale0.7996942
11-19 04:39:05.113 1499 1638 D WindowManager: updateWindowDragBounds: mIsSwipeYtrue
11-19 04:39:05.114 1499 1638 D WindowManager: updateWindowDragBounds: mIsTopfalse
11-19 04:39:05.114 1499 1638 D WindowManager: updateWindowDragBounds: mIsSwipeXfalse
11-19 04:39:05.114 1499 1638 W WindowManager: updateScale0.4617737
11-19 04:39:05.116 1499 1638 I wm_relaunch_resume_activity: [0,176962710,51,com.android.deskclock/.DeskClock]
11-19 04:39:05.117 1499 1638 W WindowManager: updateScale0.4617737
11-19 04:39:05.118 9544 9544 I wm_on_top_resumed_lost_called: [176962710,com.android.deskclock.DeskClock,pausing]
11-19 04:39:05.119 9544 9544 I wm_on_paused_called: [176962710,com.android.deskclock.DeskClock,performPause]
11-19 04:39:05.121 9544 9544 I wm_on_stop_called: [176962710,com.android.deskclock.DeskClock,handleRelaunchActivity]
11-19 04:39:05.128 9544 9544 I wm_on_destroy_called: [176962710,com.android.deskclock.DeskClock,performDestroy]
11-19 04:39:05.152 1499 1729 I ActivityTaskManager: START u0 {act=android.content.pm.action.REQUEST_PERMISSIONS pkg=com.android.permissioncontroller cmp=com.android.permissioncontroller/.permission.ui.GrantPermissionsActivity (has extras)} from uid 10063
11-19 04:39:05.154 1499 1729 I wm_task_moved: [51,1,7]
11-19 04:39:05.154 1499 1729 I wm_set_resumed_activity: [0,com.android.deskclock/.DeskClock,positionChildAt]
11-19 04:39:05.154 1499 1729 I wm_create_activity: [0,224547057,51,com.android.permissioncontroller/.permission.ui.GrantPermissionsActivity,android.content.pm.action.REQUEST_PERMISSIONS,NULL,NULL,8388608]
11-19 04:39:05.155 1499 1729 I wm_pause_activity: [0,176962710,com.android.deskclock/.DeskClock,userLeaving=true,resumeTopActivityInnerLocked]
11-19 04:39:05.156 1499 1729 W WindowManager: updateScale0.4617737
11-19 04:39:05.178 9544 9544 I wm_on_create_called: [176962710,com.android.deskclock.DeskClock,performCreate]
11-19 04:39:05.201 9544 9544 I wm_on_start_called: [176962710,com.android.deskclock.DeskClock,handleStartActivity]
11-19 04:39:05.202 9544 9544 I wm_on_resume_called: [176962710,com.android.deskclock.DeskClock,RESUME_ACTIVITY]
11-19 04:39:05.203 9544 9544 I wm_on_top_resumed_gained_called: [176962710,com.android.deskclock.DeskClock,topWhenResuming]
11-19 04:39:05.209 1499 1729 W WindowManager: updateScale0.4617737
11-19 04:39:05.210 1499 1729 W WindowManager: updateScale0.4617737
11-19 04:39:05.237 9544 9544 I wm_on_top_resumed_lost_called: [176962710,com.android.deskclock.DeskClock,topStateChangedWhenResumed]
11-19 04:39:05.237 9544 9544 I wm_on_paused_called: [176962710,com.android.deskclock.DeskClock,performPause]
11-19 04:39:05.238 1499 1729 I ActivityTaskManager: FOREGROUND_APPLICATION_CHANGED to com.android.permissioncontroller.permission.ui.GrantPermissionsActivity
11-19 04:39:05.238 1499 1729 I ActivityTaskManager: The Process com.android.permissioncontroller Already Exists in BG. So sending its PID: 9979
11-19 04:39:05.240 1499 1729 W ActivityTaskManager: Tried to set launchTime (0) < mLastActivityLaunchTime (12022401)
11-19 04:39:05.241 1499 1729 I wm_restart_activity: [0,224547057,51,com.android.permissioncontroller/.permission.ui.GrantPermissionsActivity]
11-19 04:39:05.243 1499 1729 I wm_set_resumed_activity: [0,com.android.permissioncontroller/.permission.ui.GrantPermissionsActivity,minimalResumeActivityLocked]
11-19 04:39:05.245 1499 1729 W WindowManager: updateScale0.4617737
11-19 04:39:05.249 1499 1729 W WindowManager: updateScale0.4617737
11-19 04:39:05.256 1499 1637 I sysui_multi_action: [757,803,799,window_time_2,802,2]
11-19 04:39:05.263 7802 7838 W ContextImpl: Calling a method in the system process without a qualified user: android.app.ContextImpl.startService:1816 android.content.ContextWrapper.startService:774 com.thundercomm.gamemode.ingame.services.GameModeActionUtils.startGameModeService:93 com.thundercomm.gamemode.ingame.services.GameModeActionUtils.startGameModeEntry:21 com.thundercomm.gamemode.ingame.services.ActivityMonitoringService$1.onActivityLaunch:127
11-19 04:39:05.270 1499 1499 I GameModeConfig: Current uri is uri = content://com.thundercomm.gamemode.api/gamemode_settings/gamemode_isgaming
11-19 04:39:05.272 1499 1499 I GameModeConfig: isGameModeOn = false
11-19 04:39:05.272 1499 1499 I GameModeConfig: isGameModeOn = false
11-19 04:39:05.272 1499 1499 I GameModeConfig: isDisableVoice = true
11-19 04:39:05.273 9979 9979 I wm_on_create_called: [224547057,com.android.permissioncontroller.permission.ui.GrantPermissionsActivity,performCreate]
11-19 04:39:05.274 9979 9979 I wm_on_start_called: [224547057,com.android.permissioncontroller.permission.ui.GrantPermissionsActivity,handleStartActivity]
11-19 04:39:05.274 9979 9979 I wm_on_resume_called: [224547057,com.android.permissioncontroller.permission.ui.GrantPermissionsActivity,RESUME_ACTIVITY]
11-19 04:39:05.277 9979 9979 I wm_on_top_resumed_gained_called: [224547057,com.android.permissioncontroller.permission.ui.GrantPermissionsActivity,topStateChangedWhenResumed]
11-19 04:39:05.282 1499 1729 I wm_finish_activity: [0,224547057,51,com.android.permissioncontroller/.permission.ui.GrantPermissionsActivity,app-request]
11-19 04:39:05.286 1499 1729 I wm_pause_activity: [0,224547057,com.android.permissioncontroller/.permission.ui.GrantPermissionsActivity,userLeaving=false,finish]
11-19 04:39:05.291 1499 5520 W WindowManager: updateScale0.4617737
11-19 04:39:05.291 1499 5520 W WindowManager: updateScale0.4617737
11-19 04:39:05.298 1499 1637 I sysui_multi_action: [757,1144,758,8,806,com.android.permissioncontroller,871,com.android.permissioncontroller.permission.ui.GrantPermissionsActivity]
11-19 04:39:05.301 9979 9979 I wm_on_top_resumed_lost_called: [224547057,com.android.permissioncontroller.permission.ui.GrantPermissionsActivity,topStateChangedWhenResumed]
11-19 04:39:05.301 9979 9979 I wm_on_paused_called: [224547057,com.android.permissioncontroller.permission.ui.GrantPermissionsActivity,performPause]
11-19 04:39:05.301 1499 1638 W WindowManager: updateScale0.4617737
11-19 04:39:05.305 1499 5520 I ActivityTaskManager: FOREGROUND_APPLICATION_CHANGED to com.android.deskclock.DeskClock
11-19 04:39:05.307 1499 5520 I wm_set_resumed_activity: [0,com.android.deskclock/.DeskClock,resumeTopActivityInnerLocked]
11-19 04:39:05.309 1499 5520 I wm_resume_activity: [0,176962710,51,com.android.deskclock/.DeskClock]
11-19 04:39:05.310 1499 5520 W WindowManager: updateScale0.4617737
11-19 04:39:05.313 1499 5520 W WindowManager: updateScale0.4617737
11-19 04:39:05.314 9544 9544 I wm_on_activity_result_called: [176962710,com.android.deskclock.DeskClock,ACTIVITY_RESULT]
11-19 04:39:05.314 9544 9544 I wm_on_resume_called: [176962710,com.android.deskclock.DeskClock,RESUME_ACTIVITY]
11-19 04:39:05.317 9544 9544 I wm_on_top_resumed_gained_called: [176962710,com.android.deskclock.DeskClock,topWhenResuming]
11-19 04:39:05.317 1499 1637 I sysui_multi_action: [757,803,799,window_time_2,802,0]
11-19 04:39:05.319 1499 1638 I input_focus: [Focus request e7536b3 com.android.deskclock/com.android.deskclock.DeskClock,reason=UpdateInputWindows]
11-19 04:39:05.323 1499 2437 W WindowManager: updateScale0.4617737
11-19 04:39:05.330 1499 5520 I wm_destroy_activity: [0,224547057,51,com.android.permissioncontroller/.permission.ui.GrantPermissionsActivity,finish-idle]
11-19 04:39:05.331 9979 9979 I wm_on_stop_called: [224547057,com.android.permissioncontroller.permission.ui.GrantPermissionsActivity,LIFECYCLER_STOP_ACTIVITY]
11-19 04:39:05.331 9979 9979 I wm_on_destroy_called: [224547057,com.android.permissioncontroller.permission.ui.GrantPermissionsActivity,performDestroy]
11-19 04:39:05.336 1499 2437 W WindowManager: updateScale0.4617737
11-19 04:39:05.346 7802 7838 W ContextImpl: Calling a method in the system process without a qualified user: android.app.ContextImpl.startService:1816 android.content.ContextWrapper.startService:774 com.thundercomm.gamemode.ingame.services.GameModeActionUtils.startGameModeService:93 com.thundercomm.gamemode.ingame.services.GameModeActionUtils.startGameModeEntry:21 com.thundercomm.gamemode.ingame.services.ActivityMonitoringService$1.onActivityLaunch:127
11-19 04:39:05.349 1499 1499 I GameModeConfig: Current uri is uri = content://com.thundercomm.gamemode.api/gamemode_settings/gamemode_isgaming
11-19 04:39:05.350 1499 1499 I GameModeConfig: isGameModeOn = false
11-19 04:39:05.351 1499 1499 I GameModeConfig: isGameModeOn = false
11-19 04:39:05.351 1499 1499 I GameModeConfig: isDisableVoice = true
11-19 04:39:05.417 7802 7838 W ContextImpl: Calling a method in the system process without a qualified user: android.app.ContextImpl.startService:1816 android.content.ContextWrapper.startService:774 com.thundercomm.gamemode.ingame.services.GameModeActionUtils.startGameModeService:93 com.thundercomm.gamemode.ingame.services.GameModeActionUtils.startGameModeEntry:21 com.thundercomm.gamemode.ingame.services.ActivityMonitoringService$1.onActivityLaunch:127
11-19 04:39:05.422 1499 1499 I GameModeConfig: Current uri is uri = content://com.thundercomm.gamemode.api/gamemode_settings/gamemode_isgaming
11-19 04:39:05.425 1499 1499 I GameModeConfig: isGameModeOn = false
11-19 04:39:05.425 1499 1499 I GameModeConfig: isGameModeOn = false
11-19 04:39:05.425 1499 1499 I GameModeConfig: isDisableVoice = true
11-19 04:39:06.131 0 0 I auditd : type=1400 audit(0.0:7780): avc: denied { kill } for comm="swapper/2" capability=5 scontext=u:r:kernel:s0 tcontext=u:r:kernel:s0 tclass=capability permissive=0
11-19 04:39:06.399 1499 1831 I input_interaction: Interaction with: e7536b3 com.android.deskclock/com.android.deskclock.DeskClock (server), edge-swipe (server), swipe-up (server), PointerEventDispatcher0 (server),
11-19 04:39:06.755 1499 1729 W WindowManager: updateScale0.7996942
11-19 04:39:06.759 1499 1729 I wm_relaunch_resume_activity: [0,176962710,51,com.android.deskclock/.DeskClock]
11-19 04:39:06.761 1499 1729 W WindowManager: updateScale0.7996942
11-19 04:39:06.775 9544 9544 I wm_on_top_resumed_lost_called: [176962710,com.android.deskclock.DeskClock,pausing]
11-19 04:39:06.778 9544 9544 I wm_on_paused_called: [176962710,com.android.deskclock.DeskClock,performPause]
11-19 04:39:06.781 9544 9544 I wm_on_stop_called: [176962710,com.android.deskclock.DeskClock,handleRelaunchActivity]
11-19 04:39:06.791 9544 9544 I wm_on_destroy_called: [176962710,com.android.deskclock.DeskClock,performDestroy]
11-19 04:39:06.821 1499 1729 I ActivityTaskManager: START u0 {act=android.content.pm.action.REQUEST_PERMISSIONS pkg=com.android.permissioncontroller cmp=com.android.permissioncontroller/.permission.ui.GrantPermissionsActivity (has extras)} from uid 10063
11-19 04:39:06.824 1499 1729 I wm_task_moved: [51,1,7]
11-19 04:39:06.825 1499 1729 I wm_set_resumed_activity: [0,com.android.deskclock/.DeskClock,positionChildAt]
11-19 04:39:06.825 1499 1729 I wm_create_activity: [0,137780926,51,com.android.permissioncontroller/.permission.ui.GrantPermissionsActivity,android.content.pm.action.REQUEST_PERMISSIONS,NULL,NULL,8388608]
11-19 04:39:06.826 1499 1729 I wm_pause_activity: [0,176962710,com.android.deskclock/.DeskClock,userLeaving=true,resumeTopActivityInnerLocked]
11-19 04:39:06.827 1499 1729 W WindowManager: updateScale0.7996942
11-19 04:39:06.846 9544 9544 I wm_on_create_called: [176962710,com.android.deskclock.DeskClock,performCreate]
11-19 04:39:06.884 9544 9544 I wm_on_start_called: [176962710,com.android.deskclock.DeskClock,handleStartActivity]
11-19 04:39:06.885 9544 9544 I wm_on_resume_called: [176962710,com.android.deskclock.DeskClock,RESUME_ACTIVITY]
11-19 04:39:06.887 9544 9544 I wm_on_top_resumed_gained_called: [176962710,com.android.deskclock.DeskClock,topWhenResuming]
11-19 04:39:06.893 1499 2437 W WindowManager: updateScale0.7996942
11-19 04:39:06.895 1499 2437 W WindowManager: updateScale0.7996942
11-19 04:39:06.921 9544 9544 I wm_on_top_resumed_lost_called: [176962710,com.android.deskclock.DeskClock,topStateChangedWhenResumed]
11-19 04:39:06.922 9544 9544 I wm_on_paused_called: [176962710,com.android.deskclock.DeskClock,performPause]
11-19 04:39:06.922 1499 2437 I ActivityTaskManager: FOREGROUND_APPLICATION_CHANGED to com.android.permissioncontroller.permission.ui.GrantPermissionsActivity
11-19 04:39:06.922 1499 2437 I ActivityTaskManager: The Process com.android.permissioncontroller Already Exists in BG. So sending its PID: 9979
11-19 04:39:06.923 1499 2437 W ActivityTaskManager: Tried to set launchTime (0) < mLastActivityLaunchTime (12024601)
11-19 04:39:06.923 1499 2437 I wm_restart_activity: [0,137780926,51,com.android.permissioncontroller/.permission.ui.GrantPermissionsActivity]
11-19 04:39:06.924 1499 2437 I wm_set_resumed_activity: [0,com.android.permissioncontroller/.permission.ui.GrantPermissionsActivity,minimalResumeActivityLocked]
11-19 04:39:06.924 1499 2437 W WindowManager: updateScale0.7996942
11-19 04:39:06.926 1499 1637 I sysui_multi_action: [757,803,799,window_time_2,802,2]
11-19 04:39:06.938 9979 9979 I wm_on_create_called: [137780926,com.android.permissioncontroller.permission.ui.GrantPermissionsActivity,performCreate]
11-19 04:39:06.939 9979 9979 I wm_on_start_called: [137780926,com.android.permissioncontroller.permission.ui.GrantPermissionsActivity,handleStartActivity]
11-19 04:39:06.939 9979 9979 I wm_on_resume_called: [137780926,com.android.permissioncontroller.permission.ui.GrantPermissionsActivity,RESUME_ACTIVITY]
11-19 04:39:06.941 9979 9979 I wm_on_top_resumed_gained_called: [137780926,com.android.permissioncontroller.permission.ui.GrantPermissionsActivity,topStateChangedWhenResumed]
11-19 04:39:06.944 1499 2437 W WindowManager: updateScale0.7996942
11-19 04:39:06.944 1499 2437 W WindowManager: updateScale0.7996942
11-19 04:39:06.945 7802 7838 W ContextImpl: Calling a method in the system process without a qualified user: android.app.ContextImpl.startService:1816 android.content.ContextWrapper.startService:774 com.thundercomm.gamemode.ingame.services.GameModeActionUtils.startGameModeService:93 com.thundercomm.gamemode.ingame.services.GameModeActionUtils.startGameModeEntry:21 com.thundercomm.gamemode.ingame.services.ActivityMonitoringService$1.onActivityLaunch:127
11-19 04:39:06.951 1499 1638 I input_focus: [Focus request 5040ca5 com.android.permissioncontroller/com.android.permissioncontroller.permission.ui.GrantPermissionsActivity,reason=UpdateInputWindows]
11-19 04:39:06.951 1499 1644 I am_pss : [10056,10062,com.android.calendar,6885376,4870144,0,91754496,0,19,6]
11-19 04:39:06.952 1499 1638 W WindowManager: updateScale0.7996942
11-19 04:39:06.952 1499 1638 W WindowManager: updateScale0.7996942
11-19 04:39:06.955 1499 1638 W WindowManager: updateScale0.7996942
11-19 04:39:06.955 1499 1638 W WindowManager: updateScale0.7996942
11-19 04:39:06.957 1499 5520 I wm_finish_activity: [0,137780926,51,com.android.permissioncontroller/.permission.ui.GrantPermissionsActivity,app-request]
11-19 04:39:06.960 1499 1499 I GameModeConfig: Current uri is uri = content://com.thundercomm.gamemode.api/gamemode_settings/gamemode_isgaming
11-19 04:39:06.962 1499 5520 I wm_pause_activity: [0,137780926,com.android.permissioncontroller/.permission.ui.GrantPermissionsActivity,userLeaving=false,finish]
11-19 04:39:06.962 1499 1499 I GameModeConfig: isGameModeOn = false
11-19 04:39:06.963 1499 1499 I GameModeConfig: isGameModeOn = false
11-19 04:39:06.963 1499 1499 I GameModeConfig: isDisableVoice = true
11-19 04:39:06.964 9979 9979 I wm_on_top_resumed_lost_called: [137780926,com.android.permissioncontroller.permission.ui.GrantPermissionsActivity,topStateChangedWhenResumed]
11-19 04:39:06.964 1499 1634 I sysui_multi_action: [319,134,322,133,325,12026,757,761,758,8,759,2,806,com.android.permissioncontroller,871,com.android.permissioncontroller.permission.ui.GrantPermissionsActivity,904,com.android.deskclock,905,0,1320,8,1321,5]
11-19 04:39:06.964 9979 9979 I wm_on_paused_called: [137780926,com.android.permissioncontroller.permission.ui.GrantPermissionsActivity,performPause]
11-19 04:39:06.965 1499 1634 I wm_activity_launch_time: [0,137780926,com.android.permissioncontroller/.permission.ui.GrantPermissionsActivity,133]
11-19 04:39:06.965 1499 1831 I input_focus: [Focus leaving e7536b3 com.android.deskclock/com.android.deskclock.DeskClock (server),reason=setFocusedWindow]
11-19 04:39:06.965 1499 1831 I input_focus: [Focus entering 5040ca5 com.android.permissioncontroller/com.android.permissioncontroller.permission.ui.GrantPermissionsActivity (server),reason=setFocusedWindow]
11-19 04:39:06.968 1499 4942 I ActivityTaskManager: FOREGROUND_APPLICATION_CHANGED to com.android.deskclock.DeskClock
11-19 04:39:06.968 1499 1644 I am_pss : [10055,10066,com.android.gallery3d,8309760,6209536,0,93593600,0,19,6]
11-19 04:39:06.969 1499 4942 I wm_set_resumed_activity: [0,com.android.deskclock/.DeskClock,resumeTopActivityInnerLocked]
11-19 04:39:06.970 1499 4942 I wm_resume_activity: [0,176962710,51,com.android.deskclock/.DeskClock]
11-19 04:39:06.977 1499 4942 W WindowManager: updateScale0.7996942
11-19 04:39:06.978 9544 9544 I wm_on_activity_result_called: [176962710,com.android.deskclock.DeskClock,ACTIVITY_RESULT]
11-19 04:39:06.978 9544 9544 I wm_on_resume_called: [176962710,com.android.deskclock.DeskClock,RESUME_ACTIVITY]
11-19 04:39:06.981 1499 1638 I input_focus: [Focus request e7536b3 com.android.deskclock/com.android.deskclock.DeskClock,reason=UpdateInputWindows]
11-19 04:39:06.982 9544 9544 I wm_on_top_resumed_gained_called: [176962710,com.android.deskclock.DeskClock,topWhenResuming]
11-19 04:39:06.983 1499 1637 I sysui_multi_action: [757,803,799,window_time_2,802,0]
11-19 04:39:06.984 1499 1831 I input_focus: [Focus leaving 5040ca5 com.android.permissioncontroller/com.android.permissioncontroller.permission.ui.GrantPermissionsActivity (server),reason=NO_WINDOW]
11-19 04:39:06.993 1499 1729 W WindowManager: updateScale0.7996942
11-19 04:39:06.997 1499 1831 I input_focus: [Focus entering e7536b3 com.android.deskclock/com.android.deskclock.DeskClock (server),reason=setFocusedWindow]
11-19 04:39:07.029 1499 4942 I wm_destroy_activity: [0,137780926,51,com.android.permissioncontroller/.permission.ui.GrantPermissionsActivity,finish-idle]
11-19 04:39:07.033 9979 9979 I wm_on_stop_called: [137780926,com.android.permissioncontroller.permission.ui.GrantPermissionsActivity,LIFECYCLER_STOP_ACTIVITY]
11-19 04:39:07.034 9979 9979 I wm_on_destroy_called: [137780926,com.android.permissioncontroller.permission.ui.GrantPermissionsActivity,performDestroy]
11-19 04:39:07.038 1499 1729 W WindowManager: updateScale0.7996942
11-19 04:39:07.048 7802 7838 W ContextImpl: Calling a method in the system process without a qualified user: android.app.ContextImpl.startService:1816 android.content.ContextWrapper.startService:774 com.thundercomm.gamemode.ingame.services.GameModeActionUtils.startGameModeService:93 com.thundercomm.gamemode.ingame.services.GameModeActionUtils.startGameModeEntry:21 com.thundercomm.gamemode.ingame.services.ActivityMonitoringService$1.onActivityLaunch:127
11-19 04:39:07.051 1499 1499 I GameModeConfig: Current uri is uri = content://com.thundercomm.gamemode.api/gamemode_settings/gamemode_isgaming
11-19 04:39:07.054 1499 1499 I GameModeConfig: isGameModeOn = false
11-19 04:39:07.055 1499 1499 I GameModeConfig: isGameModeOn = false
11-19 04:39:07.055 1499 1499 I GameModeConfig: isDisableVoice = true
11-19 04:39:07.081 7802 7838 W ContextImpl: Calling a method in the system process without a qualified user: android.app.ContextImpl.startService:1816 android.content.ContextWrapper.startService:774 com.thundercomm.gamemode.ingame.services.GameModeActionUtils.startGameModeService:93 com.thundercomm.gamemode.ingame.services.GameModeActionUtils.startGameModeEntry:21 com.thundercomm.gamemode.ingame.services.ActivityMonitoringService$1.onActivityLaunch:127
11-19 04:39:07.085 1499 1499 I GameModeConfig: Current uri is uri = content://com.thundercomm.gamemode.api/gamemode_settings/gamemode_isgaming
11-19 04:39:07.087 1499 1499 I GameModeConfig: isGameModeOn = false
11-19 04:39:07.088 1499 1499 I GameModeConfig: isGameModeOn = false
11-19 04:39:07.088 1499 1499 I GameModeConfig: isDisableVoice = true
11-19 04:39:07.197 1499 1638 W WindowManager: updateScale0.7996942
11-19 04:39:07.211 1499 1638 W WindowManager: updateScale0.7996942
11-19 04:39:07.214 1499 1638 W WindowManager: updateScale0.7996942
11-19 04:39:07.615 9544 9544 I view_enqueue_input_event: [Motion - Cancel,com.android.deskclock/com.android.deskclock.DeskClock]
11-19 04:39:07.620 1499 1831 I input_interaction: Interaction with: WindowManager (server), edge-swipe (server), swipe-up (server), PointerEventDispatcher0 (server),
11-19 04:39:07.628 1499 1638 D FreeFormWindowHelper: refreshTipWindow windowDragBounds:Rect(30, 82 - 553, 1010)
11-19 04:39:07.633 1499 1638 W WindowManager: updateScale0.7996942
11-19 04:39:07.647 1499 1638 D FreeFormWindowHelper: refreshTipWindow windowDragBounds:Rect(52, 89 - 575, 1017)
11-19 04:39:07.648 1499 1638 W WindowManager: updateScale0.7996942
11-19 04:39:07.664 1499 1638 D FreeFormWindowHelper: refreshTipWindow windowDragBounds:Rect(73, 94 - 596, 1022)
11-19 04:39:07.666 1499 1638 W WindowManager: updateScale0.7996942
11-19 04:39:07.680 1499 1638 D FreeFormWindowHelper: refreshTipWindow windowDragBounds:Rect(107, 107 - 630, 1035)
11-19 04:39:07.682 1499 1638 W WindowManager: updateScale0.7996942
11-19 04:39:07.697 1499 1638 D FreeFormWindowHelper: refreshTipWindow windowDragBounds:Rect(118, 109 - 641, 1037)
11-19 04:39:07.699 1499 1638 W WindowManager: updateScale0.7996942
11-19 04:39:07.713 1499 1638 D FreeFormWindowHelper: refreshTipWindow windowDragBounds:Rect(151, 121 - 674, 1049)
11-19 04:39:07.715 1499 1638 W WindowManager: updateScale0.7996942
11-19 04:39:07.730 1499 1638 D FreeFormWindowHelper: refreshTipWindow windowDragBounds:Rect(202, 133 - 725, 1061)
11-19 04:39:07.731 1499 1638 W WindowManager: updateScale0.7996942
11-19 04:39:07.733 1499 4942 W WindowManager: updateScale0.7996942
11-19 04:39:07.747 1499 1638 D FreeFormWindowHelper: refreshTipWindow windowDragBounds:Rect(260, 154 - 783, 1082)
11-19 04:39:07.747 1499 1638 W WindowManager: updateScale0.7996942
11-19 04:39:07.752 1499 4942 W WindowManager: updateScale0.7996942
11-19 04:39:07.763 1499 1638 D FreeFormWindowHelper: refreshTipWindow windowDragBounds:Rect(302, 165 - 825, 1093)
11-19 04:39:07.764 1499 1638 W WindowManager: updateScale0.7996942
11-19 04:39:07.765 1499 4942 W WindowManager: updateScale0.7996942
11-19 04:39:07.776 1499 4942 W WindowManager: updateScale0.7996942
11-19 04:39:07.780 1499 1638 D FreeFormWindowHelper: refreshTipWindow windowDragBounds:Rect(331, 173 - 854, 1101)
11-19 04:39:07.781 1499 1638 W WindowManager: updateScale0.7996942
11-19 04:39:07.797 1499 1638 D FreeFormWindowHelper: refreshTipWindow windowDragBounds:Rect(352, 180 - 875, 1108)
11-19 04:39:07.797 1499 1638 W WindowManager: updateScale0.7996942
11-19 04:39:07.813 1499 1638 D FreeFormWindowHelper: refreshTipWindow windowDragBounds:Rect(386, 193 - 909, 1121)
11-19 04:39:07.815 1499 1638 W WindowManager: updateScale0.7996942
11-19 04:39:07.830 1499 1638 D FreeFormWindowHelper: refreshTipWindow windowDragBounds:Rect(417, 204 - 940, 1132)
11-19 04:39:07.832 1499 1638 W WindowManager: updateScale0.7996942
11-19 04:39:07.847 1499 1638 D FreeFormWindowHelper: refreshTipWindow windowDragBounds:Rect(457, 216 - 980, 1144)
11-19 04:39:07.848 1499 1638 W WindowManager: updateScale0.7996942
11-19 04:39:07.864 1499 1638 D FreeFormWindowHelper: refreshTipWindow windowDragBounds:Rect(497, 229 - 1020, 1157)
11-19 04:39:07.865 1499 1638 W WindowManager: updateScale0.7996942
11-19 04:39:07.880 1499 1638 D FreeFormWindowHelper: refreshTipWindow windowDragBounds:Rect(539, 242 - 1062, 1170)
11-19 04:39:07.881 1499 1638 W WindowManager: updateScale0.7996942
11-19 04:39:07.897 1499 1638 D FreeFormWindowHelper: refreshTipWindow windowDragBounds:Rect(572, 248 - 1095, 1176)
11-19 04:39:07.898 1499 1638 W WindowManager: updateScale0.7996942
11-19 04:39:07.914 1499 1638 D FreeFormWindowHelper: refreshTipWindow windowDragBounds:Rect(633, 263 - 1156, 1191)
11-19 04:39:07.915 1499 1638 W WindowManager: updateScale0.7996942
11-19 04:39:07.931 1499 1638 D FreeFormWindowHelper: refreshTipWindow windowDragBounds:Rect(692, 278 - 1215, 1206)
11-19 04:39:07.931 1499 4942 W WindowManager: updateScale0.7996942
11-19 04:39:07.935 1499 1638 W WindowManager: updateScale0.7996942
11-19 04:39:07.947 1499 1638 D FreeFormWindowHelper: refreshTipWindow windowDragBounds:Rect(736, 288 - 1259, 1216)
11-19 04:39:07.948 1499 1638 W WindowManager: updateScale0.7996942
11-19 04:39:07.957 1499 5215 W WindowManager: updateScale0.7996942
11-19 04:39:07.964 1499 1638 D FreeFormWindowHelper: refreshTipWindow windowDragBounds:Rect(753, 292 - 1276, 1220)
11-19 04:39:07.965 1499 1638 W WindowManager: updateScale0.7996942
11-19 04:39:07.981 1499 1638 D FreeFormWindowHelper: refreshTipWindow windowDragBounds:Rect(768, 293 - 1291, 1221)
11-19 04:39:07.981 1499 1638 W WindowManager: updateScale0.7996942
11-19 04:39:07.997 1499 1638 D FreeFormWindowHelper: refreshTipWindow windowDragBounds:Rect(778, 296 - 1301, 1224)
11-19 04:39:07.998 1499 1638 W WindowManager: updateScale0.7996942
11-19 04:39:08.014 1499 1638 D FreeFormWindowHelper: refreshTipWindow windowDragBounds:Rect(809, 305 - 1332, 1233)
11-19 04:39:08.015 1499 1638 W WindowManager: updateScale0.7996942
11-19 04:39:08.031 1499 1638 D FreeFormWindowHelper: refreshTipWindow windowDragBounds:Rect(866, 312 - 1389, 1240)
11-19 04:39:08.031 1499 1638 W WindowManager: updateScale0.7996942
11-19 04:39:08.047 1499 1638 D FreeFormWindowHelper: refreshTipWindow windowDragBounds:Rect(904, 322 - 1427, 1250)
11-19 04:39:08.049 1499 1638 W WindowManager: updateScale0.7996942
11-19 04:39:08.064 1499 1638 D FreeFormWindowHelper: refreshTipWindow windowDragBounds:Rect(950, 328 - 1473, 1256)
11-19 04:39:08.065 1499 1638 W WindowManager: updateScale0.7996942
11-19 04:39:08.081 1499 1638 D FreeFormWindowHelper: refreshTipWindow windowDragBounds:Rect(976, 329 - 1499, 1257)
11-19 04:39:08.082 1499 1638 W WindowManager: updateScale0.7996942
11-19 04:39:08.098 1499 1638 D FreeFormWindowHelper: refreshTipWindow windowDragBounds:Rect(1042, 334 - 1565, 1262)
11-19 04:39:08.099 1499 1638 W WindowManager: updateScale0.7996942
11-19 04:39:08.131 1499 1638 D FreeFormWindowHelper: refreshTipWindow windowDragBounds:Rect(1127, 349 - 1650, 1277)
11-19 04:39:08.132 1499 1638 W WindowManager: updateScale0.7996942
11-19 04:39:08.133 1499 5215 W WindowManager: updateScale0.7996942
11-19 04:39:08.131 0 0 I auditd : type=1400 audit(0.0:7781): avc: denied { kill } for comm="swapper/1" capability=5 scontext=u:r:kernel:s0 tcontext=u:r:kernel:s0 tclass=capability permissive=0
11-19 04:39:08.148 1499 1638 D FreeFormWindowHelper: refreshTipWindow windowDragBounds:Rect(1192, 360 - 1715, 1288)
11-19 04:39:08.149 1499 1638 W WindowManager: updateScale0.7996942
11-19 04:39:08.151 1499 5215 W WindowManager: updateScale0.7996942
11-19 04:39:08.164 1499 1638 D FreeFormWindowHelper: refreshTipWindow windowDragBounds:Rect(1244, 371 - 1767, 1299)
11-19 04:39:08.165 1499 1638 W WindowManager: updateScale0.7996942
11-19 04:39:08.167 1499 5215 W WindowManager: updateScale0.7996942
11-19 04:39:08.181 1499 1638 D FreeFormWindowHelper: refreshTipWindow windowDragBounds:Rect(1298, 387 - 1821, 1315)
11-19 04:39:08.182 1499 1638 W WindowManager: updateScale0.7996942
11-19 04:39:08.183 1499 5215 W WindowManager: updateScale0.7996942
11-19 04:39:08.198 1499 4942 W WindowManager: updateScale0.7996942
11-19 04:39:08.199 1499 1638 D FreeFormWindowHelper: refreshTipWindow windowDragBounds:Rect(1324, 395 - 1847, 1323)
11-19 04:39:08.201 1499 1638 W WindowManager: updateScale0.7996942
11-19 04:39:08.214 1499 1638 D FreeFormWindowHelper: refreshTipWindow windowDragBounds:Rect(1374, 409 - 1897, 1337)
11-19 04:39:08.215 1499 1638 W WindowManager: updateScale0.7996942
11-19 04:39:08.231 1499 1638 D FreeFormWindowHelper: refreshTipWindow windowDragBounds:Rect(1421, 423 - 1944, 1351)
11-19 04:39:08.232 1499 1638 W WindowManager: updateScale0.7996942
11-19 04:39:08.234 1499 4942 W WindowManager: updateScale0.7996942
11-19 04:39:08.248 1499 1638 D FreeFormWindowHelper: refreshTipWindow windowDragBounds:Rect(1492, 446 - 2015, 1374)
11-19 04:39:08.249 1499 1638 W WindowManager: updateScale0.7996942
11-19 04:39:08.252 1499 4942 W WindowManager: updateScale0.7996942
11-19 04:39:08.265 1499 1638 D FreeFormWindowHelper: refreshTipWindow windowDragBounds:Rect(1532, 454 - 2055, 1382)
11-19 04:39:08.266 1499 1638 W WindowManager: updateScale0.7996942
11-19 04:39:08.268 1499 4942 W WindowManager: updateScale0.7996942
11-19 04:39:08.282 1499 4942 W WindowManager: updateScale0.7996942
11-19 04:39:08.298 1499 1638 D FreeFormWindowHelper: refreshTipWindow windowDragBounds:Rect(1625, 496 - 2148, 1424)
11-19 04:39:08.299 1499 1638 W WindowManager: updateScale0.7996942
11-19 04:39:08.311 1499 1638 W WindowManager: updateScale0.7996942
11-19 04:39:08.315 1499 1638 D FreeFormWindowHelper: refreshTipWindow windowDragBounds:Rect(1648, 504 - 2171, 1432)
11-19 04:39:08.316 1499 1638 W WindowManager: updateScale0.7996942
11-19 04:39:08.321 1499 5215 W WindowManager: updateScale0.7996942
11-19 04:39:08.331 1499 1638 D FreeFormWindowHelper: refreshTipWindow windowDragBounds:Rect(1662, 513 - 2185, 1441)
11-19 04:39:08.333 1499 1638 W WindowManager: updateScale0.7996942
11-19 04:39:08.344 1499 4942 W WindowManager: updateScale0.7996942
11-19 04:39:08.363 1499 4942 W WindowManager: updateScale0.7996942
11-19 04:39:08.365 1499 1638 D FreeFormWindowHelper: refreshTipWindow windowDragBounds:Rect(1694, 522 - 2217, 1450)
11-19 04:39:08.366 1499 1638 W WindowManager: updateScale0.7996942
11-19 04:39:08.382 1499 1638 D FreeFormWindowHelper: refreshTipWindow windowDragBounds:Rect(1722, 529 - 2245, 1457)
11-19 04:39:08.383 1499 1638 W WindowManager: updateScale0.7996942
11-19 04:39:08.386 1499 4942 W WindowManager: updateScale0.7996942
11-19 04:39:08.398 1499 1638 D FreeFormWindowHelper: refreshTipWindow windowDragBounds:Rect(1731, 536 - 2254, 1464)
