11-19 04:38:46.105 1499 1637 D CompatibilityChangeReporter: Compat change id reported: 135772972; UID 10066; state: DISABLED
11-19 04:38:46.105 1499 1637 D CompatibilityChangeReporter: Compat change id reported: 135754954; UID 10066; state: DISABLED
11-19 04:38:46.106 1499 1646 D CompatibilityChangeReporter: Compat change id reported: 143937733; UID 10066; state: DISABLED
11-19 04:38:46.106 1499 1637 W ActivityManager: ProcessRecord{91864d5 9908:com.android.calendar/u0a62} is attached to a previous process
11-19 04:38:46.106 1499 1637 I am_uid_stopped: 10062
11-19 04:38:46.106 1499 1637 W ActivityManager: Existing proc ProcessRecord{91864d5 9908:com.android.calendar/u0a62} was killed 41ms ago when adding ProcessRecord{78e8de6 0:com.android.calendar/u0a62}
11-19 04:38:46.106 1499 1637 I am_uid_running: 10062
11-19 04:38:46.107 1499 1637 D CompatibilityChangeReporter: Compat change id reported: 135634846; UID 10062; state: DISABLED
11-19 04:38:46.107 1499 1637 D CompatibilityChangeReporter: Compat change id reported: 177438394; UID 10062; state: DISABLED
11-19 04:38:46.107 1499 1637 D CompatibilityChangeReporter: Compat change id reported: 135772972; UID 10062; state: DISABLED
11-19 04:38:46.107 1499 1637 D CompatibilityChangeReporter: Compat change id reported: 135754954; UID 10062; state: DISABLED
11-19 04:38:46.108 1499 5215 I am_proc_died: [0,9908,com.android.calendar,945,19]
11-19 04:38:46.114 1499 1646 I am_proc_start: [0,10055,10066,com.android.gallery3d,NULL,]
11-19 04:38:46.114 1499 1646 I ActivityManager: Start proc 10055:com.android.gallery3d/u0a66 for null
11-19 04:38:46.115 1499 1646 D CompatibilityChangeReporter: Compat change id reported: 143937733; UID 10062; state: DISABLED
11-19 04:38:46.124 1499 1646 I am_proc_start: [0,10056,10062,com.android.calendar,NULL,]
11-19 04:38:46.124 1499 1646 I ActivityManager: Start proc 10056:com.android.calendar/u0a62 for null
11-19 04:38:46.148 1499 2759 I am_proc_bound: [0,10055,com.android.gallery3d]
11-19 04:38:46.152 1499 2759 D CompatibilityChangeReporter: Compat change id reported: 168419799; UID 10066; state: DISABLED
11-19 04:38:46.154 1499 2759 I am_proc_bound: [0,10056,com.android.calendar]
11-19 04:38:46.155 1499 2759 D CompatibilityChangeReporter: Compat change id reported: 168419799; UID 10062; state: DISABLED
11-19 04:38:46.173 7802 7838 W ContextImpl: Calling a method in the system process without a qualified user: android.app.ContextImpl.startService:1816 android.content.ContextWrapper.startService:774 com.thundercomm.gamemode.ingame.services.GameModeActionUtils.startGameModeService:93 com.thundercomm.gamemode.ingame.services.GameModeActionUtils.startGameModeEntry:21 com.thundercomm.gamemode.ingame.services.ActivityMonitoringService$1.onActivityLaunch:127
11-19 04:38:46.186 1499 1499 I GameModeConfig: Current uri is uri = content://com.thundercomm.gamemode.api/gamemode_settings/gamemode_isgaming
11-19 04:38:46.187 1499 1499 I GameModeConfig: isGameModeOn = false
11-19 04:38:46.188 1499 1499 I GameModeConfig: isGameModeOn = false
11-19 04:38:46.188 1499 1499 I GameModeConfig: isDisableVoice = true
11-19 04:38:47.131 0 0 I auditd : type=1400 audit(0.0:7766): avc: denied { kill } for comm="swapper/2" capability=5 scontext=u:r:kernel:s0 tcontext=u:r:kernel:s0 tclass=capability permissive=0
11-19 04:38:49.131 0 0 I auditd : type=1400 audit(0.0:7767): avc: denied { kill } for comm="swapper/2" capability=5 scontext=u:r:kernel:s0 tcontext=u:r:kernel:s0 tclass=capability permissive=0
11-19 04:38:50.131 0 0 I auditd : type=1400 audit(0.0:7768): avc: denied { kill } for comm="swapper/2" capability=5 scontext=u:r:kernel:s0 tcontext=u:r:kernel:s0 tclass=capability permissive=0
11-19 04:38:51.131 0 0 I auditd : type=1400 audit(0.0:7769): avc: denied { kill } for comm="swapper/2" capability=5 scontext=u:r:kernel:s0 tcontext=u:r:kernel:s0 tclass=capability permissive=0
11-19 04:38:52.131 0 0 I auditd : type=1400 audit(0.0:7770): avc: denied { kill } for comm="swapper/2" capability=5 scontext=u:r:kernel:s0 tcontext=u:r:kernel:s0 tclass=capability permissive=0
11-19 04:38:53.131 0 0 I auditd : type=1400 audit(0.0:7771): avc: denied { kill } for comm="swapper/2" capability=5 scontext=u:r:kernel:s0 tcontext=u:r:kernel:s0 tclass=capability permissive=0
11-19 04:38:53.713 1499 1831 I input_interaction: Interaction with: 632f7bf com.android.launcher3/com.android.launcher3.uioverrides.QuickstepLauncher (server), a1d9774 com.android.systemui.ImageWallpaper (server), edge-swipe (server), swipe-up (server), PointerEventDispatcher0 (server),
11-19 04:38:54.030 1499 1759 I commit_sys_config_file: [settings-1-0,11]
11-19 04:38:54.131 0 0 I auditd : type=1400 audit(0.0:7772): avc: denied { kill } for comm="swapper/2" capability=5 scontext=u:r:kernel:s0 tcontext=u:r:kernel:s0 tclass=capability permissive=0
11-19 04:38:55.131 0 0 I auditd : type=1400 audit(0.0:7773): avc: denied { kill } for comm="swapper/2" capability=5 scontext=u:r:kernel:s0 tcontext=u:r:kernel:s0 tclass=capability permissive=0
11-19 04:38:56.214 1499 2761 I ActivityTaskManager: START u0 {flg=0x10008000 cmp=com.android.deskclock/.DeskClock} from uid 10078
11-19 04:38:56.222 1499 2761 I wm_task_created: [51,-1]
11-19 04:38:56.222 1499 2761 W ActivityTaskManager: Can't find TaskDisplayArea to determine support for multi window. Task id=51 attached=false
11-19 04:38:56.224 1499 2761 D FreeFormWindowHelper: Add freeform task=Task{dcf3fb1 #51 type=standard ?? U=0 visible=false mode=freeform translucent=true sz=0}
11-19 04:38:56.226 1499 2761 I wm_task_moved: [51,1,7]
11-19 04:38:56.226 1499 2761 I wm_task_to_front: [0,51]
11-19 04:38:56.227 1499 2761 I wm_create_task: [0,51]
11-19 04:38:56.227 1499 2761 I wm_create_activity: [0,176962710,51,com.android.deskclock/.DeskClock,NULL,NULL,NULL,268468224]
11-19 04:38:56.227 1499 2761 I wm_task_moved: [51,1,7]
11-19 04:38:56.230 1499 2761 I ActivityTaskManager: FOREGROUND_APPLICATION_CHANGED to com.android.deskclock.DeskClock
11-19 04:38:56.230 1499 2761 I ActivityTaskManager: The Process com.android.deskclock Already Exists in BG. So sending its PID: 9544
11-19 04:38:56.230 1499 2761 W ActivityTaskManager: Tried to set launchTime (0) < mLastActivityLaunchTime (10327803)
11-19 04:38:56.232 1499 2761 I wm_restart_activity: [0,176962710,51,com.android.deskclock/.DeskClock]
11-19 04:38:56.234 1499 2761 I wm_set_resumed_activity: [0,com.android.deskclock/.DeskClock,minimalResumeActivityLocked]
11-19 04:38:56.256 7802 7838 W ContextImpl: Calling a method in the system process without a qualified user: android.app.ContextImpl.startService:1816 android.content.ContextWrapper.startService:774 com.thundercomm.gamemode.ingame.services.GameModeActionUtils.startGameModeService:93 com.thundercomm.gamemode.ingame.services.GameModeActionUtils.startGameModeEntry:21 com.thundercomm.gamemode.ingame.services.ActivityMonitoringService$1.onActivityLaunch:127
11-19 04:38:56.263 1499 1499 I GameModeConfig: Current uri is uri = content://com.thundercomm.gamemode.api/gamemode_settings/gamemode_isgaming
11-19 04:38:56.263 2802 2802 I wm_on_top_resumed_lost_called: [19758722,com.android.launcher3.uioverrides.QuickstepLauncher,topStateChangedWhenResumed]
11-19 04:38:56.267 1499 1499 I GameModeConfig: isGameModeOn = false
11-19 04:38:56.267 1499 1499 I GameModeConfig: isGameModeOn = false
11-19 04:38:56.267 1499 1499 I GameModeConfig: isDisableVoice = true
11-19 04:38:56.270 1499 1729 I ActivityTaskManager: START u0 {act=android.content.pm.action.REQUEST_PERMISSIONS pkg=com.android.permissioncontroller cmp=com.android.permissioncontroller/.permission.ui.GrantPermissionsActivity (has extras)} from uid 10063
11-19 04:38:56.272 1499 1729 I wm_task_moved: [51,1,7]
11-19 04:38:56.272 1499 1729 I wm_set_resumed_activity: [0,com.android.deskclock/.DeskClock,positionChildAt]
11-19 04:38:56.272 1499 1729 I wm_create_activity: [0,233252333,51,com.android.permissioncontroller/.permission.ui.GrantPermissionsActivity,android.content.pm.action.REQUEST_PERMISSIONS,NULL,NULL,8388608]
11-19 04:38:56.273 1499 1729 I wm_pause_activity: [0,176962710,com.android.deskclock/.DeskClock,userLeaving=true,resumeTopActivityInnerLocked]
11-19 04:38:56.287 9544 9544 I wm_on_create_called: [176962710,com.android.deskclock.DeskClock,performCreate]
11-19 04:38:56.288 9544 9544 I wm_on_start_called: [176962710,com.android.deskclock.DeskClock,handleStartActivity]
11-19 04:38:56.290 9544 9544 I wm_on_resume_called: [176962710,com.android.deskclock.DeskClock,RESUME_ACTIVITY]
11-19 04:38:56.292 9544 9544 I wm_on_top_resumed_gained_called: [176962710,com.android.deskclock.DeskClock,topStateChangedWhenResumed]
11-19 04:38:56.292 9544 9544 I wm_on_top_resumed_lost_called: [176962710,com.android.deskclock.DeskClock,topStateChangedWhenResumed]
11-19 04:38:56.292 9544 9544 I wm_on_paused_called: [176962710,com.android.deskclock.DeskClock,performPause]
11-19 04:38:56.293 1499 5215 I ActivityTaskManager: FOREGROUND_APPLICATION_CHANGED to com.android.permissioncontroller.permission.ui.GrantPermissionsActivity
11-19 04:38:56.293 1499 5215 I ActivityTaskManager: The Process com.android.permissioncontroller Already Exists in BG. So sending its PID: 9979
11-19 04:38:56.293 1499 5215 W ActivityTaskManager: Tried to set launchTime (0) < mLastActivityLaunchTime (12002021)
11-19 04:38:56.295 1499 5215 I wm_restart_activity: [0,233252333,51,com.android.permissioncontroller/.permission.ui.GrantPermissionsActivity]
11-19 04:38:56.297 1499 5215 I wm_set_resumed_activity: [0,com.android.permissioncontroller/.permission.ui.GrantPermissionsActivity,minimalResumeActivityLocked]
11-19 04:38:56.303 1499 1637 I sysui_multi_action: [757,803,799,window_time_0,802,10]
11-19 04:38:56.308 7802 7838 W ContextImpl: Calling a method in the system process without a qualified user: android.app.ContextImpl.startService:1816 android.content.ContextWrapper.startService:774 com.thundercomm.gamemode.ingame.services.GameModeActionUtils.startGameModeService:93 com.thundercomm.gamemode.ingame.services.GameModeActionUtils.startGameModeEntry:21 com.thundercomm.gamemode.ingame.services.ActivityMonitoringService$1.onActivityLaunch:127
11-19 04:38:56.314 1499 1499 I GameModeConfig: Current uri is uri = content://com.thundercomm.gamemode.api/gamemode_settings/gamemode_isgaming
11-19 04:38:56.316 1499 1499 I GameModeConfig: isGameModeOn = false
11-19 04:38:56.316 1499 1499 I GameModeConfig: isGameModeOn = false
11-19 04:38:56.316 1499 1499 I GameModeConfig: isDisableVoice = true
11-19 04:38:56.325 9979 9979 I wm_on_create_called: [233252333,com.android.permissioncontroller.permission.ui.GrantPermissionsActivity,performCreate]
11-19 04:38:56.325 9979 9979 I wm_on_start_called: [233252333,com.android.permissioncontroller.permission.ui.GrantPermissionsActivity,handleStartActivity]
11-19 04:38:56.326 9979 9979 I wm_on_resume_called: [233252333,com.android.permissioncontroller.permission.ui.GrantPermissionsActivity,RESUME_ACTIVITY]
11-19 04:38:56.329 9979 9979 I wm_on_top_resumed_gained_called: [233252333,com.android.permissioncontroller.permission.ui.GrantPermissionsActivity,topStateChangedWhenResumed]
11-19 04:38:56.331 1499 2761 W WindowManager: updateScale0.7996942
11-19 04:38:56.331 1499 2761 W WindowManager: updateScale0.7996942
11-19 04:38:56.336 1499 2759 I wm_finish_activity: [0,233252333,51,com.android.permissioncontroller/.permission.ui.GrantPermissionsActivity,app-request]
11-19 04:38:56.337 1499 2759 I wm_pause_activity: [0,233252333,com.android.permissioncontroller/.permission.ui.GrantPermissionsActivity,userLeaving=false,finish]
11-19 04:38:56.337 1499 2759 W WindowManager: updateScale0.7996942
11-19 04:38:56.340 1499 2759 W WindowManager: updateScale0.7996942
11-19 04:38:56.340 1499 2759 W WindowManager: updateScale0.7996942
11-19 04:38:56.343 9979 9979 I wm_on_top_resumed_lost_called: [233252333,com.android.permissioncontroller.permission.ui.GrantPermissionsActivity,topStateChangedWhenResumed]
11-19 04:38:56.343 1499 1638 W WindowManager: updateScale0.7996942
11-19 04:38:56.344 9979 9979 I wm_on_paused_called: [233252333,com.android.permissioncontroller.permission.ui.GrantPermissionsActivity,performPause]
11-19 04:38:56.344 1499 2761 I wm_add_to_stopping: [0,233252333,com.android.permissioncontroller/.permission.ui.GrantPermissionsActivity,completeFinishing]
11-19 04:38:56.345 1499 2761 I ActivityTaskManager: FOREGROUND_APPLICATION_CHANGED to com.android.deskclock.DeskClock
11-19 04:38:56.346 1499 2761 I wm_set_resumed_activity: [0,com.android.deskclock/.DeskClock,resumeTopActivityInnerLocked]
11-19 04:38:56.347 1499 2761 I wm_resume_activity: [0,176962710,51,com.android.deskclock/.DeskClock]
11-19 04:38:56.347 1499 2761 W WindowManager: updateScale0.7996942
11-19 04:38:56.354 1499 1638 I input_focus: [Focus request e7536b3 com.android.deskclock/com.android.deskclock.DeskClock,reason=UpdateInputWindows]
11-19 04:38:56.363 1499 1637 I sysui_multi_action: [757,803,799,window_time_2,802,0]
11-19 04:38:56.368 1499 1831 I input_focus: [Focus leaving 632f7bf com.android.launcher3/com.android.launcher3.uioverrides.QuickstepLauncher (server),reason=Waiting for window because NOT_VISIBLE]
11-19 04:38:56.369 1499 1638 W WindowManager: updateScale0.7996942
11-19 04:38:56.371 1499 1638 W WindowManager: updateScale0.7996942
11-19 04:38:56.372 1499 1638 W WindowManager: updateScale0.7996942
11-19 04:38:56.376 9544 9544 I wm_on_activity_result_called: [176962710,com.android.deskclock.DeskClock,ACTIVITY_RESULT]
11-19 04:38:56.376 9544 9544 I wm_on_resume_called: [176962710,com.android.deskclock.DeskClock,RESUME_ACTIVITY]
11-19 04:38:56.377 9544 9544 I wm_on_top_resumed_gained_called: [176962710,com.android.deskclock.DeskClock,topWhenResuming]
11-19 04:38:56.386 1499 1831 I input_focus: [Focus entering e7536b3 com.android.deskclock/com.android.deskclock.DeskClock (server),reason=Window became focusable. Previous reason: NOT_VISIBLE]
11-19 04:38:56.416 1499 1759 I commit_sys_config_file: [settings-1-0,13]
11-19 04:38:56.457 7802 7838 W ContextImpl: Calling a method in the system process without a qualified user: android.app.ContextImpl.startService:1816 android.content.ContextWrapper.startService:774 com.thundercomm.gamemode.ingame.services.GameModeActionUtils.startGameModeService:93 com.thundercomm.gamemode.ingame.services.GameModeActionUtils.startGameModeEntry:21 com.thundercomm.gamemode.ingame.services.ActivityMonitoringService$1.onActivityLaunch:127
11-19 04:38:56.461 1499 1499 I GameModeConfig: Current uri is uri = content://com.thundercomm.gamemode.api/gamemode_settings/gamemode_isgaming
11-19 04:38:56.462 1499 1499 I GameModeConfig: isGameModeOn = false
11-19 04:38:56.463 1499 1499 I GameModeConfig: isGameModeOn = false
11-19 04:38:56.463 1499 1499 I GameModeConfig: isDisableVoice = true
11-19 04:38:56.655 1499 1638 W WindowManager: updateScale0.7996942
11-19 04:38:56.659 1499 1637 I wm_destroy_activity: [0,233252333,51,com.android.permissioncontroller/.permission.ui.GrantPermissionsActivity,finish-imm:idle]
11-19 04:38:56.662 9979 9979 I wm_on_stop_called: [233252333,com.android.permissioncontroller.permission.ui.GrantPermissionsActivity,LIFECYCLER_STOP_ACTIVITY]
11-19 04:38:56.663 9979 9979 I wm_on_destroy_called: [233252333,com.android.permissioncontroller.permission.ui.GrantPermissionsActivity,performDestroy]
11-19 04:38:56.668 1499 1729 W WindowManager: updateScale0.7996942
11-19 04:38:56.682 7802 7838 W ContextImpl: Calling a method in the system process without a qualified user: android.app.ContextImpl.startService:1816 android.content.ContextWrapper.startService:774 com.thundercomm.gamemode.ingame.services.GameModeActionUtils.startGameModeService:93 com.thundercomm.gamemode.ingame.services.GameModeActionUtils.startGameModeEntry:21 com.thundercomm.gamemode.ingame.services.ActivityMonitoringService$1.onActivityLaunch:127
11-19 04:38:56.690 1499 1499 I GameModeConfig: Current uri is uri = content://com.thundercomm.gamemode.api/gamemode_settings/gamemode_isgaming
11-19 04:38:56.691 1499 1499 I GameModeConfig: isGameModeOn = false
11-19 04:38:56.692 1499 1499 I GameModeConfig: isGameModeOn = false
11-19 04:38:56.692 1499 1499 I GameModeConfig: isDisableVoice = true
11-19 04:38:56.852 1499 1644 I UsageStatsService: User[0] Flushing usage stats to disk
11-19 04:38:57.131 0 0 I auditd : type=1400 audit(0.0:7774): avc: denied { kill } for comm="swapper/2" capability=5 scontext=u:r:kernel:s0 tcontext=u:r:kernel:s0 tclass=capability permissive=0
11-19 04:38:58.131 0 0 I auditd : type=1400 audit(0.0:7775): avc: denied { kill } for comm="swapper/2" capability=5 scontext=u:r:kernel:s0 tcontext=u:r:kernel:s0 tclass=capability permissive=0
11-19 04:38:58.622 1499 1831 I input_interaction: Interaction with: e7536b3 com.android.deskclock/com.android.deskclock.DeskClock (server), edge-swipe (server), swipe-up (server), PointerEventDispatcher0 (server),
11-19 04:38:58.913 9544 9544 I view_enqueue_input_event: [Motion - Cancel,com.android.deskclock/com.android.deskclock.DeskClock]
11-19 04:38:58.932 1499 1831 I input_interaction: Interaction with: WindowManager (server), edge-swipe (server), swipe-up (server), PointerEventDispatcher0 (server),
11-19 04:38:58.976 1499 1638 D FreeFormWindowHelper: refreshTipWindow windowDragBounds:Rect(7, 72 - 530, 1000)
11-19 04:38:58.979 1499 1638 W WindowManager: updateScale0.7996942
11-19 04:38:59.009 1499 1638 D FreeFormWindowHelper: refreshTipWindow windowDragBounds:Rect(9, 72 - 532, 1000)
11-19 04:38:59.012 1499 1638 W WindowManager: updateScale0.7996942
11-19 04:38:59.026 1499 1638 D FreeFormWindowHelper: refreshTipWindow windowDragBounds:Rect(12, 72 - 535, 1000)
11-19 04:38:59.027 1499 1638 W WindowManager: updateScale0.7996942
11-19 04:38:59.043 1499 1638 D FreeFormWindowHelper: refreshTipWindow windowDragBounds:Rect(14, 72 - 537, 1000)
11-19 04:38:59.045 1499 1638 W WindowManager: updateScale0.7996942
11-19 04:38:59.060 1499 1638 D FreeFormWindowHelper: refreshTipWindow windowDragBounds:Rect(18, 72 - 541, 1000)
11-19 04:38:59.061 1499 1638 W WindowManager: updateScale0.7996942
11-19 04:38:59.076 1499 1638 D FreeFormWindowHelper: refreshTipWindow windowDragBounds:Rect(20, 72 - 543, 1000)
11-19 04:38:59.077 1499 1638 W WindowManager: updateScale0.7996942
11-19 04:38:59.093 1499 1638 D FreeFormWindowHelper: refreshTipWindow windowDragBounds:Rect(22, 72 - 545, 1000)
11-19 04:38:59.093 1499 1638 W WindowManager: updateScale0.7996942
11-19 04:38:59.109 1499 1638 D FreeFormWindowHelper: refreshTipWindow windowDragBounds:Rect(23, 72 - 546, 1000)
11-19 04:38:59.110 1499 1638 W WindowManager: updateScale0.7996942
11-19 04:38:59.126 1499 1638 D FreeFormWindowHelper: refreshTipWindow windowDragBounds:Rect(27, 72 - 550, 1000)
11-19 04:38:59.126 1499 1638 W WindowManager: updateScale0.7996942
11-19 04:38:59.131 0 0 I auditd : type=1400 audit(0.0:7776): avc: denied { kill } for comm="swapper/2" capability=5 scontext=u:r:kernel:s0 tcontext=u:r:kernel:s0 tclass=capability permissive=0
11-19 04:38:59.143 1499 1638 D FreeFormWindowHelper: refreshTipWindow windowDragBounds:Rect(35, 74 - 558, 1002)
11-19 04:38:59.143 1499 1638 W WindowManager: updateScale0.7996942
11-19 04:38:59.159 1499 1638 D FreeFormWindowHelper: refreshTipWindow windowDragBounds:Rect(44, 74 - 567, 1002)
11-19 04:38:59.160 1499 1638 W WindowManager: updateScale0.7996942
11-19 04:38:59.176 1499 1638 D FreeFormWindowHelper: refreshTipWindow windowDragBounds:Rect(53, 74 - 576, 1002)
11-19 04:38:59.177 1499 1638 W WindowManager: updateScale0.7996942
11-19 04:38:59.193 1499 1638 D FreeFormWindowHelper: refreshTipWindow windowDragBounds:Rect(60, 74 - 583, 1002)
11-19 04:38:59.194 1499 1638 W WindowManager: updateScale0.7996942
11-19 04:38:59.226 1499 1638 D FreeFormWindowHelper: refreshTipWindow windowDragBounds:Rect(81, 74 - 604, 1002)
11-19 04:38:59.227 1499 1638 W WindowManager: updateScale0.7996942
11-19 04:38:59.240 1499 3791 E TaskPersister: File error accessing recents directory (directory doesn't exist?).
11-19 04:38:59.243 1499 1638 D FreeFormWindowHelper: refreshTipWindow windowDragBounds:Rect(92, 74 - 615, 1002)
11-19 04:38:59.245 1499 1638 W WindowManager: updateScale0.7996942
11-19 04:38:59.260 1499 1638 D FreeFormWindowHelper: refreshTipWindow windowDragBounds:Rect(102, 74 - 625, 1002)
11-19 04:38:59.261 1499 1638 W WindowManager: updateScale0.7996942
11-19 04:38:59.276 1499 1638 D FreeFormWindowHelper: refreshTipWindow windowDragBounds:Rect(107, 74 - 630, 1002)
11-19 04:38:59.277 1499 1638 W WindowManager: updateScale0.7996942
11-19 04:38:59.293 1499 1638 D FreeFormWindowHelper: refreshTipWindow windowDragBounds:Rect(114, 74 - 637, 1002)
11-19 04:38:59.294 1499 1638 W WindowManager: updateScale0.7996942
11-19 04:38:59.310 1499 1638 D FreeFormWindowHelper: refreshTipWindow windowDragBounds:Rect(145, 74 - 668, 1002)
11-19 04:38:59.310 1499 1638 W WindowManager: updateScale0.7996942
11-19 04:38:59.326 1499 1638 D FreeFormWindowHelper: refreshTipWindow windowDragBounds:Rect(190, 74 - 713, 1002)
11-19 04:38:59.327 1499 1638 W WindowManager: updateScale0.7996942
11-19 04:38:59.343 1499 1638 D FreeFormWindowHelper: refreshTipWindow windowDragBounds:Rect(226, 77 - 749, 1005)
11-19 04:38:59.344 1499 1638 W WindowManager: updateScale0.7996942
11-19 04:38:59.360 1499 1638 D FreeFormWindowHelper: refreshTipWindow windowDragBounds:Rect(245, 77 - 768, 1005)
11-19 04:38:59.361 1499 1638 W WindowManager: updateScale0.7996942
11-19 04:38:59.377 1499 1638 D FreeFormWindowHelper: refreshTipWindow windowDragBounds:Rect(270, 77 - 793, 1005)
11-19 04:38:59.378 1499 1638 W WindowManager: updateScale0.7996942
11-19 04:38:59.382 1499 2761 W WindowManager: updateScale0.7996942
11-19 04:38:59.393 1499 1638 D FreeFormWindowHelper: refreshTipWindow windowDragBounds:Rect(293, 77 - 816, 1005)
11-19 04:38:59.395 1499 1638 W WindowManager: updateScale0.7996942
11-19 04:38:59.410 1499 1638 D FreeFormWindowHelper: refreshTipWindow windowDragBounds:Rect(337, 77 - 860, 1005)
11-19 04:38:59.412 1499 1638 W WindowManager: updateScale0.7996942
11-19 04:38:59.443 1499 1638 D FreeFormWindowHelper: refreshTipWindow windowDragBounds:Rect(427, 75 - 950, 1003)
11-19 04:38:59.444 1499 1638 W WindowManager: updateScale0.7996942
11-19 04:38:59.460 1499 1638 D FreeFormWindowHelper: refreshTipWindow windowDragBounds:Rect(456, 72 - 979, 1000)
11-19 04:38:59.461 1499 1638 W WindowManager: updateScale0.7996942
11-19 04:38:59.477 1499 1638 D FreeFormWindowHelper: refreshTipWindow windowDragBounds:Rect(464, 71 - 987, 999)
11-19 04:38:59.478 1499 1638 W WindowManager: updateScale0.7996942
11-19 04:38:59.483 1499 2761 W WindowManager: updateScale0.7996942
11-19 04:38:59.494 1499 1638 D FreeFormWindowHelper: refreshTipWindow windowDragBounds:Rect(507, 67 - 1030, 995)
11-19 04:38:59.495 1499 1638 W WindowManager: updateScale0.7996942
11-19 04:38:59.511 1499 1638 D FreeFormWindowHelper: refreshTipWindow windowDragBounds:Rect(549, 65 - 1072, 993)
11-19 04:38:59.512 1499 1638 W WindowManager: updateScale0.7996942
11-19 04:38:59.536 1499 1729 W WindowManager: updateScale0.7996942
11-19 04:38:59.544 1499 1638 D FreeFormWindowHelper: refreshTipWindow windowDragBounds:Rect(591, 58 - 1114, 986)
11-19 04:38:59.544 1499 1638 W WindowManager: updateScale0.7996942
11-19 04:38:59.560 1499 1729 W WindowManager: updateScale0.7996942
11-19 04:38:59.561 1499 1638 D FreeFormWindowHelper: refreshTipWindow windowDragBounds:Rect(654, 60 - 1177, 988)
11-19 04:38:59.562 1499 1638 W WindowManager: updateScale0.7996942
11-19 04:38:59.594 1499 1638 D FreeFormWindowHelper: refreshTipWindow windowDragBounds:Rect(767, 60 - 1290, 988)
11-19 04:38:59.595 1499 1638 W WindowManager: updateScale0.7996942
11-19 04:38:59.611 1499 1638 D FreeFormWindowHelper: refreshTipWindow windowDragBounds:Rect(799, 66 - 1322, 994)
11-19 04:38:59.612 1499 1638 W WindowManager: updateScale0.7996942
11-19 04:38:59.627 1499 1638 D FreeFormWindowHelper: refreshTipWindow windowDragBounds:Rect(851, 72 - 1374, 1000)
11-19 04:38:59.628 1499 1638 W WindowManager: updateScale0.7996942
11-19 04:38:59.644 1499 1638 D FreeFormWindowHelper: refreshTipWindow windowDragBounds:Rect(876, 76 - 1399, 1004)
11-19 04:38:59.645 1499 1638 W WindowManager: updateScale0.7996942
11-19 04:38:59.661 1499 1638 D FreeFormWindowHelper: refreshTipWindow windowDragBounds:Rect(898, 77 - 1421, 1005)
11-19 04:38:59.662 1499 1638 W WindowManager: updateScale0.7996942
11-19 04:38:59.677 1499 1638 D FreeFormWindowHelper: refreshTipWindow windowDragBounds:Rect(941, 82 - 1464, 1010)
11-19 04:38:59.678 1499 1638 W WindowManager: updateScale0.7996942
11-19 04:38:59.694 1499 1638 D FreeFormWindowHelper: refreshTipWindow windowDragBounds:Rect(972, 85 - 1495, 1013)
11-19 04:38:59.695 1499 1638 W WindowManager: updateScale0.7996942
11-19 04:38:59.697 1499 2761 W WindowManager: updateScale0.7996942
11-19 04:38:59.711 1499 1638 D FreeFormWindowHelper: refreshTipWindow windowDragBounds:Rect(1012, 90 - 1535, 1018)
11-19 04:38:59.712 1499 1638 W WindowManager: updateScale0.7996942
11-19 04:38:59.727 1499 1638 D FreeFormWindowHelper: refreshTipWindow windowDragBounds:Rect(1058, 92 - 1581, 1020)
11-19 04:38:59.728 1499 1638 W WindowManager: updateScale0.7996942
11-19 04:38:59.744 1499 1638 D FreeFormWindowHelper: refreshTipWindow windowDragBounds:Rect(1106, 96 - 1629, 1024)
11-19 04:38:59.745 1499 1638 W WindowManager: updateScale0.7996942
11-19 04:38:59.747 1499 2437 W WindowManager: updateScale0.7996942
11-19 04:38:59.761 1499 1638 D FreeFormWindowHelper: refreshTipWindow windowDragBounds:Rect(1144, 96 - 1667, 1024)
11-19 04:38:59.762 1499 1638 W WindowManager: updateScale0.7996942
11-19 04:38:59.763 1499 2437 W WindowManager: updateScale0.7996942
11-19 04:38:59.777 1499 2437 W WindowManager: updateScale0.7996942
11-19 04:38:59.779 1499 1638 D FreeFormWindowHelper: refreshTipWindow windowDragBounds:Rect(1180, 96 - 1703, 1024)
11-19 04:38:59.780 1499 1638 W WindowManager: updateScale0.7996942
11-19 04:38:59.793 1499 2437 W WindowManager: updateScale0.7996942
11-19 04:38:59.795 1499 1638 D FreeFormWindowHelper: refreshTipWindow windowDragBounds:Rect(1220, 96 - 1743, 1024)
11-19 04:38:59.796 1499 1638 W WindowManager: updateScale0.7996942
11-19 04:38:59.811 1499 1638 D FreeFormWindowHelper: refreshTipWindow windowDragBounds:Rect(1241, 96 - 1764, 1024)
11-19 04:38:59.812 1499 1638 W WindowManager: updateScale0.7996942
11-19 04:38:59.828 1499 1638 D FreeFormWindowHelper: refreshTipWindow windowDragBounds:Rect(1281, 96 - 1804, 1024)
11-19 04:38:59.829 1499 1638 W WindowManager: updateScale0.7996942
11-19 04:38:59.846 1499 1638 D FreeFormWindowHelper: refreshTipWindow windowDragBounds:Rect(1303, 96 - 1826, 1024)
11-19 04:38:59.848 1499 1638 W WindowManager: updateScale0.7996942
11-19 04:38:59.861 1499 1638 D FreeFormWindowHelper: refreshTipWindow windowDragBounds:Rect(1324, 96 - 1847, 1024)
11-19 04:38:59.862 1499 1638 W WindowManager: updateScale0.7996942
11-19 04:38:59.878 1499 1638 D FreeFormWindowHelper: refreshTipWindow windowDragBounds:Rect(1349, 93 - 1872, 1021)
11-19 04:38:59.878 1499 1638 W WindowManager: updateScale0.7996942
11-19 04:38:59.880 1499 2761 W WindowManager: updateScale0.7996942
11-19 04:38:59.894 1499 1638 D FreeFormWindowHelper: refreshTipWindow windowDragBounds:Rect(1383, 93 - 1906, 1021)
11-19 04:38:59.896 1499 1638 W WindowManager: updateScale0.7996942
11-19 04:38:59.911 1499 1638 D FreeFormWindowHelper: refreshTipWindow windowDragBounds:Rect(1407, 93 - 1930, 1021)
11-19 04:38:59.912 1499 1638 W WindowManager: updateScale0.7996942
11-19 04:38:59.928 1499 1638 D FreeFormWindowHelper: refreshTipWindow windowDragBounds:Rect(1417, 93 - 1940, 1021)
11-19 04:38:59.929 1499 1638 W WindowManager: updateScale0.7996942
11-19 04:38:59.945 1499 1638 D FreeFormWindowHelper: refreshTipWindow windowDragBounds:Rect(1429, 93 - 1952, 1021)
11-19 04:38:59.945 1499 1638 W WindowManager: updateScale0.7996942
11-19 04:38:59.961 1499 1638 D FreeFormWindowHelper: refreshTipWindow windowDragBounds:Rect(1443, 91 - 1966, 1019)
11-19 04:38:59.962 1499 1638 W WindowManager: updateScale0.7996942
11-19 04:38:59.978 1499 1638 D FreeFormWindowHelper: refreshTipWindow windowDragBounds:Rect(1451, 90 - 1974, 1018)
11-19 04:38:59.979 1499 1638 W WindowManager: updateScale0.7996942
11-19 04:38:59.980 1499 2437 W WindowManager: updateScale0.7996942
11-19 04:38:59.995 1499 2437 W WindowManager: updateScale0.7996942
11-19 04:39:00.011 1499 1638 D FreeFormWindowHelper: refreshTipWindow windowDragBounds:Rect(1485, 89 - 2008, 1017)
11-19 04:39:00.012 1499 1638 W WindowManager: updateScale0.7996942
11-19 04:39:00.028 1499 1638 D FreeFormWindowHelper: refreshTipWindow windowDragBounds:Rect(1507, 84 - 2030, 1012)
11-19 04:39:00.029 1499 1638 W WindowManager: updateScale0.7996942
11-19 04:39:00.031 1499 2761 W WindowManager: updateScale0.7996942
11-19 04:39:00.045 1499 1638 D FreeFormWindowHelper: refreshTipWindow windowDragBounds:Rect(1522, 79 - 2045, 1007)
11-19 04:39:00.047 1499 1638 W WindowManager: updateScale0.7996942
11-19 04:39:00.062 1499 1638 D FreeFormWindowHelper: refreshTipWindow windowDragBounds:Rect(1544, 74 - 2067, 1002)
11-19 04:39:00.063 1499 1638 W WindowManager: updateScale0.7996942
11-19 04:39:00.078 1499 1638 D FreeFormWindowHelper: refreshTipWindow windowDragBounds:Rect(1555, 63 - 2078, 991)
11-19 04:39:00.079 1499 1638 W WindowManager: updateScale0.7996942
11-19 04:39:00.112 1499 1638 D FreeFormWindowHelper: refreshTipWindow windowDragBounds:Rect(1598, 47 - 2121, 975)
11-19 04:39:00.113 1499 1638 W WindowManager: updateScale0.7996942
11-19 04:39:00.128 1499 1638 D FreeFormWindowHelper: refreshTipWindow windowDragBounds:Rect(1614, 41 - 2137, 969)
11-19 04:39:00.130 1499 1638 W WindowManager: updateScale0.7996942
11-19 04:39:00.131 3167 3167 I auditd : type=1400 audit(0.0:7777): avc: denied { kill } for comm="irq/17-9091000." capability=5 scontext=u:r:kernel:s0 tcontext=u:r:kernel:s0 tclass=capability permissive=0
11-19 04:39:00.145 1499 1638 D FreeFormWindowHelper: refreshTipWindow windowDragBounds:Rect(1618, 41 - 2141, 969)
11-19 04:39:00.147 1499 1638 W WindowManager: updateScale0.7996942
11-19 04:39:00.158 1499 2437 W WindowManager: updateScale0.7996942
11-19 04:39:00.163 1499 1638 D FreeFormWindowHelper: refreshTipWindow windowDragBounds:Rect(1627, 39 - 2150, 967)
11-19 04:39:00.165 1499 1638 W WindowManager: updateScale0.7996942
11-19 04:39:00.179 1499 1638 D FreeFormWindowHelper: refreshTipWindow windowDragBounds:Rect(1632, 39 - 2155, 967)
11-19 04:39:00.180 1499 1638 W WindowManager: updateScale0.7996942
11-19 04:39:00.181 1499 2437 W WindowManager: updateScale0.7996942
11-19 04:39:00.195 1499 1638 D FreeFormWindowHelper: refreshTipWindow windowDragBounds:Rect(1660, 26 - 2183, 954)
11-19 04:39:00.196 1499 1638 W WindowManager: updateScale0.7996942
11-19 04:39:00.212 1499 1638 D FreeFormWindowHelper: refreshTipWindow windowDragBounds:Rect(1698, 13 - 2221, 941)
11-19 04:39:00.213 1499 1638 W WindowManager: updateScale0.7996942
11-19 04:39:00.229 1499 1638 D FreeFormWindowHelper: refreshTipWindow windowDragBounds:Rect(1715, 4 - 2238, 932)
11-19 04:39:00.229 1499 1638 W WindowManager: updateScale0.7996942
11-19 04:39:00.231 1499 2437 W WindowManager: updateScale0.7996942
11-19 04:39:00.245 1499 1638 D FreeFormWindowHelper: refreshTipWindow windowDragBounds:Rect(1794, -17 - 2317, 911)
11-19 04:39:00.246 1499 1638 W WindowManager: updateScale0.7996942
11-19 04:39:00.247 1499 2437 W WindowManager: updateScale0.7996942
11-19 04:39:00.260 1499 2437 W WindowManager: updateScale0.7996942
11-19 04:39:00.731 1499 1638 D FreeFormWindowHelper: refreshTipWindow windowDragBounds:Rect(2017, -26 - 2540, 902)
11-19 04:39:00.732 1499 1638 W WindowManager: updateScale0.7996942
11-19 04:39:00.747 1499 1638 D FreeFormWindowHelper: refreshTipWindow windowDragBounds:Rect(2020, -19 - 2543, 909)
11-19 04:39:00.749 1499 1638 W WindowManager: updateScale0.7996942
11-19 04:39:00.755 1499 2437 W WindowManager: updateScale0.7996942
11-19 04:39:00.763 1499 1638 D FreeFormWindowHelper: refreshTipWindow windowDragBounds:Rect(2021, -10 - 2544, 918)
11-19 04:39:00.765 1499 1638 W WindowManager: updateScale0.7996942
11-19 04:39:00.780 1499 1638 D FreeFormWindowHelper: refreshTipWindow windowDragBounds:Rect(2021, -1 - 2544, 927)
11-19 04:39:00.781 1499 1638 W WindowManager: updateScale0.7996942
11-19 04:39:00.783 1499 2437 W WindowManager: updateScale0.7996942
11-19 04:39:00.797 1499 1638 D FreeFormWindowHelper: refreshTipWindow windowDragBounds:Rect(2024, 4 - 2547, 932)
11-19 04:39:00.798 1499 1638 W WindowManager: updateScale0.7996942
11-19 04:39:00.815 1499 1638 D FreeFormWindowHelper: refreshTipWindow windowDragBounds:Rect(2025, 7 - 2548, 935)
11-19 04:39:00.816 1499 1638 W WindowManager: updateScale0.7996942
11-19 04:39:00.831 1499 2437 W WindowManager: updateScale0.7996942
11-19 04:39:00.834 1499 1638 D FreeFormWindowHelper: refreshTipWindow windowDragBounds:Rect(2026, 9 - 2549, 937)
11-19 04:39:00.835 1499 1638 W WindowManager: updateScale0.7996942
11-19 04:39:00.845 1499 2437 W WindowManager: updateScale0.7996942
11-19 04:39:00.847 1499 1638 D FreeFormWindowHelper: refreshTipWindow windowDragBounds:Rect(2026, 10 - 2549, 938)
11-19 04:39:00.848 1499 1638 W WindowManager: updateScale0.7996942
11-19 04:39:00.863 1499 1638 D FreeFormWindowHelper: refreshTipWindow windowDragBounds:Rect(2026, 13 - 2549, 941)
11-19 04:39:00.864 1499 1638 W WindowManager: updateScale0.7996942
11-19 04:39:00.881 1499 1638 D FreeFormWindowHelper: refreshTipWindow windowDragBounds:Rect(2026, 21 - 2549, 949)
11-19 04:39:00.882 1499 1638 W WindowManager: updateScale0.7996942
11-19 04:39:00.884 1499 2437 W WindowManager: updateScale0.7996942
11-19 04:39:00.897 1499 1638 D FreeFormWindowHelper: refreshTipWindow windowDragBounds:Rect(2026, 22 - 2549, 950)
11-19 04:39:00.898 1499 1638 W WindowManager: updateScale0.7996942
11-19 04:39:00.914 1499 1638 D FreeFormWindowHelper: refreshTipWindow windowDragBounds:Rect(2026, 26 - 2549, 954)
11-19 04:39:00.915 1499 1638 W WindowManager: updateScale0.7996942
11-19 04:39:00.930 1499 1638 D FreeFormWindowHelper: refreshTipWindow windowDragBounds:Rect(2026, 27 - 2549, 955)
11-19 04:39:00.931 1499 1638 W WindowManager: updateScale0.7996942
11-19 04:39:00.933 1499 2761 W WindowManager: updateScale0.7996942
11-19 04:39:00.946 1499 2761 W WindowManager: updateScale0.7996942
11-19 04:39:00.980 1499 1638 D FreeFormWindowHelper: refreshTipWindow windowDragBounds:Rect(2026, 29 - 2549, 957)
11-19 04:39:00.982 1499 1638 W WindowManager: updateScale0.7996942
11-19 04:39:00.998 1499 2761 W WindowManager: updateScale0.7996942
11-19 04:39:01.131 0 0 I auditd : type=1400 audit(0.0:7778): avc: denied { kill } for comm="swapper/2" capability=5 scontext=u:r:kernel:s0 tcontext=u:r:kernel:s0 tclass=capability permissive=0
11-19 04:39:01.255 1499 1638 D WindowManager: updateWindowDragBounds: mIsSwipeYfalse
11-19 04:39:01.256 1499 1638 D WindowManager: updateWindowDragBounds: mIsTopfalse
11-19 04:39:01.256 1499 1638 D WindowManager: updateWindowDragBounds: mIsSwipeXfalse
11-19 04:39:01.256 1499 1638 W WindowManager: updateScale0.4617737
11-19 04:39:01.258 1499 1638 I wm_relaunch_resume_activity: [0,176962710,51,com.android.deskclock/.DeskClock]
11-19 04:39:01.259 1499 1638 W WindowManager: updateScale0.4617737
11-19 04:39:01.261 9544 9544 I wm_on_top_resumed_lost_called: [176962710,com.android.deskclock.DeskClock,pausing]
11-19 04:39:01.263 9544 9544 I wm_on_paused_called: [176962710,com.android.deskclock.DeskClock,performPause]
11-19 04:39:01.265 9544 9544 I wm_on_stop_called: [176962710,com.android.deskclock.DeskClock,handleRelaunchActivity]
11-19 04:39:01.272 9544 9544 I wm_on_destroy_called: [176962710,com.android.deskclock.DeskClock,performDestroy]
11-19 04:39:01.291 1499 2437 I ActivityTaskManager: START u0 {act=android.content.pm.action.REQUEST_PERMISSIONS pkg=com.android.permissioncontroller cmp=com.android.permissioncontroller/.permission.ui.GrantPermissionsActivity (has extras)} from uid 10063
11-19 04:39:01.293 1499 2437 I wm_task_moved: [51,1,7]
11-19 04:39:01.293 1499 2437 I wm_set_resumed_activity: [0,com.android.deskclock/.DeskClock,positionChildAt]
11-19 04:39:01.293 1499 2437 I wm_create_activity: [0,27095465,51,com.android.permissioncontroller/.permission.ui.GrantPermissionsActivity,android.content.pm.action.REQUEST_PERMISSIONS,NULL,NULL,8388608]
11-19 04:39:01.294 1499 2437 I wm_pause_activity: [0,176962710,com.android.deskclock/.DeskClock,userLeaving=true,resumeTopActivityInnerLocked]
11-19 04:39:01.295 1499 2437 W WindowManager: updateScale0.4617737
11-19 04:39:01.314 9544 9544 I wm_on_create_called: [176962710,com.android.deskclock.DeskClock,performCreate]
11-19 04:39:01.335 9544 9544 I wm_on_start_called: [176962710,com.android.deskclock.DeskClock,handleStartActivity]
11-19 04:39:01.336 9544 9544 I wm_on_resume_called: [176962710,com.android.deskclock.DeskClock,RESUME_ACTIVITY]
11-19 04:39:01.337 9544 9544 I wm_on_top_resumed_gained_called: [176962710,com.android.deskclock.DeskClock,topWhenResuming]
11-19 04:39:01.343 1499 2761 W WindowManager: updateScale0.4617737
11-19 04:39:01.344 1499 2761 W WindowManager: updateScale0.4617737
11-19 04:39:01.374 9544 9544 I wm_on_top_resumed_lost_called: [176962710,com.android.deskclock.DeskClock,topStateChangedWhenResumed]
11-19 04:39:01.374 9544 9544 I wm_on_paused_called: [176962710,com.android.deskclock.DeskClock,performPause]
11-19 04:39:01.375 1499 2761 I ActivityTaskManager: FOREGROUND_APPLICATION_CHANGED to com.android.permissioncontroller.permission.ui.GrantPermissionsActivity
11-19 04:39:01.375 1499 2761 I ActivityTaskManager: The Process com.android.permissioncontroller Already Exists in BG. So sending its PID: 9979
11-19 04:39:01.376 1499 2761 W ActivityTaskManager: Tried to set launchTime (0) < mLastActivityLaunchTime (12015655)
11-19 04:39:01.378 1499 2761 I wm_restart_activity: [0,27095465,51,com.android.permissioncontroller/.permission.ui.GrantPermissionsActivity]
11-19 04:39:01.381 1499 2761 I wm_set_resumed_activity: [0,com.android.permissioncontroller/.permission.ui.GrantPermissionsActivity,minimalResumeActivityLocked]
11-19 04:39:01.383 1499 2761 W WindowManager: updateScale0.4617737
11-19 04:39:01.397 1499 1637 I sysui_multi_action: [757,803,799,window_time_2,802,5]
11-19 04:39:01.399 1499 2761 W WindowManager: updateScale0.4617737
11-19 04:39:01.413 7802 7838 W ContextImpl: Calling a method in the system process without a qualified user: android.app.ContextImpl.startService:1816 android.content.ContextWrapper.startService:774 com.thundercomm.gamemode.ingame.services.GameModeActionUtils.startGameModeService:93 com.thundercomm.gamemode.ingame.services.GameModeActionUtils.startGameModeEntry:21 com.thundercomm.gamemode.ingame.services.ActivityMonitoringService$1.onActivityLaunch:127
11-19 04:39:01.423 1499 1499 I GameModeConfig: Current uri is uri = content://com.thundercomm.gamemode.api/gamemode_settings/gamemode_isgaming
11-19 04:39:01.425 1499 1499 I GameModeConfig: isGameModeOn = false
11-19 04:39:01.425 1499 1499 I GameModeConfig: isGameModeOn = false
11-19 04:39:01.426 1499 1499 I GameModeConfig: isDisableVoice = true
11-19 04:39:01.426 9979 9979 I wm_on_create_called: [27095465,com.android.permissioncontroller.permission.ui.GrantPermissionsActivity,performCreate]
11-19 04:39:01.427 9979 9979 I wm_on_start_called: [27095465,com.android.permissioncontroller.permission.ui.GrantPermissionsActivity,handleStartActivity]
11-19 04:39:01.427 9979 9979 I wm_on_resume_called: [27095465,com.android.permissioncontroller.permission.ui.GrantPermissionsActivity,RESUME_ACTIVITY]
11-19 04:39:01.431 9979 9979 I wm_on_top_resumed_gained_called: [27095465,com.android.permissioncontroller.permission.ui.GrantPermissionsActivity,topStateChangedWhenResumed]
11-19 04:39:01.435 1499 1729 W WindowManager: updateScale0.4617737
11-19 04:39:01.435 1499 1729 W WindowManager: updateScale0.4617737
11-19 04:39:01.438 1499 1638 I input_focus: [Focus request 72cd88c com.android.permissioncontroller/com.android.permissioncontroller.permission.ui.GrantPermissionsActivity,reason=UpdateInputWindows]
11-19 04:39:01.439 1499 1638 W WindowManager: updateScale0.4617737
11-19 04:39:01.439 1499 1638 W WindowManager: updateScale0.4617737
11-19 04:39:01.442 1499 1638 W WindowManager: updateScale0.4617737
11-19 04:39:01.442 1499 1638 W WindowManager: updateScale0.4617737
11-19 04:39:01.448 1499 1831 I input_focus: [Focus leaving e7536b3 com.android.deskclock/com.android.deskclock.DeskClock (server),reason=setFocusedWindow]
11-19 04:39:01.448 1499 1831 I input_focus: [Focus entering 72cd88c com.android.permissioncontroller/com.android.permissioncontroller.permission.ui.GrantPermissionsActivity (server),reason=setFocusedWindow]
11-19 04:39:01.451 1499 2437 I wm_finish_activity: [0,27095465,51,com.android.permissioncontroller/.permission.ui.GrantPermissionsActivity,app-request]
11-19 04:39:01.452 1499 1634 I sysui_multi_action: [319,150,322,150,325,12020,757,761,758,8,759,2,806,com.android.permissioncontroller,871,com.android.permissioncontroller.permission.ui.GrantPermissionsActivity,904,com.android.deskclock,905,0,1320,8,1321,5]
11-19 04:39:01.452 1499 1634 I wm_activity_launch_time: [0,27095465,com.android.permissioncontroller/.permission.ui.GrantPermissionsActivity,150]
11-19 04:39:01.463 1499 2437 I wm_pause_activity: [0,27095465,com.android.permissioncontroller/.permission.ui.GrantPermissionsActivity,userLeaving=false,finish]
11-19 04:39:01.465 9979 9979 I wm_on_top_resumed_lost_called: [27095465,com.android.permissioncontroller.permission.ui.GrantPermissionsActivity,topStateChangedWhenResumed]
11-19 04:39:01.466 9979 9979 I wm_on_paused_called: [27095465,com.android.permissioncontroller.permission.ui.GrantPermissionsActivity,performPause]
11-19 04:39:01.466 1499 5520 I ActivityTaskManager: FOREGROUND_APPLICATION_CHANGED to com.android.deskclock.DeskClock
11-19 04:39:01.467 1499 5520 I wm_set_resumed_activity: [0,com.android.deskclock/.DeskClock,resumeTopActivityInnerLocked]
11-19 04:39:01.468 1499 5520 I wm_resume_activity: [0,176962710,51,com.android.deskclock/.DeskClock]
11-19 04:39:01.472 1499 5520 W WindowManager: updateScale0.4617737
11-19 04:39:01.475 1499 1638 I input_focus: [Focus request e7536b3 com.android.deskclock/com.android.deskclock.DeskClock,reason=UpdateInputWindows]
11-19 04:39:01.475 1499 1637 I sysui_multi_action: [757,803,799,window_time_2,802,0]
11-19 04:39:01.480 9544 9544 I wm_on_activity_result_called: [176962710,com.android.deskclock.DeskClock,ACTIVITY_RESULT]
11-19 04:39:01.481 9544 9544 I wm_on_resume_called: [176962710,com.android.deskclock.DeskClock,RESUME_ACTIVITY]
11-19 04:39:01.481 1499 1831 I input_focus: [Focus leaving 72cd88c com.android.permissioncontroller/com.android.permissioncontroller.permission.ui.GrantPermissionsActivity (server),reason=NO_WINDOW]
11-19 04:39:01.483 9544 9544 I wm_on_top_resumed_gained_called: [176962710,com.android.deskclock.DeskClock,topWhenResuming]
11-19 04:39:01.497 1499 2759 W WindowManager: updateScale0.4617737
11-19 04:39:01.497 1499 1831 I input_focus: [Focus entering e7536b3 com.android.deskclock/com.android.deskclock.DeskClock (server),reason=setFocusedWindow]
11-19 04:39:01.532 1499 2759 I wm_destroy_activity: [0,27095465,51,com.android.permissioncontroller/.permission.ui.GrantPermissionsActivity,finish-idle]
11-19 04:39:01.533 9979 9979 I wm_on_stop_called: [27095465,com.android.permissioncontroller.permission.ui.GrantPermissionsActivity,LIFECYCLER_STOP_ACTIVITY]
11-19 04:39:01.534 9979 9979 I wm_on_destroy_called: [27095465,com.android.permissioncontroller.permission.ui.GrantPermissionsActivity,performDestroy]
11-19 04:39:01.536 1499 2759 W WindowManager: updateScale0.4617737
11-19 04:39:01.548 7802 7838 W ContextImpl: Calling a method in the system process without a qualified user: android.app.ContextImpl.startService:1816 android.content.ContextWrapper.startService:774 com.thundercomm.gamemode.ingame.services.GameModeActionUtils.startGameModeService:93 com.thundercomm.gamemode.ingame.services.GameModeActionUtils.startGameModeEntry:21 com.thundercomm.gamemode.ingame.services.ActivityMonitoringService$1.onActivityLaunch:127
11-19 04:39:01.554 1499 1499 I GameModeConfig: Current uri is uri = content://com.thundercomm.gamemode.api/gamemode_settings/gamemode_isgaming
11-19 04:39:01.557 1499 1499 I GameModeConfig: isGameModeOn = false
11-19 04:39:01.557 1499 1499 I GameModeConfig: isGameModeOn = false
11-19 04:39:01.557 1499 1499 I GameModeConfig: isDisableVoice = true
11-19 04:39:01.577 7802 7838 W ContextImpl: Calling a method in the system process without a qualified user: android.app.ContextImpl.startService:1816 android.content.ContextWrapper.startService:774 com.thundercomm.gamemode.ingame.services.GameModeActionUtils.startGameModeService:93 com.thundercomm.gamemode.ingame.services.GameModeActionUtils.startGameModeEntry:21 com.thundercomm.gamemode.ingame.services.ActivityMonitoringService$1.onActivityLaunch:127
11-19 04:39:01.581 1499 1499 I GameModeConfig: Current uri is uri = content://com.thundercomm.gamemode.api/gamemode_settings/gamemode_isgaming
11-19 04:39:01.583 1499 1499 I GameModeConfig: isGameModeOn = false
11-19 04:39:01.583 1499 1499 I GameModeConfig: isGameModeOn = false
11-19 04:39:01.583 1499 1499 I GameModeConfig: isDisableVoice = true
11-19 04:39:01.701 1499 1638 W WindowManager: updateScale0.4617737
11-19 04:39:01.715 1499 1638 W WindowManager: updateScale0.4617737
11-19 04:39:01.718 1499 1638 W WindowManager: updateScale0.4617737
11-19 04:39:02.131 0 0 I auditd : type=1400 audit(0.0:7779): avc: denied { kill } for comm="swapper/2" capability=5 scontext=u:r:kernel:s0 tcontext=u:r:kernel:s0 tclass=capability permissive=0
11-19 04:39:02.523 1499 1831 I input_interaction: Interaction with: e7536b3 com.android.deskclock/com.android.deskclock.DeskClock (server), edge-swipe (server), swipe-up (server), PointerEventDispatcher0 (server),
11-19 04:39:02.889 1499 2437 W WindowManager: updateScale0.7996942
11-19 04:39:02.892 1499 2437 I wm_relaunch_resume_activity: [0,176962710,51,com.android.deskclock/.DeskClock]
11-19 04:39:02.895 1499 2437 W WindowManager: updateScale0.7996942
11-19 04:39:02.910 9544 9544 I wm_on_top_resumed_lost_called: [176962710,com.android.deskclock.DeskClock,pausing]
11-19 04:39:02.913 9544 9544 I wm_on_paused_called: [176962710,com.android.deskclock.DeskClock,performPause]
11-19 04:39:02.917 9544 9544 I wm_on_stop_called: [176962710,com.android.deskclock.DeskClock,handleRelaunchActivity]
11-19 04:39:02.928 9544 9544 I wm_on_destroy_called: [176962710,com.android.deskclock.DeskClock,performDestroy]
11-19 04:39:02.951 1499 2437 I ActivityTaskManager: START u0 {act=android.content.pm.action.REQUEST_PERMISSIONS pkg=com.android.permissioncontroller cmp=com.android.permissioncontroller/.permission.ui.GrantPermissionsActivity (has extras)} from uid 10063
11-19 04:39:02.953 1499 2437 I wm_task_moved: [51,1,7]
11-19 04:39:02.953 1499 2437 I wm_set_resumed_activity: [0,com.android.deskclock/.DeskClock,positionChildAt]
11-19 04:39:02.953 1499 2437 I wm_create_activity: [0,247695778,51,com.android.permissioncontroller/.permission.ui.GrantPermissionsActivity,android.content.pm.action.REQUEST_PERMISSIONS,NULL,NULL,8388608]
11-19 04:39:02.954 1499 2437 I wm_pause_activity: [0,176962710,com.android.deskclock/.DeskClock,userLeaving=true,resumeTopActivityInnerLocked]
11-19 04:39:02.955 1499 2437 W WindowManager: updateScale0.7996942
11-19 04:39:02.972 9544 9544 I wm_on_create_called: [176962710,com.android.deskclock.DeskClock,performCreate]
11-19 04:39:02.997 9544 9544 I wm_on_start_called: [176962710,com.android.deskclock.DeskClock,handleStartActivity]
11-19 04:39:02.998 9544 9544 I wm_on_resume_called: [176962710,com.android.deskclock.DeskClock,RESUME_ACTIVITY]
11-19 04:39:03.000 9544 9544 I wm_on_top_resumed_gained_called: [176962710,com.android.deskclock.DeskClock,topWhenResuming]
11-19 04:39:03.007 1499 2437 W WindowManager: updateScale0.7996942
11-19 04:39:03.009 1499 2437 W WindowManager: updateScale0.7996942
11-19 04:39:03.040 9544 9544 I wm_on_top_resumed_lost_called: [176962710,com.android.deskclock.DeskClock,topStateChangedWhenResumed]
11-19 04:39:03.041 9544 9544 I wm_on_paused_called: [176962710,com.android.deskclock.DeskClock,performPause]
11-19 04:39:03.041 1499 2437 I ActivityTaskManager: FOREGROUND_APPLICATION_CHANGED to com.android.permissioncontroller.permission.ui.GrantPermissionsActivity
11-19 04:39:03.041 1499 2437 I ActivityTaskManager: The Process com.android.permissioncontroller Already Exists in BG. So sending its PID: 9979
11-19 04:39:03.041 1499 2437 W ActivityTaskManager: Tried to set launchTime (0) < mLastActivityLaunchTime (12020738)
11-19 04:39:03.042 1499 2437 I wm_restart_activity: [0,247695778,51,com.android.permissioncontroller/.permission.ui.GrantPermissionsActivity]
11-19 04:39:03.043 1499 2437 I wm_set_resumed_activity: [0,com.android.permissioncontroller/.permission.ui.GrantPermissionsActivity,minimalResumeActivityLocked]
11-19 04:39:03.043 1499 2437 W WindowManager: updateScale0.7996942
11-19 04:39:03.046 1499 1637 I sysui_multi_action: [757,803,799,window_time_2,802,2]
11-19 04:39:03.061 9979 9979 I wm_on_create_called: [247695778,com.android.permissioncontroller.permission.ui.GrantPermissionsActivity,performCreate]
11-19 04:39:03.062 9979 9979 I wm_on_start_called: [247695778,com.android.permissioncontroller.permission.ui.GrantPermissionsActivity,handleStartActivity]
11-19 04:39:03.062 9979 9979 I wm_on_resume_called: [247695778,com.android.permissioncontroller.permission.ui.GrantPermissionsActivity,RESUME_ACTIVITY]
11-19 04:39:03.065 9979 9979 I wm_on_top_resumed_gained_called: [247695778,com.android.permissioncontroller.permission.ui.GrantPermissionsActivity,topStateChangedWhenResumed]
