11-19 04:57:25.065 9979 9979 I wm_on_start_called: [178833527,com.android.permissioncontroller.permission.ui.GrantPermissionsActivity,handleStartActivity]
11-19 04:57:25.065 1499 1499 I GameModeConfig: Current uri is uri = content://com.thundercomm.gamemode.api/gamemode_settings/gamemode_isgaming
11-19 04:57:25.066 9979 9979 I wm_on_resume_called: [178833527,com.android.permissioncontroller.permission.ui.GrantPermissionsActivity,RESUME_ACTIVITY]
11-19 04:57:25.068 9979 9979 I wm_on_top_resumed_gained_called: [178833527,com.android.permissioncontroller.permission.ui.GrantPermissionsActivity,topStateChangedWhenResumed]
11-19 04:57:25.071 1499 1499 I GameModeConfig: isGameModeOn = false
11-19 04:57:25.072 1499 1499 I GameModeConfig: isGameModeOn = false
11-19 04:57:25.072 1499 1499 I GameModeConfig: isDisableVoice = true
11-19 04:57:25.072 1499 4942 I wm_finish_activity: [0,178833527,59,com.android.permissioncontroller/.permission.ui.GrantPermissionsActivity,app-request]
11-19 04:57:25.078 1499 4942 I wm_pause_activity: [0,178833527,com.android.permissioncontroller/.permission.ui.GrantPermissionsActivity,userLeaving=false,finish]
11-19 04:57:25.087 1499 1637 I sysui_multi_action: [757,1144,758,8,806,com.android.permissioncontroller,871,com.android.permissioncontroller.permission.ui.GrantPermissionsActivity]
11-19 04:57:25.089 9979 9979 I wm_on_top_resumed_lost_called: [178833527,com.android.permissioncontroller.permission.ui.GrantPermissionsActivity,topStateChangedWhenResumed]
11-19 04:57:25.089 9979 9979 I wm_on_paused_called: [178833527,com.android.permissioncontroller.permission.ui.GrantPermissionsActivity,performPause]
11-19 04:57:25.093 1499 8917 I ActivityTaskManager: FOREGROUND_APPLICATION_CHANGED to com.android.deskclock.DeskClock
11-19 04:57:25.096 1499 8917 I wm_set_resumed_activity: [0,com.android.deskclock/.DeskClock,resumeTopActivityInnerLocked]
11-19 04:57:25.098 1499 8917 I wm_resume_activity: [0,171946104,59,com.android.deskclock/.DeskClock]
11-19 04:57:25.099 9544 9544 I wm_on_activity_result_called: [171946104,com.android.deskclock.DeskClock,ACTIVITY_RESULT]
11-19 04:57:25.099 9544 9544 I wm_on_resume_called: [171946104,com.android.deskclock.DeskClock,RESUME_ACTIVITY]
11-19 04:57:25.102 9544 9544 I wm_on_top_resumed_gained_called: [171946104,com.android.deskclock.DeskClock,topWhenResuming]
11-19 04:57:25.109 1499 1638 I input_focus: [Focus request 8fabd53 com.android.deskclock/com.android.deskclock.DeskClock,reason=UpdateInputWindows]
11-19 04:57:25.110 1499 1637 I sysui_multi_action: [757,803,799,window_time_0,802,0]
11-19 04:57:25.120 1499 4942 I wm_destroy_activity: [0,178833527,59,com.android.permissioncontroller/.permission.ui.GrantPermissionsActivity,finish-idle]
11-19 04:57:25.121 9979 9979 I wm_on_stop_called: [178833527,com.android.permissioncontroller.permission.ui.GrantPermissionsActivity,LIFECYCLER_STOP_ACTIVITY]
11-19 04:57:25.121 9979 9979 I wm_on_destroy_called: [178833527,com.android.permissioncontroller.permission.ui.GrantPermissionsActivity,performDestroy]
11-19 04:57:25.135 7802 7838 W ContextImpl: Calling a method in the system process without a qualified user: android.app.ContextImpl.startService:1816 android.content.ContextWrapper.startService:774 com.thundercomm.gamemode.ingame.services.GameModeActionUtils.startGameModeService:93 com.thundercomm.gamemode.ingame.services.GameModeActionUtils.startGameModeEntry:21 com.thundercomm.gamemode.ingame.services.ActivityMonitoringService$1.onActivityLaunch:127
11-19 04:57:25.140 1499 1499 I GameModeConfig: Current uri is uri = content://com.thundercomm.gamemode.api/gamemode_settings/gamemode_isgaming
11-19 04:57:25.141 1499 1499 I GameModeConfig: isGameModeOn = false
11-19 04:57:25.142 1499 1499 I GameModeConfig: isGameModeOn = false
11-19 04:57:25.142 1499 1499 I GameModeConfig: isDisableVoice = true
11-19 04:57:25.212 7802 7838 W ContextImpl: Calling a method in the system process without a qualified user: android.app.ContextImpl.startService:1816 android.content.ContextWrapper.startService:774 com.thundercomm.gamemode.ingame.services.GameModeActionUtils.startGameModeService:93 com.thundercomm.gamemode.ingame.services.GameModeActionUtils.startGameModeEntry:21 com.thundercomm.gamemode.ingame.services.ActivityMonitoringService$1.onActivityLaunch:127
11-19 04:57:25.222 1499 1499 I GameModeConfig: Current uri is uri = content://com.thundercomm.gamemode.api/gamemode_settings/gamemode_isgaming
11-19 04:57:25.223 1499 1499 I GameModeConfig: isGameModeOn = false
11-19 04:57:25.224 1499 1499 I GameModeConfig: isGameModeOn = false
11-19 04:57:25.224 1499 1499 I GameModeConfig: isDisableVoice = true
11-19 04:57:25.454 1499 1637 I wm_stop_activity: [0,19758722,com.android.launcher3/.uioverrides.QuickstepLauncher]
11-19 04:57:25.485 2802 2802 I wm_on_stop_called: [19758722,com.android.launcher3.uioverrides.QuickstepLauncher,STOP_ACTIVITY_ITEM]
11-19 04:57:25.514 7802 7838 W ContextImpl: Calling a method in the system process without a qualified user: android.app.ContextImpl.startService:1816 android.content.ContextWrapper.startService:774 com.thundercomm.gamemode.ingame.services.GameModeActionUtils.startGameModeService:93 com.thundercomm.gamemode.ingame.services.GameModeActionUtils.startGameModeEntry:21 com.thundercomm.gamemode.ingame.services.ActivityMonitoringService$1.onActivityLaunch:127
11-19 04:57:25.519 1499 1499 I GameModeConfig: Current uri is uri = content://com.thundercomm.gamemode.api/gamemode_settings/gamemode_isgaming
11-19 04:57:25.521 1499 1499 I GameModeConfig: isGameModeOn = false
11-19 04:57:25.521 1499 1499 I GameModeConfig: isGameModeOn = false
11-19 04:57:25.521 1499 1499 I GameModeConfig: isDisableVoice = true
11-19 04:57:26.131 0 0 I auditd : type=1400 audit(0.0:11483): avc: denied { kill } for comm="swapper/0" capability=5 scontext=u:r:kernel:s0 tcontext=u:r:kernel:s0 tclass=capability permissive=0
11-19 04:57:26.265 1499 8917 I wm_task_moved: [1,0,0]
11-19 04:57:26.266 1499 8917 I wm_task_moved: [1,0,6]
11-19 04:57:26.287 2802 2802 I wm_on_restart_called: [19758722,com.android.launcher3.uioverrides.QuickstepLauncher,performRestartActivity]
11-19 04:57:26.292 7802 7838 W ContextImpl: Calling a method in the system process without a qualified user: android.app.ContextImpl.startService:1816 android.content.ContextWrapper.startService:774 com.thundercomm.gamemode.ingame.services.GameModeActionUtils.startGameModeService:93 com.thundercomm.gamemode.ingame.services.GameModeActionUtils.startGameModeEntry:21 com.thundercomm.gamemode.ingame.services.ActivityMonitoringService$1.onActivityLaunch:127
11-19 04:57:26.297 1499 1499 I GameModeConfig: Current uri is uri = content://com.thundercomm.gamemode.api/gamemode_settings/gamemode_isgaming
11-19 04:57:26.299 1499 1499 I GameModeConfig: isGameModeOn = false
11-19 04:57:26.299 1499 1499 I GameModeConfig: isGameModeOn = false
11-19 04:57:26.299 1499 1499 I GameModeConfig: isDisableVoice = true
11-19 04:57:26.319 2802 2802 I wm_on_start_called: [19758722,com.android.launcher3.uioverrides.QuickstepLauncher,handleStartActivity]
11-19 04:57:26.330 9544 9544 I view_enqueue_input_event: [Motion - Cancel,com.android.deskclock/com.android.deskclock.DeskClock]
11-19 04:57:26.331 2802 2802 I sysui_latency: [1,93]
11-19 04:57:26.332 1499 1638 I input_focus: [Focus request recents_animation_input_consumer,reason=UpdateInputWindows]
11-19 04:57:26.347 1499 1634 I sysui_multi_action: [319,10,322,70,325,13125,757,761,758,9,759,5,806,com.android.launcher3,871,com.android.launcher3.uioverrides.QuickstepLauncher,905,0,1320,8,1321,5]
11-19 04:57:26.347 1499 1831 I input_interaction: Interaction with: edge-swipe (server), swipe-up (server), PointerEventDispatcher0 (server),
11-19 04:57:26.354 1499 1831 I input_focus: [Focus leaving 8fabd53 com.android.deskclock/com.android.deskclock.DeskClock (server),reason=NOT_FOCUSABLE]
11-19 04:57:26.354 1499 1831 I input_focus: [Focus entering recents_animation_input_consumer (server),reason=setFocusedWindow]
11-19 04:57:26.417 1499 3791 E TaskPersister: File error accessing recents directory (directory doesn't exist?).
11-19 04:57:26.528 1499 1759 I commit_sys_config_file: [settings-1-0,9]
11-19 04:57:26.639 1499 1644 I sysui_latency: [8,93]
11-19 04:57:27.131 0 0 I auditd : type=1400 audit(0.0:11484): avc: denied { kill } for comm="swapper/0" capability=5 scontext=u:r:kernel:s0 tcontext=u:r:kernel:s0 tclass=capability permissive=0
11-19 04:57:27.208 1499 1759 I commit_sys_config_file: [settings-1-0,4]
11-19 04:57:27.563 1499 1831 I input_interaction: Interaction with: 632f7bf com.android.launcher3/com.android.launcher3.uioverrides.QuickstepLauncher (server), edge-swipe (server), swipe-up (server), PointerEventDispatcher0 (server),
11-19 04:57:27.566 1499 1499 I service_manager_stats: [100,70,340980]
11-19 04:57:27.981 1499 8917 I wm_task_moved: [1,1,7]
11-19 04:57:27.991 1499 8917 I wm_focused_root_task: [0,0,1,59,RecentsAnimation.onAnimationFinished()]
11-19 04:57:27.991 9544 9544 I wm_on_top_resumed_lost_called: [171946104,com.android.deskclock.DeskClock,topStateChangedWhenResumed]
11-19 04:57:27.995 1499 8917 I wm_pause_activity: [0,171946104,com.android.deskclock/.DeskClock,userLeaving=false,pauseBackTasks]
11-19 04:57:27.996 1499 8917 I ActivityTaskManager: FOREGROUND_APPLICATION_CHANGED to com.android.launcher3.uioverrides.QuickstepLauncher
11-19 04:57:27.998 1499 8917 I wm_set_resumed_activity: [0,com.android.launcher3/.uioverrides.QuickstepLauncher,resumeTopActivityInnerLocked]
11-19 04:57:27.999 1499 8917 I wm_resume_activity: [0,19758722,10,com.android.launcher3/.uioverrides.QuickstepLauncher]
11-19 04:57:28.000 1499 8917 I wm_add_to_stopping: [0,171946104,com.android.deskclock/.DeskClock,makeInvisible]
11-19 04:57:28.007 2802 2802 I wm_on_resume_called: [19758722,com.android.launcher3.uioverrides.QuickstepLauncher,RESUME_ACTIVITY]
11-19 04:57:28.016 1499 1638 I input_focus: [Focus request 632f7bf com.android.launcher3/com.android.launcher3.uioverrides.QuickstepLauncher,reason=UpdateInputWindows]
11-19 04:57:28.019 9544 9544 I wm_on_paused_called: [171946104,com.android.deskclock.DeskClock,performPause]
11-19 04:57:28.023 1499 1637 I sysui_multi_action: [757,803,799,window_time_0,802,3]
11-19 04:57:28.024 1499 1831 I input_focus: [Focus leaving recents_animation_input_consumer (server),reason=NOT_VISIBLE]
11-19 04:57:28.024 1499 1831 I input_focus: [Focus entering 632f7bf com.android.launcher3/com.android.launcher3.uioverrides.QuickstepLauncher (server),reason=setFocusedWindow]
11-19 04:57:28.026 1499 1637 I wm_stop_activity: [0,171946104,com.android.deskclock/.DeskClock]
11-19 04:57:28.026 1499 1637 I sysui_multi_action: [757,803,799,window_time_0,802,0]
11-19 04:57:28.028 2802 2802 I wm_on_top_resumed_gained_called: [19758722,com.android.launcher3.uioverrides.QuickstepLauncher,topStateChangedWhenResumed]
11-19 04:57:28.037 9544 9544 I wm_on_stop_called: [171946104,com.android.deskclock.DeskClock,STOP_ACTIVITY_ITEM]
11-19 04:57:28.046 1499 1831 I input_interaction: Interaction with: 632f7bf com.android.launcher3/com.android.launcher3.uioverrides.QuickstepLauncher (server), a1d9774 com.android.systemui.ImageWallpaper (server), edge-swipe (server), swipe-up (server), PointerEventDispatcher0 (server),
11-19 04:57:28.075 7802 7838 W ContextImpl: Calling a method in the system process without a qualified user: android.app.ContextImpl.startService:1816 android.content.ContextWrapper.startService:774 com.thundercomm.gamemode.ingame.services.GameModeActionUtils.startGameModeService:93 com.thundercomm.gamemode.ingame.services.GameModeActionUtils.startGameModeEntry:21 com.thundercomm.gamemode.ingame.services.ActivityMonitoringService$1.onActivityLaunch:127
11-19 04:57:28.079 1499 1499 I GameModeConfig: Current uri is uri = content://com.thundercomm.gamemode.api/gamemode_settings/gamemode_isgaming
11-19 04:57:28.082 1499 1499 I GameModeConfig: isGameModeOn = false
11-19 04:57:28.083 1499 1499 I GameModeConfig: isGameModeOn = false
11-19 04:57:28.083 1499 1499 I GameModeConfig: isDisableVoice = true
11-19 04:57:28.118 1499 8917 I wm_finish_activity: [0,171946104,59,com.android.deskclock/.DeskClock,recent-task-trimmed]
11-19 04:57:28.119 1499 8917 I wm_destroy_activity: [0,171946104,59,com.android.deskclock/.DeskClock,finish-imm:finishIfPossible]
11-19 04:57:28.123 1499 1637 I sysui_multi_action: [757,803,799,window_time_0,802,0]
11-19 04:57:28.129 1499 3791 E TaskPersister: File error accessing recents directory (directory doesn't exist?).
11-19 04:57:28.138 9544 9544 I wm_on_destroy_called: [171946104,com.android.deskclock.DeskClock,performDestroy]
11-19 04:57:28.138 7802 7838 W ContextImpl: Calling a method in the system process without a qualified user: android.app.ContextImpl.startService:1816 android.content.ContextWrapper.startService:774 com.thundercomm.gamemode.ingame.services.GameModeActionUtils.startGameModeService:93 com.thundercomm.gamemode.ingame.services.GameModeActionUtils.startGameModeEntry:21 com.thundercomm.gamemode.ingame.services.ActivityMonitoringService$1.onActivityLaunch:127
11-19 04:57:28.143 1499 1499 I GameModeConfig: Current uri is uri = content://com.thundercomm.gamemode.api/gamemode_settings/gamemode_isgaming
11-19 04:57:28.145 1499 1499 I GameModeConfig: isGameModeOn = false
11-19 04:57:28.145 1499 1499 I GameModeConfig: isGameModeOn = false
11-19 04:57:28.145 1499 1499 I GameModeConfig: isDisableVoice = true
11-19 04:57:28.146 1499 1644 W UsageStatsService: Unexpected activity event reported! (com.android.deskclock/com.android.deskclock.DeskClock event : 23 instanceId : 125941091)
11-19 04:57:28.146 1499 4942 I wm_task_removed: [59,removeChild:removeChild last r=ActivityRecord{a3fb078 u0 com.android.deskclock/.DeskClock t-1 f}} in t=Task{54e6ddb #59 type=standard A=10063:com.android.deskclock U=0 visible=false mode=fullscreen translucent=true sz=0}]
11-19 04:57:28.146 1499 4942 I wm_task_removed: [59,removeChild]
11-19 04:57:28.149 1499 1638 W ActivityTaskManager: Can't find TaskDisplayArea to determine support for multi window. Task id=59 attached=false
11-19 04:57:28.149 1499 1638 W ActivityTaskManager: Can't find TaskDisplayArea to determine support for multi window. Task id=59 attached=false
11-19 04:57:28.231 7802 7838 W ContextImpl: Calling a method in the system process without a qualified user: android.app.ContextImpl.startService:1816 android.content.ContextWrapper.startService:774 com.thundercomm.gamemode.ingame.services.GameModeActionUtils.startGameModeService:93 com.thundercomm.gamemode.ingame.services.GameModeActionUtils.startGameModeEntry:21 com.thundercomm.gamemode.ingame.services.ActivityMonitoringService$1.onActivityLaunch:127
11-19 04:57:28.240 1499 1499 I GameModeConfig: Current uri is uri = content://com.thundercomm.gamemode.api/gamemode_settings/gamemode_isgaming
11-19 04:57:28.242 1499 1499 I GameModeConfig: isGameModeOn = false
11-19 04:57:28.242 1499 1499 I GameModeConfig: isGameModeOn = false
11-19 04:57:28.242 1499 1499 I GameModeConfig: isDisableVoice = true
11-19 04:57:29.131 0 0 I auditd : type=1400 audit(0.0:11485): avc: denied { kill } for comm="swapper/0" capability=5 scontext=u:r:kernel:s0 tcontext=u:r:kernel:s0 tclass=capability permissive=0
11-19 04:57:29.401 1499 1759 I commit_sys_config_file: [settings-1-0,8]
11-19 04:57:30.131 0 0 I auditd : type=1400 audit(0.0:11486): avc: denied { kill } for comm="swapper/0" capability=5 scontext=u:r:kernel:s0 tcontext=u:r:kernel:s0 tclass=capability permissive=0
11-19 04:57:31.131 0 0 I auditd : type=1400 audit(0.0:11487): avc: denied { kill } for comm="swapper/0" capability=5 scontext=u:r:kernel:s0 tcontext=u:r:kernel:s0 tclass=capability permissive=0
11-19 04:57:31.148 1499 3791 E TaskPersister: File error accessing recents directory (directory doesn't exist?).
11-19 04:57:31.436 1499 8917 I ActivityTaskManager: START u0 {flg=0x10008000 cmp=com.android.deskclock/.DeskClock} from uid 10078
11-19 04:57:31.441 1499 8917 I wm_task_created: [60,-1]
11-19 04:57:31.441 1499 8917 W ActivityTaskManager: Can't find TaskDisplayArea to determine support for multi window. Task id=60 attached=false
11-19 04:57:31.443 1499 8917 D FreeFormWindowHelper: Add freeform task=Task{3e4753b #60 type=standard ?? U=0 visible=false mode=freeform translucent=true sz=0}
11-19 04:57:31.446 1499 8917 I wm_task_moved: [60,1,7]
11-19 04:57:31.446 1499 8917 I wm_task_to_front: [0,60]
11-19 04:57:31.446 1499 8917 I wm_create_task: [0,60]
11-19 04:57:31.446 1499 8917 I wm_create_activity: [0,178263128,60,com.android.deskclock/.DeskClock,NULL,NULL,NULL,268468224]
11-19 04:57:31.446 1499 8917 I wm_task_moved: [60,1,7]
11-19 04:57:31.447 1499 8917 I ActivityTaskManager: FOREGROUND_APPLICATION_CHANGED to com.android.deskclock.DeskClock
11-19 04:57:31.447 1499 8917 I ActivityTaskManager: The Process com.android.deskclock Already Exists in BG. So sending its PID: 9544
11-19 04:57:31.448 1499 8917 W ActivityTaskManager: Tried to set launchTime (0) < mLastActivityLaunchTime (13122771)
11-19 04:57:31.449 1499 8917 I wm_restart_activity: [0,178263128,60,com.android.deskclock/.DeskClock]
11-19 04:57:31.450 1499 8917 I wm_set_resumed_activity: [0,com.android.deskclock/.DeskClock,minimalResumeActivityLocked]
11-19 04:57:31.464 2802 2802 I wm_on_top_resumed_lost_called: [19758722,com.android.launcher3.uioverrides.QuickstepLauncher,topStateChangedWhenResumed]
11-19 04:57:31.472 7802 7838 W ContextImpl: Calling a method in the system process without a qualified user: android.app.ContextImpl.startService:1816 android.content.ContextWrapper.startService:774 com.thundercomm.gamemode.ingame.services.GameModeActionUtils.startGameModeService:93 com.thundercomm.gamemode.ingame.services.GameModeActionUtils.startGameModeEntry:21 com.thundercomm.gamemode.ingame.services.ActivityMonitoringService$1.onActivityLaunch:127
11-19 04:57:31.478 1499 1499 I GameModeConfig: Current uri is uri = content://com.thundercomm.gamemode.api/gamemode_settings/gamemode_isgaming
11-19 04:57:31.481 1499 1499 I GameModeConfig: isGameModeOn = false
11-19 04:57:31.481 1499 1499 I GameModeConfig: isGameModeOn = false
11-19 04:57:31.481 1499 1499 I GameModeConfig: isDisableVoice = true
11-19 04:57:31.485 1499 5048 I ActivityTaskManager: START u0 {act=android.content.pm.action.REQUEST_PERMISSIONS pkg=com.android.permissioncontroller cmp=com.android.permissioncontroller/.permission.ui.GrantPermissionsActivity (has extras)} from uid 10063
11-19 04:57:31.486 1499 5048 I wm_task_moved: [60,1,7]
11-19 04:57:31.486 1499 5048 I wm_set_resumed_activity: [0,com.android.deskclock/.DeskClock,positionChildAt]
11-19 04:57:31.486 1499 5048 I wm_create_activity: [0,135997975,60,com.android.permissioncontroller/.permission.ui.GrantPermissionsActivity,android.content.pm.action.REQUEST_PERMISSIONS,NULL,NULL,8388608]
11-19 04:57:31.487 1499 5048 I wm_pause_activity: [0,178263128,com.android.deskclock/.DeskClock,userLeaving=true,resumeTopActivityInnerLocked]
11-19 04:57:31.503 9544 9544 I wm_on_create_called: [178263128,com.android.deskclock.DeskClock,performCreate]
11-19 04:57:31.505 9544 9544 I wm_on_start_called: [178263128,com.android.deskclock.DeskClock,handleStartActivity]
11-19 04:57:31.506 9544 9544 I wm_on_resume_called: [178263128,com.android.deskclock.DeskClock,RESUME_ACTIVITY]
11-19 04:57:31.508 9544 9544 I wm_on_top_resumed_gained_called: [178263128,com.android.deskclock.DeskClock,topStateChangedWhenResumed]
11-19 04:57:31.509 9544 9544 I wm_on_top_resumed_lost_called: [178263128,com.android.deskclock.DeskClock,topStateChangedWhenResumed]
11-19 04:57:31.509 9544 9544 I wm_on_paused_called: [178263128,com.android.deskclock.DeskClock,performPause]
11-19 04:57:31.509 1499 5048 I ActivityTaskManager: FOREGROUND_APPLICATION_CHANGED to com.android.permissioncontroller.permission.ui.GrantPermissionsActivity
11-19 04:57:31.509 1499 5048 I ActivityTaskManager: The Process com.android.permissioncontroller Already Exists in BG. So sending its PID: 9979
11-19 04:57:31.510 1499 5048 W ActivityTaskManager: Tried to set launchTime (0) < mLastActivityLaunchTime (13124392)
11-19 04:57:31.512 1499 5048 I wm_restart_activity: [0,135997975,60,com.android.permissioncontroller/.permission.ui.GrantPermissionsActivity]
11-19 04:57:31.513 1499 5048 I wm_set_resumed_activity: [0,com.android.permissioncontroller/.permission.ui.GrantPermissionsActivity,minimalResumeActivityLocked]
11-19 04:57:31.518 1499 1637 I sysui_multi_action: [757,803,799,window_time_0,802,3]
11-19 04:57:31.530 7802 7838 W ContextImpl: Calling a method in the system process without a qualified user: android.app.ContextImpl.startService:1816 android.content.ContextWrapper.startService:774 com.thundercomm.gamemode.ingame.services.GameModeActionUtils.startGameModeService:93 com.thundercomm.gamemode.ingame.services.GameModeActionUtils.startGameModeEntry:21 com.thundercomm.gamemode.ingame.services.ActivityMonitoringService$1.onActivityLaunch:127
11-19 04:57:31.536 1499 1499 I GameModeConfig: Current uri is uri = content://com.thundercomm.gamemode.api/gamemode_settings/gamemode_isgaming
11-19 04:57:31.537 9979 9979 I wm_on_create_called: [135997975,com.android.permissioncontroller.permission.ui.GrantPermissionsActivity,performCreate]
11-19 04:57:31.538 9979 9979 I wm_on_start_called: [135997975,com.android.permissioncontroller.permission.ui.GrantPermissionsActivity,handleStartActivity]
11-19 04:57:31.538 1499 1499 I GameModeConfig: isGameModeOn = false
11-19 04:57:31.538 9979 9979 I wm_on_resume_called: [135997975,com.android.permissioncontroller.permission.ui.GrantPermissionsActivity,RESUME_ACTIVITY]
11-19 04:57:31.538 1499 1499 I GameModeConfig: isGameModeOn = false
11-19 04:57:31.538 1499 1499 I GameModeConfig: isDisableVoice = true
11-19 04:57:31.540 9979 9979 I wm_on_top_resumed_gained_called: [135997975,com.android.permissioncontroller.permission.ui.GrantPermissionsActivity,topStateChangedWhenResumed]
11-19 04:57:31.543 1499 8917 I wm_finish_activity: [0,135997975,60,com.android.permissioncontroller/.permission.ui.GrantPermissionsActivity,app-request]
11-19 04:57:31.543 1499 8917 I wm_pause_activity: [0,135997975,com.android.permissioncontroller/.permission.ui.GrantPermissionsActivity,userLeaving=false,finish]
11-19 04:57:31.547 1499 8917 W WindowManager: updateScale0.7996942
11-19 04:57:31.547 1499 8917 W WindowManager: updateScale0.7996942
11-19 04:57:31.550 9979 9979 I wm_on_top_resumed_lost_called: [135997975,com.android.permissioncontroller.permission.ui.GrantPermissionsActivity,topStateChangedWhenResumed]
11-19 04:57:31.551 9979 9979 I wm_on_paused_called: [135997975,com.android.permissioncontroller.permission.ui.GrantPermissionsActivity,performPause]
11-19 04:57:31.553 1499 6279 I wm_add_to_stopping: [0,135997975,com.android.permissioncontroller/.permission.ui.GrantPermissionsActivity,completeFinishing]
11-19 04:57:31.554 1499 6279 I ActivityTaskManager: FOREGROUND_APPLICATION_CHANGED to com.android.deskclock.DeskClock
11-19 04:57:31.555 1499 6279 I wm_set_resumed_activity: [0,com.android.deskclock/.DeskClock,resumeTopActivityInnerLocked]
11-19 04:57:31.557 1499 6279 I wm_resume_activity: [0,178263128,60,com.android.deskclock/.DeskClock]
11-19 04:57:31.561 1499 8917 W WindowManager: updateScale0.7996942
11-19 04:57:31.564 1499 1638 I input_focus: [Focus request ee02fed com.android.deskclock/com.android.deskclock.DeskClock,reason=UpdateInputWindows]
11-19 04:57:31.569 1499 1637 I sysui_multi_action: [757,803,799,window_time_2,802,0]
11-19 04:57:31.584 1499 1831 I input_focus: [Focus leaving 632f7bf com.android.launcher3/com.android.launcher3.uioverrides.QuickstepLauncher (server),reason=Waiting for window because NOT_VISIBLE]
11-19 04:57:31.584 1499 1638 W WindowManager: updateScale0.7996942
11-19 04:57:31.586 1499 1638 W WindowManager: updateScale0.7996942
11-19 04:57:31.587 1499 1638 W WindowManager: updateScale0.7996942
11-19 04:57:31.590 9544 9544 I wm_on_activity_result_called: [178263128,com.android.deskclock.DeskClock,ACTIVITY_RESULT]
11-19 04:57:31.590 9544 9544 I wm_on_resume_called: [178263128,com.android.deskclock.DeskClock,RESUME_ACTIVITY]
11-19 04:57:31.591 9544 9544 I wm_on_top_resumed_gained_called: [178263128,com.android.deskclock.DeskClock,topWhenResuming]
11-19 04:57:31.598 1499 1831 I input_focus: [Focus entering ee02fed com.android.deskclock/com.android.deskclock.DeskClock (server),reason=Window became focusable. Previous reason: NOT_VISIBLE]
11-19 04:57:31.641 1499 1759 I commit_sys_config_file: [settings-1-0,15]
11-19 04:57:31.665 7802 7838 W ContextImpl: Calling a method in the system process without a qualified user: android.app.ContextImpl.startService:1816 android.content.ContextWrapper.startService:774 com.thundercomm.gamemode.ingame.services.GameModeActionUtils.startGameModeService:93 com.thundercomm.gamemode.ingame.services.GameModeActionUtils.startGameModeEntry:21 com.thundercomm.gamemode.ingame.services.ActivityMonitoringService$1.onActivityLaunch:127
11-19 04:57:31.669 1499 1499 I GameModeConfig: Current uri is uri = content://com.thundercomm.gamemode.api/gamemode_settings/gamemode_isgaming
11-19 04:57:31.674 1499 1499 I GameModeConfig: isGameModeOn = false
11-19 04:57:31.675 1499 1499 I GameModeConfig: isGameModeOn = false
11-19 04:57:31.675 1499 1499 I GameModeConfig: isDisableVoice = true
11-19 04:57:31.867 1499 1638 W WindowManager: updateScale0.7996942
11-19 04:57:31.870 1499 1637 I wm_destroy_activity: [0,135997975,60,com.android.permissioncontroller/.permission.ui.GrantPermissionsActivity,finish-imm:idle]
11-19 04:57:31.873 9979 9979 I wm_on_stop_called: [135997975,com.android.permissioncontroller.permission.ui.GrantPermissionsActivity,LIFECYCLER_STOP_ACTIVITY]
11-19 04:57:31.874 9979 9979 I wm_on_destroy_called: [135997975,com.android.permissioncontroller.permission.ui.GrantPermissionsActivity,performDestroy]
11-19 04:57:31.877 1499 8917 W WindowManager: updateScale0.7996942
11-19 04:57:31.888 7802 7838 W ContextImpl: Calling a method in the system process without a qualified user: android.app.ContextImpl.startService:1816 android.content.ContextWrapper.startService:774 com.thundercomm.gamemode.ingame.services.GameModeActionUtils.startGameModeService:93 com.thundercomm.gamemode.ingame.services.GameModeActionUtils.startGameModeEntry:21 com.thundercomm.gamemode.ingame.services.ActivityMonitoringService$1.onActivityLaunch:127
11-19 04:57:31.894 1499 1499 I GameModeConfig: Current uri is uri = content://com.thundercomm.gamemode.api/gamemode_settings/gamemode_isgaming
11-19 04:57:31.896 1499 1499 I GameModeConfig: isGameModeOn = false
11-19 04:57:31.896 1499 1499 I GameModeConfig: isGameModeOn = false
11-19 04:57:31.896 1499 1499 I GameModeConfig: isDisableVoice = true
11-19 04:57:32.131 0 0 I auditd : type=1400 audit(0.0:11488): avc: denied { kill } for comm="swapper/0" capability=5 scontext=u:r:kernel:s0 tcontext=u:r:kernel:s0 tclass=capability permissive=0
11-19 04:57:32.459 1499 1831 I input_interaction: Interaction with: ee02fed com.android.deskclock/com.android.deskclock.DeskClock (server), edge-swipe (server), swipe-up (server), PointerEventDispatcher0 (server),
11-19 04:57:32.471 1499 4942 W WindowManager: updateScale0.7996942
11-19 04:57:32.486 1499 1638 W WindowManager: updateScale0.7996942
11-19 04:57:32.618 1499 5048 I wm_relaunch_resume_activity: [0,178263128,60,com.android.deskclock/.DeskClock]
11-19 04:57:32.618 1499 5048 I wm_add_to_stopping: [0,19758722,com.android.launcher3/.uioverrides.QuickstepLauncher,makeInvisible]
11-19 04:57:32.622 1499 5048 D FreeFormWindowHelper: Remove freefrom task=Task{3e4753b #60 type=standard A=10063:com.android.deskclock U=0 visible=true mode=fullscreen translucent=false sz=1}
11-19 04:57:32.629 9544 9544 I wm_on_top_resumed_lost_called: [178263128,com.android.deskclock.DeskClock,pausing]
11-19 04:57:32.632 9544 9544 I wm_on_paused_called: [178263128,com.android.deskclock.DeskClock,performPause]
11-19 04:57:32.635 9544 9544 I wm_on_stop_called: [178263128,com.android.deskclock.DeskClock,handleRelaunchActivity]
11-19 04:57:32.640 1499 5048 W WindowManager: Attempted to set replacing window on app token with no content Token{f718d6c ActivityRecord{aa01458 u0 com.android.deskclock/.DeskClock t60}}
11-19 04:57:32.647 9544 9544 I wm_on_destroy_called: [178263128,com.android.deskclock.DeskClock,performDestroy]
11-19 04:57:32.650 7802 7838 W ContextImpl: Calling a method in the system process without a qualified user: android.app.ContextImpl.startService:1816 android.content.ContextWrapper.startService:774 com.thundercomm.gamemode.ingame.services.GameModeActionUtils.startGameModeService:93 com.thundercomm.gamemode.ingame.services.GameModeActionUtils.startGameModeEntry:21 com.thundercomm.gamemode.ingame.services.ActivityMonitoringService$1.onActivityLaunch:127
11-19 04:57:32.656 1499 1499 I GameModeConfig: Current uri is uri = content://com.thundercomm.gamemode.api/gamemode_settings/gamemode_isgaming
11-19 04:57:32.657 1499 1499 I GameModeConfig: isGameModeOn = false
11-19 04:57:32.658 1499 1499 I GameModeConfig: isGameModeOn = false
11-19 04:57:32.658 1499 1499 I GameModeConfig: isDisableVoice = true
11-19 04:57:32.663 1499 1644 I am_pss : [12815,1000,com.android.settings,25355264,23511040,0,109092864,0,19,6]
11-19 04:57:32.669 1499 1644 I am_pss : [12796,10090,com.android.music,7023616,4718592,0,90816512,0,19,5]
11-19 04:57:32.682 1499 4942 I ActivityTaskManager: START u0 {act=android.content.pm.action.REQUEST_PERMISSIONS pkg=com.android.permissioncontroller cmp=com.android.permissioncontroller/.permission.ui.GrantPermissionsActivity (has extras)} from uid 10063
11-19 04:57:32.683 1499 4942 I wm_task_moved: [60,1,7]
11-19 04:57:32.683 1499 4942 I wm_set_resumed_activity: [0,com.android.deskclock/.DeskClock,positionChildAt]
11-19 04:57:32.683 1499 4942 I wm_create_activity: [0,53433595,60,com.android.permissioncontroller/.permission.ui.GrantPermissionsActivity,android.content.pm.action.REQUEST_PERMISSIONS,NULL,NULL,8388608]
11-19 04:57:32.684 1499 4942 I wm_pause_activity: [0,19758722,com.android.launcher3/.uioverrides.QuickstepLauncher,userLeaving=true,pauseBackTasks]
11-19 04:57:32.685 1499 4942 I wm_pause_activity: [0,178263128,com.android.deskclock/.DeskClock,userLeaving=true,resumeTopActivityInnerLocked]
11-19 04:57:32.685 2802 2802 I wm_on_paused_called: [19758722,com.android.launcher3.uioverrides.QuickstepLauncher,performPause]
11-19 04:57:32.690 1499 5048 I ActivityTaskManager: The Process com.android.permissioncontroller Already Exists in BG. So sending its PID: 9979
11-19 04:57:32.695 1499 1637 I sysui_multi_action: [757,803,799,window_time_2,802,2]
11-19 04:57:32.704 7802 7838 W ContextImpl: Calling a method in the system process without a qualified user: android.app.ContextImpl.startService:1816 android.content.ContextWrapper.startService:774 com.thundercomm.gamemode.ingame.services.GameModeActionUtils.startGameModeService:93 com.thundercomm.gamemode.ingame.services.GameModeActionUtils.startGameModeEntry:21 com.thundercomm.gamemode.ingame.services.ActivityMonitoringService$1.onActivityLaunch:127
11-19 04:57:32.705 9544 9544 I wm_on_create_called: [178263128,com.android.deskclock.DeskClock,performCreate]
11-19 04:57:32.708 1499 1499 I GameModeConfig: Current uri is uri = content://com.thundercomm.gamemode.api/gamemode_settings/gamemode_isgaming
11-19 04:57:32.710 1499 1499 I GameModeConfig: isGameModeOn = false
11-19 04:57:32.710 1499 1499 I GameModeConfig: isGameModeOn = false
11-19 04:57:32.710 1499 1499 I GameModeConfig: isDisableVoice = true
11-19 04:57:32.741 9544 9544 I wm_on_start_called: [178263128,com.android.deskclock.DeskClock,handleStartActivity]
11-19 04:57:32.742 9544 9544 I wm_on_resume_called: [178263128,com.android.deskclock.DeskClock,RESUME_ACTIVITY]
11-19 04:57:32.744 9544 9544 I wm_on_top_resumed_gained_called: [178263128,com.android.deskclock.DeskClock,topWhenResuming]
11-19 04:57:32.779 9544 9544 I wm_on_top_resumed_lost_called: [178263128,com.android.deskclock.DeskClock,topStateChangedWhenResumed]
11-19 04:57:32.780 1499 5048 I WindowManager: finishDrawing of relaunch: Window{ee02fed u0 com.android.deskclock/com.android.deskclock.DeskClock} 162ms
11-19 04:57:32.780 9544 9544 I wm_on_paused_called: [178263128,com.android.deskclock.DeskClock,performPause]
11-19 04:57:32.782 1499 5048 I ActivityTaskManager: FOREGROUND_APPLICATION_CHANGED to com.android.permissioncontroller.permission.ui.GrantPermissionsActivity
11-19 04:57:32.782 1499 5048 I ActivityTaskManager: The Process com.android.permissioncontroller Already Exists in BG. So sending its PID: 9979
11-19 04:57:32.783 1499 5048 W ActivityTaskManager: Tried to set launchTime (0) < mLastActivityLaunchTime (13130872)
11-19 04:57:32.785 1499 5048 I wm_restart_activity: [0,53433595,60,com.android.permissioncontroller/.permission.ui.GrantPermissionsActivity]
11-19 04:57:32.786 1499 5048 I wm_set_resumed_activity: [0,com.android.permissioncontroller/.permission.ui.GrantPermissionsActivity,minimalResumeActivityLocked]
11-19 04:57:32.791 1499 1637 I sysui_multi_action: [757,803,799,window_time_0,802,0]
11-19 04:57:32.805 7802 7838 W ContextImpl: Calling a method in the system process without a qualified user: android.app.ContextImpl.startService:1816 android.content.ContextWrapper.startService:774 com.thundercomm.gamemode.ingame.services.GameModeActionUtils.startGameModeService:93 com.thundercomm.gamemode.ingame.services.GameModeActionUtils.startGameModeEntry:21 com.thundercomm.gamemode.ingame.services.ActivityMonitoringService$1.onActivityLaunch:127
11-19 04:57:32.809 1499 1499 I GameModeConfig: Current uri is uri = content://com.thundercomm.gamemode.api/gamemode_settings/gamemode_isgaming
11-19 04:57:32.812 1499 1499 I GameModeConfig: isGameModeOn = false
11-19 04:57:32.813 1499 1499 I GameModeConfig: isGameModeOn = false
11-19 04:57:32.813 1499 1499 I GameModeConfig: isDisableVoice = true
11-19 04:57:32.817 9979 9979 I wm_on_create_called: [53433595,com.android.permissioncontroller.permission.ui.GrantPermissionsActivity,performCreate]
11-19 04:57:32.818 9979 9979 I wm_on_start_called: [53433595,com.android.permissioncontroller.permission.ui.GrantPermissionsActivity,handleStartActivity]
11-19 04:57:32.818 9979 9979 I wm_on_resume_called: [53433595,com.android.permissioncontroller.permission.ui.GrantPermissionsActivity,RESUME_ACTIVITY]
11-19 04:57:32.821 9979 9979 I wm_on_top_resumed_gained_called: [53433595,com.android.permissioncontroller.permission.ui.GrantPermissionsActivity,topStateChangedWhenResumed]
11-19 04:57:32.826 1499 4942 I wm_finish_activity: [0,53433595,60,com.android.permissioncontroller/.permission.ui.GrantPermissionsActivity,app-request]
11-19 04:57:32.833 1499 4942 I wm_pause_activity: [0,53433595,com.android.permissioncontroller/.permission.ui.GrantPermissionsActivity,userLeaving=false,finish]
11-19 04:57:32.836 1499 1637 I sysui_multi_action: [757,1144,758,8,806,com.android.permissioncontroller,871,com.android.permissioncontroller.permission.ui.GrantPermissionsActivity]
11-19 04:57:32.843 9979 9979 I wm_on_top_resumed_lost_called: [53433595,com.android.permissioncontroller.permission.ui.GrantPermissionsActivity,topStateChangedWhenResumed]
11-19 04:57:32.843 9979 9979 I wm_on_paused_called: [53433595,com.android.permissioncontroller.permission.ui.GrantPermissionsActivity,performPause]
11-19 04:57:32.845 1499 8831 I ActivityTaskManager: FOREGROUND_APPLICATION_CHANGED to com.android.deskclock.DeskClock
11-19 04:57:32.845 1499 8831 I wm_set_resumed_activity: [0,com.android.deskclock/.DeskClock,resumeTopActivityInnerLocked]
11-19 04:57:32.846 1499 8831 I wm_resume_activity: [0,178263128,60,com.android.deskclock/.DeskClock]
11-19 04:57:32.851 9544 9544 I wm_on_activity_result_called: [178263128,com.android.deskclock.DeskClock,ACTIVITY_RESULT]
11-19 04:57:32.851 9544 9544 I wm_on_resume_called: [178263128,com.android.deskclock.DeskClock,RESUME_ACTIVITY]
11-19 04:57:32.853 9544 9544 I wm_on_top_resumed_gained_called: [178263128,com.android.deskclock.DeskClock,topWhenResuming]
11-19 04:57:32.863 1499 1637 I sysui_multi_action: [757,803,799,window_time_0,802,0]
11-19 04:57:32.863 1499 1638 I input_focus: [Focus request ee02fed com.android.deskclock/com.android.deskclock.DeskClock,reason=UpdateInputWindows]
11-19 04:57:32.962 7802 7838 W ContextImpl: Calling a method in the system process without a qualified user: android.app.ContextImpl.startService:1816 android.content.ContextWrapper.startService:774 com.thundercomm.gamemode.ingame.services.GameModeActionUtils.startGameModeService:93 com.thundercomm.gamemode.ingame.services.GameModeActionUtils.startGameModeEntry:21 com.thundercomm.gamemode.ingame.services.ActivityMonitoringService$1.onActivityLaunch:127
11-19 04:57:32.970 1499 1499 I GameModeConfig: Current uri is uri = content://com.thundercomm.gamemode.api/gamemode_settings/gamemode_isgaming
11-19 04:57:32.973 1499 1499 I GameModeConfig: isGameModeOn = false
11-19 04:57:32.973 1499 1499 I GameModeConfig: isGameModeOn = false
11-19 04:57:32.973 1499 1499 I GameModeConfig: isDisableVoice = true
11-19 04:57:33.069 1499 4942 I wm_destroy_activity: [0,53433595,60,com.android.permissioncontroller/.permission.ui.GrantPermissionsActivity,finish-idle]
11-19 04:57:33.070 9979 9979 I wm_on_stop_called: [53433595,com.android.permissioncontroller.permission.ui.GrantPermissionsActivity,LIFECYCLER_STOP_ACTIVITY]
11-19 04:57:33.071 9979 9979 I wm_on_destroy_called: [53433595,com.android.permissioncontroller.permission.ui.GrantPermissionsActivity,performDestroy]
11-19 04:57:33.091 7802 7838 W ContextImpl: Calling a method in the system process without a qualified user: android.app.ContextImpl.startService:1816 android.content.ContextWrapper.startService:774 com.thundercomm.gamemode.ingame.services.GameModeActionUtils.startGameModeService:93 com.thundercomm.gamemode.ingame.services.GameModeActionUtils.startGameModeEntry:21 com.thundercomm.gamemode.ingame.services.ActivityMonitoringService$1.onActivityLaunch:127
11-19 04:57:33.096 1499 1499 I GameModeConfig: Current uri is uri = content://com.thundercomm.gamemode.api/gamemode_settings/gamemode_isgaming
11-19 04:57:33.098 1499 1499 I GameModeConfig: isGameModeOn = false
11-19 04:57:33.099 1499 1499 I GameModeConfig: isGameModeOn = false
11-19 04:57:33.099 1499 1499 I GameModeConfig: isDisableVoice = true
11-19 04:57:33.131 0 0 I auditd : type=1400 audit(0.0:11489): avc: denied { kill } for comm="swapper/0" capability=5 scontext=u:r:kernel:s0 tcontext=u:r:kernel:s0 tclass=capability permissive=0
11-19 04:57:33.206 1499 1637 I wm_stop_activity: [0,19758722,com.android.launcher3/.uioverrides.QuickstepLauncher]
11-19 04:57:33.236 2802 2802 I wm_on_stop_called: [19758722,com.android.launcher3.uioverrides.QuickstepLauncher,STOP_ACTIVITY_ITEM]
11-19 04:57:33.262 7802 7838 W ContextImpl: Calling a method in the system process without a qualified user: android.app.ContextImpl.startService:1816 android.content.ContextWrapper.startService:774 com.thundercomm.gamemode.ingame.services.GameModeActionUtils.startGameModeService:93 com.thundercomm.gamemode.ingame.services.GameModeActionUtils.startGameModeEntry:21 com.thundercomm.gamemode.ingame.services.ActivityMonitoringService$1.onActivityLaunch:127
11-19 04:57:33.266 1499 1499 I GameModeConfig: Current uri is uri = content://com.thundercomm.gamemode.api/gamemode_settings/gamemode_isgaming
11-19 04:57:33.268 1499 1499 I GameModeConfig: isGameModeOn = false
11-19 04:57:33.268 1499 1499 I GameModeConfig: isGameModeOn = false
11-19 04:57:33.268 1499 1499 I GameModeConfig: isDisableVoice = true
11-19 04:57:33.849 1499 4942 I wm_task_moved: [1,0,0]
11-19 04:57:33.850 1499 4942 I wm_task_moved: [1,0,6]
11-19 04:57:33.871 2802 2802 I wm_on_restart_called: [19758722,com.android.launcher3.uioverrides.QuickstepLauncher,performRestartActivity]
11-19 04:57:33.882 7802 7838 W ContextImpl: Calling a method in the system process without a qualified user: android.app.ContextImpl.startService:1816 android.content.ContextWrapper.startService:774 com.thundercomm.gamemode.ingame.services.GameModeActionUtils.startGameModeService:93 com.thundercomm.gamemode.ingame.services.GameModeActionUtils.startGameModeEntry:21 com.thundercomm.gamemode.ingame.services.ActivityMonitoringService$1.onActivityLaunch:127
11-19 04:57:33.888 1499 1499 I GameModeConfig: Current uri is uri = content://com.thundercomm.gamemode.api/gamemode_settings/gamemode_isgaming
11-19 04:57:33.891 1499 1499 I GameModeConfig: isGameModeOn = false
11-19 04:57:33.891 1499 1499 I GameModeConfig: isGameModeOn = false
11-19 04:57:33.892 1499 1499 I GameModeConfig: isDisableVoice = true
11-19 04:57:33.893 2802 2802 I wm_on_start_called: [19758722,com.android.launcher3.uioverrides.QuickstepLauncher,handleStartActivity]
11-19 04:57:33.906 2802 2802 I sysui_latency: [1,88]
11-19 04:57:33.910 9544 9544 I view_enqueue_input_event: [Motion - Cancel,com.android.deskclock/com.android.deskclock.DeskClock]
11-19 04:57:33.912 1499 1638 I input_focus: [Focus request recents_animation_input_consumer,reason=UpdateInputWindows]
11-19 04:57:33.912 1499 1831 I input_interaction: Interaction with: edge-swipe (server), swipe-up (server), PointerEventDispatcher0 (server),
11-19 04:57:33.917 1499 1634 I sysui_multi_action: [319,15,322,62,325,13133,757,761,758,9,759,5,806,com.android.launcher3,871,com.android.launcher3.uioverrides.QuickstepLauncher,905,0,1320,8,1321,5]
11-19 04:57:33.936 1499 1831 I input_focus: [Focus leaving ee02fed com.android.deskclock/com.android.deskclock.DeskClock (server),reason=NOT_FOCUSABLE]
11-19 04:57:33.936 1499 1831 I input_focus: [Focus entering recents_animation_input_consumer (server),reason=setFocusedWindow]
11-19 04:57:34.096 1499 1759 I commit_sys_config_file: [settings-1-0,5]
11-19 04:57:34.212 1499 1644 I sysui_latency: [8,92]
11-19 04:57:34.467 1499 3791 E TaskPersister: File error accessing recents directory (directory doesn't exist?).
11-19 04:57:34.748 1499 1759 I commit_sys_config_file: [settings-1-0,5]
11-19 04:57:35.110 1499 1831 I input_interaction: Interaction with: 632f7bf com.android.launcher3/com.android.launcher3.uioverrides.QuickstepLauncher (server), edge-swipe (server), swipe-up (server), PointerEventDispatcher0 (server),
11-19 04:57:35.131 0 0 I auditd : type=1400 audit(0.0:11490): avc: denied { kill } for comm="swapper/3" capability=5 scontext=u:r:kernel:s0 tcontext=u:r:kernel:s0 tclass=capability permissive=0
11-19 04:57:35.516 1499 4942 I wm_task_moved: [1,1,7]
11-19 04:57:35.520 1499 4942 I wm_focused_root_task: [0,0,1,60,RecentsAnimation.onAnimationFinished()]
11-19 04:57:35.520 9544 9544 I wm_on_top_resumed_lost_called: [178263128,com.android.deskclock.DeskClock,topStateChangedWhenResumed]
11-19 04:57:35.522 1499 4942 I wm_pause_activity: [0,178263128,com.android.deskclock/.DeskClock,userLeaving=false,pauseBackTasks]
11-19 04:57:35.524 1499 4942 I ActivityTaskManager: FOREGROUND_APPLICATION_CHANGED to com.android.launcher3.uioverrides.QuickstepLauncher
11-19 04:57:35.525 1499 4942 I wm_set_resumed_activity: [0,com.android.launcher3/.uioverrides.QuickstepLauncher,resumeTopActivityInnerLocked]
11-19 04:57:35.526 1499 4942 I wm_resume_activity: [0,19758722,10,com.android.launcher3/.uioverrides.QuickstepLauncher]
11-19 04:57:35.527 1499 4942 I wm_add_to_stopping: [0,178263128,com.android.deskclock/.DeskClock,makeInvisible]
11-19 04:57:35.528 2802 2802 I wm_on_resume_called: [19758722,com.android.launcher3.uioverrides.QuickstepLauncher,RESUME_ACTIVITY]
11-19 04:57:35.537 1499 1638 I input_focus: [Focus request 632f7bf com.android.launcher3/com.android.launcher3.uioverrides.QuickstepLauncher,reason=UpdateInputWindows]
11-19 04:57:35.539 9544 9544 I wm_on_paused_called: [178263128,com.android.deskclock.DeskClock,performPause]
11-19 04:57:35.541 1499 1831 I input_focus: [Focus leaving recents_animation_input_consumer (server),reason=NOT_VISIBLE]
11-19 04:57:35.545 1499 1637 I sysui_multi_action: [757,803,799,window_time_0,802,2]
11-19 04:57:35.547 1499 1637 I wm_stop_activity: [0,178263128,com.android.deskclock/.DeskClock]
11-19 04:57:35.547 1499 1637 I sysui_multi_action: [757,803,799,window_time_0,802,0]
11-19 04:57:35.551 2802 2802 I wm_on_top_resumed_gained_called: [19758722,com.android.launcher3.uioverrides.QuickstepLauncher,topStateChangedWhenResumed]
11-19 04:57:35.556 1499 1831 I input_focus: [Focus entering 632f7bf com.android.launcher3/com.android.launcher3.uioverrides.QuickstepLauncher (server),reason=setFocusedWindow]
11-19 04:57:35.572 9544 9544 I wm_on_stop_called: [178263128,com.android.deskclock.DeskClock,STOP_ACTIVITY_ITEM]
11-19 04:57:35.591 7802 7838 W ContextImpl: Calling a method in the system process without a qualified user: android.app.ContextImpl.startService:1816 android.content.ContextWrapper.startService:774 com.thundercomm.gamemode.ingame.services.GameModeActionUtils.startGameModeService:93 com.thundercomm.gamemode.ingame.services.GameModeActionUtils.startGameModeEntry:21 com.thundercomm.gamemode.ingame.services.ActivityMonitoringService$1.onActivityLaunch:127
11-19 04:57:35.595 1499 1499 I GameModeConfig: Current uri is uri = content://com.thundercomm.gamemode.api/gamemode_settings/gamemode_isgaming
11-19 04:57:35.597 1499 1499 I GameModeConfig: isGameModeOn = false
11-19 04:57:35.597 1499 1499 I GameModeConfig: isGameModeOn = false
11-19 04:57:35.597 1499 1499 I GameModeConfig: isDisableVoice = true
11-19 04:57:35.652 1499 6279 I wm_finish_activity: [0,178263128,60,com.android.deskclock/.DeskClock,recent-task-trimmed]
11-19 04:57:35.654 1499 6279 I wm_destroy_activity: [0,178263128,60,com.android.deskclock/.DeskClock,finish-imm:finishIfPossible]
11-19 04:57:35.667 1499 1637 I sysui_multi_action: [757,803,799,window_time_0,802,1]
11-19 04:57:35.674 7802 7838 W ContextImpl: Calling a method in the system process without a qualified user: android.app.ContextImpl.startService:1816 android.content.ContextWrapper.startService:774 com.thundercomm.gamemode.ingame.services.GameModeActionUtils.startGameModeService:93 com.thundercomm.gamemode.ingame.services.GameModeActionUtils.startGameModeEntry:21 com.thundercomm.gamemode.ingame.services.ActivityMonitoringService$1.onActivityLaunch:127
11-19 04:57:35.674 9544 9544 I wm_on_destroy_called: [178263128,com.android.deskclock.DeskClock,performDestroy]
11-19 04:57:35.681 1499 1499 I GameModeConfig: Current uri is uri = content://com.thundercomm.gamemode.api/gamemode_settings/gamemode_isgaming
11-19 04:57:35.686 1499 1499 I GameModeConfig: isGameModeOn = false
11-19 04:57:35.686 1499 1499 I GameModeConfig: isGameModeOn = false
11-19 04:57:35.686 1499 1499 I GameModeConfig: isDisableVoice = true
11-19 04:57:35.690 1499 3791 E TaskPersister: File error accessing recents directory (directory doesn't exist?).
11-19 04:57:35.695 1499 1644 W UsageStatsService: Unexpected activity event reported! (com.android.deskclock/com.android.deskclock.DeskClock event : 23 instanceId : 259100012)
11-19 04:57:35.695 1499 5048 I wm_task_removed: [60,removeChild:removeChild last r=ActivityRecord{aa01458 u0 com.android.deskclock/.DeskClock t-1 f}} in t=Task{3e4753b #60 type=standard A=10063:com.android.deskclock U=0 visible=false mode=fullscreen translucent=true sz=0}]
11-19 04:57:35.695 1499 5048 I wm_task_removed: [60,removeChild]
11-19 04:57:35.698 1499 1638 W ActivityTaskManager: Can't find TaskDisplayArea to determine support for multi window. Task id=60 attached=false
11-19 04:57:35.698 1499 1638 W ActivityTaskManager: Can't find TaskDisplayArea to determine support for multi window. Task id=60 attached=false
11-19 04:57:35.699 1499 3791 E TaskPersister: File error accessing recents directory (directory doesn't exist?).
11-19 04:57:35.764 7802 7838 W ContextImpl: Calling a method in the system process without a qualified user: android.app.ContextImpl.startService:1816 android.content.ContextWrapper.startService:774 com.thundercomm.gamemode.ingame.services.GameModeActionUtils.startGameModeService:93 com.thundercomm.gamemode.ingame.services.GameModeActionUtils.startGameModeEntry:21 com.thundercomm.gamemode.ingame.services.ActivityMonitoringService$1.onActivityLaunch:127
11-19 04:57:35.768 1499 1499 I GameModeConfig: Current uri is uri = content://com.thundercomm.gamemode.api/gamemode_settings/gamemode_isgaming
11-19 04:57:35.770 1499 1499 I GameModeConfig: isGameModeOn = false
11-19 04:57:35.770 1499 1499 I GameModeConfig: isGameModeOn = false
11-19 04:57:35.770 1499 1499 I GameModeConfig: isDisableVoice = true
11-19 04:57:36.131 0 0 I auditd : type=1400 audit(0.0:11491): avc: denied { kill } for comm="swapper/3" capability=5 scontext=u:r:kernel:s0 tcontext=u:r:kernel:s0 tclass=capability permissive=0
11-19 04:57:36.445 1499 1831 I input_interaction: Interaction with: 632f7bf com.android.launcher3/com.android.launcher3.uioverrides.QuickstepLauncher (server), a1d9774 com.android.systemui.ImageWallpaper (server), edge-swipe (server), swipe-up (server), PointerEventDispatcher0 (server),
11-19 04:57:37.131 0 0 I auditd : type=1400 audit(0.0:11492): avc: denied { kill } for comm="swapper/3" capability=5 scontext=u:r:kernel:s0 tcontext=u:r:kernel:s0 tclass=capability permissive=0
11-19 04:57:37.668 1499 5048 I ActivityTaskManager: START u0 {flg=0x10008000 cmp=com.android.music/.MusicBrowserActivity} from uid 10078
11-19 04:57:37.679 1499 5048 I wm_task_created: [61,-1]
11-19 04:57:37.679 1499 5048 W ActivityTaskManager: Can't find TaskDisplayArea to determine support for multi window. Task id=61 attached=false
11-19 04:57:37.682 1499 5048 D FreeFormWindowHelper: Add freeform task=Task{339d77f #61 type=standard ?? U=0 visible=false mode=freeform translucent=true sz=0}
11-19 04:57:37.685 1499 5048 D CompatibilityChangeReporter: Compat change id reported: 174042980; UID 10090; state: DISABLED
11-19 04:57:37.686 1499 5048 D CompatibilityChangeReporter: Compat change id reported: 184838306; UID 10090; state: DISABLED
