11-19 04:49:10.128 1499 1729 I notification_visibility: [0|com.tc.logclient|0|null|1000,1,3571,3571,0,1]
11-19 04:49:10.129 1499 1729 I sysui_multi_action: [757,128,758,1,793,12551319,794,0,795,12551319,796,26,798,0,806,android,857,DEVELOPER_IMPORTANT,858,4,947,0,1395,3,1500,12551115,1688,1]
11-19 04:49:10.129 1499 1729 I sysui_multi_action: [757,804,799,note_freshness,801,12551319,802,1]
11-19 04:49:10.129 1499 1729 I notification_visibility: [-1|android|26|null|1000,1,12551319,12551319,0,0]
11-19 04:49:10.129 1499 1729 I sysui_multi_action: [757,128,758,1,793,12605892,794,0,795,12605892,796,32,798,2,806,android,857,USB,858,1,947,0,1395,3,1500,12605215,1688,1]
11-19 04:49:10.129 1499 1729 I sysui_multi_action: [757,804,799,note_freshness,801,12605892,802,1]
11-19 04:49:10.130 1499 1729 I notification_visibility: [-1|android|32|null|1000,1,12605892,12605892,0,2]
11-19 04:49:10.131 0 0 I auditd : type=1400 audit(0.0:8496): avc: denied { kill } for comm="swapper/2" capability=5 scontext=u:r:kernel:s0 tcontext=u:r:kernel:s0 tclass=capability permissive=0
11-19 04:49:10.283 1499 1645 I am_uid_idle: 10076
11-19 04:49:10.320 1499 1645 I am_uid_idle: 10094
11-19 04:49:10.575 1499 1645 I am_uid_idle: 10035
11-19 04:49:12.108 1499 1831 I input_interaction: Interaction with: 574f5d NotificationShade (server), edge-swipe (server), swipe-up (server), PointerEventDispatcher0 (server),
11-19 04:49:12.231 2342 2342 I sysui_multi_action: [757,925,758,4,759,126,927,0,928,0,1592,0,1593,1]
11-19 04:49:12.278 1499 1729 D TelephonyRegistry: listen oscl: mHasNotifySubscriptionInfoChangedOccurred==false no callback
11-19 04:49:12.279 2342 2342 I service_manager_stats: [200,169,12631639]
11-19 04:49:12.279 2342 2342 W CarrierConfigManager: Error getting config for subId -1 ICarrierConfigLoader is null
11-19 04:49:12.297 1499 1638 I input_focus: [Focus request 560f0fe InternetDialog,reason=UpdateInputWindows]
11-19 04:49:12.318 1499 1831 I input_focus: [Focus leaving 574f5d NotificationShade (server),reason=setFocusedWindow]
11-19 04:49:12.318 1499 1831 I input_focus: [Focus entering 560f0fe InternetDialog (server),reason=setFocusedWindow]
11-19 04:49:12.823 501 513 I auditd : type=1401 audit(0.0:8497): op=security_compute_sid invalid_context=u:r:np_thundercomm_tlog_pstore:s0 scontext=u:r:init:s0 tcontext=u:object_r:np_thundercomm_tlog_pstore_exec:s0 tclass=process
11-19 04:49:13.131 0 0 I auditd : type=1400 audit(0.0:8498): avc: denied { kill } for comm="swapper/2" capability=5 scontext=u:r:kernel:s0 tcontext=u:r:kernel:s0 tclass=capability permissive=0
11-19 04:49:13.245 1499 1831 I input_interaction: Interaction with: 560f0fe InternetDialog (server), edge-swipe (server), swipe-up (server), PointerEventDispatcher0 (server),
11-19 04:49:13.330 838 838 D android.hardware.wifi@1.0-service: Initialize legacy HAL
11-19 04:49:13.331 838 838 I android.hardware.wifi@1.0-service: Wifi HAL started
11-19 04:49:13.342 838 838 D android.hardware.wifi@1.0-service: Waiting for the driver ready
11-19 04:49:13.343 838 838 D android.hardware.wifi@1.0-service: Starting legacy HAL
11-19 04:49:13.528 1499 1759 I commit_sys_config_file: [settings-0-0,7]
11-19 04:49:14.131 288 288 I auditd : type=1400 audit(0.0:8499): avc: denied { kill } for comm="kgsl_worker_thr" capability=5 scontext=u:r:kernel:s0 tcontext=u:r:kernel:s0 tclass=capability permissive=0
11-19 04:49:14.245 1201 1201 I wificond: Regulatory domain changed to country: CN on wiphy_index: 0
11-19 04:49:14.246 1201 1201 I wificond: 2.4Ghz frequencies: 2412 2417 2422 2427 2432 2437 2442 2447 2452 2457 2462 2467 2472
11-19 04:49:14.247 1201 1201 I wificond: 5Ghz non-DFS frequencies: 5180 5200 5220 5240 5745 5765 5785 5805 5825
11-19 04:49:14.247 1201 1201 I wificond: 5Ghz DFS frequencies: 5260 5280 5300 5320
11-19 04:49:14.247 1201 1201 I wificond: 6Ghz frequencies:
11-19 04:49:14.247 1201 1201 I wificond: 60Ghz frequencies:
11-19 04:49:14.249 838 838 I android.hardware.wifi@1.0-service: Adding interface handle for wlan0
11-19 04:49:14.249 838 838 I android.hardware.wifi@1.0-service: Adding interface handle for wifi-aware0
11-19 04:49:14.249 838 838 I android.hardware.wifi@1.0-service: Adding interface handle for p2p0
11-19 04:49:14.249 838 838 D android.hardware.wifi@1.0-service: Legacy HAL start complete
11-19 04:49:14.249 838 838 W android.hardware.wifi@1.0-service: No active wlan interfaces in use! Using default
11-19 04:49:14.250 838 10577 D android.hardware.wifi@1.0-service: Starting legacy HAL event loop
11-19 04:49:14.251 838 838 W android.hardware.wifi@1.0-service: No active wlan interfaces in use! Using default
11-19 04:49:14.262 838 838 I android.hardware.wifi@1.0-service: Configured chip in mode 3
11-19 04:49:14.262 838 838 W android.hardware.wifi@1.0-service: No active wlan interfaces in use! Using default
11-19 04:49:14.266 838 838 W android.hardware.wifi@1.0-service: No active wlan interfaces in use! Using default
11-19 04:49:14.270 1201 1201 I wificond: createClientInterface: wiphy_index 0 iface_name wlan0
11-19 04:49:14.271 1201 1201 I wificond: create scanner for interface with index: 17
11-19 04:49:14.271 1201 1201 I wificond: subscribe scan result for interface with index: 17
11-19 04:49:14.273 1201 1201 I wificond: add channel type 0 support at wiphy index: 0
11-19 04:49:14.273 1201 1201 I wificond: add channel type 1 support at wiphy index: 0
11-19 04:49:14.590 838 838 D android.hardware.wifi@1.0-service: Successfully SetMacAddress.
11-19 04:49:14.853 1499 1499 W Looper : Slow dispatch took 331ms main h=android.app.ActivityThread$H c=android.app.LoadedApk$ReceiverDispatcher$Args$$ExternalSyntheticLambda0@447e5ca m=0
11-19 04:49:14.853 1499 1499 W Looper : Slow delivery took 332ms main h=android.app.ActivityThread$H c=android.app.LoadedApk$ReceiverDispatcher$Args$$ExternalSyntheticLambda0@edc933b m=0
11-19 04:49:14.864 1499 1499 W Looper : Drained
11-19 04:49:14.879 1499 1654 V BatteryExternalStatsWorker: WiFi energy data was reset, new WiFi energy data is WifiActivityEnergyInfo{ mTimeSinceBootMillis=12634238 mStackState=3 mControllerTxDurationMillis=0 mControllerRxDurationMillis=1 mControllerScanDurationMillis=0 mControllerIdleDurationMillis=71 mControllerEnergyUsedMicroJoules=825 }
11-19 04:49:15.035 10594 10594 I auditd : type=1400 audit(0.0:8500): avc: denied { read } for comm="ls" name="/" dev="dm-5" ino=2 scontext=u:r:system_app:s0 tcontext=u:object_r:rootfs:s0 tclass=dir permissive=0
11-19 04:49:15.047 10598 10598 I auditd : type=1400 audit(0.0:8501): avc: denied { read } for comm="ls" name="/" dev="dm-5" ino=2 scontext=u:r:system_app:s0 tcontext=u:object_r:rootfs:s0 tclass=dir permissive=0
11-19 04:49:15.131 0 0 I auditd : type=1400 audit(0.0:8502): avc: denied { kill } for comm="swapper/2" capability=5 scontext=u:r:kernel:s0 tcontext=u:r:kernel:s0 tclass=capability permissive=0
11-19 04:49:16.131 0 0 I auditd : type=1400 audit(0.0:8503): avc: denied { kill } for comm="swapper/2" capability=5 scontext=u:r:kernel:s0 tcontext=u:r:kernel:s0 tclass=capability permissive=0
11-19 04:49:16.156 838 838 D android.hardware.wifi@1.0-service: Successfully SetMacAddress.
11-19 04:49:16.166 1201 1201 W wificond: Scan is not started. Ignore abort request
11-19 04:49:16.709 1201 1201 I wificond: Regulatory domain changed to country: CN on wiphy_index: 0
11-19 04:49:16.713 1201 1201 I wificond: 2.4Ghz frequencies: 2412 2417 2422 2427 2432 2437 2442 2447 2452 2457 2462 2467 2472
11-19 04:49:16.713 1201 1201 I wificond: 5Ghz non-DFS frequencies: 5180 5200 5220 5240 5745 5765 5785 5805 5825
11-19 04:49:16.713 1201 1201 I wificond: 5Ghz DFS frequencies: 5260 5280 5300 5320
11-19 04:49:16.713 1201 1201 I wificond: 6Ghz frequencies:
11-19 04:49:16.713 1201 1201 I wificond: 60Ghz frequencies:
11-19 04:49:16.796 1499 2284 I GameModeConfig: isGameModeOn = false
11-19 04:49:16.906 1499 2279 I netstats_mobile_sample: [0,0,0,0,0,0,0,0,0,0,0,0,1668804556906]
11-19 04:49:16.907 1499 2279 I netstats_wifi_sample: [1686054,2125,480713,1950,1686054,2125,480713,1950,1732745,3030,357105,1596,1668804556906]
11-19 04:49:17.131 0 0 I auditd : type=1400 audit(0.0:8504): avc: denied { kill } for comm="swapper/3" capability=5 scontext=u:r:kernel:s0 tcontext=u:r:kernel:s0 tclass=capability permissive=0
11-19 04:49:17.721 1499 2279 I netstats_mobile_sample: [0,0,0,0,0,0,0,0,0,0,0,0,1668804557721]
11-19 04:49:17.721 1499 2279 I netstats_wifi_sample: [1686054,2125,480713,1950,1686054,2125,480713,1950,1732745,3030,357105,1596,1668804557721]
11-19 04:49:17.742 1499 2279 I netstats_mobile_sample: [0,0,0,0,0,0,0,0,0,0,0,0,1668804557742]
11-19 04:49:17.742 1499 2279 I netstats_wifi_sample: [1686054,2125,480713,1950,1686054,2125,480713,1950,1732745,3030,357105,1596,1668804557742]
11-19 04:49:17.747 1499 1499 I auditd : type=1400 audit(0.0:8505): avc: denied { sys_module } for comm="Binder:1499_13" capability=16 scontext=u:r:system_server:s0 tcontext=u:r:system_server:s0 tclass=capability permissive=0
11-19 04:49:17.747 1499 1499 I auditd : type=1400 audit(0.0:8506): avc: denied { sys_module } for comm="Binder:1499_13" capability=16 scontext=u:r:system_server:s0 tcontext=u:r:system_server:s0 tclass=capability permissive=0
11-19 04:49:17.771 1499 1499 I auditd : type=1400 audit(0.0:8507): avc: denied { sys_module } for comm="Binder:1499_14" capability=16 scontext=u:r:system_server:s0 tcontext=u:r:system_server:s0 tclass=capability permissive=0
11-19 04:49:17.771 1499 1499 I auditd : type=1400 audit(0.0:8508): avc: denied { sys_module } for comm="Binder:1499_14" capability=16 scontext=u:r:system_server:s0 tcontext=u:r:system_server:s0 tclass=capability permissive=0
11-19 04:49:17.789 1499 2279 I netstats_mobile_sample: [0,0,0,0,0,0,0,0,0,0,0,0,1668804557789]
11-19 04:49:17.789 1499 2279 I netstats_wifi_sample: [1686054,2125,480713,1950,1686054,2125,480713,1950,1732745,3030,357105,1596,1668804557789]
11-19 04:49:17.794 668 729 E NetlinkEvent: NetlinkEvent::FindParam(): Parameter 'INTERFACE' not found
11-19 04:49:17.794 668 729 E NetlinkEvent: NetlinkEvent::FindParam(): Parameter 'STATE' not found
11-19 04:49:17.794 668 729 E NetlinkEvent: NetlinkEvent::FindParam(): Parameter 'TIME_NS' not found
11-19 04:49:17.794 668 729 E NetlinkEvent: NetlinkEvent::FindParam(): Parameter 'UID' not found
11-19 04:49:17.805 1499 2279 I netstats_mobile_sample: [0,0,0,0,0,0,0,0,0,0,0,0,1668804557805]
11-19 04:49:17.806 1499 2279 I netstats_wifi_sample: [1686054,2125,480713,1950,1686054,2125,480713,1950,1732745,3030,357105,1596,1668804557805]
11-19 04:49:17.807 1499 2269 I service_manager_stats: [100,88,73407]
11-19 04:49:17.813 1499 2279 W ContextImpl: Calling a method in the system process without a qualified user: android.app.ContextImpl.sendStickyBroadcast:1559 com.android.server.ConnectivityService.sendStickyBroadcast:2811 com.android.server.ConnectivityService.sendGeneralBroadcast:2786 com.android.server.ConnectivityService.sendConnectedBroadcast:2759 com.android.server.ConnectivityService.sendLegacyNetworkBroadcast:8704
11-19 04:49:17.826 1499 2279 I netstats_mobile_sample: [0,0,0,0,0,0,0,0,0,0,0,0,1668804557826]
11-19 04:49:17.826 1499 2279 I netstats_wifi_sample: [1686054,2125,480713,1950,1686054,2125,480713,1950,1732745,3030,357105,1596,1668804557826]
11-19 04:49:17.832 1499 2279 W ContextImpl: Calling a method in the system process without a qualified user: android.app.ContextImpl.sendStickyBroadcast:1559 com.android.server.ConnectivityService.sendStickyBroadcast:2811 com.android.server.ConnectivityService.sendGeneralBroadcast:2786 com.android.server.ConnectivityService.sendInetConditionBroadcast:2763 com.android.server.ConnectivityService.updateInetCondition:8451
11-19 04:49:17.831 1499 1499 I auditd : type=1400 audit(0.0:8509): avc: denied { sys_module } for comm="Binder:1499_13" capability=16 scontext=u:r:system_server:s0 tcontext=u:r:system_server:s0 tclass=capability permissive=0
11-19 04:49:17.831 1499 1499 I auditd : type=1400 audit(0.0:8510): avc: denied { sys_module } for comm="Binder:1499_13" capability=16 scontext=u:r:system_server:s0 tcontext=u:r:system_server:s0 tclass=capability permissive=0
11-19 04:49:18.131 0 0 I auditd : type=1400 audit(0.0:8511): avc: denied { kill } for comm="swapper/3" capability=5 scontext=u:r:kernel:s0 tcontext=u:r:kernel:s0 tclass=capability permissive=0
11-19 04:49:18.898 1499 2284 I GameModeConfig: isGameModeOn = false
11-19 04:49:18.920 1499 2284 I GameModeConfig: isGameModeOn = false
11-19 04:49:18.938 1499 2284 I GameModeConfig: isGameModeOn = false
11-19 04:49:18.954 1499 2284 I GameModeConfig: isGameModeOn = false
11-19 04:49:18.971 1499 2284 I GameModeConfig: isGameModeOn = false
11-19 04:49:18.988 1499 2284 I GameModeConfig: isGameModeOn = false
11-19 04:49:19.004 1499 2284 I GameModeConfig: isGameModeOn = false
11-19 04:49:19.021 1499 2284 I GameModeConfig: isGameModeOn = false
11-19 04:49:19.038 1499 2284 I GameModeConfig: isGameModeOn = false
11-19 04:49:19.054 1499 2284 I GameModeConfig: isGameModeOn = false
11-19 04:49:19.071 1499 2284 I GameModeConfig: isGameModeOn = false
11-19 04:49:19.087 1499 2284 I GameModeConfig: isGameModeOn = false
11-19 04:49:19.092 1499 2284 I GameModeConfig: isGameModeOn = false
11-19 04:49:19.105 1499 2284 I GameModeConfig: isGameModeOn = false
11-19 04:49:19.105 1499 2284 I GameModeConfig: isGameModeOn = false
11-19 04:49:19.124 1499 2284 I GameModeConfig: isGameModeOn = false
11-19 04:49:19.137 1499 2284 I GameModeConfig: isGameModeOn = false
11-19 04:49:19.138 1499 2284 I GameModeConfig: isGameModeOn = false
11-19 04:49:19.131 0 0 I auditd : type=1400 audit(0.0:8512): avc: denied { kill } for comm="swapper/3" capability=5 scontext=u:r:kernel:s0 tcontext=u:r:kernel:s0 tclass=capability permissive=0
11-19 04:49:19.143 1499 2284 I GameModeConfig: isGameModeOn = false
11-19 04:49:19.155 1499 2284 I GameModeConfig: isGameModeOn = false
11-19 04:49:19.155 1499 2284 I GameModeConfig: isGameModeOn = false
11-19 04:49:19.157 1499 2284 I GameModeConfig: isGameModeOn = false
11-19 04:49:19.174 1499 2284 I GameModeConfig: isGameModeOn = false
11-19 04:49:19.187 1499 2284 I GameModeConfig: isGameModeOn = false
11-19 04:49:19.187 1499 2284 I GameModeConfig: isGameModeOn = false
11-19 04:49:19.191 1499 2284 I GameModeConfig: isGameModeOn = false
11-19 04:49:19.205 1499 2284 I GameModeConfig: isGameModeOn = false
11-19 04:49:19.206 1499 2284 I GameModeConfig: isGameModeOn = false
11-19 04:49:19.206 1499 2284 I GameModeConfig: isGameModeOn = false
11-19 04:49:19.224 1499 2284 I GameModeConfig: isGameModeOn = false
11-19 04:49:19.244 1499 2284 I GameModeConfig: isGameModeOn = false
11-19 04:49:19.256 1499 2284 I GameModeConfig: isGameModeOn = false
11-19 04:49:19.256 1499 2284 I GameModeConfig: isGameModeOn = false
11-19 04:49:19.257 1499 2284 I GameModeConfig: isGameModeOn = false
11-19 04:49:19.272 1499 2284 I GameModeConfig: isGameModeOn = false
11-19 04:49:19.272 1499 2284 I GameModeConfig: isGameModeOn = false
11-19 04:49:19.275 1499 2284 I GameModeConfig: isGameModeOn = false
11-19 04:49:19.290 1499 2284 I GameModeConfig: isGameModeOn = false
11-19 04:49:19.297 1499 2284 I GameModeConfig: isGameModeOn = false
11-19 04:49:19.298 1499 2284 I GameModeConfig: isGameModeOn = false
11-19 04:49:19.308 1499 2284 I GameModeConfig: isGameModeOn = false
11-19 04:49:19.338 1499 2284 I GameModeConfig: isGameModeOn = false
11-19 04:49:19.338 1499 2284 I GameModeConfig: isGameModeOn = false
11-19 04:49:19.342 1499 2284 I GameModeConfig: isGameModeOn = false
11-19 04:49:19.358 1499 2284 I GameModeConfig: isGameModeOn = false
11-19 04:49:19.372 1499 2284 I GameModeConfig: isGameModeOn = false
11-19 04:49:19.373 1499 2284 I GameModeConfig: isGameModeOn = false
11-19 04:49:19.387 1499 2284 I GameModeConfig: isGameModeOn = false
11-19 04:49:19.388 1499 2284 I GameModeConfig: isGameModeOn = false
11-19 04:49:19.398 1499 2284 I GameModeConfig: isGameModeOn = false
11-19 04:49:19.405 1499 2284 I GameModeConfig: isGameModeOn = false
11-19 04:49:19.405 1499 2284 I GameModeConfig: isGameModeOn = false
11-19 04:49:19.408 1499 2284 I GameModeConfig: isGameModeOn = false
11-19 04:49:19.422 1499 2284 I GameModeConfig: isGameModeOn = false
11-19 04:49:19.422 1499 2284 I GameModeConfig: isGameModeOn = false
11-19 04:49:19.444 1499 2284 I GameModeConfig: isGameModeOn = false
11-19 04:49:19.445 1499 2284 I GameModeConfig: isGameModeOn = false
11-19 04:49:19.458 1499 2284 I GameModeConfig: isGameModeOn = false
11-19 04:49:19.459 1499 2284 I GameModeConfig: isGameModeOn = false
11-19 04:49:19.459 1499 2284 I GameModeConfig: isGameModeOn = false
11-19 04:49:19.472 1499 2284 I GameModeConfig: isGameModeOn = false
11-19 04:49:19.473 1499 2284 I GameModeConfig: isGameModeOn = false
11-19 04:49:19.473 1499 2284 I GameModeConfig: isGameModeOn = false
11-19 04:49:19.488 1499 2284 I GameModeConfig: isGameModeOn = false
11-19 04:49:19.488 1499 2284 I GameModeConfig: isGameModeOn = false
11-19 04:49:19.499 1499 2284 I GameModeConfig: isGameModeOn = false
11-19 04:49:19.547 1499 2284 I GameModeConfig: isGameModeOn = false
11-19 04:49:19.571 1499 2284 I GameModeConfig: isGameModeOn = false
11-19 04:49:19.591 1499 2284 I GameModeConfig: isGameModeOn = false
11-19 04:49:19.609 1499 2284 I GameModeConfig: isGameModeOn = false
11-19 04:49:19.625 1499 2284 I GameModeConfig: isGameModeOn = false
11-19 04:49:19.647 1499 2284 I GameModeConfig: isGameModeOn = false
11-19 04:49:19.664 1499 2284 I GameModeConfig: isGameModeOn = false
11-19 04:49:19.674 1499 2284 I GameModeConfig: isGameModeOn = false
11-19 04:49:19.692 1499 2284 I GameModeConfig: isGameModeOn = false
11-19 04:49:21.131 288 288 I auditd : type=1400 audit(0.0:8513): avc: denied { kill } for comm="kgsl_worker_thr" capability=5 scontext=u:r:kernel:s0 tcontext=u:r:kernel:s0 tclass=capability permissive=0
11-19 04:49:21.703 1499 1638 I input_focus: [Focus request 574f5d NotificationShade,reason=UpdateInputWindows]
11-19 04:49:21.723 1499 1831 I input_focus: [Focus entering 574f5d NotificationShade (server),reason=setFocusedWindow]
11-19 04:49:22.131 0 0 I auditd : type=1400 audit(0.0:8514): avc: denied { kill } for comm="swapper/3" capability=5 scontext=u:r:kernel:s0 tcontext=u:r:kernel:s0 tclass=capability permissive=0
11-19 04:49:22.316 1499 1831 I input_interaction: Interaction with: 574f5d NotificationShade (server), edge-swipe (server), swipe-up (server), PointerEventDispatcher0 (server),
11-19 04:49:22.346 1499 5048 I wm_task_moved: [1,0,0]
11-19 04:49:22.347 1499 5048 I wm_task_moved: [1,0,7]
11-19 04:49:22.365 2342 2342 I view_enqueue_input_event: [Motion - Cancel,NotificationShade]
11-19 04:49:22.365 1499 1831 I input_interaction: Interaction with: edge-swipe (server), swipe-up (server), PointerEventDispatcher0 (server),
11-19 04:49:22.372 2802 2802 I wm_on_restart_called: [19758722,com.android.launcher3.uioverrides.QuickstepLauncher,performRestartActivity]
11-19 04:49:22.374 7802 7838 W ContextImpl: Calling a method in the system process without a qualified user: android.app.ContextImpl.startService:1816 android.content.ContextWrapper.startService:774 com.thundercomm.gamemode.ingame.services.GameModeActionUtils.startGameModeService:93 com.thundercomm.gamemode.ingame.services.GameModeActionUtils.startGameModeEntry:21 com.thundercomm.gamemode.ingame.services.ActivityMonitoringService$1.onActivityLaunch:127
11-19 04:49:22.379 1499 1499 I GameModeConfig: Current uri is uri = content://com.thundercomm.gamemode.api/gamemode_settings/gamemode_isgaming
11-19 04:49:22.384 1499 1499 I GameModeConfig: isGameModeOn = false
11-19 04:49:22.385 1499 1499 I GameModeConfig: isGameModeOn = false
11-19 04:49:22.385 1499 1499 I GameModeConfig: isDisableVoice = true
11-19 04:49:22.388 2802 2802 I wm_on_start_called: [19758722,com.android.launcher3.uioverrides.QuickstepLauncher,handleStartActivity]
11-19 04:49:22.401 2802 2802 I sysui_latency: [1,86]
11-19 04:49:22.407 1499 1831 I input_focus: [Focus leaving 574f5d NotificationShade (server),reason=NOT_FOCUSABLE]
11-19 04:49:22.418 1499 1634 I sysui_multi_action: [319,13,322,65,325,12641,757,761,758,9,759,5,806,com.android.launcher3,871,com.android.launcher3.uioverrides.QuickstepLauncher,905,0,1320,8,1321,5]
11-19 04:49:22.591 1499 1759 I commit_sys_config_file: [settings-1-0,4]
11-19 04:49:22.647 1499 2284 I GameModeConfig: isGameModeOn = false
11-19 04:49:22.648 1499 2284 I GameModeConfig: isGameModeOn = false
11-19 04:49:22.648 1499 2284 I GameModeConfig: isGameModeOn = false
11-19 04:49:22.648 1499 2284 I GameModeConfig: isGameModeOn = false
11-19 04:49:22.648 1499 2284 I GameModeConfig: isGameModeOn = false
11-19 04:49:22.650 1499 1499 I notification_enqueue: [10081,2342,com.android.systemui,2048,NULL,0,Notification(channel=updateNotification shortcut=null contentView=null vibrate=null sound=null defaults=0x0 flags=0x0 color=0x00000000 vis=PRIVATE),1]
11-19 04:49:22.651 2342 2342 I sysui_multi_action: [757,111,758,2]
11-19 04:49:22.652 2342 2342 I sysui_multi_action: [757,111,758,2]
11-19 04:49:22.657 2342 2342 I sysui_multi_action: [757,111,758,1]
11-19 04:49:22.657 2342 2342 I sysui_multi_action: [757,126,758,1,759,126,927,0,928,1,1593,0]
11-19 04:49:22.657 2342 2342 I sysui_multi_action: [757,113,758,1,759,113,927,1,928,1,1593,0]
11-19 04:49:22.658 2342 2342 I sysui_multi_action: [757,0,758,1,759,0,927,2,928,0,1593,0]
11-19 04:49:22.658 2342 2342 I sysui_multi_action: [757,0,758,1,759,0,927,3,928,0,1593,0]
11-19 04:49:22.658 2342 2342 I sysui_multi_action: [757,491,758,1,759,491,927,4,928,0,1311,-1,1593,0]
11-19 04:49:22.658 2342 2342 I sysui_multi_action: [757,0,758,1,759,0,927,5,928,0,1593,0]
11-19 04:49:22.658 2342 2342 I sysui_multi_action: [757,111,758,1]
11-19 04:49:22.658 2342 2342 I sysui_multi_action: [757,126,758,1,759,126,927,0,928,1,1593,1]
11-19 04:49:22.659 2342 2342 I sysui_multi_action: [757,113,758,1,759,113,927,1,928,1,1593,1]
11-19 04:49:22.659 2342 2342 I sysui_multi_action: [757,0,758,1,759,0,927,2,928,0,1593,1]
11-19 04:49:22.659 2342 2342 I sysui_multi_action: [757,0,758,1,759,0,927,3,928,0,1593,1]
11-19 04:49:22.671 1499 2284 I GameModeConfig: isGameModeOn = false
11-19 04:49:22.671 1499 2284 I GameModeConfig: isGameModeOn = false
11-19 04:49:22.671 1499 2284 I GameModeConfig: isGameModeOn = false
11-19 04:49:22.672 1499 2284 I GameModeConfig: isGameModeOn = false
11-19 04:49:22.672 1499 2284 I GameModeConfig: isGameModeOn = false
11-19 04:49:22.673 2342 2342 I sysui_multi_action: [757,111,758,2]
11-19 04:49:22.673 1499 1499 I notification_enqueue: [10081,2342,com.android.systemui,2048,NULL,0,Notification(channel=updateNotification shortcut=null contentView=null vibrate=null sound=null defaults=0x0 flags=0x0 color=0x00000000 vis=PRIVATE),1]
11-19 04:49:22.673 2342 2342 I sysui_multi_action: [757,111,758,2]
11-19 04:49:22.678 2342 2342 I sysui_multi_action: [757,111,758,1]
11-19 04:49:22.678 2342 2342 I sysui_multi_action: [757,126,758,1,759,126,927,0,928,1,1593,0]
11-19 04:49:22.679 2342 2342 I sysui_multi_action: [757,113,758,1,759,113,927,1,928,1,1593,0]
11-19 04:49:22.679 2342 2342 I sysui_multi_action: [757,0,758,1,759,0,927,2,928,0,1593,0]
11-19 04:49:22.679 2342 2342 I sysui_multi_action: [757,0,758,1,759,0,927,3,928,0,1593,0]
11-19 04:49:22.679 2342 2342 I sysui_multi_action: [757,491,758,1,759,491,927,4,928,0,1311,-1,1593,0]
11-19 04:49:22.679 2342 2342 I sysui_multi_action: [757,0,758,1,759,0,927,5,928,0,1593,0]
11-19 04:49:22.679 2342 2342 I sysui_multi_action: [757,111,758,1]
11-19 04:49:22.680 2342 2342 I sysui_multi_action: [757,126,758,1,759,126,927,0,928,1,1593,0]
11-19 04:49:22.680 2342 2342 I sysui_multi_action: [757,113,758,1,759,113,927,1,928,1,1593,0]
11-19 04:49:22.680 2342 2342 I sysui_multi_action: [757,0,758,1,759,0,927,2,928,0,1593,0]
11-19 04:49:22.680 2342 2342 I sysui_multi_action: [757,0,758,1,759,0,927,3,928,0,1593,0]
11-19 04:49:22.693 1499 2284 I GameModeConfig: isGameModeOn = false
11-19 04:49:22.694 1499 2284 I GameModeConfig: isGameModeOn = false
11-19 04:49:22.695 1499 2284 I GameModeConfig: isGameModeOn = false
11-19 04:49:22.695 1499 2284 I GameModeConfig: isGameModeOn = false
11-19 04:49:22.695 1499 2284 I GameModeConfig: isGameModeOn = false
11-19 04:49:22.696 2342 2342 I sysui_multi_action: [757,111,758,2]
11-19 04:49:22.696 1499 1499 I notification_enqueue: [10081,2342,com.android.systemui,2048,NULL,0,Notification(channel=updateNotification shortcut=null contentView=null vibrate=null sound=null defaults=0x0 flags=0x0 color=0x00000000 vis=PRIVATE),1]
11-19 04:49:22.696 2342 2342 I sysui_multi_action: [757,111,758,2]
11-19 04:49:22.701 2342 2342 I sysui_multi_action: [757,111,758,1]
11-19 04:49:22.701 2342 2342 I sysui_multi_action: [757,126,758,1,759,126,927,0,928,1,1593,1]
11-19 04:49:22.701 2342 2342 I sysui_multi_action: [757,113,758,1,759,113,927,1,928,1,1593,1]
11-19 04:49:22.702 2342 2342 I sysui_multi_action: [757,0,758,1,759,0,927,2,928,0,1593,1]
11-19 04:49:22.702 2342 2342 I sysui_multi_action: [757,0,758,1,759,0,927,3,928,0,1593,1]
11-19 04:49:22.702 2342 2342 I sysui_multi_action: [757,491,758,1,759,491,927,4,928,0,1311,-1,1593,0]
11-19 04:49:22.702 2342 2342 I sysui_multi_action: [757,0,758,1,759,0,927,5,928,0,1593,0]
11-19 04:49:22.702 2342 2342 I sysui_multi_action: [757,111,758,1]
11-19 04:49:22.703 2342 2342 I sysui_multi_action: [757,126,758,1,759,126,927,0,928,1,1593,1]
11-19 04:49:22.703 2342 2342 I sysui_multi_action: [757,113,758,1,759,113,927,1,928,1,1593,1]
11-19 04:49:22.703 2342 2342 I sysui_multi_action: [757,0,758,1,759,0,927,2,928,0,1593,1]
11-19 04:49:22.703 2342 2342 I sysui_multi_action: [757,0,758,1,759,0,927,3,928,0,1593,1]
11-19 04:49:22.712 1499 1644 I sysui_latency: [8,81]
11-19 04:49:22.715 1499 2284 I GameModeConfig: isGameModeOn = false
11-19 04:49:22.715 1499 2284 I GameModeConfig: isGameModeOn = false
11-19 04:49:22.715 1499 2284 I GameModeConfig: isGameModeOn = false
11-19 04:49:22.716 1499 2284 I GameModeConfig: isGameModeOn = false
11-19 04:49:22.716 1499 2284 I GameModeConfig: isGameModeOn = false
11-19 04:49:22.717 2342 2342 I sysui_multi_action: [757,111,758,2]
11-19 04:49:22.717 1499 1499 I notification_enqueue: [10081,2342,com.android.systemui,2048,NULL,0,Notification(channel=updateNotification shortcut=null contentView=null vibrate=null sound=null defaults=0x0 flags=0x0 color=0x00000000 vis=PRIVATE),1]
11-19 04:49:22.717 2342 2342 I sysui_multi_action: [757,111,758,2]
11-19 04:49:22.722 2342 2342 I sysui_multi_action: [757,111,758,1]
11-19 04:49:22.722 2342 2342 I sysui_multi_action: [757,126,758,1,759,126,927,0,928,1,1593,0]
11-19 04:49:22.722 2342 2342 I sysui_multi_action: [757,113,758,1,759,113,927,1,928,1,1593,0]
11-19 04:49:22.723 2342 2342 I sysui_multi_action: [757,0,758,1,759,0,927,2,928,0,1593,0]
11-19 04:49:22.723 2342 2342 I sysui_multi_action: [757,0,758,1,759,0,927,3,928,0,1593,0]
11-19 04:49:22.723 2342 2342 I sysui_multi_action: [757,491,758,1,759,491,927,4,928,0,1311,-1,1593,0]
11-19 04:49:22.723 2342 2342 I sysui_multi_action: [757,0,758,1,759,0,927,5,928,0,1593,0]
11-19 04:49:22.723 2342 2342 I sysui_multi_action: [757,111,758,1]
11-19 04:49:22.723 2342 2342 I sysui_multi_action: [757,126,758,1,759,126,927,0,928,1,1593,1]
11-19 04:49:22.724 2342 2342 I sysui_multi_action: [757,113,758,1,759,113,927,1,928,1,1593,1]
11-19 04:49:22.724 2342 2342 I sysui_multi_action: [757,0,758,1,759,0,927,2,928,0,1593,1]
11-19 04:49:22.724 2342 2342 I sysui_multi_action: [757,0,758,1,759,0,927,3,928,0,1593,1]
11-19 04:49:22.730 1499 2284 I GameModeConfig: isGameModeOn = false
11-19 04:49:22.731 1499 2284 I GameModeConfig: isGameModeOn = false
11-19 04:49:22.731 1499 2284 I GameModeConfig: isGameModeOn = false
11-19 04:49:22.732 1499 2284 I GameModeConfig: isGameModeOn = false
11-19 04:49:22.733 1499 2284 I GameModeConfig: isGameModeOn = false
11-19 04:49:22.733 2342 2342 I sysui_multi_action: [757,111,758,2]
11-19 04:49:22.733 1499 1499 I notification_enqueue: [10081,2342,com.android.systemui,2048,NULL,0,Notification(channel=updateNotification shortcut=null contentView=null vibrate=null sound=null defaults=0x0 flags=0x0 color=0x00000000 vis=PRIVATE),1]
11-19 04:49:22.734 2342 2342 I sysui_multi_action: [757,111,758,2]
11-19 04:49:22.738 2342 2342 I sysui_multi_action: [757,111,758,1]
11-19 04:49:22.738 2342 2342 I sysui_multi_action: [757,126,758,1,759,126,927,0,928,1,1593,1]
11-19 04:49:22.738 2342 2342 I sysui_multi_action: [757,113,758,1,759,113,927,1,928,1,1593,1]
11-19 04:49:22.738 2342 2342 I sysui_multi_action: [757,0,758,1,759,0,927,2,928,0,1593,1]
11-19 04:49:22.738 2342 2342 I sysui_multi_action: [757,0,758,1,759,0,927,3,928,0,1593,1]
11-19 04:49:22.738 2342 2342 I sysui_multi_action: [757,491,758,1,759,491,927,4,928,0,1311,-1,1593,0]
11-19 04:49:22.738 2342 2342 I sysui_multi_action: [757,0,758,1,759,0,927,5,928,0,1593,0]
11-19 04:49:22.739 2342 2342 I sysui_multi_action: [757,111,758,1]
11-19 04:49:22.739 2342 2342 I sysui_multi_action: [757,126,758,1,759,126,927,0,928,1,1593,1]
11-19 04:49:22.739 2342 2342 I sysui_multi_action: [757,113,758,1,759,113,927,1,928,1,1593,1]
11-19 04:49:22.739 2342 2342 I sysui_multi_action: [757,0,758,1,759,0,927,2,928,0,1593,1]
11-19 04:49:22.739 2342 2342 I sysui_multi_action: [757,0,758,1,759,0,927,3,928,0,1593,1]
11-19 04:49:22.747 1499 2284 I GameModeConfig: isGameModeOn = false
11-19 04:49:22.747 1499 2284 I GameModeConfig: isGameModeOn = false
11-19 04:49:22.748 1499 2284 I GameModeConfig: isGameModeOn = false
11-19 04:49:22.748 1499 2284 I GameModeConfig: isGameModeOn = false
11-19 04:49:22.748 1499 2284 I GameModeConfig: isGameModeOn = false
11-19 04:49:22.749 2342 2342 I sysui_multi_action: [757,111,758,2]
11-19 04:49:22.749 2342 2342 I sysui_multi_action: [757,111,758,2]
11-19 04:49:22.749 1499 1499 I notification_enqueue: [10081,2342,com.android.systemui,2048,NULL,0,Notification(channel=updateNotification shortcut=null contentView=null vibrate=null sound=null defaults=0x0 flags=0x0 color=0x00000000 vis=PRIVATE),1]
11-19 04:49:22.752 2342 2342 I sysui_multi_action: [757,111,758,1]
11-19 04:49:22.752 2342 2342 I sysui_multi_action: [757,126,758,1,759,126,927,0,928,1,1593,1]
11-19 04:49:22.752 2342 2342 I sysui_multi_action: [757,113,758,1,759,113,927,1,928,1,1593,1]
11-19 04:49:22.752 2342 2342 I sysui_multi_action: [757,0,758,1,759,0,927,2,928,0,1593,1]
11-19 04:49:22.752 2342 2342 I sysui_multi_action: [757,0,758,1,759,0,927,3,928,0,1593,1]
11-19 04:49:22.752 2342 2342 I sysui_multi_action: [757,491,758,1,759,491,927,4,928,0,1311,-1,1593,0]
11-19 04:49:22.752 2342 2342 I sysui_multi_action: [757,0,758,1,759,0,927,5,928,0,1593,0]
11-19 04:49:22.752 2342 2342 I sysui_multi_action: [757,111,758,1]
11-19 04:49:22.752 2342 2342 I sysui_multi_action: [757,126,758,1,759,126,927,0,928,1,1593,1]
11-19 04:49:22.752 2342 2342 I sysui_multi_action: [757,113,758,1,759,113,927,1,928,1,1593,1]
11-19 04:49:22.752 2342 2342 I sysui_multi_action: [757,0,758,1,759,0,927,2,928,0,1593,1]
11-19 04:49:22.752 2342 2342 I sysui_multi_action: [757,0,758,1,759,0,927,3,928,0,1593,1]
11-19 04:49:22.760 1499 2284 I GameModeConfig: isGameModeOn = false
11-19 04:49:22.760 1499 2284 I GameModeConfig: isGameModeOn = false
11-19 04:49:22.760 1499 2284 I GameModeConfig: isGameModeOn = false
11-19 04:49:22.760 1499 2284 I GameModeConfig: isGameModeOn = false
11-19 04:49:22.760 1499 2284 I GameModeConfig: isGameModeOn = false
11-19 04:49:22.761 2342 2342 I sysui_multi_action: [757,111,758,2]
11-19 04:49:22.761 1499 1499 I notification_enqueue: [10081,2342,com.android.systemui,2048,NULL,0,Notification(channel=updateNotification shortcut=null contentView=null vibrate=null sound=null defaults=0x0 flags=0x0 color=0x00000000 vis=PRIVATE),1]
11-19 04:49:22.761 2342 2342 I sysui_multi_action: [757,111,758,2]
11-19 04:49:22.764 2342 2342 I sysui_multi_action: [757,111,758,1]
11-19 04:49:22.764 2342 2342 I sysui_multi_action: [757,126,758,1,759,126,927,0,928,1,1593,1]
11-19 04:49:22.764 2342 2342 I sysui_multi_action: [757,113,758,1,759,113,927,1,928,1,1593,1]
11-19 04:49:22.764 2342 2342 I sysui_multi_action: [757,0,758,1,759,0,927,2,928,0,1593,1]
11-19 04:49:22.764 2342 2342 I sysui_multi_action: [757,0,758,1,759,0,927,3,928,0,1593,1]
11-19 04:49:22.764 2342 2342 I sysui_multi_action: [757,491,758,1,759,491,927,4,928,0,1311,-1,1593,0]
11-19 04:49:22.764 2342 2342 I sysui_multi_action: [757,0,758,1,759,0,927,5,928,0,1593,0]
11-19 04:49:22.764 2342 2342 I sysui_multi_action: [757,111,758,1]
11-19 04:49:22.764 2342 2342 I sysui_multi_action: [757,126,758,1,759,126,927,0,928,1,1593,1]
11-19 04:49:22.764 2342 2342 I sysui_multi_action: [757,113,758,1,759,113,927,1,928,1,1593,1]
11-19 04:49:22.764 2342 2342 I sysui_multi_action: [757,0,758,1,759,0,927,2,928,0,1593,1]
11-19 04:49:22.764 2342 2342 I sysui_multi_action: [757,0,758,1,759,0,927,3,928,0,1593,1]
11-19 04:49:22.774 1499 2284 I GameModeConfig: isGameModeOn = false
11-19 04:49:22.775 1499 2284 I GameModeConfig: isGameModeOn = false
11-19 04:49:22.775 1499 2284 I GameModeConfig: isGameModeOn = false
11-19 04:49:22.775 1499 2284 I GameModeConfig: isGameModeOn = false
11-19 04:49:22.775 1499 2284 I GameModeConfig: isGameModeOn = false
11-19 04:49:22.775 2342 2342 I sysui_multi_action: [757,111,758,2]
11-19 04:49:22.776 2342 2342 I sysui_multi_action: [757,111,758,2]
11-19 04:49:22.777 1499 1499 I notification_enqueue: [10081,2342,com.android.systemui,2048,NULL,0,Notification(channel=updateNotification shortcut=null contentView=null vibrate=null sound=null defaults=0x0 flags=0x0 color=0x00000000 vis=PRIVATE),1]
11-19 04:49:22.778 2342 2342 I sysui_multi_action: [757,111,758,1]
11-19 04:49:22.778 2342 2342 I sysui_multi_action: [757,126,758,1,759,126,927,0,928,1,1593,1]
11-19 04:49:22.778 2342 2342 I sysui_multi_action: [757,113,758,1,759,113,927,1,928,1,1593,1]
11-19 04:49:22.778 2342 2342 I sysui_multi_action: [757,0,758,1,759,0,927,2,928,0,1593,1]
11-19 04:49:22.779 2342 2342 I sysui_multi_action: [757,0,758,1,759,0,927,3,928,0,1593,1]
11-19 04:49:22.779 2342 2342 I sysui_multi_action: [757,491,758,1,759,491,927,4,928,0,1311,-1,1593,0]
11-19 04:49:22.779 2342 2342 I sysui_multi_action: [757,0,758,1,759,0,927,5,928,0,1593,0]
11-19 04:49:22.779 2342 2342 I sysui_multi_action: [757,111,758,1]
11-19 04:49:22.779 2342 2342 I sysui_multi_action: [757,126,758,1,759,126,927,0,928,1,1593,1]
11-19 04:49:22.779 2342 2342 I sysui_multi_action: [757,113,758,1,759,113,927,1,928,1,1593,1]
11-19 04:49:22.779 2342 2342 I sysui_multi_action: [757,0,758,1,759,0,927,2,928,0,1593,1]
11-19 04:49:22.779 2342 2342 I sysui_multi_action: [757,0,758,1,759,0,927,3,928,0,1593,1]
11-19 04:49:22.791 1499 2284 I GameModeConfig: isGameModeOn = false
11-19 04:49:22.791 1499 2284 I GameModeConfig: isGameModeOn = false
11-19 04:49:22.791 1499 2284 I GameModeConfig: isGameModeOn = false
11-19 04:49:22.791 1499 2284 I GameModeConfig: isGameModeOn = false
11-19 04:49:22.791 1499 2284 I GameModeConfig: isGameModeOn = false
11-19 04:49:22.792 2342 2342 I sysui_multi_action: [757,111,758,2]
11-19 04:49:22.792 2342 2342 I sysui_multi_action: [757,111,758,2]
11-19 04:49:22.794 1499 1499 I notification_enqueue: [10081,2342,com.android.systemui,2048,NULL,0,Notification(channel=updateNotification shortcut=null contentView=null vibrate=null sound=null defaults=0x0 flags=0x0 color=0x00000000 vis=PRIVATE),1]
11-19 04:49:22.795 2342 2342 I sysui_multi_action: [757,111,758,1]
11-19 04:49:22.795 2342 2342 I sysui_multi_action: [757,126,758,1,759,126,927,0,928,1,1593,1]
11-19 04:49:22.795 2342 2342 I sysui_multi_action: [757,113,758,1,759,113,927,1,928,1,1593,1]
11-19 04:49:22.795 2342 2342 I sysui_multi_action: [757,0,758,1,759,0,927,2,928,0,1593,1]
11-19 04:49:22.795 2342 2342 I sysui_multi_action: [757,0,758,1,759,0,927,3,928,0,1593,1]
11-19 04:49:22.796 2342 2342 I sysui_multi_action: [757,491,758,1,759,491,927,4,928,0,1311,-1,1593,0]
11-19 04:49:22.796 2342 2342 I sysui_multi_action: [757,0,758,1,759,0,927,5,928,0,1593,0]
11-19 04:49:22.796 2342 2342 I sysui_multi_action: [757,111,758,1]
11-19 04:49:22.796 2342 2342 I sysui_multi_action: [757,126,758,1,759,126,927,0,928,1,1593,1]
11-19 04:49:22.796 2342 2342 I sysui_multi_action: [757,113,758,1,759,113,927,1,928,1,1593,1]
11-19 04:49:22.796 2342 2342 I sysui_multi_action: [757,0,758,1,759,0,927,2,928,0,1593,1]
11-19 04:49:22.796 2342 2342 I sysui_multi_action: [757,0,758,1,759,0,927,3,928,0,1593,1]
11-19 04:49:22.806 1499 2284 I GameModeConfig: isGameModeOn = false
11-19 04:49:22.806 1499 2284 I GameModeConfig: isGameModeOn = false
11-19 04:49:22.806 1499 2284 I GameModeConfig: isGameModeOn = false
11-19 04:49:22.807 1499 2284 I GameModeConfig: isGameModeOn = false
11-19 04:49:22.807 1499 2284 I GameModeConfig: isGameModeOn = false
11-19 04:49:22.808 2342 2342 I sysui_multi_action: [757,111,758,2]
11-19 04:49:22.808 1499 1499 I notification_enqueue: [10081,2342,com.android.systemui,2048,NULL,0,Notification(channel=updateNotification shortcut=null contentView=null vibrate=null sound=null defaults=0x0 flags=0x0 color=0x00000000 vis=PRIVATE),1]
11-19 04:49:22.808 2342 2342 I sysui_multi_action: [757,111,758,2]
11-19 04:49:22.812 2342 2342 I sysui_multi_action: [757,111,758,1]
11-19 04:49:22.812 2342 2342 I sysui_multi_action: [757,126,758,1,759,126,927,0,928,1,1593,1]
11-19 04:49:22.812 2342 2342 I sysui_multi_action: [757,113,758,1,759,113,927,1,928,1,1593,1]
11-19 04:49:22.813 2342 2342 I sysui_multi_action: [757,0,758,1,759,0,927,2,928,0,1593,1]
11-19 04:49:22.813 2342 2342 I sysui_multi_action: [757,0,758,1,759,0,927,3,928,0,1593,1]
11-19 04:49:22.813 2342 2342 I sysui_multi_action: [757,491,758,1,759,491,927,4,928,0,1311,-1,1593,0]
11-19 04:49:22.813 2342 2342 I sysui_multi_action: [757,0,758,1,759,0,927,5,928,0,1593,0]
11-19 04:49:22.813 2342 2342 I sysui_multi_action: [757,111,758,1]
11-19 04:49:22.813 2342 2342 I sysui_multi_action: [757,126,758,1,759,126,927,0,928,1,1593,1]
11-19 04:49:22.813 2342 2342 I sysui_multi_action: [757,113,758,1,759,113,927,1,928,1,1593,1]
11-19 04:49:22.813 2342 2342 I sysui_multi_action: [757,0,758,1,759,0,927,2,928,0,1593,1]
11-19 04:49:22.813 2342 2342 I sysui_multi_action: [757,0,758,1,759,0,927,3,928,0,1593,1]
11-19 04:49:22.825 1499 2284 I GameModeConfig: isGameModeOn = false
11-19 04:49:22.826 1499 2284 I GameModeConfig: isGameModeOn = false
11-19 04:49:22.826 1499 2284 I GameModeConfig: isGameModeOn = false
11-19 04:49:22.827 1499 2284 I GameModeConfig: isGameModeOn = false
11-19 04:49:22.827 1499 2284 I GameModeConfig: isGameModeOn = false
11-19 04:49:22.828 2342 2342 I sysui_multi_action: [757,111,758,2]
11-19 04:49:22.828 2342 2342 I sysui_multi_action: [757,111,758,2]
11-19 04:49:22.829 1499 1499 I notification_enqueue: [10081,2342,com.android.systemui,2048,NULL,0,Notification(channel=updateNotification shortcut=null contentView=null vibrate=null sound=null defaults=0x0 flags=0x0 color=0x00000000 vis=PRIVATE),1]
11-19 04:49:22.831 2342 2342 I sysui_multi_action: [757,111,758,1]
11-19 04:49:22.831 2342 2342 I sysui_multi_action: [757,126,758,1,759,126,927,0,928,1,1593,1]
11-19 04:49:22.831 2342 2342 I sysui_multi_action: [757,113,758,1,759,113,927,1,928,1,1593,1]
11-19 04:49:22.831 2342 2342 I sysui_multi_action: [757,0,758,1,759,0,927,2,928,0,1593,1]
11-19 04:49:22.832 2342 2342 I sysui_multi_action: [757,0,758,1,759,0,927,3,928,0,1593,1]
11-19 04:49:22.832 2342 2342 I sysui_multi_action: [757,491,758,1,759,491,927,4,928,0,1311,-1,1593,0]
11-19 04:49:22.832 2342 2342 I sysui_multi_action: [757,0,758,1,759,0,927,5,928,0,1593,0]
11-19 04:49:22.832 2342 2342 I sysui_multi_action: [757,111,758,1]
11-19 04:49:22.832 2342 2342 I sysui_multi_action: [757,126,758,1,759,126,927,0,928,1,1593,1]
11-19 04:49:22.832 2342 2342 I sysui_multi_action: [757,113,758,1,759,113,927,1,928,1,1593,1]
11-19 04:49:22.832 2342 2342 I sysui_multi_action: [757,0,758,1,759,0,927,2,928,0,1593,1]
11-19 04:49:22.832 2342 2342 I sysui_multi_action: [757,0,758,1,759,0,927,3,928,0,1593,1]
11-19 04:49:22.839 1499 2284 I GameModeConfig: isGameModeOn = false
11-19 04:49:22.840 1499 2284 I GameModeConfig: isGameModeOn = false
11-19 04:49:22.840 1499 2284 I GameModeConfig: isGameModeOn = false
11-19 04:49:22.840 1499 2284 I GameModeConfig: isGameModeOn = false
11-19 04:49:22.841 1499 2284 I GameModeConfig: isGameModeOn = false
11-19 04:49:22.843 2342 2342 I sysui_multi_action: [757,111,758,2]
11-19 04:49:22.843 1499 1499 I notification_enqueue: [10081,2342,com.android.systemui,2048,NULL,0,Notification(channel=updateNotification shortcut=null contentView=null vibrate=null sound=null defaults=0x0 flags=0x0 color=0x00000000 vis=PRIVATE),1]
11-19 04:49:22.844 2342 2342 I sysui_multi_action: [757,111,758,2]
11-19 04:49:22.847 2342 2342 I sysui_multi_action: [757,111,758,1]
11-19 04:49:22.847 2342 2342 I sysui_multi_action: [757,126,758,1,759,126,927,0,928,1,1593,1]
11-19 04:49:22.847 2342 2342 I sysui_multi_action: [757,113,758,1,759,113,927,1,928,1,1593,1]
11-19 04:49:22.847 2342 2342 I sysui_multi_action: [757,0,758,1,759,0,927,2,928,0,1593,1]
11-19 04:49:22.847 2342 2342 I sysui_multi_action: [757,0,758,1,759,0,927,3,928,0,1593,1]
11-19 04:49:22.847 2342 2342 I sysui_multi_action: [757,491,758,1,759,491,927,4,928,0,1311,-1,1593,0]
11-19 04:49:22.847 2342 2342 I sysui_multi_action: [757,0,758,1,759,0,927,5,928,0,1593,0]
11-19 04:49:22.847 2342 2342 I sysui_multi_action: [757,111,758,1]
11-19 04:49:22.847 2342 2342 I sysui_multi_action: [757,126,758,1,759,126,927,0,928,1,1593,1]
11-19 04:49:22.847 2342 2342 I sysui_multi_action: [757,113,758,1,759,113,927,1,928,1,1593,1]
11-19 04:49:22.848 2342 2342 I sysui_multi_action: [757,0,758,1,759,0,927,2,928,0,1593,1]
11-19 04:49:22.848 2342 2342 I sysui_multi_action: [757,0,758,1,759,0,927,3,928,0,1593,1]
11-19 04:49:22.851 1499 1499 I GameModeConfig: isGameModeOn = false
11-19 04:49:22.852 1499 2488 I ntp_failure: [time.android.com/216.239.35.12,java.net.SocketTimeoutException: Poll timed out]
11-19 04:49:22.858 1499 2284 I GameModeConfig: isGameModeOn = false
11-19 04:49:22.858 1499 2284 I GameModeConfig: isGameModeOn = false
11-19 04:49:22.858 1499 2284 I GameModeConfig: isGameModeOn = false
11-19 04:49:22.858 1499 2284 I GameModeConfig: isGameModeOn = false
11-19 04:49:22.858 1499 2284 I GameModeConfig: isGameModeOn = false
11-19 04:49:22.858 2342 2342 I sysui_multi_action: [757,111,758,2]
11-19 04:49:22.859 2342 2342 I sysui_multi_action: [757,111,758,2]
11-19 04:49:22.859 1499 1499 I notification_enqueue: [10081,2342,com.android.systemui,2048,NULL,0,Notification(channel=updateNotification shortcut=null contentView=null vibrate=null sound=null defaults=0x0 flags=0x0 color=0x00000000 vis=PRIVATE),1]
11-19 04:49:22.862 2342 2342 I sysui_multi_action: [757,111,758,1]
11-19 04:49:22.862 2342 2342 I sysui_multi_action: [757,126,758,1,759,126,927,0,928,1,1593,0]
11-19 04:49:22.862 2342 2342 I sysui_multi_action: [757,113,758,1,759,113,927,1,928,1,1593,1]
11-19 04:49:22.862 2342 2342 I sysui_multi_action: [757,0,758,1,759,0,927,2,928,0,1593,1]
11-19 04:49:22.862 2342 2342 I sysui_multi_action: [757,0,758,1,759,0,927,3,928,0,1593,1]
11-19 04:49:22.862 2342 2342 I sysui_multi_action: [757,491,758,1,759,491,927,4,928,0,1311,-1,1593,0]
11-19 04:49:22.863 2342 2342 I sysui_multi_action: [757,0,758,1,759,0,927,5,928,0,1593,0]
11-19 04:49:22.863 2342 2342 I sysui_multi_action: [757,111,758,1]
11-19 04:49:22.863 2342 2342 I sysui_multi_action: [757,126,758,1,759,126,927,0,928,1,1593,1]
11-19 04:49:22.863 2342 2342 I sysui_multi_action: [757,113,758,1,759,113,927,1,928,1,1593,1]
11-19 04:49:22.863 2342 2342 I sysui_multi_action: [757,0,758,1,759,0,927,2,928,0,1593,1]
11-19 04:49:22.863 2342 2342 I sysui_multi_action: [757,0,758,1,759,0,927,3,928,0,1593,1]
11-19 04:49:22.875 1499 1499 I GameModeConfig: isGameModeOn = false
11-19 04:49:22.879 1499 2284 I GameModeConfig: isGameModeOn = false
11-19 04:49:22.879 1499 2284 I GameModeConfig: isGameModeOn = false
11-19 04:49:22.879 1499 2284 I GameModeConfig: isGameModeOn = false
11-19 04:49:22.879 1499 2284 I GameModeConfig: isGameModeOn = false
11-19 04:49:22.879 1499 2284 I GameModeConfig: isGameModeOn = false
11-19 04:49:22.880 2342 2342 I sysui_multi_action: [757,111,758,2]
11-19 04:49:22.880 2342 2342 I sysui_multi_action: [757,111,758,2]
11-19 04:49:22.883 2342 2342 I sysui_multi_action: [757,111,758,1]
11-19 04:49:22.883 2342 2342 I sysui_multi_action: [757,126,758,1,759,126,927,0,928,1,1593,1]
11-19 04:49:22.883 2342 2342 I sysui_multi_action: [757,113,758,1,759,113,927,1,928,1,1593,1]
11-19 04:49:22.883 2342 2342 I sysui_multi_action: [757,0,758,1,759,0,927,2,928,0,1593,1]
11-19 04:49:22.883 2342 2342 I sysui_multi_action: [757,0,758,1,759,0,927,3,928,0,1593,1]
11-19 04:49:22.883 2342 2342 I sysui_multi_action: [757,491,758,1,759,491,927,4,928,0,1311,-1,1593,0]
11-19 04:49:22.883 2342 2342 I sysui_multi_action: [757,0,758,1,759,0,927,5,928,0,1593,0]
11-19 04:49:22.883 2342 2342 I sysui_multi_action: [757,111,758,1]
11-19 04:49:22.883 2342 2342 I sysui_multi_action: [757,126,758,1,759,126,927,0,928,1,1593,1]
11-19 04:49:22.883 2342 2342 I sysui_multi_action: [757,113,758,1,759,113,927,1,928,1,1593,1]
11-19 04:49:22.883 2342 2342 I sysui_multi_action: [757,0,758,1,759,0,927,2,928,0,1593,1]
11-19 04:49:22.883 2342 2342 I sysui_multi_action: [757,0,758,1,759,0,927,3,928,0,1593,1]
11-19 04:49:22.885 1499 1499 I notification_enqueue: [10081,2342,com.android.systemui,2048,NULL,0,Notification(channel=updateNotification shortcut=null contentView=null vibrate=null sound=null defaults=0x0 flags=0x0 color=0x00000000 vis=PRIVATE),1]
11-19 04:49:22.893 1499 2284 I GameModeConfig: isGameModeOn = false
11-19 04:49:22.893 1499 2284 I GameModeConfig: isGameModeOn = false
11-19 04:49:22.893 1499 2284 I GameModeConfig: isGameModeOn = false
11-19 04:49:22.893 1499 2284 I GameModeConfig: isGameModeOn = false
11-19 04:49:22.893 1499 2284 I GameModeConfig: isGameModeOn = false
11-19 04:49:22.894 2342 2342 I sysui_multi_action: [757,111,758,2]
11-19 04:49:22.894 1499 1499 I notification_enqueue: [10081,2342,com.android.systemui,2048,NULL,0,Notification(channel=updateNotification shortcut=null contentView=null vibrate=null sound=null defaults=0x0 flags=0x0 color=0x00000000 vis=PRIVATE),1]
11-19 04:49:22.894 2342 2342 I sysui_multi_action: [757,111,758,2]
11-19 04:49:22.898 1499 1499 I GameModeConfig: isGameModeOn = false
11-19 04:49:22.903 2342 2342 I sysui_multi_action: [757,111,758,1]
11-19 04:49:22.903 2342 2342 I sysui_multi_action: [757,126,758,1,759,126,927,0,928,1,1593,0]
11-19 04:49:22.903 2342 2342 I sysui_multi_action: [757,113,758,1,759,113,927,1,928,1,1593,0]
11-19 04:49:22.903 2342 2342 I sysui_multi_action: [757,0,758,1,759,0,927,2,928,0,1593,1]
11-19 04:49:22.903 2342 2342 I sysui_multi_action: [757,0,758,1,759,0,927,3,928,0,1593,1]
11-19 04:49:22.904 2342 2342 I sysui_multi_action: [757,491,758,1,759,491,927,4,928,0,1311,-1,1593,0]
11-19 04:49:22.904 2342 2342 I sysui_multi_action: [757,0,758,1,759,0,927,5,928,0,1593,0]
11-19 04:49:22.904 2342 2342 I sysui_multi_action: [757,111,758,1]
11-19 04:49:22.904 2342 2342 I sysui_multi_action: [757,126,758,1,759,126,927,0,928,1,1593,1]
11-19 04:49:22.904 2342 2342 I sysui_multi_action: [757,113,758,1,759,113,927,1,928,1,1593,1]
11-19 04:49:22.904 2342 2342 I sysui_multi_action: [757,0,758,1,759,0,927,2,928,0,1593,1]
11-19 04:49:22.904 2342 2342 I sysui_multi_action: [757,0,758,1,759,0,927,3,928,0,1593,1]
11-19 04:49:22.911 1499 2284 I GameModeConfig: isGameModeOn = false
11-19 04:49:22.911 1499 2284 I GameModeConfig: isGameModeOn = false
11-19 04:49:22.911 1499 2284 I GameModeConfig: isGameModeOn = false
11-19 04:49:22.911 1499 2284 I GameModeConfig: isGameModeOn = false
11-19 04:49:22.911 1499 2284 I GameModeConfig: isGameModeOn = false
11-19 04:49:22.912 2342 2342 I sysui_multi_action: [757,111,758,2]
11-19 04:49:22.912 1499 1499 I notification_enqueue: [10081,2342,com.android.systemui,2048,NULL,0,Notification(channel=updateNotification shortcut=null contentView=null vibrate=null sound=null defaults=0x0 flags=0x0 color=0x00000000 vis=PRIVATE),1]
11-19 04:49:22.912 2342 2342 I sysui_multi_action: [757,111,758,2]
11-19 04:49:22.913 1499 4678 I sysui_multi_action: [757,128,758,2,793,16356,794,12785,795,16356,796,0,798,1,806,com.tc.logclient,857,LogClient,858,3,947,0,1395,3,1500,16153,1688,1]
11-19 04:49:22.914 1499 4678 I notification_visibility: [0|com.tc.logclient|0|null|1000,0,16356,16356,0,1]
11-19 04:49:22.914 1499 4678 I sysui_multi_action: [757,128,758,2,793,12564104,794,12785,795,12564104,796,26,798,0,806,android,857,DEVELOPER_IMPORTANT,858,4,947,0,1395,3,1500,12563900,1688,1]
11-19 04:49:22.914 1499 4678 I notification_visibility: [-1|android|26|null|1000,0,12564104,12564104,0,0]
11-19 04:49:22.918 1499 4678 I sysui_multi_action: [757,128,758,2,793,12618681,794,12789,795,12618681,796,32,798,2,806,android,857,USB,858,1,947,0,1395,3,1500,12618004,1688,1]
11-19 04:49:22.918 1499 4678 I notification_visibility: [-1|android|32|null|1000,0,12618681,12618681,0,2]
11-19 04:49:22.918 1499 4678 I sysui_multi_action: [757,127,758,2]
11-19 04:49:22.918 1499 4678 I notification_panel_hidden:
11-19 04:49:22.919 2342 2342 I sysui_multi_action: [757,111,758,1]
11-19 04:49:22.919 2342 2342 I sysui_multi_action: [757,126,758,1,759,126,927,0,928,1,1593,1]
11-19 04:49:22.919 2342 2342 I sysui_multi_action: [757,113,758,1,759,113,927,1,928,1,1593,1]
11-19 04:49:22.919 2342 2342 I sysui_multi_action: [757,0,758,1,759,0,927,2,928,0,1593,1]
11-19 04:49:22.920 2342 2342 I sysui_multi_action: [757,0,758,1,759,0,927,3,928,0,1593,1]
11-19 04:49:22.920 2342 2342 I sysui_multi_action: [757,491,758,1,759,491,927,4,928,0,1311,-1,1593,0]
11-19 04:49:22.920 2342 2342 I sysui_multi_action: [757,0,758,1,759,0,927,5,928,0,1593,0]
11-19 04:49:22.920 2342 2342 I sysui_multi_action: [757,111,758,1]
11-19 04:49:22.920 2342 2342 I sysui_multi_action: [757,126,758,1,759,126,927,0,928,1,1593,1]
