11-19 04:50:27.448 1499 9049 I AdbDebuggingManager: Cannot read user keys
11-19 04:50:27.448 1499 9049 I AdbDebuggingManager: java.io.FileNotFoundException: /data/misc/adb/adb_keys: open failed: ENOENT (No such file or directory)
11-19 04:50:27.448 1499 9049 I AdbDebuggingManager: at libcore.io.IoBridge.open(IoBridge.java:575)
11-19 04:50:27.448 1499 9049 I AdbDebuggingManager: at java.io.FileInputStream.(FileInputStream.java:160)
11-19 04:50:27.448 1499 9049 I AdbDebuggingManager: at android.os.FileUtils.readTextFile(FileUtils.java:637)
11-19 04:50:27.448 1499 9049 I AdbDebuggingManager: at com.android.server.adb.AdbDebuggingManager.dump(AdbDebuggingManager.java:1755)
11-19 04:50:27.448 1499 9049 I AdbDebuggingManager: at com.android.server.adb.AdbService.dump(AdbService.java:546)
11-19 04:50:27.448 1499 9049 I AdbDebuggingManager: at android.os.Binder.doDump(Binder.java:887)
11-19 04:50:27.448 1499 9049 I AdbDebuggingManager: at android.os.Binder.dump(Binder.java:877)
11-19 04:50:27.448 1499 9049 I AdbDebuggingManager: at android.os.Binder.onTransact(Binder.java:813)
11-19 04:50:27.448 1499 9049 I AdbDebuggingManager: at android.debug.IAdbManager$Stub.onTransact(IAdbManager.java:343)
11-19 04:50:27.448 1499 9049 I AdbDebuggingManager: at android.os.Binder.execTransactInternal(Binder.java:1184)
11-19 04:50:27.448 1499 9049 I AdbDebuggingManager: at android.os.Binder.execTransact(Binder.java:1143)
11-19 04:50:27.448 1499 9049 I AdbDebuggingManager: Caused by: android.system.ErrnoException: open failed: ENOENT (No such file or directory)
11-19 04:50:27.448 1499 9049 I AdbDebuggingManager: at libcore.io.Linux.open(Native Method)
11-19 04:50:27.448 1499 9049 I AdbDebuggingManager: at libcore.io.ForwardingOs.open(ForwardingOs.java:567)
11-19 04:50:27.448 1499 9049 I AdbDebuggingManager: at libcore.io.BlockGuardOs.open(BlockGuardOs.java:273)
11-19 04:50:27.448 1499 9049 I AdbDebuggingManager: at libcore.io.IoBridge.open(IoBridge.java:561)
11-19 04:50:27.448 1499 9049 I AdbDebuggingManager: ... 10 more
11-19 04:50:27.448 1499 9049 I AdbDebuggingManager: Cannot read system keys
11-19 04:50:27.448 1499 9049 I AdbDebuggingManager: java.io.FileNotFoundException: /adb_keys: open failed: ENOENT (No such file or directory)
11-19 04:50:27.448 1499 9049 I AdbDebuggingManager: at libcore.io.IoBridge.open(IoBridge.java:575)
11-19 04:50:27.448 1499 9049 I AdbDebuggingManager: at java.io.FileInputStream.(FileInputStream.java:160)
11-19 04:50:27.448 1499 9049 I AdbDebuggingManager: at android.os.FileUtils.readTextFile(FileUtils.java:637)
11-19 04:50:27.448 1499 9049 I AdbDebuggingManager: at com.android.server.adb.AdbDebuggingManager.dump(AdbDebuggingManager.java:1762)
11-19 04:50:27.448 1499 9049 I AdbDebuggingManager: at com.android.server.adb.AdbService.dump(AdbService.java:546)
11-19 04:50:27.448 1499 9049 I AdbDebuggingManager: at android.os.Binder.doDump(Binder.java:887)
11-19 04:50:27.448 1499 9049 I AdbDebuggingManager: at android.os.Binder.dump(Binder.java:877)
11-19 04:50:27.448 1499 9049 I AdbDebuggingManager: at android.os.Binder.onTransact(Binder.java:813)
11-19 04:50:27.448 1499 9049 I AdbDebuggingManager: at android.debug.IAdbManager$Stub.onTransact(IAdbManager.java:343)
11-19 04:50:27.448 1499 9049 I AdbDebuggingManager: at android.os.Binder.execTransactInternal(Binder.java:1184)
11-19 04:50:27.448 1499 9049 I AdbDebuggingManager: at android.os.Binder.execTransact(Binder.java:1143)
11-19 04:50:27.448 1499 9049 I AdbDebuggingManager: Caused by: android.system.ErrnoException: open failed: ENOENT (No such file or directory)
11-19 04:50:27.448 1499 9049 I AdbDebuggingManager: at libcore.io.Linux.open(Native Method)
11-19 04:50:27.448 1499 9049 I AdbDebuggingManager: at libcore.io.ForwardingOs.open(ForwardingOs.java:567)
11-19 04:50:27.448 1499 9049 I AdbDebuggingManager: at libcore.io.BlockGuardOs.open(BlockGuardOs.java:273)
11-19 04:50:27.448 1499 9049 I AdbDebuggingManager: at libcore.io.IoBridge.open(IoBridge.java:561)
11-19 04:50:27.448 1499 9049 I AdbDebuggingManager: ... 10 more
11-19 04:50:27.449 1499 9049 I AdbDebuggingManager: Cannot read keystore:
11-19 04:50:27.449 1499 9049 I AdbDebuggingManager: java.io.FileNotFoundException: /data/misc/adb/adb_temp_keys.xml: open failed: ENOENT (No such file or directory)
11-19 04:50:27.449 1499 9049 I AdbDebuggingManager: at libcore.io.IoBridge.open(IoBridge.java:575)
11-19 04:50:27.449 1499 9049 I AdbDebuggingManager: at java.io.FileInputStream.(FileInputStream.java:160)
11-19 04:50:27.449 1499 9049 I AdbDebuggingManager: at android.os.FileUtils.readTextFile(FileUtils.java:637)
11-19 04:50:27.449 1499 9049 I AdbDebuggingManager: at com.android.server.adb.AdbDebuggingManager.dump(AdbDebuggingManager.java:1769)
11-19 04:50:27.449 1499 9049 I AdbDebuggingManager: at com.android.server.adb.AdbService.dump(AdbService.java:546)
11-19 04:50:27.449 1499 9049 I AdbDebuggingManager: at android.os.Binder.doDump(Binder.java:887)
11-19 04:50:27.449 1499 9049 I AdbDebuggingManager: at android.os.Binder.dump(Binder.java:877)
11-19 04:50:27.449 1499 9049 I AdbDebuggingManager: at android.os.Binder.onTransact(Binder.java:813)
11-19 04:50:27.449 1499 9049 I AdbDebuggingManager: at android.debug.IAdbManager$Stub.onTransact(IAdbManager.java:343)
11-19 04:50:27.449 1499 9049 I AdbDebuggingManager: at android.os.Binder.execTransactInternal(Binder.java:1184)
11-19 04:50:27.449 1499 9049 I AdbDebuggingManager: at android.os.Binder.execTransact(Binder.java:1143)
11-19 04:50:27.449 1499 9049 I AdbDebuggingManager: Caused by: android.system.ErrnoException: open failed: ENOENT (No such file or directory)
11-19 04:50:27.449 1499 9049 I AdbDebuggingManager: at libcore.io.Linux.open(Native Method)
11-19 04:50:27.449 1499 9049 I AdbDebuggingManager: at libcore.io.ForwardingOs.open(ForwardingOs.java:567)
11-19 04:50:27.449 1499 9049 I AdbDebuggingManager: at libcore.io.BlockGuardOs.open(BlockGuardOs.java:273)
11-19 04:50:27.449 1499 9049 I AdbDebuggingManager: at libcore.io.IoBridge.open(IoBridge.java:561)
11-19 04:50:27.449 1499 9049 I AdbDebuggingManager: ... 10 more
11-19 04:50:27.490 1499 9049 W AutofillManagerService: Ignoring invalid dump arg: -a
11-19 04:50:27.491 1499 9049 V AutofillManagerServiceImpl: getServiceUidLocked(): no mServiceInfo
11-19 04:50:27.491 1499 9049 V FieldClassificationStrategy: getServiceComponentName(): ComponentInfo{android.ext.services/android.ext.services.autofill.AutofillFieldClassificationServiceImpl}
11-19 04:50:27.501 1499 1654 W BatteryExternalStatsWorker: error reading modem stats:ERROR_PHONE_NOT_AVAILABLE
11-19 04:50:27.521 1499 1654 E KernelCpuSpeedReader: Failed to read cpu-freq: /sys/devices/system/cpu/cpu4/cpufreq/stats/time_in_state: open failed: ENOENT (No such file or directory)
11-19 04:50:27.521 1499 1654 E KernelCpuSpeedReader: Failed to read cpu-freq: /sys/devices/system/cpu/cpu0/cpufreq/stats/time_in_state: open failed: ENOENT (No such file or directory)
11-19 04:50:27.519 565 565 I auditd : type=1400 audit(0.0:10920): avc: denied { read } for comm="Binder:565_2" name="wakeup58" dev="sysfs" ino=71858 scontext=u:r:system_suspend:s0 tcontext=u:object_r:sysfs:s0 tclass=dir permissive=0
11-19 04:50:27.519 565 565 I auditd : type=1400 audit(0.0:10921): avc: denied { read } for comm="Binder:565_2" name="wakeup48" dev="sysfs" ino=67434 scontext=u:r:system_suspend:s0 tcontext=u:object_r:sysfs:s0 tclass=dir permissive=0
11-19 04:50:27.519 565 565 I auditd : type=1400 audit(0.0:10922): avc: denied { read } for comm="Binder:565_2" name="wakeup4" dev="sysfs" ino=47032 scontext=u:r:system_suspend:s0 tcontext=u:object_r:sysfs:s0 tclass=dir permissive=0
11-19 04:50:27.519 565 565 I auditd : type=1400 audit(0.0:10923): avc: denied { read } for comm="Binder:565_2" name="wakeup76" dev="sysfs" ino=76901 scontext=u:r:system_suspend:s0 tcontext=u:object_r:sysfs:s0 tclass=dir permissive=0
11-19 04:50:27.519 565 565 I auditd : type=1400 audit(0.0:10924): avc: denied { read } for comm="Binder:565_2" name="wakeup28" dev="sysfs" ino=53237 scontext=u:r:system_suspend:s0 tcontext=u:object_r:sysfs:s0 tclass=dir permissive=0
11-19 04:50:27.519 565 565 I auditd : type=1400 audit(0.0:10925): avc: denied { read } for comm="Binder:565_2" name="wakeup56" dev="sysfs" ino=71786 scontext=u:r:system_suspend:s0 tcontext=u:object_r:sysfs:s0 tclass=dir permissive=0
11-19 04:50:27.523 565 565 I auditd : type=1400 audit(0.0:10926): avc: denied { read } for comm="Binder:565_2" name="wakeup2" dev="sysfs" ino=46556 scontext=u:r:system_suspend:s0 tcontext=u:object_r:sysfs:s0 tclass=dir permissive=0
11-19 04:50:28.207 1499 9049 I commit_sys_config_file: [sync-status,2]
11-19 04:50:28.536 1499 9049 I DevicePolicyManager: Packages subject to suspension: com.hht.lebocast,com.android.documentsui,com.android.soundrecorder,com.microsoft.emmx,com.android.calendar,com.android.gallery3d,com.android.music,com.android.deskclock
11-19 04:50:28.752 1499 8533 I am_meminfo: [2379259904,2820329472,12288,359211008,654213120]
11-19 04:50:28.786 1499 8533 W UsbDeviceManager: Ignore missing legacy kernel path in bugreport dump: kernel function list:/sys/class/android_usb/android0/functions
11-19 04:50:28.881 1499 9049 D ActivityManager: freezer override set to false
11-19 04:50:28.886 1499 9049 E PowerStatsService: PowerStats HAL is not initialized. No data available.
11-19 04:50:28.888 1499 9049 E PowerStatsService: PowerStats HAL is not initialized. No data available.
11-19 04:50:28.889 1499 9049 E PowerStatsService: PowerStats HAL is not initialized. No data available.
11-19 04:50:29.131 0 0 I auditd : type=1400 audit(0.0:10969): avc: denied { kill } for comm="swapper/0" capability=5 scontext=u:r:kernel:s0 tcontext=u:r:kernel:s0 tclass=capability permissive=0
11-19 04:50:29.694 1499 8533 E PowerStatsService: PowerStats HAL is not initialized. No data available.
11-19 04:50:29.791 1499 8533 I ProcessStatsService: Added stats: 1970-01-01-08-18-13, over +3h11m31s476ms
11-19 04:50:29.866 1499 8533 I ProcessStatsService: Added stats: 1970-01-01-08-18-13, over +3h11m31s476ms
11-19 04:50:29.999 565 565 I auditd : type=1400 audit(0.0:10970): avc: denied { read } for comm="Binder:565_2" name="wakeup58" dev="sysfs" ino=71858 scontext=u:r:system_suspend:s0 tcontext=u:object_r:sysfs:s0 tclass=dir permissive=0
11-19 04:50:30.003 565 565 I auditd : type=1400 audit(0.0:10971): avc: denied { read } for comm="Binder:565_2" name="wakeup48" dev="sysfs" ino=67434 scontext=u:r:system_suspend:s0 tcontext=u:object_r:sysfs:s0 tclass=dir permissive=0
11-19 04:50:30.003 565 565 I auditd : type=1400 audit(0.0:10972): avc: denied { read } for comm="Binder:565_2" name="wakeup4" dev="sysfs" ino=47032 scontext=u:r:system_suspend:s0 tcontext=u:object_r:sysfs:s0 tclass=dir permissive=0
11-19 04:50:30.003 565 565 I auditd : type=1400 audit(0.0:10973): avc: denied { read } for comm="Binder:565_2" name="wakeup76" dev="sysfs" ino=76901 scontext=u:r:system_suspend:s0 tcontext=u:object_r:sysfs:s0 tclass=dir permissive=0
11-19 04:50:30.055 1499 8533 W CarrierConfigManager: Error getting config for subId -1 ICarrierConfigLoader is null
11-19 04:50:30.055 1499 8533 I Telecom : PhoneAccountRegistrar: getSimCallManager: SimCallManager for subId -1 queried, returning: null
11-19 04:50:30.072 1499 8533 E ThermalHalWrapper: Couldn't get temperatures because of HAL error: ThermalHAL not initialized properly.
11-19 04:50:30.075 1499 8533 E ThermalHalWrapper: Couldn't get temperature thresholds because of HAL error: ThermalHAL not initialized properly.
11-19 04:50:30.195 1499 8533 W UsbDeviceManager: Ignore missing legacy kernel path in bugreport dump: kernel function list:/sys/class/android_usb/android0/functions
11-19 04:50:30.203 1499 8533 V UserManagerService: dumpPackageWhitelistProblems(): using mode ENFORCE|IMPLICIT_WHITELIST|IMPLICIT_WHITELIST_SYSTEM
11-19 04:50:31.131 0 0 I auditd : type=1400 audit(0.0:11020): avc: denied { kill } for comm="swapper/0" capability=5 scontext=u:r:kernel:s0 tcontext=u:r:kernel:s0 tclass=capability permissive=0
11-19 04:50:32.131 0 0 I auditd : type=1400 audit(0.0:11021): avc: denied { kill } for comm="swapper/0" capability=5 scontext=u:r:kernel:s0 tcontext=u:r:kernel:s0 tclass=capability permissive=0
11-19 04:50:32.473 1499 8533 E VibratorManagerService: Ignoring incoming vibration as process with uid= 2000 is background, attrs= VibrationAttributes: Usage=TOUCH Audio Usage= USAGE_UNKNOWN Flags=1
11-19 04:50:32.636 1499 8533 E VibratorManagerService: Ignoring incoming vibration as process with uid= 2000 is background, attrs= VibrationAttributes: Usage=TOUCH Audio Usage= USAGE_UNKNOWN Flags=1
11-19 04:50:32.801 1499 8533 E VibratorManagerService: Ignoring incoming vibration as process with uid= 2000 is background, attrs= VibrationAttributes: Usage=TOUCH Audio Usage= USAGE_UNKNOWN Flags=1
11-19 04:50:32.938 1499 1649 I ActivityManager: Process PhantomProcessRecord {a600155 10810:2599:bugreportz/1000} died
11-19 04:50:32.982 1499 1644 I sysui_multi_action: [757,1717,758,1,759,0]
11-19 04:50:32.983 1499 1644 I sysui_multi_action: [757,1717,758,2,759,0]
11-19 04:50:32.983 1499 1644 I sysui_multi_action: [757,1717,758,3,759,0]
11-19 04:50:33.131 0 0 I auditd : type=1400 audit(0.0:11022): avc: denied { kill } for comm="swapper/0" capability=5 scontext=u:r:kernel:s0 tcontext=u:r:kernel:s0 tclass=capability permissive=0
11-19 04:50:34.123 503 503 I auditd : avc: denied { find } for pid=12321 uid=1000 name=suspend_control scontext=u:r:system_app:s0 tcontext=u:object_r:system_suspend_control_service:s0 tclass=service_manager permissive=0
11-19 04:50:34.124 503 503 I auditd : avc: denied { find } for pid=12321 uid=1000 name=suspend_control_internal scontext=u:r:system_app:s0 tcontext=u:object_r:system_suspend_control_internal_service:s0 tclass=service_manager permissive=0
11-19 04:50:34.127 503 503 I auditd : avc: denied { find } for pid=12321 uid=1000 name=tracing.proxy scontext=u:r:system_app:s0 tcontext=u:object_r:tracingproxy_service:s0 tclass=service_manager permissive=0
11-19 04:50:34.131 0 0 I auditd : type=1400 audit(0.0:11023): avc: denied { kill } for comm="swapper/0" capability=5 scontext=u:r:kernel:s0 tcontext=u:r:kernel:s0 tclass=capability permissive=0
11-19 04:50:34.135 993 993 I auditd : type=1400 audit(0.0:11024): avc: denied { open } for comm="Binder:993_5" path="/proc/844/cmdline" dev="proc" ino=18004 scontext=u:r:surfaceflinger:s0 tcontext=u:r:hal_graphics_composer_default:s0 tclass=file permissive=0
11-19 04:50:34.270 1499 8533 I AdbDebuggingManager: Cannot read user keys
11-19 04:50:34.270 1499 8533 I AdbDebuggingManager: java.io.FileNotFoundException: /data/misc/adb/adb_keys: open failed: ENOENT (No such file or directory)
11-19 04:50:34.270 1499 8533 I AdbDebuggingManager: at libcore.io.IoBridge.open(IoBridge.java:575)
11-19 04:50:34.270 1499 8533 I AdbDebuggingManager: at java.io.FileInputStream.(FileInputStream.java:160)
11-19 04:50:34.270 1499 8533 I AdbDebuggingManager: at android.os.FileUtils.readTextFile(FileUtils.java:637)
11-19 04:50:34.270 1499 8533 I AdbDebuggingManager: at com.android.server.adb.AdbDebuggingManager.dump(AdbDebuggingManager.java:1755)
11-19 04:50:34.270 1499 8533 I AdbDebuggingManager: at com.android.server.adb.AdbService.dump(AdbService.java:546)
11-19 04:50:34.270 1499 8533 I AdbDebuggingManager: at android.os.Binder.doDump(Binder.java:887)
11-19 04:50:34.270 1499 8533 I AdbDebuggingManager: at android.os.Binder.dump(Binder.java:877)
11-19 04:50:34.270 1499 8533 I AdbDebuggingManager: at android.os.Binder.onTransact(Binder.java:813)
11-19 04:50:34.270 1499 8533 I AdbDebuggingManager: at android.debug.IAdbManager$Stub.onTransact(IAdbManager.java:343)
11-19 04:50:34.270 1499 8533 I AdbDebuggingManager: at android.os.Binder.execTransactInternal(Binder.java:1184)
11-19 04:50:34.270 1499 8533 I AdbDebuggingManager: at android.os.Binder.execTransact(Binder.java:1143)
11-19 04:50:34.270 1499 8533 I AdbDebuggingManager: Caused by: android.system.ErrnoException: open failed: ENOENT (No such file or directory)
11-19 04:50:34.270 1499 8533 I AdbDebuggingManager: at libcore.io.Linux.open(Native Method)
11-19 04:50:34.270 1499 8533 I AdbDebuggingManager: at libcore.io.ForwardingOs.open(ForwardingOs.java:567)
11-19 04:50:34.270 1499 8533 I AdbDebuggingManager: at libcore.io.BlockGuardOs.open(BlockGuardOs.java:273)
11-19 04:50:34.270 1499 8533 I AdbDebuggingManager: at libcore.io.IoBridge.open(IoBridge.java:561)
11-19 04:50:34.270 1499 8533 I AdbDebuggingManager: ... 10 more
11-19 04:50:34.270 1499 8533 I AdbDebuggingManager: Cannot read system keys
11-19 04:50:34.270 1499 8533 I AdbDebuggingManager: java.io.FileNotFoundException: /adb_keys: open failed: ENOENT (No such file or directory)
11-19 04:50:34.270 1499 8533 I AdbDebuggingManager: at libcore.io.IoBridge.open(IoBridge.java:575)
11-19 04:50:34.270 1499 8533 I AdbDebuggingManager: at java.io.FileInputStream.(FileInputStream.java:160)
11-19 04:50:34.270 1499 8533 I AdbDebuggingManager: at android.os.FileUtils.readTextFile(FileUtils.java:637)
11-19 04:50:34.270 1499 8533 I AdbDebuggingManager: at com.android.server.adb.AdbDebuggingManager.dump(AdbDebuggingManager.java:1762)
11-19 04:50:34.270 1499 8533 I AdbDebuggingManager: at com.android.server.adb.AdbService.dump(AdbService.java:546)
11-19 04:50:34.270 1499 8533 I AdbDebuggingManager: at android.os.Binder.doDump(Binder.java:887)
11-19 04:50:34.270 1499 8533 I AdbDebuggingManager: at android.os.Binder.dump(Binder.java:877)
11-19 04:50:34.270 1499 8533 I AdbDebuggingManager: at android.os.Binder.onTransact(Binder.java:813)
11-19 04:50:34.270 1499 8533 I AdbDebuggingManager: at android.debug.IAdbManager$Stub.onTransact(IAdbManager.java:343)
11-19 04:50:34.270 1499 8533 I AdbDebuggingManager: at android.os.Binder.execTransactInternal(Binder.java:1184)
11-19 04:50:34.270 1499 8533 I AdbDebuggingManager: at android.os.Binder.execTransact(Binder.java:1143)
11-19 04:50:34.270 1499 8533 I AdbDebuggingManager: Caused by: android.system.ErrnoException: open failed: ENOENT (No such file or directory)
11-19 04:50:34.270 1499 8533 I AdbDebuggingManager: at libcore.io.Linux.open(Native Method)
11-19 04:50:34.270 1499 8533 I AdbDebuggingManager: at libcore.io.ForwardingOs.open(ForwardingOs.java:567)
11-19 04:50:34.270 1499 8533 I AdbDebuggingManager: at libcore.io.BlockGuardOs.open(BlockGuardOs.java:273)
11-19 04:50:34.270 1499 8533 I AdbDebuggingManager: at libcore.io.IoBridge.open(IoBridge.java:561)
11-19 04:50:34.270 1499 8533 I AdbDebuggingManager: ... 10 more
11-19 04:50:34.270 1499 8533 I AdbDebuggingManager: Cannot read keystore:
11-19 04:50:34.270 1499 8533 I AdbDebuggingManager: java.io.FileNotFoundException: /data/misc/adb/adb_temp_keys.xml: open failed: ENOENT (No such file or directory)
11-19 04:50:34.270 1499 8533 I AdbDebuggingManager: at libcore.io.IoBridge.open(IoBridge.java:575)
11-19 04:50:34.270 1499 8533 I AdbDebuggingManager: at java.io.FileInputStream.(FileInputStream.java:160)
11-19 04:50:34.270 1499 8533 I AdbDebuggingManager: at android.os.FileUtils.readTextFile(FileUtils.java:637)
11-19 04:50:34.270 1499 8533 I AdbDebuggingManager: at com.android.server.adb.AdbDebuggingManager.dump(AdbDebuggingManager.java:1769)
11-19 04:50:34.270 1499 8533 I AdbDebuggingManager: at com.android.server.adb.AdbService.dump(AdbService.java:546)
11-19 04:50:34.270 1499 8533 I AdbDebuggingManager: at android.os.Binder.doDump(Binder.java:887)
11-19 04:50:34.270 1499 8533 I AdbDebuggingManager: at android.os.Binder.dump(Binder.java:877)
11-19 04:50:34.270 1499 8533 I AdbDebuggingManager: at android.os.Binder.onTransact(Binder.java:813)
11-19 04:50:34.270 1499 8533 I AdbDebuggingManager: at android.debug.IAdbManager$Stub.onTransact(IAdbManager.java:343)
11-19 04:50:34.270 1499 8533 I AdbDebuggingManager: at android.os.Binder.execTransactInternal(Binder.java:1184)
11-19 04:50:34.270 1499 8533 I AdbDebuggingManager: at android.os.Binder.execTransact(Binder.java:1143)
11-19 04:50:34.270 1499 8533 I AdbDebuggingManager: Caused by: android.system.ErrnoException: open failed: ENOENT (No such file or directory)
11-19 04:50:34.270 1499 8533 I AdbDebuggingManager: at libcore.io.Linux.open(Native Method)
11-19 04:50:34.270 1499 8533 I AdbDebuggingManager: at libcore.io.ForwardingOs.open(ForwardingOs.java:567)
11-19 04:50:34.270 1499 8533 I AdbDebuggingManager: at libcore.io.BlockGuardOs.open(BlockGuardOs.java:273)
11-19 04:50:34.270 1499 8533 I AdbDebuggingManager: at libcore.io.IoBridge.open(IoBridge.java:561)
11-19 04:50:34.270 1499 8533 I AdbDebuggingManager: ... 10 more
11-19 04:50:34.275 12321 12321 I auditd : type=1400 audit(0.0:11025): avc: denied { write } for comm="dumpsys" path="pipe:[414916]" dev="pipefs" ino=414916 scontext=u:r:hal_light_default:s0 tcontext=u:r:system_app:s0 tclass=fifo_file permissive=0
11-19 04:50:34.275 12321 12321 I auditd : type=1400 audit(0.0:11026): avc: denied { call } for comm="dumpsys" scontext=u:r:system_app:s0 tcontext=u:r:hal_power_default:s0 tclass=binder permissive=0
11-19 04:50:34.275 12321 12321 I auditd : type=1400 audit(0.0:11027): avc: denied { call } for comm="dumpsys" scontext=u:r:system_app:s0 tcontext=u:r:hal_vibrator_default:s0 tclass=binder permissive=0
11-19 04:50:34.275 12321 12321 I auditd : type=1400 audit(0.0:11028): avc: denied { write } for comm="dumpsys" path="pipe:[414919]" dev="pipefs" ino=414919 scontext=u:r:update_engine:s0 tcontext=u:r:system_app:s0 tclass=fifo_file permissive=0
11-19 04:50:34.275 12321 12321 I auditd : type=1400 audit(0.0:11029): avc: denied { write } for comm="dumpsys" path="pipe:[414920]" dev="pipefs" ino=414920 scontext=u:r:update_engine:s0 tcontext=u:r:system_app:s0 tclass=fifo_file permissive=0
11-19 04:50:34.301 1499 8533 W AutofillManagerService: Ignoring invalid dump arg: -a
11-19 04:50:34.301 1499 8533 V AutofillManagerServiceImpl: getServiceUidLocked(): no mServiceInfo
11-19 04:50:34.301 1499 8533 V FieldClassificationStrategy: getServiceComponentName(): ComponentInfo{android.ext.services/android.ext.services.autofill.AutofillFieldClassificationServiceImpl}
11-19 04:50:34.306 1499 1654 W BatteryExternalStatsWorker: error reading modem stats:ERROR_PHONE_NOT_AVAILABLE
11-19 04:50:34.337 1499 1654 E KernelCpuSpeedReader: Failed to read cpu-freq: /sys/devices/system/cpu/cpu4/cpufreq/stats/time_in_state: open failed: ENOENT (No such file or directory)
11-19 04:50:34.337 1499 1654 E KernelCpuSpeedReader: Failed to read cpu-freq: /sys/devices/system/cpu/cpu0/cpufreq/stats/time_in_state: open failed: ENOENT (No such file or directory)
11-19 04:50:34.416 1499 8533 D ActivityManager: freezer override set to true
11-19 04:50:35.065 1499 8533 D ActivityManager: freezer override set to false
11-19 04:50:35.132 1499 8533 I commit_sys_config_file: [sync-status,6928]
11-19 04:50:35.144 1499 8533 D ActivityManager: freezer override set to true
11-19 04:50:35.304 1499 8533 D ActivityManager: freezer override set to false
11-19 04:50:35.322 1499 8533 I DevicePolicyManager: Packages subject to suspension: com.hht.lebocast,com.android.documentsui,com.android.soundrecorder,com.microsoft.emmx,com.android.calendar,com.android.gallery3d,com.android.music,com.android.deskclock
11-19 04:50:35.410 1499 8533 D ActivityManager: freezer override set to true
11-19 04:50:35.621 1499 8533 D ActivityManager: freezer override set to false
11-19 04:50:35.619 12321 12321 I auditd : type=1400 audit(0.0:11080): avc: denied { use } for comm="dumpsys" path="pipe:[429430]" dev="pipefs" ino=429430 scontext=u:r:gpuservice:s0 tcontext=u:r:system_app:s0 tclass=fd permissive=0
11-19 04:50:35.647 12321 12321 I auditd : type=1400 audit(0.0:11081): avc: denied { write } for comm="dumpsys" path="pipe:[375531]" dev="pipefs" ino=375531 scontext=u:r:incidentd:s0 tcontext=u:r:system_app:s0 tclass=fifo_file permissive=0
11-19 04:50:35.679 12321 12321 I auditd : type=1400 audit(0.0:11082): avc: denied { use } for comm="dumpsys" path="pipe:[414942]" dev="pipefs" ino=414942 scontext=u:r:servicemanager:s0 tcontext=u:r:system_app:s0 tclass=fd permissive=0
11-19 04:50:35.679 979 979 I auditd : type=1400 audit(0.0:11083): avc: denied { write } for comm="audioserver" path="pipe:[414944]" dev="pipefs" ino=414944 scontext=u:r:hal_audio_default:s0 tcontext=u:r:system_app:s0 tclass=fifo_file permissive=0
11-19 04:50:35.679 979 979 I auditd : type=1400 audit(0.0:11084): avc: denied { write } for comm="audioserver" path="pipe:[414944]" dev="pipefs" ino=414944 scontext=u:r:hal_audio_default:s0 tcontext=u:r:system_app:s0 tclass=fifo_file permissive=0
11-19 04:50:35.711 1499 8533 D ActivityManager: freezer override set to true
11-19 04:50:37.131 354 354 I auditd : type=1400 audit(0.0:11094): avc: denied { kill } for comm="irq/382-atmel_m" capability=5 scontext=u:r:kernel:s0 tcontext=u:r:kernel:s0 tclass=capability permissive=0
11-19 04:50:38.131 0 0 I auditd : type=1400 audit(0.0:11095): avc: denied { kill } for comm="swapper/0" capability=5 scontext=u:r:kernel:s0 tcontext=u:r:kernel:s0 tclass=capability permissive=0
11-19 04:50:39.131 0 0 I auditd : type=1400 audit(0.0:11096): avc: denied { kill } for comm="swapper/0" capability=5 scontext=u:r:kernel:s0 tcontext=u:r:kernel:s0 tclass=capability permissive=0
11-19 04:50:39.440 1499 4959 W OverlayManager: service 'idmap' died
11-19 04:50:40.131 0 0 I auditd : type=1400 audit(0.0:11097): avc: denied { kill } for comm="swapper/0" capability=5 scontext=u:r:kernel:s0 tcontext=u:r:kernel:s0 tclass=capability permissive=0
11-19 04:50:41.131 0 0 I auditd : type=1400 audit(0.0:11098): avc: denied { kill } for comm="swapper/0" capability=5 scontext=u:r:kernel:s0 tcontext=u:r:kernel:s0 tclass=capability permissive=0
11-19 04:50:42.131 0 0 I auditd : type=1400 audit(0.0:11099): avc: denied { kill } for comm="swapper/0" capability=5 scontext=u:r:kernel:s0 tcontext=u:r:kernel:s0 tclass=capability permissive=0
11-19 04:50:43.131 0 0 I auditd : type=1400 audit(0.0:11100): avc: denied { kill } for comm="swapper/0" capability=5 scontext=u:r:kernel:s0 tcontext=u:r:kernel:s0 tclass=capability permissive=0
11-19 04:50:44.131 354 354 I auditd : type=1400 audit(0.0:11101): avc: denied { kill } for comm="irq/382-atmel_m" capability=5 scontext=u:r:kernel:s0 tcontext=u:r:kernel:s0 tclass=capability permissive=0
11-19 04:50:44.433 1499 8533 I am_meminfo: [2370265088,2831933440,12288,359182336,696436736]
11-19 04:50:44.536 1499 8533 D ActivityManager: freezer override set to false
11-19 04:50:45.019 1499 8533 E PowerStatsService: PowerStats HAL is not initialized. No data available.
11-19 04:50:45.108 1499 8533 I ProcessStatsService: Added stats: 1970-01-01-08-18-13, over +3h11m31s476ms
11-19 04:50:45.131 354 354 I auditd : type=1400 audit(0.0:11102): avc: denied { kill } for comm="irq/382-atmel_m" capability=5 scontext=u:r:kernel:s0 tcontext=u:r:kernel:s0 tclass=capability permissive=0
11-19 04:50:45.181 1499 8533 I ProcessStatsService: Added stats: 1970-01-01-08-18-13, over +3h11m31s476ms
11-19 04:50:45.287 12321 12321 I auditd : type=1400 audit(0.0:11103): avc: denied { write } for comm="dumpsys" path="pipe:[431399]" dev="pipefs" ino=431399 scontext=u:r:statsd:s0 tcontext=u:r:system_app:s0 tclass=fifo_file permissive=0
11-19 04:50:45.295 12321 12321 I auditd : type=1400 audit(0.0:11104): avc: denied { use } for comm="dumpsys" path="pipe:[431403]" dev="pipefs" ino=431403 scontext=u:r:storaged:s0 tcontext=u:r:system_app:s0 tclass=fd permissive=0
11-19 04:50:45.295 12321 12321 I auditd : type=1400 audit(0.0:11105): avc: denied { use } for comm="dumpsys" path="pipe:[431404]" dev="pipefs" ino=431404 scontext=u:r:storaged:s0 tcontext=u:r:system_app:s0 tclass=fd permissive=0
11-19 04:50:45.301 503 503 I auditd : avc: denied { find } for pid=12321 uid=1000 name=suspend_control scontext=u:r:system_app:s0 tcontext=u:object_r:system_suspend_control_service:s0 tclass=service_manager permissive=0
11-19 04:50:45.302 503 503 I auditd : avc: denied { find } for pid=12321 uid=1000 name=suspend_control_internal scontext=u:r:system_app:s0 tcontext=u:object_r:system_suspend_control_internal_service:s0 tclass=service_manager permissive=0
11-19 04:50:45.312 1499 8533 W CarrierConfigManager: Error getting config for subId -1 ICarrierConfigLoader is null
11-19 04:50:45.312 1499 8533 I Telecom : PhoneAccountRegistrar: getSimCallManager: SimCallManager for subId -1 queried, returning: null
11-19 04:50:45.350 1499 8533 E ThermalHalWrapper: Couldn't get temperatures because of HAL error: ThermalHAL not initialized properly.
11-19 04:50:45.354 1499 8533 E ThermalHalWrapper: Couldn't get temperature thresholds because of HAL error: ThermalHAL not initialized properly.
11-19 04:50:45.364 503 503 I auditd : avc: denied { find } for pid=12321 uid=1000 name=tracing.proxy scontext=u:r:system_app:s0 tcontext=u:object_r:tracingproxy_service:s0 tclass=service_manager permissive=0
11-19 04:50:45.495 1499 8533 W UsbDeviceManager: Ignore missing legacy kernel path in bugreport dump: kernel function list:/sys/class/android_usb/android0/functions
11-19 04:50:45.501 1499 8533 V UserManagerService: dumpPackageWhitelistProblems(): using mode ENFORCE|IMPLICIT_WHITELIST|IMPLICIT_WHITELIST_SYSTEM
11-19 04:50:45.879 12321 12321 I auditd : type=1400 audit(0.0:11106): avc: denied { use } for comm="dumpsys" path="pipe:[431954]" dev="pipefs" ino=431954 scontext=u:r:wificond:s0 tcontext=u:r:system_app:s0 tclass=fd permissive=0
11-19 04:50:45.954 1499 8533 I service_manager_stats: [100,46,43473]
11-19 04:50:46.001 1499 1649 I ActivityManager: Process PhantomProcessRecord {7d77736 12321:2599:dumpsys/1000} died
11-19 04:50:46.007 1499 1831 I input_interaction: Interaction with: 53473fb com.tc.logclient/com.tc.logclient.LogClientActivity (server), PointerEventDispatcher0 (server),
11-19 04:50:46.131 0 0 I auditd : type=1400 audit(0.0:11107): avc: denied { kill } for comm="swapper/0" capability=5 scontext=u:r:kernel:s0 tcontext=u:r:kernel:s0 tclass=capability permissive=0
11-19 04:50:46.936 1499 1645 I am_uid_idle: 10076
11-19 04:50:47.079 1499 8533 D CompatibilityChangeReporter: Compat change id reported: 178209446; UID 1000; state: ENABLED
11-19 04:50:47.080 1499 8533 D CompatibilityChangeReporter: Compat change id reported: 178209446; UID 1000; state: DISABLED
11-19 04:50:47.131 0 0 I auditd : type=1400 audit(0.0:11108): avc: denied { kill } for comm="swapper/0" capability=5 scontext=u:r:kernel:s0 tcontext=u:r:kernel:s0 tclass=capability permissive=0
11-19 04:50:47.152 1499 1645 I am_uid_idle: 10035
11-19 04:50:48.131 0 0 I auditd : type=1400 audit(0.0:11109): avc: denied { kill } for comm="swapper/0" capability=5 scontext=u:r:kernel:s0 tcontext=u:r:kernel:s0 tclass=capability permissive=0
11-19 04:50:48.269 1499 1649 I ActivityManager: Process PhantomProcessRecord {1fe340c 10802:2599:sh/1000} died
11-19 04:50:49.131 0 0 I auditd : type=1400 audit(0.0:11110): avc: denied { kill } for comm="swapper/0" capability=5 scontext=u:r:kernel:s0 tcontext=u:r:kernel:s0 tclass=capability permissive=0
11-19 04:50:50.131 0 0 I auditd : type=1400 audit(0.0:11111): avc: denied { kill } for comm="swapper/0" capability=5 scontext=u:r:kernel:s0 tcontext=u:r:kernel:s0 tclass=capability permissive=0
11-19 04:50:51.131 0 0 I auditd : type=1400 audit(0.0:11112): avc: denied { kill } for comm="swapper/0" capability=5 scontext=u:r:kernel:s0 tcontext=u:r:kernel:s0 tclass=capability permissive=0
11-19 04:50:52.131 0 0 I auditd : type=1400 audit(0.0:11113): avc: denied { kill } for comm="swapper/0" capability=5 scontext=u:r:kernel:s0 tcontext=u:r:kernel:s0 tclass=capability permissive=0
11-19 04:50:53.131 0 0 I auditd : type=1400 audit(0.0:11114): avc: denied { kill } for comm="swapper/0" capability=5 scontext=u:r:kernel:s0 tcontext=u:r:kernel:s0 tclass=capability permissive=0
11-19 04:50:54.131 354 354 I auditd : type=1400 audit(0.0:11115): avc: denied { kill } for comm="irq/382-atmel_m" capability=5 scontext=u:r:kernel:s0 tcontext=u:r:kernel:s0 tclass=capability permissive=0
11-19 04:50:54.812 1499 8533 W OverlayManager: service 'idmap' died
11-19 04:50:55.131 0 0 I auditd : type=1400 audit(0.0:11116): avc: denied { kill } for comm="swapper/0" capability=5 scontext=u:r:kernel:s0 tcontext=u:r:kernel:s0 tclass=capability permissive=0
11-19 04:50:56.131 0 0 I auditd : type=1400 audit(0.0:11117): avc: denied { kill } for comm="swapper/0" capability=5 scontext=u:r:kernel:s0 tcontext=u:r:kernel:s0 tclass=capability permissive=0
11-19 04:50:57.131 0 0 I auditd : type=1400 audit(0.0:11118): avc: denied { kill } for comm="swapper/0" capability=5 scontext=u:r:kernel:s0 tcontext=u:r:kernel:s0 tclass=capability permissive=0
11-19 04:50:58.131 0 0 I auditd : type=1400 audit(0.0:11119): avc: denied { kill } for comm="swapper/0" capability=5 scontext=u:r:kernel:s0 tcontext=u:r:kernel:s0 tclass=capability permissive=0
11-19 04:50:59.131 354 354 I auditd : type=1400 audit(0.0:11120): avc: denied { kill } for comm="irq/382-atmel_m" capability=5 scontext=u:r:kernel:s0 tcontext=u:r:kernel:s0 tclass=capability permissive=0
11-19 04:51:00.131 1499 1645 I am_uid_idle: 10061
11-19 04:51:00.131 354 354 I auditd : type=1400 audit(0.0:11121): avc: denied { kill } for comm="irq/382-atmel_m" capability=5 scontext=u:r:kernel:s0 tcontext=u:r:kernel:s0 tclass=capability permissive=0
11-19 04:51:01.131 0 0 I auditd : type=1400 audit(0.0:11122): avc: denied { kill } for comm="swapper/0" capability=5 scontext=u:r:kernel:s0 tcontext=u:r:kernel:s0 tclass=capability permissive=0
11-19 04:51:02.131 0 0 I auditd : type=1400 audit(0.0:11123): avc: denied { kill } for comm="swapper/0" capability=5 scontext=u:r:kernel:s0 tcontext=u:r:kernel:s0 tclass=capability permissive=0
11-19 04:51:03.131 354 354 I auditd : type=1400 audit(0.0:11124): avc: denied { kill } for comm="irq/382-atmel_m" capability=5 scontext=u:r:kernel:s0 tcontext=u:r:kernel:s0 tclass=capability permissive=0
11-19 04:51:04.131 0 0 I auditd : type=1400 audit(0.0:11125): avc: denied { kill } for comm="swapper/0" capability=5 scontext=u:r:kernel:s0 tcontext=u:r:kernel:s0 tclass=capability permissive=0
11-19 04:51:05.131 354 354 I auditd : type=1400 audit(0.0:11126): avc: denied { kill } for comm="irq/382-atmel_m" capability=5 scontext=u:r:kernel:s0 tcontext=u:r:kernel:s0 tclass=capability permissive=0
11-19 04:51:06.131 0 0 I auditd : type=1400 audit(0.0:11127): avc: denied { kill } for comm="swapper/0" capability=5 scontext=u:r:kernel:s0 tcontext=u:r:kernel:s0 tclass=capability permissive=0
11-19 04:51:06.224 1499 1645 I am_uid_idle: 10064
11-19 04:51:07.131 0 0 I auditd : type=1400 audit(0.0:11128): avc: denied { kill } for comm="swapper/0" capability=5 scontext=u:r:kernel:s0 tcontext=u:r:kernel:s0 tclass=capability permissive=0
11-19 04:51:08.131 0 0 I auditd : type=1400 audit(0.0:11129): avc: denied { kill } for comm="swapper/0" capability=5 scontext=u:r:kernel:s0 tcontext=u:r:kernel:s0 tclass=capability permissive=0
11-19 04:51:09.131 0 0 I auditd : type=1400 audit(0.0:11130): avc: denied { kill } for comm="swapper/0" capability=5 scontext=u:r:kernel:s0 tcontext=u:r:kernel:s0 tclass=capability permissive=0
11-19 04:51:10.131 0 0 I auditd : type=1400 audit(0.0:11131): avc: denied { kill } for comm="swapper/0" capability=5 scontext=u:r:kernel:s0 tcontext=u:r:kernel:s0 tclass=capability permissive=0
11-19 04:51:11.131 0 0 I auditd : type=1400 audit(0.0:11132): avc: denied { kill } for comm="swapper/0" capability=5 scontext=u:r:kernel:s0 tcontext=u:r:kernel:s0 tclass=capability permissive=0
11-19 04:51:12.131 0 0 I auditd : type=1400 audit(0.0:11133): avc: denied { kill } for comm="swapper/0" capability=5 scontext=u:r:kernel:s0 tcontext=u:r:kernel:s0 tclass=capability permissive=0
11-19 04:51:13.131 354 354 I auditd : type=1400 audit(0.0:11134): avc: denied { kill } for comm="irq/382-atmel_m" capability=5 scontext=u:r:kernel:s0 tcontext=u:r:kernel:s0 tclass=capability permissive=0
11-19 04:51:14.131 0 0 I auditd : type=1400 audit(0.0:11135): avc: denied { kill } for comm="swapper/0" capability=5 scontext=u:r:kernel:s0 tcontext=u:r:kernel:s0 tclass=capability permissive=0
11-19 04:51:15.131 0 0 I auditd : type=1400 audit(0.0:11136): avc: denied { kill } for comm="swapper/0" capability=5 scontext=u:r:kernel:s0 tcontext=u:r:kernel:s0 tclass=capability permissive=0
11-19 04:51:16.131 0 0 I auditd : type=1400 audit(0.0:11137): avc: denied { kill } for comm="swapper/0" capability=5 scontext=u:r:kernel:s0 tcontext=u:r:kernel:s0 tclass=capability permissive=0
11-19 04:51:17.131 0 0 I auditd : type=1400 audit(0.0:11138): avc: denied { kill } for comm="swapper/0" capability=5 scontext=u:r:kernel:s0 tcontext=u:r:kernel:s0 tclass=capability permissive=0
11-19 04:51:18.131 0 0 I auditd : type=1400 audit(0.0:11139): avc: denied { kill } for comm="swapper/0" capability=5 scontext=u:r:kernel:s0 tcontext=u:r:kernel:s0 tclass=capability permissive=0
11-19 04:51:19.131 0 0 I auditd : type=1400 audit(0.0:11140): avc: denied { kill } for comm="swapper/0" capability=5 scontext=u:r:kernel:s0 tcontext=u:r:kernel:s0 tclass=capability permissive=0
11-19 04:51:20.131 0 0 I auditd : type=1400 audit(0.0:11141): avc: denied { kill } for comm="swapper/0" capability=5 scontext=u:r:kernel:s0 tcontext=u:r:kernel:s0 tclass=capability permissive=0
11-19 04:51:21.131 0 0 I auditd : type=1400 audit(0.0:11142): avc: denied { kill } for comm="swapper/0" capability=5 scontext=u:r:kernel:s0 tcontext=u:r:kernel:s0 tclass=capability permissive=0
11-19 04:51:22.131 0 0 I auditd : type=1400 audit(0.0:11143): avc: denied { kill } for comm="swapper/0" capability=5 scontext=u:r:kernel:s0 tcontext=u:r:kernel:s0 tclass=capability permissive=0
11-19 04:51:23.131 0 0 I auditd : type=1400 audit(0.0:11144): avc: denied { kill } for comm="swapper/0" capability=5 scontext=u:r:kernel:s0 tcontext=u:r:kernel:s0 tclass=capability permissive=0
11-19 04:51:24.131 0 0 I auditd : type=1400 audit(0.0:11145): avc: denied { kill } for comm="swapper/0" capability=5 scontext=u:r:kernel:s0 tcontext=u:r:kernel:s0 tclass=capability permissive=0
11-19 04:51:25.131 0 0 I auditd : type=1400 audit(0.0:11146): avc: denied { kill } for comm="swapper/0" capability=5 scontext=u:r:kernel:s0 tcontext=u:r:kernel:s0 tclass=capability permissive=0
11-19 04:51:26.131 0 0 I auditd : type=1400 audit(0.0:11147): avc: denied { kill } for comm="swapper/0" capability=5 scontext=u:r:kernel:s0 tcontext=u:r:kernel:s0 tclass=capability permissive=0
11-19 04:51:27.131 0 0 I auditd : type=1400 audit(0.0:11148): avc: denied { kill } for comm="swapper/0" capability=5 scontext=u:r:kernel:s0 tcontext=u:r:kernel:s0 tclass=capability permissive=0
11-19 04:51:28.131 0 0 I auditd : type=1400 audit(0.0:11149): avc: denied { kill } for comm="swapper/0" capability=5 scontext=u:r:kernel:s0 tcontext=u:r:kernel:s0 tclass=capability permissive=0
11-19 04:51:29.131 0 0 I auditd : type=1400 audit(0.0:11150): avc: denied { kill } for comm="swapper/0" capability=5 scontext=u:r:kernel:s0 tcontext=u:r:kernel:s0 tclass=capability permissive=0
11-19 04:51:30.131 0 0 I auditd : type=1400 audit(0.0:11151): avc: denied { kill } for comm="swapper/0" capability=5 scontext=u:r:kernel:s0 tcontext=u:r:kernel:s0 tclass=capability permissive=0
11-19 04:51:31.131 0 0 I auditd : type=1400 audit(0.0:11152): avc: denied { kill } for comm="swapper/0" capability=5 scontext=u:r:kernel:s0 tcontext=u:r:kernel:s0 tclass=capability permissive=0
11-19 04:51:32.131 0 0 I auditd : type=1400 audit(0.0:11153): avc: denied { kill } for comm="swapper/0" capability=5 scontext=u:r:kernel:s0 tcontext=u:r:kernel:s0 tclass=capability permissive=0
11-19 04:51:33.131 354 354 I auditd : type=1400 audit(0.0:11154): avc: denied { kill } for comm="irq/382-atmel_m" capability=5 scontext=u:r:kernel:s0 tcontext=u:r:kernel:s0 tclass=capability permissive=0
11-19 04:51:34.131 0 0 I auditd : type=1400 audit(0.0:11155): avc: denied { kill } for comm="swapper/0" capability=5 scontext=u:r:kernel:s0 tcontext=u:r:kernel:s0 tclass=capability permissive=0
11-19 04:51:35.131 0 0 I auditd : type=1400 audit(0.0:11156): avc: denied { kill } for comm="swapper/0" capability=5 scontext=u:r:kernel:s0 tcontext=u:r:kernel:s0 tclass=capability permissive=0
11-19 04:51:36.131 0 0 I auditd : type=1400 audit(0.0:11157): avc: denied { kill } for comm="swapper/0" capability=5 scontext=u:r:kernel:s0 tcontext=u:r:kernel:s0 tclass=capability permissive=0
11-19 04:51:37.131 0 0 I auditd : type=1400 audit(0.0:11158): avc: denied { kill } for comm="swapper/0" capability=5 scontext=u:r:kernel:s0 tcontext=u:r:kernel:s0 tclass=capability permissive=0
11-19 04:51:38.131 0 0 I auditd : type=1400 audit(0.0:11159): avc: denied { kill } for comm="swapper/0" capability=5 scontext=u:r:kernel:s0 tcontext=u:r:kernel:s0 tclass=capability permissive=0
11-19 04:51:39.029 1499 1663 V DisplayPowerController[0]: Brightness [0.05] reason changing to: 'manual [ dim ]', previous reason: 'manual'.
11-19 04:51:39.029 1499 1663 I sysui_multi_action: [757,1696,758,6,759,2]
11-19 04:51:39.030 1499 1663 W PowerManagerService: Screen on took 231785 ms
11-19 04:51:39.038 1499 2319 E DisplayDeviceConfig: requesting nits when no mapping exists.
11-19 04:51:39.039 1499 1645 I am_wtf : [0,1499,system_server,-1,DisplayDeviceConfig,requesting nits when no mapping exists.]
11-19 04:51:39.039 1499 2319 E DisplayDeviceConfig: requesting nits when no mapping exists.
11-19 04:51:39.042 1499 1645 I DropBoxManagerService: add tag=system_server_wtf isTagEnabled=true flags=0x2
11-19 04:51:39.045 1499 1645 I am_wtf : [0,1499,system_server,-1,DisplayDeviceConfig,requesting nits when no mapping exists.]
11-19 04:51:39.046 1499 1645 I DropBoxManagerService: add tag=system_server_wtf isTagEnabled=true flags=0x2
11-19 04:51:39.053 1499 2319 E DisplayDeviceConfig: requesting nits when no mapping exists.
11-19 04:51:39.054 1499 2319 E DisplayDeviceConfig: requesting nits when no mapping exists.
11-19 04:51:39.054 1499 1645 I am_wtf : [0,1499,system_server,-1,DisplayDeviceConfig,requesting nits when no mapping exists.]
11-19 04:51:39.055 1499 1645 I DropBoxManagerService: add tag=system_server_wtf isTagEnabled=true flags=0x2
11-19 04:51:39.056 1499 1645 I am_wtf : [0,1499,system_server,-1,DisplayDeviceConfig,requesting nits when no mapping exists.]
11-19 04:51:39.057 1499 1645 I DropBoxManagerService: add tag=system_server_wtf isTagEnabled=true flags=0x2
11-19 04:51:39.064 1499 2319 E DisplayDeviceConfig: requesting nits when no mapping exists.
11-19 04:51:39.064 1499 1645 I am_wtf : [0,1499,system_server,-1,DisplayDeviceConfig,requesting nits when no mapping exists.]
11-19 04:51:39.064 1499 2319 E DisplayDeviceConfig: requesting nits when no mapping exists.
11-19 04:51:39.065 1499 1645 I DropBoxManagerService: add tag=system_server_wtf isTagEnabled=true flags=0x2
11-19 04:51:39.066 1499 1645 I am_wtf : [0,1499,system_server,-1,DisplayDeviceConfig,requesting nits when no mapping exists.]
11-19 04:51:39.080 1499 2319 E DisplayDeviceConfig: requesting nits when no mapping exists.
11-19 04:51:39.081 1499 2319 E DisplayDeviceConfig: requesting nits when no mapping exists.
11-19 04:51:39.082 1499 1645 I am_wtf : [0,1499,system_server,-1,DisplayDeviceConfig,requesting nits when no mapping exists.]
11-19 04:51:39.083 1499 1645 I am_wtf : [0,1499,system_server,-1,DisplayDeviceConfig,requesting nits when no mapping exists.]
11-19 04:51:39.097 1499 2319 E DisplayDeviceConfig: requesting nits when no mapping exists.
11-19 04:51:39.098 1499 2319 E DisplayDeviceConfig: requesting nits when no mapping exists.
11-19 04:51:39.098 1499 1645 I am_wtf : [0,1499,system_server,-1,DisplayDeviceConfig,requesting nits when no mapping exists.]
11-19 04:51:39.099 1499 1645 I am_wtf : [0,1499,system_server,-1,DisplayDeviceConfig,requesting nits when no mapping exists.]
11-19 04:51:39.114 1499 2319 E DisplayDeviceConfig: requesting nits when no mapping exists.
11-19 04:51:39.114 1499 2319 E DisplayDeviceConfig: requesting nits when no mapping exists.
11-19 04:51:39.114 1499 1645 I am_wtf : [0,1499,system_server,-1,DisplayDeviceConfig,requesting nits when no mapping exists.]
11-19 04:51:39.116 1499 1645 I am_wtf : [0,1499,system_server,-1,DisplayDeviceConfig,requesting nits when no mapping exists.]
11-19 04:51:39.130 1499 2319 E DisplayDeviceConfig: requesting nits when no mapping exists.
11-19 04:51:39.131 1499 2319 E DisplayDeviceConfig: requesting nits when no mapping exists.
11-19 04:51:39.131 1499 1645 I am_wtf : [0,1499,system_server,-1,DisplayDeviceConfig,requesting nits when no mapping exists.]
11-19 04:51:39.132 1499 1645 I am_wtf : [0,1499,system_server,-1,DisplayDeviceConfig,requesting nits when no mapping exists.]
11-19 04:51:39.131 354 354 I auditd : type=1400 audit(0.0:11160): avc: denied { kill } for comm="irq/382-atmel_m" capability=5 scontext=u:r:kernel:s0 tcontext=u:r:kernel:s0 tclass=capability permissive=0
11-19 04:51:39.148 1499 2319 E DisplayDeviceConfig: requesting nits when no mapping exists.
11-19 04:51:39.148 1499 2319 E DisplayDeviceConfig: requesting nits when no mapping exists.
11-19 04:51:39.148 1499 1645 I am_wtf : [0,1499,system_server,-1,DisplayDeviceConfig,requesting nits when no mapping exists.]
11-19 04:51:39.150 1499 1645 I am_wtf : [0,1499,system_server,-1,DisplayDeviceConfig,requesting nits when no mapping exists.]
11-19 04:51:39.164 1499 2319 E DisplayDeviceConfig: requesting nits when no mapping exists.
11-19 04:51:39.165 1499 2319 E DisplayDeviceConfig: requesting nits when no mapping exists.
11-19 04:51:39.165 1499 1645 I am_wtf : [0,1499,system_server,-1,DisplayDeviceConfig,requesting nits when no mapping exists.]
11-19 04:51:39.166 1499 1645 I am_wtf : [0,1499,system_server,-1,DisplayDeviceConfig,requesting nits when no mapping exists.]
11-19 04:51:39.181 1499 2319 E DisplayDeviceConfig: requesting nits when no mapping exists.
11-19 04:51:39.182 1499 2319 E DisplayDeviceConfig: requesting nits when no mapping exists.
11-19 04:51:39.182 1499 1645 I am_wtf : [0,1499,system_server,-1,DisplayDeviceConfig,requesting nits when no mapping exists.]
11-19 04:51:39.183 1499 1645 I am_wtf : [0,1499,system_server,-1,DisplayDeviceConfig,requesting nits when no mapping exists.]
11-19 04:51:39.197 1499 2319 E DisplayDeviceConfig: requesting nits when no mapping exists.
11-19 04:51:39.198 1499 2319 E DisplayDeviceConfig: requesting nits when no mapping exists.
11-19 04:51:39.198 1499 1645 I am_wtf : [0,1499,system_server,-1,DisplayDeviceConfig,requesting nits when no mapping exists.]
11-19 04:51:39.199 1499 1645 I am_wtf : [0,1499,system_server,-1,DisplayDeviceConfig,requesting nits when no mapping exists.]
11-19 04:51:39.214 1499 2319 E DisplayDeviceConfig: requesting nits when no mapping exists.
11-19 04:51:39.215 1499 2319 E DisplayDeviceConfig: requesting nits when no mapping exists.
11-19 04:51:39.215 1499 1645 I am_wtf : [0,1499,system_server,-1,DisplayDeviceConfig,requesting nits when no mapping exists.]
11-19 04:51:39.216 1499 1645 I am_wtf : [0,1499,system_server,-1,DisplayDeviceConfig,requesting nits when no mapping exists.]
11-19 04:51:39.231 1499 2319 E DisplayDeviceConfig: requesting nits when no mapping exists.
11-19 04:51:39.232 1499 2319 E DisplayDeviceConfig: requesting nits when no mapping exists.
11-19 04:51:39.232 1499 1645 I am_wtf : [0,1499,system_server,-1,DisplayDeviceConfig,requesting nits when no mapping exists.]
11-19 04:51:39.233 1499 1645 I am_wtf : [0,1499,system_server,-1,DisplayDeviceConfig,requesting nits when no mapping exists.]
11-19 04:51:39.247 1499 2319 E DisplayDeviceConfig: requesting nits when no mapping exists.
11-19 04:51:39.248 1499 2319 E DisplayDeviceConfig: requesting nits when no mapping exists.
11-19 04:51:39.248 1499 1645 I am_wtf : [0,1499,system_server,-1,DisplayDeviceConfig,requesting nits when no mapping exists.]
11-19 04:51:39.249 1499 1645 I am_wtf : [0,1499,system_server,-1,DisplayDeviceConfig,requesting nits when no mapping exists.]
11-19 04:51:39.264 1499 2319 E DisplayDeviceConfig: requesting nits when no mapping exists.
11-19 04:51:39.265 1499 1645 I am_wtf : [0,1499,system_server,-1,DisplayDeviceConfig,requesting nits when no mapping exists.]
11-19 04:51:39.265 1499 2319 E DisplayDeviceConfig: requesting nits when no mapping exists.
11-19 04:51:39.266 1499 1645 I am_wtf : [0,1499,system_server,-1,DisplayDeviceConfig,requesting nits when no mapping exists.]
11-19 04:51:39.281 1499 2319 E DisplayDeviceConfig: requesting nits when no mapping exists.
11-19 04:51:39.282 1499 1645 I am_wtf : [0,1499,system_server,-1,DisplayDeviceConfig,requesting nits when no mapping exists.]
11-19 04:51:39.282 1499 2319 E DisplayDeviceConfig: requesting nits when no mapping exists.
11-19 04:51:39.282 1499 1645 I am_wtf : [0,1499,system_server,-1,DisplayDeviceConfig,requesting nits when no mapping exists.]
11-19 04:51:39.297 1499 2319 E DisplayDeviceConfig: requesting nits when no mapping exists.
11-19 04:51:39.298 1499 1645 I am_wtf : [0,1499,system_server,-1,DisplayDeviceConfig,requesting nits when no mapping exists.]
11-19 04:51:39.298 1499 2319 E DisplayDeviceConfig: requesting nits when no mapping exists.
11-19 04:51:39.299 1499 1645 I am_wtf : [0,1499,system_server,-1,DisplayDeviceConfig,requesting nits when no mapping exists.]
11-19 04:51:39.314 1499 2319 E DisplayDeviceConfig: requesting nits when no mapping exists.
11-19 04:51:39.315 1499 2319 E DisplayDeviceConfig: requesting nits when no mapping exists.
11-19 04:51:39.316 1499 1645 I am_wtf : [0,1499,system_server,-1,DisplayDeviceConfig,requesting nits when no mapping exists.]
11-19 04:51:39.317 1499 1645 I am_wtf : [0,1499,system_server,-1,DisplayDeviceConfig,requesting nits when no mapping exists.]
11-19 04:51:39.331 1499 2319 E DisplayDeviceConfig: requesting nits when no mapping exists.
11-19 04:51:39.331 1499 1645 I am_wtf : [0,1499,system_server,-1,DisplayDeviceConfig,requesting nits when no mapping exists.]
11-19 04:51:39.331 1499 2319 E DisplayDeviceConfig: requesting nits when no mapping exists.
