11-19 04:48:02.414 1499 1831 I input_focus: [Focus entering 9660cd3 com.android.settings/com.android.settings.Settings (server),reason=Window became focusable. Previous reason: NOT_VISIBLE]
11-19 04:48:02.423 10325 10325 W CarrierConfigManager: Error getting config for subId -1 ICarrierConfigLoader is null
11-19 04:48:02.426 1499 8632 E UserRestrictionsUtils: Unknown restriction queried by uid 1000 (com.android.location.fused et al): null
11-19 04:48:02.453 10325 10325 I sysui_multi_action: [757,746,758,1,833,0,1089,40]
11-19 04:48:02.454 1499 8632 D TelephonyRegistry: listen oscl: mHasNotifySubscriptionInfoChangedOccurred==false no callback
11-19 04:48:02.456 1499 8632 D TelephonyRegistry: listen oscl: mHasNotifySubscriptionInfoChangedOccurred==false no callback
11-19 04:48:02.461 10325 10325 I sysui_multi_action: [757,1729,758,4,854,isParalleledControllers:false,1089,48]
11-19 04:48:02.832 1499 1637 I wm_stop_activity: [0,19758722,com.android.launcher3/.uioverrides.QuickstepLauncher]
11-19 04:48:02.874 2802 2802 I wm_on_stop_called: [19758722,com.android.launcher3.uioverrides.QuickstepLauncher,STOP_ACTIVITY_ITEM]
11-19 04:48:02.883 7802 7838 W ContextImpl: Calling a method in the system process without a qualified user: android.app.ContextImpl.startService:1816 android.content.ContextWrapper.startService:774 com.thundercomm.gamemode.ingame.services.GameModeActionUtils.startGameModeService:93 com.thundercomm.gamemode.ingame.services.GameModeActionUtils.startGameModeEntry:21 com.thundercomm.gamemode.ingame.services.ActivityMonitoringService$1.onActivityLaunch:127
11-19 04:48:02.890 1499 1499 I GameModeConfig: Current uri is uri = content://com.thundercomm.gamemode.api/gamemode_settings/gamemode_isgaming
11-19 04:48:02.892 1499 1499 I GameModeConfig: isGameModeOn = false
11-19 04:48:02.893 1499 1499 I GameModeConfig: isGameModeOn = false
11-19 04:48:02.893 1499 1499 I GameModeConfig: isDisableVoice = true
11-19 04:48:03.977 1499 1831 I input_interaction: Interaction with: 9660cd3 com.android.settings/com.android.settings.Settings (server), edge-swipe (server), swipe-up (server), PointerEventDispatcher0 (server),
11-19 04:48:04.085 10325 10325 I sysui_multi_action: [757,830,758,4,833,0,854,homepage_search_bar,1089,0]
11-19 04:48:04.089 1499 2762 I ActivityTaskManager: START u0 {act=android.settings.APP_SEARCH_SETTINGS pkg=com.android.settings.intelligence cmp=com.android.settings.intelligence/.search.SearchActivity (has extras)} from uid 1000
11-19 04:48:04.095 1499 2762 D CompatibilityChangeReporter: Compat change id reported: 174042980; UID 10061; state: DISABLED
11-19 04:48:04.096 1499 2762 D CompatibilityChangeReporter: Compat change id reported: 184838306; UID 10061; state: DISABLED
11-19 04:48:04.097 1499 2762 D CompatibilityChangeReporter: Compat change id reported: 185004937; UID 10061; state: DISABLED
11-19 04:48:04.098 1499 2762 D CompatibilityChangeReporter: Compat change id reported: 181136395; UID 10061; state: DISABLED
11-19 04:48:04.098 1499 2762 D CompatibilityChangeReporter: Compat change id reported: 174042936; UID 10061; state: DISABLED
11-19 04:48:04.100 1499 2762 I wm_task_moved: [56,1,7]
11-19 04:48:04.100 1499 2762 I wm_set_resumed_activity: [0,com.android.settings/.Settings,positionChildAt]
11-19 04:48:04.102 1499 2762 I wm_create_activity: [0,60176010,56,com.android.settings.intelligence/.search.SearchActivity,android.settings.APP_SEARCH_SETTINGS,NULL,NULL,0]
11-19 04:48:04.103 1499 2762 I wm_pause_activity: [0,168892659,com.android.settings/.Settings,userLeaving=true,resumeTopActivityInnerLocked]
11-19 04:48:04.110 1499 1637 I am_uid_running: 10061
11-19 04:48:04.111 1499 1637 D CompatibilityChangeReporter: Compat change id reported: 135634846; UID 10061; state: DISABLED
11-19 04:48:04.111 1499 1637 D CompatibilityChangeReporter: Compat change id reported: 177438394; UID 10061; state: DISABLED
11-19 04:48:04.111 1499 1637 D CompatibilityChangeReporter: Compat change id reported: 135772972; UID 10061; state: DISABLED
11-19 04:48:04.111 1499 1637 D CompatibilityChangeReporter: Compat change id reported: 135754954; UID 10061; state: DISABLED
11-19 04:48:04.111 1499 1646 D CompatibilityChangeReporter: Compat change id reported: 143937733; UID 10061; state: DISABLED
11-19 04:48:04.118 1499 1646 I am_proc_start: [0,10385,10061,com.android.settings.intelligence,pre-top-activity,{com.android.settings.intelligence/com.android.settings.intelligence.search.SearchActivity}]
11-19 04:48:04.118 1499 1646 I ActivityManager: Start proc 10385:com.android.settings.intelligence/u0a61 for pre-top-activity {com.android.settings.intelligence/com.android.settings.intelligence.search.SearchActivity}
11-19 04:48:04.126 1499 10386 W ContextImpl: Calling a method in the system process without a qualified user: android.app.ContextImpl.sendBroadcast:1173 com.qualcomm.qti.Performance$SendGameLaunchBroadcast.run:217 java.lang.Thread.run:920
11-19 04:48:04.135 10325 10325 I wm_on_top_resumed_lost_called: [168892659,com.android.settings.Settings,topStateChangedWhenResumed]
11-19 04:48:04.136 10325 10325 I sysui_multi_action: [757,35,758,2,1089,1821]
11-19 04:48:04.138 10325 10325 I sysui_multi_action: [757,746,758,2,1089,1685]
11-19 04:48:04.141 10325 10325 I wm_on_paused_called: [168892659,com.android.settings.Settings,performPause]
11-19 04:48:04.141 1499 4678 I ActivityTaskManager: FOREGROUND_APPLICATION_CHANGED to com.android.settings.intelligence.search.SearchActivity
11-19 04:48:04.142 1499 4678 I wm_add_to_stopping: [0,168892659,com.android.settings/.Settings,makeInvisible]
11-19 04:48:04.144 1499 4678 D CompatibilityChangeReporter: Compat change id reported: 157233955; UID 1000; state: ENABLED
11-19 04:48:04.145 1499 4678 I am_proc_bound: [0,10385,com.android.settings.intelligence]
11-19 04:48:04.146 1499 1637 I sysui_multi_action: [757,803,799,window_time_0,802,2]
11-19 04:48:04.147 1499 4678 D CompatibilityChangeReporter: Compat change id reported: 168419799; UID 10061; state: DISABLED
11-19 04:48:04.150 1499 4678 I wm_restart_activity: [0,60176010,56,com.android.settings.intelligence/.search.SearchActivity]
11-19 04:48:04.152 1499 4678 I wm_set_resumed_activity: [0,com.android.settings.intelligence/.search.SearchActivity,minimalResumeActivityLocked]
11-19 04:48:04.153 1499 1637 I am_uid_active: 10061
11-19 04:48:04.159 1499 4678 W BluetoothManagerService: psc is not null in bindBluetoothProfileService
11-19 04:48:04.168 1499 1831 I input_focus: [Focus leaving 9660cd3 com.android.settings/com.android.settings.Settings (server),reason=NO_WINDOW]
11-19 04:48:04.169 10325 10352 I sysui_multi_action: [757,1727,758,4,854,com.android.settings.homepage.TopLevelSettings_com.android.settings.network.TopLevelNetworkEntryPreferenceController,1089,1]
11-19 04:48:04.172 7802 7838 W ContextImpl: Calling a method in the system process without a qualified user: android.app.ContextImpl.startService:1816 android.content.ContextWrapper.startService:774 com.thundercomm.gamemode.ingame.services.GameModeActionUtils.startGameModeService:93 com.thundercomm.gamemode.ingame.services.GameModeActionUtils.startGameModeEntry:21 com.thundercomm.gamemode.ingame.services.ActivityMonitoringService$1.onActivityLaunch:127
11-19 04:48:04.174 10385 10385 I wm_on_create_called: [60176010,com.android.settings.intelligence.search.SearchActivity,performCreate]
11-19 04:48:04.178 1499 1499 I GameModeConfig: Current uri is uri = content://com.thundercomm.gamemode.api/gamemode_settings/gamemode_isgaming
11-19 04:48:04.183 1499 1499 I GameModeConfig: isGameModeOn = false
11-19 04:48:04.183 1499 1499 I GameModeConfig: isGameModeOn = false
11-19 04:48:04.183 1499 1499 I GameModeConfig: isDisableVoice = true
11-19 04:48:04.188 10325 10352 I sysui_multi_action: [757,1727,758,4,854,com.android.settings.development.DevelopmentSettingsDashboardFragment_com.android.settings.development.Prefer5GNetworkSummaryController,1089,1]
11-19 04:48:04.192 10385 10385 I wm_on_start_called: [60176010,com.android.settings.intelligence.search.SearchActivity,handleStartActivity]
11-19 04:48:04.194 10385 10385 I wm_on_resume_called: [60176010,com.android.settings.intelligence.search.SearchActivity,RESUME_ACTIVITY]
11-19 04:48:04.199 10385 10385 I wm_on_top_resumed_gained_called: [60176010,com.android.settings.intelligence.search.SearchActivity,topStateChangedWhenResumed]
11-19 04:48:04.206 1499 1638 I input_focus: [Focus request 3a5ff9 com.android.settings.intelligence/com.android.settings.intelligence.search.SearchActivity,reason=UpdateInputWindows]
11-19 04:48:04.208 1499 8632 I am_uid_running: 10076
11-19 04:48:04.209 1499 8632 D CompatibilityChangeReporter: Compat change id reported: 135634846; UID 10076; state: DISABLED
11-19 04:48:04.209 1499 8632 D CompatibilityChangeReporter: Compat change id reported: 177438394; UID 10076; state: DISABLED
11-19 04:48:04.209 1499 8632 D CompatibilityChangeReporter: Compat change id reported: 135772972; UID 10076; state: DISABLED
11-19 04:48:04.209 1499 8632 D CompatibilityChangeReporter: Compat change id reported: 135754954; UID 10076; state: ENABLED
11-19 04:48:04.210 1499 1646 D CompatibilityChangeReporter: Compat change id reported: 143937733; UID 10076; state: ENABLED
11-19 04:48:04.217 1499 1646 I am_proc_start: [0,10409,10076,com.android.emergency,content provider,{com.android.emergency/com.android.emergency.EmergencySearchIndexablesProvider}]
11-19 04:48:04.217 1499 1646 I ActivityManager: Start proc 10409:com.android.emergency/u0a76 for content provider {com.android.emergency/com.android.emergency.EmergencySearchIndexablesProvider}
11-19 04:48:04.218 1499 1831 I input_focus: [Focus entering 9660cd3 com.android.settings/com.android.settings.Settings (server),reason=Window became focusable. Previous reason: NO_WINDOW]
11-19 04:48:04.235 1499 1831 I input_focus: [Focus leaving 9660cd3 com.android.settings/com.android.settings.Settings (server),reason=Waiting for window because NOT_VISIBLE]
11-19 04:48:04.241 1499 2762 D CompatibilityChangeReporter: Compat change id reported: 158482162; UID 1000; state: ENABLED
11-19 04:48:04.241 1499 8831 I am_proc_bound: [0,10409,com.android.emergency]
11-19 04:48:04.242 1499 8831 D CompatibilityChangeReporter: Compat change id reported: 168419799; UID 10076; state: DISABLED
11-19 04:48:04.243 1499 2762 D CompatibilityChangeReporter: Compat change id reported: 158482162; UID 1000; state: DISABLED
11-19 04:48:04.243 1499 8831 I am_uid_active: 10076
11-19 04:48:04.250 7802 7838 W ContextImpl: Calling a method in the system process without a qualified user: android.app.ContextImpl.startService:1816 android.content.ContextWrapper.startService:774 com.thundercomm.gamemode.ingame.services.GameModeActionUtils.startGameModeService:93 com.thundercomm.gamemode.ingame.services.GameModeActionUtils.startGameModeEntry:21 com.thundercomm.gamemode.ingame.services.ActivityMonitoringService$1.onActivityLaunch:127
11-19 04:48:04.256 1499 1499 I GameModeConfig: Current uri is uri = content://com.thundercomm.gamemode.api/gamemode_settings/gamemode_isgaming
11-19 04:48:04.259 1499 1499 I GameModeConfig: isGameModeOn = false
11-19 04:48:04.259 1499 1499 I GameModeConfig: isGameModeOn = false
11-19 04:48:04.259 1499 1499 I GameModeConfig: isDisableVoice = true
11-19 04:48:04.270 10325 10352 I sysui_multi_action: [757,1727,758,4,854,com.android.settings.display.darkmode.DarkModeSettingsFragment_com.android.settings.display.SyncDarkUIPreferenceController,1089,1]
11-19 04:48:04.283 1499 8831 I am_uid_active: 10094
11-19 04:48:04.296 1499 1634 I sysui_multi_action: [319,201,322,200,325,12563,757,761,758,7,759,2,806,com.android.settings.intelligence,871,com.android.settings.intelligence.search.SearchActivity,904,com.android.settings,905,0,945,58,1320,4,1321,1]
11-19 04:48:04.298 1499 1634 I wm_activity_launch_time: [0,60176010,com.android.settings.intelligence/.search.SearchActivity,200]
11-19 04:48:04.301 1499 1831 I input_focus: [Focus entering 3a5ff9 com.android.settings.intelligence/com.android.settings.intelligence.search.SearchActivity (server),reason=Window became focusable. Previous reason: NOT_VISIBLE]
11-19 04:48:04.339 10325 10339 W CarrierConfigManager: Error getting config for subId -1 ICarrierConfigLoader is null
11-19 04:48:04.341 10325 10339 I service_manager_stats: [100,59,12563700]
11-19 04:48:04.342 10325 10339 W CarrierConfigManager: Error getting config for subId -1 ICarrierConfigLoader is null
11-19 04:48:04.342 10325 10339 W CarrierConfigManager: Error getting config for subId -1 ICarrierConfigLoader is null
11-19 04:48:04.342 10325 10339 W CarrierConfigManager: Error getting config for subId -1 ICarrierConfigLoader is null
11-19 04:48:04.342 10325 10339 W CarrierConfigManager: Error getting config for subId -1 ICarrierConfigLoader is null
11-19 04:48:04.343 10325 10339 W CarrierConfigManager: Error getting config for subId -1 ICarrierConfigLoader is null
11-19 04:48:04.343 10325 10339 W CarrierConfigManager: Error getting config for subId -1 ICarrierConfigLoader is null
11-19 04:48:04.344 10325 10339 W CarrierConfigManager: Error getting config for subId -1 ICarrierConfigLoader is null
11-19 04:48:04.344 10325 10339 W CarrierConfigManager: Error getting config for subId -1 ICarrierConfigLoader is null
11-19 04:48:04.344 10325 10339 W CarrierConfigManager: Error getting config for subId -1 ICarrierConfigLoader is null
11-19 04:48:04.400 1499 2755 I service_manager_stats: [100,68,324094]
11-19 04:48:04.511 1499 2755 I am_uid_running: 10035
11-19 04:48:04.511 1499 2755 D CompatibilityChangeReporter: Compat change id reported: 135634846; UID 10035; state: DISABLED
11-19 04:48:04.511 1499 2755 D CompatibilityChangeReporter: Compat change id reported: 177438394; UID 10035; state: DISABLED
11-19 04:48:04.511 1499 2755 D CompatibilityChangeReporter: Compat change id reported: 135772972; UID 10035; state: DISABLED
11-19 04:48:04.511 1499 2755 D CompatibilityChangeReporter: Compat change id reported: 135754954; UID 10035; state: ENABLED
11-19 04:48:04.511 1499 1646 D CompatibilityChangeReporter: Compat change id reported: 143937733; UID 10035; state: ENABLED
11-19 04:48:04.518 1499 1646 I am_proc_start: [0,10444,10035,com.android.traceur,content provider,{com.android.traceur/com.android.traceur.SearchProvider}]
11-19 04:48:04.518 1499 1646 I ActivityManager: Start proc 10444:com.android.traceur/u0a35 for content provider {com.android.traceur/com.android.traceur.SearchProvider}
11-19 04:48:04.537 1499 2757 I am_proc_bound: [0,10444,com.android.traceur]
11-19 04:48:04.539 1499 2757 D CompatibilityChangeReporter: Compat change id reported: 168419799; UID 10035; state: DISABLED
11-19 04:48:04.541 1499 2757 I am_uid_active: 10035
11-19 04:48:04.570 1499 2757 I wm_add_to_stopping: [0,168892659,com.android.settings/.Settings,makeInvisible]
11-19 04:48:04.572 1499 1637 I wm_stop_activity: [0,168892659,com.android.settings/.Settings]
11-19 04:48:04.602 10325 10325 I wm_on_stop_called: [168892659,com.android.settings.Settings,STOP_ACTIVITY_ITEM]
11-19 04:48:04.623 7802 7838 W ContextImpl: Calling a method in the system process without a qualified user: android.app.ContextImpl.startService:1816 android.content.ContextWrapper.startService:774 com.thundercomm.gamemode.ingame.services.GameModeActionUtils.startGameModeService:93 com.thundercomm.gamemode.ingame.services.GameModeActionUtils.startGameModeEntry:21 com.thundercomm.gamemode.ingame.services.ActivityMonitoringService$1.onActivityLaunch:127
11-19 04:48:04.626 1499 1499 I GameModeConfig: Current uri is uri = content://com.thundercomm.gamemode.api/gamemode_settings/gamemode_isgaming
11-19 04:48:04.628 1499 1499 I GameModeConfig: isGameModeOn = false
11-19 04:48:04.629 1499 1499 I GameModeConfig: isGameModeOn = false
11-19 04:48:04.629 1499 1499 I GameModeConfig: isDisableVoice = true
11-19 04:48:05.722 1499 3791 E TaskPersister: File error accessing recents directory (directory doesn't exist?).
11-19 04:48:06.131 0 0 I auditd : type=1400 audit(0.0:8390): avc: denied { kill } for comm="swapper/3" capability=5 scontext=u:r:kernel:s0 tcontext=u:r:kernel:s0 tclass=capability permissive=0
11-19 04:48:07.131 0 0 I auditd : type=1400 audit(0.0:8391): avc: denied { kill } for comm="swapper/3" capability=5 scontext=u:r:kernel:s0 tcontext=u:r:kernel:s0 tclass=capability permissive=0
11-19 04:48:08.099 1499 1831 I input_interaction: Interaction with: da0927 InputMethod (server), edge-swipe (server), swipe-up (server), PointerEventDispatcher0 (server),
11-19 04:48:09.135 1167 10380 I iorapd : Perfetto TraceBuffer saved to file: /data/misc/iorapd/com.android.settings.intelligence/31/com.android.settings.intelligence.search.SearchActivity/raw_traces/1668804489132914534.perfetto_trace.pb
11-19 04:48:09.420 1499 2284 I GameModeConfig: isGameModeOn = false
11-19 04:48:09.421 1499 2284 I GameModeConfig: isGameModeOn = false
11-19 04:48:10.131 0 0 I auditd : type=1400 audit(0.0:8392): avc: denied { kill } for comm="swapper/1" capability=5 scontext=u:r:kernel:s0 tcontext=u:r:kernel:s0 tclass=capability permissive=0
11-19 04:48:10.931 10385 10385 I settings_latency: [1,58]
11-19 04:48:11.131 0 0 I auditd : type=1400 audit(0.0:8393): avc: denied { kill } for comm="swapper/1" capability=5 scontext=u:r:kernel:s0 tcontext=u:r:kernel:s0 tclass=capability permissive=0
11-19 04:48:11.513 1499 2284 I GameModeConfig: isGameModeOn = false
11-19 04:48:11.538 1499 2284 I GameModeConfig: isGameModeOn = false
11-19 04:48:11.552 1499 2284 I GameModeConfig: isGameModeOn = false
11-19 04:48:11.566 1499 2284 I GameModeConfig: isGameModeOn = false
11-19 04:48:11.574 1499 2284 I GameModeConfig: isGameModeOn = false
11-19 04:48:11.592 1499 2284 I GameModeConfig: isGameModeOn = false
11-19 04:48:11.608 1499 2284 I GameModeConfig: isGameModeOn = false
11-19 04:48:11.626 1499 2284 I GameModeConfig: isGameModeOn = false
11-19 04:48:11.642 1499 2284 I GameModeConfig: isGameModeOn = false
11-19 04:48:11.658 1499 2284 I GameModeConfig: isGameModeOn = false
11-19 04:48:11.676 1499 2284 I GameModeConfig: isGameModeOn = false
11-19 04:48:11.691 1499 2284 I GameModeConfig: isGameModeOn = false
11-19 04:48:11.709 1499 2284 I GameModeConfig: isGameModeOn = false
11-19 04:48:11.715 1499 2284 I GameModeConfig: isGameModeOn = false
11-19 04:48:11.726 1499 2284 I GameModeConfig: isGameModeOn = false
11-19 04:48:11.743 1499 2284 I GameModeConfig: isGameModeOn = false
11-19 04:48:11.745 1499 2284 I GameModeConfig: isGameModeOn = false
11-19 04:48:11.756 1499 2284 I GameModeConfig: isGameModeOn = false
11-19 04:48:11.758 1499 2284 I GameModeConfig: isGameModeOn = false
11-19 04:48:11.769 1499 2284 I GameModeConfig: isGameModeOn = false
11-19 04:48:11.776 1499 2284 I GameModeConfig: isGameModeOn = false
11-19 04:48:11.781 1499 2284 I GameModeConfig: isGameModeOn = false
11-19 04:48:11.795 1499 2284 I GameModeConfig: isGameModeOn = false
11-19 04:48:11.813 1499 2284 I GameModeConfig: isGameModeOn = false
11-19 04:48:11.829 1499 2284 I GameModeConfig: isGameModeOn = false
11-19 04:48:11.844 1499 2284 I GameModeConfig: isGameModeOn = false
11-19 04:48:11.863 1499 2284 I GameModeConfig: isGameModeOn = false
11-19 04:48:11.879 1499 2284 I GameModeConfig: isGameModeOn = false
11-19 04:48:11.897 1499 2284 I GameModeConfig: isGameModeOn = false
11-19 04:48:11.911 1499 2284 I GameModeConfig: isGameModeOn = false
11-19 04:48:11.931 1499 2284 I GameModeConfig: isGameModeOn = false
11-19 04:48:11.944 1499 2284 I GameModeConfig: isGameModeOn = false
11-19 04:48:11.962 1499 2284 I GameModeConfig: isGameModeOn = false
11-19 04:48:11.985 1499 2284 I GameModeConfig: isGameModeOn = false
11-19 04:48:12.131 0 0 I auditd : type=1400 audit(0.0:8394): avc: denied { kill } for comm="swapper/1" capability=5 scontext=u:r:kernel:s0 tcontext=u:r:kernel:s0 tclass=capability permissive=0
11-19 04:48:13.131 0 0 I auditd : type=1400 audit(0.0:8395): avc: denied { kill } for comm="swapper/1" capability=5 scontext=u:r:kernel:s0 tcontext=u:r:kernel:s0 tclass=capability permissive=0
11-19 04:48:13.288 10385 10385 I settings_latency: [1,20]
11-19 04:48:13.623 10385 10385 I settings_latency: [1,24]
11-19 04:48:13.922 10385 10385 I settings_latency: [1,22]
11-19 04:48:14.131 0 0 I auditd : type=1400 audit(0.0:8396): avc: denied { kill } for comm="swapper/1" capability=5 scontext=u:r:kernel:s0 tcontext=u:r:kernel:s0 tclass=capability permissive=0
11-19 04:48:15.131 0 0 I auditd : type=1400 audit(0.0:8397): avc: denied { kill } for comm="swapper/1" capability=5 scontext=u:r:kernel:s0 tcontext=u:r:kernel:s0 tclass=capability permissive=0
11-19 04:48:16.131 0 0 I auditd : type=1400 audit(0.0:8398): avc: denied { kill } for comm="swapper/1" capability=5 scontext=u:r:kernel:s0 tcontext=u:r:kernel:s0 tclass=capability permissive=0
11-19 04:48:16.522 1499 1831 I input_interaction: Interaction with: 3a5ff9 com.android.settings.intelligence/com.android.settings.intelligence.search.SearchActivity (server), edge-swipe (server), swipe-up (server), PointerEventDispatcher0 (server),
11-19 04:48:17.131 0 0 I auditd : type=1400 audit(0.0:8399): avc: denied { kill } for comm="swapper/1" capability=5 scontext=u:r:kernel:s0 tcontext=u:r:kernel:s0 tclass=capability permissive=0
11-19 04:48:18.131 0 0 I auditd : type=1400 audit(0.0:8400): avc: denied { kill } for comm="swapper/1" capability=5 scontext=u:r:kernel:s0 tcontext=u:r:kernel:s0 tclass=capability permissive=0
11-19 04:48:18.996 1499 1831 I input_interaction: Interaction with: da0927 InputMethod (server), edge-swipe (server), swipe-up (server), PointerEventDispatcher0 (server),
11-19 04:48:19.131 0 0 I auditd : type=1400 audit(0.0:8401): avc: denied { kill } for comm="swapper/1" capability=5 scontext=u:r:kernel:s0 tcontext=u:r:kernel:s0 tclass=capability permissive=0
11-19 04:48:20.131 0 0 I auditd : type=1400 audit(0.0:8402): avc: denied { kill } for comm="swapper/1" capability=5 scontext=u:r:kernel:s0 tcontext=u:r:kernel:s0 tclass=capability permissive=0
11-19 04:48:21.131 0 0 I auditd : type=1400 audit(0.0:8403): avc: denied { kill } for comm="swapper/1" capability=5 scontext=u:r:kernel:s0 tcontext=u:r:kernel:s0 tclass=capability permissive=0
11-19 04:48:22.131 0 0 I auditd : type=1400 audit(0.0:8404): avc: denied { kill } for comm="swapper/1" capability=5 scontext=u:r:kernel:s0 tcontext=u:r:kernel:s0 tclass=capability permissive=0
11-19 04:48:23.131 0 0 I auditd : type=1400 audit(0.0:8405): avc: denied { kill } for comm="swapper/1" capability=5 scontext=u:r:kernel:s0 tcontext=u:r:kernel:s0 tclass=capability permissive=0
11-19 04:48:24.131 0 0 I auditd : type=1400 audit(0.0:8406): avc: denied { kill } for comm="swapper/1" capability=5 scontext=u:r:kernel:s0 tcontext=u:r:kernel:s0 tclass=capability permissive=0
11-19 04:48:25.131 0 0 I auditd : type=1400 audit(0.0:8407): avc: denied { kill } for comm="swapper/1" capability=5 scontext=u:r:kernel:s0 tcontext=u:r:kernel:s0 tclass=capability permissive=0
11-19 04:48:26.131 0 0 I auditd : type=1400 audit(0.0:8408): avc: denied { kill } for comm="swapper/1" capability=5 scontext=u:r:kernel:s0 tcontext=u:r:kernel:s0 tclass=capability permissive=0
11-19 04:48:27.131 0 0 I auditd : type=1400 audit(0.0:8409): avc: denied { kill } for comm="swapper/1" capability=5 scontext=u:r:kernel:s0 tcontext=u:r:kernel:s0 tclass=capability permissive=0
11-19 04:48:28.131 0 0 I auditd : type=1400 audit(0.0:8410): avc: denied { kill } for comm="swapper/1" capability=5 scontext=u:r:kernel:s0 tcontext=u:r:kernel:s0 tclass=capability permissive=0
11-19 04:48:29.131 0 0 I auditd : type=1400 audit(0.0:8411): avc: denied { kill } for comm="swapper/1" capability=5 scontext=u:r:kernel:s0 tcontext=u:r:kernel:s0 tclass=capability permissive=0
11-19 04:48:30.131 0 0 I auditd : type=1400 audit(0.0:8412): avc: denied { kill } for comm="swapper/1" capability=5 scontext=u:r:kernel:s0 tcontext=u:r:kernel:s0 tclass=capability permissive=0
11-19 04:48:31.131 0 0 I auditd : type=1400 audit(0.0:8413): avc: denied { kill } for comm="swapper/1" capability=5 scontext=u:r:kernel:s0 tcontext=u:r:kernel:s0 tclass=capability permissive=0
11-19 04:48:32.131 0 0 I auditd : type=1400 audit(0.0:8414): avc: denied { kill } for comm="swapper/1" capability=5 scontext=u:r:kernel:s0 tcontext=u:r:kernel:s0 tclass=capability permissive=0
11-19 04:48:33.131 0 0 I auditd : type=1400 audit(0.0:8415): avc: denied { kill } for comm="swapper/1" capability=5 scontext=u:r:kernel:s0 tcontext=u:r:kernel:s0 tclass=capability permissive=0
11-19 04:48:34.131 0 0 I auditd : type=1400 audit(0.0:8416): avc: denied { kill } for comm="swapper/1" capability=5 scontext=u:r:kernel:s0 tcontext=u:r:kernel:s0 tclass=capability permissive=0
11-19 04:48:35.131 0 0 I auditd : type=1400 audit(0.0:8417): avc: denied { kill } for comm="swapper/1" capability=5 scontext=u:r:kernel:s0 tcontext=u:r:kernel:s0 tclass=capability permissive=0
11-19 04:48:36.131 0 0 I auditd : type=1400 audit(0.0:8418): avc: denied { kill } for comm="swapper/1" capability=5 scontext=u:r:kernel:s0 tcontext=u:r:kernel:s0 tclass=capability permissive=0
11-19 04:48:37.131 0 0 I auditd : type=1400 audit(0.0:8419): avc: denied { kill } for comm="swapper/1" capability=5 scontext=u:r:kernel:s0 tcontext=u:r:kernel:s0 tclass=capability permissive=0
11-19 04:48:38.131 0 0 I auditd : type=1400 audit(0.0:8420): avc: denied { kill } for comm="swapper/1" capability=5 scontext=u:r:kernel:s0 tcontext=u:r:kernel:s0 tclass=capability permissive=0
11-19 04:48:38.255 1499 1831 I input_interaction: Interaction with: 9bf6310 PopupWindow:9a0e79e (server), PointerEventDispatcher0 (server),
11-19 04:48:39.118 1499 1831 I input_interaction: Interaction with: 9bf6310 PopupWindow:9a0e79e (server), edge-swipe (server), swipe-up (server), PointerEventDispatcher0 (server),
11-19 04:48:40.131 0 0 I auditd : type=1400 audit(0.0:8421): avc: denied { kill } for comm="swapper/1" capability=5 scontext=u:r:kernel:s0 tcontext=u:r:kernel:s0 tclass=capability permissive=0
11-19 04:48:40.932 1499 1654 W BatteryExternalStatsWorker: error reading modem stats:ERROR_PHONE_NOT_AVAILABLE
11-19 04:48:40.957 1499 1654 E KernelCpuSpeedReader: Failed to read cpu-freq: /sys/devices/system/cpu/cpu4/cpufreq/stats/time_in_state: open failed: ENOENT (No such file or directory)
11-19 04:48:40.957 1499 1654 E KernelCpuSpeedReader: Failed to read cpu-freq: /sys/devices/system/cpu/cpu0/cpufreq/stats/time_in_state: open failed: ENOENT (No such file or directory)
11-19 04:48:40.955 565 565 I auditd : type=1400 audit(0.0:8422): avc: denied { read } for comm="Binder:565_2" name="wakeup58" dev="sysfs" ino=71858 scontext=u:r:system_suspend:s0 tcontext=u:object_r:sysfs:s0 tclass=dir permissive=0
11-19 04:48:40.955 565 565 I auditd : type=1400 audit(0.0:8423): avc: denied { read } for comm="Binder:565_2" name="wakeup48" dev="sysfs" ino=67434 scontext=u:r:system_suspend:s0 tcontext=u:object_r:sysfs:s0 tclass=dir permissive=0
11-19 04:48:40.955 565 565 I auditd : type=1400 audit(0.0:8424): avc: denied { read } for comm="Binder:565_2" name="wakeup4" dev="sysfs" ino=47032 scontext=u:r:system_suspend:s0 tcontext=u:object_r:sysfs:s0 tclass=dir permissive=0
11-19 04:48:40.955 565 565 I auditd : type=1400 audit(0.0:8425): avc: denied { read } for comm="Binder:565_2" name="wakeup76" dev="sysfs" ino=76901 scontext=u:r:system_suspend:s0 tcontext=u:object_r:sysfs:s0 tclass=dir permissive=0
11-19 04:48:40.959 565 565 I auditd : type=1400 audit(0.0:8426): avc: denied { read } for comm="Binder:565_2" name="wakeup28" dev="sysfs" ino=53237 scontext=u:r:system_suspend:s0 tcontext=u:object_r:sysfs:s0 tclass=dir permissive=0
11-19 04:48:40.990 1499 1644 I commit_sys_config_file: [batterystats,8]
11-19 04:48:40.991 1499 1644 I commit_sys_config_file: [batterystats,1]
11-19 04:48:42.131 0 0 I auditd : type=1400 audit(0.0:8472): avc: denied { kill } for comm="swapper/1" capability=5 scontext=u:r:kernel:s0 tcontext=u:r:kernel:s0 tclass=capability permissive=0
11-19 04:48:43.131 0 0 I auditd : type=1400 audit(0.0:8473): avc: denied { kill } for comm="swapper/1" capability=5 scontext=u:r:kernel:s0 tcontext=u:r:kernel:s0 tclass=capability permissive=0
11-19 04:48:44.131 0 0 I auditd : type=1400 audit(0.0:8474): avc: denied { kill } for comm="swapper/1" capability=5 scontext=u:r:kernel:s0 tcontext=u:r:kernel:s0 tclass=capability permissive=0
11-19 04:48:45.131 0 0 I auditd : type=1400 audit(0.0:8475): avc: denied { kill } for comm="swapper/1" capability=5 scontext=u:r:kernel:s0 tcontext=u:r:kernel:s0 tclass=capability permissive=0
11-19 04:48:46.131 0 0 I auditd : type=1400 audit(0.0:8476): avc: denied { kill } for comm="swapper/1" capability=5 scontext=u:r:kernel:s0 tcontext=u:r:kernel:s0 tclass=capability permissive=0
11-19 04:48:46.223 1499 1793 D ActivityManager: freezing 10055 com.android.gallery3d
11-19 04:48:46.223 1499 1793 E ActivityManager: Unable to freeze binder for 10055 com.android.gallery3d
11-19 04:48:46.224 1499 1793 D ActivityManager: froze 10055 com.android.gallery3d
11-19 04:48:46.224 1499 1793 I am_freeze: [10055,com.android.gallery3d]
11-19 04:48:46.225 1499 1793 E ActivityManager: Unable to freeze binder for 10055 com.android.gallery3d
11-19 04:48:46.226 1499 1793 D ActivityManager: freezing 10056 com.android.calendar
11-19 04:48:46.226 1499 1793 E ActivityManager: Unable to freeze binder for 10056 com.android.calendar
11-19 04:48:46.227 1499 1793 D ActivityManager: froze 10056 com.android.calendar
11-19 04:48:46.227 1499 1793 I am_freeze: [10056,com.android.calendar]
11-19 04:48:46.227 1499 1793 E ActivityManager: Unable to freeze binder for 10056 com.android.calendar
11-19 04:48:46.228 1499 1793 I ActivityManager: Killing 10055:com.android.gallery3d/u0a66 (adj 935): Unable to freeze binder interface
11-19 04:48:46.228 1499 1793 I am_kill : [0,10055,com.android.gallery3d,935,Unable to freeze binder interface]
11-19 04:48:46.237 1499 1793 I ActivityManager: Killing 10056:com.android.calendar/u0a62 (adj 925): Unable to freeze binder interface
11-19 04:48:46.237 1499 1793 I am_kill : [0,10056,com.android.calendar,925,Unable to freeze binder interface]
11-19 04:48:46.264 1499 8917 I am_proc_died: [0,10055,com.android.gallery3d,935,19]
11-19 04:48:46.265 1499 8917 I am_uid_stopped: 10066
11-19 04:48:46.274 1499 1637 I am_uid_running: 10066
11-19 04:48:46.275 1499 1637 D CompatibilityChangeReporter: Compat change id reported: 135634846; UID 10066; state: DISABLED
11-19 04:48:46.275 1499 1637 D CompatibilityChangeReporter: Compat change id reported: 177438394; UID 10066; state: DISABLED
11-19 04:48:46.275 1499 1637 D CompatibilityChangeReporter: Compat change id reported: 135772972; UID 10066; state: DISABLED
11-19 04:48:46.275 1499 1637 D CompatibilityChangeReporter: Compat change id reported: 135754954; UID 10066; state: DISABLED
11-19 04:48:46.275 1499 1646 D CompatibilityChangeReporter: Compat change id reported: 143937733; UID 10066; state: DISABLED
11-19 04:48:46.275 1499 1637 W ActivityManager: ProcessRecord{78e8de6 10056:com.android.calendar/u0a62} is attached to a previous process
11-19 04:48:46.275 1499 1637 I am_uid_stopped: 10062
11-19 04:48:46.275 1499 1637 W ActivityManager: Existing proc ProcessRecord{78e8de6 10056:com.android.calendar/u0a62} was killed 38ms ago when adding ProcessRecord{e554758 0:com.android.calendar/u0a62}
11-19 04:48:46.276 1499 1637 I am_uid_running: 10062
11-19 04:48:46.276 1499 1637 D CompatibilityChangeReporter: Compat change id reported: 135634846; UID 10062; state: DISABLED
11-19 04:48:46.276 1499 1637 D CompatibilityChangeReporter: Compat change id reported: 177438394; UID 10062; state: DISABLED
11-19 04:48:46.276 1499 1637 D CompatibilityChangeReporter: Compat change id reported: 135772972; UID 10062; state: DISABLED
11-19 04:48:46.276 1499 1637 D CompatibilityChangeReporter: Compat change id reported: 135754954; UID 10062; state: DISABLED
11-19 04:48:46.283 1499 8917 I am_proc_died: [0,10056,com.android.calendar,925,19]
11-19 04:48:46.283 1499 1644 I am_pss : [10385,10061,com.android.settings.intelligence,117478400,84213760,0,303190016,0,2,10]
11-19 04:48:46.296 1499 1646 I am_proc_start: [0,10477,10066,com.android.gallery3d,NULL,]
11-19 04:48:46.296 1499 1646 I ActivityManager: Start proc 10477:com.android.gallery3d/u0a66 for null
11-19 04:48:46.296 1499 1646 D CompatibilityChangeReporter: Compat change id reported: 143937733; UID 10062; state: DISABLED
11-19 04:48:46.296 1499 1644 I am_pss : [10325,1000,com.android.settings,47776768,36024320,0,193617920,0,15,9]
11-19 04:48:46.303 1499 1644 I am_pss : [10444,10035,com.android.traceur,9531392,6316032,0,97517568,0,19,6]
11-19 04:48:46.306 1499 1646 I am_proc_start: [0,10478,10062,com.android.calendar,NULL,]
11-19 04:48:46.306 1499 1646 I ActivityManager: Start proc 10478:com.android.calendar/u0a62 for null
11-19 04:48:46.311 1499 1644 I am_pss : [10409,10076,com.android.emergency,8958976,5931008,0,95469568,0,19,6]
11-19 04:48:46.318 1499 1644 I am_pss : [10272,10089,com.qualcomm.qti.qccauthmgr,6364160,4296704,0,95109120,0,19,5]
11-19 04:48:46.326 1499 8917 I am_proc_bound: [0,10477,com.android.gallery3d]
11-19 04:48:46.327 1499 8917 D CompatibilityChangeReporter: Compat change id reported: 168419799; UID 10066; state: DISABLED
11-19 04:48:46.340 1499 8917 I am_proc_bound: [0,10478,com.android.calendar]
11-19 04:48:46.341 1499 8917 D CompatibilityChangeReporter: Compat change id reported: 168419799; UID 10062; state: DISABLED
11-19 04:48:47.131 0 0 I auditd : type=1400 audit(0.0:8477): avc: denied { kill } for comm="swapper/1" capability=5 scontext=u:r:kernel:s0 tcontext=u:r:kernel:s0 tclass=capability permissive=0
11-19 04:48:47.502 1499 1645 I am_uid_idle: 10050
11-19 04:48:48.131 10049 10049 I auditd : type=1400 audit(0.0:8478): avc: denied { kill } for comm="kworker/u16:12" capability=5 scontext=u:r:kernel:s0 tcontext=u:r:kernel:s0 tclass=capability permissive=0
11-19 04:48:49.131 0 0 I auditd : type=1400 audit(0.0:8479): avc: denied { kill } for comm="swapper/1" capability=5 scontext=u:r:kernel:s0 tcontext=u:r:kernel:s0 tclass=capability permissive=0
11-19 04:48:50.131 0 0 I auditd : type=1400 audit(0.0:8480): avc: denied { kill } for comm="swapper/1" capability=5 scontext=u:r:kernel:s0 tcontext=u:r:kernel:s0 tclass=capability permissive=0
11-19 04:48:50.427 1499 1645 I am_uid_idle: 10063
11-19 04:48:51.131 0 0 I auditd : type=1400 audit(0.0:8481): avc: denied { kill } for comm="swapper/1" capability=5 scontext=u:r:kernel:s0 tcontext=u:r:kernel:s0 tclass=capability permissive=0
11-19 04:48:52.131 0 0 I auditd : type=1400 audit(0.0:8482): avc: denied { kill } for comm="swapper/1" capability=5 scontext=u:r:kernel:s0 tcontext=u:r:kernel:s0 tclass=capability permissive=0
11-19 04:48:53.131 0 0 I auditd : type=1400 audit(0.0:8483): avc: denied { kill } for comm="swapper/1" capability=5 scontext=u:r:kernel:s0 tcontext=u:r:kernel:s0 tclass=capability permissive=0
11-19 04:48:54.262 10385 10385 I settings_latency: [1,51]
11-19 04:48:55.086 1499 1831 I input_interaction: Interaction with: 3a5ff9 com.android.settings.intelligence/com.android.settings.intelligence.search.SearchActivity (server), edge-swipe (server), swipe-up (server), PointerEventDispatcher0 (server),
11-19 04:48:55.131 0 0 I auditd : type=1400 audit(0.0:8484): avc: denied { kill } for comm="swapper/1" capability=5 scontext=u:r:kernel:s0 tcontext=u:r:kernel:s0 tclass=capability permissive=0
11-19 04:48:56.131 0 0 I auditd : type=1400 audit(0.0:8485): avc: denied { kill } for comm="swapper/1" capability=5 scontext=u:r:kernel:s0 tcontext=u:r:kernel:s0 tclass=capability permissive=0
11-19 04:48:57.131 0 0 I auditd : type=1400 audit(0.0:8486): avc: denied { kill } for comm="swapper/1" capability=5 scontext=u:r:kernel:s0 tcontext=u:r:kernel:s0 tclass=capability permissive=0
11-19 04:48:57.915 1499 1831 I input_interaction: Interaction with: da0927 InputMethod (server), edge-swipe (server), swipe-up (server), PointerEventDispatcher0 (server),
11-19 04:48:58.131 0 0 I auditd : type=1400 audit(0.0:8487): avc: denied { kill } for comm="swapper/1" capability=5 scontext=u:r:kernel:s0 tcontext=u:r:kernel:s0 tclass=capability permissive=0
11-19 04:48:59.131 0 0 I auditd : type=1400 audit(0.0:8488): avc: denied { kill } for comm="swapper/1" capability=5 scontext=u:r:kernel:s0 tcontext=u:r:kernel:s0 tclass=capability permissive=0
11-19 04:49:00.131 0 0 I auditd : type=1400 audit(0.0:8489): avc: denied { kill } for comm="swapper/1" capability=5 scontext=u:r:kernel:s0 tcontext=u:r:kernel:s0 tclass=capability permissive=0
11-19 04:49:01.131 0 0 I auditd : type=1400 audit(0.0:8490): avc: denied { kill } for comm="swapper/1" capability=5 scontext=u:r:kernel:s0 tcontext=u:r:kernel:s0 tclass=capability permissive=0
11-19 04:49:02.131 0 0 I auditd : type=1400 audit(0.0:8491): avc: denied { kill } for comm="swapper/1" capability=5 scontext=u:r:kernel:s0 tcontext=u:r:kernel:s0 tclass=capability permissive=0
11-19 04:49:02.833 1499 8917 I ActivityTaskManager: START u0 {cmp=com.tc.logclient/.LogClientActivity} from uid 10061
11-19 04:49:02.843 1499 8917 I wm_task_created: [57,-1]
11-19 04:49:02.844 1499 8917 W ActivityTaskManager: Can't find TaskDisplayArea to determine support for multi window. Task id=57 attached=false
11-19 04:49:02.849 1499 8917 D CompatibilityChangeReporter: Compat change id reported: 174042980; UID 1000; state: DISABLED
11-19 04:49:02.850 1499 8917 I wm_task_moved: [57,1,8]
11-19 04:49:02.850 1499 8917 I wm_task_to_front: [0,57]
11-19 04:49:02.851 1499 8917 I wm_create_task: [0,57]
11-19 04:49:02.851 1499 8917 I wm_create_activity: [0,150293238,57,com.tc.logclient/.LogClientActivity,NULL,NULL,NULL,276824064]
11-19 04:49:02.851 1499 8917 I wm_task_moved: [57,1,8]
11-19 04:49:02.852 1499 8917 D CompatibilityChangeReporter: Compat change id reported: 168419799; UID 1000; state: DISABLED
11-19 04:49:02.855 1499 8917 I wm_pause_activity: [0,60176010,com.android.settings.intelligence/.search.SearchActivity,userLeaving=true,pauseBackTasks]
11-19 04:49:02.878 10385 10385 I wm_on_top_resumed_lost_called: [60176010,com.android.settings.intelligence.search.SearchActivity,topStateChangedWhenResumed]
11-19 04:49:02.880 10385 10385 I wm_on_paused_called: [60176010,com.android.settings.intelligence.search.SearchActivity,performPause]
11-19 04:49:02.881 1499 8917 I ActivityTaskManager: FOREGROUND_APPLICATION_CHANGED to com.tc.logclient.LogClientActivity
11-19 04:49:02.882 1499 8917 I ActivityTaskManager: The Process com.tc.logclient Already Exists in BG. So sending its PID: 2599
11-19 04:49:02.882 1499 8917 I wm_add_to_stopping: [0,60176010,com.android.settings.intelligence/.search.SearchActivity,makeInvisible]
11-19 04:49:02.884 1499 8917 D CompatibilityChangeReporter: Compat change id reported: 181136395; UID 1000; state: DISABLED
11-19 04:49:02.885 1499 8917 D CompatibilityChangeReporter: Compat change id reported: 174042936; UID 1000; state: DISABLED
11-19 04:49:02.885 1499 8917 I wm_restart_activity: [0,150293238,57,com.tc.logclient/.LogClientActivity]
11-19 04:49:02.892 1499 8917 I wm_set_resumed_activity: [0,com.tc.logclient/.LogClientActivity,minimalResumeActivityLocked]
11-19 04:49:02.908 1499 1637 I sysui_multi_action: [757,803,799,window_time_0,802,59]
11-19 04:49:02.910 1499 1831 I input_focus: [Focus leaving 3a5ff9 com.android.settings.intelligence/com.android.settings.intelligence.search.SearchActivity (server),reason=NO_WINDOW]
11-19 04:49:02.928 2599 2599 I wm_on_create_called: [150293238,com.tc.logclient.LogClientActivity,performCreate]
11-19 04:49:02.933 1499 1644 I am_pss : [10385,10061,com.android.settings.intelligence,116952064,82898944,0,304111616,0,2,11]
11-19 04:49:02.982 2599 2599 I wm_on_start_called: [150293238,com.tc.logclient.LogClientActivity,handleStartActivity]
11-19 04:49:02.982 2599 2599 I wm_on_resume_called: [150293238,com.tc.logclient.LogClientActivity,RESUME_ACTIVITY]
11-19 04:49:02.991 2599 2599 I wm_on_top_resumed_gained_called: [150293238,com.tc.logclient.LogClientActivity,topStateChangedWhenResumed]
11-19 04:49:03.004 1499 1638 I input_focus: [Focus request 53473fb com.tc.logclient/com.tc.logclient.LogClientActivity,reason=UpdateInputWindows]
11-19 04:49:03.010 7802 7838 W ContextImpl: Calling a method in the system process without a qualified user: android.app.ContextImpl.startService:1816 android.content.ContextWrapper.startService:774 com.thundercomm.gamemode.ingame.services.GameModeActionUtils.startGameModeService:93 com.thundercomm.gamemode.ingame.services.GameModeActionUtils.startGameModeEntry:21 com.thundercomm.gamemode.ingame.services.ActivityMonitoringService$1.onActivityLaunch:127
11-19 04:49:03.025 1499 1499 I GameModeConfig: Current uri is uri = content://com.thundercomm.gamemode.api/gamemode_settings/gamemode_isgaming
11-19 04:49:03.028 1499 1499 I GameModeConfig: isGameModeOn = false
11-19 04:49:03.029 1499 1499 I GameModeConfig: isGameModeOn = false
11-19 04:49:03.029 1499 1499 I GameModeConfig: isDisableVoice = true
11-19 04:49:03.071 1499 1634 I sysui_multi_action: [319,106,321,94,322,233,325,12622,757,761,758,8,759,1,806,com.tc.logclient,871,com.tc.logclient.LogClientActivity,904,com.android.settings.intelligence,905,0,1320,4,1321,2]
11-19 04:49:03.072 1499 1634 I wm_activity_launch_time: [0,150293238,com.tc.logclient/.LogClientActivity,233]
11-19 04:49:03.075 1499 1831 I input_focus: [Focus entering 53473fb com.tc.logclient/com.tc.logclient.LogClientActivity (server),reason=Window became focusable. Previous reason: NOT_VISIBLE]
11-19 04:49:03.428 1499 1637 I wm_stop_activity: [0,60176010,com.android.settings.intelligence/.search.SearchActivity]
11-19 04:49:03.454 10385 10385 I wm_on_stop_called: [60176010,com.android.settings.intelligence.search.SearchActivity,STOP_ACTIVITY_ITEM]
11-19 04:49:03.478 7802 7838 W ContextImpl: Calling a method in the system process without a qualified user: android.app.ContextImpl.startService:1816 android.content.ContextWrapper.startService:774 com.thundercomm.gamemode.ingame.services.GameModeActionUtils.startGameModeService:93 com.thundercomm.gamemode.ingame.services.GameModeActionUtils.startGameModeEntry:21 com.thundercomm.gamemode.ingame.services.ActivityMonitoringService$1.onActivityLaunch:127
11-19 04:49:03.487 1499 1499 I GameModeConfig: Current uri is uri = content://com.thundercomm.gamemode.api/gamemode_settings/gamemode_isgaming
11-19 04:49:03.491 1499 1499 I GameModeConfig: isGameModeOn = false
11-19 04:49:03.491 1499 1499 I GameModeConfig: isGameModeOn = false
11-19 04:49:03.491 1499 1499 I GameModeConfig: isDisableVoice = true
11-19 04:49:04.131 0 0 I auditd : type=1400 audit(0.0:8492): avc: denied { kill } for comm="swapper/1" capability=5 scontext=u:r:kernel:s0 tcontext=u:r:kernel:s0 tclass=capability permissive=0
11-19 04:49:04.477 1499 1831 I input_interaction: Interaction with: 53473fb com.tc.logclient/com.tc.logclient.LogClientActivity (server), edge-swipe (server), swipe-up (server), PointerEventDispatcher0 (server),
11-19 04:49:05.131 0 0 I auditd : type=1400 audit(0.0:8493): avc: denied { kill } for comm="swapper/1" capability=5 scontext=u:r:kernel:s0 tcontext=u:r:kernel:s0 tclass=capability permissive=0
11-19 04:49:06.490 2599 2599 W ContextImpl: Calling a method in the system process without a qualified user: android.app.ContextImpl.startService:1816 android.content.ContextWrapper.startService:774 android.content.ContextWrapper.startService:774 com.tc.logclient.LogClientFragment.startingLog:371 com.tc.logclient.LogClientFragment.onClick:257
11-19 04:49:06.554 1499 5048 I sysui_multi_action: [757,856,758,1,806,com.tc.logclient,857,LogClient,858,3]
11-19 04:49:06.558 1499 1499 I notification_enqueue: [1000,2599,com.tc.logclient,0,NULL,0,Notification(channel=LogClient shortcut=null contentView=null vibrate=null sound=null defaults=0x0 flags=0x2 color=0x00000000 vis=PRIVATE),0]
11-19 04:49:06.760 1499 1499 I sysui_multi_action: [757,1501,758,1,793,203,794,0,795,203,796,0,806,com.tc.logclient,857,LogClient,858,3,947,0,1500,0,1688,1]
11-19 04:49:06.760 1499 1499 I sysui_multi_action: [757,804,799,note_interruptive,801,0,802,1]
11-19 04:49:06.760 1499 1499 I GameModeConfig: isGameModeOn = false
11-19 04:49:06.762 1499 1499 W NotificationHistory: Attempted to add notif for locked/gone/disabled user 0
11-19 04:49:06.814 1499 1636 I commit_sys_config_file: [notification-policy,12604351]
11-19 04:49:07.131 0 0 I auditd : type=1400 audit(0.0:8494): avc: denied { kill } for comm="swapper/1" capability=5 scontext=u:r:kernel:s0 tcontext=u:r:kernel:s0 tclass=capability permissive=0
11-19 04:49:08.131 0 0 I auditd : type=1400 audit(0.0:8495): avc: denied { kill } for comm="swapper/1" capability=5 scontext=u:r:kernel:s0 tcontext=u:r:kernel:s0 tclass=capability permissive=0
11-19 04:49:08.312 1499 1645 I am_uid_idle: 10089
11-19 04:49:08.564 1499 1831 I input_interaction: Interaction with: 947a81e StatusBar (server), edge-swipe (server), swipe-up (server), PointerEventDispatcher0 (server),
11-19 04:49:08.577 2342 2342 I sysui_multi_action: [757,803,799,panel_open,802,1]
11-19 04:49:08.580 2342 2342 I sysui_multi_action: [757,1328,758,4,1326,46,1327,1,1329,0]
11-19 04:49:08.885 1499 5046 I sysui_multi_action: [757,127,758,1]
11-19 04:49:08.885 1499 5046 I sysui_multi_action: [757,804,799,note_load,801,3,802,1]
11-19 04:49:08.885 1499 5046 I notification_panel_revealed: 3
11-19 04:49:08.887 1499 2284 I GameModeConfig: isGameModeOn = false
11-19 04:49:08.888 1499 2284 I GameModeConfig: isGameModeOn = false
11-19 04:49:08.888 1499 2284 I GameModeConfig: isGameModeOn = false
11-19 04:49:08.888 1499 2284 I GameModeConfig: isGameModeOn = false
11-19 04:49:08.888 1499 2284 I GameModeConfig: isGameModeOn = false
11-19 04:49:08.890 2342 2342 I sysui_multi_action: [757,111,758,2]
11-19 04:49:08.890 1499 1499 I notification_enqueue: [10081,2342,com.android.systemui,2048,NULL,0,Notification(channel=updateNotification shortcut=null contentView=null vibrate=null sound=null defaults=0x0 flags=0x0 color=0x00000000 vis=PRIVATE),1]
11-19 04:49:08.890 2342 2342 I sysui_multi_action: [757,111,758,2]
11-19 04:49:08.905 1499 1638 I input_focus: [Focus request 574f5d NotificationShade,reason=UpdateInputWindows]
11-19 04:49:08.909 2342 2342 I sysui_multi_action: [757,111,758,1]
11-19 04:49:08.910 2342 2342 I sysui_multi_action: [757,126,758,1,759,126,927,0,928,0,1593,0]
11-19 04:49:08.910 2342 2342 I sysui_multi_action: [757,113,758,1,759,113,927,1,928,1,1593,0]
11-19 04:49:08.910 2342 2342 I sysui_multi_action: [757,0,758,1,759,0,927,2,928,0,1593,0]
11-19 04:49:08.910 2342 2342 I sysui_multi_action: [757,0,758,1,759,0,927,3,928,0,1593,0]
11-19 04:49:08.911 2342 2342 I sysui_multi_action: [757,491,758,1,759,491,927,4,928,0,1311,-1,1593,0]
11-19 04:49:08.911 2342 2342 I sysui_multi_action: [757,0,758,1,759,0,927,5,928,0,1593,0]
11-19 04:49:08.911 2342 2342 I sysui_multi_action: [757,111,758,1]
11-19 04:49:08.911 2342 2342 I sysui_multi_action: [757,126,758,1,759,126,927,0,928,0,1593,0]
11-19 04:49:08.911 2342 2342 I sysui_multi_action: [757,113,758,1,759,113,927,1,928,1,1593,0]
11-19 04:49:08.911 2342 2342 I sysui_multi_action: [757,0,758,1,759,0,927,2,928,0,1593,0]
11-19 04:49:08.911 2342 2342 I sysui_multi_action: [757,0,758,1,759,0,927,3,928,0,1593,0]
11-19 04:49:08.920 1499 2284 I GameModeConfig: isGameModeOn = false
11-19 04:49:08.921 1499 2284 I GameModeConfig: isGameModeOn = false
11-19 04:49:08.921 1499 2284 I GameModeConfig: isGameModeOn = false
11-19 04:49:08.921 1499 2284 I GameModeConfig: isGameModeOn = false
11-19 04:49:08.921 1499 2284 I GameModeConfig: isGameModeOn = false
11-19 04:49:08.922 1499 1499 I notification_enqueue: [10081,2342,com.android.systemui,2048,NULL,0,Notification(channel=updateNotification shortcut=null contentView=null vibrate=null sound=null defaults=0x0 flags=0x0 color=0x00000000 vis=PRIVATE),1]
11-19 04:49:08.922 2342 2342 I sysui_multi_action: [757,111,758,2]
11-19 04:49:08.923 2342 2342 I sysui_multi_action: [757,111,758,2]
11-19 04:49:08.926 2342 2342 I sysui_multi_action: [757,111,758,1]
11-19 04:49:08.926 2342 2342 I sysui_multi_action: [757,126,758,1,759,126,927,0,928,0,1593,0]
11-19 04:49:08.926 2342 2342 I sysui_multi_action: [757,113,758,1,759,113,927,1,928,1,1593,0]
11-19 04:49:08.926 2342 2342 I sysui_multi_action: [757,0,758,1,759,0,927,2,928,0,1593,0]
11-19 04:49:08.926 2342 2342 I sysui_multi_action: [757,0,758,1,759,0,927,3,928,0,1593,0]
11-19 04:49:08.927 2342 2342 I sysui_multi_action: [757,491,758,1,759,491,927,4,928,0,1311,-1,1593,0]
11-19 04:49:08.927 2342 2342 I sysui_multi_action: [757,0,758,1,759,0,927,5,928,0,1593,0]
11-19 04:49:08.927 2342 2342 I sysui_multi_action: [757,111,758,1]
11-19 04:49:08.927 2342 2342 I sysui_multi_action: [757,126,758,1,759,126,927,0,928,0,1593,0]
11-19 04:49:08.927 2342 2342 I sysui_multi_action: [757,113,758,1,759,113,927,1,928,1,1593,0]
11-19 04:49:08.927 2342 2342 I sysui_multi_action: [757,0,758,1,759,0,927,2,928,0,1593,0]
11-19 04:49:08.927 2342 2342 I sysui_multi_action: [757,0,758,1,759,0,927,3,928,0,1593,0]
11-19 04:49:08.928 1499 1831 I input_focus: [Focus leaving 53473fb com.tc.logclient/com.tc.logclient.LogClientActivity (server),reason=setFocusedWindow]
11-19 04:49:08.928 1499 1831 I input_focus: [Focus entering 574f5d NotificationShade (server),reason=setFocusedWindow]
11-19 04:49:08.937 1499 2284 I GameModeConfig: isGameModeOn = false
11-19 04:49:08.938 1499 2284 I GameModeConfig: isGameModeOn = false
11-19 04:49:08.938 1499 2284 I GameModeConfig: isGameModeOn = false
11-19 04:49:08.938 1499 2284 I GameModeConfig: isGameModeOn = false
11-19 04:49:08.938 1499 2284 I GameModeConfig: isGameModeOn = false
11-19 04:49:08.940 2342 2342 I sysui_multi_action: [757,111,758,2]
11-19 04:49:08.940 2342 2342 I sysui_multi_action: [757,111,758,2]
11-19 04:49:08.940 1499 1499 I notification_enqueue: [10081,2342,com.android.systemui,2048,NULL,0,Notification(channel=updateNotification shortcut=null contentView=null vibrate=null sound=null defaults=0x0 flags=0x0 color=0x00000000 vis=PRIVATE),1]
