11-19 04:47:54.301 1499 1499 I GameModeConfig: Current uri is uri = content://com.thundercomm.gamemode.api/gamemode_settings/gamemode_isgaming
11-19 04:47:54.303 1499 1499 I GameModeConfig: isGameModeOn = false
11-19 04:47:54.303 1499 1499 I GameModeConfig: isGameModeOn = false
11-19 04:47:54.303 1499 1499 I GameModeConfig: isDisableVoice = true
11-19 04:47:54.319 1499 2759 W ActivityTaskManager: Request to remove task ignored for non-existent task 53
11-19 04:47:54.319 1499 2759 I wm_finish_activity: [0,31168900,55,com.android.settings/.Settings,recent-task-trimmed]
11-19 04:47:54.321 1499 2759 I wm_destroy_activity: [0,31168900,55,com.android.settings/.Settings,finish-imm:finishIfPossible]
11-19 04:47:54.324 1499 1637 I ActivityManager: Killing 10250:com.android.settings/1000 (adj 905): remove task
11-19 04:47:54.324 1499 1637 I am_kill : [0,10250,com.android.settings,905,remove task]
11-19 04:47:54.326 1499 1637 I sysui_multi_action: [757,803,799,window_time_0,802,0]
11-19 04:47:54.331 1499 3791 E TaskPersister: File error accessing recents directory (directory doesn't exist?).
11-19 04:47:54.368 1499 5048 I WindowManager: WIN DEATH: Window{c1fbfb9 u0 com.android.settings/com.android.settings.Settings}
11-19 04:47:54.370 1499 2761 I am_proc_died: [0,10250,com.android.settings,905,19]
11-19 04:47:54.376 1499 2761 I wm_task_removed: [55,removeChild:removeChild last r=ActivityRecord{1db9984 u0 com.android.settings/.Settings t-1 f}} in t=Task{f112e8f #55 type=standard A=1000:com.android.settings.root U=0 visible=false mode=fullscreen translucent=true sz=0}]
11-19 04:47:54.376 1499 2761 I wm_task_removed: [55,removeChild]
11-19 04:47:54.379 1499 1638 W ActivityTaskManager: Can't find TaskDisplayArea to determine support for multi window. Task id=55 attached=false
11-19 04:47:54.379 1499 1638 W ActivityTaskManager: Can't find TaskDisplayArea to determine support for multi window. Task id=55 attached=false
11-19 04:47:54.380 1499 1637 W ActivityManager: setHasOverlayUi called on unknown pid: 10250
11-19 04:47:54.382 1499 1644 W UsageStatsService: Unexpected activity event reported! (com.android.settings/com.android.settings.homepage.SettingsHomepageActivity event : 23 instanceId : 98821937)
11-19 04:47:54.385 1499 1637 D CompatibilityChangeReporter: Compat change id reported: 135634846; UID 1000; state: DISABLED
11-19 04:47:54.385 1499 1637 D CompatibilityChangeReporter: Compat change id reported: 177438394; UID 1000; state: DISABLED
11-19 04:47:54.385 1499 1637 D CompatibilityChangeReporter: Compat change id reported: 135772972; UID 1000; state: DISABLED
11-19 04:47:54.385 1499 1637 D CompatibilityChangeReporter: Compat change id reported: 135754954; UID 1000; state: ENABLED
11-19 04:47:54.393 1499 1646 I am_proc_start: [0,10325,1000,com.android.settings,NULL,]
11-19 04:47:54.393 1499 1646 I ActivityManager: Start proc 10325:com.android.settings/1000 for null
11-19 04:47:54.409 1499 8831 I am_proc_bound: [0,10325,com.android.settings]
11-19 04:47:54.435 7802 7838 W ContextImpl: Calling a method in the system process without a qualified user: android.app.ContextImpl.startService:1816 android.content.ContextWrapper.startService:774 com.thundercomm.gamemode.ingame.services.GameModeActionUtils.startGameModeService:93 com.thundercomm.gamemode.ingame.services.GameModeActionUtils.startGameModeEntry:21 com.thundercomm.gamemode.ingame.services.ActivityMonitoringService$1.onActivityLaunch:127
11-19 04:47:54.440 1499 1499 I GameModeConfig: Current uri is uri = content://com.thundercomm.gamemode.api/gamemode_settings/gamemode_isgaming
11-19 04:47:54.441 1499 1499 I GameModeConfig: isGameModeOn = false
11-19 04:47:54.442 1499 1499 I GameModeConfig: isGameModeOn = false
11-19 04:47:54.442 1499 1499 I GameModeConfig: isDisableVoice = true
11-19 04:47:55.457 1167 10245 I iorapd : Perfetto TraceBuffer saved to file: /data/misc/iorapd/com.android.settings/31/com.android.settings.Settings/raw_traces/1668804475455992560.perfetto_trace.pb
11-19 04:47:56.131 0 0 I auditd : type=1400 audit(0.0:8384): avc: denied { kill } for comm="swapper/3" capability=5 scontext=u:r:kernel:s0 tcontext=u:r:kernel:s0 tclass=capability permissive=0
11-19 04:47:57.131 0 0 I auditd : type=1400 audit(0.0:8385): avc: denied { kill } for comm="swapper/3" capability=5 scontext=u:r:kernel:s0 tcontext=u:r:kernel:s0 tclass=capability permissive=0
11-19 04:47:57.378 1499 3791 E TaskPersister: File error accessing recents directory (directory doesn't exist?).
11-19 04:47:58.131 0 0 I auditd : type=1400 audit(0.0:8386): avc: denied { kill } for comm="swapper/3" capability=5 scontext=u:r:kernel:s0 tcontext=u:r:kernel:s0 tclass=capability permissive=0
11-19 04:47:59.093 1499 1831 I input_interaction: Interaction with: 947a81e StatusBar (server), edge-swipe (server), swipe-up (server), PointerEventDispatcher0 (server),
11-19 04:47:59.100 2342 2342 I sysui_multi_action: [757,803,799,panel_open,802,1]
11-19 04:47:59.103 2342 2342 I sysui_multi_action: [757,1328,758,4,1326,70,1327,2,1329,0]
11-19 04:47:59.131 0 0 I auditd : type=1400 audit(0.0:8387): avc: denied { kill } for comm="swapper/3" capability=5 scontext=u:r:kernel:s0 tcontext=u:r:kernel:s0 tclass=capability permissive=0
11-19 04:47:59.179 1499 2761 I sysui_multi_action: [757,127,758,1]
11-19 04:47:59.179 1499 2761 I sysui_multi_action: [757,804,799,note_load,801,2,802,1]
11-19 04:47:59.180 1499 2761 I notification_panel_revealed: 2
11-19 04:47:59.180 1499 2284 I GameModeConfig: isGameModeOn = false
11-19 04:47:59.180 1499 2284 I GameModeConfig: isGameModeOn = false
11-19 04:47:59.181 1499 2284 I GameModeConfig: isGameModeOn = false
11-19 04:47:59.181 1499 2284 I GameModeConfig: isGameModeOn = false
11-19 04:47:59.182 2342 2342 I sysui_multi_action: [757,111,758,2]
11-19 04:47:59.182 1499 1499 I notification_enqueue: [10081,2342,com.android.systemui,2048,NULL,0,Notification(channel=updateNotification shortcut=null contentView=null vibrate=null sound=null defaults=0x0 flags=0x0 color=0x00000000 vis=PRIVATE),1]
11-19 04:47:59.182 2342 2342 I sysui_multi_action: [757,111,758,2]
11-19 04:47:59.202 1499 1638 I input_focus: [Focus request 574f5d NotificationShade,reason=UpdateInputWindows]
11-19 04:47:59.207 2342 2342 I sysui_multi_action: [757,111,758,1]
11-19 04:47:59.207 2342 2342 I sysui_multi_action: [757,126,758,1,759,126,927,0,928,0,1593,0]
11-19 04:47:59.207 2342 2342 I sysui_multi_action: [757,113,758,1,759,113,927,1,928,1,1593,0]
11-19 04:47:59.207 2342 2342 I sysui_multi_action: [757,0,758,1,759,0,927,2,928,0,1593,0]
11-19 04:47:59.207 2342 2342 I sysui_multi_action: [757,0,758,1,759,0,927,3,928,0,1593,0]
11-19 04:47:59.207 2342 2342 I sysui_multi_action: [757,491,758,1,759,491,927,4,928,0,1311,-1,1593,0]
11-19 04:47:59.208 2342 2342 I sysui_multi_action: [757,0,758,1,759,0,927,5,928,0,1593,0]
11-19 04:47:59.208 2342 2342 I sysui_multi_action: [757,111,758,1]
11-19 04:47:59.208 2342 2342 I sysui_multi_action: [757,126,758,1,759,126,927,0,928,0,1593,0]
11-19 04:47:59.208 2342 2342 I sysui_multi_action: [757,113,758,1,759,113,927,1,928,1,1593,0]
11-19 04:47:59.208 2342 2342 I sysui_multi_action: [757,0,758,1,759,0,927,2,928,0,1593,0]
11-19 04:47:59.208 2342 2342 I sysui_multi_action: [757,0,758,1,759,0,927,3,928,0,1593,0]
11-19 04:47:59.217 1499 2284 I GameModeConfig: isGameModeOn = false
11-19 04:47:59.217 1499 2284 I GameModeConfig: isGameModeOn = false
11-19 04:47:59.217 1499 2284 I GameModeConfig: isGameModeOn = false
11-19 04:47:59.217 1499 2284 I GameModeConfig: isGameModeOn = false
11-19 04:47:59.218 2342 2342 I sysui_multi_action: [757,111,758,2]
11-19 04:47:59.218 2342 2342 I sysui_multi_action: [757,111,758,2]
11-19 04:47:59.219 1499 1499 I notification_enqueue: [10081,2342,com.android.systemui,2048,NULL,0,Notification(channel=updateNotification shortcut=null contentView=null vibrate=null sound=null defaults=0x0 flags=0x0 color=0x00000000 vis=PRIVATE),1]
11-19 04:47:59.222 2342 2342 I sysui_multi_action: [757,111,758,1]
11-19 04:47:59.222 2342 2342 I sysui_multi_action: [757,126,758,1,759,126,927,0,928,0,1593,0]
11-19 04:47:59.222 2342 2342 I sysui_multi_action: [757,113,758,1,759,113,927,1,928,1,1593,0]
11-19 04:47:59.222 2342 2342 I sysui_multi_action: [757,0,758,1,759,0,927,2,928,0,1593,0]
11-19 04:47:59.222 2342 2342 I sysui_multi_action: [757,0,758,1,759,0,927,3,928,0,1593,0]
11-19 04:47:59.222 2342 2342 I sysui_multi_action: [757,491,758,1,759,491,927,4,928,0,1311,-1,1593,0]
11-19 04:47:59.223 2342 2342 I sysui_multi_action: [757,0,758,1,759,0,927,5,928,0,1593,0]
11-19 04:47:59.223 2342 2342 I sysui_multi_action: [757,111,758,1]
11-19 04:47:59.223 2342 2342 I sysui_multi_action: [757,126,758,1,759,126,927,0,928,0,1593,0]
11-19 04:47:59.223 2342 2342 I sysui_multi_action: [757,113,758,1,759,113,927,1,928,1,1593,0]
11-19 04:47:59.223 2342 2342 I sysui_multi_action: [757,0,758,1,759,0,927,2,928,0,1593,0]
11-19 04:47:59.223 2342 2342 I sysui_multi_action: [757,0,758,1,759,0,927,3,928,0,1593,0]
11-19 04:47:59.226 1499 1831 I input_focus: [Focus leaving 632f7bf com.android.launcher3/com.android.launcher3.uioverrides.QuickstepLauncher (server),reason=setFocusedWindow]
11-19 04:47:59.226 1499 1831 I input_focus: [Focus entering 574f5d NotificationShade (server),reason=setFocusedWindow]
11-19 04:47:59.385 1499 1499 I GameModeConfig: isGameModeOn = false
11-19 04:47:59.421 1499 1499 I GameModeConfig: isGameModeOn = false
11-19 04:47:59.730 1499 2761 I sysui_multi_action: [757,128,758,1,793,12480920,794,0,795,12480920,796,26,798,0,806,android,857,DEVELOPER_IMPORTANT,858,4,947,0,1395,2,1500,12480716,1688,1]
11-19 04:47:59.731 1499 2761 I sysui_multi_action: [757,804,799,note_freshness,801,12480920,802,1]
11-19 04:47:59.731 1499 2761 I notification_visibility: [-1|android|26|null|1000,1,12480920,12480920,0,0]
11-19 04:47:59.731 1499 2761 I sysui_multi_action: [757,128,758,1,793,12535494,794,0,795,12535494,796,32,798,1,806,android,857,USB,858,1,947,0,1395,2,1500,12534817,1688,1]
11-19 04:47:59.731 1499 2761 I sysui_multi_action: [757,804,799,note_freshness,801,12535494,802,1]
11-19 04:47:59.731 1499 2761 I notification_visibility: [-1|android|32|null|1000,1,12535494,12535494,0,1]
11-19 04:48:01.117 1499 1831 I input_interaction: Interaction with: 574f5d NotificationShade (server), edge-swipe (server), swipe-up (server), PointerEventDispatcher0 (server),
11-19 04:48:01.131 0 0 I auditd : type=1400 audit(0.0:8388): avc: denied { kill } for comm="swapper/3" capability=5 scontext=u:r:kernel:s0 tcontext=u:r:kernel:s0 tclass=capability permissive=0
11-19 04:48:01.509 1499 2284 I GameModeConfig: isGameModeOn = false
11-19 04:48:01.510 1499 2284 I GameModeConfig: isGameModeOn = false
11-19 04:48:01.510 1499 2284 I GameModeConfig: isGameModeOn = false
11-19 04:48:01.510 1499 2284 I GameModeConfig: isGameModeOn = false
11-19 04:48:01.512 2342 2342 I sysui_multi_action: [757,111,758,2]
11-19 04:48:01.512 1499 1499 I notification_enqueue: [10081,2342,com.android.systemui,2048,NULL,0,Notification(channel=updateNotification shortcut=null contentView=null vibrate=null sound=null defaults=0x0 flags=0x0 color=0x00000000 vis=PRIVATE),1]
11-19 04:48:01.516 2342 2342 I sysui_multi_action: [757,111,758,2]
11-19 04:48:01.523 2342 2342 I sysui_multi_action: [757,111,758,1]
11-19 04:48:01.524 2342 2342 I sysui_multi_action: [757,126,758,1,759,126,927,0,928,0,1593,1]
11-19 04:48:01.524 2342 2342 I sysui_multi_action: [757,113,758,1,759,113,927,1,928,1,1593,1]
11-19 04:48:01.524 2342 2342 I sysui_multi_action: [757,0,758,1,759,0,927,2,928,0,1593,1]
11-19 04:48:01.524 2342 2342 I sysui_multi_action: [757,0,758,1,759,0,927,3,928,0,1593,1]
11-19 04:48:01.525 2342 2342 I sysui_multi_action: [757,491,758,1,759,491,927,4,928,0,1311,-1,1593,0]
11-19 04:48:01.525 2342 2342 I sysui_multi_action: [757,0,758,1,759,0,927,5,928,0,1593,0]
11-19 04:48:01.525 2342 2342 I sysui_multi_action: [757,111,758,1]
11-19 04:48:01.525 2342 2342 I sysui_multi_action: [757,126,758,1,759,126,927,0,928,0,1593,1]
11-19 04:48:01.526 2342 2342 I sysui_multi_action: [757,113,758,1,759,113,927,1,928,1,1593,1]
11-19 04:48:01.526 2342 2342 I sysui_multi_action: [757,0,758,1,759,0,927,2,928,0,1593,1]
11-19 04:48:01.526 2342 2342 I sysui_multi_action: [757,0,758,1,759,0,927,3,928,0,1593,1]
11-19 04:48:01.538 1499 2284 I GameModeConfig: isGameModeOn = false
11-19 04:48:01.539 1499 2284 I GameModeConfig: isGameModeOn = false
11-19 04:48:01.539 1499 2284 I GameModeConfig: isGameModeOn = false
11-19 04:48:01.539 1499 2284 I GameModeConfig: isGameModeOn = false
11-19 04:48:01.541 2342 2342 I sysui_multi_action: [757,111,758,2]
11-19 04:48:01.541 2342 2342 I sysui_multi_action: [757,111,758,2]
11-19 04:48:01.541 1499 1499 I notification_enqueue: [10081,2342,com.android.systemui,2048,NULL,0,Notification(channel=updateNotification shortcut=null contentView=null vibrate=null sound=null defaults=0x0 flags=0x0 color=0x00000000 vis=PRIVATE),1]
11-19 04:48:01.545 2342 2342 I sysui_multi_action: [757,111,758,1]
11-19 04:48:01.545 2342 2342 I sysui_multi_action: [757,126,758,1,759,126,927,0,928,0,1593,1]
11-19 04:48:01.545 2342 2342 I sysui_multi_action: [757,113,758,1,759,113,927,1,928,1,1593,1]
11-19 04:48:01.545 2342 2342 I sysui_multi_action: [757,0,758,1,759,0,927,2,928,0,1593,1]
11-19 04:48:01.545 2342 2342 I sysui_multi_action: [757,0,758,1,759,0,927,3,928,0,1593,1]
11-19 04:48:01.546 2342 2342 I sysui_multi_action: [757,491,758,1,759,491,927,4,928,0,1311,-1,1593,0]
11-19 04:48:01.546 2342 2342 I sysui_multi_action: [757,0,758,1,759,0,927,5,928,0,1593,0]
11-19 04:48:01.546 2342 2342 I sysui_multi_action: [757,111,758,1]
11-19 04:48:01.546 2342 2342 I sysui_multi_action: [757,126,758,1,759,126,927,0,928,0,1593,1]
11-19 04:48:01.546 2342 2342 I sysui_multi_action: [757,113,758,1,759,113,927,1,928,1,1593,1]
11-19 04:48:01.546 2342 2342 I sysui_multi_action: [757,0,758,1,759,0,927,2,928,0,1593,1]
11-19 04:48:01.546 2342 2342 I sysui_multi_action: [757,0,758,1,759,0,927,3,928,0,1593,1]
11-19 04:48:01.551 1499 2284 I GameModeConfig: isGameModeOn = false
11-19 04:48:01.552 1499 2284 I GameModeConfig: isGameModeOn = false
11-19 04:48:01.552 1499 2284 I GameModeConfig: isGameModeOn = false
11-19 04:48:01.552 1499 2284 I GameModeConfig: isGameModeOn = false
11-19 04:48:01.553 2342 2342 I sysui_multi_action: [757,111,758,2]
11-19 04:48:01.553 2342 2342 I sysui_multi_action: [757,111,758,2]
11-19 04:48:01.553 1499 1499 I notification_enqueue: [10081,2342,com.android.systemui,2048,NULL,0,Notification(channel=updateNotification shortcut=null contentView=null vibrate=null sound=null defaults=0x0 flags=0x0 color=0x00000000 vis=PRIVATE),1]
11-19 04:48:01.557 2342 2342 I sysui_multi_action: [757,111,758,1]
11-19 04:48:01.557 2342 2342 I sysui_multi_action: [757,126,758,1,759,126,927,0,928,0,1593,0]
11-19 04:48:01.557 2342 2342 I sysui_multi_action: [757,113,758,1,759,113,927,1,928,1,1593,0]
11-19 04:48:01.557 2342 2342 I sysui_multi_action: [757,0,758,1,759,0,927,2,928,0,1593,0]
11-19 04:48:01.557 2342 2342 I sysui_multi_action: [757,0,758,1,759,0,927,3,928,0,1593,0]
11-19 04:48:01.558 2342 2342 I sysui_multi_action: [757,491,758,1,759,491,927,4,928,0,1311,-1,1593,0]
11-19 04:48:01.558 2342 2342 I sysui_multi_action: [757,0,758,1,759,0,927,5,928,0,1593,0]
11-19 04:48:01.558 2342 2342 I sysui_multi_action: [757,111,758,1]
11-19 04:48:01.558 2342 2342 I sysui_multi_action: [757,126,758,1,759,126,927,0,928,0,1593,0]
11-19 04:48:01.558 2342 2342 I sysui_multi_action: [757,113,758,1,759,113,927,1,928,1,1593,0]
11-19 04:48:01.558 2342 2342 I sysui_multi_action: [757,0,758,1,759,0,927,2,928,0,1593,0]
11-19 04:48:01.558 2342 2342 I sysui_multi_action: [757,0,758,1,759,0,927,3,928,0,1593,0]
11-19 04:48:01.565 1499 2284 I GameModeConfig: isGameModeOn = false
11-19 04:48:01.566 1499 2284 I GameModeConfig: isGameModeOn = false
11-19 04:48:01.566 1499 2284 I GameModeConfig: isGameModeOn = false
11-19 04:48:01.566 1499 2284 I GameModeConfig: isGameModeOn = false
11-19 04:48:01.567 2342 2342 I sysui_multi_action: [757,111,758,2]
11-19 04:48:01.567 1499 1499 I notification_enqueue: [10081,2342,com.android.systemui,2048,NULL,0,Notification(channel=updateNotification shortcut=null contentView=null vibrate=null sound=null defaults=0x0 flags=0x0 color=0x00000000 vis=PRIVATE),1]
11-19 04:48:01.567 2342 2342 I sysui_multi_action: [757,111,758,2]
11-19 04:48:01.570 2342 2342 I sysui_multi_action: [757,111,758,1]
11-19 04:48:01.570 2342 2342 I sysui_multi_action: [757,126,758,1,759,126,927,0,928,0,1593,1]
11-19 04:48:01.570 2342 2342 I sysui_multi_action: [757,113,758,1,759,113,927,1,928,1,1593,1]
11-19 04:48:01.570 2342 2342 I sysui_multi_action: [757,0,758,1,759,0,927,2,928,0,1593,1]
11-19 04:48:01.570 2342 2342 I sysui_multi_action: [757,0,758,1,759,0,927,3,928,0,1593,1]
11-19 04:48:01.570 2342 2342 I sysui_multi_action: [757,491,758,1,759,491,927,4,928,0,1311,-1,1593,0]
11-19 04:48:01.570 2342 2342 I sysui_multi_action: [757,0,758,1,759,0,927,5,928,0,1593,0]
11-19 04:48:01.570 2342 2342 I sysui_multi_action: [757,111,758,1]
11-19 04:48:01.570 2342 2342 I sysui_multi_action: [757,126,758,1,759,126,927,0,928,0,1593,1]
11-19 04:48:01.570 2342 2342 I sysui_multi_action: [757,113,758,1,759,113,927,1,928,1,1593,1]
11-19 04:48:01.570 2342 2342 I sysui_multi_action: [757,0,758,1,759,0,927,2,928,0,1593,1]
11-19 04:48:01.570 2342 2342 I sysui_multi_action: [757,0,758,1,759,0,927,3,928,0,1593,1]
11-19 04:48:01.575 1499 2284 I GameModeConfig: isGameModeOn = false
11-19 04:48:01.575 1499 2284 I GameModeConfig: isGameModeOn = false
11-19 04:48:01.575 1499 2284 I GameModeConfig: isGameModeOn = false
11-19 04:48:01.575 1499 2284 I GameModeConfig: isGameModeOn = false
11-19 04:48:01.576 2342 2342 I sysui_multi_action: [757,111,758,2]
11-19 04:48:01.576 2342 2342 I sysui_multi_action: [757,111,758,2]
11-19 04:48:01.576 1499 1499 I notification_enqueue: [10081,2342,com.android.systemui,2048,NULL,0,Notification(channel=updateNotification shortcut=null contentView=null vibrate=null sound=null defaults=0x0 flags=0x0 color=0x00000000 vis=PRIVATE),1]
11-19 04:48:01.579 2342 2342 I sysui_multi_action: [757,111,758,1]
11-19 04:48:01.579 2342 2342 I sysui_multi_action: [757,126,758,1,759,126,927,0,928,0,1593,0]
11-19 04:48:01.579 2342 2342 I sysui_multi_action: [757,113,758,1,759,113,927,1,928,1,1593,0]
11-19 04:48:01.579 2342 2342 I sysui_multi_action: [757,0,758,1,759,0,927,2,928,0,1593,0]
11-19 04:48:01.579 2342 2342 I sysui_multi_action: [757,0,758,1,759,0,927,3,928,0,1593,0]
11-19 04:48:01.579 2342 2342 I sysui_multi_action: [757,491,758,1,759,491,927,4,928,0,1311,-1,1593,0]
11-19 04:48:01.579 2342 2342 I sysui_multi_action: [757,0,758,1,759,0,927,5,928,0,1593,0]
11-19 04:48:01.579 2342 2342 I sysui_multi_action: [757,111,758,1]
11-19 04:48:01.579 2342 2342 I sysui_multi_action: [757,126,758,1,759,126,927,0,928,0,1593,1]
11-19 04:48:01.579 2342 2342 I sysui_multi_action: [757,113,758,1,759,113,927,1,928,1,1593,1]
11-19 04:48:01.579 2342 2342 I sysui_multi_action: [757,0,758,1,759,0,927,2,928,0,1593,1]
11-19 04:48:01.579 2342 2342 I sysui_multi_action: [757,0,758,1,759,0,927,3,928,0,1593,1]
11-19 04:48:01.592 1499 2284 I GameModeConfig: isGameModeOn = false
11-19 04:48:01.592 1499 2284 I GameModeConfig: isGameModeOn = false
11-19 04:48:01.592 1499 2284 I GameModeConfig: isGameModeOn = false
11-19 04:48:01.592 1499 2284 I GameModeConfig: isGameModeOn = false
11-19 04:48:01.593 2342 2342 I sysui_multi_action: [757,111,758,2]
11-19 04:48:01.593 2342 2342 I sysui_multi_action: [757,111,758,2]
11-19 04:48:01.593 1499 1499 I notification_enqueue: [10081,2342,com.android.systemui,2048,NULL,0,Notification(channel=updateNotification shortcut=null contentView=null vibrate=null sound=null defaults=0x0 flags=0x0 color=0x00000000 vis=PRIVATE),1]
11-19 04:48:01.596 2342 2342 I sysui_multi_action: [757,111,758,1]
11-19 04:48:01.596 2342 2342 I sysui_multi_action: [757,126,758,1,759,126,927,0,928,0,1593,1]
11-19 04:48:01.596 2342 2342 I sysui_multi_action: [757,113,758,1,759,113,927,1,928,1,1593,1]
11-19 04:48:01.596 2342 2342 I sysui_multi_action: [757,0,758,1,759,0,927,2,928,0,1593,1]
11-19 04:48:01.596 2342 2342 I sysui_multi_action: [757,0,758,1,759,0,927,3,928,0,1593,1]
11-19 04:48:01.597 2342 2342 I sysui_multi_action: [757,491,758,1,759,491,927,4,928,0,1311,-1,1593,0]
11-19 04:48:01.597 2342 2342 I sysui_multi_action: [757,0,758,1,759,0,927,5,928,0,1593,0]
11-19 04:48:01.597 2342 2342 I sysui_multi_action: [757,111,758,1]
11-19 04:48:01.597 2342 2342 I sysui_multi_action: [757,126,758,1,759,126,927,0,928,0,1593,1]
11-19 04:48:01.597 2342 2342 I sysui_multi_action: [757,113,758,1,759,113,927,1,928,1,1593,1]
11-19 04:48:01.597 2342 2342 I sysui_multi_action: [757,0,758,1,759,0,927,2,928,0,1593,1]
11-19 04:48:01.597 2342 2342 I sysui_multi_action: [757,0,758,1,759,0,927,3,928,0,1593,1]
11-19 04:48:01.609 1499 2284 I GameModeConfig: isGameModeOn = false
11-19 04:48:01.609 2342 2342 I sysui_multi_action: [757,111,758,2]
11-19 04:48:01.609 2342 2342 I sysui_multi_action: [757,111,758,2]
11-19 04:48:01.610 1499 2284 I GameModeConfig: isGameModeOn = false
11-19 04:48:01.610 1499 2284 I GameModeConfig: isGameModeOn = false
11-19 04:48:01.610 1499 2284 I GameModeConfig: isGameModeOn = false
11-19 04:48:01.610 1499 1499 I notification_enqueue: [10081,2342,com.android.systemui,2048,NULL,0,Notification(channel=updateNotification shortcut=null contentView=null vibrate=null sound=null defaults=0x0 flags=0x0 color=0x00000000 vis=PRIVATE),1]
11-19 04:48:01.612 2342 2342 I sysui_multi_action: [757,111,758,1]
11-19 04:48:01.612 2342 2342 I sysui_multi_action: [757,126,758,1,759,126,927,0,928,0,1593,1]
11-19 04:48:01.612 2342 2342 I sysui_multi_action: [757,113,758,1,759,113,927,1,928,1,1593,1]
11-19 04:48:01.612 2342 2342 I sysui_multi_action: [757,0,758,1,759,0,927,2,928,0,1593,1]
11-19 04:48:01.612 2342 2342 I sysui_multi_action: [757,0,758,1,759,0,927,3,928,0,1593,1]
11-19 04:48:01.612 2342 2342 I sysui_multi_action: [757,491,758,1,759,491,927,4,928,0,1311,-1,1593,0]
11-19 04:48:01.612 2342 2342 I sysui_multi_action: [757,0,758,1,759,0,927,5,928,0,1593,0]
11-19 04:48:01.612 2342 2342 I sysui_multi_action: [757,111,758,1]
11-19 04:48:01.612 2342 2342 I sysui_multi_action: [757,126,758,1,759,126,927,0,928,0,1593,1]
11-19 04:48:01.612 2342 2342 I sysui_multi_action: [757,113,758,1,759,113,927,1,928,1,1593,1]
11-19 04:48:01.612 2342 2342 I sysui_multi_action: [757,0,758,1,759,0,927,2,928,0,1593,1]
11-19 04:48:01.612 2342 2342 I sysui_multi_action: [757,0,758,1,759,0,927,3,928,0,1593,1]
11-19 04:48:01.625 1499 2284 I GameModeConfig: isGameModeOn = false
11-19 04:48:01.626 1499 2284 I GameModeConfig: isGameModeOn = false
11-19 04:48:01.626 1499 2284 I GameModeConfig: isGameModeOn = false
11-19 04:48:01.626 1499 2284 I GameModeConfig: isGameModeOn = false
11-19 04:48:01.627 2342 2342 I sysui_multi_action: [757,111,758,2]
11-19 04:48:01.627 2342 2342 I sysui_multi_action: [757,111,758,2]
11-19 04:48:01.627 1499 1499 I notification_enqueue: [10081,2342,com.android.systemui,2048,NULL,0,Notification(channel=updateNotification shortcut=null contentView=null vibrate=null sound=null defaults=0x0 flags=0x0 color=0x00000000 vis=PRIVATE),1]
11-19 04:48:01.630 2342 2342 I sysui_multi_action: [757,111,758,1]
11-19 04:48:01.631 2342 2342 I sysui_multi_action: [757,126,758,1,759,126,927,0,928,0,1593,1]
11-19 04:48:01.631 2342 2342 I sysui_multi_action: [757,113,758,1,759,113,927,1,928,1,1593,1]
11-19 04:48:01.631 2342 2342 I sysui_multi_action: [757,0,758,1,759,0,927,2,928,0,1593,1]
11-19 04:48:01.631 2342 2342 I sysui_multi_action: [757,0,758,1,759,0,927,3,928,0,1593,1]
11-19 04:48:01.631 2342 2342 I sysui_multi_action: [757,491,758,1,759,491,927,4,928,0,1311,-1,1593,0]
11-19 04:48:01.631 2342 2342 I sysui_multi_action: [757,0,758,1,759,0,927,5,928,0,1593,0]
11-19 04:48:01.631 2342 2342 I sysui_multi_action: [757,111,758,1]
11-19 04:48:01.631 2342 2342 I sysui_multi_action: [757,126,758,1,759,126,927,0,928,0,1593,1]
11-19 04:48:01.631 2342 2342 I sysui_multi_action: [757,113,758,1,759,113,927,1,928,1,1593,1]
11-19 04:48:01.631 2342 2342 I sysui_multi_action: [757,0,758,1,759,0,927,2,928,0,1593,1]
11-19 04:48:01.631 2342 2342 I sysui_multi_action: [757,0,758,1,759,0,927,3,928,0,1593,1]
11-19 04:48:01.642 1499 2284 I GameModeConfig: isGameModeOn = false
11-19 04:48:01.642 1499 2284 I GameModeConfig: isGameModeOn = false
11-19 04:48:01.642 1499 2284 I GameModeConfig: isGameModeOn = false
11-19 04:48:01.642 1499 2284 I GameModeConfig: isGameModeOn = false
11-19 04:48:01.643 2342 2342 I sysui_multi_action: [757,111,758,2]
11-19 04:48:01.643 2342 2342 I sysui_multi_action: [757,111,758,2]
11-19 04:48:01.643 1499 1499 I notification_enqueue: [10081,2342,com.android.systemui,2048,NULL,0,Notification(channel=updateNotification shortcut=null contentView=null vibrate=null sound=null defaults=0x0 flags=0x0 color=0x00000000 vis=PRIVATE),1]
11-19 04:48:01.646 2342 2342 I sysui_multi_action: [757,111,758,1]
11-19 04:48:01.646 2342 2342 I sysui_multi_action: [757,126,758,1,759,126,927,0,928,0,1593,1]
11-19 04:48:01.647 2342 2342 I sysui_multi_action: [757,113,758,1,759,113,927,1,928,1,1593,1]
11-19 04:48:01.647 2342 2342 I sysui_multi_action: [757,0,758,1,759,0,927,2,928,0,1593,1]
11-19 04:48:01.647 2342 2342 I sysui_multi_action: [757,0,758,1,759,0,927,3,928,0,1593,1]
11-19 04:48:01.647 2342 2342 I sysui_multi_action: [757,491,758,1,759,491,927,4,928,0,1311,-1,1593,0]
11-19 04:48:01.647 2342 2342 I sysui_multi_action: [757,0,758,1,759,0,927,5,928,0,1593,0]
11-19 04:48:01.647 2342 2342 I sysui_multi_action: [757,111,758,1]
11-19 04:48:01.647 2342 2342 I sysui_multi_action: [757,126,758,1,759,126,927,0,928,0,1593,1]
11-19 04:48:01.647 2342 2342 I sysui_multi_action: [757,113,758,1,759,113,927,1,928,1,1593,1]
11-19 04:48:01.647 2342 2342 I sysui_multi_action: [757,0,758,1,759,0,927,2,928,0,1593,1]
11-19 04:48:01.647 2342 2342 I sysui_multi_action: [757,0,758,1,759,0,927,3,928,0,1593,1]
11-19 04:48:01.658 1499 2284 I GameModeConfig: isGameModeOn = false
11-19 04:48:01.659 1499 2284 I GameModeConfig: isGameModeOn = false
11-19 04:48:01.659 1499 2284 I GameModeConfig: isGameModeOn = false
11-19 04:48:01.659 1499 2284 I GameModeConfig: isGameModeOn = false
11-19 04:48:01.660 2342 2342 I sysui_multi_action: [757,111,758,2]
11-19 04:48:01.660 1499 1499 I notification_enqueue: [10081,2342,com.android.systemui,2048,NULL,0,Notification(channel=updateNotification shortcut=null contentView=null vibrate=null sound=null defaults=0x0 flags=0x0 color=0x00000000 vis=PRIVATE),1]
11-19 04:48:01.660 2342 2342 I sysui_multi_action: [757,111,758,2]
11-19 04:48:01.665 2342 2342 I sysui_multi_action: [757,111,758,1]
11-19 04:48:01.665 2342 2342 I sysui_multi_action: [757,126,758,1,759,126,927,0,928,0,1593,1]
11-19 04:48:01.665 2342 2342 I sysui_multi_action: [757,113,758,1,759,113,927,1,928,1,1593,1]
11-19 04:48:01.665 2342 2342 I sysui_multi_action: [757,0,758,1,759,0,927,2,928,0,1593,1]
11-19 04:48:01.665 2342 2342 I sysui_multi_action: [757,0,758,1,759,0,927,3,928,0,1593,1]
11-19 04:48:01.665 2342 2342 I sysui_multi_action: [757,491,758,1,759,491,927,4,928,0,1311,-1,1593,0]
11-19 04:48:01.665 2342 2342 I sysui_multi_action: [757,0,758,1,759,0,927,5,928,0,1593,0]
11-19 04:48:01.665 2342 2342 I sysui_multi_action: [757,111,758,1]
11-19 04:48:01.665 2342 2342 I sysui_multi_action: [757,126,758,1,759,126,927,0,928,0,1593,1]
11-19 04:48:01.665 2342 2342 I sysui_multi_action: [757,113,758,1,759,113,927,1,928,1,1593,1]
11-19 04:48:01.666 2342 2342 I sysui_multi_action: [757,0,758,1,759,0,927,2,928,0,1593,1]
11-19 04:48:01.666 2342 2342 I sysui_multi_action: [757,0,758,1,759,0,927,3,928,0,1593,1]
11-19 04:48:01.675 1499 2284 I GameModeConfig: isGameModeOn = false
11-19 04:48:01.676 1499 2284 I GameModeConfig: isGameModeOn = false
11-19 04:48:01.676 1499 2284 I GameModeConfig: isGameModeOn = false
11-19 04:48:01.676 1499 2284 I GameModeConfig: isGameModeOn = false
11-19 04:48:01.677 2342 2342 I sysui_multi_action: [757,111,758,2]
11-19 04:48:01.677 2342 2342 I sysui_multi_action: [757,111,758,2]
11-19 04:48:01.677 1499 1499 I notification_enqueue: [10081,2342,com.android.systemui,2048,NULL,0,Notification(channel=updateNotification shortcut=null contentView=null vibrate=null sound=null defaults=0x0 flags=0x0 color=0x00000000 vis=PRIVATE),1]
11-19 04:48:01.680 2342 2342 I sysui_multi_action: [757,111,758,1]
11-19 04:48:01.680 2342 2342 I sysui_multi_action: [757,126,758,1,759,126,927,0,928,0,1593,1]
11-19 04:48:01.680 2342 2342 I sysui_multi_action: [757,113,758,1,759,113,927,1,928,1,1593,1]
11-19 04:48:01.680 2342 2342 I sysui_multi_action: [757,0,758,1,759,0,927,2,928,0,1593,1]
11-19 04:48:01.680 2342 2342 I sysui_multi_action: [757,0,758,1,759,0,927,3,928,0,1593,1]
11-19 04:48:01.681 2342 2342 I sysui_multi_action: [757,491,758,1,759,491,927,4,928,0,1311,-1,1593,0]
11-19 04:48:01.681 2342 2342 I sysui_multi_action: [757,0,758,1,759,0,927,5,928,0,1593,1]
11-19 04:48:01.681 2342 2342 I sysui_multi_action: [757,111,758,1]
11-19 04:48:01.682 2342 2342 I sysui_multi_action: [757,126,758,1,759,126,927,0,928,0,1593,1]
11-19 04:48:01.682 2342 2342 I sysui_multi_action: [757,113,758,1,759,113,927,1,928,1,1593,1]
11-19 04:48:01.682 2342 2342 I sysui_multi_action: [757,0,758,1,759,0,927,2,928,0,1593,1]
11-19 04:48:01.682 2342 2342 I sysui_multi_action: [757,0,758,1,759,0,927,3,928,0,1593,1]
11-19 04:48:01.692 1499 2284 I GameModeConfig: isGameModeOn = false
11-19 04:48:01.692 1499 2284 I GameModeConfig: isGameModeOn = false
11-19 04:48:01.693 1499 2284 I GameModeConfig: isGameModeOn = false
11-19 04:48:01.693 1499 2284 I GameModeConfig: isGameModeOn = false
11-19 04:48:01.694 2342 2342 I sysui_multi_action: [757,111,758,2]
11-19 04:48:01.694 1499 1499 I notification_enqueue: [10081,2342,com.android.systemui,2048,NULL,0,Notification(channel=updateNotification shortcut=null contentView=null vibrate=null sound=null defaults=0x0 flags=0x0 color=0x00000000 vis=PRIVATE),1]
11-19 04:48:01.694 2342 2342 I sysui_multi_action: [757,111,758,2]
11-19 04:48:01.698 2342 2342 I sysui_multi_action: [757,111,758,1]
11-19 04:48:01.698 2342 2342 I sysui_multi_action: [757,126,758,1,759,126,927,0,928,0,1593,1]
11-19 04:48:01.698 2342 2342 I sysui_multi_action: [757,113,758,1,759,113,927,1,928,1,1593,1]
11-19 04:48:01.698 2342 2342 I sysui_multi_action: [757,0,758,1,759,0,927,2,928,0,1593,1]
11-19 04:48:01.698 2342 2342 I sysui_multi_action: [757,0,758,1,759,0,927,3,928,0,1593,1]
11-19 04:48:01.699 2342 2342 I sysui_multi_action: [757,491,758,1,759,491,927,4,928,0,1311,-1,1593,0]
11-19 04:48:01.699 2342 2342 I sysui_multi_action: [757,0,758,1,759,0,927,5,928,0,1593,0]
11-19 04:48:01.699 2342 2342 I sysui_multi_action: [757,111,758,1]
11-19 04:48:01.699 2342 2342 I sysui_multi_action: [757,126,758,1,759,126,927,0,928,0,1593,1]
11-19 04:48:01.699 2342 2342 I sysui_multi_action: [757,113,758,1,759,113,927,1,928,1,1593,1]
11-19 04:48:01.699 2342 2342 I sysui_multi_action: [757,0,758,1,759,0,927,2,928,0,1593,1]
11-19 04:48:01.699 2342 2342 I sysui_multi_action: [757,0,758,1,759,0,927,3,928,0,1593,1]
11-19 04:48:01.709 1499 2284 I GameModeConfig: isGameModeOn = false
11-19 04:48:01.709 1499 2284 I GameModeConfig: isGameModeOn = false
11-19 04:48:01.709 1499 2284 I GameModeConfig: isGameModeOn = false
11-19 04:48:01.709 1499 2284 I GameModeConfig: isGameModeOn = false
11-19 04:48:01.710 2342 2342 I sysui_multi_action: [757,111,758,2]
11-19 04:48:01.710 2342 2342 I sysui_multi_action: [757,111,758,2]
11-19 04:48:01.710 1499 1499 I notification_enqueue: [10081,2342,com.android.systemui,2048,NULL,0,Notification(channel=updateNotification shortcut=null contentView=null vibrate=null sound=null defaults=0x0 flags=0x0 color=0x00000000 vis=PRIVATE),1]
11-19 04:48:01.714 2342 2342 I sysui_multi_action: [757,111,758,1]
11-19 04:48:01.714 2342 2342 I sysui_multi_action: [757,126,758,1,759,126,927,0,928,0,1593,1]
11-19 04:48:01.714 2342 2342 I sysui_multi_action: [757,113,758,1,759,113,927,1,928,1,1593,1]
11-19 04:48:01.714 2342 2342 I sysui_multi_action: [757,0,758,1,759,0,927,2,928,0,1593,1]
11-19 04:48:01.714 2342 2342 I sysui_multi_action: [757,0,758,1,759,0,927,3,928,0,1593,1]
11-19 04:48:01.715 2342 2342 I sysui_multi_action: [757,491,758,1,759,491,927,4,928,0,1311,-1,1593,0]
11-19 04:48:01.715 2342 2342 I sysui_multi_action: [757,0,758,1,759,0,927,5,928,0,1593,0]
11-19 04:48:01.715 2342 2342 I sysui_multi_action: [757,111,758,1]
11-19 04:48:01.715 2342 2342 I sysui_multi_action: [757,126,758,1,759,126,927,0,928,0,1593,1]
11-19 04:48:01.715 2342 2342 I sysui_multi_action: [757,113,758,1,759,113,927,1,928,1,1593,1]
11-19 04:48:01.715 2342 2342 I sysui_multi_action: [757,0,758,1,759,0,927,2,928,0,1593,1]
11-19 04:48:01.715 2342 2342 I sysui_multi_action: [757,0,758,1,759,0,927,3,928,0,1593,1]
11-19 04:48:01.716 1499 1499 I GameModeConfig: isGameModeOn = false
11-19 04:48:01.725 1499 2284 I GameModeConfig: isGameModeOn = false
11-19 04:48:01.727 1499 2284 I GameModeConfig: isGameModeOn = false
11-19 04:48:01.727 1499 2284 I GameModeConfig: isGameModeOn = false
11-19 04:48:01.727 1499 2284 I GameModeConfig: isGameModeOn = false
11-19 04:48:01.728 2342 2342 I sysui_multi_action: [757,111,758,2]
11-19 04:48:01.728 2342 2342 I sysui_multi_action: [757,111,758,2]
11-19 04:48:01.728 1499 1499 I notification_enqueue: [10081,2342,com.android.systemui,2048,NULL,0,Notification(channel=updateNotification shortcut=null contentView=null vibrate=null sound=null defaults=0x0 flags=0x0 color=0x00000000 vis=PRIVATE),1]
11-19 04:48:01.732 2342 2342 I sysui_multi_action: [757,111,758,1]
11-19 04:48:01.732 2342 2342 I sysui_multi_action: [757,126,758,1,759,126,927,0,928,0,1593,1]
11-19 04:48:01.732 2342 2342 I sysui_multi_action: [757,113,758,1,759,113,927,1,928,1,1593,1]
11-19 04:48:01.732 2342 2342 I sysui_multi_action: [757,0,758,1,759,0,927,2,928,0,1593,1]
11-19 04:48:01.732 2342 2342 I sysui_multi_action: [757,0,758,1,759,0,927,3,928,0,1593,1]
11-19 04:48:01.733 2342 2342 I sysui_multi_action: [757,491,758,1,759,491,927,4,928,0,1311,-1,1593,0]
11-19 04:48:01.733 2342 2342 I sysui_multi_action: [757,0,758,1,759,0,927,5,928,0,1593,0]
11-19 04:48:01.733 2342 2342 I sysui_multi_action: [757,111,758,1]
11-19 04:48:01.733 2342 2342 I sysui_multi_action: [757,126,758,1,759,126,927,0,928,0,1593,1]
11-19 04:48:01.733 2342 2342 I sysui_multi_action: [757,113,758,1,759,113,927,1,928,1,1593,1]
11-19 04:48:01.733 2342 2342 I sysui_multi_action: [757,0,758,1,759,0,927,2,928,0,1593,1]
11-19 04:48:01.733 2342 2342 I sysui_multi_action: [757,0,758,1,759,0,927,3,928,0,1593,1]
11-19 04:48:01.742 1499 1499 I GameModeConfig: isGameModeOn = false
11-19 04:48:01.743 2342 2342 I sysui_multi_action: [757,111,758,2]
11-19 04:48:01.744 2342 2342 I sysui_multi_action: [757,111,758,2]
11-19 04:48:01.744 1499 1499 I notification_enqueue: [10081,2342,com.android.systemui,2048,NULL,0,Notification(channel=updateNotification shortcut=null contentView=null vibrate=null sound=null defaults=0x0 flags=0x0 color=0x00000000 vis=PRIVATE),1]
11-19 04:48:01.745 1499 2284 I GameModeConfig: isGameModeOn = false
11-19 04:48:01.746 1499 2284 I GameModeConfig: isGameModeOn = false
11-19 04:48:01.746 1499 2284 I GameModeConfig: isGameModeOn = false
11-19 04:48:01.746 1499 2284 I GameModeConfig: isGameModeOn = false
11-19 04:48:01.747 2342 2342 I sysui_multi_action: [757,111,758,1]
11-19 04:48:01.747 2342 2342 I sysui_multi_action: [757,126,758,1,759,126,927,0,928,0,1593,1]
11-19 04:48:01.747 2342 2342 I sysui_multi_action: [757,113,758,1,759,113,927,1,928,1,1593,1]
11-19 04:48:01.747 2342 2342 I sysui_multi_action: [757,0,758,1,759,0,927,2,928,0,1593,1]
11-19 04:48:01.747 2342 2342 I sysui_multi_action: [757,0,758,1,759,0,927,3,928,0,1593,1]
11-19 04:48:01.747 2342 2342 I sysui_multi_action: [757,491,758,1,759,491,927,4,928,0,1311,-1,1593,0]
11-19 04:48:01.747 2342 2342 I sysui_multi_action: [757,0,758,1,759,0,927,5,928,0,1593,0]
11-19 04:48:01.747 2342 2342 I sysui_multi_action: [757,111,758,1]
11-19 04:48:01.747 2342 2342 I sysui_multi_action: [757,126,758,1,759,126,927,0,928,0,1593,1]
11-19 04:48:01.747 2342 2342 I sysui_multi_action: [757,113,758,1,759,113,927,1,928,1,1593,1]
11-19 04:48:01.748 2342 2342 I sysui_multi_action: [757,0,758,1,759,0,927,2,928,0,1593,1]
11-19 04:48:01.748 2342 2342 I sysui_multi_action: [757,0,758,1,759,0,927,3,928,0,1593,1]
11-19 04:48:01.755 1499 1499 I GameModeConfig: isGameModeOn = false
11-19 04:48:01.758 1499 2284 I GameModeConfig: isGameModeOn = false
11-19 04:48:01.759 1499 2284 I GameModeConfig: isGameModeOn = false
11-19 04:48:01.759 1499 2284 I GameModeConfig: isGameModeOn = false
11-19 04:48:01.759 1499 2284 I GameModeConfig: isGameModeOn = false
11-19 04:48:01.760 2342 2342 I sysui_multi_action: [757,111,758,2]
11-19 04:48:01.760 2342 2342 I sysui_multi_action: [757,111,758,2]
11-19 04:48:01.760 1499 1499 I notification_enqueue: [10081,2342,com.android.systemui,2048,NULL,0,Notification(channel=updateNotification shortcut=null contentView=null vibrate=null sound=null defaults=0x0 flags=0x0 color=0x00000000 vis=PRIVATE),1]
11-19 04:48:01.769 1499 1499 I GameModeConfig: isGameModeOn = false
11-19 04:48:01.769 1499 1638 I input_focus: [Focus request 632f7bf com.android.launcher3/com.android.launcher3.uioverrides.QuickstepLauncher,reason=UpdateInputWindows]
11-19 04:48:01.770 2342 2342 I sysui_multi_action: [757,111,758,1]
11-19 04:48:01.770 2342 2342 I sysui_multi_action: [757,126,758,1,759,126,927,0,928,0,1593,1]
11-19 04:48:01.771 2342 2342 I sysui_multi_action: [757,113,758,1,759,113,927,1,928,1,1593,1]
11-19 04:48:01.771 2342 2342 I sysui_multi_action: [757,0,758,1,759,0,927,2,928,0,1593,1]
11-19 04:48:01.771 2342 2342 I sysui_multi_action: [757,0,758,1,759,0,927,3,928,0,1593,1]
11-19 04:48:01.771 2342 2342 I sysui_multi_action: [757,491,758,1,759,491,927,4,928,0,1311,-1,1593,0]
11-19 04:48:01.771 2342 2342 I sysui_multi_action: [757,0,758,1,759,0,927,5,928,0,1593,0]
11-19 04:48:01.771 2342 2342 I sysui_multi_action: [757,111,758,1]
11-19 04:48:01.771 2342 2342 I sysui_multi_action: [757,126,758,1,759,126,927,0,928,0,1593,1]
11-19 04:48:01.771 2342 2342 I sysui_multi_action: [757,113,758,1,759,113,927,1,928,1,1593,1]
11-19 04:48:01.771 2342 2342 I sysui_multi_action: [757,0,758,1,759,0,927,2,928,0,1593,1]
11-19 04:48:01.771 2342 2342 I sysui_multi_action: [757,0,758,1,759,0,927,3,928,0,1593,1]
11-19 04:48:01.777 1499 1499 I GameModeConfig: isGameModeOn = false
11-19 04:48:01.781 1499 2284 I GameModeConfig: isGameModeOn = false
11-19 04:48:01.781 2342 2342 I sysui_multi_action: [757,111,758,2]
11-19 04:48:01.781 2342 2342 I sysui_multi_action: [757,111,758,2]
11-19 04:48:01.782 1499 2284 I GameModeConfig: isGameModeOn = false
11-19 04:48:01.782 1499 2284 I GameModeConfig: isGameModeOn = false
11-19 04:48:01.782 1499 2284 I GameModeConfig: isGameModeOn = false
11-19 04:48:01.783 1499 1499 I notification_enqueue: [10081,2342,com.android.systemui,2048,NULL,0,Notification(channel=updateNotification shortcut=null contentView=null vibrate=null sound=null defaults=0x0 flags=0x0 color=0x00000000 vis=PRIVATE),1]
11-19 04:48:01.785 1499 8632 I sysui_multi_action: [757,128,758,2,793,12482974,794,2054,795,12482974,796,26,798,0,806,android,857,DEVELOPER_IMPORTANT,858,4,947,0,1395,2,1500,12482770,1688,1]
11-19 04:48:01.785 1499 8632 I notification_visibility: [-1|android|26|null|1000,0,12482974,12482974,0,0]
11-19 04:48:01.785 1499 8632 I sysui_multi_action: [757,128,758,2,793,12537548,794,2054,795,12537548,796,32,798,1,806,android,857,USB,858,1,947,0,1395,2,1500,12536871,1688,1]
11-19 04:48:01.785 1499 8632 I notification_visibility: [-1|android|32|null|1000,0,12537548,12537548,0,1]
11-19 04:48:01.785 1499 8632 I sysui_multi_action: [757,127,758,2]
11-19 04:48:01.786 1499 8632 I notification_panel_hidden:
11-19 04:48:01.791 2342 2342 I sysui_multi_action: [757,111,758,1]
11-19 04:48:01.791 2342 2342 I sysui_multi_action: [757,126,758,1,759,126,927,0,928,0,1593,1]
11-19 04:48:01.791 2342 2342 I sysui_multi_action: [757,113,758,1,759,113,927,1,928,1,1593,1]
11-19 04:48:01.791 2342 2342 I sysui_multi_action: [757,0,758,1,759,0,927,2,928,0,1593,1]
11-19 04:48:01.791 2342 2342 I sysui_multi_action: [757,0,758,1,759,0,927,3,928,0,1593,1]
11-19 04:48:01.791 2342 2342 I sysui_multi_action: [757,491,758,1,759,491,927,4,928,0,1311,-1,1593,0]
11-19 04:48:01.791 2342 2342 I sysui_multi_action: [757,0,758,1,759,0,927,5,928,0,1593,0]
11-19 04:48:01.791 2342 2342 I sysui_multi_action: [757,111,758,1]
11-19 04:48:01.791 2342 2342 I sysui_multi_action: [757,126,758,1,759,126,927,0,928,0,1593,1]
11-19 04:48:01.791 2342 2342 I sysui_multi_action: [757,113,758,1,759,113,927,1,928,1,1593,1]
11-19 04:48:01.791 2342 2342 I sysui_multi_action: [757,0,758,1,759,0,927,2,928,0,1593,1]
11-19 04:48:01.791 2342 2342 I sysui_multi_action: [757,0,758,1,759,0,927,3,928,0,1593,1]
11-19 04:48:01.795 1499 1499 I GameModeConfig: isGameModeOn = false
11-19 04:48:01.798 1499 1831 I input_focus: [Focus leaving 574f5d NotificationShade (server),reason=NO_WINDOW]
11-19 04:48:01.798 1499 1831 I input_focus: [Focus entering 632f7bf com.android.launcher3/com.android.launcher3.uioverrides.QuickstepLauncher (server),reason=setFocusedWindow]
11-19 04:48:01.812 1499 1499 I GameModeConfig: isGameModeOn = false
11-19 04:48:01.829 1499 1499 I GameModeConfig: isGameModeOn = false
11-19 04:48:01.844 1499 1499 I GameModeConfig: isGameModeOn = false
11-19 04:48:01.862 1499 1499 I GameModeConfig: isGameModeOn = false
11-19 04:48:01.879 1499 1499 I GameModeConfig: isGameModeOn = false
11-19 04:48:01.896 1499 1499 I GameModeConfig: isGameModeOn = false
11-19 04:48:01.912 1499 1499 I GameModeConfig: isGameModeOn = false
11-19 04:48:01.931 1499 1499 I GameModeConfig: isGameModeOn = false
11-19 04:48:01.945 1499 1499 I GameModeConfig: isGameModeOn = false
11-19 04:48:01.961 1499 1499 I GameModeConfig: isGameModeOn = false
11-19 04:48:01.985 1499 1499 I GameModeConfig: isGameModeOn = false
11-19 04:48:02.087 1499 1831 I input_interaction: Interaction with: 632f7bf com.android.launcher3/com.android.launcher3.uioverrides.QuickstepLauncher (server), a1d9774 com.android.systemui.ImageWallpaper (server), edge-swipe (server), swipe-up (server), PointerEventDispatcher0 (server),
11-19 04:48:02.131 0 0 I auditd : type=1400 audit(0.0:8389): avc: denied { kill } for comm="swapper/3" capability=5 scontext=u:r:kernel:s0 tcontext=u:r:kernel:s0 tclass=capability permissive=0
11-19 04:48:02.190 1499 8632 I ActivityTaskManager: START u0 {act=android.intent.action.MAIN cat=[android.intent.category.LAUNCHER] flg=0x10200000 cmp=com.android.settings/.Settings bnds=[2233,723][2408,906]} from uid 10078
11-19 04:48:02.194 1499 8632 I wm_task_created: [56,-1]
11-19 04:48:02.194 1499 8632 W ActivityTaskManager: Can't find TaskDisplayArea to determine support for multi window. Task id=56 attached=false
11-19 04:48:02.196 1499 8632 I wm_task_moved: [56,1,7]
11-19 04:48:02.197 1499 8632 I wm_task_to_front: [0,56]
11-19 04:48:02.197 1499 8632 I wm_create_task: [0,56]
11-19 04:48:02.197 1499 8632 I wm_create_activity: [0,168892659,56,com.android.settings/.Settings,android.intent.action.MAIN,NULL,NULL,270532608]
11-19 04:48:02.197 1499 8632 I wm_task_moved: [56,1,7]
11-19 04:48:02.199 1499 8632 I wm_pause_activity: [0,19758722,com.android.launcher3/.uioverrides.QuickstepLauncher,userLeaving=true,pauseBackTasks]
11-19 04:48:02.205 2802 2802 I wm_on_top_resumed_lost_called: [19758722,com.android.launcher3.uioverrides.QuickstepLauncher,topStateChangedWhenResumed]
11-19 04:48:02.208 2802 2802 I wm_on_paused_called: [19758722,com.android.launcher3.uioverrides.QuickstepLauncher,performPause]
11-19 04:48:02.210 1499 8632 I ActivityTaskManager: FOREGROUND_APPLICATION_CHANGED to com.android.settings.homepage.SettingsHomepageActivity
11-19 04:48:02.212 1499 8632 I ActivityTaskManager: The Process com.android.settings Already Exists in BG. So sending its PID: 10325
11-19 04:48:02.212 1499 8632 I wm_add_to_stopping: [0,19758722,com.android.launcher3/.uioverrides.QuickstepLauncher,makeInvisible]
11-19 04:48:02.213 1499 8632 I wm_restart_activity: [0,168892659,56,com.android.settings/.Settings]
11-19 04:48:02.215 1499 8632 I wm_set_resumed_activity: [0,com.android.settings/.Settings,minimalResumeActivityLocked]
11-19 04:48:02.231 1499 1637 I sysui_multi_action: [757,803,799,window_time_0,802,8]
11-19 04:48:02.242 7802 7838 W ContextImpl: Calling a method in the system process without a qualified user: android.app.ContextImpl.startService:1816 android.content.ContextWrapper.startService:774 com.thundercomm.gamemode.ingame.services.GameModeActionUtils.startGameModeService:93 com.thundercomm.gamemode.ingame.services.GameModeActionUtils.startGameModeEntry:21 com.thundercomm.gamemode.ingame.services.ActivityMonitoringService$1.onActivityLaunch:127
11-19 04:48:02.247 1499 1831 I input_focus: [Focus leaving 632f7bf com.android.launcher3/com.android.launcher3.uioverrides.QuickstepLauncher (server),reason=NO_WINDOW]
11-19 04:48:02.251 1499 1499 I GameModeConfig: Current uri is uri = content://com.thundercomm.gamemode.api/gamemode_settings/gamemode_isgaming
11-19 04:48:02.259 1499 1499 I GameModeConfig: isGameModeOn = false
11-19 04:48:02.259 1499 1499 I GameModeConfig: isGameModeOn = false
11-19 04:48:02.259 1499 1499 I GameModeConfig: isDisableVoice = true
11-19 04:48:02.283 10325 10325 I wm_on_create_called: [168892659,com.android.settings.Settings,performCreate]
11-19 04:48:02.290 1499 8831 E UserRestrictionsUtils: Unknown restriction queried by uid 1000 (com.android.location.fused et al): null
11-19 04:48:02.290 1499 8831 E UserRestrictionsUtils: Unknown restriction queried by uid 1000 (com.android.location.fused et al): null
11-19 04:48:02.291 1499 5048 E UserRestrictionsUtils: Unknown restriction queried by uid 1000 (com.android.location.fused et al): null
11-19 04:48:02.291 1499 5048 E UserRestrictionsUtils: Unknown restriction queried by uid 1000 (com.android.location.fused et al): null
11-19 04:48:02.291 1499 5048 E UserRestrictionsUtils: Unknown restriction queried by uid 1000 (com.android.location.fused et al): null
11-19 04:48:02.291 1499 5048 E UserRestrictionsUtils: Unknown restriction queried by uid 1000 (com.android.location.fused et al): null
11-19 04:48:02.291 1499 5048 E UserRestrictionsUtils: Unknown restriction queried by uid 1000 (com.android.location.fused et al): null
11-19 04:48:02.291 1499 5048 E UserRestrictionsUtils: Unknown restriction queried by uid 1000 (com.android.location.fused et al): null
11-19 04:48:02.292 1499 5048 E UserRestrictionsUtils: Unknown restriction queried by uid 1000 (com.android.location.fused et al): null
11-19 04:48:02.292 1499 5048 E UserRestrictionsUtils: Unknown restriction queried by uid 1000 (com.android.location.fused et al): null
11-19 04:48:02.292 1499 5048 E UserRestrictionsUtils: Unknown restriction queried by uid 1000 (com.android.location.fused et al): null
11-19 04:48:02.292 1499 5048 E UserRestrictionsUtils: Unknown restriction queried by uid 1000 (com.android.location.fused et al): null
11-19 04:48:02.292 1499 5048 E UserRestrictionsUtils: Unknown restriction queried by uid 1000 (com.android.location.fused et al): null
11-19 04:48:02.292 1499 5048 E UserRestrictionsUtils: Unknown restriction queried by uid 1000 (com.android.location.fused et al): null
11-19 04:48:02.292 1499 5048 E UserRestrictionsUtils: Unknown restriction queried by uid 1000 (com.android.location.fused et al): null
11-19 04:48:02.293 1499 5048 E UserRestrictionsUtils: Unknown restriction queried by uid 1000 (com.android.location.fused et al): null
11-19 04:48:02.293 1499 5048 E UserRestrictionsUtils: Unknown restriction queried by uid 1000 (com.android.location.fused et al): null
11-19 04:48:02.293 1499 5048 E UserRestrictionsUtils: Unknown restriction queried by uid 1000 (com.android.location.fused et al): null
11-19 04:48:02.312 10325 10325 I wm_on_start_called: [168892659,com.android.settings.Settings,handleStartActivity]
11-19 04:48:02.313 10325 10325 I snet_event_log: [120484087,-1,]
11-19 04:48:02.314 10325 10325 I wm_on_resume_called: [168892659,com.android.settings.Settings,RESUME_ACTIVITY]
11-19 04:48:02.315 10325 10325 I sysui_multi_action: [757,35,758,1,833,0,1089,29]
11-19 04:48:02.322 10325 10325 I sysui_multi_action: [757,1729,758,4,854,isParalleledControllers:false,1089,36]
11-19 04:48:02.325 7802 7838 W ContextImpl: Calling a method in the system process without a qualified user: android.app.ContextImpl.startService:1816 android.content.ContextWrapper.startService:774 com.thundercomm.gamemode.ingame.services.GameModeActionUtils.startGameModeService:93 com.thundercomm.gamemode.ingame.services.GameModeActionUtils.startGameModeEntry:21 com.thundercomm.gamemode.ingame.services.ActivityMonitoringService$1.onActivityLaunch:127
11-19 04:48:02.330 10325 10325 I wm_on_top_resumed_gained_called: [168892659,com.android.settings.Settings,topStateChangedWhenResumed]
11-19 04:48:02.342 1499 1499 I GameModeConfig: Current uri is uri = content://com.thundercomm.gamemode.api/gamemode_settings/gamemode_isgaming
11-19 04:48:02.344 1499 1499 I GameModeConfig: isGameModeOn = false
11-19 04:48:02.344 1499 1499 I GameModeConfig: isGameModeOn = false
11-19 04:48:02.344 1499 1499 I GameModeConfig: isDisableVoice = true
11-19 04:48:02.371 1499 1638 I input_focus: [Focus request 9660cd3 com.android.settings/com.android.settings.Settings,reason=UpdateInputWindows]
11-19 04:48:02.398 1499 1638 I sysui_multi_action: [324,1,757,1090,758,12,806,com.android.settings,871,com.android.settings.Settings,1091,208]
11-19 04:48:02.405 1499 1634 I sysui_multi_action: [319,89,321,87,322,208,325,12561,757,761,758,8,759,1,806,com.android.settings,871,com.android.settings.Settings,904,com.android.launcher3,905,0,1320,8,1321,5]
11-19 04:48:02.406 1499 1634 I wm_activity_launch_time: [0,168892659,com.android.settings/.Settings,208]
