11-19 04:51:39.333 1499 1645 I am_wtf : [0,1499,system_server,-1,DisplayDeviceConfig,requesting nits when no mapping exists.]
11-19 04:51:39.347 1499 2319 E DisplayDeviceConfig: requesting nits when no mapping exists.
11-19 04:51:39.348 1499 1645 I am_wtf : [0,1499,system_server,-1,DisplayDeviceConfig,requesting nits when no mapping exists.]
11-19 04:51:39.348 1499 2319 E DisplayDeviceConfig: requesting nits when no mapping exists.
11-19 04:51:39.349 1499 1645 I am_wtf : [0,1499,system_server,-1,DisplayDeviceConfig,requesting nits when no mapping exists.]
11-19 04:51:39.364 1499 2319 E DisplayDeviceConfig: requesting nits when no mapping exists.
11-19 04:51:39.365 1499 1645 I am_wtf : [0,1499,system_server,-1,DisplayDeviceConfig,requesting nits when no mapping exists.]
11-19 04:51:39.365 1499 2319 E DisplayDeviceConfig: requesting nits when no mapping exists.
11-19 04:51:39.366 1499 1645 I am_wtf : [0,1499,system_server,-1,DisplayDeviceConfig,requesting nits when no mapping exists.]
11-19 04:51:39.381 1499 2319 E DisplayDeviceConfig: requesting nits when no mapping exists.
11-19 04:51:39.382 1499 1645 I am_wtf : [0,1499,system_server,-1,DisplayDeviceConfig,requesting nits when no mapping exists.]
11-19 04:51:39.382 1499 2319 E DisplayDeviceConfig: requesting nits when no mapping exists.
11-19 04:51:39.382 1499 1645 I am_wtf : [0,1499,system_server,-1,DisplayDeviceConfig,requesting nits when no mapping exists.]
11-19 04:51:39.398 1499 2319 E DisplayDeviceConfig: requesting nits when no mapping exists.
11-19 04:51:39.398 1499 1645 I am_wtf : [0,1499,system_server,-1,DisplayDeviceConfig,requesting nits when no mapping exists.]
11-19 04:51:39.398 1499 2319 E DisplayDeviceConfig: requesting nits when no mapping exists.
11-19 04:51:39.399 1499 1645 I am_wtf : [0,1499,system_server,-1,DisplayDeviceConfig,requesting nits when no mapping exists.]
11-19 04:51:39.414 1499 2319 E DisplayDeviceConfig: requesting nits when no mapping exists.
11-19 04:51:39.415 1499 1645 I am_wtf : [0,1499,system_server,-1,DisplayDeviceConfig,requesting nits when no mapping exists.]
11-19 04:51:39.415 1499 2319 E DisplayDeviceConfig: requesting nits when no mapping exists.
11-19 04:51:39.416 1499 1645 I am_wtf : [0,1499,system_server,-1,DisplayDeviceConfig,requesting nits when no mapping exists.]
11-19 04:51:39.431 1499 2319 E DisplayDeviceConfig: requesting nits when no mapping exists.
11-19 04:51:39.432 1499 1645 I am_wtf : [0,1499,system_server,-1,DisplayDeviceConfig,requesting nits when no mapping exists.]
11-19 04:51:39.432 1499 2319 E DisplayDeviceConfig: requesting nits when no mapping exists.
11-19 04:51:39.432 1499 1645 I am_wtf : [0,1499,system_server,-1,DisplayDeviceConfig,requesting nits when no mapping exists.]
11-19 04:51:39.448 1499 2319 E DisplayDeviceConfig: requesting nits when no mapping exists.
11-19 04:51:39.448 1499 1645 I am_wtf : [0,1499,system_server,-1,DisplayDeviceConfig,requesting nits when no mapping exists.]
11-19 04:51:39.448 1499 2319 E DisplayDeviceConfig: requesting nits when no mapping exists.
11-19 04:51:39.449 1499 1645 I am_wtf : [0,1499,system_server,-1,DisplayDeviceConfig,requesting nits when no mapping exists.]
11-19 04:51:39.464 1499 2319 E DisplayDeviceConfig: requesting nits when no mapping exists.
11-19 04:51:39.465 1499 1645 I am_wtf : [0,1499,system_server,-1,DisplayDeviceConfig,requesting nits when no mapping exists.]
11-19 04:51:39.465 1499 2319 E DisplayDeviceConfig: requesting nits when no mapping exists.
11-19 04:51:39.466 1499 1645 I am_wtf : [0,1499,system_server,-1,DisplayDeviceConfig,requesting nits when no mapping exists.]
11-19 04:51:39.481 1499 2319 E DisplayDeviceConfig: requesting nits when no mapping exists.
11-19 04:51:39.482 1499 1645 I am_wtf : [0,1499,system_server,-1,DisplayDeviceConfig,requesting nits when no mapping exists.]
11-19 04:51:39.482 1499 2319 E DisplayDeviceConfig: requesting nits when no mapping exists.
11-19 04:51:39.482 1499 1645 I am_wtf : [0,1499,system_server,-1,DisplayDeviceConfig,requesting nits when no mapping exists.]
11-19 04:51:39.498 1499 2319 E DisplayDeviceConfig: requesting nits when no mapping exists.
11-19 04:51:39.498 1499 1645 I am_wtf : [0,1499,system_server,-1,DisplayDeviceConfig,requesting nits when no mapping exists.]
11-19 04:51:39.498 1499 2319 E DisplayDeviceConfig: requesting nits when no mapping exists.
11-19 04:51:39.499 1499 1645 I am_wtf : [0,1499,system_server,-1,DisplayDeviceConfig,requesting nits when no mapping exists.]
11-19 04:51:39.515 1499 2319 E DisplayDeviceConfig: requesting nits when no mapping exists.
11-19 04:51:39.515 1499 1645 I am_wtf : [0,1499,system_server,-1,DisplayDeviceConfig,requesting nits when no mapping exists.]
11-19 04:51:39.515 1499 2319 E DisplayDeviceConfig: requesting nits when no mapping exists.
11-19 04:51:39.516 1499 1645 I am_wtf : [0,1499,system_server,-1,DisplayDeviceConfig,requesting nits when no mapping exists.]
11-19 04:51:39.531 1499 2319 E DisplayDeviceConfig: requesting nits when no mapping exists.
11-19 04:51:39.532 1499 1645 I am_wtf : [0,1499,system_server,-1,DisplayDeviceConfig,requesting nits when no mapping exists.]
11-19 04:51:39.532 1499 2319 E DisplayDeviceConfig: requesting nits when no mapping exists.
11-19 04:51:39.533 1499 1645 I am_wtf : [0,1499,system_server,-1,DisplayDeviceConfig,requesting nits when no mapping exists.]
11-19 04:51:39.548 1499 2319 E DisplayDeviceConfig: requesting nits when no mapping exists.
11-19 04:51:39.549 1499 1645 I am_wtf : [0,1499,system_server,-1,DisplayDeviceConfig,requesting nits when no mapping exists.]
11-19 04:51:39.549 1499 2319 E DisplayDeviceConfig: requesting nits when no mapping exists.
11-19 04:51:39.550 1499 1645 I am_wtf : [0,1499,system_server,-1,DisplayDeviceConfig,requesting nits when no mapping exists.]
11-19 04:51:39.565 1499 2319 E DisplayDeviceConfig: requesting nits when no mapping exists.
11-19 04:51:39.566 1499 1645 I am_wtf : [0,1499,system_server,-1,DisplayDeviceConfig,requesting nits when no mapping exists.]
11-19 04:51:39.566 1499 2319 E DisplayDeviceConfig: requesting nits when no mapping exists.
11-19 04:51:39.566 1499 1645 I am_wtf : [0,1499,system_server,-1,DisplayDeviceConfig,requesting nits when no mapping exists.]
11-19 04:51:39.581 1499 2319 E DisplayDeviceConfig: requesting nits when no mapping exists.
11-19 04:51:39.582 1499 1645 I am_wtf : [0,1499,system_server,-1,DisplayDeviceConfig,requesting nits when no mapping exists.]
11-19 04:51:39.582 1499 2319 E DisplayDeviceConfig: requesting nits when no mapping exists.
11-19 04:51:39.583 1499 1645 I am_wtf : [0,1499,system_server,-1,DisplayDeviceConfig,requesting nits when no mapping exists.]
11-19 04:51:39.598 1499 2319 E DisplayDeviceConfig: requesting nits when no mapping exists.
11-19 04:51:39.599 1499 1645 I am_wtf : [0,1499,system_server,-1,DisplayDeviceConfig,requesting nits when no mapping exists.]
11-19 04:51:39.599 1499 2319 E DisplayDeviceConfig: requesting nits when no mapping exists.
11-19 04:51:39.600 1499 1645 I am_wtf : [0,1499,system_server,-1,DisplayDeviceConfig,requesting nits when no mapping exists.]
11-19 04:51:39.615 1499 2319 E DisplayDeviceConfig: requesting nits when no mapping exists.
11-19 04:51:39.615 1499 1645 I am_wtf : [0,1499,system_server,-1,DisplayDeviceConfig,requesting nits when no mapping exists.]
11-19 04:51:39.615 1499 2319 E DisplayDeviceConfig: requesting nits when no mapping exists.
11-19 04:51:39.616 1499 1645 I am_wtf : [0,1499,system_server,-1,DisplayDeviceConfig,requesting nits when no mapping exists.]
11-19 04:51:39.631 1499 2319 E DisplayDeviceConfig: requesting nits when no mapping exists.
11-19 04:51:39.632 1499 1645 I am_wtf : [0,1499,system_server,-1,DisplayDeviceConfig,requesting nits when no mapping exists.]
11-19 04:51:39.632 1499 2319 E DisplayDeviceConfig: requesting nits when no mapping exists.
11-19 04:51:39.633 1499 1645 I am_wtf : [0,1499,system_server,-1,DisplayDeviceConfig,requesting nits when no mapping exists.]
11-19 04:51:39.648 1499 2319 E DisplayDeviceConfig: requesting nits when no mapping exists.
11-19 04:51:39.649 1499 1645 I am_wtf : [0,1499,system_server,-1,DisplayDeviceConfig,requesting nits when no mapping exists.]
11-19 04:51:39.649 1499 2319 E DisplayDeviceConfig: requesting nits when no mapping exists.
11-19 04:51:39.649 1499 1645 I service_manager_stats: [100,40,53695]
11-19 04:51:39.650 1499 1645 I am_wtf : [0,1499,system_server,-1,DisplayDeviceConfig,requesting nits when no mapping exists.]
11-19 04:51:39.665 1499 2319 E DisplayDeviceConfig: requesting nits when no mapping exists.
11-19 04:51:39.665 1499 1645 I am_wtf : [0,1499,system_server,-1,DisplayDeviceConfig,requesting nits when no mapping exists.]
11-19 04:51:39.665 1499 2319 E DisplayDeviceConfig: requesting nits when no mapping exists.
11-19 04:51:39.666 1499 1645 I am_wtf : [0,1499,system_server,-1,DisplayDeviceConfig,requesting nits when no mapping exists.]
11-19 04:51:39.682 1499 2319 E DisplayDeviceConfig: requesting nits when no mapping exists.
11-19 04:51:39.682 1499 1645 I am_wtf : [0,1499,system_server,-1,DisplayDeviceConfig,requesting nits when no mapping exists.]
11-19 04:51:39.682 1499 2319 E DisplayDeviceConfig: requesting nits when no mapping exists.
11-19 04:51:39.683 1499 1645 I am_wtf : [0,1499,system_server,-1,DisplayDeviceConfig,requesting nits when no mapping exists.]
11-19 04:51:39.698 1499 2319 E DisplayDeviceConfig: requesting nits when no mapping exists.
11-19 04:51:39.699 1499 1645 I am_wtf : [0,1499,system_server,-1,DisplayDeviceConfig,requesting nits when no mapping exists.]
11-19 04:51:39.699 1499 2319 E DisplayDeviceConfig: requesting nits when no mapping exists.
11-19 04:51:39.700 1499 1645 I am_wtf : [0,1499,system_server,-1,DisplayDeviceConfig,requesting nits when no mapping exists.]
11-19 04:51:39.715 1499 2319 E DisplayDeviceConfig: requesting nits when no mapping exists.
11-19 04:51:39.716 1499 2319 E DisplayDeviceConfig: requesting nits when no mapping exists.
11-19 04:51:39.716 1499 1645 I am_wtf : [0,1499,system_server,-1,DisplayDeviceConfig,requesting nits when no mapping exists.]
11-19 04:51:39.717 1499 1645 I am_wtf : [0,1499,system_server,-1,DisplayDeviceConfig,requesting nits when no mapping exists.]
11-19 04:51:39.732 1499 2319 E DisplayDeviceConfig: requesting nits when no mapping exists.
11-19 04:51:39.732 1499 1645 I am_wtf : [0,1499,system_server,-1,DisplayDeviceConfig,requesting nits when no mapping exists.]
11-19 04:51:39.732 1499 2319 E DisplayDeviceConfig: requesting nits when no mapping exists.
11-19 04:51:39.733 1499 1645 I am_wtf : [0,1499,system_server,-1,DisplayDeviceConfig,requesting nits when no mapping exists.]
11-19 04:51:39.749 1499 2319 E DisplayDeviceConfig: requesting nits when no mapping exists.
11-19 04:51:39.749 1499 1645 I am_wtf : [0,1499,system_server,-1,DisplayDeviceConfig,requesting nits when no mapping exists.]
11-19 04:51:39.749 1499 2319 E DisplayDeviceConfig: requesting nits when no mapping exists.
11-19 04:51:39.750 1499 1645 I am_wtf : [0,1499,system_server,-1,DisplayDeviceConfig,requesting nits when no mapping exists.]
11-19 04:51:39.762 1499 1793 D ActivityManager: freezing 10173 com.android.music
11-19 04:51:39.763 1499 1793 E ActivityManager: Unable to freeze binder for 10173 com.android.music
11-19 04:51:39.764 1499 1793 D ActivityManager: froze 10173 com.android.music
11-19 04:51:39.764 1499 1793 I am_freeze: [10173,com.android.music]
11-19 04:51:39.765 1499 1793 E ActivityManager: Unable to freeze binder for 10173 com.android.music
11-19 04:51:39.765 1499 2319 E DisplayDeviceConfig: requesting nits when no mapping exists.
11-19 04:51:39.765 1499 1645 I am_wtf : [0,1499,system_server,-1,DisplayDeviceConfig,requesting nits when no mapping exists.]
11-19 04:51:39.765 1499 2319 E DisplayDeviceConfig: requesting nits when no mapping exists.
11-19 04:51:39.765 1499 1793 I ActivityManager: Killing 10173:com.android.music/u0a90 (adj 945): Unable to freeze binder interface
11-19 04:51:39.765 1499 1645 I am_wtf : [0,1499,system_server,-1,DisplayDeviceConfig,requesting nits when no mapping exists.]
11-19 04:51:39.765 1499 1793 I am_kill : [0,10173,com.android.music,945,Unable to freeze binder interface]
11-19 04:51:39.782 1499 2319 E DisplayDeviceConfig: requesting nits when no mapping exists.
11-19 04:51:39.782 1499 2319 E DisplayDeviceConfig: requesting nits when no mapping exists.
11-19 04:51:39.782 1499 1645 I am_wtf : [0,1499,system_server,-1,DisplayDeviceConfig,requesting nits when no mapping exists.]
11-19 04:51:39.782 1499 1645 I am_wtf : [0,1499,system_server,-1,DisplayDeviceConfig,requesting nits when no mapping exists.]
11-19 04:51:39.791 1499 8917 I am_proc_died: [0,10173,com.android.music,945,19]
11-19 04:51:39.791 1499 8917 I am_uid_stopped: 10090
11-19 04:51:39.798 1499 2319 E DisplayDeviceConfig: requesting nits when no mapping exists.
11-19 04:51:39.799 1499 2319 E DisplayDeviceConfig: requesting nits when no mapping exists.
11-19 04:51:39.799 1499 1645 I am_wtf : [0,1499,system_server,-1,DisplayDeviceConfig,requesting nits when no mapping exists.]
11-19 04:51:39.799 1499 1645 I am_wtf : [0,1499,system_server,-1,DisplayDeviceConfig,requesting nits when no mapping exists.]
11-19 04:51:39.806 1499 1644 I am_pss : [10385,10061,com.android.settings.intelligence,36697088,30257152,0,173101056,0,15,10]
11-19 04:51:39.815 1499 2319 E DisplayDeviceConfig: requesting nits when no mapping exists.
11-19 04:51:39.816 1499 2319 E DisplayDeviceConfig: requesting nits when no mapping exists.
11-19 04:51:39.816 1499 1645 I am_wtf : [0,1499,system_server,-1,DisplayDeviceConfig,requesting nits when no mapping exists.]
11-19 04:51:39.816 1499 1645 I am_wtf : [0,1499,system_server,-1,DisplayDeviceConfig,requesting nits when no mapping exists.]
11-19 04:51:39.832 1499 2319 E DisplayDeviceConfig: requesting nits when no mapping exists.
11-19 04:51:39.833 1499 2319 E DisplayDeviceConfig: requesting nits when no mapping exists.
11-19 04:51:39.833 1499 1645 I am_wtf : [0,1499,system_server,-1,DisplayDeviceConfig,requesting nits when no mapping exists.]
11-19 04:51:39.834 1499 1645 I am_wtf : [0,1499,system_server,-1,DisplayDeviceConfig,requesting nits when no mapping exists.]
11-19 04:51:39.849 1499 2319 E DisplayDeviceConfig: requesting nits when no mapping exists.
11-19 04:51:39.850 1499 2319 E DisplayDeviceConfig: requesting nits when no mapping exists.
11-19 04:51:39.850 1499 1645 I am_wtf : [0,1499,system_server,-1,DisplayDeviceConfig,requesting nits when no mapping exists.]
11-19 04:51:39.851 1499 1645 I am_wtf : [0,1499,system_server,-1,DisplayDeviceConfig,requesting nits when no mapping exists.]
11-19 04:51:39.866 1499 2319 E DisplayDeviceConfig: requesting nits when no mapping exists.
11-19 04:51:39.867 1499 1645 I am_wtf : [0,1499,system_server,-1,DisplayDeviceConfig,requesting nits when no mapping exists.]
11-19 04:51:39.867 1499 2319 E DisplayDeviceConfig: requesting nits when no mapping exists.
11-19 04:51:39.869 1499 1645 I am_wtf : [0,1499,system_server,-1,DisplayDeviceConfig,requesting nits when no mapping exists.]
11-19 04:51:39.882 1499 2319 E DisplayDeviceConfig: requesting nits when no mapping exists.
11-19 04:51:39.883 1499 1645 I am_wtf : [0,1499,system_server,-1,DisplayDeviceConfig,requesting nits when no mapping exists.]
11-19 04:51:39.883 1499 2319 E DisplayDeviceConfig: requesting nits when no mapping exists.
11-19 04:51:39.884 1499 1645 I am_wtf : [0,1499,system_server,-1,DisplayDeviceConfig,requesting nits when no mapping exists.]
11-19 04:51:39.899 1499 2319 E DisplayDeviceConfig: requesting nits when no mapping exists.
11-19 04:51:39.899 1499 2319 E DisplayDeviceConfig: requesting nits when no mapping exists.
11-19 04:51:39.899 1499 1645 I am_wtf : [0,1499,system_server,-1,DisplayDeviceConfig,requesting nits when no mapping exists.]
11-19 04:51:39.901 1499 1645 I am_wtf : [0,1499,system_server,-1,DisplayDeviceConfig,requesting nits when no mapping exists.]
11-19 04:51:39.916 1499 2319 E DisplayDeviceConfig: requesting nits when no mapping exists.
11-19 04:51:39.917 1499 2319 E DisplayDeviceConfig: requesting nits when no mapping exists.
11-19 04:51:39.917 1499 1645 I am_wtf : [0,1499,system_server,-1,DisplayDeviceConfig,requesting nits when no mapping exists.]
11-19 04:51:39.918 1499 1645 I am_wtf : [0,1499,system_server,-1,DisplayDeviceConfig,requesting nits when no mapping exists.]
11-19 04:51:39.932 1499 2319 E DisplayDeviceConfig: requesting nits when no mapping exists.
11-19 04:51:39.933 1499 2319 E DisplayDeviceConfig: requesting nits when no mapping exists.
11-19 04:51:39.933 1499 1645 I am_wtf : [0,1499,system_server,-1,DisplayDeviceConfig,requesting nits when no mapping exists.]
11-19 04:51:39.935 1499 1645 I am_wtf : [0,1499,system_server,-1,DisplayDeviceConfig,requesting nits when no mapping exists.]
11-19 04:51:39.950 1499 2319 E DisplayDeviceConfig: requesting nits when no mapping exists.
11-19 04:51:39.950 1499 2319 E DisplayDeviceConfig: requesting nits when no mapping exists.
11-19 04:51:39.950 1499 1645 I am_wtf : [0,1499,system_server,-1,DisplayDeviceConfig,requesting nits when no mapping exists.]
11-19 04:51:39.952 1499 1645 I am_wtf : [0,1499,system_server,-1,DisplayDeviceConfig,requesting nits when no mapping exists.]
11-19 04:51:39.966 1499 2319 E DisplayDeviceConfig: requesting nits when no mapping exists.
11-19 04:51:39.967 1499 2319 E DisplayDeviceConfig: requesting nits when no mapping exists.
11-19 04:51:39.967 1499 1645 I am_wtf : [0,1499,system_server,-1,DisplayDeviceConfig,requesting nits when no mapping exists.]
11-19 04:51:39.968 1499 1645 I am_wtf : [0,1499,system_server,-1,DisplayDeviceConfig,requesting nits when no mapping exists.]
11-19 04:51:39.983 1499 2319 E DisplayDeviceConfig: requesting nits when no mapping exists.
11-19 04:51:39.984 1499 1645 I am_wtf : [0,1499,system_server,-1,DisplayDeviceConfig,requesting nits when no mapping exists.]
11-19 04:51:39.984 1499 2319 E DisplayDeviceConfig: requesting nits when no mapping exists.
11-19 04:51:39.986 1499 1645 I am_wtf : [0,1499,system_server,-1,DisplayDeviceConfig,requesting nits when no mapping exists.]
11-19 04:51:40.131 0 0 I auditd : type=1400 audit(0.0:11161): avc: denied { kill } for comm="swapper/1" capability=5 scontext=u:r:kernel:s0 tcontext=u:r:kernel:s0 tclass=capability permissive=0
11-19 04:51:41.131 0 0 I auditd : type=1400 audit(0.0:11162): avc: denied { kill } for comm="swapper/1" capability=5 scontext=u:r:kernel:s0 tcontext=u:r:kernel:s0 tclass=capability permissive=0
11-19 04:51:42.131 0 0 I auditd : type=1400 audit(0.0:11163): avc: denied { kill } for comm="swapper/1" capability=5 scontext=u:r:kernel:s0 tcontext=u:r:kernel:s0 tclass=capability permissive=0
11-19 04:51:43.131 0 0 I auditd : type=1400 audit(0.0:11164): avc: denied { kill } for comm="swapper/1" capability=5 scontext=u:r:kernel:s0 tcontext=u:r:kernel:s0 tclass=capability permissive=0
11-19 04:51:44.131 0 0 I auditd : type=1400 audit(0.0:11165): avc: denied { kill } for comm="swapper/1" capability=5 scontext=u:r:kernel:s0 tcontext=u:r:kernel:s0 tclass=capability permissive=0
11-19 04:51:45.131 0 0 I auditd : type=1400 audit(0.0:11166): avc: denied { kill } for comm="swapper/1" capability=5 scontext=u:r:kernel:s0 tcontext=u:r:kernel:s0 tclass=capability permissive=0
11-19 04:51:46.009 1499 1663 I PowerManagerService: Napping display group (groupId=0, uid=1000)...
11-19 04:51:46.009 1499 1663 I PowerManagerService: Nap time (uid 1000)...
11-19 04:51:46.012 1499 1663 I DreamManagerService: Entering dreamland.
11-19 04:51:46.018 1499 1663 I PowerManagerService: Dreaming...
11-19 04:51:46.022 1499 1634 I DreamController: Starting dream: name=ComponentInfo{com.thundercomm.screensaver/com.thundercomm.saverclock.service.ClockScreensaver}, isTest=false, canDoze=false, userId=0
11-19 04:51:46.022 1499 1634 I sysui_multi_action: [757,222,758,1]
11-19 04:51:46.024 1499 1634 I am_uid_active: 10050
11-19 04:51:46.042 1499 8533 I ActivityTaskManager: START u0 {flg=0x10000000 pkg=com.thundercomm.screensaver cmp=com.thundercomm.screensaver/android.service.dreams.DreamActivity (has extras)} from uid 10050
11-19 04:51:46.051 1499 8533 I wm_task_created: [58,-1]
11-19 04:51:46.051 1499 8533 W ActivityTaskManager: Can't find TaskDisplayArea to determine support for multi window. Task id=58 attached=false
11-19 04:51:46.055 1499 8533 I wm_task_moved: [58,1,9]
11-19 04:51:46.055 1499 8533 I wm_task_to_front: [0,58]
11-19 04:51:46.055 1499 8533 I wm_create_task: [0,58]
11-19 04:51:46.055 1499 8533 I wm_create_activity: [0,57248943,58,com.thundercomm.screensaver/android.service.dreams.DreamActivity,NULL,NULL,NULL,276824064]
11-19 04:51:46.055 1499 8533 I wm_task_moved: [58,1,9]
11-19 04:51:46.055 2599 2599 I wm_on_top_resumed_lost_called: [150293238,com.tc.logclient.LogClientActivity,topStateChangedWhenResumed]
11-19 04:51:46.057 1499 8533 I wm_pause_activity: [0,150293238,com.tc.logclient/.LogClientActivity,userLeaving=true,pauseBackTasks]
11-19 04:51:46.072 2599 2599 I wm_on_paused_called: [150293238,com.tc.logclient.LogClientActivity,performPause]
11-19 04:51:46.073 1499 8917 I ActivityTaskManager: FOREGROUND_APPLICATION_CHANGED to android.service.dreams.DreamActivity
11-19 04:51:46.074 1499 8917 I ActivityTaskManager: The Process com.thundercomm.screensaver Already Exists in BG. So sending its PID: 4805
11-19 04:51:46.074 1499 8917 W ActivityTaskManager: Tried to set launchTime (0) < mLastActivityLaunchTime (12239096)
11-19 04:51:46.074 1499 8917 I wm_add_to_stopping: [0,150293238,com.tc.logclient/.LogClientActivity,makeInvisible]
11-19 04:51:46.075 1499 8917 I wm_restart_activity: [0,57248943,58,com.thundercomm.screensaver/android.service.dreams.DreamActivity]
11-19 04:51:46.077 1499 8917 I wm_set_resumed_activity: [0,com.thundercomm.screensaver/android.service.dreams.DreamActivity,minimalResumeActivityLocked]
11-19 04:51:46.091 4805 4805 I wm_on_create_called: [57248943,android.service.dreams.DreamActivity,performCreate]
11-19 04:51:46.091 4805 4805 I wm_on_start_called: [57248943,android.service.dreams.DreamActivity,handleStartActivity]
11-19 04:51:46.092 1499 1637 I sysui_multi_action: [757,803,799,window_time_0,802,106]
11-19 04:51:46.093 4805 4805 I wm_on_resume_called: [57248943,android.service.dreams.DreamActivity,RESUME_ACTIVITY]
11-19 04:51:46.098 4805 4805 I wm_on_top_resumed_gained_called: [57248943,android.service.dreams.DreamActivity,topStateChangedWhenResumed]
11-19 04:51:46.100 7802 7838 W ContextImpl: Calling a method in the system process without a qualified user: android.app.ContextImpl.startService:1816 android.content.ContextWrapper.startService:774 com.thundercomm.gamemode.ingame.services.GameModeActionUtils.startGameModeService:93 com.thundercomm.gamemode.ingame.services.GameModeActionUtils.startGameModeEntry:21 com.thundercomm.gamemode.ingame.services.ActivityMonitoringService$1.onActivityLaunch:127
11-19 04:51:46.101 1499 1831 I input_focus: [Focus leaving 53473fb com.tc.logclient/com.tc.logclient.LogClientActivity (server),reason=NO_WINDOW]
11-19 04:51:46.109 1499 1499 I GameModeConfig: Current uri is uri = content://com.thundercomm.gamemode.api/gamemode_settings/gamemode_isgaming
11-19 04:51:46.110 1499 1499 I am_uid_active: 10064
11-19 04:51:46.113 1499 1499 I GameModeConfig: isGameModeOn = false
11-19 04:51:46.113 1499 1499 I GameModeConfig: isGameModeOn = false
11-19 04:51:46.113 1499 1499 I GameModeConfig: isDisableVoice = true
11-19 04:51:46.125 1499 1638 I input_focus: [Focus request b4c44cb com.thundercomm.screensaver/android.service.dreams.DreamActivity,reason=UpdateInputWindows]
11-19 04:51:46.126 1499 2284 I GameModeConfig: isGameModeOn = false
11-19 04:51:46.126 1499 2284 I GameModeConfig: isGameModeOn = false
11-19 04:51:46.126 1499 2284 I GameModeConfig: isGameModeOn = false
11-19 04:51:46.126 1499 2284 I GameModeConfig: isGameModeOn = false
11-19 04:51:46.128 1499 1499 I notification_enqueue: [10081,2342,com.android.systemui,2048,NULL,0,Notification(channel=updateNotification shortcut=null contentView=null vibrate=null sound=null defaults=0x0 flags=0x0 color=0x00000000 vis=PRIVATE),1]
11-19 04:51:46.128 2342 2342 I sysui_multi_action: [757,111,758,2]
11-19 04:51:46.129 2342 2342 I sysui_multi_action: [757,111,758,2]
11-19 04:51:46.147 1499 1634 I sysui_multi_action: [319,103,322,92,325,12785,757,761,758,8,759,2,806,com.thundercomm.screensaver,871,android.service.dreams.DreamActivity,904,com.thundercomm.screensaver,905,0,1320,4,1321,2]
11-19 04:51:46.148 1499 1634 I wm_activity_launch_time: [0,57248943,com.thundercomm.screensaver/android.service.dreams.DreamActivity,92]
11-19 04:51:46.151 2342 2342 I sysui_multi_action: [757,111,758,1]
11-19 04:51:46.152 2342 2342 I sysui_multi_action: [757,126,758,1,759,126,927,0,928,0,1593,0]
11-19 04:51:46.152 1499 1663 V DisplayPowerController[0]: Brightness [1.0] reason changing to: 'manual', previous reason: 'manual [ dim ]'.
11-19 04:51:46.152 2342 2342 I sysui_multi_action: [757,113,758,1,759,113,927,1,928,1,1593,0]
11-19 04:51:46.152 2342 2342 I sysui_multi_action: [757,0,758,1,759,0,927,2,928,0,1593,0]
11-19 04:51:46.152 2342 2342 I sysui_multi_action: [757,0,758,1,759,0,927,3,928,0,1593,0]
11-19 04:51:46.152 1499 1663 I sysui_multi_action: [757,1696,758,6,759,3]
11-19 04:51:46.152 2342 2342 I sysui_multi_action: [757,491,758,1,759,491,927,4,928,0,1311,-1,1593,0]
11-19 04:51:46.152 2342 2342 I sysui_multi_action: [757,0,758,1,759,0,927,5,928,0,1593,0]
11-19 04:51:46.152 2342 2342 I sysui_multi_action: [757,111,758,1]
11-19 04:51:46.152 2342 2342 I sysui_multi_action: [757,126,758,1,759,126,927,0,928,0,1593,0]
11-19 04:51:46.152 2342 2342 I sysui_multi_action: [757,113,758,1,759,113,927,1,928,1,1593,0]
11-19 04:51:46.152 2342 2342 I sysui_multi_action: [757,0,758,1,759,0,927,2,928,0,1593,0]
11-19 04:51:46.152 2342 2342 I sysui_multi_action: [757,0,758,1,759,0,927,3,928,0,1593,0]
11-19 04:51:46.156 1499 2319 E DisplayDeviceConfig: requesting nits when no mapping exists.
11-19 04:51:46.156 1499 2319 E DisplayDeviceConfig: requesting nits when no mapping exists.
11-19 04:51:46.157 1499 1645 I am_wtf : [0,1499,system_server,-1,DisplayDeviceConfig,requesting nits when no mapping exists.]
11-19 04:51:46.161 1499 1645 I am_wtf : [0,1499,system_server,-1,DisplayDeviceConfig,requesting nits when no mapping exists.]
11-19 04:51:46.167 1499 2319 E DisplayDeviceConfig: requesting nits when no mapping exists.
11-19 04:51:46.167 1499 1645 I am_wtf : [0,1499,system_server,-1,DisplayDeviceConfig,requesting nits when no mapping exists.]
11-19 04:51:46.167 1499 2319 E DisplayDeviceConfig: requesting nits when no mapping exists.
11-19 04:51:46.168 1499 1645 I am_wtf : [0,1499,system_server,-1,DisplayDeviceConfig,requesting nits when no mapping exists.]
11-19 04:51:46.168 1499 1831 I input_focus: [Focus entering b4c44cb com.thundercomm.screensaver/android.service.dreams.DreamActivity (server),reason=Window became focusable. Previous reason: NOT_VISIBLE]
11-19 04:51:46.184 1499 2319 E DisplayDeviceConfig: requesting nits when no mapping exists.
11-19 04:51:46.184 1499 2319 E DisplayDeviceConfig: requesting nits when no mapping exists.
11-19 04:51:46.185 1499 1645 I am_wtf : [0,1499,system_server,-1,DisplayDeviceConfig,requesting nits when no mapping exists.]
11-19 04:51:46.188 1499 1645 I am_wtf : [0,1499,system_server,-1,DisplayDeviceConfig,requesting nits when no mapping exists.]
11-19 04:51:46.194 7802 7838 W ContextImpl: Calling a method in the system process without a qualified user: android.app.ContextImpl.startService:1816 android.content.ContextWrapper.startService:774 com.thundercomm.gamemode.ingame.services.GameModeActionUtils.startGameModeService:93 com.thundercomm.gamemode.ingame.services.GameModeActionUtils.startGameModeEntry:21 com.thundercomm.gamemode.ingame.services.ActivityMonitoringService$1.onActivityLaunch:127
11-19 04:51:46.198 1499 1499 I GameModeConfig: Current uri is uri = content://com.thundercomm.gamemode.api/gamemode_settings/gamemode_isgaming
11-19 04:51:46.201 1499 2319 E DisplayDeviceConfig: requesting nits when no mapping exists.
11-19 04:51:46.201 1499 2319 E DisplayDeviceConfig: requesting nits when no mapping exists.
11-19 04:51:46.201 1499 1645 I am_wtf : [0,1499,system_server,-1,DisplayDeviceConfig,requesting nits when no mapping exists.]
11-19 04:51:46.202 1499 1499 I GameModeConfig: isGameModeOn = false
11-19 04:51:46.202 1499 1499 I GameModeConfig: isGameModeOn = false
11-19 04:51:46.202 1499 1499 I GameModeConfig: isDisableVoice = true
11-19 04:51:46.209 1499 1645 I am_wtf : [0,1499,system_server,-1,DisplayDeviceConfig,requesting nits when no mapping exists.]
11-19 04:51:46.218 1499 2319 E DisplayDeviceConfig: requesting nits when no mapping exists.
11-19 04:51:46.218 1499 2319 E DisplayDeviceConfig: requesting nits when no mapping exists.
11-19 04:51:46.219 1499 1645 I am_wtf : [0,1499,system_server,-1,DisplayDeviceConfig,requesting nits when no mapping exists.]
11-19 04:51:46.219 1499 1645 I am_wtf : [0,1499,system_server,-1,DisplayDeviceConfig,requesting nits when no mapping exists.]
11-19 04:51:46.233 1499 2319 E DisplayDeviceConfig: requesting nits when no mapping exists.
11-19 04:51:46.234 1499 2319 E DisplayDeviceConfig: requesting nits when no mapping exists.
11-19 04:51:46.234 1499 1645 I am_wtf : [0,1499,system_server,-1,DisplayDeviceConfig,requesting nits when no mapping exists.]
11-19 04:51:46.235 1499 1645 I am_wtf : [0,1499,system_server,-1,DisplayDeviceConfig,requesting nits when no mapping exists.]
11-19 04:51:46.252 1499 2319 E DisplayDeviceConfig: requesting nits when no mapping exists.
11-19 04:51:46.252 1499 2319 E DisplayDeviceConfig: requesting nits when no mapping exists.
11-19 04:51:46.252 1499 1645 I am_wtf : [0,1499,system_server,-1,DisplayDeviceConfig,requesting nits when no mapping exists.]
11-19 04:51:46.253 1499 1645 I am_wtf : [0,1499,system_server,-1,DisplayDeviceConfig,requesting nits when no mapping exists.]
11-19 04:51:46.269 1499 2319 E DisplayDeviceConfig: requesting nits when no mapping exists.
11-19 04:51:46.269 1499 2319 E DisplayDeviceConfig: requesting nits when no mapping exists.
11-19 04:51:46.269 1499 1645 I am_wtf : [0,1499,system_server,-1,DisplayDeviceConfig,requesting nits when no mapping exists.]
11-19 04:51:46.271 1499 1645 I am_wtf : [0,1499,system_server,-1,DisplayDeviceConfig,requesting nits when no mapping exists.]
11-19 04:51:46.284 1499 2319 E DisplayDeviceConfig: requesting nits when no mapping exists.
11-19 04:51:46.284 1499 1645 I am_wtf : [0,1499,system_server,-1,DisplayDeviceConfig,requesting nits when no mapping exists.]
11-19 04:51:46.285 1499 2319 E DisplayDeviceConfig: requesting nits when no mapping exists.
11-19 04:51:46.286 1499 1645 I am_wtf : [0,1499,system_server,-1,DisplayDeviceConfig,requesting nits when no mapping exists.]
11-19 04:51:46.300 1499 2319 E DisplayDeviceConfig: requesting nits when no mapping exists.
11-19 04:51:46.301 1499 1645 I am_wtf : [0,1499,system_server,-1,DisplayDeviceConfig,requesting nits when no mapping exists.]
11-19 04:51:46.301 1499 2319 E DisplayDeviceConfig: requesting nits when no mapping exists.
11-19 04:51:46.302 1499 1645 I am_wtf : [0,1499,system_server,-1,DisplayDeviceConfig,requesting nits when no mapping exists.]
11-19 04:51:46.317 1499 2319 E DisplayDeviceConfig: requesting nits when no mapping exists.
11-19 04:51:46.318 1499 2319 E DisplayDeviceConfig: requesting nits when no mapping exists.
11-19 04:51:46.318 1499 1645 I am_wtf : [0,1499,system_server,-1,DisplayDeviceConfig,requesting nits when no mapping exists.]
11-19 04:51:46.322 1499 1645 I am_wtf : [0,1499,system_server,-1,DisplayDeviceConfig,requesting nits when no mapping exists.]
11-19 04:51:46.330 1499 1499 I GameModeConfig: isGameModeOn = false
11-19 04:51:46.333 1499 2319 E DisplayDeviceConfig: requesting nits when no mapping exists.
11-19 04:51:46.334 1499 1645 I am_wtf : [0,1499,system_server,-1,DisplayDeviceConfig,requesting nits when no mapping exists.]
11-19 04:51:46.335 1499 2319 E DisplayDeviceConfig: requesting nits when no mapping exists.
11-19 04:51:46.335 1499 1645 I am_wtf : [0,1499,system_server,-1,DisplayDeviceConfig,requesting nits when no mapping exists.]
11-19 04:51:46.350 1499 2319 E DisplayDeviceConfig: requesting nits when no mapping exists.
11-19 04:51:46.351 1499 2319 E DisplayDeviceConfig: requesting nits when no mapping exists.
11-19 04:51:46.351 1499 1645 I am_wtf : [0,1499,system_server,-1,DisplayDeviceConfig,requesting nits when no mapping exists.]
11-19 04:51:46.352 1499 1645 I am_wtf : [0,1499,system_server,-1,DisplayDeviceConfig,requesting nits when no mapping exists.]
11-19 04:51:46.367 1499 2319 E DisplayDeviceConfig: requesting nits when no mapping exists.
11-19 04:51:46.368 1499 2319 E DisplayDeviceConfig: requesting nits when no mapping exists.
11-19 04:51:46.368 1499 1645 I am_wtf : [0,1499,system_server,-1,DisplayDeviceConfig,requesting nits when no mapping exists.]
11-19 04:51:46.369 1499 1645 I am_wtf : [0,1499,system_server,-1,DisplayDeviceConfig,requesting nits when no mapping exists.]
11-19 04:51:46.385 1499 2319 E DisplayDeviceConfig: requesting nits when no mapping exists.
11-19 04:51:46.385 1499 1645 I am_wtf : [0,1499,system_server,-1,DisplayDeviceConfig,requesting nits when no mapping exists.]
11-19 04:51:46.386 1499 2319 E DisplayDeviceConfig: requesting nits when no mapping exists.
11-19 04:51:46.386 1499 1645 I am_wtf : [0,1499,system_server,-1,DisplayDeviceConfig,requesting nits when no mapping exists.]
11-19 04:51:46.403 1499 2319 E DisplayDeviceConfig: requesting nits when no mapping exists.
11-19 04:51:46.403 1499 2319 E DisplayDeviceConfig: requesting nits when no mapping exists.
11-19 04:51:46.403 1499 1645 I am_wtf : [0,1499,system_server,-1,DisplayDeviceConfig,requesting nits when no mapping exists.]
11-19 04:51:46.404 1499 1645 I am_wtf : [0,1499,system_server,-1,DisplayDeviceConfig,requesting nits when no mapping exists.]
11-19 04:51:46.419 1499 2319 E DisplayDeviceConfig: requesting nits when no mapping exists.
11-19 04:51:46.419 1499 2319 E DisplayDeviceConfig: requesting nits when no mapping exists.
11-19 04:51:46.423 1499 1645 I am_wtf : [0,1499,system_server,-1,DisplayDeviceConfig,requesting nits when no mapping exists.]
11-19 04:51:46.427 1499 1645 I am_wtf : [0,1499,system_server,-1,DisplayDeviceConfig,requesting nits when no mapping exists.]
11-19 04:51:46.437 1499 2319 E DisplayDeviceConfig: requesting nits when no mapping exists.
11-19 04:51:46.437 1499 1645 I am_wtf : [0,1499,system_server,-1,DisplayDeviceConfig,requesting nits when no mapping exists.]
11-19 04:51:46.438 1499 2319 E DisplayDeviceConfig: requesting nits when no mapping exists.
11-19 04:51:46.439 1499 1645 I am_wtf : [0,1499,system_server,-1,DisplayDeviceConfig,requesting nits when no mapping exists.]
11-19 04:51:46.452 1499 2319 E DisplayDeviceConfig: requesting nits when no mapping exists.
11-19 04:51:46.453 1499 2319 E DisplayDeviceConfig: requesting nits when no mapping exists.
11-19 04:51:46.453 1499 1645 I am_wtf : [0,1499,system_server,-1,DisplayDeviceConfig,requesting nits when no mapping exists.]
11-19 04:51:46.454 1499 1645 I am_wtf : [0,1499,system_server,-1,DisplayDeviceConfig,requesting nits when no mapping exists.]
11-19 04:51:46.476 1499 2319 E DisplayDeviceConfig: requesting nits when no mapping exists.
11-19 04:51:46.476 1499 2319 E DisplayDeviceConfig: requesting nits when no mapping exists.
11-19 04:51:46.476 1499 1645 I am_wtf : [0,1499,system_server,-1,DisplayDeviceConfig,requesting nits when no mapping exists.]
11-19 04:51:46.478 1499 1645 I am_wtf : [0,1499,system_server,-1,DisplayDeviceConfig,requesting nits when no mapping exists.]
11-19 04:51:46.487 1499 2319 E DisplayDeviceConfig: requesting nits when no mapping exists.
11-19 04:51:46.487 1499 2319 E DisplayDeviceConfig: requesting nits when no mapping exists.
11-19 04:51:46.487 1499 1645 I am_wtf : [0,1499,system_server,-1,DisplayDeviceConfig,requesting nits when no mapping exists.]
11-19 04:51:46.489 1499 1645 I am_wtf : [0,1499,system_server,-1,DisplayDeviceConfig,requesting nits when no mapping exists.]
11-19 04:51:46.503 1499 2319 E DisplayDeviceConfig: requesting nits when no mapping exists.
11-19 04:51:46.503 1499 2319 E DisplayDeviceConfig: requesting nits when no mapping exists.
11-19 04:51:46.503 1499 1645 I am_wtf : [0,1499,system_server,-1,DisplayDeviceConfig,requesting nits when no mapping exists.]
11-19 04:51:46.504 1499 1645 I am_wtf : [0,1499,system_server,-1,DisplayDeviceConfig,requesting nits when no mapping exists.]
11-19 04:51:46.519 1499 2319 E DisplayDeviceConfig: requesting nits when no mapping exists.
11-19 04:51:46.520 1499 1645 I am_wtf : [0,1499,system_server,-1,DisplayDeviceConfig,requesting nits when no mapping exists.]
11-19 04:51:46.521 1499 2319 E DisplayDeviceConfig: requesting nits when no mapping exists.
11-19 04:51:46.521 1499 1645 I am_wtf : [0,1499,system_server,-1,DisplayDeviceConfig,requesting nits when no mapping exists.]
11-19 04:51:46.534 1499 2319 E DisplayDeviceConfig: requesting nits when no mapping exists.
11-19 04:51:46.535 1499 1645 I am_wtf : [0,1499,system_server,-1,DisplayDeviceConfig,requesting nits when no mapping exists.]
11-19 04:51:46.535 1499 2319 E DisplayDeviceConfig: requesting nits when no mapping exists.
11-19 04:51:46.536 1499 1645 I am_wtf : [0,1499,system_server,-1,DisplayDeviceConfig,requesting nits when no mapping exists.]
11-19 04:51:46.550 1499 2319 E DisplayDeviceConfig: requesting nits when no mapping exists.
11-19 04:51:46.551 1499 2319 E DisplayDeviceConfig: requesting nits when no mapping exists.
11-19 04:51:46.551 1499 1645 I am_wtf : [0,1499,system_server,-1,DisplayDeviceConfig,requesting nits when no mapping exists.]
11-19 04:51:46.552 1499 1645 I am_wtf : [0,1499,system_server,-1,DisplayDeviceConfig,requesting nits when no mapping exists.]
11-19 04:51:46.568 1499 2319 E DisplayDeviceConfig: requesting nits when no mapping exists.
11-19 04:51:46.569 1499 1645 I am_wtf : [0,1499,system_server,-1,DisplayDeviceConfig,requesting nits when no mapping exists.]
11-19 04:51:46.571 1499 2319 E DisplayDeviceConfig: requesting nits when no mapping exists.
11-19 04:51:46.571 1499 1645 I am_wtf : [0,1499,system_server,-1,DisplayDeviceConfig,requesting nits when no mapping exists.]
11-19 04:51:46.585 1499 2319 E DisplayDeviceConfig: requesting nits when no mapping exists.
11-19 04:51:46.586 1499 1645 I am_wtf : [0,1499,system_server,-1,DisplayDeviceConfig,requesting nits when no mapping exists.]
11-19 04:51:46.587 1499 1645 I service_manager_stats: [100,67,6937]
11-19 04:51:46.587 1499 2319 E DisplayDeviceConfig: requesting nits when no mapping exists.
11-19 04:51:46.588 1499 1645 I am_wtf : [0,1499,system_server,-1,DisplayDeviceConfig,requesting nits when no mapping exists.]
11-19 04:51:46.602 1499 2319 E DisplayDeviceConfig: requesting nits when no mapping exists.
11-19 04:51:46.606 1499 2319 E DisplayDeviceConfig: requesting nits when no mapping exists.
11-19 04:51:46.606 1499 1645 I am_wtf : [0,1499,system_server,-1,DisplayDeviceConfig,requesting nits when no mapping exists.]
11-19 04:51:46.608 1499 1645 I am_wtf : [0,1499,system_server,-1,DisplayDeviceConfig,requesting nits when no mapping exists.]
11-19 04:51:46.620 1499 2319 E DisplayDeviceConfig: requesting nits when no mapping exists.
11-19 04:51:46.621 1499 2319 E DisplayDeviceConfig: requesting nits when no mapping exists.
11-19 04:51:46.621 1499 1645 I am_wtf : [0,1499,system_server,-1,DisplayDeviceConfig,requesting nits when no mapping exists.]
11-19 04:51:46.622 1499 1645 I am_wtf : [0,1499,system_server,-1,DisplayDeviceConfig,requesting nits when no mapping exists.]
11-19 04:51:46.636 1499 2319 E DisplayDeviceConfig: requesting nits when no mapping exists.
11-19 04:51:46.636 1499 1645 I am_wtf : [0,1499,system_server,-1,DisplayDeviceConfig,requesting nits when no mapping exists.]
11-19 04:51:46.637 1499 2319 E DisplayDeviceConfig: requesting nits when no mapping exists.
11-19 04:51:46.638 1499 1645 I am_wtf : [0,1499,system_server,-1,DisplayDeviceConfig,requesting nits when no mapping exists.]
11-19 04:51:46.651 1499 2319 E DisplayDeviceConfig: requesting nits when no mapping exists.
11-19 04:51:46.651 1499 2319 E DisplayDeviceConfig: requesting nits when no mapping exists.
11-19 04:51:46.651 1499 1645 I am_wtf : [0,1499,system_server,-1,DisplayDeviceConfig,requesting nits when no mapping exists.]
11-19 04:51:46.652 1499 1645 I am_wtf : [0,1499,system_server,-1,DisplayDeviceConfig,requesting nits when no mapping exists.]
11-19 04:51:46.662 1499 1637 I wm_stop_activity: [0,150293238,com.tc.logclient/.LogClientActivity]
11-19 04:51:46.671 1499 2319 E DisplayDeviceConfig: requesting nits when no mapping exists.
11-19 04:51:46.672 1499 2319 E DisplayDeviceConfig: requesting nits when no mapping exists.
11-19 04:51:46.672 1499 1645 I am_wtf : [0,1499,system_server,-1,DisplayDeviceConfig,requesting nits when no mapping exists.]
11-19 04:51:46.673 1499 1645 I am_wtf : [0,1499,system_server,-1,DisplayDeviceConfig,requesting nits when no mapping exists.]
11-19 04:51:46.678 2599 2599 I wm_on_stop_called: [150293238,com.tc.logclient.LogClientActivity,STOP_ACTIVITY_ITEM]
11-19 04:51:46.688 1499 2319 E DisplayDeviceConfig: requesting nits when no mapping exists.
11-19 04:51:46.689 1499 2319 E DisplayDeviceConfig: requesting nits when no mapping exists.
11-19 04:51:46.690 1499 1645 I am_wtf : [0,1499,system_server,-1,DisplayDeviceConfig,requesting nits when no mapping exists.]
11-19 04:51:46.692 1499 1645 I am_wtf : [0,1499,system_server,-1,DisplayDeviceConfig,requesting nits when no mapping exists.]
11-19 04:51:46.701 1499 2319 E DisplayDeviceConfig: requesting nits when no mapping exists.
11-19 04:51:46.701 1499 2319 E DisplayDeviceConfig: requesting nits when no mapping exists.
11-19 04:51:46.701 1499 1645 I am_wtf : [0,1499,system_server,-1,DisplayDeviceConfig,requesting nits when no mapping exists.]
11-19 04:51:46.711 1499 1645 I am_wtf : [0,1499,system_server,-1,DisplayDeviceConfig,requesting nits when no mapping exists.]
11-19 04:51:46.719 1499 2319 E DisplayDeviceConfig: requesting nits when no mapping exists.
11-19 04:51:46.720 1499 2319 E DisplayDeviceConfig: requesting nits when no mapping exists.
11-19 04:51:46.723 1499 1645 I am_wtf : [0,1499,system_server,-1,DisplayDeviceConfig,requesting nits when no mapping exists.]
11-19 04:51:46.724 1499 1645 I am_wtf : [0,1499,system_server,-1,DisplayDeviceConfig,requesting nits when no mapping exists.]
11-19 04:51:46.733 1499 2319 E DisplayDeviceConfig: requesting nits when no mapping exists.
11-19 04:51:46.733 1499 2319 E DisplayDeviceConfig: requesting nits when no mapping exists.
11-19 04:51:46.734 1499 1645 I am_wtf : [0,1499,system_server,-1,DisplayDeviceConfig,requesting nits when no mapping exists.]
11-19 04:51:46.734 1499 1645 I am_wtf : [0,1499,system_server,-1,DisplayDeviceConfig,requesting nits when no mapping exists.]
11-19 04:51:46.749 1499 2319 E DisplayDeviceConfig: requesting nits when no mapping exists.
11-19 04:51:46.750 1499 2319 E DisplayDeviceConfig: requesting nits when no mapping exists.
11-19 04:51:46.751 1499 1645 I am_wtf : [0,1499,system_server,-1,DisplayDeviceConfig,requesting nits when no mapping exists.]
11-19 04:51:46.751 1499 1645 I am_wtf : [0,1499,system_server,-1,DisplayDeviceConfig,requesting nits when no mapping exists.]
11-19 04:51:46.766 1499 2319 E DisplayDeviceConfig: requesting nits when no mapping exists.
11-19 04:51:46.766 1499 2319 E DisplayDeviceConfig: requesting nits when no mapping exists.
11-19 04:51:46.768 1499 1645 I am_wtf : [0,1499,system_server,-1,DisplayDeviceConfig,requesting nits when no mapping exists.]
11-19 04:51:46.769 1499 1645 I am_wtf : [0,1499,system_server,-1,DisplayDeviceConfig,requesting nits when no mapping exists.]
11-19 04:51:46.783 1499 2319 E DisplayDeviceConfig: requesting nits when no mapping exists.
11-19 04:51:46.783 1499 2319 E DisplayDeviceConfig: requesting nits when no mapping exists.
11-19 04:51:46.783 1499 1645 I am_wtf : [0,1499,system_server,-1,DisplayDeviceConfig,requesting nits when no mapping exists.]
11-19 04:51:46.785 1499 1645 I am_wtf : [0,1499,system_server,-1,DisplayDeviceConfig,requesting nits when no mapping exists.]
11-19 04:51:46.801 1499 2319 E DisplayDeviceConfig: requesting nits when no mapping exists.
11-19 04:51:46.801 1499 2319 E DisplayDeviceConfig: requesting nits when no mapping exists.
11-19 04:51:46.802 1499 1645 I am_wtf : [0,1499,system_server,-1,DisplayDeviceConfig,requesting nits when no mapping exists.]
11-19 04:51:46.803 1499 1645 I am_wtf : [0,1499,system_server,-1,DisplayDeviceConfig,requesting nits when no mapping exists.]
11-19 04:51:46.816 1499 2319 E DisplayDeviceConfig: requesting nits when no mapping exists.
11-19 04:51:46.817 1499 2319 E DisplayDeviceConfig: requesting nits when no mapping exists.
11-19 04:51:46.817 1499 1645 I am_wtf : [0,1499,system_server,-1,DisplayDeviceConfig,requesting nits when no mapping exists.]
11-19 04:51:46.818 1499 1645 I am_wtf : [0,1499,system_server,-1,DisplayDeviceConfig,requesting nits when no mapping exists.]
11-19 04:51:46.832 1499 2319 E DisplayDeviceConfig: requesting nits when no mapping exists.
11-19 04:51:46.833 1499 2319 E DisplayDeviceConfig: requesting nits when no mapping exists.
11-19 04:51:46.833 1499 1645 I am_wtf : [0,1499,system_server,-1,DisplayDeviceConfig,requesting nits when no mapping exists.]
11-19 04:51:46.834 1499 1645 I am_wtf : [0,1499,system_server,-1,DisplayDeviceConfig,requesting nits when no mapping exists.]
11-19 04:51:46.849 1499 2319 E DisplayDeviceConfig: requesting nits when no mapping exists.
11-19 04:51:46.849 1499 2319 E DisplayDeviceConfig: requesting nits when no mapping exists.
11-19 04:51:46.850 1499 1645 I am_wtf : [0,1499,system_server,-1,DisplayDeviceConfig,requesting nits when no mapping exists.]
11-19 04:51:46.851 1499 1645 I am_wtf : [0,1499,system_server,-1,DisplayDeviceConfig,requesting nits when no mapping exists.]
11-19 04:51:46.867 1499 2319 E DisplayDeviceConfig: requesting nits when no mapping exists.
11-19 04:51:46.868 1499 2319 E DisplayDeviceConfig: requesting nits when no mapping exists.
11-19 04:51:46.868 1499 1645 I am_wtf : [0,1499,system_server,-1,DisplayDeviceConfig,requesting nits when no mapping exists.]
11-19 04:51:46.869 1499 1645 I am_wtf : [0,1499,system_server,-1,DisplayDeviceConfig,requesting nits when no mapping exists.]
11-19 04:51:46.885 1499 2319 E DisplayDeviceConfig: requesting nits when no mapping exists.
11-19 04:51:46.886 1499 2319 E DisplayDeviceConfig: requesting nits when no mapping exists.
11-19 04:51:46.886 1499 1645 I am_wtf : [0,1499,system_server,-1,DisplayDeviceConfig,requesting nits when no mapping exists.]
11-19 04:51:46.886 1499 1645 I am_wtf : [0,1499,system_server,-1,DisplayDeviceConfig,requesting nits when no mapping exists.]
11-19 04:51:46.900 1499 2319 E DisplayDeviceConfig: requesting nits when no mapping exists.
11-19 04:51:46.900 1499 1645 I am_wtf : [0,1499,system_server,-1,DisplayDeviceConfig,requesting nits when no mapping exists.]
11-19 04:51:46.900 1499 2319 E DisplayDeviceConfig: requesting nits when no mapping exists.
11-19 04:51:46.901 1499 1645 I am_wtf : [0,1499,system_server,-1,DisplayDeviceConfig,requesting nits when no mapping exists.]
11-19 04:51:46.916 1499 2319 E DisplayDeviceConfig: requesting nits when no mapping exists.
11-19 04:51:46.916 1499 2319 E DisplayDeviceConfig: requesting nits when no mapping exists.
11-19 04:51:46.917 1499 1645 I am_wtf : [0,1499,system_server,-1,DisplayDeviceConfig,requesting nits when no mapping exists.]
11-19 04:51:46.918 1499 1645 I am_wtf : [0,1499,system_server,-1,DisplayDeviceConfig,requesting nits when no mapping exists.]
11-19 04:51:46.935 1499 2319 E DisplayDeviceConfig: requesting nits when no mapping exists.
11-19 04:51:46.936 1499 2319 E DisplayDeviceConfig: requesting nits when no mapping exists.
11-19 04:51:46.936 1499 1645 I am_wtf : [0,1499,system_server,-1,DisplayDeviceConfig,requesting nits when no mapping exists.]
11-19 04:51:46.937 1499 1645 I am_wtf : [0,1499,system_server,-1,DisplayDeviceConfig,requesting nits when no mapping exists.]
11-19 04:51:46.950 1499 2319 E DisplayDeviceConfig: requesting nits when no mapping exists.
11-19 04:51:46.952 1499 1645 I am_wtf : [0,1499,system_server,-1,DisplayDeviceConfig,requesting nits when no mapping exists.]
11-19 04:51:46.952 1499 2319 E DisplayDeviceConfig: requesting nits when no mapping exists.
11-19 04:51:46.953 1499 1645 I am_wtf : [0,1499,system_server,-1,DisplayDeviceConfig,requesting nits when no mapping exists.]
11-19 04:51:46.967 1499 2319 E DisplayDeviceConfig: requesting nits when no mapping exists.
11-19 04:51:46.968 1499 1645 I am_wtf : [0,1499,system_server,-1,DisplayDeviceConfig,requesting nits when no mapping exists.]
11-19 04:51:46.968 1499 2319 E DisplayDeviceConfig: requesting nits when no mapping exists.
11-19 04:51:46.969 1499 1645 I am_wtf : [0,1499,system_server,-1,DisplayDeviceConfig,requesting nits when no mapping exists.]
11-19 04:51:46.984 1499 2319 E DisplayDeviceConfig: requesting nits when no mapping exists.
11-19 04:51:46.984 1499 1645 I am_wtf : [0,1499,system_server,-1,DisplayDeviceConfig,requesting nits when no mapping exists.]
11-19 04:51:46.984 1499 2319 E DisplayDeviceConfig: requesting nits when no mapping exists.
11-19 04:51:46.985 1499 1645 I am_wtf : [0,1499,system_server,-1,DisplayDeviceConfig,requesting nits when no mapping exists.]
11-19 04:51:47.000 1499 2319 E DisplayDeviceConfig: requesting nits when no mapping exists.
11-19 04:51:47.001 1499 1645 I am_wtf : [0,1499,system_server,-1,DisplayDeviceConfig,requesting nits when no mapping exists.]
11-19 04:51:47.001 1499 2319 E DisplayDeviceConfig: requesting nits when no mapping exists.
11-19 04:51:47.003 1499 1645 I am_wtf : [0,1499,system_server,-1,DisplayDeviceConfig,requesting nits when no mapping exists.]
