11-19 05:11:27.161 13177 13177 I wm_on_paused_called: [245513734,com.android.music.VideoBrowserActivity,performPause]
11-19 05:11:27.161 13177 13177 I wm_on_stop_called: [245513734,com.android.music.VideoBrowserActivity,handleRelaunchActivity]
11-19 05:11:27.167 13177 13177 I wm_on_destroy_called: [245513734,com.android.music.VideoBrowserActivity,performDestroy]
11-19 05:11:27.168 1499 2437 W WindowManager: Attempted to set replacing window on app token with no content Token{acf2cf ActivityRecord{ea23e06 u0 com.android.music/.VideoBrowserActivity t64}}
11-19 05:11:27.193 13177 13177 I wm_on_create_called: [245513734,com.android.music.VideoBrowserActivity,performCreate]
11-19 05:11:27.194 13177 13177 I wm_on_start_called: [245513734,com.android.music.VideoBrowserActivity,handleStartActivity]
11-19 05:11:27.195 13177 13177 I wm_on_resume_called: [245513734,com.android.music.VideoBrowserActivity,RESUME_ACTIVITY]
11-19 05:11:27.195 13177 13177 I wm_on_top_resumed_gained_called: [245513734,com.android.music.VideoBrowserActivity,topWhenResuming]
11-19 05:11:27.195 13177 13177 I wm_on_top_resumed_lost_called: [245513734,com.android.music.VideoBrowserActivity,topStateChangedWhenResumed]
11-19 05:11:27.197 1499 2437 W WindowManager: updateScale0.7996942
11-19 05:11:27.204 13177 13177 I wm_on_top_resumed_gained_called: [245513734,com.android.music.VideoBrowserActivity,topStateChangedWhenResumed]
11-19 05:11:27.205 1499 8533 I WindowManager: finishDrawing of relaunch: Window{b1bdc8c u0 com.android.music/com.android.music.VideoBrowserActivity} 53ms
11-19 05:11:27.205 1499 1638 W WindowManager: updateScale0.7996942
11-19 05:11:27.207 1499 1638 W WindowManager: updateScale0.7996942
11-19 05:11:27.241 1499 2437 W WindowManager: updateScale0.7996942
11-19 05:11:27.241 1499 2437 W WindowManager: updateScale0.7996942
11-19 05:11:27.253 1499 1644 I am_pss : [13177,10090,com.android.music,35598336,30720000,0,147918848,0,2,9]
11-19 05:11:27.603 1499 8533 I wm_task_moved: [1,1,7]
11-19 05:11:27.607 1499 8533 I wm_task_moved: [10,1,2147483647]
11-19 05:11:27.607 1499 8533 I wm_task_to_front: [0,10]
11-19 05:11:27.607 13177 13177 I wm_on_top_resumed_lost_called: [245513734,com.android.music.VideoBrowserActivity,topStateChangedWhenResumed]
11-19 05:11:27.608 1499 8533 I wm_focused_root_task: [0,0,1,64,RecentsAnimation.onAnimationFinished()]
11-19 05:11:27.611 1499 8533 I wm_set_resumed_activity: [0,com.android.launcher3/.uioverrides.QuickstepLauncher,RecentsAnimation.onAnimationFinished()]
11-19 05:11:27.614 1499 8533 I ActivityTaskManager: FOREGROUND_APPLICATION_CHANGED to com.android.launcher3.uioverrides.QuickstepLauncher
11-19 05:11:27.615 1499 8533 I wm_set_resumed_activity: [0,com.android.launcher3/.uioverrides.QuickstepLauncher,resumeTopActivityInnerLocked]
11-19 05:11:27.617 1499 8533 I wm_resume_activity: [0,19758722,10,com.android.launcher3/.uioverrides.QuickstepLauncher]
11-19 05:11:27.626 1499 8533 W WindowManager: updateScale0.7996942
11-19 05:11:27.630 1499 8533 W WindowManager: updateScale0.7996942
11-19 05:11:27.633 1499 1638 I input_focus: [Focus request 632f7bf com.android.launcher3/com.android.launcher3.uioverrides.QuickstepLauncher,reason=UpdateInputWindows]
11-19 05:11:27.638 1499 1637 I sysui_multi_action: [757,803,799,window_time_0,802,10]
11-19 05:11:27.639 1499 1831 I input_focus: [Focus leaving recents_animation_input_consumer (server),reason=NOT_VISIBLE]
11-19 05:11:27.639 1499 1831 I input_focus: [Focus entering 632f7bf com.android.launcher3/com.android.launcher3.uioverrides.QuickstepLauncher (server),reason=setFocusedWindow]
11-19 05:11:27.644 2802 2802 I wm_on_resume_called: [19758722,com.android.launcher3.uioverrides.QuickstepLauncher,RESUME_ACTIVITY]
11-19 05:11:27.646 2802 2802 I wm_on_top_resumed_gained_called: [19758722,com.android.launcher3.uioverrides.QuickstepLauncher,topStateChangedWhenResumed]
11-19 05:11:27.747 7802 7838 W ContextImpl: Calling a method in the system process without a qualified user: android.app.ContextImpl.startService:1816 android.content.ContextWrapper.startService:774 com.thundercomm.gamemode.ingame.services.GameModeActionUtils.startGameModeService:93 com.thundercomm.gamemode.ingame.services.GameModeActionUtils.startGameModeEntry:21 com.thundercomm.gamemode.ingame.services.ActivityMonitoringService$1.onActivityLaunch:127
11-19 05:11:27.753 1499 1499 I GameModeConfig: Current uri is uri = content://com.thundercomm.gamemode.api/gamemode_settings/gamemode_isgaming
11-19 05:11:27.758 1499 1499 I GameModeConfig: isGameModeOn = false
11-19 05:11:27.759 1499 1499 I GameModeConfig: isGameModeOn = false
11-19 05:11:27.759 1499 1499 I GameModeConfig: isDisableVoice = true
11-19 05:11:28.374 1499 1831 I input_interaction: Interaction with: b1bdc8c com.android.music/com.android.music.VideoBrowserActivity (server), edge-swipe (server), swipe-up (server), PointerEventDispatcher0 (server),
11-19 05:11:28.376 1499 1637 I wm_task_moved: [64,1,7]
11-19 05:11:28.376 1499 1637 I wm_task_to_front: [0,64]
11-19 05:11:28.378 1499 1637 W WindowManager: updateScale0.7996942
11-19 05:11:28.380 1499 1637 I wm_set_resumed_activity: [0,com.android.music/.VideoBrowserActivity,positionChildAt]
11-19 05:11:28.380 1499 1637 I wm_focused_root_task: [0,0,64,1,setFocusedTask]
11-19 05:11:28.380 1499 1637 I wm_set_resumed_activity: [0,com.android.music/.VideoBrowserActivity,setFocusedTask]
11-19 05:11:28.381 1499 1637 I ActivityTaskManager: FOREGROUND_APPLICATION_CHANGED to com.android.music.VideoBrowserActivity
11-19 05:11:28.383 1499 1638 I input_focus: [Focus request b1bdc8c com.android.music/com.android.music.VideoBrowserActivity,reason=UpdateInputWindows]
11-19 05:11:28.384 2802 2802 I wm_on_top_resumed_lost_called: [19758722,com.android.launcher3.uioverrides.QuickstepLauncher,topStateChangedWhenResumed]
11-19 05:11:28.384 13177 13177 I wm_on_top_resumed_gained_called: [245513734,com.android.music.VideoBrowserActivity,topStateChangedWhenResumed]
11-19 05:11:28.412 1499 1831 I input_focus: [Focus leaving 632f7bf com.android.launcher3/com.android.launcher3.uioverrides.QuickstepLauncher (server),reason=setFocusedWindow]
11-19 05:11:28.412 1499 1831 I input_focus: [Focus entering b1bdc8c com.android.music/com.android.music.VideoBrowserActivity (server),reason=setFocusedWindow]
11-19 05:11:28.497 1499 2437 I wm_relaunch_resume_activity: [0,245513734,64,com.android.music/.VideoBrowserActivity]
11-19 05:11:28.497 1499 2437 I wm_add_to_stopping: [0,19758722,com.android.launcher3/.uioverrides.QuickstepLauncher,makeInvisible]
11-19 05:11:28.499 1499 2437 D FreeFormWindowHelper: Remove freefrom task=Task{12feceb #64 type=standard A=10090:android.task.video U=0 visible=true mode=fullscreen translucent=false sz=1}
11-19 05:11:28.513 7802 7838 W ContextImpl: Calling a method in the system process without a qualified user: android.app.ContextImpl.startService:1816 android.content.ContextWrapper.startService:774 com.thundercomm.gamemode.ingame.services.GameModeActionUtils.startGameModeService:93 com.thundercomm.gamemode.ingame.services.GameModeActionUtils.startGameModeEntry:21 com.thundercomm.gamemode.ingame.services.ActivityMonitoringService$1.onActivityLaunch:127
11-19 05:11:28.516 13177 13177 I wm_on_top_resumed_lost_called: [245513734,com.android.music.VideoBrowserActivity,pausing]
11-19 05:11:28.516 13177 13177 I wm_on_paused_called: [245513734,com.android.music.VideoBrowserActivity,performPause]
11-19 05:11:28.516 13177 13177 I wm_on_stop_called: [245513734,com.android.music.VideoBrowserActivity,handleRelaunchActivity]
11-19 05:11:28.518 1499 1499 I GameModeConfig: Current uri is uri = content://com.thundercomm.gamemode.api/gamemode_settings/gamemode_isgaming
11-19 05:11:28.519 1499 1499 I GameModeConfig: isGameModeOn = false
11-19 05:11:28.519 13177 13177 I wm_on_destroy_called: [245513734,com.android.music.VideoBrowserActivity,performDestroy]
11-19 05:11:28.519 1499 1499 I GameModeConfig: isGameModeOn = false
11-19 05:11:28.520 1499 1499 I GameModeConfig: isDisableVoice = true
11-19 05:11:28.520 1499 8533 W WindowManager: Attempted to set replacing window on app token with no content Token{acf2cf ActivityRecord{ea23e06 u0 com.android.music/.VideoBrowserActivity t64}}
11-19 05:11:28.538 13177 13177 I wm_on_create_called: [245513734,com.android.music.VideoBrowserActivity,performCreate]
11-19 05:11:28.538 13177 13177 I wm_on_start_called: [245513734,com.android.music.VideoBrowserActivity,handleStartActivity]
11-19 05:11:28.540 13177 13177 I wm_on_resume_called: [245513734,com.android.music.VideoBrowserActivity,RESUME_ACTIVITY]
11-19 05:11:28.540 13177 13177 I wm_on_top_resumed_gained_called: [245513734,com.android.music.VideoBrowserActivity,topWhenResuming]
11-19 05:11:28.549 1499 8533 I WindowManager: finishDrawing of relaunch: Window{b1bdc8c u0 com.android.music/com.android.music.VideoBrowserActivity} 53ms
11-19 05:11:28.893 1499 1637 I wm_stop_activity: [0,19758722,com.android.launcher3/.uioverrides.QuickstepLauncher]
11-19 05:11:28.905 7802 7838 W ContextImpl: Calling a method in the system process without a qualified user: android.app.ContextImpl.startService:1816 android.content.ContextWrapper.startService:774 com.thundercomm.gamemode.ingame.services.GameModeActionUtils.startGameModeService:93 com.thundercomm.gamemode.ingame.services.GameModeActionUtils.startGameModeEntry:21 com.thundercomm.gamemode.ingame.services.ActivityMonitoringService$1.onActivityLaunch:127
11-19 05:11:28.911 1499 1499 I GameModeConfig: Current uri is uri = content://com.thundercomm.gamemode.api/gamemode_settings/gamemode_isgaming
11-19 05:11:28.914 1499 1499 I GameModeConfig: isGameModeOn = false
11-19 05:11:28.915 1499 1499 I GameModeConfig: isGameModeOn = false
11-19 05:11:28.915 1499 1499 I GameModeConfig: isDisableVoice = true
11-19 05:11:28.920 2802 2802 I wm_on_paused_called: [19758722,com.android.launcher3.uioverrides.QuickstepLauncher,performPause]
11-19 05:11:28.925 2802 2802 I wm_on_stop_called: [19758722,com.android.launcher3.uioverrides.QuickstepLauncher,STOP_ACTIVITY_ITEM]
11-19 05:11:28.953 7802 7838 W ContextImpl: Calling a method in the system process without a qualified user: android.app.ContextImpl.startService:1816 android.content.ContextWrapper.startService:774 com.thundercomm.gamemode.ingame.services.GameModeActionUtils.startGameModeService:93 com.thundercomm.gamemode.ingame.services.GameModeActionUtils.startGameModeEntry:21 com.thundercomm.gamemode.ingame.services.ActivityMonitoringService$1.onActivityLaunch:127
11-19 05:11:28.958 1499 1499 I GameModeConfig: Current uri is uri = content://com.thundercomm.gamemode.api/gamemode_settings/gamemode_isgaming
11-19 05:11:28.960 1499 1499 I GameModeConfig: isGameModeOn = false
11-19 05:11:28.960 1499 1499 I GameModeConfig: isGameModeOn = false
11-19 05:11:28.960 1499 1499 I GameModeConfig: isDisableVoice = true
11-19 05:11:29.131 0 0 I auditd : type=1400 audit(0.0:12258): avc: denied { kill } for comm="swapper/2" capability=5 scontext=u:r:kernel:s0 tcontext=u:r:kernel:s0 tclass=capability permissive=0
11-19 05:11:29.741 1499 5520 I wm_task_moved: [1,0,0]
11-19 05:11:29.742 1499 5520 I wm_task_moved: [1,0,6]
11-19 05:11:29.757 2802 2802 I wm_on_restart_called: [19758722,com.android.launcher3.uioverrides.QuickstepLauncher,performRestartActivity]
11-19 05:11:29.765 7802 7838 W ContextImpl: Calling a method in the system process without a qualified user: android.app.ContextImpl.startService:1816 android.content.ContextWrapper.startService:774 com.thundercomm.gamemode.ingame.services.GameModeActionUtils.startGameModeService:93 com.thundercomm.gamemode.ingame.services.GameModeActionUtils.startGameModeEntry:21 com.thundercomm.gamemode.ingame.services.ActivityMonitoringService$1.onActivityLaunch:127
11-19 05:11:29.768 1499 1499 I GameModeConfig: Current uri is uri = content://com.thundercomm.gamemode.api/gamemode_settings/gamemode_isgaming
11-19 05:11:29.770 1499 1499 I GameModeConfig: isGameModeOn = false
11-19 05:11:29.770 1499 1499 I GameModeConfig: isGameModeOn = false
11-19 05:11:29.770 1499 1499 I GameModeConfig: isDisableVoice = true
11-19 05:11:29.783 2802 2802 I wm_on_start_called: [19758722,com.android.launcher3.uioverrides.QuickstepLauncher,handleStartActivity]
11-19 05:11:29.806 1499 1634 I sysui_multi_action: [319,11,322,55,325,13969,757,761,758,9,759,5,806,com.android.launcher3,871,com.android.launcher3.uioverrides.QuickstepLauncher,905,0,1320,8,1321,5]
11-19 05:11:29.809 13177 13177 I view_enqueue_input_event: [Motion - Cancel,com.android.music/com.android.music.VideoBrowserActivity]
11-19 05:11:29.809 2802 2802 I sysui_latency: [1,67]
11-19 05:11:29.813 1499 1638 I input_focus: [Focus request recents_animation_input_consumer,reason=UpdateInputWindows]
11-19 05:11:29.823 1499 1831 I input_interaction: Interaction with: edge-swipe (server), swipe-up (server), PointerEventDispatcher0 (server),
11-19 05:11:29.844 1499 1831 I input_focus: [Focus leaving b1bdc8c com.android.music/com.android.music.VideoBrowserActivity (server),reason=NOT_FOCUSABLE]
11-19 05:11:29.844 1499 1831 I input_focus: [Focus entering recents_animation_input_consumer (server),reason=setFocusedWindow]
11-19 05:11:29.990 1499 1759 I commit_sys_config_file: [settings-1-0,8]
11-19 05:11:30.099 1499 1644 I sysui_latency: [8,68]
11-19 05:11:30.719 1499 1759 I commit_sys_config_file: [settings-1-0,5]
11-19 05:11:31.131 0 0 I auditd : type=1400 audit(0.0:12259): avc: denied { kill } for comm="swapper/2" capability=5 scontext=u:r:kernel:s0 tcontext=u:r:kernel:s0 tclass=capability permissive=0
11-19 05:11:31.419 1499 1831 I input_interaction: Interaction with: 632f7bf com.android.launcher3/com.android.launcher3.uioverrides.QuickstepLauncher (server), edge-swipe (server), swipe-up (server), PointerEventDispatcher0 (server),
11-19 05:11:31.553 1499 7484 D FreeFormWindowHelper: Add freeform task=Task{12feceb #64 type=standard A=10090:android.task.video U=0 visible=true mode=freeform translucent=false sz=1}
11-19 05:11:31.554 1499 7484 I wm_relaunch_resume_activity: [0,245513734,64,com.android.music/.VideoBrowserActivity]
11-19 05:11:31.555 13177 13177 I wm_on_top_resumed_lost_called: [245513734,com.android.music.VideoBrowserActivity,pausing]
11-19 05:11:31.556 13177 13177 I wm_on_paused_called: [245513734,com.android.music.VideoBrowserActivity,performPause]
11-19 05:11:31.556 13177 13177 I wm_on_stop_called: [245513734,com.android.music.VideoBrowserActivity,handleRelaunchActivity]
11-19 05:11:31.559 13177 13177 I wm_on_destroy_called: [245513734,com.android.music.VideoBrowserActivity,performDestroy]
11-19 05:11:31.561 1499 7484 I wm_task_moved: [1,1,7]
11-19 05:11:31.563 1499 7484 I wm_focused_root_task: [0,0,1,64,startActivityFromRecents]
11-19 05:11:31.564 1499 7484 I wm_task_moved: [64,1,7]
11-19 05:11:31.564 1499 7484 I wm_set_resumed_activity: [0,com.android.music/.VideoBrowserActivity,positionChildAt]
11-19 05:11:31.564 1499 7484 I wm_focused_root_task: [0,0,64,1,moveTaskToFront findTaskToMoveToFront]
11-19 05:11:31.564 1499 7484 I wm_set_resumed_activity: [0,com.android.music/.VideoBrowserActivity,moveTaskToFront findTaskToMoveToFront]
11-19 05:11:31.566 1499 7484 W WindowManager: updateScale0.7996942
11-19 05:11:31.575 1499 8917 W WindowManager: Attempted to set replacing window on app token with no content Token{acf2cf ActivityRecord{ea23e06 u0 com.android.music/.VideoBrowserActivity t64}}
11-19 05:11:31.609 13177 13177 I wm_on_create_called: [245513734,com.android.music.VideoBrowserActivity,performCreate]
11-19 05:11:31.610 13177 13177 I wm_on_start_called: [245513734,com.android.music.VideoBrowserActivity,handleStartActivity]
11-19 05:11:31.611 13177 13177 I wm_on_resume_called: [245513734,com.android.music.VideoBrowserActivity,RESUME_ACTIVITY]
11-19 05:11:31.611 13177 13177 I wm_on_top_resumed_gained_called: [245513734,com.android.music.VideoBrowserActivity,topWhenResuming]
11-19 05:11:31.616 1499 8917 W WindowManager: updateScale0.7996942
11-19 05:11:31.628 13177 13177 I wm_on_top_resumed_lost_called: [245513734,com.android.music.VideoBrowserActivity,topStateChangedWhenResumed]
11-19 05:11:31.629 1499 8917 I WindowManager: finishDrawing of relaunch: Window{b1bdc8c u0 com.android.music/com.android.music.VideoBrowserActivity} 75ms
11-19 05:11:31.629 1499 1638 W WindowManager: updateScale0.7996942
11-19 05:11:31.630 13177 13177 I wm_on_top_resumed_gained_called: [245513734,com.android.music.VideoBrowserActivity,topStateChangedWhenResumed]
11-19 05:11:31.631 1499 1638 W WindowManager: updateScale0.7996942
11-19 05:11:31.976 1499 2437 I wm_task_moved: [1,0,6]
11-19 05:11:31.979 1499 2437 I ActivityTaskManager: FOREGROUND_APPLICATION_CHANGED to com.android.launcher3.uioverrides.QuickstepLauncher
11-19 05:11:31.984 1499 2437 I wm_resume_activity: [0,19758722,10,com.android.launcher3/.uioverrides.QuickstepLauncher]
11-19 05:11:31.986 1499 2437 I ActivityTaskManager: FOREGROUND_APPLICATION_CHANGED to com.android.music.VideoBrowserActivity
11-19 05:11:31.988 1499 2437 W WindowManager: updateScale0.7996942
11-19 05:11:31.994 1499 2437 W WindowManager: updateScale0.7996942
11-19 05:11:31.999 1499 1638 I input_focus: [Focus request b1bdc8c com.android.music/com.android.music.VideoBrowserActivity,reason=UpdateInputWindows]
11-19 05:11:32.007 2802 2802 I wm_on_resume_called: [19758722,com.android.launcher3.uioverrides.QuickstepLauncher,RESUME_ACTIVITY]
11-19 05:11:32.016 1499 7484 W WindowManager: updateScale0.7996942
11-19 05:11:32.017 1499 1831 I input_focus: [Focus leaving recents_animation_input_consumer (server),reason=NOT_VISIBLE]
11-19 05:11:32.017 1499 1831 I input_focus: [Focus entering b1bdc8c com.android.music/com.android.music.VideoBrowserActivity (server),reason=setFocusedWindow]
11-19 05:11:32.098 1499 2437 W WindowManager: updateScale0.7996942
11-19 05:11:32.102 1499 2437 W WindowManager: updateScale0.7996942
11-19 05:11:32.131 0 0 I auditd : type=1400 audit(0.0:12260): avc: denied { kill } for comm="swapper/2" capability=5 scontext=u:r:kernel:s0 tcontext=u:r:kernel:s0 tclass=capability permissive=0
11-19 05:11:32.711 1499 1831 I input_interaction: Interaction with: b1bdc8c com.android.music/com.android.music.VideoBrowserActivity (server), edge-swipe (server), swipe-up (server), PointerEventDispatcher0 (server),
11-19 05:11:32.727 1499 2437 W WindowManager: updateScale0.7996942
11-19 05:11:32.748 1499 1638 W WindowManager: updateScale0.7996942
11-19 05:11:32.867 1499 2437 I wm_relaunch_resume_activity: [0,245513734,64,com.android.music/.VideoBrowserActivity]
11-19 05:11:32.867 1499 2437 I wm_add_to_stopping: [0,19758722,com.android.launcher3/.uioverrides.QuickstepLauncher,makeInvisible]
11-19 05:11:32.869 1499 2437 D FreeFormWindowHelper: Remove freefrom task=Task{12feceb #64 type=standard A=10090:android.task.video U=0 visible=true mode=fullscreen translucent=false sz=1}
11-19 05:11:32.879 13177 13177 I wm_on_top_resumed_lost_called: [245513734,com.android.music.VideoBrowserActivity,pausing]
11-19 05:11:32.879 13177 13177 I wm_on_paused_called: [245513734,com.android.music.VideoBrowserActivity,performPause]
11-19 05:11:32.880 13177 13177 I wm_on_stop_called: [245513734,com.android.music.VideoBrowserActivity,handleRelaunchActivity]
11-19 05:11:32.881 13177 13177 I wm_on_destroy_called: [245513734,com.android.music.VideoBrowserActivity,performDestroy]
11-19 05:11:32.883 1499 8917 W WindowManager: Attempted to set replacing window on app token with no content Token{acf2cf ActivityRecord{ea23e06 u0 com.android.music/.VideoBrowserActivity t64}}
11-19 05:11:32.890 7802 7838 W ContextImpl: Calling a method in the system process without a qualified user: android.app.ContextImpl.startService:1816 android.content.ContextWrapper.startService:774 com.thundercomm.gamemode.ingame.services.GameModeActionUtils.startGameModeService:93 com.thundercomm.gamemode.ingame.services.GameModeActionUtils.startGameModeEntry:21 com.thundercomm.gamemode.ingame.services.ActivityMonitoringService$1.onActivityLaunch:127
11-19 05:11:32.894 1499 1499 I GameModeConfig: Current uri is uri = content://com.thundercomm.gamemode.api/gamemode_settings/gamemode_isgaming
11-19 05:11:32.897 1499 1499 I GameModeConfig: isGameModeOn = false
11-19 05:11:32.898 1499 1499 I GameModeConfig: isGameModeOn = false
11-19 05:11:32.898 1499 1499 I GameModeConfig: isDisableVoice = true
11-19 05:11:32.906 13177 13177 I wm_on_create_called: [245513734,com.android.music.VideoBrowserActivity,performCreate]
11-19 05:11:32.907 13177 13177 I wm_on_start_called: [245513734,com.android.music.VideoBrowserActivity,handleStartActivity]
11-19 05:11:32.908 13177 13177 I wm_on_resume_called: [245513734,com.android.music.VideoBrowserActivity,RESUME_ACTIVITY]
11-19 05:11:32.908 13177 13177 I wm_on_top_resumed_gained_called: [245513734,com.android.music.VideoBrowserActivity,topWhenResuming]
11-19 05:11:32.915 1499 8917 I WindowManager: finishDrawing of relaunch: Window{b1bdc8c u0 com.android.music/com.android.music.VideoBrowserActivity} 48ms
11-19 05:11:33.272 1499 1637 I wm_stop_activity: [0,19758722,com.android.launcher3/.uioverrides.QuickstepLauncher]
11-19 05:11:33.280 7802 7838 W ContextImpl: Calling a method in the system process without a qualified user: android.app.ContextImpl.startService:1816 android.content.ContextWrapper.startService:774 com.thundercomm.gamemode.ingame.services.GameModeActionUtils.startGameModeService:93 com.thundercomm.gamemode.ingame.services.GameModeActionUtils.startGameModeEntry:21 com.thundercomm.gamemode.ingame.services.ActivityMonitoringService$1.onActivityLaunch:127
11-19 05:11:33.289 1499 1499 I GameModeConfig: Current uri is uri = content://com.thundercomm.gamemode.api/gamemode_settings/gamemode_isgaming
11-19 05:11:33.291 1499 1499 I GameModeConfig: isGameModeOn = false
11-19 05:11:33.291 1499 1499 I GameModeConfig: isGameModeOn = false
11-19 05:11:33.291 1499 1499 I GameModeConfig: isDisableVoice = true
11-19 05:11:33.302 2802 2802 I wm_on_paused_called: [19758722,com.android.launcher3.uioverrides.QuickstepLauncher,performPause]
11-19 05:11:33.306 2802 2802 I wm_on_stop_called: [19758722,com.android.launcher3.uioverrides.QuickstepLauncher,STOP_ACTIVITY_ITEM]
11-19 05:11:33.329 7802 7838 W ContextImpl: Calling a method in the system process without a qualified user: android.app.ContextImpl.startService:1816 android.content.ContextWrapper.startService:774 com.thundercomm.gamemode.ingame.services.GameModeActionUtils.startGameModeService:93 com.thundercomm.gamemode.ingame.services.GameModeActionUtils.startGameModeEntry:21 com.thundercomm.gamemode.ingame.services.ActivityMonitoringService$1.onActivityLaunch:127
11-19 05:11:33.337 1499 1499 I GameModeConfig: Current uri is uri = content://com.thundercomm.gamemode.api/gamemode_settings/gamemode_isgaming
11-19 05:11:33.339 1499 1499 I GameModeConfig: isGameModeOn = false
11-19 05:11:33.340 1499 1499 I GameModeConfig: isGameModeOn = false
11-19 05:11:33.340 1499 1499 I GameModeConfig: isDisableVoice = true
11-19 05:11:34.131 0 0 I auditd : type=1400 audit(0.0:12261): avc: denied { kill } for comm="swapper/2" capability=5 scontext=u:r:kernel:s0 tcontext=u:r:kernel:s0 tclass=capability permissive=0
11-19 05:11:34.315 1499 2759 I wm_task_moved: [1,0,0]
11-19 05:11:34.316 1499 2759 I wm_task_moved: [1,0,6]
11-19 05:11:34.340 2802 2802 I wm_on_restart_called: [19758722,com.android.launcher3.uioverrides.QuickstepLauncher,performRestartActivity]
11-19 05:11:34.360 7802 7838 W ContextImpl: Calling a method in the system process without a qualified user: android.app.ContextImpl.startService:1816 android.content.ContextWrapper.startService:774 com.thundercomm.gamemode.ingame.services.GameModeActionUtils.startGameModeService:93 com.thundercomm.gamemode.ingame.services.GameModeActionUtils.startGameModeEntry:21 com.thundercomm.gamemode.ingame.services.ActivityMonitoringService$1.onActivityLaunch:127
11-19 05:11:34.365 2802 2802 I wm_on_start_called: [19758722,com.android.launcher3.uioverrides.QuickstepLauncher,handleStartActivity]
11-19 05:11:34.367 1499 1499 I GameModeConfig: Current uri is uri = content://com.thundercomm.gamemode.api/gamemode_settings/gamemode_isgaming
11-19 05:11:34.370 1499 1499 I GameModeConfig: isGameModeOn = false
11-19 05:11:34.370 1499 1499 I GameModeConfig: isGameModeOn = false
11-19 05:11:34.370 1499 1499 I GameModeConfig: isDisableVoice = true
11-19 05:11:34.389 1499 1634 I sysui_multi_action: [319,16,322,66,325,13973,757,761,758,9,759,5,806,com.android.launcher3,871,com.android.launcher3.uioverrides.QuickstepLauncher,905,0,1320,8,1321,5]
11-19 05:11:34.410 13177 13177 I view_enqueue_input_event: [Motion - Cancel,com.android.music/com.android.music.VideoBrowserActivity]
11-19 05:11:34.412 2802 2802 I sysui_latency: [1,76]
11-19 05:11:34.417 1499 1638 I input_focus: [Focus request recents_animation_input_consumer,reason=UpdateInputWindows]
11-19 05:11:34.421 1499 1831 I input_interaction: Interaction with: edge-swipe (server), swipe-up (server), PointerEventDispatcher0 (server),
11-19 05:11:34.439 1499 1831 I input_focus: [Focus leaving b1bdc8c com.android.music/com.android.music.VideoBrowserActivity (server),reason=NOT_FOCUSABLE]
11-19 05:11:34.439 1499 1831 I input_focus: [Focus entering recents_animation_input_consumer (server),reason=setFocusedWindow]
11-19 05:11:34.569 1499 1759 I commit_sys_config_file: [settings-1-0,5]
11-19 05:11:34.683 1499 1644 I sysui_latency: [8,76]
11-19 05:11:35.131 0 0 I auditd : type=1400 audit(0.0:12262): avc: denied { kill } for comm="swapper/2" capability=5 scontext=u:r:kernel:s0 tcontext=u:r:kernel:s0 tclass=capability permissive=0
11-19 05:11:35.267 1499 1759 I commit_sys_config_file: [settings-1-0,5]
11-19 05:11:36.131 0 0 I auditd : type=1400 audit(0.0:12263): avc: denied { kill } for comm="swapper/2" capability=5 scontext=u:r:kernel:s0 tcontext=u:r:kernel:s0 tclass=capability permissive=0
11-19 05:11:37.131 0 0 I auditd : type=1400 audit(0.0:12264): avc: denied { kill } for comm="swapper/2" capability=5 scontext=u:r:kernel:s0 tcontext=u:r:kernel:s0 tclass=capability permissive=0
11-19 05:11:38.131 0 0 I auditd : type=1400 audit(0.0:12265): avc: denied { kill } for comm="swapper/2" capability=5 scontext=u:r:kernel:s0 tcontext=u:r:kernel:s0 tclass=capability permissive=0
11-19 05:11:38.216 1499 1831 I input_interaction: Interaction with: 632f7bf com.android.launcher3/com.android.launcher3.uioverrides.QuickstepLauncher (server), edge-swipe (server), swipe-up (server), PointerEventDispatcher0 (server),
11-19 05:11:38.336 1499 8917 D FreeFormWindowHelper: Add freeform task=Task{12feceb #64 type=standard A=10090:android.task.video U=0 visible=true mode=freeform translucent=false sz=1}
11-19 05:11:38.336 1499 8917 I wm_relaunch_resume_activity: [0,245513734,64,com.android.music/.VideoBrowserActivity]
11-19 05:11:38.338 1499 8917 I wm_task_moved: [1,1,7]
11-19 05:11:38.338 13177 13177 I wm_on_top_resumed_lost_called: [245513734,com.android.music.VideoBrowserActivity,pausing]
11-19 05:11:38.339 13177 13177 I wm_on_paused_called: [245513734,com.android.music.VideoBrowserActivity,performPause]
11-19 05:11:38.339 13177 13177 I wm_on_stop_called: [245513734,com.android.music.VideoBrowserActivity,handleRelaunchActivity]
11-19 05:11:38.341 1499 8917 I wm_focused_root_task: [0,0,1,64,startActivityFromRecents]
11-19 05:11:38.342 1499 8917 I wm_task_moved: [64,1,7]
11-19 05:11:38.342 13177 13177 I wm_on_destroy_called: [245513734,com.android.music.VideoBrowserActivity,performDestroy]
11-19 05:11:38.343 1499 8917 I wm_set_resumed_activity: [0,com.android.music/.VideoBrowserActivity,positionChildAt]
11-19 05:11:38.343 1499 8917 I wm_focused_root_task: [0,0,64,1,moveTaskToFront findTaskToMoveToFront]
11-19 05:11:38.343 1499 8917 I wm_set_resumed_activity: [0,com.android.music/.VideoBrowserActivity,moveTaskToFront findTaskToMoveToFront]
11-19 05:11:38.346 1499 8917 W WindowManager: updateScale0.7996942
11-19 05:11:38.364 1499 7484 W WindowManager: Attempted to set replacing window on app token with no content Token{acf2cf ActivityRecord{ea23e06 u0 com.android.music/.VideoBrowserActivity t64}}
11-19 05:11:38.394 13177 13177 I wm_on_create_called: [245513734,com.android.music.VideoBrowserActivity,performCreate]
11-19 05:11:38.395 13177 13177 I wm_on_start_called: [245513734,com.android.music.VideoBrowserActivity,handleStartActivity]
11-19 05:11:38.397 13177 13177 I wm_on_resume_called: [245513734,com.android.music.VideoBrowserActivity,RESUME_ACTIVITY]
11-19 05:11:38.397 13177 13177 I wm_on_top_resumed_gained_called: [245513734,com.android.music.VideoBrowserActivity,topWhenResuming]
11-19 05:11:38.399 1499 2437 W WindowManager: updateScale0.7996942
11-19 05:11:38.415 13177 13177 I wm_on_top_resumed_lost_called: [245513734,com.android.music.VideoBrowserActivity,topStateChangedWhenResumed]
11-19 05:11:38.415 1499 8917 I WindowManager: finishDrawing of relaunch: Window{b1bdc8c u0 com.android.music/com.android.music.VideoBrowserActivity} 78ms
11-19 05:11:38.415 1499 1638 W WindowManager: updateScale0.7996942
11-19 05:11:38.417 1499 1638 W WindowManager: updateScale0.7996942
11-19 05:11:38.422 13177 13177 I wm_on_top_resumed_gained_called: [245513734,com.android.music.VideoBrowserActivity,topStateChangedWhenResumed]
11-19 05:11:38.432 1499 7484 W WindowManager: updateScale0.7996942
11-19 05:11:38.433 1499 7484 W WindowManager: updateScale0.7996942
11-19 05:11:38.777 1499 8917 I wm_task_moved: [1,1,7]
11-19 05:11:38.778 1499 8917 I wm_task_moved: [10,1,2147483647]
11-19 05:11:38.778 1499 8917 I wm_task_to_front: [0,10]
11-19 05:11:38.778 13177 13177 I wm_on_top_resumed_lost_called: [245513734,com.android.music.VideoBrowserActivity,topStateChangedWhenResumed]
11-19 05:11:38.781 1499 8917 I wm_focused_root_task: [0,0,1,64,RecentsAnimation.onAnimationFinished()]
11-19 05:11:38.781 1499 8917 I wm_set_resumed_activity: [0,com.android.launcher3/.uioverrides.QuickstepLauncher,RecentsAnimation.onAnimationFinished()]
11-19 05:11:38.782 1499 8917 I ActivityTaskManager: FOREGROUND_APPLICATION_CHANGED to com.android.launcher3.uioverrides.QuickstepLauncher
11-19 05:11:38.783 1499 8917 I wm_set_resumed_activity: [0,com.android.launcher3/.uioverrides.QuickstepLauncher,resumeTopActivityInnerLocked]
11-19 05:11:38.784 1499 8917 I wm_resume_activity: [0,19758722,10,com.android.launcher3/.uioverrides.QuickstepLauncher]
11-19 05:11:38.787 1499 8917 W WindowManager: updateScale0.7996942
11-19 05:11:38.790 1499 8917 W WindowManager: updateScale0.7996942
11-19 05:11:38.792 1499 1638 I input_focus: [Focus request 632f7bf com.android.launcher3/com.android.launcher3.uioverrides.QuickstepLauncher,reason=UpdateInputWindows]
11-19 05:11:38.800 1499 1637 I sysui_multi_action: [757,803,799,window_time_0,802,12]
11-19 05:11:38.805 1499 1831 I input_focus: [Focus leaving recents_animation_input_consumer (server),reason=NOT_VISIBLE]
11-19 05:11:38.805 1499 1831 I input_focus: [Focus entering 632f7bf com.android.launcher3/com.android.launcher3.uioverrides.QuickstepLauncher (server),reason=setFocusedWindow]
11-19 05:11:38.808 2802 2802 I wm_on_resume_called: [19758722,com.android.launcher3.uioverrides.QuickstepLauncher,RESUME_ACTIVITY]
11-19 05:11:38.811 2802 2802 I wm_on_top_resumed_gained_called: [19758722,com.android.launcher3.uioverrides.QuickstepLauncher,topStateChangedWhenResumed]
11-19 05:11:38.818 1499 7484 W WindowManager: updateScale0.7996942
11-19 05:11:38.908 7802 7838 W ContextImpl: Calling a method in the system process without a qualified user: android.app.ContextImpl.startService:1816 android.content.ContextWrapper.startService:774 com.thundercomm.gamemode.ingame.services.GameModeActionUtils.startGameModeService:93 com.thundercomm.gamemode.ingame.services.GameModeActionUtils.startGameModeEntry:21 com.thundercomm.gamemode.ingame.services.ActivityMonitoringService$1.onActivityLaunch:127
11-19 05:11:38.918 1499 1499 I GameModeConfig: Current uri is uri = content://com.thundercomm.gamemode.api/gamemode_settings/gamemode_isgaming
11-19 05:11:38.923 1499 1499 I GameModeConfig: isGameModeOn = false
11-19 05:11:38.924 1499 1499 I GameModeConfig: isGameModeOn = false
11-19 05:11:38.924 1499 1499 I GameModeConfig: isDisableVoice = true
11-19 05:11:39.131 0 0 I auditd : type=1400 audit(0.0:12266): avc: denied { kill } for comm="swapper/2" capability=5 scontext=u:r:kernel:s0 tcontext=u:r:kernel:s0 tclass=capability permissive=0
11-19 05:11:39.642 1499 1831 I input_interaction: Interaction with: b1bdc8c com.android.music/com.android.music.VideoBrowserActivity (server), edge-swipe (server), swipe-up (server), PointerEventDispatcher0 (server),
11-19 05:11:39.645 1499 1637 I wm_task_moved: [64,1,7]
11-19 05:11:39.645 1499 1637 I wm_task_to_front: [0,64]
11-19 05:11:39.646 1499 1637 W WindowManager: updateScale0.7996942
11-19 05:11:39.649 1499 1637 I wm_set_resumed_activity: [0,com.android.music/.VideoBrowserActivity,positionChildAt]
11-19 05:11:39.649 1499 1637 I wm_focused_root_task: [0,0,64,1,setFocusedTask]
11-19 05:11:39.649 1499 1637 I wm_set_resumed_activity: [0,com.android.music/.VideoBrowserActivity,setFocusedTask]
11-19 05:11:39.650 1499 1637 I ActivityTaskManager: FOREGROUND_APPLICATION_CHANGED to com.android.music.VideoBrowserActivity
11-19 05:11:39.650 1499 1638 I input_focus: [Focus request b1bdc8c com.android.music/com.android.music.VideoBrowserActivity,reason=UpdateInputWindows]
11-19 05:11:39.654 2802 2802 I wm_on_top_resumed_lost_called: [19758722,com.android.launcher3.uioverrides.QuickstepLauncher,topStateChangedWhenResumed]
11-19 05:11:39.659 1499 1831 I input_focus: [Focus leaving 632f7bf com.android.launcher3/com.android.launcher3.uioverrides.QuickstepLauncher (server),reason=setFocusedWindow]
11-19 05:11:39.659 1499 1831 I input_focus: [Focus entering b1bdc8c com.android.music/com.android.music.VideoBrowserActivity (server),reason=setFocusedWindow]
11-19 05:11:39.660 13177 13177 I wm_on_top_resumed_gained_called: [245513734,com.android.music.VideoBrowserActivity,topStateChangedWhenResumed]
11-19 05:11:39.849 1499 7484 I wm_relaunch_resume_activity: [0,245513734,64,com.android.music/.VideoBrowserActivity]
11-19 05:11:39.850 1499 7484 I wm_add_to_stopping: [0,19758722,com.android.launcher3/.uioverrides.QuickstepLauncher,makeInvisible]
11-19 05:11:39.852 1499 7484 D FreeFormWindowHelper: Remove freefrom task=Task{12feceb #64 type=standard A=10090:android.task.video U=0 visible=true mode=fullscreen translucent=false sz=1}
11-19 05:11:39.866 1499 4942 W WindowManager: Attempted to set replacing window on app token with no content Token{acf2cf ActivityRecord{ea23e06 u0 com.android.music/.VideoBrowserActivity t64}}
11-19 05:11:39.866 13177 13177 I wm_on_top_resumed_lost_called: [245513734,com.android.music.VideoBrowserActivity,pausing]
11-19 05:11:39.867 13177 13177 I wm_on_paused_called: [245513734,com.android.music.VideoBrowserActivity,performPause]
11-19 05:11:39.867 13177 13177 I wm_on_stop_called: [245513734,com.android.music.VideoBrowserActivity,handleRelaunchActivity]
11-19 05:11:39.869 13177 13177 I wm_on_destroy_called: [245513734,com.android.music.VideoBrowserActivity,performDestroy]
11-19 05:11:39.893 13177 13177 I wm_on_create_called: [245513734,com.android.music.VideoBrowserActivity,performCreate]
11-19 05:11:39.894 13177 13177 I wm_on_start_called: [245513734,com.android.music.VideoBrowserActivity,handleStartActivity]
11-19 05:11:39.896 13177 13177 I wm_on_resume_called: [245513734,com.android.music.VideoBrowserActivity,RESUME_ACTIVITY]
11-19 05:11:39.896 13177 13177 I wm_on_top_resumed_gained_called: [245513734,com.android.music.VideoBrowserActivity,topWhenResuming]
11-19 05:11:39.904 1499 8917 I WindowManager: finishDrawing of relaunch: Window{b1bdc8c u0 com.android.music/com.android.music.VideoBrowserActivity} 55ms
11-19 05:11:40.256 1499 1637 I wm_stop_activity: [0,19758722,com.android.launcher3/.uioverrides.QuickstepLauncher]
11-19 05:11:40.267 7802 7838 W ContextImpl: Calling a method in the system process without a qualified user: android.app.ContextImpl.startService:1816 android.content.ContextWrapper.startService:774 com.thundercomm.gamemode.ingame.services.GameModeActionUtils.startGameModeService:93 com.thundercomm.gamemode.ingame.services.GameModeActionUtils.startGameModeEntry:21 com.thundercomm.gamemode.ingame.services.ActivityMonitoringService$1.onActivityLaunch:127
11-19 05:11:40.278 1499 1499 I GameModeConfig: Current uri is uri = content://com.thundercomm.gamemode.api/gamemode_settings/gamemode_isgaming
11-19 05:11:40.281 1499 1499 I GameModeConfig: isGameModeOn = false
11-19 05:11:40.281 2802 2802 I wm_on_paused_called: [19758722,com.android.launcher3.uioverrides.QuickstepLauncher,performPause]
11-19 05:11:40.281 1499 1499 I GameModeConfig: isGameModeOn = false
11-19 05:11:40.282 1499 1499 I GameModeConfig: isDisableVoice = true
11-19 05:11:40.286 2802 2802 I wm_on_stop_called: [19758722,com.android.launcher3.uioverrides.QuickstepLauncher,STOP_ACTIVITY_ITEM]
11-19 05:11:40.310 7802 7838 W ContextImpl: Calling a method in the system process without a qualified user: android.app.ContextImpl.startService:1816 android.content.ContextWrapper.startService:774 com.thundercomm.gamemode.ingame.services.GameModeActionUtils.startGameModeService:93 com.thundercomm.gamemode.ingame.services.GameModeActionUtils.startGameModeEntry:21 com.thundercomm.gamemode.ingame.services.ActivityMonitoringService$1.onActivityLaunch:127
11-19 05:11:40.313 1499 1499 I GameModeConfig: Current uri is uri = content://com.thundercomm.gamemode.api/gamemode_settings/gamemode_isgaming
11-19 05:11:40.315 1499 1499 I GameModeConfig: isGameModeOn = false
11-19 05:11:40.315 1499 1499 I GameModeConfig: isGameModeOn = false
11-19 05:11:40.315 1499 1499 I GameModeConfig: isDisableVoice = true
11-19 05:11:41.113 1499 8917 I wm_task_moved: [1,0,0]
11-19 05:11:41.115 1499 8917 I wm_task_moved: [1,0,6]
11-19 05:11:41.127 2802 2802 I wm_on_restart_called: [19758722,com.android.launcher3.uioverrides.QuickstepLauncher,performRestartActivity]
11-19 05:11:41.147 7802 7838 W ContextImpl: Calling a method in the system process without a qualified user: android.app.ContextImpl.startService:1816 android.content.ContextWrapper.startService:774 com.thundercomm.gamemode.ingame.services.GameModeActionUtils.startGameModeService:93 com.thundercomm.gamemode.ingame.services.GameModeActionUtils.startGameModeEntry:21 com.thundercomm.gamemode.ingame.services.ActivityMonitoringService$1.onActivityLaunch:127
11-19 05:11:41.151 1499 1499 I GameModeConfig: Current uri is uri = content://com.thundercomm.gamemode.api/gamemode_settings/gamemode_isgaming
11-19 05:11:41.155 2802 2802 I wm_on_start_called: [19758722,com.android.launcher3.uioverrides.QuickstepLauncher,handleStartActivity]
11-19 05:11:41.159 1499 1499 I GameModeConfig: isGameModeOn = false
11-19 05:11:41.159 1499 1499 I GameModeConfig: isGameModeOn = false
11-19 05:11:41.159 1499 1499 I GameModeConfig: isDisableVoice = true
11-19 05:11:41.176 1499 1634 I sysui_multi_action: [319,12,322,54,325,13980,757,761,758,9,759,5,806,com.android.launcher3,871,com.android.launcher3.uioverrides.QuickstepLauncher,905,0,1320,8,1321,5]
11-19 05:11:41.211 13177 13177 I view_enqueue_input_event: [Motion - Cancel,com.android.music/com.android.music.VideoBrowserActivity]
11-19 05:11:41.212 1499 1831 I input_interaction: Interaction with: edge-swipe (server), swipe-up (server), PointerEventDispatcher0 (server),
11-19 05:11:41.213 2802 2802 I sysui_latency: [1,81]
11-19 05:11:41.218 1499 1638 I input_focus: [Focus request recents_animation_input_consumer,reason=UpdateInputWindows]
11-19 05:11:41.238 1499 1831 I input_focus: [Focus leaving b1bdc8c com.android.music/com.android.music.VideoBrowserActivity (server),reason=NOT_FOCUSABLE]
11-19 05:11:41.240 1499 1831 I input_focus: [Focus entering recents_animation_input_consumer (server),reason=setFocusedWindow]
11-19 05:11:41.363 1499 1759 I commit_sys_config_file: [settings-1-0,9]
11-19 05:11:41.468 1499 1644 I sysui_latency: [8,78]
11-19 05:11:42.064 1499 1759 I commit_sys_config_file: [settings-1-0,4]
11-19 05:11:42.131 0 0 I auditd : type=1400 audit(0.0:12267): avc: denied { kill } for comm="swapper/2" capability=5 scontext=u:r:kernel:s0 tcontext=u:r:kernel:s0 tclass=capability permissive=0
11-19 05:11:43.131 0 0 I auditd : type=1400 audit(0.0:12268): avc: denied { kill } for comm="swapper/2" capability=5 scontext=u:r:kernel:s0 tcontext=u:r:kernel:s0 tclass=capability permissive=0
11-19 05:11:43.590 1499 1831 I input_interaction: Interaction with: 632f7bf com.android.launcher3/com.android.launcher3.uioverrides.QuickstepLauncher (server), edge-swipe (server), swipe-up (server), PointerEventDispatcher0 (server),
11-19 05:11:43.700 1499 4942 D FreeFormWindowHelper: Add freeform task=Task{12feceb #64 type=standard A=10090:android.task.video U=0 visible=true mode=freeform translucent=false sz=1}
11-19 05:11:43.700 1499 4942 I wm_relaunch_resume_activity: [0,245513734,64,com.android.music/.VideoBrowserActivity]
11-19 05:11:43.702 13177 13177 I wm_on_top_resumed_lost_called: [245513734,com.android.music.VideoBrowserActivity,pausing]
11-19 05:11:43.702 13177 13177 I wm_on_paused_called: [245513734,com.android.music.VideoBrowserActivity,performPause]
11-19 05:11:43.702 1499 4942 I wm_task_moved: [1,1,7]
11-19 05:11:43.703 13177 13177 I wm_on_stop_called: [245513734,com.android.music.VideoBrowserActivity,handleRelaunchActivity]
11-19 05:11:43.704 1499 4942 I wm_focused_root_task: [0,0,1,64,startActivityFromRecents]
11-19 05:11:43.705 1499 4942 I wm_task_moved: [64,1,7]
11-19 05:11:43.705 1499 4942 I wm_set_resumed_activity: [0,com.android.music/.VideoBrowserActivity,positionChildAt]
11-19 05:11:43.705 1499 4942 I wm_focused_root_task: [0,0,64,1,moveTaskToFront findTaskToMoveToFront]
11-19 05:11:43.705 1499 4942 I wm_set_resumed_activity: [0,com.android.music/.VideoBrowserActivity,moveTaskToFront findTaskToMoveToFront]
11-19 05:11:43.707 1499 4942 W WindowManager: updateScale0.7996942
11-19 05:11:43.709 13177 13177 I wm_on_destroy_called: [245513734,com.android.music.VideoBrowserActivity,performDestroy]
11-19 05:11:43.720 1499 2759 W WindowManager: Attempted to set replacing window on app token with no content Token{acf2cf ActivityRecord{ea23e06 u0 com.android.music/.VideoBrowserActivity t64}}
11-19 05:11:43.745 13177 13177 I wm_on_create_called: [245513734,com.android.music.VideoBrowserActivity,performCreate]
11-19 05:11:43.745 13177 13177 I wm_on_start_called: [245513734,com.android.music.VideoBrowserActivity,handleStartActivity]
11-19 05:11:43.746 13177 13177 I wm_on_resume_called: [245513734,com.android.music.VideoBrowserActivity,RESUME_ACTIVITY]
11-19 05:11:43.746 13177 13177 I wm_on_top_resumed_gained_called: [245513734,com.android.music.VideoBrowserActivity,topWhenResuming]
11-19 05:11:43.747 1499 4942 W WindowManager: updateScale0.7996942
11-19 05:11:43.754 13177 13177 I wm_on_top_resumed_lost_called: [245513734,com.android.music.VideoBrowserActivity,topStateChangedWhenResumed]
11-19 05:11:43.754 1499 4942 I WindowManager: finishDrawing of relaunch: Window{b1bdc8c u0 com.android.music/com.android.music.VideoBrowserActivity} 54ms
11-19 05:11:43.757 1499 1638 W WindowManager: updateScale0.7996942
11-19 05:11:43.759 1499 1638 W WindowManager: updateScale0.7996942
11-19 05:11:43.764 13177 13177 I wm_on_top_resumed_gained_called: [245513734,com.android.music.VideoBrowserActivity,topStateChangedWhenResumed]
11-19 05:11:43.793 1499 4942 W WindowManager: updateScale0.7996942
11-19 05:11:43.793 1499 4942 W WindowManager: updateScale0.7996942
11-19 05:11:43.803 1499 1644 I am_pss : [13238,10094,com.android.permissioncontroller,18919424,14848000,0,117035008,0,19,7]
11-19 05:11:44.131 0 0 I auditd : type=1400 audit(0.0:12269): avc: denied { kill } for comm="swapper/2" capability=5 scontext=u:r:kernel:s0 tcontext=u:r:kernel:s0 tclass=capability permissive=0
11-19 05:11:44.149 1499 4942 I wm_task_moved: [1,1,7]
11-19 05:11:44.151 13177 13177 I wm_on_top_resumed_lost_called: [245513734,com.android.music.VideoBrowserActivity,topStateChangedWhenResumed]
11-19 05:11:44.151 1499 4942 I wm_task_moved: [10,1,2147483647]
11-19 05:11:44.151 1499 4942 I wm_task_to_front: [0,10]
11-19 05:11:44.151 1499 4942 I wm_focused_root_task: [0,0,1,64,RecentsAnimation.onAnimationFinished()]
11-19 05:11:44.152 1499 4942 I wm_set_resumed_activity: [0,com.android.launcher3/.uioverrides.QuickstepLauncher,RecentsAnimation.onAnimationFinished()]
11-19 05:11:44.153 1499 4942 I ActivityTaskManager: FOREGROUND_APPLICATION_CHANGED to com.android.launcher3.uioverrides.QuickstepLauncher
11-19 05:11:44.154 1499 4942 I wm_set_resumed_activity: [0,com.android.launcher3/.uioverrides.QuickstepLauncher,resumeTopActivityInnerLocked]
11-19 05:11:44.156 1499 4942 I wm_resume_activity: [0,19758722,10,com.android.launcher3/.uioverrides.QuickstepLauncher]
11-19 05:11:44.160 1499 4942 W WindowManager: updateScale0.7996942
11-19 05:11:44.163 1499 4942 W WindowManager: updateScale0.7996942
11-19 05:11:44.165 1499 1638 I input_focus: [Focus request 632f7bf com.android.launcher3/com.android.launcher3.uioverrides.QuickstepLauncher,reason=UpdateInputWindows]
11-19 05:11:44.171 1499 1637 I sysui_multi_action: [757,803,799,window_time_0,802,5]
11-19 05:11:44.183 1499 1831 I input_focus: [Focus leaving recents_animation_input_consumer (server),reason=NOT_VISIBLE]
11-19 05:11:44.184 1499 1831 I input_focus: [Focus entering 632f7bf com.android.launcher3/com.android.launcher3.uioverrides.QuickstepLauncher (server),reason=setFocusedWindow]
11-19 05:11:44.187 2802 2802 I wm_on_resume_called: [19758722,com.android.launcher3.uioverrides.QuickstepLauncher,RESUME_ACTIVITY]
11-19 05:11:44.188 2802 2802 I wm_on_top_resumed_gained_called: [19758722,com.android.launcher3.uioverrides.QuickstepLauncher,topStateChangedWhenResumed]
11-19 05:11:44.273 7802 7838 W ContextImpl: Calling a method in the system process without a qualified user: android.app.ContextImpl.startService:1816 android.content.ContextWrapper.startService:774 com.thundercomm.gamemode.ingame.services.GameModeActionUtils.startGameModeService:93 com.thundercomm.gamemode.ingame.services.GameModeActionUtils.startGameModeEntry:21 com.thundercomm.gamemode.ingame.services.ActivityMonitoringService$1.onActivityLaunch:127
11-19 05:11:44.280 1499 1499 I GameModeConfig: Current uri is uri = content://com.thundercomm.gamemode.api/gamemode_settings/gamemode_isgaming
11-19 05:11:44.283 1499 1499 I GameModeConfig: isGameModeOn = false
11-19 05:11:44.283 1499 1499 I GameModeConfig: isGameModeOn = false
11-19 05:11:44.283 1499 1499 I GameModeConfig: isDisableVoice = true
11-19 05:11:44.928 1499 1831 I input_interaction: Interaction with: b1bdc8c com.android.music/com.android.music.VideoBrowserActivity (server), edge-swipe (server), swipe-up (server), PointerEventDispatcher0 (server),
11-19 05:11:44.931 1499 1637 I wm_task_moved: [64,1,7]
11-19 05:11:44.931 1499 1637 I wm_task_to_front: [0,64]
11-19 05:11:44.933 1499 1637 W WindowManager: updateScale0.7996942
11-19 05:11:44.935 1499 1637 I wm_set_resumed_activity: [0,com.android.music/.VideoBrowserActivity,positionChildAt]
11-19 05:11:44.935 1499 1637 I wm_focused_root_task: [0,0,64,1,setFocusedTask]
11-19 05:11:44.935 1499 1637 I wm_set_resumed_activity: [0,com.android.music/.VideoBrowserActivity,setFocusedTask]
11-19 05:11:44.935 2802 2802 I wm_on_top_resumed_lost_called: [19758722,com.android.launcher3.uioverrides.QuickstepLauncher,topStateChangedWhenResumed]
11-19 05:11:44.936 1499 1637 I ActivityTaskManager: FOREGROUND_APPLICATION_CHANGED to com.android.music.VideoBrowserActivity
11-19 05:11:44.937 13177 13177 I wm_on_top_resumed_gained_called: [245513734,com.android.music.VideoBrowserActivity,topStateChangedWhenResumed]
11-19 05:11:44.938 1499 1638 I input_focus: [Focus request b1bdc8c com.android.music/com.android.music.VideoBrowserActivity,reason=UpdateInputWindows]
11-19 05:11:44.969 1499 1831 I input_focus: [Focus leaving 632f7bf com.android.launcher3/com.android.launcher3.uioverrides.QuickstepLauncher (server),reason=setFocusedWindow]
11-19 05:11:44.969 1499 1831 I input_focus: [Focus entering b1bdc8c com.android.music/com.android.music.VideoBrowserActivity (server),reason=setFocusedWindow]
11-19 05:11:45.057 1499 2759 I wm_relaunch_resume_activity: [0,245513734,64,com.android.music/.VideoBrowserActivity]
11-19 05:11:45.057 1499 2759 I wm_add_to_stopping: [0,19758722,com.android.launcher3/.uioverrides.QuickstepLauncher,makeInvisible]
11-19 05:11:45.059 1499 2759 D FreeFormWindowHelper: Remove freefrom task=Task{12feceb #64 type=standard A=10090:android.task.video U=0 visible=true mode=fullscreen translucent=false sz=1}
11-19 05:11:45.072 13177 13177 I wm_on_top_resumed_lost_called: [245513734,com.android.music.VideoBrowserActivity,pausing]
11-19 05:11:45.072 13177 13177 I wm_on_paused_called: [245513734,com.android.music.VideoBrowserActivity,performPause]
11-19 05:11:45.073 1499 2759 W WindowManager: Attempted to set replacing window on app token with no content Token{acf2cf ActivityRecord{ea23e06 u0 com.android.music/.VideoBrowserActivity t64}}
11-19 05:11:45.072 13177 13177 I wm_on_stop_called: [245513734,com.android.music.VideoBrowserActivity,handleRelaunchActivity]
11-19 05:11:45.079 7802 7838 W ContextImpl: Calling a method in the system process without a qualified user: android.app.ContextImpl.startService:1816 android.content.ContextWrapper.startService:774 com.thundercomm.gamemode.ingame.services.GameModeActionUtils.startGameModeService:93 com.thundercomm.gamemode.ingame.services.GameModeActionUtils.startGameModeEntry:21 com.thundercomm.gamemode.ingame.services.ActivityMonitoringService$1.onActivityLaunch:127
11-19 05:11:45.082 13177 13177 I wm_on_destroy_called: [245513734,com.android.music.VideoBrowserActivity,performDestroy]
11-19 05:11:45.085 1499 1499 I GameModeConfig: Current uri is uri = content://com.thundercomm.gamemode.api/gamemode_settings/gamemode_isgaming
