11-19 04:40:02.858 1499 2319 E DisplayDeviceConfig: requesting nits when no mapping exists.
11-19 04:40:02.859 1499 1645 I am_wtf : [0,1499,system_server,-1,DisplayDeviceConfig,requesting nits when no mapping exists.]
11-19 04:40:02.859 1499 2319 E DisplayDeviceConfig: requesting nits when no mapping exists.
11-19 04:40:02.860 1499 1645 I am_wtf : [0,1499,system_server,-1,DisplayDeviceConfig,requesting nits when no mapping exists.]
11-19 04:40:02.874 1499 2319 E DisplayDeviceConfig: requesting nits when no mapping exists.
11-19 04:40:02.875 1499 1645 I am_wtf : [0,1499,system_server,-1,DisplayDeviceConfig,requesting nits when no mapping exists.]
11-19 04:40:02.875 1499 2319 E DisplayDeviceConfig: requesting nits when no mapping exists.
11-19 04:40:02.876 1499 1645 I am_wtf : [0,1499,system_server,-1,DisplayDeviceConfig,requesting nits when no mapping exists.]
11-19 04:40:02.892 1499 2319 E DisplayDeviceConfig: requesting nits when no mapping exists.
11-19 04:40:02.892 1499 2319 E DisplayDeviceConfig: requesting nits when no mapping exists.
11-19 04:40:02.892 1499 1645 I am_wtf : [0,1499,system_server,-1,DisplayDeviceConfig,requesting nits when no mapping exists.]
11-19 04:40:02.894 1499 1645 I am_wtf : [0,1499,system_server,-1,DisplayDeviceConfig,requesting nits when no mapping exists.]
11-19 04:40:02.908 1499 2319 E DisplayDeviceConfig: requesting nits when no mapping exists.
11-19 04:40:02.909 1499 1645 I am_wtf : [0,1499,system_server,-1,DisplayDeviceConfig,requesting nits when no mapping exists.]
11-19 04:40:02.910 1499 2319 E DisplayDeviceConfig: requesting nits when no mapping exists.
11-19 04:40:02.911 1499 1645 I am_wtf : [0,1499,system_server,-1,DisplayDeviceConfig,requesting nits when no mapping exists.]
11-19 04:40:02.926 1499 2319 E DisplayDeviceConfig: requesting nits when no mapping exists.
11-19 04:40:02.926 1499 1645 I am_wtf : [0,1499,system_server,-1,DisplayDeviceConfig,requesting nits when no mapping exists.]
11-19 04:40:02.927 1499 2319 E DisplayDeviceConfig: requesting nits when no mapping exists.
11-19 04:40:02.929 1499 1645 I am_wtf : [0,1499,system_server,-1,DisplayDeviceConfig,requesting nits when no mapping exists.]
11-19 04:40:03.131 0 0 I auditd : type=1400 audit(0.0:7834): avc: denied { kill } for comm="swapper/1" capability=5 scontext=u:r:kernel:s0 tcontext=u:r:kernel:s0 tclass=capability permissive=0
11-19 04:40:04.131 0 0 I auditd : type=1400 audit(0.0:7835): avc: denied { kill } for comm="swapper/1" capability=5 scontext=u:r:kernel:s0 tcontext=u:r:kernel:s0 tclass=capability permissive=0
11-19 04:40:05.131 0 0 I auditd : type=1400 audit(0.0:7836): avc: denied { kill } for comm="swapper/1" capability=5 scontext=u:r:kernel:s0 tcontext=u:r:kernel:s0 tclass=capability permissive=0
11-19 04:40:06.131 0 0 I auditd : type=1400 audit(0.0:7837): avc: denied { kill } for comm="swapper/1" capability=5 scontext=u:r:kernel:s0 tcontext=u:r:kernel:s0 tclass=capability permissive=0
11-19 04:40:07.131 0 0 I auditd : type=1400 audit(0.0:7838): avc: denied { kill } for comm="swapper/1" capability=5 scontext=u:r:kernel:s0 tcontext=u:r:kernel:s0 tclass=capability permissive=0
11-19 04:40:08.131 0 0 I auditd : type=1400 audit(0.0:7839): avc: denied { kill } for comm="swapper/1" capability=5 scontext=u:r:kernel:s0 tcontext=u:r:kernel:s0 tclass=capability permissive=0
11-19 04:40:08.965 1499 1663 I PowerManagerService: Napping display group (groupId=0, uid=1000)...
11-19 04:40:08.965 1499 1663 I PowerManagerService: Nap time (uid 1000)...
11-19 04:40:08.966 1499 1663 I DreamManagerService: Entering dreamland.
11-19 04:40:08.970 1499 1663 I PowerManagerService: Dreaming...
11-19 04:40:08.976 1499 1634 I DreamController: Starting dream: name=ComponentInfo{com.thundercomm.screensaver/com.thundercomm.saverclock.service.ClockScreensaver}, isTest=false, canDoze=false, userId=0
11-19 04:40:08.976 1499 1634 I sysui_multi_action: [757,222,758,1]
11-19 04:40:08.979 1499 1634 I am_uid_active: 10050
11-19 04:40:08.984 1499 1634 I service_manager_stats: [102,52,6893]
11-19 04:40:08.990 1499 5520 I ActivityTaskManager: START u0 {flg=0x10000000 pkg=com.thundercomm.screensaver cmp=com.thundercomm.screensaver/android.service.dreams.DreamActivity (has extras)} from uid 10050
11-19 04:40:08.995 1499 5520 I wm_task_created: [52,-1]
11-19 04:40:08.995 1499 5520 W ActivityTaskManager: Can't find TaskDisplayArea to determine support for multi window. Task id=52 attached=false
11-19 04:40:08.996 1499 1644 I am_pss : [9979,10094,com.android.permissioncontroller,28480512,24174592,0,126345216,0,19,12]
11-19 04:40:08.999 1499 5520 I wm_task_moved: [52,1,8]
11-19 04:40:09.000 1499 5520 I wm_task_to_front: [0,52]
11-19 04:40:09.000 1499 5520 I wm_create_task: [0,52]
11-19 04:40:09.000 1499 5520 I wm_create_activity: [0,237710093,52,com.thundercomm.screensaver/android.service.dreams.DreamActivity,NULL,NULL,NULL,276824064]
11-19 04:40:09.000 1499 5520 I wm_task_moved: [52,1,8]
11-19 04:40:09.001 9544 9544 I wm_on_top_resumed_lost_called: [176962710,com.android.deskclock.DeskClock,topStateChangedWhenResumed]
11-19 04:40:09.002 1499 5520 I wm_pause_activity: [0,19758722,com.android.launcher3/.uioverrides.QuickstepLauncher,userLeaving=true,pauseBackTasks]
11-19 04:40:09.003 2802 2802 I wm_on_paused_called: [19758722,com.android.launcher3.uioverrides.QuickstepLauncher,performPause]
11-19 04:40:09.003 1499 5520 W WindowManager: updateScale0.4617737
11-19 04:40:09.007 1499 1644 I am_pss : [9980,10064,com.thundercomm.gamemode.provider,8284160,6045696,0,95911936,0,19,8]
11-19 04:40:09.010 1499 4942 I ActivityTaskManager: FOREGROUND_APPLICATION_CHANGED to android.service.dreams.DreamActivity
11-19 04:40:09.010 1499 4942 I ActivityTaskManager: The Process com.thundercomm.screensaver Already Exists in BG. So sending its PID: 4805
11-19 04:40:09.011 1499 4942 W ActivityTaskManager: Tried to set launchTime (0) < mLastActivityLaunchTime (10558610)
11-19 04:40:09.011 1499 4942 I wm_add_to_stopping: [0,19758722,com.android.launcher3/.uioverrides.QuickstepLauncher,makeInvisible]
11-19 04:40:09.013 1499 4942 I wm_restart_activity: [0,237710093,52,com.thundercomm.screensaver/android.service.dreams.DreamActivity]
11-19 04:40:09.016 1499 4942 I wm_set_resumed_activity: [0,com.thundercomm.screensaver/android.service.dreams.DreamActivity,minimalResumeActivityLocked]
11-19 04:40:09.017 1499 4942 W WindowManager: updateScale0.4617737
11-19 04:40:09.019 1499 1644 I am_pss : [10056,10062,com.android.calendar,6886400,4870144,0,91754496,0,19,6]
11-19 04:40:09.028 1499 1644 I am_pss : [10055,10066,com.android.gallery3d,8309760,6209536,0,93593600,0,19,7]
11-19 04:40:09.038 1499 1637 I sysui_multi_action: [757,803,799,window_time_2,802,60]
11-19 04:40:09.042 4805 4805 I wm_on_create_called: [237710093,android.service.dreams.DreamActivity,performCreate]
11-19 04:40:09.042 4805 4805 I wm_on_start_called: [237710093,android.service.dreams.DreamActivity,handleStartActivity]
11-19 04:40:09.043 4805 4805 I wm_on_resume_called: [237710093,android.service.dreams.DreamActivity,RESUME_ACTIVITY]
11-19 04:40:09.047 4805 4805 I wm_on_top_resumed_gained_called: [237710093,android.service.dreams.DreamActivity,topStateChangedWhenResumed]
11-19 04:40:09.047 7802 7838 W ContextImpl: Calling a method in the system process without a qualified user: android.app.ContextImpl.startService:1816 android.content.ContextWrapper.startService:774 com.thundercomm.gamemode.ingame.services.GameModeActionUtils.startGameModeService:93 com.thundercomm.gamemode.ingame.services.GameModeActionUtils.startGameModeEntry:21 com.thundercomm.gamemode.ingame.services.ActivityMonitoringService$1.onActivityLaunch:127
11-19 04:40:09.061 1499 1499 I GameModeConfig: Current uri is uri = content://com.thundercomm.gamemode.api/gamemode_settings/gamemode_isgaming
11-19 04:40:09.064 1499 1499 I GameModeConfig: isGameModeOn = false
11-19 04:40:09.065 1499 1499 I GameModeConfig: isGameModeOn = false
11-19 04:40:09.065 1499 1499 I GameModeConfig: isDisableVoice = true
11-19 04:40:09.068 1499 1729 W WindowManager: updateScale0.4617737
11-19 04:40:09.076 1499 1638 I input_focus: [Focus request be9672f com.thundercomm.screensaver/android.service.dreams.DreamActivity,reason=UpdateInputWindows]
11-19 04:40:09.078 1499 1637 W WindowManager: updateScale0.4617737
11-19 04:40:09.078 1499 2284 I GameModeConfig: isGameModeOn = false
11-19 04:40:09.079 1499 2284 I GameModeConfig: isGameModeOn = false
11-19 04:40:09.079 1499 2284 I GameModeConfig: isGameModeOn = false
11-19 04:40:09.079 1499 2284 I GameModeConfig: isGameModeOn = false
11-19 04:40:09.082 1499 1499 I notification_enqueue: [10081,2342,com.android.systemui,2048,NULL,0,Notification(channel=updateNotification shortcut=null contentView=null vibrate=null sound=null defaults=0x0 flags=0x0 color=0x00000000 vis=PRIVATE),1]
11-19 04:40:09.082 2342 2342 I sysui_multi_action: [757,111,758,2]
11-19 04:40:09.085 1499 1638 W WindowManager: updateScale0.4617737
11-19 04:40:09.089 2342 2342 I sysui_multi_action: [757,111,758,2]
11-19 04:40:09.089 1499 1638 W WindowManager: updateScale0.4617737
11-19 04:40:09.090 1499 1638 W WindowManager: updateScale0.4617737
11-19 04:40:09.091 1499 1638 W WindowManager: updateScale0.4617737
11-19 04:40:09.092 1499 1663 V DisplayPowerController[0]: Brightness [1.0] reason changing to: 'manual', previous reason: 'manual [ dim ]'.
11-19 04:40:09.092 1499 1663 I sysui_multi_action: [757,1696,758,6,759,3]
11-19 04:40:09.095 1499 1634 I sysui_multi_action: [319,99,322,98,325,12088,757,761,758,8,759,2,806,com.thundercomm.screensaver,871,android.service.dreams.DreamActivity,904,com.thundercomm.screensaver,905,0,1320,4,1321,2]
11-19 04:40:09.096 1499 1634 I wm_activity_launch_time: [0,237710093,com.thundercomm.screensaver/android.service.dreams.DreamActivity,98]
11-19 04:40:09.096 1499 1831 I input_focus: [Focus leaving e7536b3 com.android.deskclock/com.android.deskclock.DeskClock (server),reason=Waiting for window because NOT_VISIBLE]
11-19 04:40:09.099 2342 2342 I sysui_multi_action: [757,111,758,1]
11-19 04:40:09.100 2342 2342 I sysui_multi_action: [757,126,758,1,759,126,927,0,928,0,1593,0]
11-19 04:40:09.100 2342 2342 I sysui_multi_action: [757,113,758,1,759,113,927,1,928,1,1593,0]
11-19 04:40:09.100 2342 2342 I sysui_multi_action: [757,0,758,1,759,0,927,2,928,0,1593,0]
11-19 04:40:09.100 2342 2342 I sysui_multi_action: [757,0,758,1,759,0,927,3,928,0,1593,0]
11-19 04:40:09.101 2342 2342 I sysui_multi_action: [757,491,758,1,759,491,927,4,928,0,1311,-1,1593,0]
11-19 04:40:09.101 2342 2342 I sysui_multi_action: [757,0,758,1,759,0,927,5,928,0,1593,0]
11-19 04:40:09.101 2342 2342 I sysui_multi_action: [757,111,758,1]
11-19 04:40:09.101 2342 2342 I sysui_multi_action: [757,126,758,1,759,126,927,0,928,0,1593,0]
11-19 04:40:09.101 2342 2342 I sysui_multi_action: [757,113,758,1,759,113,927,1,928,1,1593,0]
11-19 04:40:09.101 2342 2342 I sysui_multi_action: [757,0,758,1,759,0,927,2,928,0,1593,0]
11-19 04:40:09.101 2342 2342 I sysui_multi_action: [757,0,758,1,759,0,927,3,928,0,1593,0]
11-19 04:40:09.110 1499 1831 I input_focus: [Focus entering be9672f com.thundercomm.screensaver/android.service.dreams.DreamActivity (server),reason=Window became focusable. Previous reason: NOT_VISIBLE]
11-19 04:40:09.111 1499 2319 E DisplayDeviceConfig: requesting nits when no mapping exists.
11-19 04:40:09.112 1499 2319 E DisplayDeviceConfig: requesting nits when no mapping exists.
11-19 04:40:09.114 1499 1645 I am_wtf : [0,1499,system_server,-1,DisplayDeviceConfig,requesting nits when no mapping exists.]
11-19 04:40:09.115 1499 1645 I am_wtf : [0,1499,system_server,-1,DisplayDeviceConfig,requesting nits when no mapping exists.]
11-19 04:40:09.126 1499 2319 E DisplayDeviceConfig: requesting nits when no mapping exists.
11-19 04:40:09.126 1499 2319 E DisplayDeviceConfig: requesting nits when no mapping exists.
11-19 04:40:09.126 1499 1645 I am_wtf : [0,1499,system_server,-1,DisplayDeviceConfig,requesting nits when no mapping exists.]
11-19 04:40:09.127 7802 7838 W ContextImpl: Calling a method in the system process without a qualified user: android.app.ContextImpl.startService:1816 android.content.ContextWrapper.startService:774 com.thundercomm.gamemode.ingame.services.GameModeActionUtils.startGameModeService:93 com.thundercomm.gamemode.ingame.services.GameModeActionUtils.startGameModeEntry:21 com.thundercomm.gamemode.ingame.services.ActivityMonitoringService$1.onActivityLaunch:127
11-19 04:40:09.128 1499 1645 I am_wtf : [0,1499,system_server,-1,DisplayDeviceConfig,requesting nits when no mapping exists.]
11-19 04:40:09.130 1499 1499 I GameModeConfig: Current uri is uri = content://com.thundercomm.gamemode.api/gamemode_settings/gamemode_isgaming
11-19 04:40:09.132 1499 1499 I GameModeConfig: isGameModeOn = false
11-19 04:40:09.132 1499 1499 I GameModeConfig: isGameModeOn = false
11-19 04:40:09.132 1499 1499 I GameModeConfig: isDisableVoice = true
11-19 04:40:09.142 1499 2319 E DisplayDeviceConfig: requesting nits when no mapping exists.
11-19 04:40:09.143 1499 2319 E DisplayDeviceConfig: requesting nits when no mapping exists.
11-19 04:40:09.143 1499 1645 I am_wtf : [0,1499,system_server,-1,DisplayDeviceConfig,requesting nits when no mapping exists.]
11-19 04:40:09.144 1499 1645 I am_wtf : [0,1499,system_server,-1,DisplayDeviceConfig,requesting nits when no mapping exists.]
11-19 04:40:09.159 1499 2319 E DisplayDeviceConfig: requesting nits when no mapping exists.
11-19 04:40:09.160 1499 2319 E DisplayDeviceConfig: requesting nits when no mapping exists.
11-19 04:40:09.160 1499 1645 I am_wtf : [0,1499,system_server,-1,DisplayDeviceConfig,requesting nits when no mapping exists.]
11-19 04:40:09.161 1499 1645 I am_wtf : [0,1499,system_server,-1,DisplayDeviceConfig,requesting nits when no mapping exists.]
11-19 04:40:09.181 1499 2319 E DisplayDeviceConfig: requesting nits when no mapping exists.
11-19 04:40:09.182 1499 2319 E DisplayDeviceConfig: requesting nits when no mapping exists.
11-19 04:40:09.182 1499 1645 I am_wtf : [0,1499,system_server,-1,DisplayDeviceConfig,requesting nits when no mapping exists.]
11-19 04:40:09.183 1499 1645 I am_wtf : [0,1499,system_server,-1,DisplayDeviceConfig,requesting nits when no mapping exists.]
11-19 04:40:09.195 1499 2319 E DisplayDeviceConfig: requesting nits when no mapping exists.
11-19 04:40:09.196 1499 2319 E DisplayDeviceConfig: requesting nits when no mapping exists.
11-19 04:40:09.196 1499 1645 I am_wtf : [0,1499,system_server,-1,DisplayDeviceConfig,requesting nits when no mapping exists.]
11-19 04:40:09.198 1499 1645 I am_wtf : [0,1499,system_server,-1,DisplayDeviceConfig,requesting nits when no mapping exists.]
11-19 04:40:09.209 1499 2319 E DisplayDeviceConfig: requesting nits when no mapping exists.
11-19 04:40:09.210 1499 1645 I am_wtf : [0,1499,system_server,-1,DisplayDeviceConfig,requesting nits when no mapping exists.]
11-19 04:40:09.210 1499 2319 E DisplayDeviceConfig: requesting nits when no mapping exists.
11-19 04:40:09.211 1499 1645 I am_wtf : [0,1499,system_server,-1,DisplayDeviceConfig,requesting nits when no mapping exists.]
11-19 04:40:09.227 1499 1645 I am_uid_idle: 10094
11-19 04:40:09.228 1499 2319 E DisplayDeviceConfig: requesting nits when no mapping exists.
11-19 04:40:09.228 1499 2319 E DisplayDeviceConfig: requesting nits when no mapping exists.
11-19 04:40:09.229 1499 1645 I am_wtf : [0,1499,system_server,-1,DisplayDeviceConfig,requesting nits when no mapping exists.]
11-19 04:40:09.230 1499 1645 I am_wtf : [0,1499,system_server,-1,DisplayDeviceConfig,requesting nits when no mapping exists.]
11-19 04:40:09.244 1499 2319 E DisplayDeviceConfig: requesting nits when no mapping exists.
11-19 04:40:09.245 1499 1645 I am_wtf : [0,1499,system_server,-1,DisplayDeviceConfig,requesting nits when no mapping exists.]
11-19 04:40:09.245 1499 2319 E DisplayDeviceConfig: requesting nits when no mapping exists.
11-19 04:40:09.246 1499 1645 I am_wtf : [0,1499,system_server,-1,DisplayDeviceConfig,requesting nits when no mapping exists.]
11-19 04:40:09.259 1499 2319 E DisplayDeviceConfig: requesting nits when no mapping exists.
11-19 04:40:09.260 1499 2319 E DisplayDeviceConfig: requesting nits when no mapping exists.
11-19 04:40:09.260 1499 1645 I am_wtf : [0,1499,system_server,-1,DisplayDeviceConfig,requesting nits when no mapping exists.]
11-19 04:40:09.261 1499 1645 I am_wtf : [0,1499,system_server,-1,DisplayDeviceConfig,requesting nits when no mapping exists.]
11-19 04:40:09.276 1499 2319 E DisplayDeviceConfig: requesting nits when no mapping exists.
11-19 04:40:09.277 1499 2319 E DisplayDeviceConfig: requesting nits when no mapping exists.
11-19 04:40:09.280 1499 1645 I am_wtf : [0,1499,system_server,-1,DisplayDeviceConfig,requesting nits when no mapping exists.]
11-19 04:40:09.281 1499 1645 I am_wtf : [0,1499,system_server,-1,DisplayDeviceConfig,requesting nits when no mapping exists.]
11-19 04:40:09.283 1499 1499 I GameModeConfig: isGameModeOn = false
11-19 04:40:09.293 1499 2319 E DisplayDeviceConfig: requesting nits when no mapping exists.
11-19 04:40:09.294 1499 1645 I am_wtf : [0,1499,system_server,-1,DisplayDeviceConfig,requesting nits when no mapping exists.]
11-19 04:40:09.295 1499 2319 E DisplayDeviceConfig: requesting nits when no mapping exists.
11-19 04:40:09.296 1499 1645 I am_wtf : [0,1499,system_server,-1,DisplayDeviceConfig,requesting nits when no mapping exists.]
11-19 04:40:09.310 1499 2319 E DisplayDeviceConfig: requesting nits when no mapping exists.
11-19 04:40:09.311 1499 2319 E DisplayDeviceConfig: requesting nits when no mapping exists.
11-19 04:40:09.311 1499 1645 I am_wtf : [0,1499,system_server,-1,DisplayDeviceConfig,requesting nits when no mapping exists.]
11-19 04:40:09.312 1499 1645 I am_wtf : [0,1499,system_server,-1,DisplayDeviceConfig,requesting nits when no mapping exists.]
11-19 04:40:09.326 1499 2319 E DisplayDeviceConfig: requesting nits when no mapping exists.
11-19 04:40:09.327 1499 2319 E DisplayDeviceConfig: requesting nits when no mapping exists.
11-19 04:40:09.327 1499 1645 I am_wtf : [0,1499,system_server,-1,DisplayDeviceConfig,requesting nits when no mapping exists.]
11-19 04:40:09.328 1499 1645 I am_wtf : [0,1499,system_server,-1,DisplayDeviceConfig,requesting nits when no mapping exists.]
11-19 04:40:09.343 1499 2319 E DisplayDeviceConfig: requesting nits when no mapping exists.
11-19 04:40:09.344 1499 2319 E DisplayDeviceConfig: requesting nits when no mapping exists.
11-19 04:40:09.344 1499 1645 I am_wtf : [0,1499,system_server,-1,DisplayDeviceConfig,requesting nits when no mapping exists.]
11-19 04:40:09.347 1499 1645 I am_wtf : [0,1499,system_server,-1,DisplayDeviceConfig,requesting nits when no mapping exists.]
11-19 04:40:09.360 1499 2319 E DisplayDeviceConfig: requesting nits when no mapping exists.
11-19 04:40:09.360 1499 2319 E DisplayDeviceConfig: requesting nits when no mapping exists.
11-19 04:40:09.360 1499 1645 I am_wtf : [0,1499,system_server,-1,DisplayDeviceConfig,requesting nits when no mapping exists.]
11-19 04:40:09.361 1499 1645 I am_wtf : [0,1499,system_server,-1,DisplayDeviceConfig,requesting nits when no mapping exists.]
11-19 04:40:09.377 1499 2319 E DisplayDeviceConfig: requesting nits when no mapping exists.
11-19 04:40:09.378 1499 1637 I wm_stop_activity: [0,19758722,com.android.launcher3/.uioverrides.QuickstepLauncher]
11-19 04:40:09.378 1499 1645 I am_wtf : [0,1499,system_server,-1,DisplayDeviceConfig,requesting nits when no mapping exists.]
11-19 04:40:09.378 1499 2319 E DisplayDeviceConfig: requesting nits when no mapping exists.
11-19 04:40:09.381 1499 1638 W WindowManager: updateScale0.4617737
11-19 04:40:09.382 1499 1645 I am_wtf : [0,1499,system_server,-1,DisplayDeviceConfig,requesting nits when no mapping exists.]
11-19 04:40:09.393 1499 2319 E DisplayDeviceConfig: requesting nits when no mapping exists.
11-19 04:40:09.394 1499 2319 E DisplayDeviceConfig: requesting nits when no mapping exists.
11-19 04:40:09.394 1499 1645 I am_wtf : [0,1499,system_server,-1,DisplayDeviceConfig,requesting nits when no mapping exists.]
11-19 04:40:09.395 1499 1645 I am_wtf : [0,1499,system_server,-1,DisplayDeviceConfig,requesting nits when no mapping exists.]
11-19 04:40:09.407 1499 5215 W WindowManager: updateScale0.4617737
11-19 04:40:09.412 1499 2319 E DisplayDeviceConfig: requesting nits when no mapping exists.
11-19 04:40:09.412 1499 2319 E DisplayDeviceConfig: requesting nits when no mapping exists.
11-19 04:40:09.415 1499 1645 I am_wtf : [0,1499,system_server,-1,DisplayDeviceConfig,requesting nits when no mapping exists.]
11-19 04:40:09.415 2802 2802 I wm_on_stop_called: [19758722,com.android.launcher3.uioverrides.QuickstepLauncher,STOP_ACTIVITY_ITEM]
11-19 04:40:09.415 1499 1645 I am_wtf : [0,1499,system_server,-1,DisplayDeviceConfig,requesting nits when no mapping exists.]
11-19 04:40:09.426 1499 2319 E DisplayDeviceConfig: requesting nits when no mapping exists.
11-19 04:40:09.427 1499 2319 E DisplayDeviceConfig: requesting nits when no mapping exists.
11-19 04:40:09.427 1499 1645 I am_wtf : [0,1499,system_server,-1,DisplayDeviceConfig,requesting nits when no mapping exists.]
11-19 04:40:09.428 1499 1645 I am_wtf : [0,1499,system_server,-1,DisplayDeviceConfig,requesting nits when no mapping exists.]
11-19 04:40:09.436 7802 7838 W ContextImpl: Calling a method in the system process without a qualified user: android.app.ContextImpl.startService:1816 android.content.ContextWrapper.startService:774 com.thundercomm.gamemode.ingame.services.GameModeActionUtils.startGameModeService:93 com.thundercomm.gamemode.ingame.services.GameModeActionUtils.startGameModeEntry:21 com.thundercomm.gamemode.ingame.services.ActivityMonitoringService$1.onActivityLaunch:127
11-19 04:40:09.440 1499 1499 I GameModeConfig: Current uri is uri = content://com.thundercomm.gamemode.api/gamemode_settings/gamemode_isgaming
11-19 04:40:09.442 1499 1499 I GameModeConfig: isGameModeOn = false
11-19 04:40:09.442 1499 1499 I GameModeConfig: isGameModeOn = false
11-19 04:40:09.442 1499 1499 I GameModeConfig: isDisableVoice = true
11-19 04:40:09.443 1499 2319 E DisplayDeviceConfig: requesting nits when no mapping exists.
11-19 04:40:09.444 1499 2319 E DisplayDeviceConfig: requesting nits when no mapping exists.
11-19 04:40:09.444 1499 1645 I am_wtf : [0,1499,system_server,-1,DisplayDeviceConfig,requesting nits when no mapping exists.]
11-19 04:40:09.446 1499 1645 I am_wtf : [0,1499,system_server,-1,DisplayDeviceConfig,requesting nits when no mapping exists.]
11-19 04:40:09.457 1499 2319 E DisplayDeviceConfig: requesting nits when no mapping exists.
11-19 04:40:09.458 1499 2319 E DisplayDeviceConfig: requesting nits when no mapping exists.
11-19 04:40:09.458 1499 1645 I am_wtf : [0,1499,system_server,-1,DisplayDeviceConfig,requesting nits when no mapping exists.]
11-19 04:40:09.459 1499 1645 I am_wtf : [0,1499,system_server,-1,DisplayDeviceConfig,requesting nits when no mapping exists.]
11-19 04:40:09.474 1499 2319 E DisplayDeviceConfig: requesting nits when no mapping exists.
11-19 04:40:09.474 1499 2319 E DisplayDeviceConfig: requesting nits when no mapping exists.
11-19 04:40:09.474 1499 1645 I am_wtf : [0,1499,system_server,-1,DisplayDeviceConfig,requesting nits when no mapping exists.]
11-19 04:40:09.475 1499 1645 I am_wtf : [0,1499,system_server,-1,DisplayDeviceConfig,requesting nits when no mapping exists.]
11-19 04:40:09.491 1499 2319 E DisplayDeviceConfig: requesting nits when no mapping exists.
11-19 04:40:09.491 1499 2319 E DisplayDeviceConfig: requesting nits when no mapping exists.
11-19 04:40:09.492 1499 1645 I am_wtf : [0,1499,system_server,-1,DisplayDeviceConfig,requesting nits when no mapping exists.]
11-19 04:40:09.494 1499 1645 I am_wtf : [0,1499,system_server,-1,DisplayDeviceConfig,requesting nits when no mapping exists.]
11-19 04:40:09.508 1499 2319 E DisplayDeviceConfig: requesting nits when no mapping exists.
11-19 04:40:09.508 1499 2319 E DisplayDeviceConfig: requesting nits when no mapping exists.
11-19 04:40:09.508 1499 1645 I am_wtf : [0,1499,system_server,-1,DisplayDeviceConfig,requesting nits when no mapping exists.]
11-19 04:40:09.509 1499 1645 I am_wtf : [0,1499,system_server,-1,DisplayDeviceConfig,requesting nits when no mapping exists.]
11-19 04:40:09.525 1499 2319 E DisplayDeviceConfig: requesting nits when no mapping exists.
11-19 04:40:09.525 1499 1645 I am_wtf : [0,1499,system_server,-1,DisplayDeviceConfig,requesting nits when no mapping exists.]
11-19 04:40:09.525 1499 2319 E DisplayDeviceConfig: requesting nits when no mapping exists.
11-19 04:40:09.526 1499 1645 I am_wtf : [0,1499,system_server,-1,DisplayDeviceConfig,requesting nits when no mapping exists.]
11-19 04:40:09.541 1499 2319 E DisplayDeviceConfig: requesting nits when no mapping exists.
11-19 04:40:09.542 1499 1645 I am_wtf : [0,1499,system_server,-1,DisplayDeviceConfig,requesting nits when no mapping exists.]
11-19 04:40:09.542 1499 2319 E DisplayDeviceConfig: requesting nits when no mapping exists.
11-19 04:40:09.543 1499 1645 I am_wtf : [0,1499,system_server,-1,DisplayDeviceConfig,requesting nits when no mapping exists.]
11-19 04:40:09.558 1499 2319 E DisplayDeviceConfig: requesting nits when no mapping exists.
11-19 04:40:09.558 1499 2319 E DisplayDeviceConfig: requesting nits when no mapping exists.
11-19 04:40:09.558 1499 1645 I am_wtf : [0,1499,system_server,-1,DisplayDeviceConfig,requesting nits when no mapping exists.]
11-19 04:40:09.559 1499 1645 I am_wtf : [0,1499,system_server,-1,DisplayDeviceConfig,requesting nits when no mapping exists.]
11-19 04:40:09.574 1499 2319 E DisplayDeviceConfig: requesting nits when no mapping exists.
11-19 04:40:09.575 1499 2319 E DisplayDeviceConfig: requesting nits when no mapping exists.
11-19 04:40:09.575 1499 1645 I am_wtf : [0,1499,system_server,-1,DisplayDeviceConfig,requesting nits when no mapping exists.]
11-19 04:40:09.576 1499 1645 I am_wtf : [0,1499,system_server,-1,DisplayDeviceConfig,requesting nits when no mapping exists.]
11-19 04:40:09.591 1499 2319 E DisplayDeviceConfig: requesting nits when no mapping exists.
11-19 04:40:09.592 1499 2319 E DisplayDeviceConfig: requesting nits when no mapping exists.
11-19 04:40:09.592 1499 1645 I am_wtf : [0,1499,system_server,-1,DisplayDeviceConfig,requesting nits when no mapping exists.]
11-19 04:40:09.593 1499 1645 I am_wtf : [0,1499,system_server,-1,DisplayDeviceConfig,requesting nits when no mapping exists.]
11-19 04:40:09.608 1499 2319 E DisplayDeviceConfig: requesting nits when no mapping exists.
11-19 04:40:09.609 1499 2319 E DisplayDeviceConfig: requesting nits when no mapping exists.
11-19 04:40:09.609 1499 1645 I am_wtf : [0,1499,system_server,-1,DisplayDeviceConfig,requesting nits when no mapping exists.]
11-19 04:40:09.610 1499 1645 I am_wtf : [0,1499,system_server,-1,DisplayDeviceConfig,requesting nits when no mapping exists.]
11-19 04:40:09.625 1499 2319 E DisplayDeviceConfig: requesting nits when no mapping exists.
11-19 04:40:09.626 1499 1645 I am_wtf : [0,1499,system_server,-1,DisplayDeviceConfig,requesting nits when no mapping exists.]
11-19 04:40:09.626 1499 2319 E DisplayDeviceConfig: requesting nits when no mapping exists.
11-19 04:40:09.627 1499 1645 I am_wtf : [0,1499,system_server,-1,DisplayDeviceConfig,requesting nits when no mapping exists.]
11-19 04:40:09.641 1499 2319 E DisplayDeviceConfig: requesting nits when no mapping exists.
11-19 04:40:09.642 1499 2319 E DisplayDeviceConfig: requesting nits when no mapping exists.
11-19 04:40:09.642 1499 1645 I am_wtf : [0,1499,system_server,-1,DisplayDeviceConfig,requesting nits when no mapping exists.]
11-19 04:40:09.643 1499 1645 I am_wtf : [0,1499,system_server,-1,DisplayDeviceConfig,requesting nits when no mapping exists.]
11-19 04:40:09.658 1499 2319 E DisplayDeviceConfig: requesting nits when no mapping exists.
11-19 04:40:09.659 1499 2319 E DisplayDeviceConfig: requesting nits when no mapping exists.
11-19 04:40:09.659 1499 1645 I am_wtf : [0,1499,system_server,-1,DisplayDeviceConfig,requesting nits when no mapping exists.]
11-19 04:40:09.660 1499 1645 I am_wtf : [0,1499,system_server,-1,DisplayDeviceConfig,requesting nits when no mapping exists.]
11-19 04:40:09.675 1499 2319 E DisplayDeviceConfig: requesting nits when no mapping exists.
11-19 04:40:09.675 1499 1645 I am_wtf : [0,1499,system_server,-1,DisplayDeviceConfig,requesting nits when no mapping exists.]
11-19 04:40:09.675 1499 2319 E DisplayDeviceConfig: requesting nits when no mapping exists.
11-19 04:40:09.676 1499 1645 I am_wtf : [0,1499,system_server,-1,DisplayDeviceConfig,requesting nits when no mapping exists.]
11-19 04:40:09.692 1499 2319 E DisplayDeviceConfig: requesting nits when no mapping exists.
11-19 04:40:09.693 1499 2319 E DisplayDeviceConfig: requesting nits when no mapping exists.
11-19 04:40:09.693 1499 1645 I am_wtf : [0,1499,system_server,-1,DisplayDeviceConfig,requesting nits when no mapping exists.]
11-19 04:40:09.694 1499 1645 I am_wtf : [0,1499,system_server,-1,DisplayDeviceConfig,requesting nits when no mapping exists.]
11-19 04:40:09.708 1499 2319 E DisplayDeviceConfig: requesting nits when no mapping exists.
11-19 04:40:09.709 1499 1645 I am_wtf : [0,1499,system_server,-1,DisplayDeviceConfig,requesting nits when no mapping exists.]
11-19 04:40:09.709 1499 2319 E DisplayDeviceConfig: requesting nits when no mapping exists.
11-19 04:40:09.710 1499 1645 I am_wtf : [0,1499,system_server,-1,DisplayDeviceConfig,requesting nits when no mapping exists.]
11-19 04:40:09.725 1499 2319 E DisplayDeviceConfig: requesting nits when no mapping exists.
11-19 04:40:09.726 1499 2319 E DisplayDeviceConfig: requesting nits when no mapping exists.
11-19 04:40:09.726 1499 1645 I am_wtf : [0,1499,system_server,-1,DisplayDeviceConfig,requesting nits when no mapping exists.]
11-19 04:40:09.727 1499 1645 I am_wtf : [0,1499,system_server,-1,DisplayDeviceConfig,requesting nits when no mapping exists.]
11-19 04:40:09.742 1499 2319 E DisplayDeviceConfig: requesting nits when no mapping exists.
11-19 04:40:09.743 1499 1645 I am_wtf : [0,1499,system_server,-1,DisplayDeviceConfig,requesting nits when no mapping exists.]
11-19 04:40:09.743 1499 2319 E DisplayDeviceConfig: requesting nits when no mapping exists.
11-19 04:40:09.744 1499 1645 I am_wtf : [0,1499,system_server,-1,DisplayDeviceConfig,requesting nits when no mapping exists.]
11-19 04:40:09.758 1499 2319 E DisplayDeviceConfig: requesting nits when no mapping exists.
11-19 04:40:09.758 1499 2319 E DisplayDeviceConfig: requesting nits when no mapping exists.
11-19 04:40:09.759 1499 1645 I am_wtf : [0,1499,system_server,-1,DisplayDeviceConfig,requesting nits when no mapping exists.]
11-19 04:40:09.760 1499 1645 I am_wtf : [0,1499,system_server,-1,DisplayDeviceConfig,requesting nits when no mapping exists.]
11-19 04:40:09.775 1499 2319 E DisplayDeviceConfig: requesting nits when no mapping exists.
11-19 04:40:09.776 1499 2319 E DisplayDeviceConfig: requesting nits when no mapping exists.
11-19 04:40:09.776 1499 1645 I am_wtf : [0,1499,system_server,-1,DisplayDeviceConfig,requesting nits when no mapping exists.]
11-19 04:40:09.777 1499 1645 I am_wtf : [0,1499,system_server,-1,DisplayDeviceConfig,requesting nits when no mapping exists.]
11-19 04:40:09.792 1499 2319 E DisplayDeviceConfig: requesting nits when no mapping exists.
11-19 04:40:09.792 1499 2319 E DisplayDeviceConfig: requesting nits when no mapping exists.
11-19 04:40:09.792 1499 1645 I am_wtf : [0,1499,system_server,-1,DisplayDeviceConfig,requesting nits when no mapping exists.]
11-19 04:40:09.793 1499 1645 I am_wtf : [0,1499,system_server,-1,DisplayDeviceConfig,requesting nits when no mapping exists.]
11-19 04:40:09.808 1499 2319 E DisplayDeviceConfig: requesting nits when no mapping exists.
11-19 04:40:09.809 1499 2319 E DisplayDeviceConfig: requesting nits when no mapping exists.
11-19 04:40:09.810 1499 1645 I am_wtf : [0,1499,system_server,-1,DisplayDeviceConfig,requesting nits when no mapping exists.]
11-19 04:40:09.811 1499 1645 I am_wtf : [0,1499,system_server,-1,DisplayDeviceConfig,requesting nits when no mapping exists.]
11-19 04:40:09.825 1499 2319 E DisplayDeviceConfig: requesting nits when no mapping exists.
11-19 04:40:09.826 1499 2319 E DisplayDeviceConfig: requesting nits when no mapping exists.
11-19 04:40:09.826 1499 1645 I am_wtf : [0,1499,system_server,-1,DisplayDeviceConfig,requesting nits when no mapping exists.]
11-19 04:40:09.828 1499 1645 I am_wtf : [0,1499,system_server,-1,DisplayDeviceConfig,requesting nits when no mapping exists.]
11-19 04:40:09.842 1499 2319 E DisplayDeviceConfig: requesting nits when no mapping exists.
11-19 04:40:09.842 1499 1645 I am_wtf : [0,1499,system_server,-1,DisplayDeviceConfig,requesting nits when no mapping exists.]
11-19 04:40:09.843 1499 2319 E DisplayDeviceConfig: requesting nits when no mapping exists.
11-19 04:40:09.844 1499 1645 I am_wtf : [0,1499,system_server,-1,DisplayDeviceConfig,requesting nits when no mapping exists.]
11-19 04:40:09.859 1499 2319 E DisplayDeviceConfig: requesting nits when no mapping exists.
11-19 04:40:09.859 1499 2319 E DisplayDeviceConfig: requesting nits when no mapping exists.
11-19 04:40:09.859 1499 1645 I am_wtf : [0,1499,system_server,-1,DisplayDeviceConfig,requesting nits when no mapping exists.]
11-19 04:40:09.860 1499 1645 I am_wtf : [0,1499,system_server,-1,DisplayDeviceConfig,requesting nits when no mapping exists.]
11-19 04:40:09.875 1499 2319 E DisplayDeviceConfig: requesting nits when no mapping exists.
11-19 04:40:09.876 1499 2319 E DisplayDeviceConfig: requesting nits when no mapping exists.
11-19 04:40:09.876 1499 1645 I am_wtf : [0,1499,system_server,-1,DisplayDeviceConfig,requesting nits when no mapping exists.]
11-19 04:40:09.877 1499 1645 I am_wtf : [0,1499,system_server,-1,DisplayDeviceConfig,requesting nits when no mapping exists.]
11-19 04:40:09.892 1499 2319 E DisplayDeviceConfig: requesting nits when no mapping exists.
11-19 04:40:09.892 1499 1645 I am_wtf : [0,1499,system_server,-1,DisplayDeviceConfig,requesting nits when no mapping exists.]
11-19 04:40:09.893 1499 2319 E DisplayDeviceConfig: requesting nits when no mapping exists.
11-19 04:40:09.895 1499 1645 I am_wtf : [0,1499,system_server,-1,DisplayDeviceConfig,requesting nits when no mapping exists.]
11-19 04:40:09.909 1499 2319 E DisplayDeviceConfig: requesting nits when no mapping exists.
11-19 04:40:09.909 1499 2319 E DisplayDeviceConfig: requesting nits when no mapping exists.
11-19 04:40:09.911 1499 1645 I am_wtf : [0,1499,system_server,-1,DisplayDeviceConfig,requesting nits when no mapping exists.]
11-19 04:40:09.912 1499 1645 I am_wtf : [0,1499,system_server,-1,DisplayDeviceConfig,requesting nits when no mapping exists.]
11-19 04:40:09.929 1499 2319 E DisplayDeviceConfig: requesting nits when no mapping exists.
11-19 04:40:09.930 1499 1645 I am_wtf : [0,1499,system_server,-1,DisplayDeviceConfig,requesting nits when no mapping exists.]
11-19 04:40:09.931 1499 2319 E DisplayDeviceConfig: requesting nits when no mapping exists.
11-19 04:40:09.933 1499 1645 I am_wtf : [0,1499,system_server,-1,DisplayDeviceConfig,requesting nits when no mapping exists.]
11-19 04:40:09.945 1499 2319 E DisplayDeviceConfig: requesting nits when no mapping exists.
11-19 04:40:09.946 1499 1645 I am_wtf : [0,1499,system_server,-1,DisplayDeviceConfig,requesting nits when no mapping exists.]
11-19 04:40:09.947 1499 2319 E DisplayDeviceConfig: requesting nits when no mapping exists.
11-19 04:40:09.948 1499 1645 I am_wtf : [0,1499,system_server,-1,DisplayDeviceConfig,requesting nits when no mapping exists.]
11-19 04:40:09.962 1499 2319 E DisplayDeviceConfig: requesting nits when no mapping exists.
11-19 04:40:09.963 1499 2319 E DisplayDeviceConfig: requesting nits when no mapping exists.
11-19 04:40:09.963 1499 1645 I am_wtf : [0,1499,system_server,-1,DisplayDeviceConfig,requesting nits when no mapping exists.]
11-19 04:40:09.964 1499 1645 I am_wtf : [0,1499,system_server,-1,DisplayDeviceConfig,requesting nits when no mapping exists.]
11-19 04:40:09.983 1499 2319 E DisplayDeviceConfig: requesting nits when no mapping exists.
11-19 04:40:09.984 1499 2319 E DisplayDeviceConfig: requesting nits when no mapping exists.
11-19 04:40:09.984 1499 1645 I am_wtf : [0,1499,system_server,-1,DisplayDeviceConfig,requesting nits when no mapping exists.]
11-19 04:40:09.985 1499 1645 I am_wtf : [0,1499,system_server,-1,DisplayDeviceConfig,requesting nits when no mapping exists.]
11-19 04:40:10.002 1499 2319 E DisplayDeviceConfig: requesting nits when no mapping exists.
11-19 04:40:10.002 1499 1645 I am_wtf : [0,1499,system_server,-1,DisplayDeviceConfig,requesting nits when no mapping exists.]
11-19 04:40:10.003 1499 2319 E DisplayDeviceConfig: requesting nits when no mapping exists.
11-19 04:40:10.003 1499 1645 I am_wtf : [0,1499,system_server,-1,DisplayDeviceConfig,requesting nits when no mapping exists.]
11-19 04:40:10.018 1499 2319 E DisplayDeviceConfig: requesting nits when no mapping exists.
11-19 04:40:10.018 1499 2319 E DisplayDeviceConfig: requesting nits when no mapping exists.
11-19 04:40:10.018 1499 1645 I am_wtf : [0,1499,system_server,-1,DisplayDeviceConfig,requesting nits when no mapping exists.]
11-19 04:40:10.019 1499 1645 I am_wtf : [0,1499,system_server,-1,DisplayDeviceConfig,requesting nits when no mapping exists.]
11-19 04:40:10.034 1499 2319 E DisplayDeviceConfig: requesting nits when no mapping exists.
11-19 04:40:10.034 1499 2319 E DisplayDeviceConfig: requesting nits when no mapping exists.
11-19 04:40:10.034 1499 1645 I am_wtf : [0,1499,system_server,-1,DisplayDeviceConfig,requesting nits when no mapping exists.]
11-19 04:40:10.035 1499 1645 I am_wtf : [0,1499,system_server,-1,DisplayDeviceConfig,requesting nits when no mapping exists.]
11-19 04:40:10.051 1499 2319 E DisplayDeviceConfig: requesting nits when no mapping exists.
11-19 04:40:10.052 1499 2319 E DisplayDeviceConfig: requesting nits when no mapping exists.
11-19 04:40:10.053 1499 1645 I am_wtf : [0,1499,system_server,-1,DisplayDeviceConfig,requesting nits when no mapping exists.]
11-19 04:40:10.054 1499 1645 I am_wtf : [0,1499,system_server,-1,DisplayDeviceConfig,requesting nits when no mapping exists.]
11-19 04:40:12.131 0 0 I auditd : type=1400 audit(0.0:7840): avc: denied { kill } for comm="swapper/2" capability=5 scontext=u:r:kernel:s0 tcontext=u:r:kernel:s0 tclass=capability permissive=0
11-19 04:40:13.131 0 0 I auditd : type=1400 audit(0.0:7841): avc: denied { kill } for comm="swapper/2" capability=5 scontext=u:r:kernel:s0 tcontext=u:r:kernel:s0 tclass=capability permissive=0
11-19 04:40:14.131 0 0 I auditd : type=1400 audit(0.0:7842): avc: denied { kill } for comm="swapper/2" capability=5 scontext=u:r:kernel:s0 tcontext=u:r:kernel:s0 tclass=capability permissive=0
11-19 04:40:15.131 0 0 I auditd : type=1400 audit(0.0:7843): avc: denied { kill } for comm="swapper/2" capability=5 scontext=u:r:kernel:s0 tcontext=u:r:kernel:s0 tclass=capability permissive=0
11-19 04:40:16.131 0 0 I auditd : type=1400 audit(0.0:7844): avc: denied { kill } for comm="swapper/2" capability=5 scontext=u:r:kernel:s0 tcontext=u:r:kernel:s0 tclass=capability permissive=0
11-19 04:40:17.131 0 0 I auditd : type=1400 audit(0.0:7845): avc: denied { kill } for comm="swapper/2" capability=5 scontext=u:r:kernel:s0 tcontext=u:r:kernel:s0 tclass=capability permissive=0
11-19 04:40:18.131 0 0 I auditd : type=1400 audit(0.0:7846): avc: denied { kill } for comm="swapper/2" capability=5 scontext=u:r:kernel:s0 tcontext=u:r:kernel:s0 tclass=capability permissive=0
11-19 04:40:19.131 0 0 I auditd : type=1400 audit(0.0:7847): avc: denied { kill } for comm="swapper/2" capability=5 scontext=u:r:kernel:s0 tcontext=u:r:kernel:s0 tclass=capability permissive=0
11-19 04:40:19.334 1499 2284 I GameModeConfig: isGameModeOn = false
11-19 04:40:20.131 0 0 I auditd : type=1400 audit(0.0:7848): avc: denied { kill } for comm="swapper/2" capability=5 scontext=u:r:kernel:s0 tcontext=u:r:kernel:s0 tclass=capability permissive=0
11-19 04:40:21.131 0 0 I auditd : type=1400 audit(0.0:7849): avc: denied { kill } for comm="swapper/2" capability=5 scontext=u:r:kernel:s0 tcontext=u:r:kernel:s0 tclass=capability permissive=0
11-19 04:40:22.131 0 0 I auditd : type=1400 audit(0.0:7850): avc: denied { kill } for comm="swapper/2" capability=5 scontext=u:r:kernel:s0 tcontext=u:r:kernel:s0 tclass=capability permissive=0
11-19 04:40:23.131 0 0 I auditd : type=1400 audit(0.0:7851): avc: denied { kill } for comm="swapper/2" capability=5 scontext=u:r:kernel:s0 tcontext=u:r:kernel:s0 tclass=capability permissive=0
11-19 04:40:24.131 0 0 I auditd : type=1400 audit(0.0:7852): avc: denied { kill } for comm="swapper/2" capability=5 scontext=u:r:kernel:s0 tcontext=u:r:kernel:s0 tclass=capability permissive=0
11-19 04:40:25.131 0 0 I auditd : type=1400 audit(0.0:7853): avc: denied { kill } for comm="swapper/2" capability=5 scontext=u:r:kernel:s0 tcontext=u:r:kernel:s0 tclass=capability permissive=0
11-19 04:40:26.131 0 0 I auditd : type=1400 audit(0.0:7854): avc: denied { kill } for comm="swapper/2" capability=5 scontext=u:r:kernel:s0 tcontext=u:r:kernel:s0 tclass=capability permissive=0
11-19 04:40:26.183 1499 1793 D ActivityManager: freezing 9909 com.android.music
11-19 04:40:26.184 1499 1793 E ActivityManager: Unable to freeze binder for 9909 com.android.music
11-19 04:40:26.185 1499 1793 D ActivityManager: froze 9909 com.android.music
11-19 04:40:26.185 1499 1793 I am_freeze: [9909,com.android.music]
11-19 04:40:26.185 1499 1793 E ActivityManager: Unable to freeze binder for 9909 com.android.music
11-19 04:40:26.186 1499 1793 I ActivityManager: Killing 9909:com.android.music/u0a90 (adj 935): Unable to freeze binder interface
11-19 04:40:26.186 1499 1793 I am_kill : [0,9909,com.android.music,935,Unable to freeze binder interface]
11-19 04:40:26.208 1499 5215 I am_proc_died: [0,9909,com.android.music,935,19]
11-19 04:40:26.208 1499 5215 I am_uid_stopped: 10090
11-19 04:40:27.131 0 0 I auditd : type=1400 audit(0.0:7855): avc: denied { kill } for comm="swapper/2" capability=5 scontext=u:r:kernel:s0 tcontext=u:r:kernel:s0 tclass=capability permissive=0
11-19 04:40:28.131 0 0 I auditd : type=1400 audit(0.0:7856): avc: denied { kill } for comm="swapper/2" capability=5 scontext=u:r:kernel:s0 tcontext=u:r:kernel:s0 tclass=capability permissive=0
11-19 04:40:29.131 0 0 I auditd : type=1400 audit(0.0:7857): avc: denied { kill } for comm="swapper/2" capability=5 scontext=u:r:kernel:s0 tcontext=u:r:kernel:s0 tclass=capability permissive=0
11-19 04:40:30.131 0 0 I auditd : type=1400 audit(0.0:7858): avc: denied { kill } for comm="swapper/2" capability=5 scontext=u:r:kernel:s0 tcontext=u:r:kernel:s0 tclass=capability permissive=0
11-19 04:40:31.131 0 0 I auditd : type=1400 audit(0.0:7859): avc: denied { kill } for comm="swapper/2" capability=5 scontext=u:r:kernel:s0 tcontext=u:r:kernel:s0 tclass=capability permissive=0
11-19 04:40:32.131 0 0 I auditd : type=1400 audit(0.0:7860): avc: denied { kill } for comm="swapper/2" capability=5 scontext=u:r:kernel:s0 tcontext=u:r:kernel:s0 tclass=capability permissive=0
11-19 04:40:33.131 0 0 I auditd : type=1400 audit(0.0:7861): avc: denied { kill } for comm="swapper/2" capability=5 scontext=u:r:kernel:s0 tcontext=u:r:kernel:s0 tclass=capability permissive=0
11-19 04:40:34.131 0 0 I auditd : type=1400 audit(0.0:7862): avc: denied { kill } for comm="swapper/2" capability=5 scontext=u:r:kernel:s0 tcontext=u:r:kernel:s0 tclass=capability permissive=0
11-19 04:40:35.131 0 0 I auditd : type=1400 audit(0.0:7863): avc: denied { kill } for comm="swapper/2" capability=5 scontext=u:r:kernel:s0 tcontext=u:r:kernel:s0 tclass=capability permissive=0
11-19 04:40:36.131 0 0 I auditd : type=1400 audit(0.0:7864): avc: denied { kill } for comm="swapper/2" capability=5 scontext=u:r:kernel:s0 tcontext=u:r:kernel:s0 tclass=capability permissive=0
11-19 04:40:37.131 0 0 I auditd : type=1400 audit(0.0:7865): avc: denied { kill } for comm="swapper/2" capability=5 scontext=u:r:kernel:s0 tcontext=u:r:kernel:s0 tclass=capability permissive=0
11-19 04:40:38.131 0 0 I auditd : type=1400 audit(0.0:7866): avc: denied { kill } for comm="swapper/2" capability=5 scontext=u:r:kernel:s0 tcontext=u:r:kernel:s0 tclass=capability permissive=0
11-19 04:40:39.131 0 0 I auditd : type=1400 audit(0.0:7867): avc: denied { kill } for comm="swapper/2" capability=5 scontext=u:r:kernel:s0 tcontext=u:r:kernel:s0 tclass=capability permissive=0
11-19 04:40:40.131 0 0 I auditd : type=1400 audit(0.0:7868): avc: denied { kill } for comm="swapper/2" capability=5 scontext=u:r:kernel:s0 tcontext=u:r:kernel:s0 tclass=capability permissive=0
11-19 04:40:41.131 0 0 I auditd : type=1400 audit(0.0:7869): avc: denied { kill } for comm="swapper/2" capability=5 scontext=u:r:kernel:s0 tcontext=u:r:kernel:s0 tclass=capability permissive=0
11-19 04:40:42.131 0 0 I auditd : type=1400 audit(0.0:7870): avc: denied { kill } for comm="swapper/2" capability=5 scontext=u:r:kernel:s0 tcontext=u:r:kernel:s0 tclass=capability permissive=0
11-19 04:40:43.131 0 0 I auditd : type=1400 audit(0.0:7871): avc: denied { kill } for comm="swapper/2" capability=5 scontext=u:r:kernel:s0 tcontext=u:r:kernel:s0 tclass=capability permissive=0
11-19 04:40:44.131 0 0 I auditd : type=1400 audit(0.0:7872): avc: denied { kill } for comm="swapper/2" capability=5 scontext=u:r:kernel:s0 tcontext=u:r:kernel:s0 tclass=capability permissive=0
11-19 04:40:45.131 0 0 I auditd : type=1400 audit(0.0:7873): avc: denied { kill } for comm="swapper/2" capability=5 scontext=u:r:kernel:s0 tcontext=u:r:kernel:s0 tclass=capability permissive=0
11-19 04:40:46.131 0 0 I auditd : type=1400 audit(0.0:7874): avc: denied { kill } for comm="swapper/2" capability=5 scontext=u:r:kernel:s0 tcontext=u:r:kernel:s0 tclass=capability permissive=0
11-19 04:40:47.131 0 0 I auditd : type=1400 audit(0.0:7875): avc: denied { kill } for comm="swapper/2" capability=5 scontext=u:r:kernel:s0 tcontext=u:r:kernel:s0 tclass=capability permissive=0
11-19 04:40:48.131 0 0 I auditd : type=1400 audit(0.0:7876): avc: denied { kill } for comm="swapper/2" capability=5 scontext=u:r:kernel:s0 tcontext=u:r:kernel:s0 tclass=capability permissive=0
11-19 04:40:49.131 0 0 I auditd : type=1400 audit(0.0:7877): avc: denied { kill } for comm="swapper/2" capability=5 scontext=u:r:kernel:s0 tcontext=u:r:kernel:s0 tclass=capability permissive=0
11-19 04:40:50.131 0 0 I auditd : type=1400 audit(0.0:7878): avc: denied { kill } for comm="swapper/2" capability=5 scontext=u:r:kernel:s0 tcontext=u:r:kernel:s0 tclass=capability permissive=0
11-19 04:40:51.131 0 0 I auditd : type=1400 audit(0.0:7879): avc: denied { kill } for comm="swapper/2" capability=5 scontext=u:r:kernel:s0 tcontext=u:r:kernel:s0 tclass=capability permissive=0
11-19 04:40:52.131 0 0 I auditd : type=1400 audit(0.0:7880): avc: denied { kill } for comm="swapper/2" capability=5 scontext=u:r:kernel:s0 tcontext=u:r:kernel:s0 tclass=capability permissive=0
11-19 04:40:53.131 0 0 I auditd : type=1400 audit(0.0:7881): avc: denied { kill } for comm="swapper/2" capability=5 scontext=u:r:kernel:s0 tcontext=u:r:kernel:s0 tclass=capability permissive=0
11-19 04:40:54.131 0 0 I auditd : type=1400 audit(0.0:7882): avc: denied { kill } for comm="swapper/2" capability=5 scontext=u:r:kernel:s0 tcontext=u:r:kernel:s0 tclass=capability permissive=0
11-19 04:40:55.131 0 0 I auditd : type=1400 audit(0.0:7883): avc: denied { kill } for comm="swapper/2" capability=5 scontext=u:r:kernel:s0 tcontext=u:r:kernel:s0 tclass=capability permissive=0
11-19 04:40:56.131 0 0 I auditd : type=1400 audit(0.0:7884): avc: denied { kill } for comm="swapper/2" capability=5 scontext=u:r:kernel:s0 tcontext=u:r:kernel:s0 tclass=capability permissive=0
11-19 04:40:59.131 0 0 I auditd : type=1400 audit(0.0:7885): avc: denied { kill } for comm="swapper/2" capability=5 scontext=u:r:kernel:s0 tcontext=u:r:kernel:s0 tclass=capability permissive=0
11-19 04:41:00.131 0 0 I auditd : type=1400 audit(0.0:7886): avc: denied { kill } for comm="swapper/2" capability=5 scontext=u:r:kernel:s0 tcontext=u:r:kernel:s0 tclass=capability permissive=0
11-19 04:41:01.131 0 0 I auditd : type=1400 audit(0.0:7887): avc: denied { kill } for comm="swapper/2" capability=5 scontext=u:r:kernel:s0 tcontext=u:r:kernel:s0 tclass=capability permissive=0
11-19 04:41:03.131 0 0 I auditd : type=1400 audit(0.0:7888): avc: denied { kill } for comm="swapper/2" capability=5 scontext=u:r:kernel:s0 tcontext=u:r:kernel:s0 tclass=capability permissive=0
11-19 04:41:04.131 0 0 I auditd : type=1400 audit(0.0:7889): avc: denied { kill } for comm="swapper/2" capability=5 scontext=u:r:kernel:s0 tcontext=u:r:kernel:s0 tclass=capability permissive=0
11-19 04:41:05.131 0 0 I auditd : type=1400 audit(0.0:7890): avc: denied { kill } for comm="swapper/2" capability=5 scontext=u:r:kernel:s0 tcontext=u:r:kernel:s0 tclass=capability permissive=0
11-19 04:41:06.131 0 0 I auditd : type=1400 audit(0.0:7891): avc: denied { kill } for comm="swapper/2" capability=5 scontext=u:r:kernel:s0 tcontext=u:r:kernel:s0 tclass=capability permissive=0
11-19 04:41:07.131 0 0 I auditd : type=1400 audit(0.0:7892): avc: denied { kill } for comm="swapper/2" capability=5 scontext=u:r:kernel:s0 tcontext=u:r:kernel:s0 tclass=capability permissive=0
11-19 04:41:08.131 0 0 I auditd : type=1400 audit(0.0:7893): avc: denied { kill } for comm="swapper/2" capability=5 scontext=u:r:kernel:s0 tcontext=u:r:kernel:s0 tclass=capability permissive=0
11-19 04:41:09.131 0 0 I auditd : type=1400 audit(0.0:7894): avc: denied { kill } for comm="swapper/2" capability=5 scontext=u:r:kernel:s0 tcontext=u:r:kernel:s0 tclass=capability permissive=0
11-19 04:41:10.131 0 0 I auditd : type=1400 audit(0.0:7895): avc: denied { kill } for comm="swapper/2" capability=5 scontext=u:r:kernel:s0 tcontext=u:r:kernel:s0 tclass=capability permissive=0
