11-19 04:41:11.131 0 0 I auditd : type=1400 audit(0.0:7896): avc: denied { kill } for comm="swapper/2" capability=5 scontext=u:r:kernel:s0 tcontext=u:r:kernel:s0 tclass=capability permissive=0
11-19 04:41:12.131 0 0 I auditd : type=1400 audit(0.0:7897): avc: denied { kill } for comm="swapper/2" capability=5 scontext=u:r:kernel:s0 tcontext=u:r:kernel:s0 tclass=capability permissive=0
11-19 04:41:13.131 0 0 I auditd : type=1400 audit(0.0:7898): avc: denied { kill } for comm="swapper/2" capability=5 scontext=u:r:kernel:s0 tcontext=u:r:kernel:s0 tclass=capability permissive=0
11-19 04:41:14.131 0 0 I auditd : type=1400 audit(0.0:7899): avc: denied { kill } for comm="swapper/2" capability=5 scontext=u:r:kernel:s0 tcontext=u:r:kernel:s0 tclass=capability permissive=0
11-19 04:41:15.131 0 0 I auditd : type=1400 audit(0.0:7900): avc: denied { kill } for comm="swapper/2" capability=5 scontext=u:r:kernel:s0 tcontext=u:r:kernel:s0 tclass=capability permissive=0
11-19 04:41:15.486 1499 1645 I am_uid_idle: 10064
11-19 04:41:16.131 0 0 I auditd : type=1400 audit(0.0:7901): avc: denied { kill } for comm="swapper/2" capability=5 scontext=u:r:kernel:s0 tcontext=u:r:kernel:s0 tclass=capability permissive=0
11-19 04:41:17.131 0 0 I auditd : type=1400 audit(0.0:7902): avc: denied { kill } for comm="swapper/2" capability=5 scontext=u:r:kernel:s0 tcontext=u:r:kernel:s0 tclass=capability permissive=0
11-19 04:41:18.131 0 0 I auditd : type=1400 audit(0.0:7903): avc: denied { kill } for comm="swapper/2" capability=5 scontext=u:r:kernel:s0 tcontext=u:r:kernel:s0 tclass=capability permissive=0
11-19 04:41:19.131 0 0 I auditd : type=1400 audit(0.0:7904): avc: denied { kill } for comm="swapper/2" capability=5 scontext=u:r:kernel:s0 tcontext=u:r:kernel:s0 tclass=capability permissive=0
11-19 04:41:20.131 0 0 I auditd : type=1400 audit(0.0:7905): avc: denied { kill } for comm="swapper/2" capability=5 scontext=u:r:kernel:s0 tcontext=u:r:kernel:s0 tclass=capability permissive=0
11-19 04:41:21.131 0 0 I auditd : type=1400 audit(0.0:7906): avc: denied { kill } for comm="swapper/2" capability=5 scontext=u:r:kernel:s0 tcontext=u:r:kernel:s0 tclass=capability permissive=0
11-19 04:41:22.131 0 0 I auditd : type=1400 audit(0.0:7907): avc: denied { kill } for comm="swapper/2" capability=5 scontext=u:r:kernel:s0 tcontext=u:r:kernel:s0 tclass=capability permissive=0
11-19 04:41:23.131 0 0 I auditd : type=1400 audit(0.0:7908): avc: denied { kill } for comm="swapper/2" capability=5 scontext=u:r:kernel:s0 tcontext=u:r:kernel:s0 tclass=capability permissive=0
11-19 04:41:24.131 0 0 I auditd : type=1400 audit(0.0:7909): avc: denied { kill } for comm="swapper/2" capability=5 scontext=u:r:kernel:s0 tcontext=u:r:kernel:s0 tclass=capability permissive=0
11-19 04:41:25.131 0 0 I auditd : type=1400 audit(0.0:7910): avc: denied { kill } for comm="swapper/2" capability=5 scontext=u:r:kernel:s0 tcontext=u:r:kernel:s0 tclass=capability permissive=0
11-19 04:41:26.131 0 0 I auditd : type=1400 audit(0.0:7911): avc: denied { kill } for comm="swapper/2" capability=5 scontext=u:r:kernel:s0 tcontext=u:r:kernel:s0 tclass=capability permissive=0
11-19 04:41:27.131 0 0 I auditd : type=1400 audit(0.0:7912): avc: denied { kill } for comm="swapper/2" capability=5 scontext=u:r:kernel:s0 tcontext=u:r:kernel:s0 tclass=capability permissive=0
11-19 04:41:28.131 0 0 I auditd : type=1400 audit(0.0:7913): avc: denied { kill } for comm="swapper/2" capability=5 scontext=u:r:kernel:s0 tcontext=u:r:kernel:s0 tclass=capability permissive=0
11-19 04:41:29.131 0 0 I auditd : type=1400 audit(0.0:7914): avc: denied { kill } for comm="swapper/2" capability=5 scontext=u:r:kernel:s0 tcontext=u:r:kernel:s0 tclass=capability permissive=0
11-19 04:41:30.131 0 0 I auditd : type=1400 audit(0.0:7915): avc: denied { kill } for comm="swapper/2" capability=5 scontext=u:r:kernel:s0 tcontext=u:r:kernel:s0 tclass=capability permissive=0
11-19 04:41:31.131 0 0 I auditd : type=1400 audit(0.0:7916): avc: denied { kill } for comm="swapper/2" capability=5 scontext=u:r:kernel:s0 tcontext=u:r:kernel:s0 tclass=capability permissive=0
11-19 04:41:32.131 0 0 I auditd : type=1400 audit(0.0:7917): avc: denied { kill } for comm="swapper/2" capability=5 scontext=u:r:kernel:s0 tcontext=u:r:kernel:s0 tclass=capability permissive=0
11-19 04:41:32.697 1499 2268 I service_manager_stats: [120,78,83712]
11-19 04:41:32.708 1499 2268 I netstats_mobile_sample: [0,0,0,0,0,0,0,0,0,0,0,0,1668804092707]
11-19 04:41:32.709 1499 2268 I netstats_wifi_sample: [1686054,2125,480713,1950,1686054,2125,480713,1950,1732745,3030,357105,1596,1668804092707]
11-19 04:41:33.131 0 0 I auditd : type=1400 audit(0.0:7918): avc: denied { kill } for comm="swapper/2" capability=5 scontext=u:r:kernel:s0 tcontext=u:r:kernel:s0 tclass=capability permissive=0
11-19 04:41:34.131 0 0 I auditd : type=1400 audit(0.0:7919): avc: denied { kill } for comm="swapper/2" capability=5 scontext=u:r:kernel:s0 tcontext=u:r:kernel:s0 tclass=capability permissive=0
11-19 04:41:35.131 0 0 I auditd : type=1400 audit(0.0:7920): avc: denied { kill } for comm="swapper/2" capability=5 scontext=u:r:kernel:s0 tcontext=u:r:kernel:s0 tclass=capability permissive=0
11-19 04:41:36.131 0 0 I auditd : type=1400 audit(0.0:7921): avc: denied { kill } for comm="swapper/2" capability=5 scontext=u:r:kernel:s0 tcontext=u:r:kernel:s0 tclass=capability permissive=0
11-19 04:41:37.131 0 0 I auditd : type=1400 audit(0.0:7922): avc: denied { kill } for comm="swapper/2" capability=5 scontext=u:r:kernel:s0 tcontext=u:r:kernel:s0 tclass=capability permissive=0
11-19 04:41:38.131 0 0 I auditd : type=1400 audit(0.0:7923): avc: denied { kill } for comm="swapper/2" capability=5 scontext=u:r:kernel:s0 tcontext=u:r:kernel:s0 tclass=capability permissive=0
11-19 04:41:39.131 0 0 I auditd : type=1400 audit(0.0:7924): avc: denied { kill } for comm="swapper/2" capability=5 scontext=u:r:kernel:s0 tcontext=u:r:kernel:s0 tclass=capability permissive=0
11-19 04:41:39.584 1499 1831 I input_interaction: Interaction with: be9672f com.thundercomm.screensaver/android.service.dreams.DreamActivity (server), edge-swipe (server), swipe-up (server), PointerEventDispatcher0 (server),
11-19 04:41:39.587 1499 5215 I wm_finish_activity: [0,237710093,52,com.thundercomm.screensaver/android.service.dreams.DreamActivity,finish-activity]
11-19 04:41:39.588 1499 5215 I wm_task_moved: [51,1,7]
11-19 04:41:39.588 1499 5215 I wm_task_to_front: [0,51]
11-19 04:41:39.589 1499 5215 I wm_set_resumed_activity: [0,com.android.deskclock/.DeskClock,positionChildAt]
11-19 04:41:39.589 1499 5215 I wm_focused_root_task: [0,0,51,52,finish-top adjustFocusToNextFocusableTask]
11-19 04:41:39.589 1499 5215 I wm_set_resumed_activity: [0,com.android.deskclock/.DeskClock,finish-top]
11-19 04:41:39.590 1499 5215 I wm_pause_activity: [0,237710093,com.thundercomm.screensaver/android.service.dreams.DreamActivity,userLeaving=false,finish]
11-19 04:41:39.591 1499 5215 W WindowManager: updateScale0.4617737
11-19 04:41:39.596 1499 2437 I DreamManagerService: Gently waking up from dream.
11-19 04:41:39.597 1499 1634 I DreamManagerService: Performing gentle wake from dream.
11-19 04:41:39.598 4805 4805 I wm_on_top_resumed_lost_called: [237710093,android.service.dreams.DreamActivity,topStateChangedWhenResumed]
11-19 04:41:39.599 9544 9544 I wm_on_top_resumed_gained_called: [176962710,com.android.deskclock.DeskClock,topStateChangedWhenResumed]
11-19 04:41:39.600 4805 4805 I wm_on_paused_called: [237710093,android.service.dreams.DreamActivity,performPause]
11-19 04:41:39.601 1499 5215 I ActivityTaskManager: FOREGROUND_APPLICATION_CHANGED to com.android.launcher3.uioverrides.QuickstepLauncher
11-19 04:41:39.605 1499 5215 I wm_resume_activity: [0,19758722,10,com.android.launcher3/.uioverrides.QuickstepLauncher]
11-19 04:41:39.606 1499 5215 I ActivityTaskManager: FOREGROUND_APPLICATION_CHANGED to com.android.deskclock.DeskClock
11-19 04:41:39.607 1499 5215 W WindowManager: updateScale0.4617737
11-19 04:41:39.611 1499 5215 W WindowManager: updateScale0.4617737
11-19 04:41:39.614 1499 1637 I sysui_multi_action: [757,803,799,window_time_0,802,90]
11-19 04:41:39.622 1499 2437 W WindowManager: updateScale0.4617737
11-19 04:41:39.624 4805 4805 I view_enqueue_input_event: [Motion - Cancel,com.thundercomm.screensaver/android.service.dreams.DreamActivity]
11-19 04:41:39.625 1499 1637 I sysui_multi_action: [757,803,799,window_time_2,802,0]
11-19 04:41:39.625 1499 1831 I input_interaction: Interaction with: edge-swipe (server), swipe-up (server), PointerEventDispatcher0 (server),
11-19 04:41:39.627 1499 1637 W WindowManager: updateScale0.4617737
11-19 04:41:39.627 1499 1637 W WindowManager: updateScale0.4617737
11-19 04:41:39.630 1499 1637 I am_uid_running: 10090
11-19 04:41:39.630 1499 1637 D CompatibilityChangeReporter: Compat change id reported: 135634846; UID 10090; state: DISABLED
11-19 04:41:39.630 1499 1637 D CompatibilityChangeReporter: Compat change id reported: 177438394; UID 10090; state: DISABLED
11-19 04:41:39.630 1499 1637 D CompatibilityChangeReporter: Compat change id reported: 135772972; UID 10090; state: DISABLED
11-19 04:41:39.630 1499 1637 D CompatibilityChangeReporter: Compat change id reported: 135754954; UID 10090; state: ENABLED
11-19 04:41:39.631 1499 1646 D CompatibilityChangeReporter: Compat change id reported: 143937733; UID 10090; state: ENABLED
11-19 04:41:39.632 1499 1831 I input_focus: [Focus leaving be9672f com.thundercomm.screensaver/android.service.dreams.DreamActivity (server),reason=NO_WINDOW]
11-19 04:41:39.634 1499 5215 W WindowManager: updateScale0.4617737
11-19 04:41:39.636 1499 1638 I input_focus: [Focus request e7536b3 com.android.deskclock/com.android.deskclock.DeskClock,reason=UpdateInputWindows]
11-19 04:41:39.637 2802 2802 I wm_on_restart_called: [19758722,com.android.launcher3.uioverrides.QuickstepLauncher,performRestartActivity]
11-19 04:41:39.638 1499 2437 I wm_finish_activity: [0,176962710,51,com.android.deskclock/.DeskClock,app-request]
11-19 04:41:39.638 1499 2437 I wm_task_moved: [1,1,7]
11-19 04:41:39.639 9544 9544 I wm_on_top_resumed_lost_called: [176962710,com.android.deskclock.DeskClock,topStateChangedWhenResumed]
11-19 04:41:39.639 1499 2437 I wm_set_resumed_activity: [0,com.android.launcher3/.uioverrides.QuickstepLauncher,positionChildAt]
11-19 04:41:39.639 1499 2437 I wm_task_moved: [10,1,2147483647]
11-19 04:41:39.639 1499 2437 I wm_task_to_front: [0,10]
11-19 04:41:39.639 1499 2437 I wm_focused_root_task: [0,0,1,-1,finish-top adjustFocusToNextFocusableTask]
11-19 04:41:39.639 1499 2437 I wm_set_resumed_activity: [0,com.android.launcher3/.uioverrides.QuickstepLauncher,finish-top]
11-19 04:41:39.642 1499 1646 I am_proc_start: [0,10173,10090,com.android.music,NULL,]
11-19 04:41:39.642 1499 1646 I ActivityManager: Start proc 10173:com.android.music/u0a90 for null
11-19 04:41:39.644 1499 2437 I wm_pause_activity: [0,176962710,com.android.deskclock/.DeskClock,userLeaving=false,finish]
11-19 04:41:39.645 1499 1831 I input_focus: [Focus entering e7536b3 com.android.deskclock/com.android.deskclock.DeskClock (server),reason=setFocusedWindow]
11-19 04:41:39.645 1499 1663 I PowerManagerService: Powering on display group fromDreaming (groupId=0, uid=1000, reason=WAKE_REASON_UNKNOWN, details=android.server.power:DREAM_FINISHED)...
11-19 04:41:39.645 1499 1663 I PowerManagerService: Waking up from Dreaming (uid=1000, reason=WAKE_REASON_UNKNOWN, details=android.server.power:DREAM_FINISHED)...
11-19 04:41:39.656 9544 9544 I wm_on_paused_called: [176962710,com.android.deskclock.DeskClock,performPause]
11-19 04:41:39.657 1499 5215 I wm_add_to_stopping: [0,176962710,com.android.deskclock/.DeskClock,completeFinishing]
11-19 04:41:39.661 1499 1831 I input_focus: [Focus leaving e7536b3 com.android.deskclock/com.android.deskclock.DeskClock (server),reason=NO_WINDOW]
11-19 04:41:39.662 1499 5215 I ActivityTaskManager: FOREGROUND_APPLICATION_CHANGED to com.android.launcher3.uioverrides.QuickstepLauncher
11-19 04:41:39.664 1499 2437 I am_proc_bound: [0,10173,com.android.music]
11-19 04:41:39.665 1499 1637 I wm_destroy_activity: [0,237710093,52,com.thundercomm.screensaver/android.service.dreams.DreamActivity,finish-idle]
11-19 04:41:39.666 4805 4805 I wm_on_stop_called: [237710093,android.service.dreams.DreamActivity,LIFECYCLER_STOP_ACTIVITY]
11-19 04:41:39.666 4805 4805 I wm_on_destroy_called: [237710093,android.service.dreams.DreamActivity,performDestroy]
11-19 04:41:39.667 1499 2437 D CompatibilityChangeReporter: Compat change id reported: 168419799; UID 10090; state: DISABLED
11-19 04:41:39.668 1499 1637 I sysui_multi_action: [757,803,799,window_time_2,802,1]
11-19 04:41:39.669 2802 2802 I wm_on_start_called: [19758722,com.android.launcher3.uioverrides.QuickstepLauncher,handleStartActivity]
11-19 04:41:39.669 2802 2802 I wm_on_resume_called: [19758722,com.android.launcher3.uioverrides.QuickstepLauncher,RESUME_ACTIVITY]
11-19 04:41:39.671 7802 7838 W ContextImpl: Calling a method in the system process without a qualified user: android.app.ContextImpl.startService:1816 android.content.ContextWrapper.startService:774 com.thundercomm.gamemode.ingame.services.GameModeActionUtils.startGameModeService:93 com.thundercomm.gamemode.ingame.services.GameModeActionUtils.startGameModeEntry:21 com.thundercomm.gamemode.ingame.services.ActivityMonitoringService$1.onActivityLaunch:127
11-19 04:41:39.673 1499 1729 I DreamManagerService: Leaving dreamland.
11-19 04:41:39.677 1499 1499 I GameModeConfig: Current uri is uri = content://com.thundercomm.gamemode.api/gamemode_settings/gamemode_isgaming
11-19 04:41:39.678 1499 1499 I am_uid_active: 10064
11-19 04:41:39.678 2802 2802 I sysui_latency: [1,94]
11-19 04:41:39.680 1499 1638 I input_focus: [Focus request 632f7bf com.android.launcher3/com.android.launcher3.uioverrides.QuickstepLauncher,reason=UpdateInputWindows]
11-19 04:41:39.682 1499 1634 I DreamManagerService: Performing gentle wake from dream.
11-19 04:41:39.682 1499 1634 I DreamController: Stopping dream: name=ComponentInfo{com.thundercomm.screensaver/com.thundercomm.saverclock.service.ClockScreensaver}, isTest=false, canDoze=false, userId=0, reason='finished self'(from 'finished self')
11-19 04:41:39.682 1499 1634 I sysui_multi_action: [757,222,758,2]
11-19 04:41:39.682 1499 1634 I sysui_multi_action: [757,804,799,dreaming_minutes,801,1,802,1]
11-19 04:41:39.682 1499 1499 I GameModeConfig: isGameModeOn = false
11-19 04:41:39.683 1499 1499 I GameModeConfig: isGameModeOn = false
11-19 04:41:39.683 1499 1499 I GameModeConfig: isDisableVoice = true
11-19 04:41:39.684 1499 2761 W ContextImpl: Calling a method in the system process without a qualified user: android.app.ContextImpl.startActivity:1067 com.android.server.wm.FreeFormWindowHelper.exitRecentTasks:404 com.android.server.wm.ActivityTaskManagerService.exitRecentTasks:3795 android.app.IActivityTaskManager$Stub.onTransact:2307 com.android.server.wm.ActivityTaskManagerService.onTransact:5046
11-19 04:41:39.689 1499 1634 I sysui_multi_action: [319,9,322,72,325,12178,757,761,758,9,759,5,806,com.android.launcher3,871,com.android.launcher3.uioverrides.QuickstepLauncher,905,0,1320,8,1321,5]
11-19 04:41:39.690 1499 2761 I ActivityTaskManager: START u0 {flg=0x10008000 cmp=com.android.deskclock/.DeskClock} from uid 1000
11-19 04:41:39.691 1499 2761 I wm_task_created: [53,-1]
11-19 04:41:39.691 1499 2761 W ActivityTaskManager: Can't find TaskDisplayArea to determine support for multi window. Task id=53 attached=false
11-19 04:41:39.692 1499 2761 D FreeFormWindowHelper: Add freeform task=Task{8e8909b #53 type=standard ?? U=0 visible=false mode=freeform translucent=true sz=0}
11-19 04:41:39.694 1499 1644 I am_pss : [9979,10094,com.android.permissioncontroller,28484608,24174592,0,126345216,0,19,7]
11-19 04:41:39.695 1499 2761 I wm_task_moved: [53,1,8]
11-19 04:41:39.695 1499 2761 I wm_task_to_front: [0,53]
11-19 04:41:39.695 1499 1831 I input_focus: [Focus entering 632f7bf com.android.launcher3/com.android.launcher3.uioverrides.QuickstepLauncher (server),reason=setFocusedWindow]
11-19 04:41:39.695 1499 2761 I wm_create_task: [0,53]
11-19 04:41:39.696 1499 2761 I wm_create_activity: [0,156449142,53,com.android.deskclock/.DeskClock,NULL,NULL,NULL,268468224]
11-19 04:41:39.696 1499 2761 I wm_task_moved: [53,1,8]
11-19 04:41:39.697 1499 2761 I ActivityTaskManager: FOREGROUND_APPLICATION_CHANGED to com.android.deskclock.DeskClock
11-19 04:41:39.697 1499 2761 I ActivityTaskManager: The Process com.android.deskclock Already Exists in BG. So sending its PID: 9544
11-19 04:41:39.697 1499 2761 W ActivityTaskManager: Tried to set launchTime (0) < mLastActivityLaunchTime (12015591)
11-19 04:41:39.698 1499 2761 I wm_restart_activity: [0,156449142,53,com.android.deskclock/.DeskClock]
11-19 04:41:39.699 1499 2761 I wm_set_resumed_activity: [0,com.android.deskclock/.DeskClock,minimalResumeActivityLocked]
11-19 04:41:39.699 1499 2761 I ActivityTaskManager: Add Task{dcf3fb1 #51 type=standard A=10063:com.android.deskclock U=0 visible=false mode=freeform translucent=true sz=1} to hidden list because adding Task{8e8909b #53 type=standard A=10063:com.android.deskclock U=0 visible=true mode=freeform translucent=false sz=1}
11-19 04:41:39.703 1499 1729 I wm_task_removed: [52,removeChild:removeChild last r=ActivityRecord{e2b2b0d u0 com.thundercomm.screensaver/android.service.dreams.DreamActivity t-1 f}} in t=Task{e5149be #52 type=dream A=10050:android:com.thundercomm.screensaver/dream U=0 visible=false mode=fullscreen translucent=true sz=0}]
11-19 04:41:39.703 1499 1729 I wm_task_removed: [52,removeChild]
11-19 04:41:39.705 2802 2802 I wm_on_top_resumed_gained_called: [19758722,com.android.launcher3.uioverrides.QuickstepLauncher,topStateChangedWhenResumed]
11-19 04:41:39.705 7802 7838 W ContextImpl: Calling a method in the system process without a qualified user: android.app.ContextImpl.startService:1816 android.content.ContextWrapper.startService:774 com.thundercomm.gamemode.ingame.services.GameModeActionUtils.startGameModeService:93 com.thundercomm.gamemode.ingame.services.GameModeActionUtils.startGameModeEntry:21 com.thundercomm.gamemode.ingame.services.ActivityMonitoringService$1.onActivityLaunch:127
11-19 04:41:39.708 1499 1499 I GameModeConfig: Current uri is uri = content://com.thundercomm.gamemode.api/gamemode_settings/gamemode_isgaming
11-19 04:41:39.712 1499 1638 W ActivityTaskManager: Can't find TaskDisplayArea to determine support for multi window. Task id=52 attached=false
11-19 04:41:39.713 1499 1499 I GameModeConfig: isGameModeOn = false
11-19 04:41:39.714 1499 1499 I GameModeConfig: isGameModeOn = false
11-19 04:41:39.714 1499 1499 I GameModeConfig: isDisableVoice = true
11-19 04:41:39.724 2802 2802 I wm_on_top_resumed_lost_called: [19758722,com.android.launcher3.uioverrides.QuickstepLauncher,topStateChangedWhenResumed]
11-19 04:41:39.727 1499 8533 I ActivityTaskManager: START u0 {act=android.content.pm.action.REQUEST_PERMISSIONS pkg=com.android.permissioncontroller cmp=com.android.permissioncontroller/.permission.ui.GrantPermissionsActivity (has extras)} from uid 10063
11-19 04:41:39.728 1499 8533 D CompatibilityChangeReporter: Compat change id reported: 174042980; UID 10094; state: DISABLED
11-19 04:41:39.729 1499 8533 D CompatibilityChangeReporter: Compat change id reported: 184838306; UID 10094; state: DISABLED
11-19 04:41:39.730 1499 8533 D CompatibilityChangeReporter: Compat change id reported: 185004937; UID 10094; state: DISABLED
11-19 04:41:39.730 1499 8533 D CompatibilityChangeReporter: Compat change id reported: 181136395; UID 10094; state: DISABLED
11-19 04:41:39.730 1499 8533 D CompatibilityChangeReporter: Compat change id reported: 174042936; UID 10094; state: DISABLED
11-19 04:41:39.731 1499 8533 I wm_task_moved: [53,1,8]
11-19 04:41:39.731 1499 8533 I wm_set_resumed_activity: [0,com.android.deskclock/.DeskClock,positionChildAt]
11-19 04:41:39.731 1499 8533 I wm_create_activity: [0,161766405,53,com.android.permissioncontroller/.permission.ui.GrantPermissionsActivity,android.content.pm.action.REQUEST_PERMISSIONS,NULL,NULL,8388608]
11-19 04:41:39.731 1499 8533 D CompatibilityChangeReporter: Compat change id reported: 168419799; UID 10094; state: DISABLED
11-19 04:41:39.732 1499 8533 I wm_pause_activity: [0,156449142,com.android.deskclock/.DeskClock,userLeaving=true,resumeTopActivityInnerLocked]
11-19 04:41:39.734 1499 5520 I wm_destroy_activity: [0,176962710,51,com.android.deskclock/.DeskClock,finish-imm:idle]
11-19 04:41:39.741 9544 9544 I wm_on_create_called: [156449142,com.android.deskclock.DeskClock,performCreate]
11-19 04:41:39.742 9544 9544 I wm_on_start_called: [156449142,com.android.deskclock.DeskClock,handleStartActivity]
11-19 04:41:39.743 9544 9544 I wm_on_resume_called: [156449142,com.android.deskclock.DeskClock,RESUME_ACTIVITY]
11-19 04:41:39.748 1499 5520 W WindowManager: updateScale0.7996942
11-19 04:41:39.771 7802 7838 W ContextImpl: Calling a method in the system process without a qualified user: android.app.ContextImpl.startService:1816 android.content.ContextWrapper.startService:774 com.thundercomm.gamemode.ingame.services.GameModeActionUtils.startGameModeService:93 com.thundercomm.gamemode.ingame.services.GameModeActionUtils.startGameModeEntry:21 com.thundercomm.gamemode.ingame.services.ActivityMonitoringService$1.onActivityLaunch:127
11-19 04:41:39.775 1499 1499 I GameModeConfig: Current uri is uri = content://com.thundercomm.gamemode.api/gamemode_settings/gamemode_isgaming
11-19 04:41:39.776 1499 1499 I GameModeConfig: isGameModeOn = false
11-19 04:41:39.777 1499 1499 I GameModeConfig: isGameModeOn = false
11-19 04:41:39.777 1499 1499 I GameModeConfig: isDisableVoice = true
11-19 04:41:39.779 1499 2759 W WindowManager: updateScale0.7996942
11-19 04:41:39.785 1499 1638 I input_focus: [Focus request 213b381 com.android.deskclock/com.android.deskclock.DeskClock,reason=UpdateInputWindows]
11-19 04:41:39.806 9544 9544 I wm_on_top_resumed_gained_called: [156449142,com.android.deskclock.DeskClock,topStateChangedWhenResumed]
11-19 04:41:39.806 9544 9544 I wm_on_top_resumed_lost_called: [156449142,com.android.deskclock.DeskClock,topStateChangedWhenResumed]
11-19 04:41:39.806 1499 1638 W WindowManager: updateScale0.7996942
11-19 04:41:39.806 9544 9544 I wm_on_paused_called: [156449142,com.android.deskclock.DeskClock,performPause]
11-19 04:41:39.807 1499 1638 W WindowManager: updateScale0.7996942
11-19 04:41:39.809 1499 8533 I ActivityTaskManager: FOREGROUND_APPLICATION_CHANGED to com.android.permissioncontroller.permission.ui.GrantPermissionsActivity
11-19 04:41:39.809 1499 8533 I ActivityTaskManager: The Process com.android.permissioncontroller Already Exists in BG. So sending its PID: 9979
11-19 04:41:39.810 1499 8533 W ActivityTaskManager: Tried to set launchTime (0) < mLastActivityLaunchTime (12028474)
11-19 04:41:39.811 1499 8533 I wm_restart_activity: [0,161766405,53,com.android.permissioncontroller/.permission.ui.GrantPermissionsActivity]
11-19 04:41:39.813 1499 1831 I input_focus: [Focus leaving 632f7bf com.android.launcher3/com.android.launcher3.uioverrides.QuickstepLauncher (server),reason=Waiting for window because NOT_VISIBLE]
11-19 04:41:39.815 1499 8533 I wm_set_resumed_activity: [0,com.android.permissioncontroller/.permission.ui.GrantPermissionsActivity,minimalResumeActivityLocked]
11-19 04:41:39.816 1499 8533 W WindowManager: updateScale0.7996942
11-19 04:41:39.820 1499 1637 I am_uid_active: 10094
11-19 04:41:39.823 9544 9544 I wm_on_stop_called: [176962710,com.android.deskclock.DeskClock,LIFECYCLER_STOP_ACTIVITY]
11-19 04:41:39.824 1499 1637 I sysui_multi_action: [757,803,799,window_time_0,802,0]
11-19 04:41:39.830 9544 9544 I wm_on_destroy_called: [176962710,com.android.deskclock.DeskClock,performDestroy]
11-19 04:41:39.836 1499 5520 W WindowManager: updateScale0.7996942
11-19 04:41:39.841 1499 8533 I wm_task_removed: [51,removeChild:removeChild last r=ActivityRecord{a8c3c96 u0 com.android.deskclock/.DeskClock t-1 f}} in t=Task{dcf3fb1 #51 type=standard A=10063:com.android.deskclock U=0 visible=false mode=freeform translucent=true sz=0}]
11-19 04:41:39.841 1499 8533 I wm_task_removed: [51,removeChild]
11-19 04:41:39.848 7802 7838 W ContextImpl: Calling a method in the system process without a qualified user: android.app.ContextImpl.startService:1816 android.content.ContextWrapper.startService:774 com.thundercomm.gamemode.ingame.services.GameModeActionUtils.startGameModeService:93 com.thundercomm.gamemode.ingame.services.GameModeActionUtils.startGameModeEntry:21 com.thundercomm.gamemode.ingame.services.ActivityMonitoringService$1.onActivityLaunch:127
11-19 04:41:39.854 1499 1499 I GameModeConfig: Current uri is uri = content://com.thundercomm.gamemode.api/gamemode_settings/gamemode_isgaming
11-19 04:41:39.856 9979 9979 I wm_on_create_called: [161766405,com.android.permissioncontroller.permission.ui.GrantPermissionsActivity,performCreate]
11-19 04:41:39.857 1499 1499 I GameModeConfig: isGameModeOn = false
11-19 04:41:39.857 1499 1499 I GameModeConfig: isGameModeOn = false
11-19 04:41:39.857 1499 1499 I GameModeConfig: isDisableVoice = true
11-19 04:41:39.857 9979 9979 I wm_on_start_called: [161766405,com.android.permissioncontroller.permission.ui.GrantPermissionsActivity,handleStartActivity]
11-19 04:41:39.858 9979 9979 I wm_on_resume_called: [161766405,com.android.permissioncontroller.permission.ui.GrantPermissionsActivity,RESUME_ACTIVITY]
11-19 04:41:39.863 9979 9979 I wm_on_top_resumed_gained_called: [161766405,com.android.permissioncontroller.permission.ui.GrantPermissionsActivity,topStateChangedWhenResumed]
11-19 04:41:39.866 1499 4942 W WindowManager: updateScale0.7996942
11-19 04:41:39.866 1499 4942 W WindowManager: updateScale0.7996942
11-19 04:41:39.871 1499 1638 I input_focus: [Focus request 58397ba com.android.permissioncontroller/com.android.permissioncontroller.permission.ui.GrantPermissionsActivity,reason=UpdateInputWindows]
11-19 04:41:39.872 1499 1638 W WindowManager: updateScale0.7996942
11-19 04:41:39.872 1499 1638 W WindowManager: updateScale0.7996942
11-19 04:41:39.876 1499 1634 I wm_activity_launch_time: [0,161766405,com.android.permissioncontroller/.permission.ui.GrantPermissionsActivity,185]
11-19 04:41:39.876 1499 1759 I commit_sys_config_file: [settings-1-0,8]
11-19 04:41:39.876 1499 1638 W WindowManager: updateScale0.7996942
11-19 04:41:39.876 1499 1638 W WindowManager: updateScale0.7996942
11-19 04:41:39.881 1499 1638 W WindowManager: updateScale0.7996942
11-19 04:41:39.881 1499 1638 W WindowManager: updateScale0.7996942
11-19 04:41:39.882 1499 2761 I wm_finish_activity: [0,161766405,53,com.android.permissioncontroller/.permission.ui.GrantPermissionsActivity,app-request]
11-19 04:41:39.892 1499 2761 I wm_pause_activity: [0,161766405,com.android.permissioncontroller/.permission.ui.GrantPermissionsActivity,userLeaving=false,finish]
11-19 04:41:39.895 1499 1831 I input_focus: [Focus entering 58397ba com.android.permissioncontroller/com.android.permissioncontroller.permission.ui.GrantPermissionsActivity (server),reason=Window became focusable. Previous reason: NOT_VISIBLE]
11-19 04:41:39.896 9979 9979 I wm_on_top_resumed_lost_called: [161766405,com.android.permissioncontroller.permission.ui.GrantPermissionsActivity,topStateChangedWhenResumed]
11-19 04:41:39.897 9979 9979 I wm_on_paused_called: [161766405,com.android.permissioncontroller.permission.ui.GrantPermissionsActivity,performPause]
11-19 04:41:39.897 1499 4942 I wm_add_to_stopping: [0,161766405,com.android.permissioncontroller/.permission.ui.GrantPermissionsActivity,completeFinishing]
11-19 04:41:39.898 1499 4942 I ActivityTaskManager: FOREGROUND_APPLICATION_CHANGED to com.android.deskclock.DeskClock
11-19 04:41:39.898 1499 4942 I wm_set_resumed_activity: [0,com.android.deskclock/.DeskClock,resumeTopActivityInnerLocked]
11-19 04:41:39.899 1499 4942 I wm_resume_activity: [0,156449142,53,com.android.deskclock/.DeskClock]
11-19 04:41:39.899 9544 9544 I wm_on_activity_result_called: [156449142,com.android.deskclock.DeskClock,ACTIVITY_RESULT]
11-19 04:41:39.899 9544 9544 I wm_on_resume_called: [156449142,com.android.deskclock.DeskClock,RESUME_ACTIVITY]
11-19 04:41:39.900 9544 9544 I wm_on_top_resumed_gained_called: [156449142,com.android.deskclock.DeskClock,topWhenResuming]
11-19 04:41:39.903 1499 4942 W WindowManager: updateScale0.7996942
11-19 04:41:39.906 1499 1638 I input_focus: [Focus request 213b381 com.android.deskclock/com.android.deskclock.DeskClock,reason=UpdateInputWindows]
11-19 04:41:39.908 1499 1637 I sysui_multi_action: [757,803,799,window_time_2,802,0]
11-19 04:41:39.913 1499 1831 I input_focus: [Focus leaving 58397ba com.android.permissioncontroller/com.android.permissioncontroller.permission.ui.GrantPermissionsActivity (server),reason=NO_WINDOW]
11-19 04:41:39.915 1499 2759 W WindowManager: updateScale0.7996942
11-19 04:41:39.928 1499 1831 I input_focus: [Focus entering 213b381 com.android.deskclock/com.android.deskclock.DeskClock (server),reason=setFocusedWindow]
11-19 04:41:39.988 1499 1644 I sysui_latency: [8,99]
11-19 04:41:40.008 7802 7838 W ContextImpl: Calling a method in the system process without a qualified user: android.app.ContextImpl.startService:1816 android.content.ContextWrapper.startService:774 com.thundercomm.gamemode.ingame.services.GameModeActionUtils.startGameModeService:93 com.thundercomm.gamemode.ingame.services.GameModeActionUtils.startGameModeEntry:21 com.thundercomm.gamemode.ingame.services.ActivityMonitoringService$1.onActivityLaunch:127
11-19 04:41:40.015 1499 1499 I GameModeConfig: Current uri is uri = content://com.thundercomm.gamemode.api/gamemode_settings/gamemode_isgaming
11-19 04:41:40.017 1499 1499 I GameModeConfig: isGameModeOn = false
11-19 04:41:40.018 1499 1499 I GameModeConfig: isGameModeOn = false
11-19 04:41:40.018 1499 1499 I GameModeConfig: isDisableVoice = true
11-19 04:41:40.131 0 0 I auditd : type=1400 audit(0.0:7925): avc: denied { kill } for comm="swapper/2" capability=5 scontext=u:r:kernel:s0 tcontext=u:r:kernel:s0 tclass=capability permissive=0
11-19 04:41:40.146 1499 1637 I wm_destroy_activity: [0,161766405,53,com.android.permissioncontroller/.permission.ui.GrantPermissionsActivity,finish-imm:idle]
11-19 04:41:40.157 7802 7838 W ContextImpl: Calling a method in the system process without a qualified user: android.app.ContextImpl.startService:1816 android.content.ContextWrapper.startService:774 com.thundercomm.gamemode.ingame.services.GameModeActionUtils.startGameModeService:93 com.thundercomm.gamemode.ingame.services.GameModeActionUtils.startGameModeEntry:21 com.thundercomm.gamemode.ingame.services.ActivityMonitoringService$1.onActivityLaunch:127
11-19 04:41:40.164 1499 1499 I GameModeConfig: Current uri is uri = content://com.thundercomm.gamemode.api/gamemode_settings/gamemode_isgaming
11-19 04:41:40.167 1499 1499 I GameModeConfig: isGameModeOn = false
11-19 04:41:40.167 1499 1499 I GameModeConfig: isGameModeOn = false
11-19 04:41:40.167 1499 1499 I GameModeConfig: isDisableVoice = true
11-19 04:41:40.171 1499 1729 W WindowManager: updateScale0.7996942
11-19 04:41:40.178 9979 9979 I wm_on_stop_called: [161766405,com.android.permissioncontroller.permission.ui.GrantPermissionsActivity,LIFECYCLER_STOP_ACTIVITY]
11-19 04:41:40.178 9979 9979 I wm_on_destroy_called: [161766405,com.android.permissioncontroller.permission.ui.GrantPermissionsActivity,performDestroy]
11-19 04:41:40.180 1499 2761 W WindowManager: updateScale0.7996942
11-19 04:41:40.376 1499 1729 I wm_task_moved: [1,1,7]
11-19 04:41:40.378 1499 1729 I wm_set_resumed_activity: [0,com.android.launcher3/.uioverrides.QuickstepLauncher,positionChildAt]
11-19 04:41:40.378 1499 1729 I wm_task_moved: [10,1,2147483647]
11-19 04:41:40.378 1499 1729 I wm_task_to_front: [0,10]
11-19 04:41:40.378 9544 9544 I wm_on_top_resumed_lost_called: [156449142,com.android.deskclock.DeskClock,topStateChangedWhenResumed]
11-19 04:41:40.378 1499 1729 I wm_focused_root_task: [0,0,1,53,RecentsAnimation.onAnimationFinished()]
11-19 04:41:40.378 1499 1729 I wm_set_resumed_activity: [0,com.android.launcher3/.uioverrides.QuickstepLauncher,RecentsAnimation.onAnimationFinished()]
11-19 04:41:40.379 1499 1729 I ActivityTaskManager: FOREGROUND_APPLICATION_CHANGED to com.android.launcher3.uioverrides.QuickstepLauncher
11-19 04:41:40.380 1499 1729 W WindowManager: updateScale0.7996942
11-19 04:41:40.386 1499 1729 W WindowManager: updateScale0.7996942
11-19 04:41:40.389 1499 1638 I input_focus: [Focus request 632f7bf com.android.launcher3/com.android.launcher3.uioverrides.QuickstepLauncher,reason=UpdateInputWindows]
11-19 04:41:40.394 2802 2802 I wm_on_top_resumed_gained_called: [19758722,com.android.launcher3.uioverrides.QuickstepLauncher,topStateChangedWhenResumed]
11-19 04:41:40.397 1499 1831 I input_focus: [Focus leaving 213b381 com.android.deskclock/com.android.deskclock.DeskClock (server),reason=setFocusedWindow]
11-19 04:41:40.397 1499 1831 I input_focus: [Focus entering 632f7bf com.android.launcher3/com.android.launcher3.uioverrides.QuickstepLauncher (server),reason=setFocusedWindow]
11-19 04:41:40.399 1499 1637 I sysui_multi_action: [757,803,799,window_time_2,802,0]
11-19 04:41:40.497 7802 7838 W ContextImpl: Calling a method in the system process without a qualified user: android.app.ContextImpl.startService:1816 android.content.ContextWrapper.startService:774 com.thundercomm.gamemode.ingame.services.GameModeActionUtils.startGameModeService:93 com.thundercomm.gamemode.ingame.services.GameModeActionUtils.startGameModeEntry:21 com.thundercomm.gamemode.ingame.services.ActivityMonitoringService$1.onActivityLaunch:127
11-19 04:41:40.506 1499 1499 I GameModeConfig: Current uri is uri = content://com.thundercomm.gamemode.api/gamemode_settings/gamemode_isgaming
11-19 04:41:40.510 1499 1499 I GameModeConfig: isGameModeOn = false
11-19 04:41:40.511 1499 1499 I GameModeConfig: isGameModeOn = false
11-19 04:41:40.511 1499 1499 I GameModeConfig: isDisableVoice = true
11-19 04:41:41.131 0 0 I auditd : type=1400 audit(0.0:7926): avc: denied { kill } for comm="swapper/2" capability=5 scontext=u:r:kernel:s0 tcontext=u:r:kernel:s0 tclass=capability permissive=0
11-19 04:41:42.131 0 0 I auditd : type=1400 audit(0.0:7927): avc: denied { kill } for comm="swapper/2" capability=5 scontext=u:r:kernel:s0 tcontext=u:r:kernel:s0 tclass=capability permissive=0
11-19 04:41:43.131 0 0 I auditd : type=1400 audit(0.0:7928): avc: denied { kill } for comm="swapper/2" capability=5 scontext=u:r:kernel:s0 tcontext=u:r:kernel:s0 tclass=capability permissive=0
11-19 04:41:43.717 1499 3791 E TaskPersister: File error accessing recents directory (directory doesn't exist?).
11-19 04:41:44.131 0 0 I auditd : type=1400 audit(0.0:7929): avc: denied { kill } for comm="swapper/2" capability=5 scontext=u:r:kernel:s0 tcontext=u:r:kernel:s0 tclass=capability permissive=0
11-19 04:41:45.131 0 0 I auditd : type=1400 audit(0.0:7930): avc: denied { kill } for comm="swapper/2" capability=5 scontext=u:r:kernel:s0 tcontext=u:r:kernel:s0 tclass=capability permissive=0
11-19 04:41:46.131 0 0 I auditd : type=1400 audit(0.0:7931): avc: denied { kill } for comm="swapper/2" capability=5 scontext=u:r:kernel:s0 tcontext=u:r:kernel:s0 tclass=capability permissive=0
11-19 04:41:47.131 0 0 I auditd : type=1400 audit(0.0:7932): avc: denied { kill } for comm="swapper/2" capability=5 scontext=u:r:kernel:s0 tcontext=u:r:kernel:s0 tclass=capability permissive=0
11-19 04:41:48.131 0 0 I auditd : type=1400 audit(0.0:7933): avc: denied { kill } for comm="swapper/2" capability=5 scontext=u:r:kernel:s0 tcontext=u:r:kernel:s0 tclass=capability permissive=0
11-19 04:41:49.131 0 0 I auditd : type=1400 audit(0.0:7934): avc: denied { kill } for comm="swapper/2" capability=5 scontext=u:r:kernel:s0 tcontext=u:r:kernel:s0 tclass=capability permissive=0
11-19 04:41:50.131 0 0 I auditd : type=1400 audit(0.0:7935): avc: denied { kill } for comm="swapper/2" capability=5 scontext=u:r:kernel:s0 tcontext=u:r:kernel:s0 tclass=capability permissive=0
11-19 04:41:51.131 0 0 I auditd : type=1400 audit(0.0:7936): avc: denied { kill } for comm="swapper/2" capability=5 scontext=u:r:kernel:s0 tcontext=u:r:kernel:s0 tclass=capability permissive=0
11-19 04:41:52.131 0 0 I auditd : type=1400 audit(0.0:7937): avc: denied { kill } for comm="swapper/2" capability=5 scontext=u:r:kernel:s0 tcontext=u:r:kernel:s0 tclass=capability permissive=0
11-19 04:41:53.131 0 0 I auditd : type=1400 audit(0.0:7938): avc: denied { kill } for comm="swapper/2" capability=5 scontext=u:r:kernel:s0 tcontext=u:r:kernel:s0 tclass=capability permissive=0
11-19 04:41:54.131 0 0 I auditd : type=1400 audit(0.0:7939): avc: denied { kill } for comm="swapper/2" capability=5 scontext=u:r:kernel:s0 tcontext=u:r:kernel:s0 tclass=capability permissive=0
11-19 04:41:55.131 0 0 I auditd : type=1400 audit(0.0:7940): avc: denied { kill } for comm="swapper/2" capability=5 scontext=u:r:kernel:s0 tcontext=u:r:kernel:s0 tclass=capability permissive=0
11-19 04:41:56.131 0 0 I auditd : type=1400 audit(0.0:7941): avc: denied { kill } for comm="swapper/2" capability=5 scontext=u:r:kernel:s0 tcontext=u:r:kernel:s0 tclass=capability permissive=0
11-19 04:41:57.131 0 0 I auditd : type=1400 audit(0.0:7942): avc: denied { kill } for comm="swapper/2" capability=5 scontext=u:r:kernel:s0 tcontext=u:r:kernel:s0 tclass=capability permissive=0
11-19 04:41:58.131 0 0 I auditd : type=1400 audit(0.0:7943): avc: denied { kill } for comm="swapper/2" capability=5 scontext=u:r:kernel:s0 tcontext=u:r:kernel:s0 tclass=capability permissive=0
11-19 04:41:59.131 0 0 I auditd : type=1400 audit(0.0:7944): avc: denied { kill } for comm="swapper/2" capability=5 scontext=u:r:kernel:s0 tcontext=u:r:kernel:s0 tclass=capability permissive=0
11-19 04:42:00.131 0 0 I auditd : type=1400 audit(0.0:7945): avc: denied { kill } for comm="swapper/2" capability=5 scontext=u:r:kernel:s0 tcontext=u:r:kernel:s0 tclass=capability permissive=0
11-19 04:42:01.131 0 0 I auditd : type=1400 audit(0.0:7946): avc: denied { kill } for comm="swapper/2" capability=5 scontext=u:r:kernel:s0 tcontext=u:r:kernel:s0 tclass=capability permissive=0
11-19 04:42:02.131 0 0 I auditd : type=1400 audit(0.0:7947): avc: denied { kill } for comm="swapper/2" capability=5 scontext=u:r:kernel:s0 tcontext=u:r:kernel:s0 tclass=capability permissive=0
11-19 04:42:03.131 0 0 I auditd : type=1400 audit(0.0:7948): avc: denied { kill } for comm="swapper/2" capability=5 scontext=u:r:kernel:s0 tcontext=u:r:kernel:s0 tclass=capability permissive=0
11-19 04:42:04.131 0 0 I auditd : type=1400 audit(0.0:7949): avc: denied { kill } for comm="swapper/2" capability=5 scontext=u:r:kernel:s0 tcontext=u:r:kernel:s0 tclass=capability permissive=0
11-19 04:42:05.131 0 0 I auditd : type=1400 audit(0.0:7950): avc: denied { kill } for comm="swapper/2" capability=5 scontext=u:r:kernel:s0 tcontext=u:r:kernel:s0 tclass=capability permissive=0
11-19 04:42:06.131 0 0 I auditd : type=1400 audit(0.0:7951): avc: denied { kill } for comm="swapper/2" capability=5 scontext=u:r:kernel:s0 tcontext=u:r:kernel:s0 tclass=capability permissive=0
11-19 04:42:07.131 0 0 I auditd : type=1400 audit(0.0:7952): avc: denied { kill } for comm="swapper/2" capability=5 scontext=u:r:kernel:s0 tcontext=u:r:kernel:s0 tclass=capability permissive=0
11-19 04:42:08.131 0 0 I auditd : type=1400 audit(0.0:7953): avc: denied { kill } for comm="swapper/2" capability=5 scontext=u:r:kernel:s0 tcontext=u:r:kernel:s0 tclass=capability permissive=0
11-19 04:42:09.131 0 0 I auditd : type=1400 audit(0.0:7954): avc: denied { kill } for comm="swapper/2" capability=5 scontext=u:r:kernel:s0 tcontext=u:r:kernel:s0 tclass=capability permissive=0
11-19 04:42:10.131 0 0 I auditd : type=1400 audit(0.0:7955): avc: denied { kill } for comm="swapper/2" capability=5 scontext=u:r:kernel:s0 tcontext=u:r:kernel:s0 tclass=capability permissive=0
11-19 04:42:11.131 0 0 I auditd : type=1400 audit(0.0:7956): avc: denied { kill } for comm="swapper/2" capability=5 scontext=u:r:kernel:s0 tcontext=u:r:kernel:s0 tclass=capability permissive=0
11-19 04:42:12.131 0 0 I auditd : type=1400 audit(0.0:7957): avc: denied { kill } for comm="swapper/2" capability=5 scontext=u:r:kernel:s0 tcontext=u:r:kernel:s0 tclass=capability permissive=0
11-19 04:42:13.131 0 0 I auditd : type=1400 audit(0.0:7958): avc: denied { kill } for comm="swapper/2" capability=5 scontext=u:r:kernel:s0 tcontext=u:r:kernel:s0 tclass=capability permissive=0
11-19 04:42:14.131 0 0 I auditd : type=1400 audit(0.0:7959): avc: denied { kill } for comm="swapper/2" capability=5 scontext=u:r:kernel:s0 tcontext=u:r:kernel:s0 tclass=capability permissive=0
11-19 04:42:15.131 0 0 I auditd : type=1400 audit(0.0:7960): avc: denied { kill } for comm="swapper/2" capability=5 scontext=u:r:kernel:s0 tcontext=u:r:kernel:s0 tclass=capability permissive=0
11-19 04:42:16.131 0 0 I auditd : type=1400 audit(0.0:7961): avc: denied { kill } for comm="swapper/2" capability=5 scontext=u:r:kernel:s0 tcontext=u:r:kernel:s0 tclass=capability permissive=0
11-19 04:42:17.131 0 0 I auditd : type=1400 audit(0.0:7962): avc: denied { kill } for comm="swapper/2" capability=5 scontext=u:r:kernel:s0 tcontext=u:r:kernel:s0 tclass=capability permissive=0
11-19 04:42:18.131 0 0 I auditd : type=1400 audit(0.0:7963): avc: denied { kill } for comm="swapper/2" capability=5 scontext=u:r:kernel:s0 tcontext=u:r:kernel:s0 tclass=capability permissive=0
11-19 04:42:19.131 0 0 I auditd : type=1400 audit(0.0:7964): avc: denied { kill } for comm="swapper/2" capability=5 scontext=u:r:kernel:s0 tcontext=u:r:kernel:s0 tclass=capability permissive=0
11-19 04:42:20.131 0 0 I auditd : type=1400 audit(0.0:7965): avc: denied { kill } for comm="swapper/2" capability=5 scontext=u:r:kernel:s0 tcontext=u:r:kernel:s0 tclass=capability permissive=0
11-19 04:42:21.131 0 0 I auditd : type=1400 audit(0.0:7966): avc: denied { kill } for comm="swapper/2" capability=5 scontext=u:r:kernel:s0 tcontext=u:r:kernel:s0 tclass=capability permissive=0
11-19 04:42:22.131 0 0 I auditd : type=1400 audit(0.0:7967): avc: denied { kill } for comm="swapper/2" capability=5 scontext=u:r:kernel:s0 tcontext=u:r:kernel:s0 tclass=capability permissive=0
11-19 04:42:23.131 0 0 I auditd : type=1400 audit(0.0:7968): avc: denied { kill } for comm="swapper/2" capability=5 scontext=u:r:kernel:s0 tcontext=u:r:kernel:s0 tclass=capability permissive=0
11-19 04:42:24.131 0 0 I auditd : type=1400 audit(0.0:7969): avc: denied { kill } for comm="swapper/2" capability=5 scontext=u:r:kernel:s0 tcontext=u:r:kernel:s0 tclass=capability permissive=0
11-19 04:42:25.131 0 0 I auditd : type=1400 audit(0.0:7970): avc: denied { kill } for comm="swapper/2" capability=5 scontext=u:r:kernel:s0 tcontext=u:r:kernel:s0 tclass=capability permissive=0
11-19 04:42:26.131 0 0 I auditd : type=1400 audit(0.0:7971): avc: denied { kill } for comm="swapper/2" capability=5 scontext=u:r:kernel:s0 tcontext=u:r:kernel:s0 tclass=capability permissive=0
11-19 04:42:27.131 0 0 I auditd : type=1400 audit(0.0:7972): avc: denied { kill } for comm="swapper/2" capability=5 scontext=u:r:kernel:s0 tcontext=u:r:kernel:s0 tclass=capability permissive=0
11-19 04:42:28.131 0 0 I auditd : type=1400 audit(0.0:7973): avc: denied { kill } for comm="swapper/2" capability=5 scontext=u:r:kernel:s0 tcontext=u:r:kernel:s0 tclass=capability permissive=0
11-19 04:42:29.131 0 0 I auditd : type=1400 audit(0.0:7974): avc: denied { kill } for comm="swapper/2" capability=5 scontext=u:r:kernel:s0 tcontext=u:r:kernel:s0 tclass=capability permissive=0
11-19 04:42:30.131 0 0 I auditd : type=1400 audit(0.0:7975): avc: denied { kill } for comm="swapper/2" capability=5 scontext=u:r:kernel:s0 tcontext=u:r:kernel:s0 tclass=capability permissive=0
11-19 04:42:31.131 0 0 I auditd : type=1400 audit(0.0:7976): avc: denied { kill } for comm="swapper/2" capability=5 scontext=u:r:kernel:s0 tcontext=u:r:kernel:s0 tclass=capability permissive=0
11-19 04:42:32.131 0 0 I auditd : type=1400 audit(0.0:7977): avc: denied { kill } for comm="swapper/2" capability=5 scontext=u:r:kernel:s0 tcontext=u:r:kernel:s0 tclass=capability permissive=0
11-19 04:42:32.681 1499 1663 V DisplayPowerController[0]: Brightness [0.05] reason changing to: 'manual [ dim ]', previous reason: 'manual'.
11-19 04:42:32.681 1499 1663 I sysui_multi_action: [757,1696,758,6,759,2]
11-19 04:42:32.682 1499 1663 W PowerManagerService: Screen on took 53036 ms
11-19 04:42:32.692 1499 2319 E DisplayDeviceConfig: requesting nits when no mapping exists.
11-19 04:42:32.694 1499 1645 I am_wtf : [0,1499,system_server,-1,DisplayDeviceConfig,requesting nits when no mapping exists.]
11-19 04:42:32.694 1499 2319 E DisplayDeviceConfig: requesting nits when no mapping exists.
11-19 04:42:32.695 1499 1645 I DropBoxManagerService: add tag=system_server_wtf isTagEnabled=true flags=0x2
11-19 04:42:32.697 1499 1645 I am_wtf : [0,1499,system_server,-1,DisplayDeviceConfig,requesting nits when no mapping exists.]
11-19 04:42:32.699 1499 1645 I DropBoxManagerService: add tag=system_server_wtf isTagEnabled=true flags=0x2
11-19 04:42:32.708 1499 2319 E DisplayDeviceConfig: requesting nits when no mapping exists.
11-19 04:42:32.709 1499 2319 E DisplayDeviceConfig: requesting nits when no mapping exists.
11-19 04:42:32.709 1499 1645 I am_wtf : [0,1499,system_server,-1,DisplayDeviceConfig,requesting nits when no mapping exists.]
11-19 04:42:32.710 1499 1645 I DropBoxManagerService: add tag=system_server_wtf isTagEnabled=true flags=0x2
11-19 04:42:32.711 1499 1645 I am_wtf : [0,1499,system_server,-1,DisplayDeviceConfig,requesting nits when no mapping exists.]
11-19 04:42:32.712 1499 1645 I DropBoxManagerService: add tag=system_server_wtf isTagEnabled=true flags=0x2
11-19 04:42:32.718 1499 2319 E DisplayDeviceConfig: requesting nits when no mapping exists.
11-19 04:42:32.719 1499 1645 I am_wtf : [0,1499,system_server,-1,DisplayDeviceConfig,requesting nits when no mapping exists.]
11-19 04:42:32.719 1499 2319 E DisplayDeviceConfig: requesting nits when no mapping exists.
11-19 04:42:32.721 1499 1645 I DropBoxManagerService: add tag=system_server_wtf isTagEnabled=true flags=0x2
11-19 04:42:32.722 1499 1645 I am_wtf : [0,1499,system_server,-1,DisplayDeviceConfig,requesting nits when no mapping exists.]
11-19 04:42:32.735 1499 2319 E DisplayDeviceConfig: requesting nits when no mapping exists.
11-19 04:42:32.735 1499 1645 I am_wtf : [0,1499,system_server,-1,DisplayDeviceConfig,requesting nits when no mapping exists.]
11-19 04:42:32.735 1499 2319 E DisplayDeviceConfig: requesting nits when no mapping exists.
11-19 04:42:32.737 1499 1645 I am_wtf : [0,1499,system_server,-1,DisplayDeviceConfig,requesting nits when no mapping exists.]
11-19 04:42:32.751 1499 2319 E DisplayDeviceConfig: requesting nits when no mapping exists.
11-19 04:42:32.752 1499 2319 E DisplayDeviceConfig: requesting nits when no mapping exists.
11-19 04:42:32.752 1499 1645 I am_wtf : [0,1499,system_server,-1,DisplayDeviceConfig,requesting nits when no mapping exists.]
11-19 04:42:32.752 1499 1645 I am_wtf : [0,1499,system_server,-1,DisplayDeviceConfig,requesting nits when no mapping exists.]
11-19 04:42:32.768 1499 2319 E DisplayDeviceConfig: requesting nits when no mapping exists.
11-19 04:42:32.769 1499 1645 I am_wtf : [0,1499,system_server,-1,DisplayDeviceConfig,requesting nits when no mapping exists.]
11-19 04:42:32.769 1499 2319 E DisplayDeviceConfig: requesting nits when no mapping exists.
11-19 04:42:32.770 1499 1645 I am_wtf : [0,1499,system_server,-1,DisplayDeviceConfig,requesting nits when no mapping exists.]
11-19 04:42:32.785 1499 2319 E DisplayDeviceConfig: requesting nits when no mapping exists.
11-19 04:42:32.785 1499 1645 I am_wtf : [0,1499,system_server,-1,DisplayDeviceConfig,requesting nits when no mapping exists.]
11-19 04:42:32.785 1499 2319 E DisplayDeviceConfig: requesting nits when no mapping exists.
11-19 04:42:32.786 1499 1645 I am_wtf : [0,1499,system_server,-1,DisplayDeviceConfig,requesting nits when no mapping exists.]
11-19 04:42:32.802 1499 2319 E DisplayDeviceConfig: requesting nits when no mapping exists.
11-19 04:42:32.802 1499 1645 I am_wtf : [0,1499,system_server,-1,DisplayDeviceConfig,requesting nits when no mapping exists.]
11-19 04:42:32.803 1499 2319 E DisplayDeviceConfig: requesting nits when no mapping exists.
11-19 04:42:32.803 1499 1645 I am_wtf : [0,1499,system_server,-1,DisplayDeviceConfig,requesting nits when no mapping exists.]
11-19 04:42:32.818 1499 2319 E DisplayDeviceConfig: requesting nits when no mapping exists.
11-19 04:42:32.819 1499 2319 E DisplayDeviceConfig: requesting nits when no mapping exists.
11-19 04:42:32.819 1499 1645 I am_wtf : [0,1499,system_server,-1,DisplayDeviceConfig,requesting nits when no mapping exists.]
11-19 04:42:32.820 1499 1645 I am_wtf : [0,1499,system_server,-1,DisplayDeviceConfig,requesting nits when no mapping exists.]
11-19 04:42:32.835 1499 2319 E DisplayDeviceConfig: requesting nits when no mapping exists.
11-19 04:42:32.836 1499 2319 E DisplayDeviceConfig: requesting nits when no mapping exists.
11-19 04:42:32.836 1499 1645 I am_wtf : [0,1499,system_server,-1,DisplayDeviceConfig,requesting nits when no mapping exists.]
11-19 04:42:32.837 1499 1645 I am_wtf : [0,1499,system_server,-1,DisplayDeviceConfig,requesting nits when no mapping exists.]
11-19 04:42:32.852 1499 2319 E DisplayDeviceConfig: requesting nits when no mapping exists.
11-19 04:42:32.853 1499 1645 I am_wtf : [0,1499,system_server,-1,DisplayDeviceConfig,requesting nits when no mapping exists.]
11-19 04:42:32.853 1499 2319 E DisplayDeviceConfig: requesting nits when no mapping exists.
11-19 04:42:32.854 1499 1645 I am_wtf : [0,1499,system_server,-1,DisplayDeviceConfig,requesting nits when no mapping exists.]
11-19 04:42:32.869 1499 2319 E DisplayDeviceConfig: requesting nits when no mapping exists.
11-19 04:42:32.870 1499 1645 I am_wtf : [0,1499,system_server,-1,DisplayDeviceConfig,requesting nits when no mapping exists.]
