11-19 05:11:45.088 1499 1499 I GameModeConfig: isGameModeOn = false
11-19 05:11:45.088 1499 1499 I GameModeConfig: isGameModeOn = false
11-19 05:11:45.088 1499 1499 I GameModeConfig: isDisableVoice = true
11-19 05:11:45.102 13177 13177 I wm_on_create_called: [245513734,com.android.music.VideoBrowserActivity,performCreate]
11-19 05:11:45.102 13177 13177 I wm_on_start_called: [245513734,com.android.music.VideoBrowserActivity,handleStartActivity]
11-19 05:11:45.103 13177 13177 I wm_on_resume_called: [245513734,com.android.music.VideoBrowserActivity,RESUME_ACTIVITY]
11-19 05:11:45.103 13177 13177 I wm_on_top_resumed_gained_called: [245513734,com.android.music.VideoBrowserActivity,topWhenResuming]
11-19 05:11:45.111 1499 4942 I WindowManager: finishDrawing of relaunch: Window{b1bdc8c u0 com.android.music/com.android.music.VideoBrowserActivity} 54ms
11-19 05:11:45.466 1499 1637 I wm_stop_activity: [0,19758722,com.android.launcher3/.uioverrides.QuickstepLauncher]
11-19 05:11:45.475 7802 7838 W ContextImpl: Calling a method in the system process without a qualified user: android.app.ContextImpl.startService:1816 android.content.ContextWrapper.startService:774 com.thundercomm.gamemode.ingame.services.GameModeActionUtils.startGameModeService:93 com.thundercomm.gamemode.ingame.services.GameModeActionUtils.startGameModeEntry:21 com.thundercomm.gamemode.ingame.services.ActivityMonitoringService$1.onActivityLaunch:127
11-19 05:11:45.484 1499 1499 I GameModeConfig: Current uri is uri = content://com.thundercomm.gamemode.api/gamemode_settings/gamemode_isgaming
11-19 05:11:45.488 1499 1499 I GameModeConfig: isGameModeOn = false
11-19 05:11:45.488 1499 1499 I GameModeConfig: isGameModeOn = false
11-19 05:11:45.488 1499 1499 I GameModeConfig: isDisableVoice = true
11-19 05:11:45.498 2802 2802 I wm_on_paused_called: [19758722,com.android.launcher3.uioverrides.QuickstepLauncher,performPause]
11-19 05:11:45.500 2802 2802 I wm_on_stop_called: [19758722,com.android.launcher3.uioverrides.QuickstepLauncher,STOP_ACTIVITY_ITEM]
11-19 05:11:45.528 7802 7838 W ContextImpl: Calling a method in the system process without a qualified user: android.app.ContextImpl.startService:1816 android.content.ContextWrapper.startService:774 com.thundercomm.gamemode.ingame.services.GameModeActionUtils.startGameModeService:93 com.thundercomm.gamemode.ingame.services.GameModeActionUtils.startGameModeEntry:21 com.thundercomm.gamemode.ingame.services.ActivityMonitoringService$1.onActivityLaunch:127
11-19 05:11:45.534 1499 1499 I GameModeConfig: Current uri is uri = content://com.thundercomm.gamemode.api/gamemode_settings/gamemode_isgaming
11-19 05:11:45.536 1499 1499 I GameModeConfig: isGameModeOn = false
11-19 05:11:45.536 1499 1499 I GameModeConfig: isGameModeOn = false
11-19 05:11:45.536 1499 1499 I GameModeConfig: isDisableVoice = true
11-19 05:11:46.131 0 0 I auditd : type=1400 audit(0.0:12270): avc: denied { kill } for comm="swapper/2" capability=5 scontext=u:r:kernel:s0 tcontext=u:r:kernel:s0 tclass=capability permissive=0
11-19 05:11:46.458 1499 8917 I wm_task_moved: [1,0,0]
11-19 05:11:46.459 1499 8917 I wm_task_moved: [1,0,6]
11-19 05:11:46.486 2802 2802 I wm_on_restart_called: [19758722,com.android.launcher3.uioverrides.QuickstepLauncher,performRestartActivity]
11-19 05:11:46.489 7802 7838 W ContextImpl: Calling a method in the system process without a qualified user: android.app.ContextImpl.startService:1816 android.content.ContextWrapper.startService:774 com.thundercomm.gamemode.ingame.services.GameModeActionUtils.startGameModeService:93 com.thundercomm.gamemode.ingame.services.GameModeActionUtils.startGameModeEntry:21 com.thundercomm.gamemode.ingame.services.ActivityMonitoringService$1.onActivityLaunch:127
11-19 05:11:46.496 1499 1499 I GameModeConfig: Current uri is uri = content://com.thundercomm.gamemode.api/gamemode_settings/gamemode_isgaming
11-19 05:11:46.498 1499 1499 I GameModeConfig: isGameModeOn = false
11-19 05:11:46.498 1499 1499 I GameModeConfig: isGameModeOn = false
11-19 05:11:46.498 1499 1499 I GameModeConfig: isDisableVoice = true
11-19 05:11:46.504 2802 2802 I wm_on_start_called: [19758722,com.android.launcher3.uioverrides.QuickstepLauncher,handleStartActivity]
11-19 05:11:46.523 1499 1634 I sysui_multi_action: [319,14,322,57,325,13985,757,761,758,9,759,5,806,com.android.launcher3,871,com.android.launcher3.uioverrides.QuickstepLauncher,905,0,1320,8,1321,5]
11-19 05:11:46.525 2802 2802 I sysui_latency: [1,72]
11-19 05:11:46.526 13177 13177 I view_enqueue_input_event: [Motion - Cancel,com.android.music/com.android.music.VideoBrowserActivity]
11-19 05:11:46.526 1499 1831 I input_interaction: Interaction with: edge-swipe (server), swipe-up (server), PointerEventDispatcher0 (server),
11-19 05:11:46.529 1499 1638 I input_focus: [Focus request recents_animation_input_consumer,reason=UpdateInputWindows]
11-19 05:11:46.552 1499 1831 I input_focus: [Focus leaving b1bdc8c com.android.music/com.android.music.VideoBrowserActivity (server),reason=NOT_FOCUSABLE]
11-19 05:11:46.552 1499 1831 I input_focus: [Focus entering recents_animation_input_consumer (server),reason=setFocusedWindow]
11-19 05:11:46.646 1499 1499 I service_manager_stats: [100,95,274420]
11-19 05:11:46.708 1499 1759 I commit_sys_config_file: [settings-1-0,4]
11-19 05:11:46.817 1499 1644 I sysui_latency: [8,71]
11-19 05:11:47.131 0 0 I auditd : type=1400 audit(0.0:12271): avc: denied { kill } for comm="swapper/2" capability=5 scontext=u:r:kernel:s0 tcontext=u:r:kernel:s0 tclass=capability permissive=0
11-19 05:11:47.458 1499 1759 I commit_sys_config_file: [settings-1-0,3]
11-19 05:11:47.990 1499 1831 I input_interaction: Interaction with: 632f7bf com.android.launcher3/com.android.launcher3.uioverrides.QuickstepLauncher (server), edge-swipe (server), swipe-up (server), PointerEventDispatcher0 (server),
11-19 05:11:48.099 1499 8917 D FreeFormWindowHelper: Add freeform task=Task{12feceb #64 type=standard A=10090:android.task.video U=0 visible=true mode=freeform translucent=false sz=1}
11-19 05:11:48.100 1499 8917 I wm_relaunch_resume_activity: [0,245513734,64,com.android.music/.VideoBrowserActivity]
11-19 05:11:48.101 13177 13177 I wm_on_top_resumed_lost_called: [245513734,com.android.music.VideoBrowserActivity,pausing]
11-19 05:11:48.102 13177 13177 I wm_on_paused_called: [245513734,com.android.music.VideoBrowserActivity,performPause]
11-19 05:11:48.102 1499 8917 I wm_task_moved: [1,1,7]
11-19 05:11:48.102 13177 13177 I wm_on_stop_called: [245513734,com.android.music.VideoBrowserActivity,handleRelaunchActivity]
11-19 05:11:48.104 1499 8917 I wm_focused_root_task: [0,0,1,64,startActivityFromRecents]
11-19 05:11:48.104 1499 8917 I wm_task_moved: [64,1,7]
11-19 05:11:48.104 1499 8917 I wm_set_resumed_activity: [0,com.android.music/.VideoBrowserActivity,positionChildAt]
11-19 05:11:48.104 1499 8917 I wm_focused_root_task: [0,0,64,1,moveTaskToFront findTaskToMoveToFront]
11-19 05:11:48.104 1499 8917 I wm_set_resumed_activity: [0,com.android.music/.VideoBrowserActivity,moveTaskToFront findTaskToMoveToFront]
11-19 05:11:48.106 13177 13177 I wm_on_destroy_called: [245513734,com.android.music.VideoBrowserActivity,performDestroy]
11-19 05:11:48.106 1499 8917 W WindowManager: updateScale0.7996942
11-19 05:11:48.125 1499 2759 W WindowManager: Attempted to set replacing window on app token with no content Token{acf2cf ActivityRecord{ea23e06 u0 com.android.music/.VideoBrowserActivity t64}}
11-19 05:11:48.131 0 0 I auditd : type=1400 audit(0.0:12272): avc: denied { kill } for comm="swapper/1" capability=5 scontext=u:r:kernel:s0 tcontext=u:r:kernel:s0 tclass=capability permissive=0
11-19 05:11:48.162 13177 13177 I wm_on_create_called: [245513734,com.android.music.VideoBrowserActivity,performCreate]
11-19 05:11:48.163 13177 13177 I wm_on_start_called: [245513734,com.android.music.VideoBrowserActivity,handleStartActivity]
11-19 05:11:48.166 13177 13177 I wm_on_resume_called: [245513734,com.android.music.VideoBrowserActivity,RESUME_ACTIVITY]
11-19 05:11:48.166 13177 13177 I wm_on_top_resumed_gained_called: [245513734,com.android.music.VideoBrowserActivity,topWhenResuming]
11-19 05:11:48.171 1499 4942 W WindowManager: updateScale0.7996942
11-19 05:11:48.183 13177 13177 I wm_on_top_resumed_lost_called: [245513734,com.android.music.VideoBrowserActivity,topStateChangedWhenResumed]
11-19 05:11:48.183 1499 8917 I WindowManager: finishDrawing of relaunch: Window{b1bdc8c u0 com.android.music/com.android.music.VideoBrowserActivity} 84ms
11-19 05:11:48.184 1499 1638 W WindowManager: updateScale0.7996942
11-19 05:11:48.185 13177 13177 I wm_on_top_resumed_gained_called: [245513734,com.android.music.VideoBrowserActivity,topStateChangedWhenResumed]
11-19 05:11:48.186 1499 1638 W WindowManager: updateScale0.7996942
11-19 05:11:48.191 1499 4942 W WindowManager: updateScale0.7996942
11-19 05:11:48.192 1499 4942 W WindowManager: updateScale0.7996942
11-19 05:11:48.543 1499 2759 I wm_task_moved: [1,1,7]
11-19 05:11:48.544 1499 2759 I wm_task_moved: [10,1,2147483647]
11-19 05:11:48.544 1499 2759 I wm_task_to_front: [0,10]
11-19 05:11:48.544 1499 2759 I wm_focused_root_task: [0,0,1,64,RecentsAnimation.onAnimationFinished()]
11-19 05:11:48.544 13177 13177 I wm_on_top_resumed_lost_called: [245513734,com.android.music.VideoBrowserActivity,topStateChangedWhenResumed]
11-19 05:11:48.545 1499 2759 I wm_set_resumed_activity: [0,com.android.launcher3/.uioverrides.QuickstepLauncher,RecentsAnimation.onAnimationFinished()]
11-19 05:11:48.546 1499 2759 I ActivityTaskManager: FOREGROUND_APPLICATION_CHANGED to com.android.launcher3.uioverrides.QuickstepLauncher
11-19 05:11:48.546 1499 2759 I wm_set_resumed_activity: [0,com.android.launcher3/.uioverrides.QuickstepLauncher,resumeTopActivityInnerLocked]
11-19 05:11:48.549 1499 2759 I wm_resume_activity: [0,19758722,10,com.android.launcher3/.uioverrides.QuickstepLauncher]
11-19 05:11:48.553 1499 2759 W WindowManager: updateScale0.7996942
11-19 05:11:48.557 1499 2759 W WindowManager: updateScale0.7996942
11-19 05:11:48.561 1499 1638 I input_focus: [Focus request 632f7bf com.android.launcher3/com.android.launcher3.uioverrides.QuickstepLauncher,reason=UpdateInputWindows]
11-19 05:11:48.566 2802 2802 I wm_on_resume_called: [19758722,com.android.launcher3.uioverrides.QuickstepLauncher,RESUME_ACTIVITY]
11-19 05:11:48.566 2802 2802 I wm_on_top_resumed_gained_called: [19758722,com.android.launcher3.uioverrides.QuickstepLauncher,topStateChangedWhenResumed]
11-19 05:11:48.570 1499 1637 I sysui_multi_action: [757,803,799,window_time_0,802,4]
11-19 05:11:48.574 1499 1831 I input_focus: [Focus leaving recents_animation_input_consumer (server),reason=NOT_VISIBLE]
11-19 05:11:48.574 1499 1831 I input_focus: [Focus entering 632f7bf com.android.launcher3/com.android.launcher3.uioverrides.QuickstepLauncher (server),reason=setFocusedWindow]
11-19 05:11:48.676 7802 7838 W ContextImpl: Calling a method in the system process without a qualified user: android.app.ContextImpl.startService:1816 android.content.ContextWrapper.startService:774 com.thundercomm.gamemode.ingame.services.GameModeActionUtils.startGameModeService:93 com.thundercomm.gamemode.ingame.services.GameModeActionUtils.startGameModeEntry:21 com.thundercomm.gamemode.ingame.services.ActivityMonitoringService$1.onActivityLaunch:127
11-19 05:11:48.682 1499 1499 I GameModeConfig: Current uri is uri = content://com.thundercomm.gamemode.api/gamemode_settings/gamemode_isgaming
11-19 05:11:48.685 1499 1499 I GameModeConfig: isGameModeOn = false
11-19 05:11:48.686 1499 1499 I GameModeConfig: isGameModeOn = false
11-19 05:11:48.687 1499 1499 I GameModeConfig: isDisableVoice = true
11-19 05:11:49.131 0 0 I auditd : type=1400 audit(0.0:12273): avc: denied { kill } for comm="swapper/1" capability=5 scontext=u:r:kernel:s0 tcontext=u:r:kernel:s0 tclass=capability permissive=0
11-19 05:11:49.192 1499 1831 I input_interaction: Interaction with: b1bdc8c com.android.music/com.android.music.VideoBrowserActivity (server), edge-swipe (server), swipe-up (server), PointerEventDispatcher0 (server),
11-19 05:11:49.196 1499 1637 I wm_task_moved: [64,1,7]
11-19 05:11:49.196 1499 1637 I wm_task_to_front: [0,64]
11-19 05:11:49.197 1499 1637 W WindowManager: updateScale0.7996942
11-19 05:11:49.199 1499 1637 I wm_set_resumed_activity: [0,com.android.music/.VideoBrowserActivity,positionChildAt]
11-19 05:11:49.199 1499 1637 I wm_focused_root_task: [0,0,64,1,setFocusedTask]
11-19 05:11:49.200 1499 1637 I wm_set_resumed_activity: [0,com.android.music/.VideoBrowserActivity,setFocusedTask]
11-19 05:11:49.200 2802 2802 I wm_on_top_resumed_lost_called: [19758722,com.android.launcher3.uioverrides.QuickstepLauncher,topStateChangedWhenResumed]
11-19 05:11:49.200 1499 1637 I ActivityTaskManager: FOREGROUND_APPLICATION_CHANGED to com.android.music.VideoBrowserActivity
11-19 05:11:49.200 1499 1638 I input_focus: [Focus request b1bdc8c com.android.music/com.android.music.VideoBrowserActivity,reason=UpdateInputWindows]
11-19 05:11:49.206 13177 13177 I wm_on_top_resumed_gained_called: [245513734,com.android.music.VideoBrowserActivity,topStateChangedWhenResumed]
11-19 05:11:49.214 1499 1831 I input_focus: [Focus leaving 632f7bf com.android.launcher3/com.android.launcher3.uioverrides.QuickstepLauncher (server),reason=setFocusedWindow]
11-19 05:11:49.214 1499 1831 I input_focus: [Focus entering b1bdc8c com.android.music/com.android.music.VideoBrowserActivity (server),reason=setFocusedWindow]
11-19 05:11:49.336 1499 7484 I wm_relaunch_resume_activity: [0,245513734,64,com.android.music/.VideoBrowserActivity]
11-19 05:11:49.337 1499 7484 I wm_add_to_stopping: [0,19758722,com.android.launcher3/.uioverrides.QuickstepLauncher,makeInvisible]
11-19 05:11:49.339 1499 7484 D FreeFormWindowHelper: Remove freefrom task=Task{12feceb #64 type=standard A=10090:android.task.video U=0 visible=true mode=fullscreen translucent=false sz=1}
11-19 05:11:49.351 13177 13177 I wm_on_top_resumed_lost_called: [245513734,com.android.music.VideoBrowserActivity,pausing]
11-19 05:11:49.351 13177 13177 I wm_on_paused_called: [245513734,com.android.music.VideoBrowserActivity,performPause]
11-19 05:11:49.351 13177 13177 I wm_on_stop_called: [245513734,com.android.music.VideoBrowserActivity,handleRelaunchActivity]
11-19 05:11:49.351 1499 7484 W WindowManager: Attempted to set replacing window on app token with no content Token{acf2cf ActivityRecord{ea23e06 u0 com.android.music/.VideoBrowserActivity t64}}
11-19 05:11:49.354 13177 13177 I wm_on_destroy_called: [245513734,com.android.music.VideoBrowserActivity,performDestroy]
11-19 05:11:49.360 7802 7838 W ContextImpl: Calling a method in the system process without a qualified user: android.app.ContextImpl.startService:1816 android.content.ContextWrapper.startService:774 com.thundercomm.gamemode.ingame.services.GameModeActionUtils.startGameModeService:93 com.thundercomm.gamemode.ingame.services.GameModeActionUtils.startGameModeEntry:21 com.thundercomm.gamemode.ingame.services.ActivityMonitoringService$1.onActivityLaunch:127
11-19 05:11:49.366 1499 1499 I GameModeConfig: Current uri is uri = content://com.thundercomm.gamemode.api/gamemode_settings/gamemode_isgaming
11-19 05:11:49.367 1499 1499 I GameModeConfig: isGameModeOn = false
11-19 05:11:49.368 1499 1499 I GameModeConfig: isGameModeOn = false
11-19 05:11:49.368 1499 1499 I GameModeConfig: isDisableVoice = true
11-19 05:11:49.382 13177 13177 I wm_on_create_called: [245513734,com.android.music.VideoBrowserActivity,performCreate]
11-19 05:11:49.382 13177 13177 I wm_on_start_called: [245513734,com.android.music.VideoBrowserActivity,handleStartActivity]
11-19 05:11:49.384 13177 13177 I wm_on_resume_called: [245513734,com.android.music.VideoBrowserActivity,RESUME_ACTIVITY]
11-19 05:11:49.384 13177 13177 I wm_on_top_resumed_gained_called: [245513734,com.android.music.VideoBrowserActivity,topWhenResuming]
11-19 05:11:49.393 1499 4942 I WindowManager: finishDrawing of relaunch: Window{b1bdc8c u0 com.android.music/com.android.music.VideoBrowserActivity} 56ms
11-19 05:11:49.743 1499 1637 I wm_stop_activity: [0,19758722,com.android.launcher3/.uioverrides.QuickstepLauncher]
11-19 05:11:49.761 7802 7838 W ContextImpl: Calling a method in the system process without a qualified user: android.app.ContextImpl.startService:1816 android.content.ContextWrapper.startService:774 com.thundercomm.gamemode.ingame.services.GameModeActionUtils.startGameModeService:93 com.thundercomm.gamemode.ingame.services.GameModeActionUtils.startGameModeEntry:21 com.thundercomm.gamemode.ingame.services.ActivityMonitoringService$1.onActivityLaunch:127
11-19 05:11:49.766 1499 1499 I GameModeConfig: Current uri is uri = content://com.thundercomm.gamemode.api/gamemode_settings/gamemode_isgaming
11-19 05:11:49.768 1499 1499 I GameModeConfig: isGameModeOn = false
11-19 05:11:49.768 1499 1499 I GameModeConfig: isGameModeOn = false
11-19 05:11:49.768 1499 1499 I GameModeConfig: isDisableVoice = true
11-19 05:11:49.769 2802 2802 I wm_on_paused_called: [19758722,com.android.launcher3.uioverrides.QuickstepLauncher,performPause]
11-19 05:11:49.774 2802 2802 I wm_on_stop_called: [19758722,com.android.launcher3.uioverrides.QuickstepLauncher,STOP_ACTIVITY_ITEM]
11-19 05:11:49.800 7802 7838 W ContextImpl: Calling a method in the system process without a qualified user: android.app.ContextImpl.startService:1816 android.content.ContextWrapper.startService:774 com.thundercomm.gamemode.ingame.services.GameModeActionUtils.startGameModeService:93 com.thundercomm.gamemode.ingame.services.GameModeActionUtils.startGameModeEntry:21 com.thundercomm.gamemode.ingame.services.ActivityMonitoringService$1.onActivityLaunch:127
11-19 05:11:49.804 1499 1499 I GameModeConfig: Current uri is uri = content://com.thundercomm.gamemode.api/gamemode_settings/gamemode_isgaming
11-19 05:11:49.810 1499 1499 I GameModeConfig: isGameModeOn = false
11-19 05:11:49.810 1499 1499 I GameModeConfig: isGameModeOn = false
11-19 05:11:49.810 1499 1499 I GameModeConfig: isDisableVoice = true
11-19 05:11:50.618 1499 7484 I wm_task_moved: [1,0,0]
11-19 05:11:50.619 1499 7484 I wm_task_moved: [1,0,6]
11-19 05:11:50.627 2802 2802 I wm_on_restart_called: [19758722,com.android.launcher3.uioverrides.QuickstepLauncher,performRestartActivity]
11-19 05:11:50.649 7802 7838 W ContextImpl: Calling a method in the system process without a qualified user: android.app.ContextImpl.startService:1816 android.content.ContextWrapper.startService:774 com.thundercomm.gamemode.ingame.services.GameModeActionUtils.startGameModeService:93 com.thundercomm.gamemode.ingame.services.GameModeActionUtils.startGameModeEntry:21 com.thundercomm.gamemode.ingame.services.ActivityMonitoringService$1.onActivityLaunch:127
11-19 05:11:50.651 2802 2802 I wm_on_start_called: [19758722,com.android.launcher3.uioverrides.QuickstepLauncher,handleStartActivity]
11-19 05:11:50.653 1499 1499 I GameModeConfig: Current uri is uri = content://com.thundercomm.gamemode.api/gamemode_settings/gamemode_isgaming
11-19 05:11:50.655 1499 1499 I GameModeConfig: isGameModeOn = false
11-19 05:11:50.655 1499 1499 I GameModeConfig: isGameModeOn = false
11-19 05:11:50.655 1499 1499 I GameModeConfig: isDisableVoice = true
11-19 05:11:50.673 1499 1634 I sysui_multi_action: [319,14,322,48,325,13989,757,761,758,9,759,5,806,com.android.launcher3,871,com.android.launcher3.uioverrides.QuickstepLauncher,905,0,1320,8,1321,5]
11-19 05:11:50.707 13177 13177 I view_enqueue_input_event: [Motion - Cancel,com.android.music/com.android.music.VideoBrowserActivity]
11-19 05:11:50.709 2802 2802 I sysui_latency: [1,67]
11-19 05:11:50.714 1499 1638 I input_focus: [Focus request recents_animation_input_consumer,reason=UpdateInputWindows]
11-19 05:11:50.727 1499 1831 I input_interaction: Interaction with: edge-swipe (server), swipe-up (server), PointerEventDispatcher0 (server),
11-19 05:11:50.730 1499 1831 I input_focus: [Focus leaving b1bdc8c com.android.music/com.android.music.VideoBrowserActivity (server),reason=NOT_FOCUSABLE]
11-19 05:11:50.731 1499 1831 I input_focus: [Focus entering recents_animation_input_consumer (server),reason=setFocusedWindow]
11-19 05:11:50.858 1499 1759 I commit_sys_config_file: [settings-1-0,9]
11-19 05:11:50.968 1499 1644 I sysui_latency: [8,60]
11-19 05:11:51.565 1499 1759 I commit_sys_config_file: [settings-1-0,4]
11-19 05:11:52.145 1499 1831 I input_interaction: Interaction with: 632f7bf com.android.launcher3/com.android.launcher3.uioverrides.QuickstepLauncher (server), edge-swipe (server), swipe-up (server), PointerEventDispatcher0 (server),
11-19 05:11:52.257 1499 8917 D FreeFormWindowHelper: Add freeform task=Task{12feceb #64 type=standard A=10090:android.task.video U=0 visible=true mode=freeform translucent=false sz=1}
11-19 05:11:52.258 1499 8917 I wm_relaunch_resume_activity: [0,245513734,64,com.android.music/.VideoBrowserActivity]
11-19 05:11:52.260 1499 8917 I wm_task_moved: [1,1,7]
11-19 05:11:52.260 13177 13177 I wm_on_top_resumed_lost_called: [245513734,com.android.music.VideoBrowserActivity,pausing]
11-19 05:11:52.260 13177 13177 I wm_on_paused_called: [245513734,com.android.music.VideoBrowserActivity,performPause]
11-19 05:11:52.260 13177 13177 I wm_on_stop_called: [245513734,com.android.music.VideoBrowserActivity,handleRelaunchActivity]
11-19 05:11:52.262 1499 8917 I wm_focused_root_task: [0,0,1,64,startActivityFromRecents]
11-19 05:11:52.264 1499 8917 I wm_task_moved: [64,1,7]
11-19 05:11:52.264 1499 8917 I wm_set_resumed_activity: [0,com.android.music/.VideoBrowserActivity,positionChildAt]
11-19 05:11:52.264 1499 8917 I wm_focused_root_task: [0,0,64,1,moveTaskToFront findTaskToMoveToFront]
11-19 05:11:52.264 1499 8917 I wm_set_resumed_activity: [0,com.android.music/.VideoBrowserActivity,moveTaskToFront findTaskToMoveToFront]
11-19 05:11:52.266 1499 8917 W WindowManager: updateScale0.7996942
11-19 05:11:52.270 13177 13177 I wm_on_destroy_called: [245513734,com.android.music.VideoBrowserActivity,performDestroy]
11-19 05:11:52.275 1499 4942 W WindowManager: Attempted to set replacing window on app token with no content Token{acf2cf ActivityRecord{ea23e06 u0 com.android.music/.VideoBrowserActivity t64}}
11-19 05:11:52.317 13177 13177 I wm_on_create_called: [245513734,com.android.music.VideoBrowserActivity,performCreate]
11-19 05:11:52.317 13177 13177 I wm_on_start_called: [245513734,com.android.music.VideoBrowserActivity,handleStartActivity]
11-19 05:11:52.319 13177 13177 I wm_on_resume_called: [245513734,com.android.music.VideoBrowserActivity,RESUME_ACTIVITY]
11-19 05:11:52.319 13177 13177 I wm_on_top_resumed_gained_called: [245513734,com.android.music.VideoBrowserActivity,topWhenResuming]
11-19 05:11:52.321 1499 4942 W WindowManager: updateScale0.7996942
11-19 05:11:52.327 13177 13177 I wm_on_top_resumed_lost_called: [245513734,com.android.music.VideoBrowserActivity,topStateChangedWhenResumed]
11-19 05:11:52.327 1499 2759 I WindowManager: finishDrawing of relaunch: Window{b1bdc8c u0 com.android.music/com.android.music.VideoBrowserActivity} 69ms
11-19 05:11:52.328 1499 1638 W WindowManager: updateScale0.7996942
11-19 05:11:52.329 1499 1638 W WindowManager: updateScale0.7996942
11-19 05:11:52.335 13177 13177 I wm_on_top_resumed_gained_called: [245513734,com.android.music.VideoBrowserActivity,topStateChangedWhenResumed]
11-19 05:11:52.347 1499 7484 W WindowManager: updateScale0.7996942
11-19 05:11:52.348 1499 7484 W WindowManager: updateScale0.7996942
11-19 05:11:52.695 1499 7484 I wm_task_moved: [1,1,7]
11-19 05:11:52.696 1499 7484 I wm_task_moved: [10,1,2147483647]
11-19 05:11:52.696 1499 7484 I wm_task_to_front: [0,10]
11-19 05:11:52.696 13177 13177 I wm_on_top_resumed_lost_called: [245513734,com.android.music.VideoBrowserActivity,topStateChangedWhenResumed]
11-19 05:11:52.697 1499 7484 I wm_focused_root_task: [0,0,1,64,RecentsAnimation.onAnimationFinished()]
11-19 05:11:52.697 1499 7484 I wm_set_resumed_activity: [0,com.android.launcher3/.uioverrides.QuickstepLauncher,RecentsAnimation.onAnimationFinished()]
11-19 05:11:52.698 1499 7484 I ActivityTaskManager: FOREGROUND_APPLICATION_CHANGED to com.android.launcher3.uioverrides.QuickstepLauncher
11-19 05:11:52.699 1499 7484 I wm_set_resumed_activity: [0,com.android.launcher3/.uioverrides.QuickstepLauncher,resumeTopActivityInnerLocked]
11-19 05:11:52.703 1499 7484 I wm_resume_activity: [0,19758722,10,com.android.launcher3/.uioverrides.QuickstepLauncher]
11-19 05:11:52.706 1499 7484 W WindowManager: updateScale0.7996942
11-19 05:11:52.712 1499 7484 W WindowManager: updateScale0.7996942
11-19 05:11:52.716 1499 1638 I input_focus: [Focus request 632f7bf com.android.launcher3/com.android.launcher3.uioverrides.QuickstepLauncher,reason=UpdateInputWindows]
11-19 05:11:52.723 1499 1637 I sysui_multi_action: [757,803,799,window_time_0,802,5]
11-19 05:11:52.733 2802 2802 I wm_on_resume_called: [19758722,com.android.launcher3.uioverrides.QuickstepLauncher,RESUME_ACTIVITY]
11-19 05:11:52.734 2802 2802 I wm_on_top_resumed_gained_called: [19758722,com.android.launcher3.uioverrides.QuickstepLauncher,topStateChangedWhenResumed]
11-19 05:11:52.742 1499 1831 I input_focus: [Focus leaving recents_animation_input_consumer (server),reason=NOT_VISIBLE]
11-19 05:11:52.742 1499 1831 I input_focus: [Focus entering 632f7bf com.android.launcher3/com.android.launcher3.uioverrides.QuickstepLauncher (server),reason=setFocusedWindow]
11-19 05:11:52.825 7802 7838 W ContextImpl: Calling a method in the system process without a qualified user: android.app.ContextImpl.startService:1816 android.content.ContextWrapper.startService:774 com.thundercomm.gamemode.ingame.services.GameModeActionUtils.startGameModeService:93 com.thundercomm.gamemode.ingame.services.GameModeActionUtils.startGameModeEntry:21 com.thundercomm.gamemode.ingame.services.ActivityMonitoringService$1.onActivityLaunch:127
11-19 05:11:52.832 1499 1499 I GameModeConfig: Current uri is uri = content://com.thundercomm.gamemode.api/gamemode_settings/gamemode_isgaming
11-19 05:11:52.837 1499 1499 I GameModeConfig: isGameModeOn = false
11-19 05:11:52.840 1499 1499 I GameModeConfig: isGameModeOn = false
11-19 05:11:52.840 1499 1499 I GameModeConfig: isDisableVoice = true
11-19 05:11:53.345 1499 1831 I input_interaction: Interaction with: b1bdc8c com.android.music/com.android.music.VideoBrowserActivity (server), edge-swipe (server), swipe-up (server), PointerEventDispatcher0 (server),
11-19 05:11:53.346 1499 1637 I wm_task_moved: [64,1,7]
11-19 05:11:53.346 1499 1637 I wm_task_to_front: [0,64]
11-19 05:11:53.348 1499 1637 W WindowManager: updateScale0.7996942
11-19 05:11:53.350 1499 1637 I wm_set_resumed_activity: [0,com.android.music/.VideoBrowserActivity,positionChildAt]
11-19 05:11:53.350 1499 1637 I wm_focused_root_task: [0,0,64,1,setFocusedTask]
11-19 05:11:53.350 1499 1637 I wm_set_resumed_activity: [0,com.android.music/.VideoBrowserActivity,setFocusedTask]
11-19 05:11:53.351 1499 1637 I ActivityTaskManager: FOREGROUND_APPLICATION_CHANGED to com.android.music.VideoBrowserActivity
11-19 05:11:53.351 1499 1638 I input_focus: [Focus request b1bdc8c com.android.music/com.android.music.VideoBrowserActivity,reason=UpdateInputWindows]
11-19 05:11:53.352 2802 2802 I wm_on_top_resumed_lost_called: [19758722,com.android.launcher3.uioverrides.QuickstepLauncher,topStateChangedWhenResumed]
11-19 05:11:53.358 13177 13177 I wm_on_top_resumed_gained_called: [245513734,com.android.music.VideoBrowserActivity,topStateChangedWhenResumed]
11-19 05:11:53.372 1499 1831 I input_focus: [Focus leaving 632f7bf com.android.launcher3/com.android.launcher3.uioverrides.QuickstepLauncher (server),reason=setFocusedWindow]
11-19 05:11:53.372 1499 1831 I input_focus: [Focus entering b1bdc8c com.android.music/com.android.music.VideoBrowserActivity (server),reason=setFocusedWindow]
11-19 05:11:53.525 1499 7484 I wm_relaunch_resume_activity: [0,245513734,64,com.android.music/.VideoBrowserActivity]
11-19 05:11:53.525 1499 7484 I wm_add_to_stopping: [0,19758722,com.android.launcher3/.uioverrides.QuickstepLauncher,makeInvisible]
11-19 05:11:53.529 1499 7484 D FreeFormWindowHelper: Remove freefrom task=Task{12feceb #64 type=standard A=10090:android.task.video U=0 visible=true mode=fullscreen translucent=false sz=1}
11-19 05:11:53.548 13177 13177 I wm_on_top_resumed_lost_called: [245513734,com.android.music.VideoBrowserActivity,pausing]
11-19 05:11:53.548 13177 13177 I wm_on_paused_called: [245513734,com.android.music.VideoBrowserActivity,performPause]
11-19 05:11:53.548 13177 13177 I wm_on_stop_called: [245513734,com.android.music.VideoBrowserActivity,handleRelaunchActivity]
11-19 05:11:53.549 1499 8917 W WindowManager: Attempted to set replacing window on app token with no content Token{acf2cf ActivityRecord{ea23e06 u0 com.android.music/.VideoBrowserActivity t64}}
11-19 05:11:53.549 13177 13177 I wm_on_destroy_called: [245513734,com.android.music.VideoBrowserActivity,performDestroy]
11-19 05:11:53.560 7802 7838 W ContextImpl: Calling a method in the system process without a qualified user: android.app.ContextImpl.startService:1816 android.content.ContextWrapper.startService:774 com.thundercomm.gamemode.ingame.services.GameModeActionUtils.startGameModeService:93 com.thundercomm.gamemode.ingame.services.GameModeActionUtils.startGameModeEntry:21 com.thundercomm.gamemode.ingame.services.ActivityMonitoringService$1.onActivityLaunch:127
11-19 05:11:53.563 1499 1499 I GameModeConfig: Current uri is uri = content://com.thundercomm.gamemode.api/gamemode_settings/gamemode_isgaming
11-19 05:11:53.565 1499 1499 I GameModeConfig: isGameModeOn = false
11-19 05:11:53.566 1499 1499 I GameModeConfig: isGameModeOn = false
11-19 05:11:53.566 1499 1499 I GameModeConfig: isDisableVoice = true
11-19 05:11:53.571 13177 13177 I wm_on_create_called: [245513734,com.android.music.VideoBrowserActivity,performCreate]
11-19 05:11:53.571 13177 13177 I wm_on_start_called: [245513734,com.android.music.VideoBrowserActivity,handleStartActivity]
11-19 05:11:53.572 13177 13177 I wm_on_resume_called: [245513734,com.android.music.VideoBrowserActivity,RESUME_ACTIVITY]
11-19 05:11:53.572 13177 13177 I wm_on_top_resumed_gained_called: [245513734,com.android.music.VideoBrowserActivity,topWhenResuming]
11-19 05:11:53.582 1499 4942 I WindowManager: finishDrawing of relaunch: Window{b1bdc8c u0 com.android.music/com.android.music.VideoBrowserActivity} 57ms
11-19 05:11:53.937 1499 1637 I wm_stop_activity: [0,19758722,com.android.launcher3/.uioverrides.QuickstepLauncher]
11-19 05:11:53.951 7802 7838 W ContextImpl: Calling a method in the system process without a qualified user: android.app.ContextImpl.startService:1816 android.content.ContextWrapper.startService:774 com.thundercomm.gamemode.ingame.services.GameModeActionUtils.startGameModeService:93 com.thundercomm.gamemode.ingame.services.GameModeActionUtils.startGameModeEntry:21 com.thundercomm.gamemode.ingame.services.ActivityMonitoringService$1.onActivityLaunch:127
11-19 05:11:53.956 1499 1499 I GameModeConfig: Current uri is uri = content://com.thundercomm.gamemode.api/gamemode_settings/gamemode_isgaming
11-19 05:11:53.960 1499 1499 I GameModeConfig: isGameModeOn = false
11-19 05:11:53.960 1499 1499 I GameModeConfig: isGameModeOn = false
11-19 05:11:53.960 1499 1499 I GameModeConfig: isDisableVoice = true
11-19 05:11:53.970 2802 2802 I wm_on_paused_called: [19758722,com.android.launcher3.uioverrides.QuickstepLauncher,performPause]
11-19 05:11:53.974 2802 2802 I wm_on_stop_called: [19758722,com.android.launcher3.uioverrides.QuickstepLauncher,STOP_ACTIVITY_ITEM]
11-19 05:11:53.996 7802 7838 W ContextImpl: Calling a method in the system process without a qualified user: android.app.ContextImpl.startService:1816 android.content.ContextWrapper.startService:774 com.thundercomm.gamemode.ingame.services.GameModeActionUtils.startGameModeService:93 com.thundercomm.gamemode.ingame.services.GameModeActionUtils.startGameModeEntry:21 com.thundercomm.gamemode.ingame.services.ActivityMonitoringService$1.onActivityLaunch:127
11-19 05:11:53.999 1499 1499 I GameModeConfig: Current uri is uri = content://com.thundercomm.gamemode.api/gamemode_settings/gamemode_isgaming
11-19 05:11:54.001 1499 1499 I GameModeConfig: isGameModeOn = false
11-19 05:11:54.001 1499 1499 I GameModeConfig: isGameModeOn = false
11-19 05:11:54.002 1499 1499 I GameModeConfig: isDisableVoice = true
11-19 05:11:54.131 0 0 I auditd : type=1400 audit(0.0:12274): avc: denied { kill } for comm="swapper/1" capability=5 scontext=u:r:kernel:s0 tcontext=u:r:kernel:s0 tclass=capability permissive=0
11-19 05:11:55.131 0 0 I auditd : type=1400 audit(0.0:12275): avc: denied { kill } for comm="swapper/1" capability=5 scontext=u:r:kernel:s0 tcontext=u:r:kernel:s0 tclass=capability permissive=0
11-19 05:11:55.199 1499 7484 I wm_task_moved: [1,0,0]
11-19 05:11:55.200 1499 7484 I wm_task_moved: [1,0,6]
11-19 05:11:55.232 2802 2802 I wm_on_restart_called: [19758722,com.android.launcher3.uioverrides.QuickstepLauncher,performRestartActivity]
11-19 05:11:55.251 7802 7838 W ContextImpl: Calling a method in the system process without a qualified user: android.app.ContextImpl.startService:1816 android.content.ContextWrapper.startService:774 com.thundercomm.gamemode.ingame.services.GameModeActionUtils.startGameModeService:93 com.thundercomm.gamemode.ingame.services.GameModeActionUtils.startGameModeEntry:21 com.thundercomm.gamemode.ingame.services.ActivityMonitoringService$1.onActivityLaunch:127
11-19 05:11:55.251 2802 2802 I wm_on_start_called: [19758722,com.android.launcher3.uioverrides.QuickstepLauncher,handleStartActivity]
11-19 05:11:55.258 1499 1499 I GameModeConfig: Current uri is uri = content://com.thundercomm.gamemode.api/gamemode_settings/gamemode_isgaming
11-19 05:11:55.260 1499 1499 I GameModeConfig: isGameModeOn = false
11-19 05:11:55.260 1499 1499 I GameModeConfig: isGameModeOn = false
11-19 05:11:55.260 1499 1499 I GameModeConfig: isDisableVoice = true
11-19 05:11:55.268 1499 1634 I sysui_multi_action: [319,25,322,64,325,13994,757,761,758,9,759,5,806,com.android.launcher3,871,com.android.launcher3.uioverrides.QuickstepLauncher,905,0,1320,8,1321,5]
11-19 05:11:55.313 13177 13177 I view_enqueue_input_event: [Motion - Cancel,com.android.music/com.android.music.VideoBrowserActivity]
11-19 05:11:55.314 2802 2802 I sysui_latency: [1,83]
11-19 05:11:55.319 1499 1638 I input_focus: [Focus request recents_animation_input_consumer,reason=UpdateInputWindows]
11-19 05:11:55.322 1499 1831 I input_interaction: Interaction with: edge-swipe (server), swipe-up (server), PointerEventDispatcher0 (server),
11-19 05:11:55.356 1499 1831 I input_focus: [Focus leaving b1bdc8c com.android.music/com.android.music.VideoBrowserActivity (server),reason=NOT_FOCUSABLE]
11-19 05:11:55.356 1499 1831 I input_focus: [Focus entering recents_animation_input_consumer (server),reason=setFocusedWindow]
11-19 05:11:55.459 1499 1759 I commit_sys_config_file: [settings-1-0,9]
11-19 05:11:55.564 1499 1644 I sysui_latency: [8,80]
11-19 05:11:56.131 0 0 I auditd : type=1400 audit(0.0:12276): avc: denied { kill } for comm="swapper/1" capability=5 scontext=u:r:kernel:s0 tcontext=u:r:kernel:s0 tclass=capability permissive=0
11-19 05:11:56.284 1499 1759 I commit_sys_config_file: [settings-1-0,4]
11-19 05:11:56.848 1499 1831 I input_interaction: Interaction with: 632f7bf com.android.launcher3/com.android.launcher3.uioverrides.QuickstepLauncher (server), edge-swipe (server), swipe-up (server), PointerEventDispatcher0 (server),
11-19 05:11:57.285 1499 8917 I wm_task_moved: [1,0,6]
11-19 05:11:57.289 1499 8917 I wm_add_to_stopping: [0,19758722,com.android.launcher3/.uioverrides.QuickstepLauncher,makeInvisible]
11-19 05:11:57.296 1499 1638 I input_focus: [Focus request b1bdc8c com.android.music/com.android.music.VideoBrowserActivity,reason=UpdateInputWindows]
11-19 05:11:57.299 1499 1637 I wm_stop_activity: [0,19758722,com.android.launcher3/.uioverrides.QuickstepLauncher]
11-19 05:11:57.311 1499 1831 I input_focus: [Focus leaving recents_animation_input_consumer (server),reason=NOT_VISIBLE]
11-19 05:11:57.311 1499 1831 I input_focus: [Focus entering b1bdc8c com.android.music/com.android.music.VideoBrowserActivity (server),reason=setFocusedWindow]
11-19 05:11:57.338 2802 2802 I wm_on_stop_called: [19758722,com.android.launcher3.uioverrides.QuickstepLauncher,STOP_ACTIVITY_ITEM]
11-19 05:11:57.348 1499 1644 W UsageStatsService: Unexpected activity event reported! (com.android.launcher3/com.android.launcher3.uioverrides.QuickstepLauncher event : 23 instanceId : 69626717)
11-19 05:11:57.358 7802 7838 W ContextImpl: Calling a method in the system process without a qualified user: android.app.ContextImpl.startService:1816 android.content.ContextWrapper.startService:774 com.thundercomm.gamemode.ingame.services.GameModeActionUtils.startGameModeService:93 com.thundercomm.gamemode.ingame.services.GameModeActionUtils.startGameModeEntry:21 com.thundercomm.gamemode.ingame.services.ActivityMonitoringService$1.onActivityLaunch:127
11-19 05:11:57.363 1499 1499 I GameModeConfig: Current uri is uri = content://com.thundercomm.gamemode.api/gamemode_settings/gamemode_isgaming
11-19 05:11:57.367 1499 1499 I GameModeConfig: isGameModeOn = false
11-19 05:11:57.367 1499 1499 I GameModeConfig: isGameModeOn = false
11-19 05:11:57.367 1499 1499 I GameModeConfig: isDisableVoice = true
11-19 05:11:58.043 1499 1645 I am_uid_idle: 10050
11-19 05:11:58.131 0 0 I auditd : type=1400 audit(0.0:12277): avc: denied { kill } for comm="swapper/1" capability=5 scontext=u:r:kernel:s0 tcontext=u:r:kernel:s0 tclass=capability permissive=0
11-19 05:11:58.426 1499 1831 I input_interaction: Interaction with: b1bdc8c com.android.music/com.android.music.VideoBrowserActivity (server), edge-swipe (server), swipe-up (server), PointerEventDispatcher0 (server),
11-19 05:11:58.443 1499 2437 I wm_task_moved: [1,0,0]
11-19 05:11:58.444 1499 2437 I wm_task_moved: [1,0,6]
11-19 05:11:58.462 2802 2802 I wm_on_restart_called: [19758722,com.android.launcher3.uioverrides.QuickstepLauncher,performRestartActivity]
11-19 05:11:58.477 2802 2802 I wm_on_start_called: [19758722,com.android.launcher3.uioverrides.QuickstepLauncher,handleStartActivity]
11-19 05:11:58.482 7802 7838 W ContextImpl: Calling a method in the system process without a qualified user: android.app.ContextImpl.startService:1816 android.content.ContextWrapper.startService:774 com.thundercomm.gamemode.ingame.services.GameModeActionUtils.startGameModeService:93 com.thundercomm.gamemode.ingame.services.GameModeActionUtils.startGameModeEntry:21 com.thundercomm.gamemode.ingame.services.ActivityMonitoringService$1.onActivityLaunch:127
11-19 05:11:58.487 1499 1499 I GameModeConfig: Current uri is uri = content://com.thundercomm.gamemode.api/gamemode_settings/gamemode_isgaming
11-19 05:11:58.489 1499 1499 I GameModeConfig: isGameModeOn = false
11-19 05:11:58.489 1499 1499 I GameModeConfig: isGameModeOn = false
11-19 05:11:58.489 1499 1499 I GameModeConfig: isDisableVoice = true
11-19 05:11:58.504 1499 1634 I sysui_multi_action: [319,12,322,48,325,13997,757,761,758,9,759,5,806,com.android.launcher3,871,com.android.launcher3.uioverrides.QuickstepLauncher,905,0,1320,8,1321,5]
11-19 05:11:58.520 13177 13177 I view_enqueue_input_event: [Motion - Cancel,com.android.music/com.android.music.VideoBrowserActivity]
11-19 05:11:58.521 2802 2802 I sysui_latency: [1,63]
11-19 05:11:58.527 1499 1638 I input_focus: [Focus request recents_animation_input_consumer,reason=UpdateInputWindows]
11-19 05:11:58.527 1499 1831 I input_interaction: Interaction with: edge-swipe (server), swipe-up (server), PointerEventDispatcher0 (server),
11-19 05:11:58.546 1499 1831 I input_focus: [Focus leaving b1bdc8c com.android.music/com.android.music.VideoBrowserActivity (server),reason=NOT_FOCUSABLE]
11-19 05:11:58.547 1499 1831 I input_focus: [Focus entering recents_animation_input_consumer (server),reason=setFocusedWindow]
11-19 05:11:58.681 1499 1759 I commit_sys_config_file: [settings-1-0,5]
11-19 05:11:58.794 1499 1644 I sysui_latency: [8,60]
11-19 05:11:59.131 13211 13211 I auditd : type=1400 audit(0.0:12278): avc: denied { kill } for comm="kworker/u16:7" capability=5 scontext=u:r:kernel:s0 tcontext=u:r:kernel:s0 tclass=capability permissive=0
11-19 05:11:59.386 1499 1759 I commit_sys_config_file: [settings-1-0,5]
11-19 05:11:59.852 1499 1831 I input_interaction: Interaction with: 632f7bf com.android.launcher3/com.android.launcher3.uioverrides.QuickstepLauncher (server), edge-swipe (server), swipe-up (server), PointerEventDispatcher0 (server),
11-19 05:11:59.997 1499 7484 D FreeFormWindowHelper: Add freeform task=Task{12feceb #64 type=standard A=10090:android.task.video U=0 visible=true mode=freeform translucent=false sz=1}
11-19 05:12:00.001 1499 7484 I wm_relaunch_resume_activity: [0,245513734,64,com.android.music/.VideoBrowserActivity]
11-19 05:12:00.002 1499 7484 I wm_task_moved: [1,1,7]
11-19 05:12:00.002 13177 13177 I wm_on_top_resumed_lost_called: [245513734,com.android.music.VideoBrowserActivity,pausing]
11-19 05:12:00.003 13177 13177 I wm_on_paused_called: [245513734,com.android.music.VideoBrowserActivity,performPause]
11-19 05:12:00.003 13177 13177 I wm_on_stop_called: [245513734,com.android.music.VideoBrowserActivity,handleRelaunchActivity]
11-19 05:12:00.007 13177 13177 I wm_on_destroy_called: [245513734,com.android.music.VideoBrowserActivity,performDestroy]
11-19 05:12:00.015 1499 7484 I wm_focused_root_task: [0,0,1,64,startActivityFromRecents]
11-19 05:12:00.016 1499 7484 I wm_task_moved: [64,1,7]
11-19 05:12:00.016 1499 7484 I wm_set_resumed_activity: [0,com.android.music/.VideoBrowserActivity,positionChildAt]
11-19 05:12:00.016 1499 7484 I wm_focused_root_task: [0,0,64,1,moveTaskToFront findTaskToMoveToFront]
11-19 05:12:00.016 1499 7484 I wm_set_resumed_activity: [0,com.android.music/.VideoBrowserActivity,moveTaskToFront findTaskToMoveToFront]
11-19 05:12:00.018 1499 7484 W WindowManager: updateScale0.7996942
11-19 05:12:00.027 1499 8917 W WindowManager: Attempted to set replacing window on app token with no content Token{acf2cf ActivityRecord{ea23e06 u0 com.android.music/.VideoBrowserActivity t64}}
11-19 05:12:00.065 13177 13177 I wm_on_create_called: [245513734,com.android.music.VideoBrowserActivity,performCreate]
11-19 05:12:00.066 13177 13177 I wm_on_start_called: [245513734,com.android.music.VideoBrowserActivity,handleStartActivity]
11-19 05:12:00.067 13177 13177 I wm_on_resume_called: [245513734,com.android.music.VideoBrowserActivity,RESUME_ACTIVITY]
11-19 05:12:00.067 13177 13177 I wm_on_top_resumed_gained_called: [245513734,com.android.music.VideoBrowserActivity,topWhenResuming]
11-19 05:12:00.070 1499 7484 W WindowManager: updateScale0.7996942
11-19 05:12:00.077 13177 13177 I wm_on_top_resumed_lost_called: [245513734,com.android.music.VideoBrowserActivity,topStateChangedWhenResumed]
11-19 05:12:00.077 1499 7484 I WindowManager: finishDrawing of relaunch: Window{b1bdc8c u0 com.android.music/com.android.music.VideoBrowserActivity} 77ms
11-19 05:12:00.078 1499 1638 W WindowManager: updateScale0.7996942
11-19 05:12:00.079 1499 1638 W WindowManager: updateScale0.7996942
11-19 05:12:00.087 13177 13177 I wm_on_top_resumed_gained_called: [245513734,com.android.music.VideoBrowserActivity,topStateChangedWhenResumed]
11-19 05:12:00.099 1499 4942 W WindowManager: updateScale0.7996942
11-19 05:12:00.100 1499 4942 W WindowManager: updateScale0.7996942
11-19 05:12:00.131 0 0 I auditd : type=1400 audit(0.0:12279): avc: denied { kill } for comm="swapper/1" capability=5 scontext=u:r:kernel:s0 tcontext=u:r:kernel:s0 tclass=capability permissive=0
11-19 05:12:00.447 1499 2437 I wm_task_moved: [1,1,7]
11-19 05:12:00.447 1499 2437 I wm_task_moved: [10,1,2147483647]
11-19 05:12:00.447 1499 2437 I wm_task_to_front: [0,10]
11-19 05:12:00.447 1499 2437 I wm_focused_root_task: [0,0,1,64,RecentsAnimation.onAnimationFinished()]
11-19 05:12:00.448 1499 2437 I wm_set_resumed_activity: [0,com.android.launcher3/.uioverrides.QuickstepLauncher,RecentsAnimation.onAnimationFinished()]
11-19 05:12:00.449 1499 2437 I ActivityTaskManager: FOREGROUND_APPLICATION_CHANGED to com.android.launcher3.uioverrides.QuickstepLauncher
11-19 05:12:00.449 1499 2437 I wm_set_resumed_activity: [0,com.android.launcher3/.uioverrides.QuickstepLauncher,resumeTopActivityInnerLocked]
11-19 05:12:00.452 1499 2437 I wm_resume_activity: [0,19758722,10,com.android.launcher3/.uioverrides.QuickstepLauncher]
11-19 05:12:00.455 1499 2437 W WindowManager: updateScale0.7996942
11-19 05:12:00.459 1499 2437 W WindowManager: updateScale0.7996942
11-19 05:12:00.461 13177 13177 I wm_on_top_resumed_lost_called: [245513734,com.android.music.VideoBrowserActivity,topStateChangedWhenResumed]
11-19 05:12:00.461 1499 1638 I input_focus: [Focus request 632f7bf com.android.launcher3/com.android.launcher3.uioverrides.QuickstepLauncher,reason=UpdateInputWindows]
11-19 05:12:00.475 2802 2802 I wm_on_resume_called: [19758722,com.android.launcher3.uioverrides.QuickstepLauncher,RESUME_ACTIVITY]
11-19 05:12:00.475 2802 2802 I wm_on_top_resumed_gained_called: [19758722,com.android.launcher3.uioverrides.QuickstepLauncher,topStateChangedWhenResumed]
11-19 05:12:00.475 1499 1831 I input_focus: [Focus leaving recents_animation_input_consumer (server),reason=NOT_VISIBLE]
11-19 05:12:00.476 1499 1831 I input_focus: [Focus entering 632f7bf com.android.launcher3/com.android.launcher3.uioverrides.QuickstepLauncher (server),reason=setFocusedWindow]
11-19 05:12:00.479 1499 1637 I sysui_multi_action: [757,803,799,window_time_0,802,7]
11-19 05:12:00.571 7802 7838 W ContextImpl: Calling a method in the system process without a qualified user: android.app.ContextImpl.startService:1816 android.content.ContextWrapper.startService:774 com.thundercomm.gamemode.ingame.services.GameModeActionUtils.startGameModeService:93 com.thundercomm.gamemode.ingame.services.GameModeActionUtils.startGameModeEntry:21 com.thundercomm.gamemode.ingame.services.ActivityMonitoringService$1.onActivityLaunch:127
11-19 05:12:00.577 1499 1499 I GameModeConfig: Current uri is uri = content://com.thundercomm.gamemode.api/gamemode_settings/gamemode_isgaming
11-19 05:12:00.581 1499 1499 I GameModeConfig: isGameModeOn = false
11-19 05:12:00.582 1499 1499 I GameModeConfig: isGameModeOn = false
11-19 05:12:00.582 1499 1499 I GameModeConfig: isDisableVoice = true
11-19 05:12:01.082 1499 1831 I input_interaction: Interaction with: b1bdc8c com.android.music/com.android.music.VideoBrowserActivity (server), edge-swipe (server), swipe-up (server), PointerEventDispatcher0 (server),
11-19 05:12:01.084 1499 1637 I wm_task_moved: [64,1,7]
11-19 05:12:01.084 1499 1637 I wm_task_to_front: [0,64]
11-19 05:12:01.085 1499 1637 W WindowManager: updateScale0.7996942
11-19 05:12:01.088 1499 1637 I wm_set_resumed_activity: [0,com.android.music/.VideoBrowserActivity,positionChildAt]
11-19 05:12:01.088 1499 1637 I wm_focused_root_task: [0,0,64,1,setFocusedTask]
11-19 05:12:01.088 1499 1637 I wm_set_resumed_activity: [0,com.android.music/.VideoBrowserActivity,setFocusedTask]
11-19 05:12:01.088 2802 2802 I wm_on_top_resumed_lost_called: [19758722,com.android.launcher3.uioverrides.QuickstepLauncher,topStateChangedWhenResumed]
11-19 05:12:01.088 1499 1637 I ActivityTaskManager: FOREGROUND_APPLICATION_CHANGED to com.android.music.VideoBrowserActivity
11-19 05:12:01.090 1499 1638 I input_focus: [Focus request b1bdc8c com.android.music/com.android.music.VideoBrowserActivity,reason=UpdateInputWindows]
11-19 05:12:01.092 13177 13177 I wm_on_top_resumed_gained_called: [245513734,com.android.music.VideoBrowserActivity,topStateChangedWhenResumed]
11-19 05:12:01.120 1499 1831 I input_focus: [Focus leaving 632f7bf com.android.launcher3/com.android.launcher3.uioverrides.QuickstepLauncher (server),reason=setFocusedWindow]
11-19 05:12:01.121 1499 1831 I input_focus: [Focus entering b1bdc8c com.android.music/com.android.music.VideoBrowserActivity (server),reason=setFocusedWindow]
11-19 05:12:01.131 0 0 I auditd : type=1400 audit(0.0:12280): avc: denied { kill } for comm="swapper/1" capability=5 scontext=u:r:kernel:s0 tcontext=u:r:kernel:s0 tclass=capability permissive=0
11-19 05:12:01.244 1499 4942 I wm_relaunch_resume_activity: [0,245513734,64,com.android.music/.VideoBrowserActivity]
11-19 05:12:01.245 1499 4942 I wm_add_to_stopping: [0,19758722,com.android.launcher3/.uioverrides.QuickstepLauncher,makeInvisible]
11-19 05:12:01.248 1499 4942 D FreeFormWindowHelper: Remove freefrom task=Task{12feceb #64 type=standard A=10090:android.task.video U=0 visible=true mode=fullscreen translucent=false sz=1}
11-19 05:12:01.267 13177 13177 I wm_on_top_resumed_lost_called: [245513734,com.android.music.VideoBrowserActivity,pausing]
11-19 05:12:01.267 13177 13177 I wm_on_paused_called: [245513734,com.android.music.VideoBrowserActivity,performPause]
11-19 05:12:01.267 13177 13177 I wm_on_stop_called: [245513734,com.android.music.VideoBrowserActivity,handleRelaunchActivity]
11-19 05:12:01.267 1499 4942 W WindowManager: Attempted to set replacing window on app token with no content Token{acf2cf ActivityRecord{ea23e06 u0 com.android.music/.VideoBrowserActivity t64}}
11-19 05:12:01.268 13177 13177 I wm_on_destroy_called: [245513734,com.android.music.VideoBrowserActivity,performDestroy]
11-19 05:12:01.273 7802 7838 W ContextImpl: Calling a method in the system process without a qualified user: android.app.ContextImpl.startService:1816 android.content.ContextWrapper.startService:774 com.thundercomm.gamemode.ingame.services.GameModeActionUtils.startGameModeService:93 com.thundercomm.gamemode.ingame.services.GameModeActionUtils.startGameModeEntry:21 com.thundercomm.gamemode.ingame.services.ActivityMonitoringService$1.onActivityLaunch:127
11-19 05:12:01.278 1499 1499 I GameModeConfig: Current uri is uri = content://com.thundercomm.gamemode.api/gamemode_settings/gamemode_isgaming
11-19 05:12:01.279 1499 1499 I GameModeConfig: isGameModeOn = false
