11-22 06:07:29.065 1489 1650 I am_wtf : [0,1489,system_server,-1,DisplayDeviceConfig,requesting nits when no mapping exists.]
11-22 06:07:29.066 1489 1650 I am_wtf : [0,1489,system_server,-1,DisplayDeviceConfig,requesting nits when no mapping exists.]
11-22 06:07:29.081 1489 1650 I am_wtf : [0,1489,system_server,-1,DisplayDeviceConfig,requesting nits when no mapping exists.]
11-22 06:07:29.082 1489 1650 I am_wtf : [0,1489,system_server,-1,DisplayDeviceConfig,requesting nits when no mapping exists.]
11-22 06:07:29.098 1489 1650 I am_wtf : [0,1489,system_server,-1,DisplayDeviceConfig,requesting nits when no mapping exists.]
11-22 06:07:29.099 1489 1650 I am_wtf : [0,1489,system_server,-1,DisplayDeviceConfig,requesting nits when no mapping exists.]
11-22 06:07:29.115 1489 1650 I am_wtf : [0,1489,system_server,-1,DisplayDeviceConfig,requesting nits when no mapping exists.]
11-22 06:07:29.116 1489 1650 I am_wtf : [0,1489,system_server,-1,DisplayDeviceConfig,requesting nits when no mapping exists.]
11-22 06:07:29.131 1489 1650 I am_wtf : [0,1489,system_server,-1,DisplayDeviceConfig,requesting nits when no mapping exists.]
11-22 06:07:29.133 1489 1650 I am_wtf : [0,1489,system_server,-1,DisplayDeviceConfig,requesting nits when no mapping exists.]
11-22 06:07:29.148 1489 1650 I am_wtf : [0,1489,system_server,-1,DisplayDeviceConfig,requesting nits when no mapping exists.]
11-22 06:07:29.149 1489 1650 I am_wtf : [0,1489,system_server,-1,DisplayDeviceConfig,requesting nits when no mapping exists.]
11-22 06:07:29.165 1489 1650 I am_wtf : [0,1489,system_server,-1,DisplayDeviceConfig,requesting nits when no mapping exists.]
11-22 06:07:29.167 1489 1650 I am_wtf : [0,1489,system_server,-1,DisplayDeviceConfig,requesting nits when no mapping exists.]
11-22 06:07:29.182 1489 1650 I am_wtf : [0,1489,system_server,-1,DisplayDeviceConfig,requesting nits when no mapping exists.]
11-22 06:07:29.184 1489 1650 I am_wtf : [0,1489,system_server,-1,DisplayDeviceConfig,requesting nits when no mapping exists.]
11-22 06:07:29.199 1489 1650 I am_wtf : [0,1489,system_server,-1,DisplayDeviceConfig,requesting nits when no mapping exists.]
11-22 06:07:29.200 1489 1650 I am_wtf : [0,1489,system_server,-1,DisplayDeviceConfig,requesting nits when no mapping exists.]
11-22 06:07:29.215 1489 1650 I am_wtf : [0,1489,system_server,-1,DisplayDeviceConfig,requesting nits when no mapping exists.]
11-22 06:07:29.216 1489 1650 I am_wtf : [0,1489,system_server,-1,DisplayDeviceConfig,requesting nits when no mapping exists.]
11-22 06:07:29.232 1489 1650 I am_wtf : [0,1489,system_server,-1,DisplayDeviceConfig,requesting nits when no mapping exists.]
11-22 06:07:29.233 1489 1650 I am_wtf : [0,1489,system_server,-1,DisplayDeviceConfig,requesting nits when no mapping exists.]
11-22 06:07:29.248 1489 1650 I am_wtf : [0,1489,system_server,-1,DisplayDeviceConfig,requesting nits when no mapping exists.]
11-22 06:07:29.249 1489 1650 I am_wtf : [0,1489,system_server,-1,DisplayDeviceConfig,requesting nits when no mapping exists.]
11-22 06:07:29.265 1489 1650 I am_wtf : [0,1489,system_server,-1,DisplayDeviceConfig,requesting nits when no mapping exists.]
11-22 06:07:29.266 1489 1650 I am_wtf : [0,1489,system_server,-1,DisplayDeviceConfig,requesting nits when no mapping exists.]
11-22 06:07:29.282 1489 1650 I am_wtf : [0,1489,system_server,-1,DisplayDeviceConfig,requesting nits when no mapping exists.]
11-22 06:07:29.284 1489 1650 I am_wtf : [0,1489,system_server,-1,DisplayDeviceConfig,requesting nits when no mapping exists.]
11-22 06:07:29.299 1489 1650 I am_wtf : [0,1489,system_server,-1,DisplayDeviceConfig,requesting nits when no mapping exists.]
11-22 06:07:29.299 1489 1650 I am_wtf : [0,1489,system_server,-1,DisplayDeviceConfig,requesting nits when no mapping exists.]
11-22 06:07:29.316 1489 1650 I am_wtf : [0,1489,system_server,-1,DisplayDeviceConfig,requesting nits when no mapping exists.]
11-22 06:07:29.318 1489 1650 I am_wtf : [0,1489,system_server,-1,DisplayDeviceConfig,requesting nits when no mapping exists.]
11-22 06:07:29.332 1489 1650 I am_wtf : [0,1489,system_server,-1,DisplayDeviceConfig,requesting nits when no mapping exists.]
11-22 06:07:29.334 1489 1650 I am_wtf : [0,1489,system_server,-1,DisplayDeviceConfig,requesting nits when no mapping exists.]
11-22 06:07:29.349 1489 1650 I am_wtf : [0,1489,system_server,-1,DisplayDeviceConfig,requesting nits when no mapping exists.]
11-22 06:07:29.351 1489 1650 I am_wtf : [0,1489,system_server,-1,DisplayDeviceConfig,requesting nits when no mapping exists.]
11-22 06:07:29.369 1489 1650 I am_wtf : [0,1489,system_server,-1,DisplayDeviceConfig,requesting nits when no mapping exists.]
11-22 06:07:29.370 1489 1650 I am_wtf : [0,1489,system_server,-1,DisplayDeviceConfig,requesting nits when no mapping exists.]
11-22 06:07:46.838 1489 1631 I sysui_multi_action: [757,222,758,1]
11-22 06:07:46.857 1489 1648 I am_pss : [13160,10060,com.android.soundrecorder,41198592,37097472,0,155484160,0,2,11]
11-22 06:07:46.859 1489 1596 I wm_task_created: [132,-1]
11-22 06:07:46.865 1489 1596 I wm_task_moved: [132,1,9]
11-22 06:07:46.865 1489 1596 I wm_task_to_front: [0,132]
11-22 06:07:46.866 1489 1596 I wm_create_task: [0,132]
11-22 06:07:46.866 1489 1596 I wm_create_activity: [0,238987596,132,com.thundercomm.screensaver/android.service.dreams.DreamActivity,NULL,NULL,NULL,276824064]
11-22 06:07:46.866 1489 1596 I wm_task_moved: [132,1,9]
11-22 06:07:46.869 1489 1596 I wm_pause_activity: [0,168390208,com.android.launcher3/.uioverrides.QuickstepLauncher,userLeaving=true,pauseBackTasks]
11-22 06:07:46.871 13160 13160 I wm_on_top_resumed_lost_called: [208101914,com.android.soundrecorder.filelist.FileListActivity,topStateChangedWhenResumed]
11-22 06:07:46.871 2840 2840 I wm_on_paused_called: [168390208,com.android.launcher3.uioverrides.QuickstepLauncher,performPause]
11-22 06:07:46.873 1489 1648 I am_pss : [13022,1000,com.android.settings,45655040,33316864,0,174325760,0,15,12]
11-22 06:07:46.885 1489 1597 I wm_add_to_stopping: [0,168390208,com.android.launcher3/.uioverrides.QuickstepLauncher,makeInvisible]
11-22 06:07:46.886 1489 1597 I wm_restart_activity: [0,238987596,132,com.thundercomm.screensaver/android.service.dreams.DreamActivity]
11-22 06:07:46.889 1489 1597 I wm_set_resumed_activity: [0,com.thundercomm.screensaver/android.service.dreams.DreamActivity,minimalResumeActivityLocked]
11-22 06:07:46.901 1489 1634 I sysui_multi_action: [757,803,799,window_time_2,802,37]
11-22 06:07:46.902 10138 10138 I wm_on_create_called: [238987596,android.service.dreams.DreamActivity,performCreate]
11-22 06:07:46.902 10138 10138 I wm_on_start_called: [238987596,android.service.dreams.DreamActivity,handleStartActivity]
11-22 06:07:46.903 10138 10138 I wm_on_resume_called: [238987596,android.service.dreams.DreamActivity,RESUME_ACTIVITY]
11-22 06:07:46.911 10138 10138 I wm_on_top_resumed_gained_called: [238987596,android.service.dreams.DreamActivity,topStateChangedWhenResumed]
11-22 06:07:46.934 1489 1636 I input_focus: [Focus request 9ea9b76 com.thundercomm.screensaver/android.service.dreams.DreamActivity,reason=UpdateInputWindows]
11-22 06:07:46.938 1489 1489 I notification_enqueue: [10082,2375,com.android.systemui,2048,NULL,0,Notification(channel=updateNotification shortcut=null contentView=null vibrate=null sound=null defaults=0x0 flags=0x0 color=0x00000000 vis=PRIVATE),1]
11-22 06:07:46.939 2375 2375 I sysui_multi_action: [757,111,758,2]
11-22 06:07:46.939 2375 2375 I sysui_multi_action: [757,111,758,2]
11-22 06:07:46.945 1489 2012 I input_focus: [Focus leaving 63e4727 com.android.soundrecorder/com.android.soundrecorder.filelist.FileListActivity (server),reason=Waiting for window because NOT_VISIBLE]
11-22 06:07:46.949 1489 1666 I sysui_multi_action: [757,1696,758,6,759,3]
11-22 06:07:46.952 1489 1631 I sysui_multi_action: [319,93,322,92,325,11455,757,761,758,8,759,2,806,com.thundercomm.screensaver,871,android.service.dreams.DreamActivity,904,com.thundercomm.screensaver,905,0,1320,4,1321,2]
11-22 06:07:46.955 2375 2375 I sysui_multi_action: [757,111,758,1]
11-22 06:07:46.955 2375 2375 I sysui_multi_action: [757,126,758,1,759,126,927,0,928,1,1593,0]
11-22 06:07:46.955 2375 2375 I sysui_multi_action: [757,113,758,1,759,113,927,1,928,1,1593,0]
11-22 06:07:46.955 2375 2375 I sysui_multi_action: [757,0,758,1,759,0,927,2,928,0,1593,0]
11-22 06:07:46.955 2375 2375 I sysui_multi_action: [757,0,758,1,759,0,927,3,928,0,1593,0]
11-22 06:07:46.955 2375 2375 I sysui_multi_action: [757,491,758,1,759,491,927,4,928,0,1311,-1,1593,0]
11-22 06:07:46.955 2375 2375 I sysui_multi_action: [757,0,758,1,759,0,927,5,928,0,1593,0]
11-22 06:07:46.955 2375 2375 I sysui_multi_action: [757,114,758,1,759,114,927,6,928,0,1593,0]
11-22 06:07:46.956 2375 2375 I sysui_multi_action: [757,111,758,1]
11-22 06:07:46.956 2375 2375 I sysui_multi_action: [757,126,758,1,759,126,927,0,928,1,1593,0]
11-22 06:07:46.956 2375 2375 I sysui_multi_action: [757,113,758,1,759,113,927,1,928,1,1593,0]
11-22 06:07:46.956 2375 2375 I sysui_multi_action: [757,0,758,1,759,0,927,2,928,0,1593,0]
11-22 06:07:46.956 2375 2375 I sysui_multi_action: [757,0,758,1,759,0,927,3,928,0,1593,0]
11-22 06:07:46.958 1489 1631 I wm_activity_launch_time: [0,238987596,com.thundercomm.screensaver/android.service.dreams.DreamActivity,92]
11-22 06:07:46.964 1489 1650 I am_wtf : [0,1489,system_server,-1,DisplayDeviceConfig,requesting nits when no mapping exists.]
11-22 06:07:46.970 1489 1650 I am_wtf : [0,1489,system_server,-1,DisplayDeviceConfig,requesting nits when no mapping exists.]
11-22 06:07:46.977 1489 1650 I am_wtf : [0,1489,system_server,-1,DisplayDeviceConfig,requesting nits when no mapping exists.]
11-22 06:07:46.978 1489 2012 I input_focus: [Focus entering 9ea9b76 com.thundercomm.screensaver/android.service.dreams.DreamActivity (server),reason=Window became focusable. Previous reason: NOT_VISIBLE]
11-22 06:07:46.979 1489 1650 I am_wtf : [0,1489,system_server,-1,DisplayDeviceConfig,requesting nits when no mapping exists.]
11-22 06:07:46.994 1489 1650 I am_wtf : [0,1489,system_server,-1,DisplayDeviceConfig,requesting nits when no mapping exists.]
11-22 06:07:47.005 1489 1650 I am_wtf : [0,1489,system_server,-1,DisplayDeviceConfig,requesting nits when no mapping exists.]
11-22 06:07:47.013 1489 1650 I am_wtf : [0,1489,system_server,-1,DisplayDeviceConfig,requesting nits when no mapping exists.]
11-22 06:07:47.013 1489 1650 I am_wtf : [0,1489,system_server,-1,DisplayDeviceConfig,requesting nits when no mapping exists.]
11-22 06:07:47.027 1489 1650 I am_wtf : [0,1489,system_server,-1,DisplayDeviceConfig,requesting nits when no mapping exists.]
11-22 06:07:47.028 1489 1650 I am_wtf : [0,1489,system_server,-1,DisplayDeviceConfig,requesting nits when no mapping exists.]
11-22 06:07:47.046 1489 1650 I am_wtf : [0,1489,system_server,-1,DisplayDeviceConfig,requesting nits when no mapping exists.]
11-22 06:07:47.049 1489 1650 I am_wtf : [0,1489,system_server,-1,DisplayDeviceConfig,requesting nits when no mapping exists.]
11-22 06:07:47.063 1489 1650 I am_wtf : [0,1489,system_server,-1,DisplayDeviceConfig,requesting nits when no mapping exists.]
11-22 06:07:47.064 1489 1650 I am_wtf : [0,1489,system_server,-1,DisplayDeviceConfig,requesting nits when no mapping exists.]
11-22 06:07:47.079 1489 1650 I am_wtf : [0,1489,system_server,-1,DisplayDeviceConfig,requesting nits when no mapping exists.]
11-22 06:07:47.082 1489 1650 I am_wtf : [0,1489,system_server,-1,DisplayDeviceConfig,requesting nits when no mapping exists.]
11-22 06:07:47.098 1489 1650 I am_wtf : [0,1489,system_server,-1,DisplayDeviceConfig,requesting nits when no mapping exists.]
11-22 06:07:47.100 1489 1650 I am_wtf : [0,1489,system_server,-1,DisplayDeviceConfig,requesting nits when no mapping exists.]
11-22 06:07:47.112 1489 1650 I am_wtf : [0,1489,system_server,-1,DisplayDeviceConfig,requesting nits when no mapping exists.]
11-22 06:07:47.114 1489 1650 I am_wtf : [0,1489,system_server,-1,DisplayDeviceConfig,requesting nits when no mapping exists.]
11-22 06:07:47.130 1489 1650 I am_wtf : [0,1489,system_server,-1,DisplayDeviceConfig,requesting nits when no mapping exists.]
11-22 06:07:47.131 1489 1650 I am_wtf : [0,1489,system_server,-1,DisplayDeviceConfig,requesting nits when no mapping exists.]
11-22 06:07:47.145 1489 1650 I am_wtf : [0,1489,system_server,-1,DisplayDeviceConfig,requesting nits when no mapping exists.]
11-22 06:07:47.145 1489 1650 I am_wtf : [0,1489,system_server,-1,DisplayDeviceConfig,requesting nits when no mapping exists.]
11-22 06:07:47.164 1489 1650 I am_wtf : [0,1489,system_server,-1,DisplayDeviceConfig,requesting nits when no mapping exists.]
11-22 06:07:47.165 1489 1650 I am_wtf : [0,1489,system_server,-1,DisplayDeviceConfig,requesting nits when no mapping exists.]
11-22 06:07:47.178 1489 1650 I am_wtf : [0,1489,system_server,-1,DisplayDeviceConfig,requesting nits when no mapping exists.]
11-22 06:07:47.179 1489 1650 I am_wtf : [0,1489,system_server,-1,DisplayDeviceConfig,requesting nits when no mapping exists.]
11-22 06:07:47.196 1489 1650 I am_wtf : [0,1489,system_server,-1,DisplayDeviceConfig,requesting nits when no mapping exists.]
11-22 06:07:47.197 1489 1650 I am_wtf : [0,1489,system_server,-1,DisplayDeviceConfig,requesting nits when no mapping exists.]
11-22 06:07:47.211 1489 1650 I am_wtf : [0,1489,system_server,-1,DisplayDeviceConfig,requesting nits when no mapping exists.]
11-22 06:07:47.213 1489 1650 I am_wtf : [0,1489,system_server,-1,DisplayDeviceConfig,requesting nits when no mapping exists.]
11-22 06:07:47.228 1489 1650 I am_wtf : [0,1489,system_server,-1,DisplayDeviceConfig,requesting nits when no mapping exists.]
11-22 06:07:47.231 1489 1650 I am_wtf : [0,1489,system_server,-1,DisplayDeviceConfig,requesting nits when no mapping exists.]
11-22 06:07:47.250 1489 1634 I wm_stop_activity: [0,168390208,com.android.launcher3/.uioverrides.QuickstepLauncher]
11-22 06:07:47.255 1489 1650 I am_wtf : [0,1489,system_server,-1,DisplayDeviceConfig,requesting nits when no mapping exists.]
11-22 06:07:47.255 1489 1650 I am_wtf : [0,1489,system_server,-1,DisplayDeviceConfig,requesting nits when no mapping exists.]
11-22 06:07:47.263 1489 1650 I am_wtf : [0,1489,system_server,-1,DisplayDeviceConfig,requesting nits when no mapping exists.]
11-22 06:07:47.264 1489 1650 I am_wtf : [0,1489,system_server,-1,DisplayDeviceConfig,requesting nits when no mapping exists.]
11-22 06:07:47.283 1489 1650 I am_wtf : [0,1489,system_server,-1,DisplayDeviceConfig,requesting nits when no mapping exists.]
11-22 06:07:47.284 1489 1650 I am_wtf : [0,1489,system_server,-1,DisplayDeviceConfig,requesting nits when no mapping exists.]
11-22 06:07:47.286 2840 2840 I wm_on_stop_called: [168390208,com.android.launcher3.uioverrides.QuickstepLauncher,STOP_ACTIVITY_ITEM]
11-22 06:07:47.294 1489 1650 I am_wtf : [0,1489,system_server,-1,DisplayDeviceConfig,requesting nits when no mapping exists.]
11-22 06:07:47.296 1489 1650 I am_wtf : [0,1489,system_server,-1,DisplayDeviceConfig,requesting nits when no mapping exists.]
11-22 06:07:47.313 1489 1650 I am_wtf : [0,1489,system_server,-1,DisplayDeviceConfig,requesting nits when no mapping exists.]
11-22 06:07:47.314 1489 1650 I am_wtf : [0,1489,system_server,-1,DisplayDeviceConfig,requesting nits when no mapping exists.]
11-22 06:07:47.325 1489 1650 I am_wtf : [0,1489,system_server,-1,DisplayDeviceConfig,requesting nits when no mapping exists.]
11-22 06:07:47.326 1489 1650 I am_wtf : [0,1489,system_server,-1,DisplayDeviceConfig,requesting nits when no mapping exists.]
11-22 06:07:47.342 1489 1650 I am_wtf : [0,1489,system_server,-1,DisplayDeviceConfig,requesting nits when no mapping exists.]
11-22 06:07:47.343 1489 1650 I am_wtf : [0,1489,system_server,-1,DisplayDeviceConfig,requesting nits when no mapping exists.]
11-22 06:07:47.359 1489 1650 I am_wtf : [0,1489,system_server,-1,DisplayDeviceConfig,requesting nits when no mapping exists.]
11-22 06:07:47.360 1489 1650 I am_wtf : [0,1489,system_server,-1,DisplayDeviceConfig,requesting nits when no mapping exists.]
11-22 06:07:47.376 1489 1650 I am_wtf : [0,1489,system_server,-1,DisplayDeviceConfig,requesting nits when no mapping exists.]
11-22 06:07:47.377 1489 1650 I am_wtf : [0,1489,system_server,-1,DisplayDeviceConfig,requesting nits when no mapping exists.]
11-22 06:07:47.392 1489 1650 I am_wtf : [0,1489,system_server,-1,DisplayDeviceConfig,requesting nits when no mapping exists.]
11-22 06:07:47.393 1489 1650 I service_manager_stats: [100,68,18375]
11-22 06:07:47.394 1489 1650 I am_wtf : [0,1489,system_server,-1,DisplayDeviceConfig,requesting nits when no mapping exists.]
11-22 06:07:47.409 1489 1650 I am_wtf : [0,1489,system_server,-1,DisplayDeviceConfig,requesting nits when no mapping exists.]
11-22 06:07:47.411 1489 1650 I am_wtf : [0,1489,system_server,-1,DisplayDeviceConfig,requesting nits when no mapping exists.]
11-22 06:07:47.426 1489 1650 I am_wtf : [0,1489,system_server,-1,DisplayDeviceConfig,requesting nits when no mapping exists.]
11-22 06:07:47.427 1489 1650 I am_wtf : [0,1489,system_server,-1,DisplayDeviceConfig,requesting nits when no mapping exists.]
11-22 06:07:47.443 1489 1650 I am_wtf : [0,1489,system_server,-1,DisplayDeviceConfig,requesting nits when no mapping exists.]
11-22 06:07:47.444 1489 1650 I am_wtf : [0,1489,system_server,-1,DisplayDeviceConfig,requesting nits when no mapping exists.]
11-22 06:07:47.461 1489 1650 I am_wtf : [0,1489,system_server,-1,DisplayDeviceConfig,requesting nits when no mapping exists.]
11-22 06:07:47.462 1489 1650 I am_wtf : [0,1489,system_server,-1,DisplayDeviceConfig,requesting nits when no mapping exists.]
11-22 06:07:47.477 1489 1650 I am_wtf : [0,1489,system_server,-1,DisplayDeviceConfig,requesting nits when no mapping exists.]
11-22 06:07:47.478 1489 1650 I am_wtf : [0,1489,system_server,-1,DisplayDeviceConfig,requesting nits when no mapping exists.]
11-22 06:07:47.494 1489 1650 I am_wtf : [0,1489,system_server,-1,DisplayDeviceConfig,requesting nits when no mapping exists.]
11-22 06:07:47.496 1489 1650 I am_wtf : [0,1489,system_server,-1,DisplayDeviceConfig,requesting nits when no mapping exists.]
11-22 06:07:47.511 1489 1650 I am_wtf : [0,1489,system_server,-1,DisplayDeviceConfig,requesting nits when no mapping exists.]
11-22 06:07:47.511 1489 1650 I am_wtf : [0,1489,system_server,-1,DisplayDeviceConfig,requesting nits when no mapping exists.]
11-22 06:07:47.528 1489 1650 I am_wtf : [0,1489,system_server,-1,DisplayDeviceConfig,requesting nits when no mapping exists.]
11-22 06:07:47.529 1489 1650 I am_wtf : [0,1489,system_server,-1,DisplayDeviceConfig,requesting nits when no mapping exists.]
11-22 06:07:47.544 1489 1650 I am_wtf : [0,1489,system_server,-1,DisplayDeviceConfig,requesting nits when no mapping exists.]
11-22 06:07:47.546 1489 1650 I am_wtf : [0,1489,system_server,-1,DisplayDeviceConfig,requesting nits when no mapping exists.]
11-22 06:07:47.563 1489 1650 I am_wtf : [0,1489,system_server,-1,DisplayDeviceConfig,requesting nits when no mapping exists.]
11-22 06:07:47.564 1489 1650 I am_wtf : [0,1489,system_server,-1,DisplayDeviceConfig,requesting nits when no mapping exists.]
11-22 06:07:47.577 1489 1650 I am_wtf : [0,1489,system_server,-1,DisplayDeviceConfig,requesting nits when no mapping exists.]
11-22 06:07:47.579 1489 1650 I am_wtf : [0,1489,system_server,-1,DisplayDeviceConfig,requesting nits when no mapping exists.]
11-22 06:07:47.593 1489 1650 I am_wtf : [0,1489,system_server,-1,DisplayDeviceConfig,requesting nits when no mapping exists.]
11-22 06:07:47.594 1489 1650 I am_wtf : [0,1489,system_server,-1,DisplayDeviceConfig,requesting nits when no mapping exists.]
11-22 06:07:47.611 1489 1650 I am_wtf : [0,1489,system_server,-1,DisplayDeviceConfig,requesting nits when no mapping exists.]
11-22 06:07:47.612 1489 1650 I am_wtf : [0,1489,system_server,-1,DisplayDeviceConfig,requesting nits when no mapping exists.]
11-22 06:07:47.627 1489 1650 I am_wtf : [0,1489,system_server,-1,DisplayDeviceConfig,requesting nits when no mapping exists.]
11-22 06:07:47.628 1489 1650 I am_wtf : [0,1489,system_server,-1,DisplayDeviceConfig,requesting nits when no mapping exists.]
11-22 06:07:47.644 1489 1650 I am_wtf : [0,1489,system_server,-1,DisplayDeviceConfig,requesting nits when no mapping exists.]
11-22 06:07:47.645 1489 1650 I am_wtf : [0,1489,system_server,-1,DisplayDeviceConfig,requesting nits when no mapping exists.]
11-22 06:07:47.662 1489 1650 I am_wtf : [0,1489,system_server,-1,DisplayDeviceConfig,requesting nits when no mapping exists.]
11-22 06:07:47.663 1489 1650 I am_wtf : [0,1489,system_server,-1,DisplayDeviceConfig,requesting nits when no mapping exists.]
11-22 06:07:47.677 1489 1650 I am_wtf : [0,1489,system_server,-1,DisplayDeviceConfig,requesting nits when no mapping exists.]
11-22 06:07:47.679 1489 1650 I am_wtf : [0,1489,system_server,-1,DisplayDeviceConfig,requesting nits when no mapping exists.]
11-22 06:07:47.693 1489 1650 I am_wtf : [0,1489,system_server,-1,DisplayDeviceConfig,requesting nits when no mapping exists.]
11-22 06:07:47.694 1489 1650 I am_wtf : [0,1489,system_server,-1,DisplayDeviceConfig,requesting nits when no mapping exists.]
11-22 06:07:47.711 1489 1650 I am_wtf : [0,1489,system_server,-1,DisplayDeviceConfig,requesting nits when no mapping exists.]
11-22 06:07:47.712 1489 1650 I am_wtf : [0,1489,system_server,-1,DisplayDeviceConfig,requesting nits when no mapping exists.]
11-22 06:07:47.727 1489 1650 I am_wtf : [0,1489,system_server,-1,DisplayDeviceConfig,requesting nits when no mapping exists.]
11-22 06:07:47.728 1489 1650 I am_wtf : [0,1489,system_server,-1,DisplayDeviceConfig,requesting nits when no mapping exists.]
11-22 06:07:47.744 1489 1650 I am_wtf : [0,1489,system_server,-1,DisplayDeviceConfig,requesting nits when no mapping exists.]
11-22 06:07:47.744 1489 1650 I am_wtf : [0,1489,system_server,-1,DisplayDeviceConfig,requesting nits when no mapping exists.]
11-22 06:07:47.761 1489 1650 I am_wtf : [0,1489,system_server,-1,DisplayDeviceConfig,requesting nits when no mapping exists.]
11-22 06:07:47.762 1489 1650 I am_wtf : [0,1489,system_server,-1,DisplayDeviceConfig,requesting nits when no mapping exists.]
11-22 06:07:47.777 1489 1650 I am_wtf : [0,1489,system_server,-1,DisplayDeviceConfig,requesting nits when no mapping exists.]
11-22 06:07:47.779 1489 1650 I am_wtf : [0,1489,system_server,-1,DisplayDeviceConfig,requesting nits when no mapping exists.]
11-22 06:07:47.794 1489 1650 I am_wtf : [0,1489,system_server,-1,DisplayDeviceConfig,requesting nits when no mapping exists.]
11-22 06:07:47.794 1489 1650 I am_wtf : [0,1489,system_server,-1,DisplayDeviceConfig,requesting nits when no mapping exists.]
11-22 06:07:47.810 1489 1650 I am_wtf : [0,1489,system_server,-1,DisplayDeviceConfig,requesting nits when no mapping exists.]
11-22 06:07:47.812 1489 1650 I am_wtf : [0,1489,system_server,-1,DisplayDeviceConfig,requesting nits when no mapping exists.]
11-22 06:07:47.827 1489 1650 I am_wtf : [0,1489,system_server,-1,DisplayDeviceConfig,requesting nits when no mapping exists.]
11-22 06:07:47.830 1489 1650 I am_wtf : [0,1489,system_server,-1,DisplayDeviceConfig,requesting nits when no mapping exists.]
11-22 06:07:47.844 1489 1650 I am_wtf : [0,1489,system_server,-1,DisplayDeviceConfig,requesting nits when no mapping exists.]
11-22 06:07:47.845 1489 1650 I am_wtf : [0,1489,system_server,-1,DisplayDeviceConfig,requesting nits when no mapping exists.]
11-22 06:07:47.861 1489 1650 I am_wtf : [0,1489,system_server,-1,DisplayDeviceConfig,requesting nits when no mapping exists.]
11-22 06:07:47.862 1489 1650 I am_wtf : [0,1489,system_server,-1,DisplayDeviceConfig,requesting nits when no mapping exists.]
11-22 06:07:47.877 1489 1650 I am_wtf : [0,1489,system_server,-1,DisplayDeviceConfig,requesting nits when no mapping exists.]
11-22 06:07:47.878 1489 1650 I am_wtf : [0,1489,system_server,-1,DisplayDeviceConfig,requesting nits when no mapping exists.]
11-22 06:07:47.894 1489 1650 I am_wtf : [0,1489,system_server,-1,DisplayDeviceConfig,requesting nits when no mapping exists.]
11-22 06:07:47.895 1489 1650 I am_wtf : [0,1489,system_server,-1,DisplayDeviceConfig,requesting nits when no mapping exists.]
11-22 06:07:47.910 1489 1650 I am_wtf : [0,1489,system_server,-1,DisplayDeviceConfig,requesting nits when no mapping exists.]
11-22 06:07:47.911 1489 1650 I am_wtf : [0,1489,system_server,-1,DisplayDeviceConfig,requesting nits when no mapping exists.]
11-22 06:08:10.398 1489 2012 I input_interaction: Interaction with: 9ea9b76 com.thundercomm.screensaver/android.service.dreams.DreamActivity (server), edge-swipe (server), swipe-up (server), PointerEventDispatcher0 (server),
11-22 06:08:10.402 1489 2808 I wm_finish_activity: [0,238987596,132,com.thundercomm.screensaver/android.service.dreams.DreamActivity,finish-activity]
11-22 06:08:10.402 1489 2808 I wm_task_moved: [131,1,8]
11-22 06:08:10.402 1489 2808 I wm_task_to_front: [0,131]
11-22 06:08:10.404 1489 2808 I wm_set_resumed_activity: [0,com.android.soundrecorder/.filelist.FileListActivity,positionChildAt]
11-22 06:08:10.404 1489 2808 I wm_focused_root_task: [0,0,131,132,finish-top adjustFocusToNextFocusableTask]
11-22 06:08:10.404 1489 2808 I wm_set_resumed_activity: [0,com.android.soundrecorder/.filelist.FileListActivity,finish-top]
11-22 06:08:10.405 1489 2808 I wm_pause_activity: [0,238987596,com.thundercomm.screensaver/android.service.dreams.DreamActivity,userLeaving=false,finish]
11-22 06:08:10.416 10138 10138 I wm_on_top_resumed_lost_called: [238987596,android.service.dreams.DreamActivity,topStateChangedWhenResumed]
11-22 06:08:10.418 1489 1634 I sysui_multi_action: [757,803,799,window_time_0,802,23]
11-22 06:08:10.418 10138 10138 I wm_on_paused_called: [238987596,android.service.dreams.DreamActivity,performPause]
11-22 06:08:10.421 13160 13160 I wm_on_top_resumed_gained_called: [208101914,com.android.soundrecorder.filelist.FileListActivity,topStateChangedWhenResumed]
11-22 06:08:10.424 1489 2799 I wm_resume_activity: [0,168390208,10,com.android.launcher3/.uioverrides.QuickstepLauncher]
11-22 06:08:10.439 10138 10138 I view_enqueue_input_event: [Motion - Cancel,com.thundercomm.screensaver/android.service.dreams.DreamActivity]
11-22 06:08:10.440 1489 2012 I input_focus: [Focus leaving 9ea9b76 com.thundercomm.screensaver/android.service.dreams.DreamActivity (server),reason=NO_WINDOW]
11-22 06:08:10.443 2840 2840 I wm_on_restart_called: [168390208,com.android.launcher3.uioverrides.QuickstepLauncher,performRestartActivity]
11-22 06:08:10.444 2840 2840 I wm_on_start_called: [168390208,com.android.launcher3.uioverrides.QuickstepLauncher,handleStartActivity]
11-22 06:08:10.445 1489 1636 I input_focus: [Focus request 63e4727 com.android.soundrecorder/com.android.soundrecorder.filelist.FileListActivity,reason=UpdateInputWindows]
11-22 06:08:10.445 2840 2840 I wm_on_resume_called: [168390208,com.android.launcher3.uioverrides.QuickstepLauncher,RESUME_ACTIVITY]
11-22 06:08:10.445 1489 1634 I sysui_multi_action: [757,803,799,window_time_2,802,0]
11-22 06:08:10.450 1489 2012 I input_focus: [Focus entering 63e4727 com.android.soundrecorder/com.android.soundrecorder.filelist.FileListActivity (server),reason=setFocusedWindow]
11-22 06:08:10.542 1489 2799 I wm_destroy_activity: [0,238987596,132,com.thundercomm.screensaver/android.service.dreams.DreamActivity,finish-idle]
11-22 06:08:10.544 10138 10138 I wm_on_stop_called: [238987596,android.service.dreams.DreamActivity,LIFECYCLER_STOP_ACTIVITY]
11-22 06:08:10.544 10138 10138 I wm_on_destroy_called: [238987596,android.service.dreams.DreamActivity,performDestroy]
11-22 06:08:10.548 1489 1631 I sysui_multi_action: [757,222,758,2]
11-22 06:08:10.548 1489 1631 I sysui_multi_action: [757,804,799,dreaming_minutes,801,0,802,1]
11-22 06:08:10.567 1489 1648 I am_pss : [13160,10060,com.android.soundrecorder,41550848,37449728,0,155832320,0,2,8]
11-22 06:08:10.577 1489 1648 I am_pss : [13022,1000,com.android.settings,45659136,33320960,0,174329856,0,15,8]
11-22 06:08:10.750 1489 1636 I wm_task_removed: [132,removeChild:removeChild last r=ActivityRecord{e3ea94c u0 com.thundercomm.screensaver/android.service.dreams.DreamActivity t-1 f}} in t=Task{f01dd81 #132 type=dream A=10051:android:com.thundercomm.screensaver/dream U=0 visible=false mode=fullscreen translucent=true sz=0}]
11-22 06:08:10.750 1489 1636 I wm_task_removed: [132,removeChild]
11-22 06:08:12.665 1489 2012 I input_interaction: Interaction with: 63e4727 com.android.soundrecorder/com.android.soundrecorder.filelist.FileListActivity (server), edge-swipe (server), swipe-up (server), PointerEventDispatcher0 (server),
11-22 06:08:12.785 1489 1596 I wm_relaunch_resume_activity: [0,208101914,131,com.android.soundrecorder/.filelist.FileListActivity]
11-22 06:08:12.785 1489 1596 I wm_relaunch_activity: [0,12416408,131,com.android.soundrecorder/.SoundRecorder]
11-22 06:08:12.802 13160 13160 I wm_on_top_resumed_lost_called: [208101914,com.android.soundrecorder.filelist.FileListActivity,pausing]
11-22 06:08:12.802 13160 13160 I wm_on_paused_called: [208101914,com.android.soundrecorder.filelist.FileListActivity,performPause]
11-22 06:08:12.802 13160 13160 I wm_on_stop_called: [208101914,com.android.soundrecorder.filelist.FileListActivity,handleRelaunchActivity]
11-22 06:08:12.806 13160 13160 I wm_on_destroy_called: [208101914,com.android.soundrecorder.filelist.FileListActivity,performDestroy]
11-22 06:08:12.829 13160 13160 I wm_on_create_called: [208101914,com.android.soundrecorder.filelist.FileListActivity,performCreate]
11-22 06:08:12.835 13160 13160 I wm_on_start_called: [208101914,com.android.soundrecorder.filelist.FileListActivity,handleStartActivity]
11-22 06:08:12.846 13160 13160 I wm_on_resume_called: [208101914,com.android.soundrecorder.filelist.FileListActivity,RESUME_ACTIVITY]
11-22 06:08:12.846 13160 13160 I wm_on_top_resumed_gained_called: [208101914,com.android.soundrecorder.filelist.FileListActivity,topWhenResuming]
11-22 06:08:12.852 13160 13160 I wm_on_stop_called: [12416408,com.android.soundrecorder.SoundRecorder,handleRelaunchActivity]
11-22 06:08:12.853 13160 13160 I wm_on_destroy_called: [12416408,com.android.soundrecorder.SoundRecorder,performDestroy]
11-22 06:08:12.865 13160 13160 I wm_on_create_called: [12416408,com.android.soundrecorder.SoundRecorder,performCreate]
11-22 06:08:12.865 13160 13160 I wm_on_start_called: [12416408,com.android.soundrecorder.SoundRecorder,handleStartActivity]
11-22 06:08:12.866 13160 13160 I wm_on_resume_called: [12416408,com.android.soundrecorder.SoundRecorder,LIFECYCLER_RESUME_ACTIVITY]
11-22 06:08:12.867 13160 13160 I wm_on_paused_called: [12416408,com.android.soundrecorder.SoundRecorder,performPause]
11-22 06:08:13.807 1489 2799 I wm_relaunch_resume_activity: [0,208101914,131,com.android.soundrecorder/.filelist.FileListActivity]
11-22 06:08:13.807 1489 2799 I wm_relaunch_activity: [0,12416408,131,com.android.soundrecorder/.SoundRecorder]
11-22 06:08:13.826 13160 13160 I wm_on_top_resumed_lost_called: [208101914,com.android.soundrecorder.filelist.FileListActivity,pausing]
11-22 06:08:13.826 13160 13160 I wm_on_paused_called: [208101914,com.android.soundrecorder.filelist.FileListActivity,performPause]
11-22 06:08:13.827 13160 13160 I wm_on_stop_called: [208101914,com.android.soundrecorder.filelist.FileListActivity,handleRelaunchActivity]
11-22 06:08:13.830 13160 13160 I wm_on_destroy_called: [208101914,com.android.soundrecorder.filelist.FileListActivity,performDestroy]
11-22 06:08:13.854 13160 13160 I wm_on_create_called: [208101914,com.android.soundrecorder.filelist.FileListActivity,performCreate]
11-22 06:08:13.861 13160 13160 I wm_on_start_called: [208101914,com.android.soundrecorder.filelist.FileListActivity,handleStartActivity]
11-22 06:08:13.872 13160 13160 I wm_on_resume_called: [208101914,com.android.soundrecorder.filelist.FileListActivity,RESUME_ACTIVITY]
11-22 06:08:13.872 13160 13160 I wm_on_top_resumed_gained_called: [208101914,com.android.soundrecorder.filelist.FileListActivity,topWhenResuming]
11-22 06:08:13.877 13160 13160 I wm_on_stop_called: [12416408,com.android.soundrecorder.SoundRecorder,handleRelaunchActivity]
11-22 06:08:13.878 13160 13160 I wm_on_destroy_called: [12416408,com.android.soundrecorder.SoundRecorder,performDestroy]
11-22 06:08:13.892 13160 13160 I wm_on_create_called: [12416408,com.android.soundrecorder.SoundRecorder,performCreate]
11-22 06:08:13.892 13160 13160 I wm_on_start_called: [12416408,com.android.soundrecorder.SoundRecorder,handleStartActivity]
11-22 06:08:13.893 13160 13160 I wm_on_resume_called: [12416408,com.android.soundrecorder.SoundRecorder,LIFECYCLER_RESUME_ACTIVITY]
11-22 06:08:13.895 13160 13160 I wm_on_paused_called: [12416408,com.android.soundrecorder.SoundRecorder,performPause]
11-22 06:08:14.809 1489 1596 I wm_relaunch_resume_activity: [0,208101914,131,com.android.soundrecorder/.filelist.FileListActivity]
11-22 06:08:14.810 1489 1596 I wm_add_to_stopping: [0,12416408,com.android.soundrecorder/.SoundRecorder,makeInvisible]
11-22 06:08:14.811 1489 1596 I wm_add_to_stopping: [0,168390208,com.android.launcher3/.uioverrides.QuickstepLauncher,makeInvisible]
11-22 06:08:14.814 1489 1634 I wm_relaunch_activity: [0,12416408,131,com.android.soundrecorder/.SoundRecorder]
11-22 06:08:14.825 13160 13160 I wm_on_top_resumed_lost_called: [208101914,com.android.soundrecorder.filelist.FileListActivity,pausing]
11-22 06:08:14.825 13160 13160 I wm_on_paused_called: [208101914,com.android.soundrecorder.filelist.FileListActivity,performPause]
11-22 06:08:14.825 13160 13160 I wm_on_stop_called: [208101914,com.android.soundrecorder.filelist.FileListActivity,handleRelaunchActivity]
11-22 06:08:14.833 13160 13160 I wm_on_destroy_called: [208101914,com.android.soundrecorder.filelist.FileListActivity,performDestroy]
11-22 06:08:14.854 13160 13160 I wm_on_create_called: [208101914,com.android.soundrecorder.filelist.FileListActivity,performCreate]
11-22 06:08:14.860 13160 13160 I wm_on_start_called: [208101914,com.android.soundrecorder.filelist.FileListActivity,handleStartActivity]
11-22 06:08:14.870 13160 13160 I wm_on_resume_called: [208101914,com.android.soundrecorder.filelist.FileListActivity,RESUME_ACTIVITY]
11-22 06:08:14.870 13160 13160 I wm_on_top_resumed_gained_called: [208101914,com.android.soundrecorder.filelist.FileListActivity,topWhenResuming]
11-22 06:08:14.874 13160 13160 I wm_on_stop_called: [12416408,com.android.soundrecorder.SoundRecorder,handleRelaunchActivity]
11-22 06:08:14.874 13160 13160 I wm_on_destroy_called: [12416408,com.android.soundrecorder.SoundRecorder,performDestroy]
11-22 06:08:14.887 13160 13160 I wm_on_create_called: [12416408,com.android.soundrecorder.SoundRecorder,performCreate]
11-22 06:08:14.887 13160 13160 I wm_on_start_called: [12416408,com.android.soundrecorder.SoundRecorder,handleStartActivity]
11-22 06:08:14.889 13160 13160 I wm_on_resume_called: [12416408,com.android.soundrecorder.SoundRecorder,LIFECYCLER_RESUME_ACTIVITY]
11-22 06:08:14.890 13160 13160 I wm_on_paused_called: [12416408,com.android.soundrecorder.SoundRecorder,performPause]
11-22 06:08:15.184 1489 1634 I wm_stop_activity: [0,168390208,com.android.launcher3/.uioverrides.QuickstepLauncher]
11-22 06:08:15.210 2840 2840 I wm_on_paused_called: [168390208,com.android.launcher3.uioverrides.QuickstepLauncher,performPause]
11-22 06:08:15.218 2840 2840 I wm_on_stop_called: [168390208,com.android.launcher3.uioverrides.QuickstepLauncher,STOP_ACTIVITY_ITEM]
11-22 06:08:16.163 1489 2851 I wm_task_moved: [1,0,0]
11-22 06:08:16.164 1489 2851 I wm_task_moved: [1,0,7]
11-22 06:08:16.176 2840 2840 I wm_on_restart_called: [168390208,com.android.launcher3.uioverrides.QuickstepLauncher,performRestartActivity]
11-22 06:08:16.208 2840 2840 I wm_on_start_called: [168390208,com.android.launcher3.uioverrides.QuickstepLauncher,handleStartActivity]
11-22 06:08:16.242 1489 1631 I sysui_multi_action: [319,12,322,61,325,11484,757,761,758,9,759,5,806,com.android.launcher3,871,com.android.launcher3.uioverrides.QuickstepLauncher,905,0,1320,8,1321,5]
11-22 06:08:16.368 13160 13160 I view_enqueue_input_event: [Motion - Cancel,com.android.soundrecorder/com.android.soundrecorder.filelist.FileListActivity]
11-22 06:08:16.371 1489 2012 I input_interaction: Interaction with: edge-swipe (server), swipe-up (server), PointerEventDispatcher0 (server),
11-22 06:08:16.371 2840 2840 I sysui_latency: [1,83]
11-22 06:08:16.402 1489 1636 I input_focus: [Focus request recents_animation_input_consumer,reason=UpdateInputWindows]
11-22 06:08:16.410 1489 1751 I commit_sys_config_file: [settings-1-0,3]
11-22 06:08:16.432 1489 2012 I input_focus: [Focus leaving 63e4727 com.android.soundrecorder/com.android.soundrecorder.filelist.FileListActivity (server),reason=NOT_FOCUSABLE]
11-22 06:08:16.432 1489 2012 I input_focus: [Focus entering recents_animation_input_consumer (server),reason=setFocusedWindow]
11-22 06:08:16.527 1489 1648 I sysui_latency: [8,81]
11-22 06:08:16.862 1489 2799 I wm_task_moved: [1,0,7]
11-22 06:08:16.865 1489 2799 I wm_add_to_stopping: [0,168390208,com.android.launcher3/.uioverrides.QuickstepLauncher,makeInvisible]
11-22 06:08:16.882 1489 1636 I input_focus: [Focus request 63e4727 com.android.soundrecorder/com.android.soundrecorder.filelist.FileListActivity,reason=UpdateInputWindows]
11-22 06:08:16.885 1489 1634 I wm_stop_activity: [0,168390208,com.android.launcher3/.uioverrides.QuickstepLauncher]
11-22 06:08:16.900 1489 2012 I input_focus: [Focus leaving recents_animation_input_consumer (server),reason=NOT_VISIBLE]
11-22 06:08:16.901 1489 2012 I input_focus: [Focus entering 63e4727 com.android.soundrecorder/com.android.soundrecorder.filelist.FileListActivity (server),reason=setFocusedWindow]
11-22 06:08:16.939 2840 2840 I wm_on_stop_called: [168390208,com.android.launcher3.uioverrides.QuickstepLauncher,STOP_ACTIVITY_ITEM]
11-22 06:08:17.126 1489 1751 I commit_sys_config_file: [settings-1-0,5]
11-22 06:08:25.852 1489 2012 I input_interaction: Interaction with: 63e4727 com.android.soundrecorder/com.android.soundrecorder.filelist.FileListActivity (server), edge-swipe (server), swipe-up (server), PointerEventDispatcher0 (server),
11-22 06:08:25.869 1489 2799 I wm_task_moved: [1,0,0]
11-22 06:08:25.869 1489 2799 I wm_task_moved: [1,0,7]
11-22 06:08:25.894 2840 2840 I wm_on_restart_called: [168390208,com.android.launcher3.uioverrides.QuickstepLauncher,performRestartActivity]
11-22 06:08:25.911 2840 2840 I wm_on_start_called: [168390208,com.android.launcher3.uioverrides.QuickstepLauncher,handleStartActivity]
11-22 06:08:25.942 1489 1631 I sysui_multi_action: [319,16,322,66,325,11494,757,761,758,9,759,5,806,com.android.launcher3,871,com.android.launcher3.uioverrides.QuickstepLauncher,905,0,1320,8,1321,5]
11-22 06:08:25.947 13160 13160 I view_enqueue_input_event: [Motion - Cancel,com.android.soundrecorder/com.android.soundrecorder.filelist.FileListActivity]
11-22 06:08:25.948 2840 2840 I sysui_latency: [1,73]
11-22 06:08:25.958 1489 1636 I input_focus: [Focus request recents_animation_input_consumer,reason=UpdateInputWindows]
11-22 06:08:25.959 1489 2012 I input_interaction: Interaction with: edge-swipe (server), swipe-up (server), PointerEventDispatcher0 (server),
11-22 06:08:25.988 1489 2012 I input_focus: [Focus leaving 63e4727 com.android.soundrecorder/com.android.soundrecorder.filelist.FileListActivity (server),reason=NOT_FOCUSABLE]
11-22 06:08:25.988 1489 2012 I input_focus: [Focus entering recents_animation_input_consumer (server),reason=setFocusedWindow]
11-22 06:08:26.113 1489 1751 I commit_sys_config_file: [settings-1-0,4]
11-22 06:08:26.237 1489 1648 I sysui_latency: [8,78]
11-22 06:08:26.909 1489 1751 I commit_sys_config_file: [settings-1-0,5]
11-22 06:08:27.864 1489 2012 I input_interaction: Interaction with: 3cc67bf com.android.launcher3/com.android.launcher3.uioverrides.QuickstepLauncher (server), edge-swipe (server), swipe-up (server), PointerEventDispatcher0 (server),
11-22 06:08:28.263 1489 1597 I wm_task_moved: [1,0,7]
11-22 06:08:28.265 1489 1597 I wm_add_to_stopping: [0,168390208,com.android.launcher3/.uioverrides.QuickstepLauncher,makeInvisible]
11-22 06:08:28.281 1489 1636 I input_focus: [Focus request 63e4727 com.android.soundrecorder/com.android.soundrecorder.filelist.FileListActivity,reason=UpdateInputWindows]
11-22 06:08:28.282 1489 1634 I wm_stop_activity: [0,168390208,com.android.launcher3/.uioverrides.QuickstepLauncher]
11-22 06:08:28.294 1489 2012 I input_focus: [Focus leaving recents_animation_input_consumer (server),reason=NOT_VISIBLE]
11-22 06:08:28.295 1489 2012 I input_focus: [Focus entering 63e4727 com.android.soundrecorder/com.android.soundrecorder.filelist.FileListActivity (server),reason=setFocusedWindow]
11-22 06:08:28.328 2840 2840 I wm_on_stop_called: [168390208,com.android.launcher3.uioverrides.QuickstepLauncher,STOP_ACTIVITY_ITEM]
11-22 06:08:29.277 1489 2012 I input_interaction: Interaction with: 63e4727 com.android.soundrecorder/com.android.soundrecorder.filelist.FileListActivity (server), edge-swipe (server), swipe-up (server), PointerEventDispatcher0 (server),
11-22 06:08:29.401 1489 7565 I wm_finish_activity: [0,208101914,131,com.android.soundrecorder/.filelist.FileListActivity,app-request]
11-22 06:08:29.408 1489 7565 I wm_pause_activity: [0,208101914,com.android.soundrecorder/.filelist.FileListActivity,userLeaving=false,finish]
11-22 06:08:29.423 13160 13160 I wm_on_top_resumed_lost_called: [208101914,com.android.soundrecorder.filelist.FileListActivity,topStateChangedWhenResumed]
11-22 06:08:29.424 13160 13160 I wm_on_paused_called: [208101914,com.android.soundrecorder.filelist.FileListActivity,performPause]
11-22 06:08:29.424 1489 7565 I wm_add_to_stopping: [0,208101914,com.android.soundrecorder/.filelist.FileListActivity,completeFinishing]
11-22 06:08:29.427 1489 7565 I wm_set_resumed_activity: [0,com.android.soundrecorder/.SoundRecorder,resumeTopActivityInnerLocked]
11-22 06:08:29.429 1489 7565 I wm_resume_activity: [0,12416408,131,com.android.soundrecorder/.SoundRecorder]
11-22 06:08:29.429 1489 2012 I input_focus: [Focus leaving 63e4727 com.android.soundrecorder/com.android.soundrecorder.filelist.FileListActivity (server),reason=NO_WINDOW]
11-22 06:08:29.438 1489 1634 I sysui_multi_action: [757,803,799,window_time_2,802,19]
11-22 06:08:29.439 13160 13160 I wm_on_resume_called: [12416408,com.android.soundrecorder.SoundRecorder,RESUME_ACTIVITY]
11-22 06:08:29.439 13160 13160 I wm_on_top_resumed_gained_called: [12416408,com.android.soundrecorder.SoundRecorder,topWhenResuming]
11-22 06:08:29.451 1489 1636 I input_focus: [Focus request 3bdab12 com.android.soundrecorder/com.android.soundrecorder.SoundRecorder,reason=UpdateInputWindows]
11-22 06:08:29.481 1489 2012 I input_focus: [Focus entering 3bdab12 com.android.soundrecorder/com.android.soundrecorder.SoundRecorder (server),reason=setFocusedWindow]
11-22 06:08:29.869 1489 1634 I wm_destroy_activity: [0,208101914,131,com.android.soundrecorder/.filelist.FileListActivity,finish-imm:idle]
11-22 06:08:29.885 13160 13160 I wm_on_stop_called: [208101914,com.android.soundrecorder.filelist.FileListActivity,LIFECYCLER_STOP_ACTIVITY]
11-22 06:08:29.886 13160 13160 I wm_on_destroy_called: [208101914,com.android.soundrecorder.filelist.FileListActivity,performDestroy]
11-22 06:08:32.164 1489 2012 I input_interaction: Interaction with: 3bdab12 com.android.soundrecorder/com.android.soundrecorder.SoundRecorder (server), edge-swipe (server), swipe-up (server), PointerEventDispatcher0 (server),
11-22 06:08:32.258 1489 7565 I wm_task_moved: [131,1,8]
11-22 06:08:32.259 1489 7565 I wm_set_resumed_activity: [0,com.android.soundrecorder/.SoundRecorder,positionChildAt]
11-22 06:08:32.259 1489 7565 I wm_create_activity: [0,195594303,131,com.android.soundrecorder/.filelist.FileListActivity,NULL,NULL,NULL,0]
11-22 06:08:32.260 1489 7565 I wm_pause_activity: [0,12416408,com.android.soundrecorder/.SoundRecorder,userLeaving=true,resumeTopActivityInnerLocked]
11-22 06:08:32.263 13160 13160 I wm_on_top_resumed_lost_called: [12416408,com.android.soundrecorder.SoundRecorder,topStateChangedWhenResumed]
11-22 06:08:32.267 13160 13160 I wm_on_paused_called: [12416408,com.android.soundrecorder.SoundRecorder,performPause]
11-22 06:08:32.269 1489 1597 I wm_add_to_stopping: [0,12416408,com.android.soundrecorder/.SoundRecorder,makeInvisible]
11-22 06:08:32.270 1489 1597 I wm_restart_activity: [0,195594303,131,com.android.soundrecorder/.filelist.FileListActivity]
11-22 06:08:32.272 1489 1597 I wm_set_resumed_activity: [0,com.android.soundrecorder/.filelist.FileListActivity,minimalResumeActivityLocked]
11-22 06:08:32.277 1489 1634 I sysui_multi_action: [757,803,799,window_time_0,802,3]
11-22 06:08:32.284 13160 13160 I wm_on_create_called: [195594303,com.android.soundrecorder.filelist.FileListActivity,performCreate]
11-22 06:08:32.287 13160 13160 I wm_on_start_called: [195594303,com.android.soundrecorder.filelist.FileListActivity,handleStartActivity]
11-22 06:08:32.294 13160 13160 I wm_on_resume_called: [195594303,com.android.soundrecorder.filelist.FileListActivity,RESUME_ACTIVITY]
11-22 06:08:32.296 13160 13160 I wm_on_top_resumed_gained_called: [195594303,com.android.soundrecorder.filelist.FileListActivity,topStateChangedWhenResumed]
11-22 06:08:32.303 1489 2012 I input_focus: [Focus leaving 3bdab12 com.android.soundrecorder/com.android.soundrecorder.SoundRecorder (server),reason=NO_WINDOW]
11-22 06:08:32.306 1489 1636 I input_focus: [Focus request fc3c5f8 com.android.soundrecorder/com.android.soundrecorder.filelist.FileListActivity,reason=UpdateInputWindows]
11-22 06:08:32.318 1489 1631 I wm_activity_launch_time: [0,195594303,com.android.soundrecorder/.filelist.FileListActivity,61]
11-22 06:08:32.337 1489 2012 I input_focus: [Focus entering fc3c5f8 com.android.soundrecorder/com.android.soundrecorder.filelist.FileListActivity (server),reason=Window became focusable. Previous reason: NOT_VISIBLE]
11-22 06:08:32.726 1489 1634 I wm_stop_activity: [0,12416408,com.android.soundrecorder/.SoundRecorder]
11-22 06:08:32.746 13160 13160 I wm_on_stop_called: [12416408,com.android.soundrecorder.SoundRecorder,STOP_ACTIVITY_ITEM]
11-22 06:08:34.065 1489 2012 I input_interaction: Interaction with: fc3c5f8 com.android.soundrecorder/com.android.soundrecorder.filelist.FileListActivity (server), edge-swipe (server), swipe-up (server), PointerEventDispatcher0 (server),
11-22 06:08:34.211 1489 1597 I wm_finish_activity: [0,195594303,131,com.android.soundrecorder/.filelist.FileListActivity,app-request]
11-22 06:08:34.225 1489 1597 I wm_pause_activity: [0,195594303,com.android.soundrecorder/.filelist.FileListActivity,userLeaving=false,finish]
11-22 06:08:34.231 13160 13160 I wm_on_top_resumed_lost_called: [195594303,com.android.soundrecorder.filelist.FileListActivity,topStateChangedWhenResumed]
11-22 06:08:34.232 13160 13160 I wm_on_paused_called: [195594303,com.android.soundrecorder.filelist.FileListActivity,performPause]
11-22 06:08:34.233 1489 7565 I wm_add_to_stopping: [0,195594303,com.android.soundrecorder/.filelist.FileListActivity,completeFinishing]
11-22 06:08:34.235 1489 7565 I wm_set_resumed_activity: [0,com.android.soundrecorder/.SoundRecorder,resumeTopActivityInnerLocked]
11-22 06:08:34.236 1489 7565 I wm_resume_activity: [0,12416408,131,com.android.soundrecorder/.SoundRecorder]
11-22 06:08:34.241 1489 2012 I input_focus: [Focus leaving fc3c5f8 com.android.soundrecorder/com.android.soundrecorder.filelist.FileListActivity (server),reason=NO_WINDOW]
11-22 06:08:34.244 13160 13160 I wm_on_restart_called: [12416408,com.android.soundrecorder.SoundRecorder,performRestartActivity]
11-22 06:08:34.244 13160 13160 I wm_on_start_called: [12416408,com.android.soundrecorder.SoundRecorder,handleStartActivity]
11-22 06:08:34.245 1489 1634 I sysui_multi_action: [757,803,799,window_time_0,802,2]
11-22 06:08:34.249 13160 13160 I wm_on_resume_called: [12416408,com.android.soundrecorder.SoundRecorder,RESUME_ACTIVITY]
11-22 06:08:34.249 13160 13160 I wm_on_top_resumed_gained_called: [12416408,com.android.soundrecorder.SoundRecorder,topWhenResuming]
11-22 06:08:34.263 1489 1636 I input_focus: [Focus request 3bdab12 com.android.soundrecorder/com.android.soundrecorder.SoundRecorder,reason=UpdateInputWindows]
11-22 06:08:34.293 1489 2012 I input_focus: [Focus entering 3bdab12 com.android.soundrecorder/com.android.soundrecorder.SoundRecorder (server),reason=setFocusedWindow]
11-22 06:08:34.680 1489 1634 I wm_destroy_activity: [0,195594303,131,com.android.soundrecorder/.filelist.FileListActivity,finish-imm:idle]
11-22 06:08:34.696 13160 13160 I wm_on_stop_called: [195594303,com.android.soundrecorder.filelist.FileListActivity,LIFECYCLER_STOP_ACTIVITY]
11-22 06:08:34.697 13160 13160 I wm_on_destroy_called: [195594303,com.android.soundrecorder.filelist.FileListActivity,performDestroy]
11-22 06:08:35.596 1489 2012 I input_interaction: Interaction with: 3bdab12 com.android.soundrecorder/com.android.soundrecorder.SoundRecorder (server), edge-swipe (server), swipe-up (server), PointerEventDispatcher0 (server),
11-22 06:08:35.694 1489 2799 I wm_task_moved: [131,1,8]
11-22 06:08:35.694 1489 2799 I wm_set_resumed_activity: [0,com.android.soundrecorder/.SoundRecorder,positionChildAt]
11-22 06:08:35.694 1489 2799 I wm_create_activity: [0,186778950,131,com.android.soundrecorder/.filelist.FileListActivity,NULL,NULL,NULL,0]
11-22 06:08:35.702 1489 2799 I wm_pause_activity: [0,12416408,com.android.soundrecorder/.SoundRecorder,userLeaving=true,resumeTopActivityInnerLocked]
11-22 06:08:35.708 13160 13160 I wm_on_top_resumed_lost_called: [12416408,com.android.soundrecorder.SoundRecorder,topStateChangedWhenResumed]
11-22 06:08:35.713 13160 13160 I wm_on_paused_called: [12416408,com.android.soundrecorder.SoundRecorder,performPause]
11-22 06:08:35.714 1489 2851 I wm_add_to_stopping: [0,12416408,com.android.soundrecorder/.SoundRecorder,makeInvisible]
