11-22 06:41:59.084 15162 15162 I wm_on_create_called: [55189197,com.android.gallery3d.app.GalleryActivity,performCreate]
11-22 06:41:59.086 15162 15162 I wm_on_start_called: [55189197,com.android.gallery3d.app.GalleryActivity,handleStartActivity]
11-22 06:41:59.094 15162 15162 I wm_on_resume_called: [55189197,com.android.gallery3d.app.GalleryActivity,RESUME_ACTIVITY]
11-22 06:41:59.094 15162 15162 I wm_on_top_resumed_gained_called: [55189197,com.android.gallery3d.app.GalleryActivity,topWhenResuming]
11-22 06:41:59.455 1489 7615 I wm_task_moved: [1,1,7]
11-22 06:41:59.455 15162 15162 I wm_on_top_resumed_lost_called: [55189197,com.android.gallery3d.app.GalleryActivity,topStateChangedWhenResumed]
11-22 06:41:59.455 1489 7615 I wm_task_moved: [10,1,2147483647]
11-22 06:41:59.455 1489 7615 I wm_task_to_front: [0,10]
11-22 06:41:59.455 1489 7615 I wm_focused_root_task: [0,0,1,161,RecentsAnimation.onAnimationFinished()]
11-22 06:41:59.456 1489 7615 I wm_set_resumed_activity: [0,com.android.launcher3/.uioverrides.QuickstepLauncher,RecentsAnimation.onAnimationFinished()]
11-22 06:41:59.456 1489 7615 I wm_set_resumed_activity: [0,com.android.launcher3/.uioverrides.QuickstepLauncher,resumeTopActivityInnerLocked]
11-22 06:41:59.458 1489 7615 I wm_resume_activity: [0,168390208,10,com.android.launcher3/.uioverrides.QuickstepLauncher]
11-22 06:41:59.465 1489 1636 I input_focus: [Focus request 3cc67bf com.android.launcher3/com.android.launcher3.uioverrides.QuickstepLauncher,reason=UpdateInputWindows]
11-22 06:41:59.470 1489 1634 I sysui_multi_action: [757,803,799,window_time_0,802,5]
11-22 06:41:59.474 1489 2012 I input_focus: [Focus leaving recents_animation_input_consumer (server),reason=NOT_VISIBLE]
11-22 06:41:59.475 1489 2012 I input_focus: [Focus entering 3cc67bf com.android.launcher3/com.android.launcher3.uioverrides.QuickstepLauncher (server),reason=setFocusedWindow]
11-22 06:41:59.491 2840 2840 I wm_on_resume_called: [168390208,com.android.launcher3.uioverrides.QuickstepLauncher,RESUME_ACTIVITY]
11-22 06:41:59.491 2840 2840 I wm_on_top_resumed_gained_called: [168390208,com.android.launcher3.uioverrides.QuickstepLauncher,topStateChangedWhenResumed]
11-22 06:42:47.324 1489 1489 I sysui_multi_action: [757,128,758,5,759,8,793,657084,794,0,795,385353,796,1,806,com.android.music,857,Channel-music,858,2,947,0,1500,385353,1641,transport,1688,1,1745,1043716538]
11-22 06:42:47.324 1489 1489 I notification_canceled: [0|com.android.music|1|null|10090,8,657084,385353,0,-1,-1,NULL]
11-22 06:42:47.346 1489 5394 I sysui_multi_action: [757,856,758,2,806,com.android.music,857,Channel-music,858,2]
11-22 06:42:47.347 1489 1489 I notification_cancel_all: [1000,1489,com.android.music,0,0,0,20,NULL]
11-22 06:42:47.358 1489 1489 I notification_enqueue: [10082,2375,com.android.systemui,1,empty_media,0,Notification(channel=empty_media_style_id shortcut=null contentView=null vibrate=null sound=null defaults=0x0 flags=0x20 color=0x00000000 category=transport actions=4 vis=PRIVATE),0]
11-22 06:42:47.560 1489 1489 I sysui_multi_action: [757,1501,758,1,793,203,794,0,795,203,796,1,797,empty_media,806,com.android.systemui,857,empty_media_style_id,858,4,947,0,1500,0,1641,transport,1688,1,1745,1043716538]
11-22 06:42:47.562 1489 1489 I sysui_multi_action: [757,804,799,note_interruptive,801,0,802,1]
11-22 06:42:47.603 1489 1633 I commit_sys_config_file: [notification-policy,13530875]
11-22 06:43:01.977 1489 1650 I am_uid_idle: 10063
11-22 06:43:28.096 1489 1752 I am_freeze: [14569,com.microsoft.emmx]
11-22 06:43:28.097 1489 1752 I am_kill : [0,14569,com.microsoft.emmx,935,Unable to freeze binder interface]
11-22 06:43:28.133 1489 2808 I am_proc_died: [0,14569,com.microsoft.emmx,935,19]
11-22 06:43:28.133 1489 2808 I am_uid_stopped: 10034
11-22 06:43:28.145 1489 1648 I am_pss : [15162,10069,com.android.gallery3d,48099328,43237376,0,164204544,0,2,8]
11-22 06:43:28.155 1489 1648 I am_pss : [13758,10090,com.android.music,53305344,47386624,0,176824320,0,18,9]
11-22 06:43:29.492 1489 1752 I am_freeze: [14400,com.android.permissioncontroller]
11-22 06:43:29.494 1489 1752 I am_kill : [0,14400,com.android.permissioncontroller,945,Unable to freeze binder interface]
11-22 06:43:29.541 1489 2808 I am_proc_died: [0,14400,com.android.permissioncontroller,945,19]
11-22 06:43:29.541 1489 2808 I am_uid_stopped: 10094
11-22 06:43:30.466 1489 1752 I am_freeze: [14654,com.android.deskclock]
11-22 06:43:30.467 1489 1752 I am_kill : [0,14654,com.android.deskclock,935,Unable to freeze binder interface]
11-22 06:43:30.495 1489 2808 I am_proc_died: [0,14654,com.android.deskclock,935,19]
11-22 06:43:30.496 1489 2808 I am_uid_stopped: 10066
11-22 06:43:30.504 1489 1634 I am_uid_running: 10066
11-22 06:43:30.513 1489 1634 I am_uid_running: 10034
11-22 06:43:30.529 1489 1651 I am_proc_start: [0,15352,10066,com.android.deskclock,NULL,]
11-22 06:43:30.544 1489 1651 I am_proc_start: [0,15353,10034,com.microsoft.emmx,NULL,]
11-22 06:43:30.560 1489 2808 I am_proc_bound: [0,15352,com.android.deskclock]
11-22 06:43:30.574 1489 2808 I am_proc_bound: [0,15353,com.microsoft.emmx]
11-22 06:43:39.264 1489 1752 I am_freeze: [14679,com.sohu.inputmethod.sogou.car]
11-22 06:43:39.266 1489 1752 I am_kill : [0,14679,com.sohu.inputmethod.sogou.car,965,Unable to freeze binder interface]
11-22 06:43:39.308 1489 6739 I am_proc_died: [0,14679,com.sohu.inputmethod.sogou.car,965,19]
11-22 06:43:39.309 1489 6739 I am_uid_stopped: 10018
11-22 06:43:39.322 1489 1648 I am_pss : [15162,10069,com.android.gallery3d,48203776,43237376,0,164204544,0,2,7]
11-22 06:43:39.329 1489 1648 I am_pss : [14340,10033,com.android.musicfx,29227008,23085056,0,152965120,0,19,7]
11-22 06:43:44.745 1489 1752 I am_freeze: [14787,com.android.providers.calendar]
11-22 06:43:44.746 1489 1752 I am_kill : [0,14787,com.android.providers.calendar,935,Unable to freeze binder interface]
11-22 06:43:44.782 1489 6739 I am_proc_died: [0,14787,com.android.providers.calendar,935,19]
11-22 06:43:44.783 1489 6739 I am_uid_stopped: 10032
11-22 06:43:47.332 1489 1650 I am_uid_idle: 10090
11-22 06:46:13.333 1489 1752 I am_freeze: [15145,com.android.calendar]
11-22 06:46:13.334 1489 1752 I am_kill : [0,15145,com.android.calendar,965,Unable to freeze binder interface]
11-22 06:46:13.363 1489 6739 I am_proc_died: [0,15145,com.android.calendar,965,19]
11-22 06:46:13.363 1489 6739 I am_uid_stopped: 10068
11-22 06:46:13.370 1489 1634 I am_uid_running: 10068
11-22 06:46:13.384 1489 1648 I am_pss : [15162,10069,com.android.gallery3d,48286720,43237376,0,164204544,0,2,8]
11-22 06:46:13.385 1489 1651 I am_proc_start: [0,15416,10068,com.android.calendar,NULL,]
11-22 06:46:13.394 1489 1648 I am_pss : [13758,10090,com.android.music,53500928,47386624,0,176824320,0,18,9]
11-22 06:46:13.401 1489 1648 I am_pss : [15353,10034,com.microsoft.emmx,35697664,32018432,0,133185536,0,19,6]
11-22 06:46:13.406 1489 1648 I am_pss : [15352,10066,com.android.deskclock,9138176,6205440,0,96395264,0,19,5]
11-22 06:46:13.416 1489 2851 I am_proc_bound: [0,15416,com.android.calendar]
11-22 06:46:21.507 1489 1752 I am_freeze: [13964,com.qualcomm.qti.qccauthmgr]
11-22 06:46:21.509 1489 1752 I am_kill : [0,13964,com.qualcomm.qti.qccauthmgr,955,Unable to freeze binder interface]
11-22 06:46:21.543 1489 2851 I am_proc_died: [0,13964,com.qualcomm.qti.qccauthmgr,955,19]
11-22 06:46:21.544 1489 2851 I am_uid_stopped: 10083
11-22 06:46:37.801 1489 1752 I am_freeze: [15266,com.android.soundrecorder]
11-22 06:46:37.803 1489 1752 I am_kill : [0,15266,com.android.soundrecorder,955,Unable to freeze binder interface]
11-22 06:46:37.832 1489 2851 I am_proc_died: [0,15266,com.android.soundrecorder,955,19]
11-22 06:46:37.833 1489 2851 I am_uid_stopped: 10060
11-22 06:46:37.837 1489 1634 I am_uid_running: 10060
11-22 06:46:37.839 1489 1648 I am_pss : [15416,10068,com.android.calendar,6736896,4739072,0,92082176,0,19,5]
11-22 06:46:37.845 1489 1648 I am_pss : [15353,10034,com.microsoft.emmx,35762176,32018432,0,133185536,0,19,6]
11-22 06:46:37.850 1489 1648 I am_pss : [15352,10066,com.android.deskclock,9182208,6205440,0,96395264,0,19,4]
11-22 06:46:37.851 1489 1651 I am_proc_start: [0,15435,10060,com.android.soundrecorder,NULL,]
11-22 06:46:37.880 1489 2851 I am_proc_bound: [0,15435,com.android.soundrecorder]
11-22 06:48:48.392 1489 7616 I commit_sys_config_file: [appops,13881693]
11-22 06:51:51.905 1489 1666 I sysui_multi_action: [757,1696,758,6,759,2]
11-22 06:51:51.922 1489 1650 I am_wtf : [0,1489,system_server,-1,DisplayDeviceConfig,requesting nits when no mapping exists.]
11-22 06:51:51.926 1489 1650 I am_wtf : [0,1489,system_server,-1,DisplayDeviceConfig,requesting nits when no mapping exists.]
11-22 06:51:51.938 1489 1650 I am_wtf : [0,1489,system_server,-1,DisplayDeviceConfig,requesting nits when no mapping exists.]
11-22 06:51:51.939 1489 1650 I am_wtf : [0,1489,system_server,-1,DisplayDeviceConfig,requesting nits when no mapping exists.]
11-22 06:51:51.944 1489 1650 I am_wtf : [0,1489,system_server,-1,DisplayDeviceConfig,requesting nits when no mapping exists.]
11-22 06:51:51.947 1489 1650 I am_wtf : [0,1489,system_server,-1,DisplayDeviceConfig,requesting nits when no mapping exists.]
11-22 06:51:51.960 1489 1650 I am_wtf : [0,1489,system_server,-1,DisplayDeviceConfig,requesting nits when no mapping exists.]
11-22 06:51:51.961 1489 1650 I am_wtf : [0,1489,system_server,-1,DisplayDeviceConfig,requesting nits when no mapping exists.]
11-22 06:51:51.977 1489 1650 I am_wtf : [0,1489,system_server,-1,DisplayDeviceConfig,requesting nits when no mapping exists.]
11-22 06:51:51.977 1489 1650 I am_wtf : [0,1489,system_server,-1,DisplayDeviceConfig,requesting nits when no mapping exists.]
11-22 06:51:51.994 1489 1650 I am_wtf : [0,1489,system_server,-1,DisplayDeviceConfig,requesting nits when no mapping exists.]
11-22 06:51:51.995 1489 1650 I am_wtf : [0,1489,system_server,-1,DisplayDeviceConfig,requesting nits when no mapping exists.]
11-22 06:51:52.011 1489 1650 I am_wtf : [0,1489,system_server,-1,DisplayDeviceConfig,requesting nits when no mapping exists.]
11-22 06:51:52.013 1489 1650 I am_wtf : [0,1489,system_server,-1,DisplayDeviceConfig,requesting nits when no mapping exists.]
11-22 06:51:52.027 1489 1650 I am_wtf : [0,1489,system_server,-1,DisplayDeviceConfig,requesting nits when no mapping exists.]
11-22 06:51:52.028 1489 1650 I am_wtf : [0,1489,system_server,-1,DisplayDeviceConfig,requesting nits when no mapping exists.]
11-22 06:51:52.044 1489 1650 I am_wtf : [0,1489,system_server,-1,DisplayDeviceConfig,requesting nits when no mapping exists.]
11-22 06:51:52.045 1489 1650 I am_wtf : [0,1489,system_server,-1,DisplayDeviceConfig,requesting nits when no mapping exists.]
11-22 06:51:52.061 1489 1650 I am_wtf : [0,1489,system_server,-1,DisplayDeviceConfig,requesting nits when no mapping exists.]
11-22 06:51:52.062 1489 1650 I am_wtf : [0,1489,system_server,-1,DisplayDeviceConfig,requesting nits when no mapping exists.]
11-22 06:51:52.078 1489 1650 I am_wtf : [0,1489,system_server,-1,DisplayDeviceConfig,requesting nits when no mapping exists.]
11-22 06:51:52.079 1489 1650 I am_wtf : [0,1489,system_server,-1,DisplayDeviceConfig,requesting nits when no mapping exists.]
11-22 06:51:52.095 1489 1650 I am_wtf : [0,1489,system_server,-1,DisplayDeviceConfig,requesting nits when no mapping exists.]
11-22 06:51:52.095 1489 1650 I am_wtf : [0,1489,system_server,-1,DisplayDeviceConfig,requesting nits when no mapping exists.]
11-22 06:51:52.111 1489 1650 I am_wtf : [0,1489,system_server,-1,DisplayDeviceConfig,requesting nits when no mapping exists.]
11-22 06:51:52.112 1489 1650 I am_wtf : [0,1489,system_server,-1,DisplayDeviceConfig,requesting nits when no mapping exists.]
11-22 06:51:52.128 1489 1650 I am_wtf : [0,1489,system_server,-1,DisplayDeviceConfig,requesting nits when no mapping exists.]
11-22 06:51:52.129 1489 1650 I am_wtf : [0,1489,system_server,-1,DisplayDeviceConfig,requesting nits when no mapping exists.]
11-22 06:51:52.144 1489 1650 I am_wtf : [0,1489,system_server,-1,DisplayDeviceConfig,requesting nits when no mapping exists.]
11-22 06:51:52.145 1489 1650 I am_wtf : [0,1489,system_server,-1,DisplayDeviceConfig,requesting nits when no mapping exists.]
11-22 06:51:52.162 1489 1650 I am_wtf : [0,1489,system_server,-1,DisplayDeviceConfig,requesting nits when no mapping exists.]
11-22 06:51:52.164 1489 1650 I am_wtf : [0,1489,system_server,-1,DisplayDeviceConfig,requesting nits when no mapping exists.]
11-22 06:51:52.178 1489 1650 I am_wtf : [0,1489,system_server,-1,DisplayDeviceConfig,requesting nits when no mapping exists.]
11-22 06:51:52.179 1489 1650 I am_wtf : [0,1489,system_server,-1,DisplayDeviceConfig,requesting nits when no mapping exists.]
11-22 06:51:52.195 1489 1650 I am_wtf : [0,1489,system_server,-1,DisplayDeviceConfig,requesting nits when no mapping exists.]
11-22 06:51:52.196 1489 1650 I am_wtf : [0,1489,system_server,-1,DisplayDeviceConfig,requesting nits when no mapping exists.]
11-22 06:51:52.211 1489 1650 I am_wtf : [0,1489,system_server,-1,DisplayDeviceConfig,requesting nits when no mapping exists.]
11-22 06:51:52.213 1489 1650 I am_wtf : [0,1489,system_server,-1,DisplayDeviceConfig,requesting nits when no mapping exists.]
11-22 06:51:52.228 1489 1650 I am_wtf : [0,1489,system_server,-1,DisplayDeviceConfig,requesting nits when no mapping exists.]
11-22 06:51:52.230 1489 1650 I am_wtf : [0,1489,system_server,-1,DisplayDeviceConfig,requesting nits when no mapping exists.]
11-22 06:51:52.245 1489 1650 I am_wtf : [0,1489,system_server,-1,DisplayDeviceConfig,requesting nits when no mapping exists.]
11-22 06:51:52.246 1489 1650 I am_wtf : [0,1489,system_server,-1,DisplayDeviceConfig,requesting nits when no mapping exists.]
11-22 06:51:52.261 1489 1650 I am_wtf : [0,1489,system_server,-1,DisplayDeviceConfig,requesting nits when no mapping exists.]
11-22 06:51:52.262 1489 1650 I am_wtf : [0,1489,system_server,-1,DisplayDeviceConfig,requesting nits when no mapping exists.]
11-22 06:51:52.278 1489 1650 I am_wtf : [0,1489,system_server,-1,DisplayDeviceConfig,requesting nits when no mapping exists.]
11-22 06:51:52.279 1489 1650 I am_wtf : [0,1489,system_server,-1,DisplayDeviceConfig,requesting nits when no mapping exists.]
11-22 06:51:52.295 1489 1650 I am_wtf : [0,1489,system_server,-1,DisplayDeviceConfig,requesting nits when no mapping exists.]
11-22 06:51:52.295 1489 1650 I am_wtf : [0,1489,system_server,-1,DisplayDeviceConfig,requesting nits when no mapping exists.]
11-22 06:51:52.311 1489 1650 I am_wtf : [0,1489,system_server,-1,DisplayDeviceConfig,requesting nits when no mapping exists.]
11-22 06:51:52.312 1489 1650 I am_wtf : [0,1489,system_server,-1,DisplayDeviceConfig,requesting nits when no mapping exists.]
11-22 06:51:52.328 1489 1650 I am_wtf : [0,1489,system_server,-1,DisplayDeviceConfig,requesting nits when no mapping exists.]
11-22 06:51:52.329 1489 1650 I am_wtf : [0,1489,system_server,-1,DisplayDeviceConfig,requesting nits when no mapping exists.]
11-22 06:51:52.345 1489 1650 I am_wtf : [0,1489,system_server,-1,DisplayDeviceConfig,requesting nits when no mapping exists.]
11-22 06:51:52.346 1489 1650 I am_wtf : [0,1489,system_server,-1,DisplayDeviceConfig,requesting nits when no mapping exists.]
11-22 06:51:52.362 1489 1650 I am_wtf : [0,1489,system_server,-1,DisplayDeviceConfig,requesting nits when no mapping exists.]
11-22 06:51:52.363 1489 1650 I am_wtf : [0,1489,system_server,-1,DisplayDeviceConfig,requesting nits when no mapping exists.]
11-22 06:51:52.378 1489 1650 I am_wtf : [0,1489,system_server,-1,DisplayDeviceConfig,requesting nits when no mapping exists.]
11-22 06:51:52.379 1489 1650 I am_wtf : [0,1489,system_server,-1,DisplayDeviceConfig,requesting nits when no mapping exists.]
11-22 06:51:52.395 1489 1650 I am_wtf : [0,1489,system_server,-1,DisplayDeviceConfig,requesting nits when no mapping exists.]
11-22 06:51:52.396 1489 1650 I am_wtf : [0,1489,system_server,-1,DisplayDeviceConfig,requesting nits when no mapping exists.]
11-22 06:51:52.412 1489 1650 I am_wtf : [0,1489,system_server,-1,DisplayDeviceConfig,requesting nits when no mapping exists.]
11-22 06:51:52.413 1489 1650 I am_wtf : [0,1489,system_server,-1,DisplayDeviceConfig,requesting nits when no mapping exists.]
11-22 06:51:52.428 1489 1650 I am_wtf : [0,1489,system_server,-1,DisplayDeviceConfig,requesting nits when no mapping exists.]
11-22 06:51:52.429 1489 1650 I am_wtf : [0,1489,system_server,-1,DisplayDeviceConfig,requesting nits when no mapping exists.]
11-22 06:51:52.445 1489 1650 I am_wtf : [0,1489,system_server,-1,DisplayDeviceConfig,requesting nits when no mapping exists.]
11-22 06:51:52.446 1489 1650 I am_wtf : [0,1489,system_server,-1,DisplayDeviceConfig,requesting nits when no mapping exists.]
11-22 06:51:52.462 1489 1650 I am_wtf : [0,1489,system_server,-1,DisplayDeviceConfig,requesting nits when no mapping exists.]
11-22 06:51:52.463 1489 1650 I am_wtf : [0,1489,system_server,-1,DisplayDeviceConfig,requesting nits when no mapping exists.]
11-22 06:51:52.479 1489 1650 I am_wtf : [0,1489,system_server,-1,DisplayDeviceConfig,requesting nits when no mapping exists.]
11-22 06:51:52.480 1489 1650 I am_wtf : [0,1489,system_server,-1,DisplayDeviceConfig,requesting nits when no mapping exists.]
11-22 06:51:52.495 1489 1650 I am_wtf : [0,1489,system_server,-1,DisplayDeviceConfig,requesting nits when no mapping exists.]
11-22 06:51:52.496 1489 1650 I am_wtf : [0,1489,system_server,-1,DisplayDeviceConfig,requesting nits when no mapping exists.]
11-22 06:51:52.512 1489 1650 I am_wtf : [0,1489,system_server,-1,DisplayDeviceConfig,requesting nits when no mapping exists.]
11-22 06:51:52.514 1489 1650 I am_wtf : [0,1489,system_server,-1,DisplayDeviceConfig,requesting nits when no mapping exists.]
11-22 06:51:52.529 1489 1650 I am_wtf : [0,1489,system_server,-1,DisplayDeviceConfig,requesting nits when no mapping exists.]
11-22 06:51:52.531 1489 1650 I am_wtf : [0,1489,system_server,-1,DisplayDeviceConfig,requesting nits when no mapping exists.]
11-22 06:51:52.545 1489 1650 I am_wtf : [0,1489,system_server,-1,DisplayDeviceConfig,requesting nits when no mapping exists.]
11-22 06:51:52.546 1489 1650 I am_wtf : [0,1489,system_server,-1,DisplayDeviceConfig,requesting nits when no mapping exists.]
11-22 06:51:52.563 1489 1650 I am_wtf : [0,1489,system_server,-1,DisplayDeviceConfig,requesting nits when no mapping exists.]
11-22 06:51:52.564 1489 1650 I am_wtf : [0,1489,system_server,-1,DisplayDeviceConfig,requesting nits when no mapping exists.]
11-22 06:51:52.579 1489 1650 I am_wtf : [0,1489,system_server,-1,DisplayDeviceConfig,requesting nits when no mapping exists.]
11-22 06:51:52.580 1489 1650 I am_wtf : [0,1489,system_server,-1,DisplayDeviceConfig,requesting nits when no mapping exists.]
11-22 06:51:52.595 1489 1650 I am_wtf : [0,1489,system_server,-1,DisplayDeviceConfig,requesting nits when no mapping exists.]
11-22 06:51:52.596 1489 1650 I service_manager_stats: [100,56,597303]
11-22 06:51:52.597 1489 1650 I am_wtf : [0,1489,system_server,-1,DisplayDeviceConfig,requesting nits when no mapping exists.]
11-22 06:51:52.612 1489 1650 I am_wtf : [0,1489,system_server,-1,DisplayDeviceConfig,requesting nits when no mapping exists.]
11-22 06:51:52.613 1489 1650 I am_wtf : [0,1489,system_server,-1,DisplayDeviceConfig,requesting nits when no mapping exists.]
11-22 06:51:52.629 1489 1650 I am_wtf : [0,1489,system_server,-1,DisplayDeviceConfig,requesting nits when no mapping exists.]
11-22 06:51:52.630 1489 1650 I am_wtf : [0,1489,system_server,-1,DisplayDeviceConfig,requesting nits when no mapping exists.]
11-22 06:51:52.646 1489 1650 I am_wtf : [0,1489,system_server,-1,DisplayDeviceConfig,requesting nits when no mapping exists.]
11-22 06:51:52.647 1489 1650 I am_wtf : [0,1489,system_server,-1,DisplayDeviceConfig,requesting nits when no mapping exists.]
11-22 06:51:52.663 1489 1650 I am_wtf : [0,1489,system_server,-1,DisplayDeviceConfig,requesting nits when no mapping exists.]
11-22 06:51:52.664 1489 1650 I am_wtf : [0,1489,system_server,-1,DisplayDeviceConfig,requesting nits when no mapping exists.]
11-22 06:51:52.679 1489 1650 I am_wtf : [0,1489,system_server,-1,DisplayDeviceConfig,requesting nits when no mapping exists.]
11-22 06:51:52.680 1489 1650 I am_wtf : [0,1489,system_server,-1,DisplayDeviceConfig,requesting nits when no mapping exists.]
11-22 06:51:52.697 1489 1650 I am_wtf : [0,1489,system_server,-1,DisplayDeviceConfig,requesting nits when no mapping exists.]
11-22 06:51:52.698 1489 1650 I am_wtf : [0,1489,system_server,-1,DisplayDeviceConfig,requesting nits when no mapping exists.]
11-22 06:51:52.713 1489 1650 I am_wtf : [0,1489,system_server,-1,DisplayDeviceConfig,requesting nits when no mapping exists.]
11-22 06:51:52.714 1489 1650 I am_wtf : [0,1489,system_server,-1,DisplayDeviceConfig,requesting nits when no mapping exists.]
11-22 06:51:52.729 1489 1650 I am_wtf : [0,1489,system_server,-1,DisplayDeviceConfig,requesting nits when no mapping exists.]
11-22 06:51:52.730 1489 1650 I am_wtf : [0,1489,system_server,-1,DisplayDeviceConfig,requesting nits when no mapping exists.]
11-22 06:51:52.746 1489 1650 I am_wtf : [0,1489,system_server,-1,DisplayDeviceConfig,requesting nits when no mapping exists.]
11-22 06:51:52.748 1489 1650 I am_wtf : [0,1489,system_server,-1,DisplayDeviceConfig,requesting nits when no mapping exists.]
11-22 06:51:52.762 1489 1650 I am_wtf : [0,1489,system_server,-1,DisplayDeviceConfig,requesting nits when no mapping exists.]
11-22 06:51:52.763 1489 1650 I am_wtf : [0,1489,system_server,-1,DisplayDeviceConfig,requesting nits when no mapping exists.]
11-22 06:51:52.779 1489 1650 I am_wtf : [0,1489,system_server,-1,DisplayDeviceConfig,requesting nits when no mapping exists.]
11-22 06:51:52.781 1489 1650 I am_wtf : [0,1489,system_server,-1,DisplayDeviceConfig,requesting nits when no mapping exists.]
11-22 06:51:52.796 1489 1650 I am_wtf : [0,1489,system_server,-1,DisplayDeviceConfig,requesting nits when no mapping exists.]
11-22 06:51:52.797 1489 1650 I am_wtf : [0,1489,system_server,-1,DisplayDeviceConfig,requesting nits when no mapping exists.]
11-22 06:51:52.814 1489 1650 I am_wtf : [0,1489,system_server,-1,DisplayDeviceConfig,requesting nits when no mapping exists.]
11-22 06:51:52.815 1489 1650 I am_wtf : [0,1489,system_server,-1,DisplayDeviceConfig,requesting nits when no mapping exists.]
11-22 06:51:52.830 1489 1650 I am_wtf : [0,1489,system_server,-1,DisplayDeviceConfig,requesting nits when no mapping exists.]
11-22 06:51:52.832 1489 1650 I am_wtf : [0,1489,system_server,-1,DisplayDeviceConfig,requesting nits when no mapping exists.]
11-22 06:51:52.847 1489 1650 I am_wtf : [0,1489,system_server,-1,DisplayDeviceConfig,requesting nits when no mapping exists.]
11-22 06:51:52.848 1489 1650 I am_wtf : [0,1489,system_server,-1,DisplayDeviceConfig,requesting nits when no mapping exists.]
11-22 06:51:52.863 1489 1650 I am_wtf : [0,1489,system_server,-1,DisplayDeviceConfig,requesting nits when no mapping exists.]
11-22 06:51:52.864 1489 1650 I am_wtf : [0,1489,system_server,-1,DisplayDeviceConfig,requesting nits when no mapping exists.]
11-22 06:51:55.360 1489 1752 I am_freeze: [13318,com.qti.diagservices]
11-22 06:51:55.361 1489 1752 I am_kill : [0,13318,com.qti.diagservices,955,Unable to freeze binder interface]
11-22 06:51:55.382 1489 6739 I am_proc_died: [0,13318,com.qti.diagservices,955,10]
11-22 06:51:55.383 1489 6739 I am_schedule_service_restart: [0,com.qti.diagservices/.QTIDiagServices,1000]
11-22 06:51:55.393 1489 1648 I am_pss : [15162,10069,com.android.gallery3d,48335872,43237376,0,164204544,0,2,7]
11-22 06:51:55.400 1489 1648 I am_pss : [15178,1000,com.android.settings,42997760,30687232,0,169525248,0,15,7]
11-22 06:51:55.405 1489 1648 I am_pss : [15435,10060,com.android.soundrecorder,5914624,3993600,0,89620480,0,19,5]
11-22 06:51:55.410 1489 1648 I am_pss : [15416,10068,com.android.calendar,6734848,4739072,0,92082176,0,19,4]
11-22 06:51:56.413 1489 1651 I am_proc_start: [0,15468,1000,com.qti.diagservices,service,{com.qti.diagservices/com.qti.diagservices.QTIDiagServices}]
11-22 06:51:56.461 1489 6739 I am_proc_bound: [0,15468,com.qti.diagservices]
11-22 06:51:56.491 15468 15468 I auditd : type=1400 audit(0.0:1610): avc: denied { read write } for comm="ti.diagservices" name="diag" dev="tmpfs" ino=10364 scontext=u:r:system_app:s0 tcontext=u:object_r:vendor_diag_device:s0 tclass=chr_file permissive=0
11-22 06:51:58.898 1489 1631 I sysui_multi_action: [757,222,758,1]
11-22 06:51:58.900 1489 1631 I am_uid_running: 10051
11-22 06:51:58.925 1489 1651 I am_proc_start: [0,15484,10051,com.thundercomm.screensaver,service,{com.thundercomm.screensaver/com.thundercomm.saverclock.service.ClockScreensaver}]
11-22 06:51:58.955 1489 6739 I am_proc_bound: [0,15484,com.thundercomm.screensaver]
11-22 06:51:58.958 1489 6739 I am_uid_active: 10051
11-22 06:51:59.019 1489 6739 I wm_task_created: [162,-1]
11-22 06:51:59.024 1489 6739 I wm_task_moved: [162,1,8]
11-22 06:51:59.024 1489 6739 I wm_task_to_front: [0,162]
11-22 06:51:59.024 1489 6739 I wm_create_task: [0,162]
11-22 06:51:59.024 1489 6739 I wm_create_activity: [0,21019797,162,com.thundercomm.screensaver/android.service.dreams.DreamActivity,NULL,NULL,NULL,276824064]
11-22 06:51:59.025 1489 6739 I wm_task_moved: [162,1,8]
11-22 06:51:59.025 2840 2840 I wm_on_top_resumed_lost_called: [168390208,com.android.launcher3.uioverrides.QuickstepLauncher,topStateChangedWhenResumed]
11-22 06:51:59.027 1489 6739 I wm_pause_activity: [0,168390208,com.android.launcher3/.uioverrides.QuickstepLauncher,userLeaving=true,pauseBackTasks]
11-22 06:51:59.035 2840 2840 I wm_on_paused_called: [168390208,com.android.launcher3.uioverrides.QuickstepLauncher,performPause]
11-22 06:51:59.047 1489 6739 I wm_add_to_stopping: [0,168390208,com.android.launcher3/.uioverrides.QuickstepLauncher,makeInvisible]
11-22 06:51:59.048 1489 6739 I wm_restart_activity: [0,21019797,162,com.thundercomm.screensaver/android.service.dreams.DreamActivity]
11-22 06:51:59.049 1489 6739 I wm_set_resumed_activity: [0,com.thundercomm.screensaver/android.service.dreams.DreamActivity,minimalResumeActivityLocked]
11-22 06:51:59.058 1489 1634 I sysui_multi_action: [757,803,799,window_time_0,802,599]
11-22 06:51:59.068 1489 2012 I input_focus: [Focus leaving 3cc67bf com.android.launcher3/com.android.launcher3.uioverrides.QuickstepLauncher (server),reason=NO_WINDOW]
11-22 06:51:59.070 15484 15484 I wm_on_create_called: [21019797,android.service.dreams.DreamActivity,performCreate]
11-22 06:51:59.071 15484 15484 I wm_on_start_called: [21019797,android.service.dreams.DreamActivity,handleStartActivity]
11-22 06:51:59.072 15484 15484 I wm_on_resume_called: [21019797,android.service.dreams.DreamActivity,RESUME_ACTIVITY]
11-22 06:51:59.085 1489 1489 I am_uid_active: 10063
11-22 06:51:59.087 15484 15484 I wm_on_top_resumed_gained_called: [21019797,android.service.dreams.DreamActivity,topStateChangedWhenResumed]
11-22 06:51:59.130 1489 1636 I input_focus: [Focus request f32fc02 com.thundercomm.screensaver/android.service.dreams.DreamActivity,reason=UpdateInputWindows]
11-22 06:51:59.135 1489 1489 I notification_enqueue: [10082,2375,com.android.systemui,2048,NULL,0,Notification(channel=updateNotification shortcut=null contentView=null vibrate=null sound=null defaults=0x0 flags=0x0 color=0x00000000 vis=PRIVATE),1]
11-22 06:51:59.135 2375 2375 I sysui_multi_action: [757,111,758,2]
11-22 06:51:59.136 2375 2375 I sysui_multi_action: [757,111,758,2]
11-22 06:51:59.160 2375 2375 I sysui_multi_action: [757,111,758,1]
11-22 06:51:59.161 2375 2375 I sysui_multi_action: [757,126,758,1,759,126,927,0,928,1,1593,0]
11-22 06:51:59.161 2375 2375 I sysui_multi_action: [757,113,758,1,759,113,927,1,928,1,1593,0]
11-22 06:51:59.161 2375 2375 I sysui_multi_action: [757,0,758,1,759,0,927,2,928,0,1593,0]
11-22 06:51:59.161 2375 2375 I sysui_multi_action: [757,0,758,1,759,0,927,3,928,0,1593,0]
11-22 06:51:59.161 2375 2375 I sysui_multi_action: [757,491,758,1,759,491,927,4,928,0,1311,-1,1593,0]
11-22 06:51:59.161 2375 2375 I sysui_multi_action: [757,0,758,1,759,0,927,5,928,0,1593,0]
11-22 06:51:59.161 2375 2375 I sysui_multi_action: [757,114,758,1,759,114,927,6,928,0,1593,0]
11-22 06:51:59.161 2375 2375 I sysui_multi_action: [757,111,758,1]
11-22 06:51:59.161 2375 2375 I sysui_multi_action: [757,126,758,1,759,126,927,0,928,1,1593,0]
11-22 06:51:59.161 2375 2375 I sysui_multi_action: [757,113,758,1,759,113,927,1,928,1,1593,0]
11-22 06:51:59.161 2375 2375 I sysui_multi_action: [757,0,758,1,759,0,927,2,928,0,1593,0]
11-22 06:51:59.161 2375 2375 I sysui_multi_action: [757,0,758,1,759,0,927,3,928,0,1593,0]
11-22 06:51:59.174 1489 1666 I sysui_multi_action: [757,1696,758,6,759,3]
11-22 06:51:59.176 1489 1631 I sysui_multi_action: [319,163,322,162,325,14107,757,761,758,8,759,2,806,com.thundercomm.screensaver,871,android.service.dreams.DreamActivity,904,com.thundercomm.screensaver,905,0,1320,4,1321,2]
11-22 06:51:59.176 1489 1631 I wm_activity_launch_time: [0,21019797,com.thundercomm.screensaver/android.service.dreams.DreamActivity,162]
11-22 06:51:59.183 1489 1650 I am_wtf : [0,1489,system_server,-1,DisplayDeviceConfig,requesting nits when no mapping exists.]
11-22 06:51:59.184 1489 1650 I am_wtf : [0,1489,system_server,-1,DisplayDeviceConfig,requesting nits when no mapping exists.]
11-22 06:51:59.198 1489 2012 I input_focus: [Focus entering f32fc02 com.thundercomm.screensaver/android.service.dreams.DreamActivity (server),reason=Window became focusable. Previous reason: NOT_VISIBLE]
11-22 06:51:59.198 1489 1650 I am_wtf : [0,1489,system_server,-1,DisplayDeviceConfig,requesting nits when no mapping exists.]
11-22 06:51:59.199 1489 1650 I am_wtf : [0,1489,system_server,-1,DisplayDeviceConfig,requesting nits when no mapping exists.]
11-22 06:51:59.216 1489 1650 I am_wtf : [0,1489,system_server,-1,DisplayDeviceConfig,requesting nits when no mapping exists.]
11-22 06:51:59.216 1489 1650 I am_wtf : [0,1489,system_server,-1,DisplayDeviceConfig,requesting nits when no mapping exists.]
11-22 06:51:59.232 1489 1650 I am_wtf : [0,1489,system_server,-1,DisplayDeviceConfig,requesting nits when no mapping exists.]
11-22 06:51:59.233 1489 1650 I am_wtf : [0,1489,system_server,-1,DisplayDeviceConfig,requesting nits when no mapping exists.]
11-22 06:51:59.249 1489 1650 I am_wtf : [0,1489,system_server,-1,DisplayDeviceConfig,requesting nits when no mapping exists.]
11-22 06:51:59.249 1489 1650 I am_wtf : [0,1489,system_server,-1,DisplayDeviceConfig,requesting nits when no mapping exists.]
11-22 06:51:59.267 1489 1650 I am_wtf : [0,1489,system_server,-1,DisplayDeviceConfig,requesting nits when no mapping exists.]
11-22 06:51:59.268 1489 1650 I am_wtf : [0,1489,system_server,-1,DisplayDeviceConfig,requesting nits when no mapping exists.]
11-22 06:51:59.283 1489 1650 I am_wtf : [0,1489,system_server,-1,DisplayDeviceConfig,requesting nits when no mapping exists.]
11-22 06:51:59.285 1489 1650 I am_wtf : [0,1489,system_server,-1,DisplayDeviceConfig,requesting nits when no mapping exists.]
11-22 06:51:59.300 1489 1650 I am_wtf : [0,1489,system_server,-1,DisplayDeviceConfig,requesting nits when no mapping exists.]
11-22 06:51:59.301 1489 1650 I am_wtf : [0,1489,system_server,-1,DisplayDeviceConfig,requesting nits when no mapping exists.]
11-22 06:51:59.316 1489 1650 I am_wtf : [0,1489,system_server,-1,DisplayDeviceConfig,requesting nits when no mapping exists.]
11-22 06:51:59.321 1489 1650 I am_wtf : [0,1489,system_server,-1,DisplayDeviceConfig,requesting nits when no mapping exists.]
11-22 06:51:59.334 1489 1650 I am_wtf : [0,1489,system_server,-1,DisplayDeviceConfig,requesting nits when no mapping exists.]
11-22 06:51:59.335 1489 1650 I am_wtf : [0,1489,system_server,-1,DisplayDeviceConfig,requesting nits when no mapping exists.]
11-22 06:51:59.350 1489 1650 I am_wtf : [0,1489,system_server,-1,DisplayDeviceConfig,requesting nits when no mapping exists.]
11-22 06:51:59.353 1489 1650 I am_wtf : [0,1489,system_server,-1,DisplayDeviceConfig,requesting nits when no mapping exists.]
11-22 06:51:59.367 1489 1650 I am_wtf : [0,1489,system_server,-1,DisplayDeviceConfig,requesting nits when no mapping exists.]
11-22 06:51:59.371 1489 1650 I am_wtf : [0,1489,system_server,-1,DisplayDeviceConfig,requesting nits when no mapping exists.]
11-22 06:51:59.383 1489 1650 I am_wtf : [0,1489,system_server,-1,DisplayDeviceConfig,requesting nits when no mapping exists.]
11-22 06:51:59.384 1489 1650 I am_wtf : [0,1489,system_server,-1,DisplayDeviceConfig,requesting nits when no mapping exists.]
11-22 06:51:59.398 1489 1650 I am_wtf : [0,1489,system_server,-1,DisplayDeviceConfig,requesting nits when no mapping exists.]
11-22 06:51:59.399 1489 1650 I am_wtf : [0,1489,system_server,-1,DisplayDeviceConfig,requesting nits when no mapping exists.]
11-22 06:51:59.417 1489 1650 I am_wtf : [0,1489,system_server,-1,DisplayDeviceConfig,requesting nits when no mapping exists.]
11-22 06:51:59.418 1489 1650 I am_wtf : [0,1489,system_server,-1,DisplayDeviceConfig,requesting nits when no mapping exists.]
11-22 06:51:59.434 1489 1650 I am_wtf : [0,1489,system_server,-1,DisplayDeviceConfig,requesting nits when no mapping exists.]
11-22 06:51:59.438 1489 1650 I am_wtf : [0,1489,system_server,-1,DisplayDeviceConfig,requesting nits when no mapping exists.]
11-22 06:51:59.449 1489 1650 I am_wtf : [0,1489,system_server,-1,DisplayDeviceConfig,requesting nits when no mapping exists.]
11-22 06:51:59.450 1489 1650 I am_wtf : [0,1489,system_server,-1,DisplayDeviceConfig,requesting nits when no mapping exists.]
11-22 06:51:59.466 1489 1650 I am_wtf : [0,1489,system_server,-1,DisplayDeviceConfig,requesting nits when no mapping exists.]
11-22 06:51:59.468 1489 1650 I am_wtf : [0,1489,system_server,-1,DisplayDeviceConfig,requesting nits when no mapping exists.]
11-22 06:51:59.472 1489 1634 I wm_stop_activity: [0,168390208,com.android.launcher3/.uioverrides.QuickstepLauncher]
11-22 06:51:59.482 1489 1650 I am_wtf : [0,1489,system_server,-1,DisplayDeviceConfig,requesting nits when no mapping exists.]
11-22 06:51:59.483 1489 1650 I am_wtf : [0,1489,system_server,-1,DisplayDeviceConfig,requesting nits when no mapping exists.]
11-22 06:51:59.498 1489 1650 I am_wtf : [0,1489,system_server,-1,DisplayDeviceConfig,requesting nits when no mapping exists.]
11-22 06:51:59.499 1489 1650 I am_wtf : [0,1489,system_server,-1,DisplayDeviceConfig,requesting nits when no mapping exists.]
11-22 06:51:59.505 2840 2840 I wm_on_stop_called: [168390208,com.android.launcher3.uioverrides.QuickstepLauncher,STOP_ACTIVITY_ITEM]
11-22 06:51:59.516 1489 1650 I am_wtf : [0,1489,system_server,-1,DisplayDeviceConfig,requesting nits when no mapping exists.]
11-22 06:51:59.517 1489 1650 I am_wtf : [0,1489,system_server,-1,DisplayDeviceConfig,requesting nits when no mapping exists.]
11-22 06:51:59.531 1489 1650 I am_wtf : [0,1489,system_server,-1,DisplayDeviceConfig,requesting nits when no mapping exists.]
11-22 06:51:59.532 1489 1650 I am_wtf : [0,1489,system_server,-1,DisplayDeviceConfig,requesting nits when no mapping exists.]
11-22 06:51:59.545 1489 1650 I am_wtf : [0,1489,system_server,-1,DisplayDeviceConfig,requesting nits when no mapping exists.]
11-22 06:51:59.546 1489 1650 I am_wtf : [0,1489,system_server,-1,DisplayDeviceConfig,requesting nits when no mapping exists.]
11-22 06:51:59.564 1489 1650 I am_wtf : [0,1489,system_server,-1,DisplayDeviceConfig,requesting nits when no mapping exists.]
11-22 06:51:59.565 1489 1650 I am_wtf : [0,1489,system_server,-1,DisplayDeviceConfig,requesting nits when no mapping exists.]
11-22 06:51:59.579 1489 1650 I am_wtf : [0,1489,system_server,-1,DisplayDeviceConfig,requesting nits when no mapping exists.]
11-22 06:51:59.579 1489 1650 I am_wtf : [0,1489,system_server,-1,DisplayDeviceConfig,requesting nits when no mapping exists.]
11-22 06:51:59.596 1489 1650 I am_wtf : [0,1489,system_server,-1,DisplayDeviceConfig,requesting nits when no mapping exists.]
11-22 06:51:59.597 1489 1650 I am_wtf : [0,1489,system_server,-1,DisplayDeviceConfig,requesting nits when no mapping exists.]
11-22 06:51:59.614 1489 1650 I am_wtf : [0,1489,system_server,-1,DisplayDeviceConfig,requesting nits when no mapping exists.]
11-22 06:51:59.616 1489 1650 I am_wtf : [0,1489,system_server,-1,DisplayDeviceConfig,requesting nits when no mapping exists.]
11-22 06:51:59.629 1489 1650 I am_wtf : [0,1489,system_server,-1,DisplayDeviceConfig,requesting nits when no mapping exists.]
11-22 06:51:59.631 1489 1650 I am_wtf : [0,1489,system_server,-1,DisplayDeviceConfig,requesting nits when no mapping exists.]
11-22 06:51:59.647 1489 1650 I am_wtf : [0,1489,system_server,-1,DisplayDeviceConfig,requesting nits when no mapping exists.]
11-22 06:51:59.648 1489 1650 I am_wtf : [0,1489,system_server,-1,DisplayDeviceConfig,requesting nits when no mapping exists.]
11-22 06:51:59.665 1489 1650 I am_wtf : [0,1489,system_server,-1,DisplayDeviceConfig,requesting nits when no mapping exists.]
11-22 06:51:59.666 1489 1650 I am_wtf : [0,1489,system_server,-1,DisplayDeviceConfig,requesting nits when no mapping exists.]
11-22 06:51:59.667 1489 1650 I service_manager_stats: [100,66,7071]
11-22 06:51:59.681 1489 1650 I am_wtf : [0,1489,system_server,-1,DisplayDeviceConfig,requesting nits when no mapping exists.]
11-22 06:51:59.682 1489 1650 I am_wtf : [0,1489,system_server,-1,DisplayDeviceConfig,requesting nits when no mapping exists.]
11-22 06:51:59.696 1489 1650 I am_wtf : [0,1489,system_server,-1,DisplayDeviceConfig,requesting nits when no mapping exists.]
11-22 06:51:59.697 1489 1650 I am_wtf : [0,1489,system_server,-1,DisplayDeviceConfig,requesting nits when no mapping exists.]
11-22 06:51:59.712 1489 1650 I am_wtf : [0,1489,system_server,-1,DisplayDeviceConfig,requesting nits when no mapping exists.]
11-22 06:51:59.713 1489 1650 I am_wtf : [0,1489,system_server,-1,DisplayDeviceConfig,requesting nits when no mapping exists.]
11-22 06:51:59.731 1489 1650 I am_wtf : [0,1489,system_server,-1,DisplayDeviceConfig,requesting nits when no mapping exists.]
11-22 06:51:59.732 1489 1650 I am_wtf : [0,1489,system_server,-1,DisplayDeviceConfig,requesting nits when no mapping exists.]
11-22 06:51:59.747 1489 1650 I am_wtf : [0,1489,system_server,-1,DisplayDeviceConfig,requesting nits when no mapping exists.]
11-22 06:51:59.748 1489 1650 I am_wtf : [0,1489,system_server,-1,DisplayDeviceConfig,requesting nits when no mapping exists.]
11-22 06:51:59.764 1489 1650 I am_wtf : [0,1489,system_server,-1,DisplayDeviceConfig,requesting nits when no mapping exists.]
11-22 06:51:59.765 1489 1650 I am_wtf : [0,1489,system_server,-1,DisplayDeviceConfig,requesting nits when no mapping exists.]
11-22 06:51:59.782 1489 1650 I am_wtf : [0,1489,system_server,-1,DisplayDeviceConfig,requesting nits when no mapping exists.]
11-22 06:51:59.784 1489 1650 I am_wtf : [0,1489,system_server,-1,DisplayDeviceConfig,requesting nits when no mapping exists.]
11-22 06:51:59.797 1489 1650 I am_wtf : [0,1489,system_server,-1,DisplayDeviceConfig,requesting nits when no mapping exists.]
11-22 06:51:59.798 1489 1650 I am_wtf : [0,1489,system_server,-1,DisplayDeviceConfig,requesting nits when no mapping exists.]
11-22 06:51:59.814 1489 1650 I am_wtf : [0,1489,system_server,-1,DisplayDeviceConfig,requesting nits when no mapping exists.]
11-22 06:51:59.816 1489 1650 I am_wtf : [0,1489,system_server,-1,DisplayDeviceConfig,requesting nits when no mapping exists.]
11-22 06:51:59.830 1489 1650 I am_wtf : [0,1489,system_server,-1,DisplayDeviceConfig,requesting nits when no mapping exists.]
11-22 06:51:59.834 1489 1650 I am_wtf : [0,1489,system_server,-1,DisplayDeviceConfig,requesting nits when no mapping exists.]
11-22 06:51:59.847 1489 1650 I am_wtf : [0,1489,system_server,-1,DisplayDeviceConfig,requesting nits when no mapping exists.]
11-22 06:51:59.849 1489 1650 I am_wtf : [0,1489,system_server,-1,DisplayDeviceConfig,requesting nits when no mapping exists.]
11-22 06:51:59.864 1489 1650 I am_wtf : [0,1489,system_server,-1,DisplayDeviceConfig,requesting nits when no mapping exists.]
11-22 06:51:59.865 1489 1650 I am_wtf : [0,1489,system_server,-1,DisplayDeviceConfig,requesting nits when no mapping exists.]
11-22 06:51:59.883 1489 1650 I am_wtf : [0,1489,system_server,-1,DisplayDeviceConfig,requesting nits when no mapping exists.]
11-22 06:51:59.884 1489 1650 I am_wtf : [0,1489,system_server,-1,DisplayDeviceConfig,requesting nits when no mapping exists.]
11-22 06:51:59.897 1489 1650 I am_wtf : [0,1489,system_server,-1,DisplayDeviceConfig,requesting nits when no mapping exists.]
11-22 06:51:59.898 1489 1650 I am_wtf : [0,1489,system_server,-1,DisplayDeviceConfig,requesting nits when no mapping exists.]
11-22 06:51:59.914 1489 1650 I am_wtf : [0,1489,system_server,-1,DisplayDeviceConfig,requesting nits when no mapping exists.]
11-22 06:51:59.917 1489 1650 I am_wtf : [0,1489,system_server,-1,DisplayDeviceConfig,requesting nits when no mapping exists.]
11-22 06:51:59.934 1489 1650 I am_wtf : [0,1489,system_server,-1,DisplayDeviceConfig,requesting nits when no mapping exists.]
11-22 06:51:59.935 1489 1650 I am_wtf : [0,1489,system_server,-1,DisplayDeviceConfig,requesting nits when no mapping exists.]
11-22 06:51:59.958 1489 1650 I am_wtf : [0,1489,system_server,-1,DisplayDeviceConfig,requesting nits when no mapping exists.]
11-22 06:51:59.959 1489 1650 I am_wtf : [0,1489,system_server,-1,DisplayDeviceConfig,requesting nits when no mapping exists.]
11-22 06:51:59.966 1489 1650 I am_wtf : [0,1489,system_server,-1,DisplayDeviceConfig,requesting nits when no mapping exists.]
11-22 06:51:59.967 1489 1650 I am_wtf : [0,1489,system_server,-1,DisplayDeviceConfig,requesting nits when no mapping exists.]
11-22 06:51:59.982 1489 1650 I am_wtf : [0,1489,system_server,-1,DisplayDeviceConfig,requesting nits when no mapping exists.]
11-22 06:51:59.983 1489 1650 I am_wtf : [0,1489,system_server,-1,DisplayDeviceConfig,requesting nits when no mapping exists.]
11-22 06:51:59.997 1489 1650 I am_wtf : [0,1489,system_server,-1,DisplayDeviceConfig,requesting nits when no mapping exists.]
11-22 06:51:59.998 1489 1650 I am_wtf : [0,1489,system_server,-1,DisplayDeviceConfig,requesting nits when no mapping exists.]
11-22 06:52:00.016 1489 1650 I am_wtf : [0,1489,system_server,-1,DisplayDeviceConfig,requesting nits when no mapping exists.]
11-22 06:52:00.016 1489 1650 I am_wtf : [0,1489,system_server,-1,DisplayDeviceConfig,requesting nits when no mapping exists.]
11-22 06:52:00.033 1489 1650 I am_wtf : [0,1489,system_server,-1,DisplayDeviceConfig,requesting nits when no mapping exists.]
11-22 06:52:00.034 1489 1650 I am_wtf : [0,1489,system_server,-1,DisplayDeviceConfig,requesting nits when no mapping exists.]
11-22 06:52:00.047 1489 1650 I am_wtf : [0,1489,system_server,-1,DisplayDeviceConfig,requesting nits when no mapping exists.]
11-22 06:52:00.048 1489 1650 I am_wtf : [0,1489,system_server,-1,DisplayDeviceConfig,requesting nits when no mapping exists.]
11-22 06:52:00.065 1489 1650 I am_wtf : [0,1489,system_server,-1,DisplayDeviceConfig,requesting nits when no mapping exists.]
11-22 06:52:00.066 1489 1650 I am_wtf : [0,1489,system_server,-1,DisplayDeviceConfig,requesting nits when no mapping exists.]
11-22 06:52:00.081 1489 1650 I am_wtf : [0,1489,system_server,-1,DisplayDeviceConfig,requesting nits when no mapping exists.]
11-22 06:52:00.082 1489 1650 I am_wtf : [0,1489,system_server,-1,DisplayDeviceConfig,requesting nits when no mapping exists.]
11-22 06:52:00.098 1489 1650 I am_wtf : [0,1489,system_server,-1,DisplayDeviceConfig,requesting nits when no mapping exists.]
11-22 06:52:00.098 1489 1650 I am_wtf : [0,1489,system_server,-1,DisplayDeviceConfig,requesting nits when no mapping exists.]
11-22 06:52:00.114 1489 1650 I am_wtf : [0,1489,system_server,-1,DisplayDeviceConfig,requesting nits when no mapping exists.]
11-22 06:52:00.115 1489 1650 I am_wtf : [0,1489,system_server,-1,DisplayDeviceConfig,requesting nits when no mapping exists.]
11-22 06:52:00.131 1489 1650 I am_wtf : [0,1489,system_server,-1,DisplayDeviceConfig,requesting nits when no mapping exists.]
11-22 06:52:00.131 1489 1650 I am_wtf : [0,1489,system_server,-1,DisplayDeviceConfig,requesting nits when no mapping exists.]
11-22 06:52:47.382 1489 1752 I am_freeze: [13758,com.android.music]
11-22 06:52:47.385 1489 1752 I am_freeze: [14340,com.android.musicfx]
11-22 06:52:47.386 1489 1752 I am_kill : [0,13758,com.android.music,900,Unable to freeze binder interface]
11-22 06:52:47.390 1489 1752 I am_kill : [0,14340,com.android.musicfx,945,Unable to freeze binder interface]
11-22 06:52:47.431 1489 2851 I am_proc_died: [0,14340,com.android.musicfx,945,19]
11-22 06:52:47.433 1489 2851 I am_uid_stopped: 10033
11-22 06:52:47.446 1489 1648 I am_pss : [15484,10051,com.thundercomm.screensaver,60761088,54870016,0,176865280,0,2,7]
11-22 06:52:47.451 1489 1648 I am_pss : [15468,1000,com.qti.diagservices,6035456,3751936,0,93532160,0,10,5]
11-22 06:52:47.454 1489 2851 I am_proc_died: [0,13758,com.android.music,900,18]
11-22 06:52:47.454 1489 2851 I am_uid_stopped: 10090
11-22 06:52:47.459 1489 1634 I am_uid_running: 10090
11-22 06:52:47.461 1489 1648 I am_pss : [15435,10060,com.android.soundrecorder,5909504,3993600,0,89620480,0,19,5]
11-22 06:52:47.475 1489 1651 I am_proc_start: [0,15528,10090,com.android.music,NULL,]
11-22 06:52:47.513 1489 2851 I am_proc_bound: [0,15528,com.android.music]
11-22 06:53:05.573 1489 1650 I am_uid_idle: 10063
11-22 06:53:23.331 1489 2012 I input_interaction: Interaction with: f32fc02 com.thundercomm.screensaver/android.service.dreams.DreamActivity (server), edge-swipe (server), swipe-up (server), PointerEventDispatcher0 (server),
11-22 06:53:23.336 1489 2808 I wm_finish_activity: [0,21019797,162,com.thundercomm.screensaver/android.service.dreams.DreamActivity,finish-activity]
11-22 06:53:23.337 1489 2808 I wm_task_moved: [1,1,7]
11-22 06:53:23.338 1489 2808 I wm_task_moved: [10,1,2147483647]
11-22 06:53:23.338 1489 2808 I wm_task_to_front: [0,10]
11-22 06:53:23.339 1489 2808 I wm_focused_root_task: [0,0,1,162,finish-top adjustFocusToNextFocusableTask]
11-22 06:53:23.339 1489 2808 I wm_set_resumed_activity: [0,com.android.launcher3/.uioverrides.QuickstepLauncher,finish-top adjustFocusToNextFocusableTask]
11-22 06:53:23.340 1489 2808 I wm_pause_activity: [0,21019797,com.thundercomm.screensaver/android.service.dreams.DreamActivity,userLeaving=false,finish]
11-22 06:53:23.355 1489 1634 I sysui_multi_action: [757,803,799,window_time_0,802,84]
11-22 06:53:23.359 15484 15484 I wm_on_top_resumed_lost_called: [21019797,android.service.dreams.DreamActivity,topStateChangedWhenResumed]
11-22 06:53:23.360 15484 15484 I wm_on_paused_called: [21019797,android.service.dreams.DreamActivity,performPause]
11-22 06:53:23.361 1489 7614 I wm_add_to_stopping: [0,21019797,com.thundercomm.screensaver/android.service.dreams.DreamActivity,completeFinishing]
11-22 06:53:23.365 1489 7614 I wm_set_resumed_activity: [0,com.android.launcher3/.uioverrides.QuickstepLauncher,resumeTopActivityInnerLocked]
11-22 06:53:23.373 1489 7614 I wm_resume_activity: [0,168390208,10,com.android.launcher3/.uioverrides.QuickstepLauncher]
11-22 06:53:23.375 1489 2012 I input_focus: [Focus leaving f32fc02 com.thundercomm.screensaver/android.service.dreams.DreamActivity (server),reason=NO_WINDOW]
11-22 06:53:23.384 15484 15484 I view_enqueue_input_event: [Motion - Cancel,com.thundercomm.screensaver/android.service.dreams.DreamActivity]
11-22 06:53:23.394 1489 1634 I sysui_multi_action: [757,803,799,window_time_0,802,0]
11-22 06:53:23.394 2840 2840 I wm_on_restart_called: [168390208,com.android.launcher3.uioverrides.QuickstepLauncher,performRestartActivity]
11-22 06:53:23.398 2840 2840 I wm_on_start_called: [168390208,com.android.launcher3.uioverrides.QuickstepLauncher,handleStartActivity]
11-22 06:53:23.399 2840 2840 I wm_on_resume_called: [168390208,com.android.launcher3.uioverrides.QuickstepLauncher,RESUME_ACTIVITY]
11-22 06:53:23.399 2840 2840 I wm_on_top_resumed_gained_called: [168390208,com.android.launcher3.uioverrides.QuickstepLauncher,topWhenResuming]
11-22 06:53:23.404 1489 1636 I input_focus: [Focus request 3cc67bf com.android.launcher3/com.android.launcher3.uioverrides.QuickstepLauncher,reason=UpdateInputWindows]
11-22 06:53:23.416 1489 1648 I am_pss : [15528,10090,com.android.music,6849536,4710400,0,91435008,0,19,5]
11-22 06:53:23.421 1489 1489 I am_uid_active: 10063
11-22 06:53:23.422 1489 1648 I am_pss : [15468,1000,com.qti.diagservices,5991424,3751936,0,93532160,0,10,5]
11-22 06:53:23.433 1489 2012 I input_focus: [Focus entering 3cc67bf com.android.launcher3/com.android.launcher3.uioverrides.QuickstepLauncher (server),reason=Window became focusable. Previous reason: NOT_VISIBLE]
11-22 06:53:23.674 1489 1634 I wm_destroy_activity: [0,21019797,162,com.thundercomm.screensaver/android.service.dreams.DreamActivity,finish-imm:idle]
11-22 06:53:23.707 15484 15484 I wm_on_stop_called: [21019797,android.service.dreams.DreamActivity,LIFECYCLER_STOP_ACTIVITY]
11-22 06:53:23.708 15484 15484 I wm_on_destroy_called: [21019797,android.service.dreams.DreamActivity,performDestroy]
11-22 06:53:23.713 1489 1631 I sysui_multi_action: [757,222,758,2]
11-22 06:53:23.713 1489 1631 I sysui_multi_action: [757,804,799,dreaming_minutes,801,1,802,1]
11-22 06:53:23.726 1489 7614 I wm_task_removed: [162,removeChild:removeChild last r=ActivityRecord{140bc95 u0 com.thundercomm.screensaver/android.service.dreams.DreamActivity t-1 f}} in t=Task{3e669b2 #162 type=dream A=10051:android:com.thundercomm.screensaver/dream U=0 visible=false mode=fullscreen translucent=true sz=0}]
11-22 06:53:23.726 1489 7614 I wm_task_removed: [162,removeChild]
11-22 06:53:24.828 1489 2012 I input_interaction: Interaction with: 7bc8571 com.android.gallery3d/com.android.gallery3d.app.GalleryActivity (server), edge-swipe (server), swipe-up (server), PointerEventDispatcher0 (server),
11-22 06:53:24.831 1489 1634 I wm_task_moved: [161,1,7]
