11-22 06:12:46.197 1489 6560 I wm_task_removed: [133,removeChild:removeChild last r=ActivityRecord{d4e0f15 u0 com.thundercomm.screensaver/android.service.dreams.DreamActivity t-1 f}} in t=Task{8837fe7 #133 type=dream A=10051:android:com.thundercomm.screensaver/dream U=0 visible=false mode=fullscreen translucent=true sz=0}]
11-22 06:12:46.197 1489 6560 I wm_task_removed: [133,removeChild]
11-22 06:12:46.907 1489 2012 I input_interaction: Interaction with: 53d3042 com.hht.lebocast/com.hht.lebocast.GuidanceActivity (server), edge-swipe (server), swipe-up (server), PointerEventDispatcher0 (server),
11-22 06:12:46.931 1489 6707 I wm_task_moved: [1,0,0]
11-22 06:12:46.932 1489 6707 I wm_task_moved: [1,0,8]
11-22 06:12:46.938 2840 2840 I wm_on_restart_called: [168390208,com.android.launcher3.uioverrides.QuickstepLauncher,performRestartActivity]
11-22 06:12:46.979 2840 2840 I wm_on_start_called: [168390208,com.android.launcher3.uioverrides.QuickstepLauncher,handleStartActivity]
11-22 06:12:47.001 1489 1631 I sysui_multi_action: [319,11,322,64,325,11755,757,761,758,9,759,5,806,com.android.launcher3,871,com.android.launcher3.uioverrides.QuickstepLauncher,905,0,1320,8,1321,5]
11-22 06:12:47.011 3275 3275 I view_enqueue_input_event: [Motion - Cancel,com.hht.lebocast/com.hht.lebocast.GuidanceActivity]
11-22 06:12:47.012 2840 2840 I sysui_latency: [1,82]
11-22 06:12:47.022 1489 2012 I input_interaction: Interaction with: edge-swipe (server), swipe-up (server), PointerEventDispatcher0 (server),
11-22 06:12:47.023 1489 1636 I input_focus: [Focus request recents_animation_input_consumer,reason=UpdateInputWindows]
11-22 06:12:47.031 1489 2012 I input_focus: [Focus leaving 53d3042 com.hht.lebocast/com.hht.lebocast.GuidanceActivity (server),reason=NOT_FOCUSABLE]
11-22 06:12:47.032 1489 2012 I input_focus: [Focus entering recents_animation_input_consumer (server),reason=setFocusedWindow]
11-22 06:12:47.179 1489 1751 I commit_sys_config_file: [settings-1-0,4]
11-22 06:12:47.297 1489 1648 I sysui_latency: [8,82]
11-22 06:12:47.917 1489 1751 I commit_sys_config_file: [settings-1-0,6]
11-22 06:12:48.630 1489 2012 I input_interaction: Interaction with: 3cc67bf com.android.launcher3/com.android.launcher3.uioverrides.QuickstepLauncher (server), edge-swipe (server), swipe-up (server), PointerEventDispatcher0 (server),
11-22 06:12:48.781 1489 6560 I wm_relaunch_resume_activity: [0,177697246,128,com.hht.lebocast/.GuidanceActivity]
11-22 06:12:48.783 3275 3275 I wm_on_top_resumed_lost_called: [177697246,com.hht.lebocast.GuidanceActivity,pausing]
11-22 06:12:48.784 3275 3275 I wm_on_paused_called: [177697246,com.hht.lebocast.GuidanceActivity,performPause]
11-22 06:12:48.784 1489 6560 I wm_task_moved: [1,1,9]
11-22 06:12:48.785 3275 3275 I wm_on_stop_called: [177697246,com.hht.lebocast.GuidanceActivity,handleRelaunchActivity]
11-22 06:12:48.787 3275 3275 I wm_on_destroy_called: [177697246,com.hht.lebocast.GuidanceActivity,performDestroy]
11-22 06:12:48.787 1489 6560 I wm_focused_root_task: [0,0,1,128,startActivityFromRecents]
11-22 06:12:48.787 1489 6560 I wm_task_moved: [128,1,9]
11-22 06:12:48.788 1489 6560 I wm_set_resumed_activity: [0,com.hht.lebocast/.GuidanceActivity,positionChildAt]
11-22 06:12:48.788 1489 6560 I wm_focused_root_task: [0,0,128,1,moveTaskToFront findTaskToMoveToFront]
11-22 06:12:48.788 1489 6560 I wm_set_resumed_activity: [0,com.hht.lebocast/.GuidanceActivity,moveTaskToFront findTaskToMoveToFront]
11-22 06:12:48.842 3275 3275 I wm_on_create_called: [177697246,com.hht.lebocast.GuidanceActivity,performCreate]
11-22 06:12:48.843 3275 3275 I wm_on_start_called: [177697246,com.hht.lebocast.GuidanceActivity,handleStartActivity]
11-22 06:12:48.844 3275 3275 I wm_on_resume_called: [177697246,com.hht.lebocast.GuidanceActivity,RESUME_ACTIVITY]
11-22 06:12:48.844 3275 3275 I wm_on_top_resumed_gained_called: [177697246,com.hht.lebocast.GuidanceActivity,topWhenResuming]
11-22 06:12:48.875 3275 3275 I wm_on_top_resumed_lost_called: [177697246,com.hht.lebocast.GuidanceActivity,topStateChangedWhenResumed]
11-22 06:12:48.901 3275 3275 I wm_on_top_resumed_gained_called: [177697246,com.hht.lebocast.GuidanceActivity,topStateChangedWhenResumed]
11-22 06:12:49.214 1489 6560 I wm_task_moved: [1,1,9]
11-22 06:12:49.215 1489 6560 I wm_task_moved: [10,1,2147483647]
11-22 06:12:49.215 1489 6560 I wm_task_to_front: [0,10]
11-22 06:12:49.215 1489 6560 I wm_focused_root_task: [0,0,1,128,RecentsAnimation.onAnimationFinished()]
11-22 06:12:49.216 1489 6560 I wm_set_resumed_activity: [0,com.android.launcher3/.uioverrides.QuickstepLauncher,RecentsAnimation.onAnimationFinished()]
11-22 06:12:49.220 3275 3275 I wm_on_top_resumed_lost_called: [177697246,com.hht.lebocast.GuidanceActivity,topStateChangedWhenResumed]
11-22 06:12:49.220 1489 6560 I wm_set_resumed_activity: [0,com.android.launcher3/.uioverrides.QuickstepLauncher,resumeTopActivityInnerLocked]
11-22 06:12:49.225 1489 6560 I wm_resume_activity: [0,168390208,10,com.android.launcher3/.uioverrides.QuickstepLauncher]
11-22 06:12:49.233 1489 1636 I input_focus: [Focus request 3cc67bf com.android.launcher3/com.android.launcher3.uioverrides.QuickstepLauncher,reason=UpdateInputWindows]
11-22 06:12:49.242 1489 1634 I sysui_multi_action: [757,803,799,window_time_0,802,3]
11-22 06:12:49.243 1489 1634 I am_uid_running: 10034
11-22 06:12:49.245 1489 1634 I am_uid_running: 10068
11-22 06:12:49.249 2840 2840 I wm_on_resume_called: [168390208,com.android.launcher3.uioverrides.QuickstepLauncher,RESUME_ACTIVITY]
11-22 06:12:49.250 2840 2840 I wm_on_top_resumed_gained_called: [168390208,com.android.launcher3.uioverrides.QuickstepLauncher,topStateChangedWhenResumed]
11-22 06:12:49.254 1489 1651 I am_proc_start: [0,13363,10034,com.microsoft.emmx,NULL,]
11-22 06:12:49.258 1489 2012 I input_focus: [Focus leaving recents_animation_input_consumer (server),reason=NOT_VISIBLE]
11-22 06:12:49.258 1489 2012 I input_focus: [Focus entering 3cc67bf com.android.launcher3/com.android.launcher3.uioverrides.QuickstepLauncher (server),reason=setFocusedWindow]
11-22 06:12:49.267 1489 1651 I am_proc_start: [0,13366,10068,com.android.calendar,NULL,]
11-22 06:12:49.293 1489 1596 I am_proc_bound: [0,13363,com.microsoft.emmx]
11-22 06:12:49.301 1489 6560 I am_proc_bound: [0,13366,com.android.calendar]
11-22 06:12:49.796 1489 2012 I input_interaction: Interaction with: 53d3042 com.hht.lebocast/com.hht.lebocast.GuidanceActivity (server), edge-swipe (server), swipe-up (server), PointerEventDispatcher0 (server),
11-22 06:12:49.799 1489 1634 I wm_task_moved: [128,1,9]
11-22 06:12:49.799 1489 1634 I wm_task_to_front: [0,128]
11-22 06:12:49.803 2840 2840 I wm_on_top_resumed_lost_called: [168390208,com.android.launcher3.uioverrides.QuickstepLauncher,topStateChangedWhenResumed]
11-22 06:12:49.803 1489 1634 I wm_set_resumed_activity: [0,com.hht.lebocast/.GuidanceActivity,positionChildAt]
11-22 06:12:49.803 1489 1634 I wm_focused_root_task: [0,0,128,1,setFocusedTask]
11-22 06:12:49.803 1489 1634 I wm_set_resumed_activity: [0,com.hht.lebocast/.GuidanceActivity,setFocusedTask]
11-22 06:12:49.804 1489 1636 I input_focus: [Focus request 53d3042 com.hht.lebocast/com.hht.lebocast.GuidanceActivity,reason=UpdateInputWindows]
11-22 06:12:49.804 3275 3275 I wm_on_top_resumed_gained_called: [177697246,com.hht.lebocast.GuidanceActivity,topStateChangedWhenResumed]
11-22 06:12:49.826 1489 2012 I input_focus: [Focus leaving 3cc67bf com.android.launcher3/com.android.launcher3.uioverrides.QuickstepLauncher (server),reason=setFocusedWindow]
11-22 06:12:49.827 1489 2012 I input_focus: [Focus entering 53d3042 com.hht.lebocast/com.hht.lebocast.GuidanceActivity (server),reason=setFocusedWindow]
11-22 06:12:51.172 1489 6707 I wm_relaunch_resume_activity: [0,177697246,128,com.hht.lebocast/.GuidanceActivity]
11-22 06:12:51.261 3275 3275 I wm_on_top_resumed_lost_called: [177697246,com.hht.lebocast.GuidanceActivity,pausing]
11-22 06:12:51.261 3275 3275 I wm_on_paused_called: [177697246,com.hht.lebocast.GuidanceActivity,performPause]
11-22 06:12:51.261 3275 3275 I wm_on_stop_called: [177697246,com.hht.lebocast.GuidanceActivity,handleRelaunchActivity]
11-22 06:12:51.262 3275 3275 I wm_on_destroy_called: [177697246,com.hht.lebocast.GuidanceActivity,performDestroy]
11-22 06:12:51.275 3275 3275 I wm_on_create_called: [177697246,com.hht.lebocast.GuidanceActivity,performCreate]
11-22 06:12:51.275 3275 3275 I wm_on_start_called: [177697246,com.hht.lebocast.GuidanceActivity,handleStartActivity]
11-22 06:12:51.277 3275 3275 I wm_on_resume_called: [177697246,com.hht.lebocast.GuidanceActivity,RESUME_ACTIVITY]
11-22 06:12:51.277 3275 3275 I wm_on_top_resumed_gained_called: [177697246,com.hht.lebocast.GuidanceActivity,topWhenResuming]
11-22 06:12:52.109 1489 6043 I wm_relaunch_resume_activity: [0,177697246,128,com.hht.lebocast/.GuidanceActivity]
11-22 06:12:52.165 3275 3275 I wm_on_top_resumed_lost_called: [177697246,com.hht.lebocast.GuidanceActivity,pausing]
11-22 06:12:52.166 3275 3275 I wm_on_paused_called: [177697246,com.hht.lebocast.GuidanceActivity,performPause]
11-22 06:12:52.166 3275 3275 I wm_on_stop_called: [177697246,com.hht.lebocast.GuidanceActivity,handleRelaunchActivity]
11-22 06:12:52.166 3275 3275 I wm_on_destroy_called: [177697246,com.hht.lebocast.GuidanceActivity,performDestroy]
11-22 06:12:52.173 3275 3275 I wm_on_create_called: [177697246,com.hht.lebocast.GuidanceActivity,performCreate]
11-22 06:12:52.174 3275 3275 I wm_on_start_called: [177697246,com.hht.lebocast.GuidanceActivity,handleStartActivity]
11-22 06:12:52.175 3275 3275 I wm_on_resume_called: [177697246,com.hht.lebocast.GuidanceActivity,RESUME_ACTIVITY]
11-22 06:12:52.175 3275 3275 I wm_on_top_resumed_gained_called: [177697246,com.hht.lebocast.GuidanceActivity,topWhenResuming]
11-22 06:12:53.530 1489 6044 I wm_relaunch_resume_activity: [0,177697246,128,com.hht.lebocast/.GuidanceActivity]
11-22 06:12:53.580 3275 3275 I wm_on_top_resumed_lost_called: [177697246,com.hht.lebocast.GuidanceActivity,pausing]
11-22 06:12:53.580 3275 3275 I wm_on_paused_called: [177697246,com.hht.lebocast.GuidanceActivity,performPause]
11-22 06:12:53.580 3275 3275 I wm_on_stop_called: [177697246,com.hht.lebocast.GuidanceActivity,handleRelaunchActivity]
11-22 06:12:53.581 3275 3275 I wm_on_destroy_called: [177697246,com.hht.lebocast.GuidanceActivity,performDestroy]
11-22 06:12:53.588 3275 3275 I wm_on_create_called: [177697246,com.hht.lebocast.GuidanceActivity,performCreate]
11-22 06:12:53.588 3275 3275 I wm_on_start_called: [177697246,com.hht.lebocast.GuidanceActivity,handleStartActivity]
11-22 06:12:53.589 3275 3275 I wm_on_resume_called: [177697246,com.hht.lebocast.GuidanceActivity,RESUME_ACTIVITY]
11-22 06:12:53.589 3275 3275 I wm_on_top_resumed_gained_called: [177697246,com.hht.lebocast.GuidanceActivity,topWhenResuming]
11-22 06:12:54.501 1489 1596 I wm_relaunch_resume_activity: [0,177697246,128,com.hht.lebocast/.GuidanceActivity]
11-22 06:12:54.555 3275 3275 I wm_on_top_resumed_lost_called: [177697246,com.hht.lebocast.GuidanceActivity,pausing]
11-22 06:12:54.555 3275 3275 I wm_on_paused_called: [177697246,com.hht.lebocast.GuidanceActivity,performPause]
11-22 06:12:54.555 3275 3275 I wm_on_stop_called: [177697246,com.hht.lebocast.GuidanceActivity,handleRelaunchActivity]
11-22 06:12:54.556 3275 3275 I wm_on_destroy_called: [177697246,com.hht.lebocast.GuidanceActivity,performDestroy]
11-22 06:12:54.563 3275 3275 I wm_on_create_called: [177697246,com.hht.lebocast.GuidanceActivity,performCreate]
11-22 06:12:54.563 3275 3275 I wm_on_start_called: [177697246,com.hht.lebocast.GuidanceActivity,handleStartActivity]
11-22 06:12:54.564 3275 3275 I wm_on_resume_called: [177697246,com.hht.lebocast.GuidanceActivity,RESUME_ACTIVITY]
11-22 06:12:54.564 3275 3275 I wm_on_top_resumed_gained_called: [177697246,com.hht.lebocast.GuidanceActivity,topWhenResuming]
11-22 06:12:55.948 1489 6043 I wm_relaunch_resume_activity: [0,177697246,128,com.hht.lebocast/.GuidanceActivity]
11-22 06:12:55.997 3275 3275 I wm_on_top_resumed_lost_called: [177697246,com.hht.lebocast.GuidanceActivity,pausing]
11-22 06:12:55.997 3275 3275 I wm_on_paused_called: [177697246,com.hht.lebocast.GuidanceActivity,performPause]
11-22 06:12:55.998 3275 3275 I wm_on_stop_called: [177697246,com.hht.lebocast.GuidanceActivity,handleRelaunchActivity]
11-22 06:12:55.998 3275 3275 I wm_on_destroy_called: [177697246,com.hht.lebocast.GuidanceActivity,performDestroy]
11-22 06:12:56.005 3275 3275 I wm_on_create_called: [177697246,com.hht.lebocast.GuidanceActivity,performCreate]
11-22 06:12:56.006 3275 3275 I wm_on_start_called: [177697246,com.hht.lebocast.GuidanceActivity,handleStartActivity]
11-22 06:12:56.007 3275 3275 I wm_on_resume_called: [177697246,com.hht.lebocast.GuidanceActivity,RESUME_ACTIVITY]
11-22 06:12:56.007 3275 3275 I wm_on_top_resumed_gained_called: [177697246,com.hht.lebocast.GuidanceActivity,topWhenResuming]
11-22 06:12:56.724 1489 6043 I wm_relaunch_resume_activity: [0,177697246,128,com.hht.lebocast/.GuidanceActivity]
11-22 06:12:56.780 3275 3275 I wm_on_top_resumed_lost_called: [177697246,com.hht.lebocast.GuidanceActivity,pausing]
11-22 06:12:56.781 3275 3275 I wm_on_paused_called: [177697246,com.hht.lebocast.GuidanceActivity,performPause]
11-22 06:12:56.781 3275 3275 I wm_on_stop_called: [177697246,com.hht.lebocast.GuidanceActivity,handleRelaunchActivity]
11-22 06:12:56.781 3275 3275 I wm_on_destroy_called: [177697246,com.hht.lebocast.GuidanceActivity,performDestroy]
11-22 06:12:56.788 3275 3275 I wm_on_create_called: [177697246,com.hht.lebocast.GuidanceActivity,performCreate]
11-22 06:12:56.789 3275 3275 I wm_on_start_called: [177697246,com.hht.lebocast.GuidanceActivity,handleStartActivity]
11-22 06:12:56.790 3275 3275 I wm_on_resume_called: [177697246,com.hht.lebocast.GuidanceActivity,RESUME_ACTIVITY]
11-22 06:12:56.790 3275 3275 I wm_on_top_resumed_gained_called: [177697246,com.hht.lebocast.GuidanceActivity,topWhenResuming]
11-22 06:12:58.818 1489 6043 I wm_relaunch_resume_activity: [0,177697246,128,com.hht.lebocast/.GuidanceActivity]
11-22 06:12:58.859 3275 3275 I wm_on_top_resumed_lost_called: [177697246,com.hht.lebocast.GuidanceActivity,pausing]
11-22 06:12:58.859 3275 3275 I wm_on_paused_called: [177697246,com.hht.lebocast.GuidanceActivity,performPause]
11-22 06:12:58.859 3275 3275 I wm_on_stop_called: [177697246,com.hht.lebocast.GuidanceActivity,handleRelaunchActivity]
11-22 06:12:58.860 3275 3275 I wm_on_destroy_called: [177697246,com.hht.lebocast.GuidanceActivity,performDestroy]
11-22 06:12:58.866 3275 3275 I wm_on_create_called: [177697246,com.hht.lebocast.GuidanceActivity,performCreate]
11-22 06:12:58.867 3275 3275 I wm_on_start_called: [177697246,com.hht.lebocast.GuidanceActivity,handleStartActivity]
11-22 06:12:58.868 3275 3275 I wm_on_resume_called: [177697246,com.hht.lebocast.GuidanceActivity,RESUME_ACTIVITY]
11-22 06:12:58.868 3275 3275 I wm_on_top_resumed_gained_called: [177697246,com.hht.lebocast.GuidanceActivity,topWhenResuming]
11-22 06:12:59.682 1489 6044 I wm_relaunch_resume_activity: [0,177697246,128,com.hht.lebocast/.GuidanceActivity]
11-22 06:12:59.735 3275 3275 I wm_on_top_resumed_lost_called: [177697246,com.hht.lebocast.GuidanceActivity,pausing]
11-22 06:12:59.735 3275 3275 I wm_on_paused_called: [177697246,com.hht.lebocast.GuidanceActivity,performPause]
11-22 06:12:59.735 3275 3275 I wm_on_stop_called: [177697246,com.hht.lebocast.GuidanceActivity,handleRelaunchActivity]
11-22 06:12:59.736 3275 3275 I wm_on_destroy_called: [177697246,com.hht.lebocast.GuidanceActivity,performDestroy]
11-22 06:12:59.749 3275 3275 I wm_on_create_called: [177697246,com.hht.lebocast.GuidanceActivity,performCreate]
11-22 06:12:59.749 3275 3275 I wm_on_start_called: [177697246,com.hht.lebocast.GuidanceActivity,handleStartActivity]
11-22 06:12:59.750 3275 3275 I wm_on_resume_called: [177697246,com.hht.lebocast.GuidanceActivity,RESUME_ACTIVITY]
11-22 06:12:59.750 3275 3275 I wm_on_top_resumed_gained_called: [177697246,com.hht.lebocast.GuidanceActivity,topWhenResuming]
11-22 06:13:00.906 1489 1596 I wm_finish_activity: [0,177697246,128,com.hht.lebocast/.GuidanceActivity,finish-activity]
11-22 06:13:00.906 1489 1596 I wm_task_moved: [1,1,9]
11-22 06:13:00.907 1489 1596 I wm_set_resumed_activity: [0,com.android.launcher3/.uioverrides.QuickstepLauncher,positionChildAt]
11-22 06:13:00.907 1489 1596 I wm_task_moved: [10,1,2147483647]
11-22 06:13:00.908 1489 1596 I wm_task_to_front: [0,10]
11-22 06:13:00.908 1489 1596 I wm_focused_root_task: [0,0,1,-1,finish-top adjustFocusToNextFocusableTask]
11-22 06:13:00.908 1489 1596 I wm_set_resumed_activity: [0,com.android.launcher3/.uioverrides.QuickstepLauncher,finish-top]
11-22 06:13:00.915 1489 1596 I wm_pause_activity: [0,177697246,com.hht.lebocast/.GuidanceActivity,userLeaving=false,finish]
11-22 06:13:00.921 1489 1636 I input_focus: [Focus request 3cc67bf com.android.launcher3/com.android.launcher3.uioverrides.QuickstepLauncher,reason=UpdateInputWindows]
11-22 06:13:00.921 3275 3275 I wm_on_top_resumed_lost_called: [177697246,com.hht.lebocast.GuidanceActivity,topStateChangedWhenResumed]
11-22 06:13:00.923 2840 2840 I wm_on_top_resumed_gained_called: [168390208,com.android.launcher3.uioverrides.QuickstepLauncher,topStateChangedWhenResumed]
11-22 06:13:00.923 3275 3275 I wm_on_paused_called: [177697246,com.hht.lebocast.GuidanceActivity,performPause]
11-22 06:13:00.925 1489 1596 I wm_destroy_activity: [0,177697246,128,com.hht.lebocast/.GuidanceActivity,finish-imm:completePausedLocked]
11-22 06:13:00.935 1489 2012 I input_focus: [Focus leaving 53d3042 com.hht.lebocast/com.hht.lebocast.GuidanceActivity (server),reason=NO_WINDOW]
11-22 06:13:00.935 1489 2012 I input_focus: [Focus entering 3cc67bf com.android.launcher3/com.android.launcher3.uioverrides.QuickstepLauncher (server),reason=setFocusedWindow]
11-22 06:13:00.946 3275 3275 I wm_on_stop_called: [177697246,com.hht.lebocast.GuidanceActivity,LIFECYCLER_STOP_ACTIVITY]
11-22 06:13:00.947 3275 3275 I wm_on_destroy_called: [177697246,com.hht.lebocast.GuidanceActivity,performDestroy]
11-22 06:13:00.950 1489 1634 I sysui_multi_action: [757,803,799,window_time_0,802,12]
11-22 06:13:00.964 1489 1634 I sysui_multi_action: [757,803,799,window_time_0,802,0]
11-22 06:13:01.232 1489 1636 I wm_task_removed: [128,removeChild:removeChild last r=ActivityRecord{a9771de u0 com.hht.lebocast/.GuidanceActivity t-1 f}} in t=Task{c94e1cd #128 type=standard A=10087:com.hht.lebocast U=0 visible=false mode=freeform translucent=true sz=0}]
11-22 06:13:01.232 1489 1636 I wm_task_removed: [128,removeChild]
11-22 06:13:01.589 1489 2012 I input_interaction: Interaction with: 3cc67bf com.android.launcher3/com.android.launcher3.uioverrides.QuickstepLauncher (server), 6449bab com.android.systemui.ImageWallpaper (server), edge-swipe (server), swipe-up (server), PointerEventDispatcher0 (server),
11-22 06:13:02.733 1489 1596 I wm_task_created: [134,-1]
11-22 06:13:02.745 1489 1596 I wm_task_moved: [134,1,9]
11-22 06:13:02.745 1489 1596 I wm_task_to_front: [0,134]
11-22 06:13:02.746 1489 1596 I wm_create_task: [0,134]
11-22 06:13:02.746 1489 1596 I wm_create_activity: [0,145345017,134,com.android.music/.VideoBrowserActivity,NULL,NULL,NULL,268468224]
11-22 06:13:02.746 1489 1596 I wm_task_moved: [134,1,9]
11-22 06:13:02.752 1489 1596 I wm_restart_activity: [0,145345017,134,com.android.music/.VideoBrowserActivity]
11-22 06:13:02.754 1489 1596 I wm_set_resumed_activity: [0,com.android.music/.VideoBrowserActivity,minimalResumeActivityLocked]
11-22 06:13:02.760 1489 1634 I am_uid_active: 10090
11-22 06:13:02.766 2840 2840 I wm_on_top_resumed_lost_called: [168390208,com.android.launcher3.uioverrides.QuickstepLauncher,topStateChangedWhenResumed]
11-22 06:13:02.792 10848 10848 I wm_on_create_called: [145345017,com.android.music.VideoBrowserActivity,performCreate]
11-22 06:13:02.792 10848 10848 I wm_on_start_called: [145345017,com.android.music.VideoBrowserActivity,handleStartActivity]
11-22 06:13:02.793 10848 10848 I wm_on_resume_called: [145345017,com.android.music.VideoBrowserActivity,RESUME_ACTIVITY]
11-22 06:13:02.795 10848 10848 I wm_on_top_resumed_gained_called: [145345017,com.android.music.VideoBrowserActivity,topStateChangedWhenResumed]
11-22 06:13:02.811 1489 1636 I input_focus: [Focus request 786bf4a com.android.music/com.android.music.VideoBrowserActivity,reason=UpdateInputWindows]
11-22 06:13:02.830 1489 1631 I sysui_multi_action: [319,105,322,102,325,11771,757,761,758,8,759,2,806,com.android.music,871,com.android.music.VideoBrowserActivity,904,com.android.launcher3,905,0,1320,4,1321,1]
11-22 06:13:02.831 1489 1631 I wm_activity_launch_time: [0,145345017,com.android.music/.VideoBrowserActivity,102]
11-22 06:13:02.837 1489 2012 I input_focus: [Focus leaving 3cc67bf com.android.launcher3/com.android.launcher3.uioverrides.QuickstepLauncher (server),reason=setFocusedWindow]
11-22 06:13:02.837 1489 2012 I input_focus: [Focus entering 786bf4a com.android.music/com.android.music.VideoBrowserActivity (server),reason=setFocusedWindow]
11-22 06:13:04.676 1489 2012 I input_interaction: Interaction with: 786bf4a com.android.music/com.android.music.VideoBrowserActivity (server), edge-swipe (server), swipe-up (server), PointerEventDispatcher0 (server),
11-22 06:13:05.769 1489 1596 I wm_task_moved: [134,1,9]
11-22 06:13:05.770 1489 1596 I wm_set_resumed_activity: [0,com.android.music/.VideoBrowserActivity,positionChildAt]
11-22 06:13:05.770 1489 1596 I wm_create_activity: [0,190289443,134,com.android.gallery3d/.app.MovieActivity,android.intent.action.VIEW,video/mp4,content://media/external/video/media/23,0]
11-22 06:13:05.773 1489 1596 I wm_pause_activity: [0,145345017,com.android.music/.VideoBrowserActivity,userLeaving=true,resumeTopActivityInnerLocked]
11-22 06:13:05.783 10848 10848 I wm_on_top_resumed_lost_called: [145345017,com.android.music.VideoBrowserActivity,topStateChangedWhenResumed]
11-22 06:13:05.783 10848 10848 I wm_on_paused_called: [145345017,com.android.music.VideoBrowserActivity,performPause]
11-22 06:13:05.787 1489 6044 I wm_restart_activity: [0,190289443,134,com.android.gallery3d/.app.MovieActivity]
11-22 06:13:05.788 1489 6044 I wm_set_resumed_activity: [0,com.android.gallery3d/.app.MovieActivity,minimalResumeActivityLocked]
11-22 06:13:05.789 1489 1634 I am_uid_active: 10069
11-22 06:13:05.794 1489 1634 I sysui_multi_action: [757,803,799,window_time_0,802,5]
11-22 06:13:05.817 11450 11450 I wm_on_create_called: [190289443,com.android.gallery3d.app.MovieActivity,performCreate]
11-22 06:13:05.819 11450 11450 I wm_on_start_called: [190289443,com.android.gallery3d.app.MovieActivity,handleStartActivity]
11-22 06:13:05.819 11450 11450 I wm_on_resume_called: [190289443,com.android.gallery3d.app.MovieActivity,RESUME_ACTIVITY]
11-22 06:13:05.823 11450 11450 I wm_on_top_resumed_gained_called: [190289443,com.android.gallery3d.app.MovieActivity,topStateChangedWhenResumed]
11-22 06:13:05.830 1489 1636 I input_focus: [Focus request fc75a38 com.android.gallery3d/com.android.gallery3d.app.MovieActivity,reason=UpdateInputWindows]
11-22 06:13:05.860 1489 1631 I sysui_multi_action: [319,96,322,96,325,11774,757,761,758,8,759,2,806,com.android.gallery3d,871,com.android.gallery3d.app.MovieActivity,904,com.android.music,905,0,1320,8,1321,5]
11-22 06:13:05.861 1489 1631 I wm_activity_launch_time: [0,190289443,com.android.gallery3d/.app.MovieActivity,96]
11-22 06:13:05.862 1489 2012 I input_focus: [Focus leaving 786bf4a com.android.music/com.android.music.VideoBrowserActivity (server),reason=setFocusedWindow]
11-22 06:13:05.862 1489 2012 I input_focus: [Focus entering fc75a38 com.android.gallery3d/com.android.gallery3d.app.MovieActivity (server),reason=setFocusedWindow]
11-22 06:13:05.951 1489 6043 I snet_event_log: [172655291,-1,]
11-22 06:13:06.634 1489 2012 I input_interaction: Interaction with: fc75a38 com.android.gallery3d/com.android.gallery3d.app.MovieActivity (server), edge-swipe (server), swipe-up (server), PointerEventDispatcher0 (server),
11-22 06:13:07.427 1489 1752 I am_freeze: [10941,com.android.musicfx]
11-22 06:13:07.429 1489 1752 I am_kill : [0,10941,com.android.musicfx,955,Unable to freeze binder interface]
11-22 06:13:07.474 1489 1596 I am_proc_died: [0,10941,com.android.musicfx,955,19]
11-22 06:13:07.475 1489 1596 I am_uid_stopped: 10033
11-22 06:13:13.192 1489 1596 I snet_event_log: [172655291,-1,]
11-22 06:13:15.323 1489 6044 I snet_event_log: [172655291,-1,]
11-22 06:13:17.023 1489 6043 I wm_task_created: [135,-1]
11-22 06:13:17.025 1489 6043 I wm_finish_activity: [0,190289443,134,com.android.gallery3d/.app.MovieActivity,app-request]
11-22 06:13:17.039 1489 6043 I wm_pause_activity: [0,190289443,com.android.gallery3d/.app.MovieActivity,userLeaving=false,finish]
11-22 06:13:17.047 1489 6043 I wm_task_moved: [135,1,10]
11-22 06:13:17.047 1489 6043 I wm_task_to_front: [0,135]
11-22 06:13:17.048 1489 6043 I wm_create_task: [0,135]
11-22 06:13:17.049 1489 6043 I wm_create_activity: [0,196515769,135,com.android.bluetooth/.opp.BluetoothOppLauncherActivity,android.intent.action.SEND,video/*,NULL,403177473]
11-22 06:13:17.049 1489 6043 I wm_task_moved: [135,1,10]
11-22 06:13:17.055 11450 11450 I wm_on_top_resumed_lost_called: [190289443,com.android.gallery3d.app.MovieActivity,topStateChangedWhenResumed]
11-22 06:13:17.071 1489 2012 I input_focus: [Focus leaving fc75a38 com.android.gallery3d/com.android.gallery3d.app.MovieActivity (server),reason=NO_WINDOW]
11-22 06:13:17.177 11450 11450 I wm_on_paused_called: [190289443,com.android.gallery3d.app.MovieActivity,performPause]
11-22 06:13:17.177 1489 6560 I wm_add_to_stopping: [0,190289443,com.android.gallery3d/.app.MovieActivity,completeFinishing]
11-22 06:13:17.180 1489 6560 I wm_restart_activity: [0,196515769,135,com.android.bluetooth/.opp.BluetoothOppLauncherActivity]
11-22 06:13:17.181 1489 6560 I wm_set_resumed_activity: [0,com.android.bluetooth/.opp.BluetoothOppLauncherActivity,minimalResumeActivityLocked]
11-22 06:13:17.182 1489 6560 I wm_resume_activity: [0,145345017,134,com.android.music/.VideoBrowserActivity]
11-22 06:13:17.183 10848 10848 I wm_on_resume_called: [145345017,com.android.music.VideoBrowserActivity,RESUME_ACTIVITY]
11-22 06:13:17.195 1489 1634 I sysui_multi_action: [757,803,799,window_time_2,802,11]
11-22 06:13:17.217 2358 2358 I wm_on_create_called: [196515769,com.android.bluetooth.opp.BluetoothOppLauncherActivity,performCreate]
11-22 06:13:17.223 2358 2358 I wm_on_start_called: [196515769,com.android.bluetooth.opp.BluetoothOppLauncherActivity,handleStartActivity]
11-22 06:13:17.223 2358 2358 I wm_on_resume_called: [196515769,com.android.bluetooth.opp.BluetoothOppLauncherActivity,RESUME_ACTIVITY]
11-22 06:13:17.229 1489 1648 I am_pss : [13366,10068,com.android.calendar,6756352,4845568,0,92164096,0,19,6]
11-22 06:13:17.230 2358 2358 I wm_on_top_resumed_gained_called: [196515769,com.android.bluetooth.opp.BluetoothOppLauncherActivity,topStateChangedWhenResumed]
11-22 06:13:17.238 1489 1648 I am_pss : [13363,10034,com.microsoft.emmx,35829760,32215040,0,133447680,0,19,6]
11-22 06:13:17.243 1489 1636 I input_focus: [Focus request 54051f3 com.android.bluetooth/com.android.bluetooth.opp.BluetoothOppLauncherActivity,reason=UpdateInputWindows]
11-22 06:13:17.251 1489 1596 I wm_task_moved: [135,1,10]
11-22 06:13:17.251 1489 1596 I wm_set_resumed_activity: [0,com.android.bluetooth/.opp.BluetoothOppLauncherActivity,positionChildAt]
11-22 06:13:17.251 1489 1596 I wm_create_activity: [0,32607329,135,com.android.settings/.bluetooth.DevicePickerActivity,android.bluetooth.devicepicker.action.LAUNCH,NULL,NULL,8388608]
11-22 06:13:17.255 1489 1596 I wm_pause_activity: [0,196515769,com.android.bluetooth/.opp.BluetoothOppLauncherActivity,userLeaving=true,resumeTopActivityInnerLocked]
11-22 06:13:17.260 1489 6707 I wm_finish_activity: [0,196515769,135,com.android.bluetooth/.opp.BluetoothOppLauncherActivity,app-request]
11-22 06:13:17.286 2358 2358 I wm_on_top_resumed_lost_called: [196515769,com.android.bluetooth.opp.BluetoothOppLauncherActivity,topStateChangedWhenResumed]
11-22 06:13:17.289 2358 2358 I wm_on_paused_called: [196515769,com.android.bluetooth.opp.BluetoothOppLauncherActivity,performPause]
11-22 06:13:17.290 1489 2808 I wm_add_to_stopping: [0,196515769,com.android.bluetooth/.opp.BluetoothOppLauncherActivity,completeFinishing]
11-22 06:13:17.292 1489 2808 I wm_restart_activity: [0,32607329,135,com.android.settings/.bluetooth.DevicePickerActivity]
11-22 06:13:17.294 1489 2808 I wm_set_resumed_activity: [0,com.android.settings/.bluetooth.DevicePickerActivity,minimalResumeActivityLocked]
11-22 06:13:17.301 1489 1634 I sysui_multi_action: [757,803,799,window_time_2,802,0]
11-22 06:13:17.348 13022 13022 I wm_on_create_called: [32607329,com.android.settings.bluetooth.DevicePickerActivity,performCreate]
11-22 06:13:17.352 13022 13022 I wm_on_start_called: [32607329,com.android.settings.bluetooth.DevicePickerActivity,handleStartActivity]
11-22 06:13:17.352 13022 13022 I wm_on_resume_called: [32607329,com.android.settings.bluetooth.DevicePickerActivity,RESUME_ACTIVITY]
11-22 06:13:17.353 13022 13022 I sysui_multi_action: [757,25,758,1,833,0,1089,25]
11-22 06:13:17.353 13022 13022 I sysui_multi_action: [757,1729,758,4,854,isParalleledControllers:false,1089,25]
11-22 06:13:17.355 13022 13022 I wm_on_top_resumed_gained_called: [32607329,com.android.settings.bluetooth.DevicePickerActivity,topStateChangedWhenResumed]
11-22 06:13:17.381 1489 1636 I input_focus: [Focus request 5ac02be com.android.settings/com.android.settings.bluetooth.DevicePickerActivity,reason=UpdateInputWindows]
11-22 06:13:17.394 1489 1636 I sysui_multi_action: [324,1,757,1090,758,12,806,com.android.settings,871,com.android.settings.bluetooth.DevicePickerActivity,1091,407]
11-22 06:13:17.404 1489 1631 I sysui_multi_action: [319,408,322,407,325,11785,757,761,758,8,759,2,806,com.android.settings,871,com.android.settings.bluetooth.DevicePickerActivity,904,com.android.bluetooth,905,0,1320,8,1321,5]
11-22 06:13:17.404 1489 1631 I wm_activity_launch_time: [0,32607329,com.android.settings/.bluetooth.DevicePickerActivity,407]
11-22 06:13:17.406 1489 2012 I input_focus: [Focus entering 5ac02be com.android.settings/com.android.settings.bluetooth.DevicePickerActivity (server),reason=setFocusedWindow]
11-22 06:13:17.674 1489 1634 I wm_destroy_activity: [0,196515769,135,com.android.bluetooth/.opp.BluetoothOppLauncherActivity,finish-imm:idle]
11-22 06:13:17.675 1489 1634 I wm_destroy_activity: [0,190289443,134,com.android.gallery3d/.app.MovieActivity,finish-imm:idle]
11-22 06:13:17.680 2358 2358 I wm_on_stop_called: [196515769,com.android.bluetooth.opp.BluetoothOppLauncherActivity,LIFECYCLER_STOP_ACTIVITY]
11-22 06:13:17.681 2358 2358 I wm_on_destroy_called: [196515769,com.android.bluetooth.opp.BluetoothOppLauncherActivity,performDestroy]
11-22 06:13:17.720 11450 11450 I wm_on_stop_called: [190289443,com.android.gallery3d.app.MovieActivity,LIFECYCLER_STOP_ACTIVITY]
11-22 06:13:17.721 11450 11450 I wm_on_destroy_called: [190289443,com.android.gallery3d.app.MovieActivity,performDestroy]
11-22 06:13:24.168 1489 2012 I input_interaction: Interaction with: 5ac02be com.android.settings/com.android.settings.bluetooth.DevicePickerActivity (server), edge-swipe (server), swipe-up (server), PointerEventDispatcher0 (server),
11-22 06:13:24.313 1489 6043 I wm_relaunch_resume_activity: [0,32607329,135,com.android.settings/.bluetooth.DevicePickerActivity]
11-22 06:13:24.331 13022 13022 I wm_on_top_resumed_lost_called: [32607329,com.android.settings.bluetooth.DevicePickerActivity,pausing]
11-22 06:13:24.333 13022 13022 I sysui_multi_action: [757,25,758,2,1089,6979]
11-22 06:13:24.334 13022 13022 I wm_on_paused_called: [32607329,com.android.settings.bluetooth.DevicePickerActivity,performPause]
11-22 06:13:24.340 13022 13022 I wm_on_stop_called: [32607329,com.android.settings.bluetooth.DevicePickerActivity,handleRelaunchActivity]
11-22 06:13:24.347 13022 13022 I wm_on_destroy_called: [32607329,com.android.settings.bluetooth.DevicePickerActivity,performDestroy]
11-22 06:13:24.375 13022 13022 I wm_on_create_called: [32607329,com.android.settings.bluetooth.DevicePickerActivity,performCreate]
11-22 06:13:24.379 13022 13022 I wm_on_start_called: [32607329,com.android.settings.bluetooth.DevicePickerActivity,handleStartActivity]
11-22 06:13:24.381 13022 13022 I wm_on_resume_called: [32607329,com.android.settings.bluetooth.DevicePickerActivity,RESUME_ACTIVITY]
11-22 06:13:24.382 13022 13022 I sysui_multi_action: [757,25,758,1,833,0,1089,19]
11-22 06:13:24.382 13022 13022 I sysui_multi_action: [757,1729,758,4,854,isParalleledControllers:false,1089,20]
11-22 06:13:24.382 13022 13022 I wm_on_top_resumed_gained_called: [32607329,com.android.settings.bluetooth.DevicePickerActivity,topWhenResuming]
11-22 06:13:26.360 1489 2808 I wm_relaunch_resume_activity: [0,32607329,135,com.android.settings/.bluetooth.DevicePickerActivity]
11-22 06:13:26.376 13022 13022 I wm_on_top_resumed_lost_called: [32607329,com.android.settings.bluetooth.DevicePickerActivity,pausing]
11-22 06:13:26.377 13022 13022 I sysui_multi_action: [757,25,758,2,1089,1996]
11-22 06:13:26.379 13022 13022 I wm_on_paused_called: [32607329,com.android.settings.bluetooth.DevicePickerActivity,performPause]
11-22 06:13:26.383 13022 13022 I wm_on_stop_called: [32607329,com.android.settings.bluetooth.DevicePickerActivity,handleRelaunchActivity]
11-22 06:13:26.389 13022 13022 I wm_on_destroy_called: [32607329,com.android.settings.bluetooth.DevicePickerActivity,performDestroy]
11-22 06:13:26.411 13022 13022 I wm_on_create_called: [32607329,com.android.settings.bluetooth.DevicePickerActivity,performCreate]
11-22 06:13:26.418 13022 13022 I wm_on_start_called: [32607329,com.android.settings.bluetooth.DevicePickerActivity,handleStartActivity]
11-22 06:13:26.420 13022 13022 I wm_on_resume_called: [32607329,com.android.settings.bluetooth.DevicePickerActivity,RESUME_ACTIVITY]
11-22 06:13:26.421 13022 13022 I sysui_multi_action: [757,25,758,1,833,0,1089,22]
11-22 06:13:26.421 13022 13022 I sysui_multi_action: [757,1729,758,4,854,isParalleledControllers:false,1089,22]
11-22 06:13:26.422 13022 13022 I wm_on_top_resumed_gained_called: [32607329,com.android.settings.bluetooth.DevicePickerActivity,topWhenResuming]
11-22 06:13:42.119 1489 1666 I sysui_multi_action: [757,1696,758,6,759,2]
11-22 06:13:42.131 1489 1650 I am_wtf : [0,1489,system_server,-1,DisplayDeviceConfig,requesting nits when no mapping exists.]
11-22 06:13:42.140 1489 1650 I am_wtf : [0,1489,system_server,-1,DisplayDeviceConfig,requesting nits when no mapping exists.]
11-22 06:13:42.144 1489 1650 I am_wtf : [0,1489,system_server,-1,DisplayDeviceConfig,requesting nits when no mapping exists.]
11-22 06:13:42.147 1489 1650 I am_wtf : [0,1489,system_server,-1,DisplayDeviceConfig,requesting nits when no mapping exists.]
11-22 06:13:42.162 1489 1650 I am_wtf : [0,1489,system_server,-1,DisplayDeviceConfig,requesting nits when no mapping exists.]
11-22 06:13:42.164 1489 1650 I am_wtf : [0,1489,system_server,-1,DisplayDeviceConfig,requesting nits when no mapping exists.]
11-22 06:13:42.178 1489 1650 I am_wtf : [0,1489,system_server,-1,DisplayDeviceConfig,requesting nits when no mapping exists.]
11-22 06:13:42.178 1489 1650 I am_wtf : [0,1489,system_server,-1,DisplayDeviceConfig,requesting nits when no mapping exists.]
11-22 06:13:42.195 1489 1650 I am_wtf : [0,1489,system_server,-1,DisplayDeviceConfig,requesting nits when no mapping exists.]
11-22 06:13:42.195 1489 1650 I am_wtf : [0,1489,system_server,-1,DisplayDeviceConfig,requesting nits when no mapping exists.]
11-22 06:13:42.212 1489 1650 I am_wtf : [0,1489,system_server,-1,DisplayDeviceConfig,requesting nits when no mapping exists.]
11-22 06:13:42.215 1489 1650 I am_wtf : [0,1489,system_server,-1,DisplayDeviceConfig,requesting nits when no mapping exists.]
11-22 06:13:42.216 1489 1650 I service_manager_stats: [100,109,234179]
11-22 06:13:42.230 1489 1650 I am_wtf : [0,1489,system_server,-1,DisplayDeviceConfig,requesting nits when no mapping exists.]
11-22 06:13:42.231 1489 1650 I am_wtf : [0,1489,system_server,-1,DisplayDeviceConfig,requesting nits when no mapping exists.]
11-22 06:13:42.245 1489 1650 I am_wtf : [0,1489,system_server,-1,DisplayDeviceConfig,requesting nits when no mapping exists.]
11-22 06:13:42.247 1489 1650 I am_wtf : [0,1489,system_server,-1,DisplayDeviceConfig,requesting nits when no mapping exists.]
11-22 06:13:42.262 1489 1650 I am_wtf : [0,1489,system_server,-1,DisplayDeviceConfig,requesting nits when no mapping exists.]
11-22 06:13:42.264 1489 1650 I am_wtf : [0,1489,system_server,-1,DisplayDeviceConfig,requesting nits when no mapping exists.]
11-22 06:13:42.278 1489 1650 I am_wtf : [0,1489,system_server,-1,DisplayDeviceConfig,requesting nits when no mapping exists.]
11-22 06:13:42.280 1489 1650 I am_wtf : [0,1489,system_server,-1,DisplayDeviceConfig,requesting nits when no mapping exists.]
11-22 06:13:42.295 1489 1650 I am_wtf : [0,1489,system_server,-1,DisplayDeviceConfig,requesting nits when no mapping exists.]
11-22 06:13:42.297 1489 1650 I am_wtf : [0,1489,system_server,-1,DisplayDeviceConfig,requesting nits when no mapping exists.]
11-22 06:13:42.313 1489 1650 I am_wtf : [0,1489,system_server,-1,DisplayDeviceConfig,requesting nits when no mapping exists.]
11-22 06:13:42.314 1489 1650 I am_wtf : [0,1489,system_server,-1,DisplayDeviceConfig,requesting nits when no mapping exists.]
11-22 06:13:42.329 1489 1650 I am_wtf : [0,1489,system_server,-1,DisplayDeviceConfig,requesting nits when no mapping exists.]
11-22 06:13:42.330 1489 1650 I am_wtf : [0,1489,system_server,-1,DisplayDeviceConfig,requesting nits when no mapping exists.]
11-22 06:13:42.346 1489 1650 I am_wtf : [0,1489,system_server,-1,DisplayDeviceConfig,requesting nits when no mapping exists.]
11-22 06:13:42.347 1489 1650 I am_wtf : [0,1489,system_server,-1,DisplayDeviceConfig,requesting nits when no mapping exists.]
11-22 06:13:42.363 1489 1650 I am_wtf : [0,1489,system_server,-1,DisplayDeviceConfig,requesting nits when no mapping exists.]
11-22 06:13:42.365 1489 1650 I am_wtf : [0,1489,system_server,-1,DisplayDeviceConfig,requesting nits when no mapping exists.]
11-22 06:13:42.386 1489 1650 I am_wtf : [0,1489,system_server,-1,DisplayDeviceConfig,requesting nits when no mapping exists.]
11-22 06:13:42.394 1489 1650 I am_wtf : [0,1489,system_server,-1,DisplayDeviceConfig,requesting nits when no mapping exists.]
11-22 06:13:42.399 1489 1650 I am_wtf : [0,1489,system_server,-1,DisplayDeviceConfig,requesting nits when no mapping exists.]
11-22 06:13:42.400 1489 1650 I am_wtf : [0,1489,system_server,-1,DisplayDeviceConfig,requesting nits when no mapping exists.]
11-22 06:13:42.414 1489 1650 I am_wtf : [0,1489,system_server,-1,DisplayDeviceConfig,requesting nits when no mapping exists.]
11-22 06:13:42.415 1489 1650 I am_wtf : [0,1489,system_server,-1,DisplayDeviceConfig,requesting nits when no mapping exists.]
11-22 06:13:42.428 1489 1650 I am_wtf : [0,1489,system_server,-1,DisplayDeviceConfig,requesting nits when no mapping exists.]
11-22 06:13:42.430 1489 1650 I am_wtf : [0,1489,system_server,-1,DisplayDeviceConfig,requesting nits when no mapping exists.]
11-22 06:13:42.446 1489 1650 I am_wtf : [0,1489,system_server,-1,DisplayDeviceConfig,requesting nits when no mapping exists.]
11-22 06:13:42.446 1489 1650 I am_wtf : [0,1489,system_server,-1,DisplayDeviceConfig,requesting nits when no mapping exists.]
11-22 06:13:42.465 1489 1650 I am_wtf : [0,1489,system_server,-1,DisplayDeviceConfig,requesting nits when no mapping exists.]
11-22 06:13:42.466 1489 1650 I am_wtf : [0,1489,system_server,-1,DisplayDeviceConfig,requesting nits when no mapping exists.]
11-22 06:13:42.482 1489 1650 I am_wtf : [0,1489,system_server,-1,DisplayDeviceConfig,requesting nits when no mapping exists.]
11-22 06:13:42.486 1489 1650 I am_wtf : [0,1489,system_server,-1,DisplayDeviceConfig,requesting nits when no mapping exists.]
11-22 06:13:42.509 1489 1650 I am_wtf : [0,1489,system_server,-1,DisplayDeviceConfig,requesting nits when no mapping exists.]
11-22 06:13:42.511 1489 1650 I am_wtf : [0,1489,system_server,-1,DisplayDeviceConfig,requesting nits when no mapping exists.]
11-22 06:13:42.513 1489 1650 I am_wtf : [0,1489,system_server,-1,DisplayDeviceConfig,requesting nits when no mapping exists.]
11-22 06:13:42.514 1489 1650 I am_wtf : [0,1489,system_server,-1,DisplayDeviceConfig,requesting nits when no mapping exists.]
11-22 06:13:42.529 1489 1650 I am_wtf : [0,1489,system_server,-1,DisplayDeviceConfig,requesting nits when no mapping exists.]
11-22 06:13:42.530 1489 1650 I am_wtf : [0,1489,system_server,-1,DisplayDeviceConfig,requesting nits when no mapping exists.]
11-22 06:13:42.546 1489 1650 I am_wtf : [0,1489,system_server,-1,DisplayDeviceConfig,requesting nits when no mapping exists.]
11-22 06:13:42.548 1489 1650 I am_wtf : [0,1489,system_server,-1,DisplayDeviceConfig,requesting nits when no mapping exists.]
11-22 06:13:42.564 1489 1650 I am_wtf : [0,1489,system_server,-1,DisplayDeviceConfig,requesting nits when no mapping exists.]
11-22 06:13:42.566 1489 1650 I am_wtf : [0,1489,system_server,-1,DisplayDeviceConfig,requesting nits when no mapping exists.]
11-22 06:13:42.579 1489 1650 I am_wtf : [0,1489,system_server,-1,DisplayDeviceConfig,requesting nits when no mapping exists.]
11-22 06:13:42.581 1489 1650 I am_wtf : [0,1489,system_server,-1,DisplayDeviceConfig,requesting nits when no mapping exists.]
11-22 06:13:42.596 1489 1650 I am_wtf : [0,1489,system_server,-1,DisplayDeviceConfig,requesting nits when no mapping exists.]
11-22 06:13:42.602 1489 1650 I am_wtf : [0,1489,system_server,-1,DisplayDeviceConfig,requesting nits when no mapping exists.]
11-22 06:13:42.613 1489 1650 I am_wtf : [0,1489,system_server,-1,DisplayDeviceConfig,requesting nits when no mapping exists.]
11-22 06:13:42.615 1489 1650 I am_wtf : [0,1489,system_server,-1,DisplayDeviceConfig,requesting nits when no mapping exists.]
11-22 06:13:42.629 1489 1650 I am_wtf : [0,1489,system_server,-1,DisplayDeviceConfig,requesting nits when no mapping exists.]
11-22 06:13:42.630 1489 1650 I am_wtf : [0,1489,system_server,-1,DisplayDeviceConfig,requesting nits when no mapping exists.]
11-22 06:13:42.645 1489 1650 I am_wtf : [0,1489,system_server,-1,DisplayDeviceConfig,requesting nits when no mapping exists.]
11-22 06:13:42.646 1489 1650 I am_wtf : [0,1489,system_server,-1,DisplayDeviceConfig,requesting nits when no mapping exists.]
11-22 06:13:42.662 1489 1650 I am_wtf : [0,1489,system_server,-1,DisplayDeviceConfig,requesting nits when no mapping exists.]
11-22 06:13:42.664 1489 1650 I am_wtf : [0,1489,system_server,-1,DisplayDeviceConfig,requesting nits when no mapping exists.]
11-22 06:13:42.681 1489 1650 I am_wtf : [0,1489,system_server,-1,DisplayDeviceConfig,requesting nits when no mapping exists.]
11-22 06:13:42.682 1489 1650 I am_wtf : [0,1489,system_server,-1,DisplayDeviceConfig,requesting nits when no mapping exists.]
11-22 06:13:42.697 1489 1650 I am_wtf : [0,1489,system_server,-1,DisplayDeviceConfig,requesting nits when no mapping exists.]
11-22 06:13:42.698 1489 1650 I am_wtf : [0,1489,system_server,-1,DisplayDeviceConfig,requesting nits when no mapping exists.]
11-22 06:13:42.713 1489 1650 I am_wtf : [0,1489,system_server,-1,DisplayDeviceConfig,requesting nits when no mapping exists.]
11-22 06:13:42.714 1489 1650 I am_wtf : [0,1489,system_server,-1,DisplayDeviceConfig,requesting nits when no mapping exists.]
11-22 06:13:42.730 1489 1650 I am_wtf : [0,1489,system_server,-1,DisplayDeviceConfig,requesting nits when no mapping exists.]
11-22 06:13:42.731 1489 1650 I am_wtf : [0,1489,system_server,-1,DisplayDeviceConfig,requesting nits when no mapping exists.]
11-22 06:13:42.746 1489 1650 I am_wtf : [0,1489,system_server,-1,DisplayDeviceConfig,requesting nits when no mapping exists.]
11-22 06:13:42.747 1489 1650 I am_wtf : [0,1489,system_server,-1,DisplayDeviceConfig,requesting nits when no mapping exists.]
11-22 06:13:42.762 1489 1650 I am_wtf : [0,1489,system_server,-1,DisplayDeviceConfig,requesting nits when no mapping exists.]
11-22 06:13:42.763 1489 1650 I am_wtf : [0,1489,system_server,-1,DisplayDeviceConfig,requesting nits when no mapping exists.]
11-22 06:13:42.780 1489 1650 I am_wtf : [0,1489,system_server,-1,DisplayDeviceConfig,requesting nits when no mapping exists.]
11-22 06:13:42.782 1489 1650 I am_wtf : [0,1489,system_server,-1,DisplayDeviceConfig,requesting nits when no mapping exists.]
11-22 06:13:42.796 1489 1650 I am_wtf : [0,1489,system_server,-1,DisplayDeviceConfig,requesting nits when no mapping exists.]
11-22 06:13:42.797 1489 1650 I am_wtf : [0,1489,system_server,-1,DisplayDeviceConfig,requesting nits when no mapping exists.]
11-22 06:13:42.814 1489 1650 I am_wtf : [0,1489,system_server,-1,DisplayDeviceConfig,requesting nits when no mapping exists.]
11-22 06:13:42.814 1489 1650 I am_wtf : [0,1489,system_server,-1,DisplayDeviceConfig,requesting nits when no mapping exists.]
11-22 06:13:42.830 1489 1650 I am_wtf : [0,1489,system_server,-1,DisplayDeviceConfig,requesting nits when no mapping exists.]
11-22 06:13:42.831 1489 1650 I am_wtf : [0,1489,system_server,-1,DisplayDeviceConfig,requesting nits when no mapping exists.]
11-22 06:13:42.847 1489 1650 I am_wtf : [0,1489,system_server,-1,DisplayDeviceConfig,requesting nits when no mapping exists.]
11-22 06:13:42.848 1489 1650 I am_wtf : [0,1489,system_server,-1,DisplayDeviceConfig,requesting nits when no mapping exists.]
11-22 06:13:42.864 1489 1650 I am_wtf : [0,1489,system_server,-1,DisplayDeviceConfig,requesting nits when no mapping exists.]
11-22 06:13:42.865 1489 1650 I am_wtf : [0,1489,system_server,-1,DisplayDeviceConfig,requesting nits when no mapping exists.]
11-22 06:13:42.881 1489 1650 I am_wtf : [0,1489,system_server,-1,DisplayDeviceConfig,requesting nits when no mapping exists.]
11-22 06:13:42.886 1489 1650 I am_wtf : [0,1489,system_server,-1,DisplayDeviceConfig,requesting nits when no mapping exists.]
11-22 06:13:42.897 1489 1650 I am_wtf : [0,1489,system_server,-1,DisplayDeviceConfig,requesting nits when no mapping exists.]
11-22 06:13:42.898 1489 1650 I am_wtf : [0,1489,system_server,-1,DisplayDeviceConfig,requesting nits when no mapping exists.]
11-22 06:13:42.914 1489 1650 I am_wtf : [0,1489,system_server,-1,DisplayDeviceConfig,requesting nits when no mapping exists.]
11-22 06:13:42.914 1489 1650 I am_wtf : [0,1489,system_server,-1,DisplayDeviceConfig,requesting nits when no mapping exists.]
11-22 06:13:42.930 1489 1650 I am_wtf : [0,1489,system_server,-1,DisplayDeviceConfig,requesting nits when no mapping exists.]
11-22 06:13:42.931 1489 1650 I am_wtf : [0,1489,system_server,-1,DisplayDeviceConfig,requesting nits when no mapping exists.]
11-22 06:13:42.947 1489 1650 I am_wtf : [0,1489,system_server,-1,DisplayDeviceConfig,requesting nits when no mapping exists.]
11-22 06:13:42.948 1489 1650 I am_wtf : [0,1489,system_server,-1,DisplayDeviceConfig,requesting nits when no mapping exists.]
11-22 06:13:42.963 1489 1650 I am_wtf : [0,1489,system_server,-1,DisplayDeviceConfig,requesting nits when no mapping exists.]
11-22 06:13:42.964 1489 1650 I am_wtf : [0,1489,system_server,-1,DisplayDeviceConfig,requesting nits when no mapping exists.]
11-22 06:13:42.981 1489 1650 I am_wtf : [0,1489,system_server,-1,DisplayDeviceConfig,requesting nits when no mapping exists.]
11-22 06:13:42.982 1489 1650 I am_wtf : [0,1489,system_server,-1,DisplayDeviceConfig,requesting nits when no mapping exists.]
11-22 06:13:42.998 1489 1650 I am_wtf : [0,1489,system_server,-1,DisplayDeviceConfig,requesting nits when no mapping exists.]
11-22 06:13:42.999 1489 1650 I am_wtf : [0,1489,system_server,-1,DisplayDeviceConfig,requesting nits when no mapping exists.]
11-22 06:13:43.014 1489 1650 I am_wtf : [0,1489,system_server,-1,DisplayDeviceConfig,requesting nits when no mapping exists.]
11-22 06:13:43.015 1489 1650 I am_wtf : [0,1489,system_server,-1,DisplayDeviceConfig,requesting nits when no mapping exists.]
11-22 06:13:43.030 1489 1650 I am_wtf : [0,1489,system_server,-1,DisplayDeviceConfig,requesting nits when no mapping exists.]
11-22 06:13:43.032 1489 1650 I am_wtf : [0,1489,system_server,-1,DisplayDeviceConfig,requesting nits when no mapping exists.]
11-22 06:13:43.048 1489 1650 I am_wtf : [0,1489,system_server,-1,DisplayDeviceConfig,requesting nits when no mapping exists.]
11-22 06:13:43.049 1489 1650 I am_wtf : [0,1489,system_server,-1,DisplayDeviceConfig,requesting nits when no mapping exists.]
11-22 06:13:43.068 1489 1650 I am_wtf : [0,1489,system_server,-1,DisplayDeviceConfig,requesting nits when no mapping exists.]
11-22 06:13:43.068 1489 1650 I am_wtf : [0,1489,system_server,-1,DisplayDeviceConfig,requesting nits when no mapping exists.]
11-22 06:13:43.084 1489 1650 I am_wtf : [0,1489,system_server,-1,DisplayDeviceConfig,requesting nits when no mapping exists.]
11-22 06:13:43.085 1489 1650 I am_wtf : [0,1489,system_server,-1,DisplayDeviceConfig,requesting nits when no mapping exists.]
11-22 06:13:46.112 1489 1631 I sysui_multi_action: [757,222,758,1]
11-22 06:13:46.127 1489 1648 I am_pss : [13366,10068,com.android.calendar,6756352,4845568,0,92164096,0,19,7]
11-22 06:13:46.136 1489 1648 I am_pss : [13363,10034,com.microsoft.emmx,35718144,32104448,0,133337088,0,19,7]
11-22 06:13:46.142 1489 2808 I wm_task_created: [136,-1]
11-22 06:13:46.145 1489 2808 I wm_task_moved: [136,1,11]
11-22 06:13:46.145 1489 2808 I wm_task_to_front: [0,136]
11-22 06:13:46.145 1489 2808 I wm_create_task: [0,136]
11-22 06:13:46.145 1489 2808 I wm_create_activity: [0,32602702,136,com.thundercomm.screensaver/android.service.dreams.DreamActivity,NULL,NULL,NULL,276824064]
11-22 06:13:46.146 1489 2808 I wm_task_moved: [136,1,11]
11-22 06:13:46.146 13022 13022 I wm_on_top_resumed_lost_called: [32607329,com.android.settings.bluetooth.DevicePickerActivity,topStateChangedWhenResumed]
