11-22 07:12:23.329 1489 2799 I wm_set_resumed_activity: [0,com.android.deskclock/.DeskClock,resumeTopActivityInnerLocked]
11-22 07:12:23.330 1489 2799 I wm_resume_activity: [0,57830057,171,com.android.deskclock/.DeskClock]
11-22 07:12:23.338 16216 16216 I wm_on_activity_result_called: [57830057,com.android.deskclock.DeskClock,ACTIVITY_RESULT]
11-22 07:12:23.338 16216 16216 I wm_on_resume_called: [57830057,com.android.deskclock.DeskClock,RESUME_ACTIVITY]
11-22 07:12:23.342 16216 16216 I wm_on_top_resumed_gained_called: [57830057,com.android.deskclock.DeskClock,topWhenResuming]
11-22 07:12:23.345 1489 1636 I input_focus: [Focus request 536893a com.android.deskclock/com.android.deskclock.DeskClock,reason=UpdateInputWindows]
11-22 07:12:23.345 1489 1634 I sysui_multi_action: [757,803,799,window_time_0,802,0]
11-22 07:12:23.356 1489 2012 I input_focus: [Focus entering 536893a com.android.deskclock/com.android.deskclock.DeskClock (server),reason=setFocusedWindow]
11-22 07:12:23.396 1489 1948 I wm_destroy_activity: [0,52339614,171,com.android.permissioncontroller/.permission.ui.GrantPermissionsActivity,finish-idle]
11-22 07:12:23.396 16628 16628 I wm_on_stop_called: [52339614,com.android.permissioncontroller.permission.ui.GrantPermissionsActivity,LIFECYCLER_STOP_ACTIVITY]
11-22 07:12:23.397 16628 16628 I wm_on_destroy_called: [52339614,com.android.permissioncontroller.permission.ui.GrantPermissionsActivity,performDestroy]
11-22 07:12:23.659 1489 1634 I wm_stop_activity: [0,168390208,com.android.launcher3/.uioverrides.QuickstepLauncher]
11-22 07:12:23.697 2840 2840 I wm_on_stop_called: [168390208,com.android.launcher3.uioverrides.QuickstepLauncher,STOP_ACTIVITY_ITEM]
11-22 07:12:24.319 1489 7595 I wm_task_moved: [1,0,0]
11-22 07:12:24.324 1489 7595 I wm_task_moved: [1,0,7]
11-22 07:12:24.351 2840 2840 I wm_on_restart_called: [168390208,com.android.launcher3.uioverrides.QuickstepLauncher,performRestartActivity]
11-22 07:12:24.368 2840 2840 I wm_on_start_called: [168390208,com.android.launcher3.uioverrides.QuickstepLauncher,handleStartActivity]
11-22 07:12:24.384 16216 16216 I view_enqueue_input_event: [Motion - Cancel,com.android.deskclock/com.android.deskclock.DeskClock]
11-22 07:12:24.385 2840 2840 I sysui_latency: [1,85]
11-22 07:12:24.387 1489 1636 I input_focus: [Focus request recents_animation_input_consumer,reason=UpdateInputWindows]
11-22 07:12:24.391 1489 2012 I input_focus: [Focus leaving 536893a com.android.deskclock/com.android.deskclock.DeskClock (server),reason=NOT_FOCUSABLE]
11-22 07:12:24.391 1489 2012 I input_focus: [Focus entering recents_animation_input_consumer (server),reason=setFocusedWindow]
11-22 07:12:24.400 1489 1631 I sysui_multi_action: [319,21,322,74,325,15332,757,761,758,9,759,5,806,com.android.launcher3,871,com.android.launcher3.uioverrides.QuickstepLauncher,905,0,1320,8,1321,5]
11-22 07:12:24.402 1489 2012 I input_interaction: Interaction with: edge-swipe (server), swipe-up (server), PointerEventDispatcher0 (server),
11-22 07:12:24.573 1489 1751 I commit_sys_config_file: [settings-1-0,7]
11-22 07:12:24.695 1489 1648 I sysui_latency: [8,90]
11-22 07:12:25.275 1489 1751 I commit_sys_config_file: [settings-1-0,6]
11-22 07:12:25.736 1489 2012 I input_interaction: Interaction with: 3cc67bf com.android.launcher3/com.android.launcher3.uioverrides.QuickstepLauncher (server), edge-swipe (server), swipe-up (server), PointerEventDispatcher0 (server),
11-22 07:12:25.856 1489 1948 I wm_relaunch_resume_activity: [0,57830057,171,com.android.deskclock/.DeskClock]
11-22 07:12:25.857 16216 16216 I wm_on_top_resumed_lost_called: [57830057,com.android.deskclock.DeskClock,pausing]
11-22 07:12:25.858 1489 1948 I wm_task_moved: [1,1,8]
11-22 07:12:25.859 16216 16216 I wm_on_paused_called: [57830057,com.android.deskclock.DeskClock,performPause]
11-22 07:12:25.863 16216 16216 I wm_on_stop_called: [57830057,com.android.deskclock.DeskClock,handleRelaunchActivity]
11-22 07:12:25.866 1489 1948 I wm_focused_root_task: [0,0,1,171,startActivityFromRecents]
11-22 07:12:25.866 1489 1948 I wm_task_moved: [171,1,8]
11-22 07:12:25.867 1489 1948 I wm_set_resumed_activity: [0,com.android.deskclock/.DeskClock,positionChildAt]
11-22 07:12:25.867 1489 1948 I wm_focused_root_task: [0,0,171,1,moveTaskToFront findTaskToMoveToFront]
11-22 07:12:25.867 1489 1948 I wm_set_resumed_activity: [0,com.android.deskclock/.DeskClock,moveTaskToFront findTaskToMoveToFront]
11-22 07:12:25.886 16216 16216 I wm_on_destroy_called: [57830057,com.android.deskclock.DeskClock,performDestroy]
11-22 07:12:25.921 1489 1948 I wm_task_moved: [171,1,8]
11-22 07:12:25.921 1489 1948 I wm_set_resumed_activity: [0,com.android.deskclock/.DeskClock,positionChildAt]
11-22 07:12:25.921 1489 1948 I wm_create_activity: [0,171138052,171,com.android.permissioncontroller/.permission.ui.GrantPermissionsActivity,android.content.pm.action.REQUEST_PERMISSIONS,NULL,NULL,8388608]
11-22 07:12:25.923 1489 1948 I wm_pause_activity: [0,57830057,com.android.deskclock/.DeskClock,userLeaving=true,resumeTopActivityInnerLocked]
11-22 07:12:25.938 16216 16216 I wm_on_create_called: [57830057,com.android.deskclock.DeskClock,performCreate]
11-22 07:12:25.954 16216 16216 I wm_on_start_called: [57830057,com.android.deskclock.DeskClock,handleStartActivity]
11-22 07:12:25.954 16216 16216 I wm_on_resume_called: [57830057,com.android.deskclock.DeskClock,RESUME_ACTIVITY]
11-22 07:12:25.955 16216 16216 I wm_on_top_resumed_gained_called: [57830057,com.android.deskclock.DeskClock,topWhenResuming]
11-22 07:12:25.989 16216 16216 I wm_on_top_resumed_lost_called: [57830057,com.android.deskclock.DeskClock,topStateChangedWhenResumed]
11-22 07:12:25.990 16216 16216 I wm_on_paused_called: [57830057,com.android.deskclock.DeskClock,performPause]
11-22 07:12:25.996 1489 5500 I wm_restart_activity: [0,171138052,171,com.android.permissioncontroller/.permission.ui.GrantPermissionsActivity]
11-22 07:12:25.997 1489 5500 I wm_set_resumed_activity: [0,com.android.permissioncontroller/.permission.ui.GrantPermissionsActivity,minimalResumeActivityLocked]
11-22 07:12:26.006 1489 1634 I sysui_multi_action: [757,803,799,window_time_0,802,3]
11-22 07:12:26.023 16628 16628 I wm_on_create_called: [171138052,com.android.permissioncontroller.permission.ui.GrantPermissionsActivity,performCreate]
11-22 07:12:26.024 16628 16628 I wm_on_start_called: [171138052,com.android.permissioncontroller.permission.ui.GrantPermissionsActivity,handleStartActivity]
11-22 07:12:26.024 16628 16628 I wm_on_resume_called: [171138052,com.android.permissioncontroller.permission.ui.GrantPermissionsActivity,RESUME_ACTIVITY]
11-22 07:12:26.026 16628 16628 I wm_on_top_resumed_gained_called: [171138052,com.android.permissioncontroller.permission.ui.GrantPermissionsActivity,topStateChangedWhenResumed]
11-22 07:12:26.045 1489 1631 I sysui_multi_action: [319,123,322,123,325,15334,757,761,758,8,759,2,806,com.android.permissioncontroller,871,com.android.permissioncontroller.permission.ui.GrantPermissionsActivity,904,com.android.deskclock,905,0,1320,8,1321,5]
11-22 07:12:26.046 1489 1631 I wm_activity_launch_time: [0,171138052,com.android.permissioncontroller/.permission.ui.GrantPermissionsActivity,123]
11-22 07:12:26.048 1489 2799 I wm_finish_activity: [0,171138052,171,com.android.permissioncontroller/.permission.ui.GrantPermissionsActivity,app-request]
11-22 07:12:26.050 1489 2799 I wm_pause_activity: [0,171138052,com.android.permissioncontroller/.permission.ui.GrantPermissionsActivity,userLeaving=false,finish]
11-22 07:12:26.058 16628 16628 I wm_on_top_resumed_lost_called: [171138052,com.android.permissioncontroller.permission.ui.GrantPermissionsActivity,topStateChangedWhenResumed]
11-22 07:12:26.059 16628 16628 I wm_on_paused_called: [171138052,com.android.permissioncontroller.permission.ui.GrantPermissionsActivity,performPause]
11-22 07:12:26.061 1489 7595 I wm_set_resumed_activity: [0,com.android.deskclock/.DeskClock,resumeTopActivityInnerLocked]
11-22 07:12:26.062 1489 7595 I wm_resume_activity: [0,57830057,171,com.android.deskclock/.DeskClock]
11-22 07:12:26.064 16216 16216 I wm_on_activity_result_called: [57830057,com.android.deskclock.DeskClock,ACTIVITY_RESULT]
11-22 07:12:26.064 16216 16216 I wm_on_resume_called: [57830057,com.android.deskclock.DeskClock,RESUME_ACTIVITY]
11-22 07:12:26.065 16216 16216 I wm_on_top_resumed_gained_called: [57830057,com.android.deskclock.DeskClock,topWhenResuming]
11-22 07:12:26.068 1489 1634 I sysui_multi_action: [757,803,799,window_time_2,802,0]
11-22 07:12:26.085 1489 1948 I wm_destroy_activity: [0,171138052,171,com.android.permissioncontroller/.permission.ui.GrantPermissionsActivity,finish-idle]
11-22 07:12:26.087 16628 16628 I wm_on_stop_called: [171138052,com.android.permissioncontroller.permission.ui.GrantPermissionsActivity,LIFECYCLER_STOP_ACTIVITY]
11-22 07:12:26.087 16628 16628 I wm_on_destroy_called: [171138052,com.android.permissioncontroller.permission.ui.GrantPermissionsActivity,performDestroy]
11-22 07:12:26.298 1489 1948 I wm_task_moved: [1,1,8]
11-22 07:12:26.299 1489 1948 I wm_task_moved: [10,1,2147483647]
11-22 07:12:26.299 1489 1948 I wm_task_to_front: [0,10]
11-22 07:12:26.299 1489 1948 I wm_focused_root_task: [0,0,1,171,RecentsAnimation.onAnimationFinished()]
11-22 07:12:26.299 16216 16216 I wm_on_top_resumed_lost_called: [57830057,com.android.deskclock.DeskClock,topStateChangedWhenResumed]
11-22 07:12:26.299 1489 1948 I wm_set_resumed_activity: [0,com.android.launcher3/.uioverrides.QuickstepLauncher,RecentsAnimation.onAnimationFinished()]
11-22 07:12:26.305 1489 1948 I wm_set_resumed_activity: [0,com.android.launcher3/.uioverrides.QuickstepLauncher,resumeTopActivityInnerLocked]
11-22 07:12:26.307 1489 1948 I wm_resume_activity: [0,168390208,10,com.android.launcher3/.uioverrides.QuickstepLauncher]
11-22 07:12:26.315 2840 2840 I wm_on_resume_called: [168390208,com.android.launcher3.uioverrides.QuickstepLauncher,RESUME_ACTIVITY]
11-22 07:12:26.321 1489 1636 I input_focus: [Focus request 3cc67bf com.android.launcher3/com.android.launcher3.uioverrides.QuickstepLauncher,reason=UpdateInputWindows]
11-22 07:12:26.329 1489 2012 I input_focus: [Focus leaving recents_animation_input_consumer (server),reason=NOT_VISIBLE]
11-22 07:12:26.330 1489 2012 I input_focus: [Focus entering 3cc67bf com.android.launcher3/com.android.launcher3.uioverrides.QuickstepLauncher (server),reason=setFocusedWindow]
11-22 07:12:26.330 1489 1634 I sysui_multi_action: [757,803,799,window_time_2,802,0]
11-22 07:12:26.370 2840 2840 I wm_on_top_resumed_gained_called: [168390208,com.android.launcher3.uioverrides.QuickstepLauncher,topStateChangedWhenResumed]
11-22 07:12:26.992 1489 2012 I input_interaction: Interaction with: 536893a com.android.deskclock/com.android.deskclock.DeskClock (server), edge-swipe (server), swipe-up (server), PointerEventDispatcher0 (server),
11-22 07:12:26.997 1489 1634 I wm_task_moved: [171,1,8]
11-22 07:12:26.997 1489 1634 I wm_task_to_front: [0,171]
11-22 07:12:27.002 2840 2840 I wm_on_top_resumed_lost_called: [168390208,com.android.launcher3.uioverrides.QuickstepLauncher,topStateChangedWhenResumed]
11-22 07:12:27.002 1489 1634 I wm_set_resumed_activity: [0,com.android.deskclock/.DeskClock,positionChildAt]
11-22 07:12:27.002 1489 1634 I wm_focused_root_task: [0,0,171,1,setFocusedTask]
11-22 07:12:27.002 1489 1634 I wm_set_resumed_activity: [0,com.android.deskclock/.DeskClock,setFocusedTask]
11-22 07:12:27.004 1489 1636 I input_focus: [Focus request 536893a com.android.deskclock/com.android.deskclock.DeskClock,reason=UpdateInputWindows]
11-22 07:12:27.004 16216 16216 I wm_on_top_resumed_gained_called: [57830057,com.android.deskclock.DeskClock,topStateChangedWhenResumed]
11-22 07:12:27.049 1489 2012 I input_focus: [Focus leaving 3cc67bf com.android.launcher3/com.android.launcher3.uioverrides.QuickstepLauncher (server),reason=setFocusedWindow]
11-22 07:12:27.049 1489 2012 I input_focus: [Focus entering 536893a com.android.deskclock/com.android.deskclock.DeskClock (server),reason=setFocusedWindow]
11-22 07:12:27.120 1489 2799 I wm_relaunch_resume_activity: [0,57830057,171,com.android.deskclock/.DeskClock]
11-22 07:12:27.121 1489 2799 I wm_add_to_stopping: [0,168390208,com.android.launcher3/.uioverrides.QuickstepLauncher,makeInvisible]
11-22 07:12:27.140 16216 16216 I wm_on_top_resumed_lost_called: [57830057,com.android.deskclock.DeskClock,pausing]
11-22 07:12:27.141 16216 16216 I wm_on_paused_called: [57830057,com.android.deskclock.DeskClock,performPause]
11-22 07:12:27.143 16216 16216 I wm_on_stop_called: [57830057,com.android.deskclock.DeskClock,handleRelaunchActivity]
11-22 07:12:27.150 16216 16216 I wm_on_destroy_called: [57830057,com.android.deskclock.DeskClock,performDestroy]
11-22 07:12:27.165 1489 1948 I sysui_multi_action: [757,1513,758,4,805,1669072347165,1514,10066,1515,com.android.deskclock,1516,1002,1517,1,1518,10066,1519,1002,1520,1,1526,com.android.permissioncontroller/.permission.ui.GrantPermissionsActivity,1527,0,1528,android.content.pm.action.REQUEST_PERMISSIONS,1529,com.android.deskclock,1530,1002,1531,0,1532,0,1533,1,1534,0,1535,0,1536,1,1537,5641,1539,6822]
11-22 07:12:27.167 1489 1948 I wm_create_activity: [0,134725778,171,com.android.permissioncontroller/.permission.ui.GrantPermissionsActivity,android.content.pm.action.REQUEST_PERMISSIONS,NULL,NULL,8388608]
11-22 07:12:27.183 16216 16216 I wm_on_create_called: [57830057,com.android.deskclock.DeskClock,performCreate]
11-22 07:12:27.209 16216 16216 I wm_on_start_called: [57830057,com.android.deskclock.DeskClock,handleStartActivity]
11-22 07:12:27.209 16216 16216 I wm_on_resume_called: [57830057,com.android.deskclock.DeskClock,RESUME_ACTIVITY]
11-22 07:12:27.211 16216 16216 I wm_on_top_resumed_gained_called: [57830057,com.android.deskclock.DeskClock,topWhenResuming]
11-22 07:12:27.249 1489 2799 I wm_restart_activity: [0,134725778,171,com.android.permissioncontroller/.permission.ui.GrantPermissionsActivity]
11-22 07:12:27.250 16216 16216 I wm_on_top_resumed_lost_called: [57830057,com.android.deskclock.DeskClock,topStateChangedWhenResumed]
11-22 07:12:27.251 1489 2799 I wm_set_resumed_activity: [0,com.android.permissioncontroller/.permission.ui.GrantPermissionsActivity,minimalResumeActivityLocked]
11-22 07:12:27.269 16628 16628 I wm_on_create_called: [134725778,com.android.permissioncontroller.permission.ui.GrantPermissionsActivity,performCreate]
11-22 07:12:27.270 16628 16628 I wm_on_start_called: [134725778,com.android.permissioncontroller.permission.ui.GrantPermissionsActivity,handleStartActivity]
11-22 07:12:27.270 16628 16628 I wm_on_resume_called: [134725778,com.android.permissioncontroller.permission.ui.GrantPermissionsActivity,RESUME_ACTIVITY]
11-22 07:12:27.273 16628 16628 I wm_on_top_resumed_gained_called: [134725778,com.android.permissioncontroller.permission.ui.GrantPermissionsActivity,topStateChangedWhenResumed]
11-22 07:12:27.279 1489 1948 I wm_finish_activity: [0,134725778,171,com.android.permissioncontroller/.permission.ui.GrantPermissionsActivity,app-request]
11-22 07:12:27.295 1489 1948 I wm_pause_activity: [0,134725778,com.android.permissioncontroller/.permission.ui.GrantPermissionsActivity,userLeaving=false,finish]
11-22 07:12:27.301 1489 1634 I sysui_multi_action: [757,1144,758,8,806,com.android.permissioncontroller,871,com.android.permissioncontroller.permission.ui.GrantPermissionsActivity]
11-22 07:12:27.307 16628 16628 I wm_on_top_resumed_lost_called: [134725778,com.android.permissioncontroller.permission.ui.GrantPermissionsActivity,topStateChangedWhenResumed]
11-22 07:12:27.309 16628 16628 I wm_on_paused_called: [134725778,com.android.permissioncontroller.permission.ui.GrantPermissionsActivity,performPause]
11-22 07:12:27.312 1489 1948 I wm_pause_activity: [0,168390208,com.android.launcher3/.uioverrides.QuickstepLauncher,userLeaving=false,pauseBackTasks]
11-22 07:12:27.312 2840 2840 I wm_on_paused_called: [168390208,com.android.launcher3.uioverrides.QuickstepLauncher,performPause]
11-22 07:12:27.323 1489 2799 I wm_resume_activity: [0,57830057,171,com.android.deskclock/.DeskClock]
11-22 07:12:27.327 16216 16216 I wm_on_paused_called: [57830057,com.android.deskclock.DeskClock,performPause]
11-22 07:12:27.328 16216 16216 I wm_on_activity_result_called: [57830057,com.android.deskclock.DeskClock,ACTIVITY_RESULT]
11-22 07:12:27.329 16216 16216 I wm_on_resume_called: [57830057,com.android.deskclock.DeskClock,ACTIVITY_RESULT]
11-22 07:12:27.337 1489 1634 I sysui_multi_action: [757,803,799,window_time_0,802,1]
11-22 07:12:27.338 1489 1634 I wm_destroy_activity: [0,134725778,171,com.android.permissioncontroller/.permission.ui.GrantPermissionsActivity,finish-idle]
11-22 07:12:27.338 16628 16628 I wm_on_stop_called: [134725778,com.android.permissioncontroller.permission.ui.GrantPermissionsActivity,LIFECYCLER_STOP_ACTIVITY]
11-22 07:12:27.339 16628 16628 I wm_on_destroy_called: [134725778,com.android.permissioncontroller.permission.ui.GrantPermissionsActivity,performDestroy]
11-22 07:12:27.339 1489 1634 I sysui_multi_action: [757,803,799,window_time_0,802,0]
11-22 07:12:27.349 1489 2799 I wm_resume_activity: [0,57830057,171,com.android.deskclock/.DeskClock]
11-22 07:12:27.351 1489 1636 I input_focus: [Focus request 536893a com.android.deskclock/com.android.deskclock.DeskClock,reason=UpdateInputWindows]
11-22 07:12:28.163 1489 7595 I wm_task_moved: [1,0,0]
11-22 07:12:28.166 1489 7595 I wm_task_moved: [1,0,7]
11-22 07:12:28.207 1489 1631 I sysui_multi_action: [319,16,322,33,325,15336,757,761,758,9,759,5,806,com.android.launcher3,871,com.android.launcher3.uioverrides.QuickstepLauncher,905,0,1320,8,1321,5]
11-22 07:12:28.221 16216 16216 I view_enqueue_input_event: [Motion - Cancel,com.android.deskclock/com.android.deskclock.DeskClock]
11-22 07:12:28.230 1489 2012 I input_interaction: Interaction with: edge-swipe (server), swipe-up (server), PointerEventDispatcher0 (server),
11-22 07:12:28.256 2840 2840 I sysui_latency: [1,11]
11-22 07:12:28.257 1489 1636 I input_focus: [Focus request recents_animation_input_consumer,reason=UpdateInputWindows]
11-22 07:12:28.285 1489 2012 I input_focus: [Focus leaving 536893a com.android.deskclock/com.android.deskclock.DeskClock (server),reason=NOT_FOCUSABLE]
11-22 07:12:28.285 1489 2012 I input_focus: [Focus entering recents_animation_input_consumer (server),reason=setFocusedWindow]
11-22 07:12:28.458 1489 1751 I commit_sys_config_file: [settings-1-0,5]
11-22 07:12:28.499 1489 1648 I sysui_latency: [8,48]
11-22 07:12:29.094 1489 1751 I commit_sys_config_file: [settings-1-0,7]
11-22 07:12:29.699 1489 2012 I input_interaction: Interaction with: 3cc67bf com.android.launcher3/com.android.launcher3.uioverrides.QuickstepLauncher (server), edge-swipe (server), swipe-up (server), PointerEventDispatcher0 (server),
11-22 07:12:29.798 1489 1948 I wm_relaunch_resume_activity: [0,57830057,171,com.android.deskclock/.DeskClock]
11-22 07:12:29.803 1489 1948 I wm_resume_activity: [0,57830057,171,com.android.deskclock/.DeskClock]
11-22 07:12:29.804 16216 16216 I wm_on_paused_called: [57830057,com.android.deskclock.DeskClock,performPause]
11-22 07:12:29.805 1489 1948 I wm_task_moved: [1,1,8]
11-22 07:12:29.806 1489 1948 I wm_focused_root_task: [0,0,1,171,startActivityFromRecents]
11-22 07:12:29.806 1489 1948 I wm_task_moved: [171,1,8]
11-22 07:12:29.807 1489 1948 I wm_focused_root_task: [0,0,171,1,moveTaskToFront findTaskToMoveToFront]
11-22 07:12:29.807 1489 1948 I wm_set_resumed_activity: [0,com.android.deskclock/.DeskClock,moveTaskToFront findTaskToMoveToFront]
11-22 07:12:29.810 1489 1948 I wm_resume_activity: [0,57830057,171,com.android.deskclock/.DeskClock]
11-22 07:12:29.810 16216 16216 I wm_on_stop_called: [57830057,com.android.deskclock.DeskClock,handleRelaunchActivity]
11-22 07:12:29.827 16216 16216 I wm_on_destroy_called: [57830057,com.android.deskclock.DeskClock,performDestroy]
11-22 07:12:29.854 1489 2835 I wm_task_moved: [171,1,8]
11-22 07:12:29.855 1489 2835 I wm_create_activity: [0,234418976,171,com.android.permissioncontroller/.permission.ui.GrantPermissionsActivity,android.content.pm.action.REQUEST_PERMISSIONS,NULL,NULL,8388608]
11-22 07:12:29.856 1489 2835 I wm_restart_activity: [0,234418976,171,com.android.permissioncontroller/.permission.ui.GrantPermissionsActivity]
11-22 07:12:29.856 1489 2835 I wm_set_resumed_activity: [0,com.android.permissioncontroller/.permission.ui.GrantPermissionsActivity,minimalResumeActivityLocked]
11-22 07:12:29.872 16216 16216 I wm_on_create_called: [57830057,com.android.deskclock.DeskClock,performCreate]
11-22 07:12:29.893 16216 16216 I wm_on_start_called: [57830057,com.android.deskclock.DeskClock,handleStartActivity]
11-22 07:12:29.894 16628 16628 I wm_on_create_called: [234418976,com.android.permissioncontroller.permission.ui.GrantPermissionsActivity,performCreate]
11-22 07:12:29.894 16216 16216 I wm_on_resume_called: [57830057,com.android.deskclock.DeskClock,RESUME_ACTIVITY]
11-22 07:12:29.895 16628 16628 I wm_on_start_called: [234418976,com.android.permissioncontroller.permission.ui.GrantPermissionsActivity,handleStartActivity]
11-22 07:12:29.895 16628 16628 I wm_on_resume_called: [234418976,com.android.permissioncontroller.permission.ui.GrantPermissionsActivity,RESUME_ACTIVITY]
11-22 07:12:29.899 16628 16628 I wm_on_top_resumed_gained_called: [234418976,com.android.permissioncontroller.permission.ui.GrantPermissionsActivity,topStateChangedWhenResumed]
11-22 07:12:29.919 1489 7595 I wm_finish_activity: [0,234418976,171,com.android.permissioncontroller/.permission.ui.GrantPermissionsActivity,app-request]
11-22 07:12:29.919 1489 7595 I wm_pause_activity: [0,234418976,com.android.permissioncontroller/.permission.ui.GrantPermissionsActivity,userLeaving=false,finish]
11-22 07:12:29.921 16628 16628 I wm_on_top_resumed_lost_called: [234418976,com.android.permissioncontroller.permission.ui.GrantPermissionsActivity,topStateChangedWhenResumed]
11-22 07:12:29.921 16628 16628 I wm_on_paused_called: [234418976,com.android.permissioncontroller.permission.ui.GrantPermissionsActivity,performPause]
11-22 07:12:29.926 1489 5500 I wm_resume_activity: [0,57830057,171,com.android.deskclock/.DeskClock]
11-22 07:12:29.928 1489 5500 I wm_resume_activity: [0,57830057,171,com.android.deskclock/.DeskClock]
11-22 07:12:29.930 1489 1634 I sysui_multi_action: [757,1144,758,8,806,com.android.permissioncontroller,871,com.android.permissioncontroller.permission.ui.GrantPermissionsActivity]
11-22 07:12:29.932 1489 1634 I sysui_multi_action: [757,803,799,window_time_0,802,3]
11-22 07:12:29.969 16216 16216 I wm_on_paused_called: [57830057,com.android.deskclock.DeskClock,performPause]
11-22 07:12:29.969 16216 16216 I wm_on_activity_result_called: [57830057,com.android.deskclock.DeskClock,ACTIVITY_RESULT]
11-22 07:12:29.969 16216 16216 I wm_on_resume_called: [57830057,com.android.deskclock.DeskClock,ACTIVITY_RESULT]
11-22 07:12:30.006 1489 2835 I wm_destroy_activity: [0,234418976,171,com.android.permissioncontroller/.permission.ui.GrantPermissionsActivity,finish-idle]
11-22 07:12:30.007 16628 16628 I wm_on_stop_called: [234418976,com.android.permissioncontroller.permission.ui.GrantPermissionsActivity,LIFECYCLER_STOP_ACTIVITY]
11-22 07:12:30.007 16628 16628 I wm_on_destroy_called: [234418976,com.android.permissioncontroller.permission.ui.GrantPermissionsActivity,performDestroy]
11-22 07:12:30.013 1489 6043 I wm_resume_activity: [0,57830057,171,com.android.deskclock/.DeskClock]
11-22 07:12:30.013 1489 1636 I input_focus: [Focus request 3cc67bf com.android.launcher3/com.android.launcher3.uioverrides.QuickstepLauncher,reason=UpdateInputWindows]
11-22 07:12:30.021 1489 2012 I input_focus: [Focus leaving recents_animation_input_consumer (server),reason=setFocusedWindow]
11-22 07:12:30.021 1489 2012 I input_focus: [Focus entering 3cc67bf com.android.launcher3/com.android.launcher3.uioverrides.QuickstepLauncher (server),reason=setFocusedWindow]
11-22 07:12:30.241 1489 1948 I wm_task_moved: [1,1,8]
11-22 07:12:30.243 1489 1948 I wm_task_moved: [10,1,2147483647]
11-22 07:12:30.243 1489 1948 I wm_task_to_front: [0,10]
11-22 07:12:30.243 1489 1948 I wm_focused_root_task: [0,0,1,171,RecentsAnimation.onAnimationFinished()]
11-22 07:12:30.243 1489 1948 I wm_set_resumed_activity: [0,com.android.launcher3/.uioverrides.QuickstepLauncher,RecentsAnimation.onAnimationFinished()]
11-22 07:12:30.245 1489 1948 I wm_set_resumed_activity: [0,com.android.launcher3/.uioverrides.QuickstepLauncher,resumeTopActivityInnerLocked]
11-22 07:12:30.247 1489 1948 I wm_resume_activity: [0,168390208,10,com.android.launcher3/.uioverrides.QuickstepLauncher]
11-22 07:12:30.254 2840 2840 I wm_on_resume_called: [168390208,com.android.launcher3.uioverrides.QuickstepLauncher,RESUME_ACTIVITY]
11-22 07:12:30.254 2840 2840 I wm_on_top_resumed_gained_called: [168390208,com.android.launcher3.uioverrides.QuickstepLauncher,topWhenResuming]
11-22 07:12:30.263 1489 1634 I sysui_multi_action: [757,803,799,window_time_2,802,0]
11-22 07:12:31.283 1489 2012 I input_interaction: Interaction with: 536893a com.android.deskclock/com.android.deskclock.DeskClock (server), edge-swipe (server), swipe-up (server), PointerEventDispatcher0 (server),
11-22 07:12:31.287 1489 1634 I wm_task_moved: [171,1,8]
11-22 07:12:31.287 1489 1634 I wm_task_to_front: [0,171]
11-22 07:12:31.291 1489 1634 I wm_focused_root_task: [0,0,171,1,setFocusedTask]
11-22 07:12:31.291 1489 1634 I wm_set_resumed_activity: [0,com.android.deskclock/.DeskClock,setFocusedTask]
11-22 07:12:31.292 2840 2840 I wm_on_top_resumed_lost_called: [168390208,com.android.launcher3.uioverrides.QuickstepLauncher,topStateChangedWhenResumed]
11-22 07:12:31.294 1489 1634 I wm_resume_activity: [0,57830057,171,com.android.deskclock/.DeskClock]
11-22 07:12:31.295 1489 1636 I input_focus: [Focus request 536893a com.android.deskclock/com.android.deskclock.DeskClock,reason=UpdateInputWindows]
11-22 07:12:31.310 1489 2012 I input_focus: [Focus leaving 3cc67bf com.android.launcher3/com.android.launcher3.uioverrides.QuickstepLauncher (server),reason=setFocusedWindow]
11-22 07:12:31.310 1489 2012 I input_focus: [Focus entering 536893a com.android.deskclock/com.android.deskclock.DeskClock (server),reason=setFocusedWindow]
11-22 07:12:31.413 1489 7595 I wm_relaunch_resume_activity: [0,57830057,171,com.android.deskclock/.DeskClock]
11-22 07:12:31.414 1489 7595 I wm_add_to_stopping: [0,168390208,com.android.launcher3/.uioverrides.QuickstepLauncher,makeInvisible]
11-22 07:12:31.415 1489 7595 I wm_pause_activity: [0,168390208,com.android.launcher3/.uioverrides.QuickstepLauncher,userLeaving=false,pauseBackTasks]
11-22 07:12:31.416 2840 2840 I wm_on_paused_called: [168390208,com.android.launcher3.uioverrides.QuickstepLauncher,performPause]
11-22 07:12:31.425 1489 1948 I wm_resume_activity: [0,57830057,171,com.android.deskclock/.DeskClock]
11-22 07:12:31.427 16216 16216 I wm_on_paused_called: [57830057,com.android.deskclock.DeskClock,performPause]
11-22 07:12:31.429 16216 16216 I wm_on_stop_called: [57830057,com.android.deskclock.DeskClock,handleRelaunchActivity]
11-22 07:12:31.436 16216 16216 I wm_on_destroy_called: [57830057,com.android.deskclock.DeskClock,performDestroy]
11-22 07:12:31.442 1489 1634 I sysui_multi_action: [757,803,799,window_time_0,802,1]
11-22 07:12:31.455 1489 1648 I am_pss : [16340,10068,com.android.calendar,21433344,16674816,0,137875456,0,15,7]
11-22 07:12:31.465 1489 6043 I sysui_multi_action: [757,1513,758,4,805,1669072351465,1514,10066,1515,com.android.deskclock,1516,1002,1517,1,1518,10066,1519,1002,1520,1,1526,com.android.permissioncontroller/.permission.ui.GrantPermissionsActivity,1527,0,1528,android.content.pm.action.REQUEST_PERMISSIONS,1529,com.android.deskclock,1530,1002,1531,0,1532,0,1533,1,1534,0,1535,0,1536,1,1537,9941,1539,11122]
11-22 07:12:31.466 1489 6043 I wm_create_activity: [0,33005074,171,com.android.permissioncontroller/.permission.ui.GrantPermissionsActivity,android.content.pm.action.REQUEST_PERMISSIONS,NULL,NULL,8388608]
11-22 07:12:31.467 1489 1648 I am_pss : [16557,10032,com.android.providers.calendar,7315456,5038080,0,98582528,0,19,6]
11-22 07:12:31.482 16216 16216 I wm_on_create_called: [57830057,com.android.deskclock.DeskClock,performCreate]
11-22 07:12:31.510 16216 16216 I wm_on_start_called: [57830057,com.android.deskclock.DeskClock,handleStartActivity]
11-22 07:12:31.511 16216 16216 I wm_on_resume_called: [57830057,com.android.deskclock.DeskClock,RESUME_ACTIVITY]
11-22 07:12:31.562 1489 1648 I am_pss : [16216,10066,com.android.deskclock,63571968,57815040,0,185458688,0,2,9]
11-22 07:12:57.029 1489 1650 I am_uid_idle: 10069 --------- beginning of main
11-22 07:13:07.979 3275 3275 W hpplay-java: [main]:IPManager:getActiveNets invalid networkInfo:null
11-22 07:13:07.979 3275 3275 I hpplay-java: [main]:IPManager:getActiveNets eth0:false wifi:false mobile:false ap:false
11-22 07:13:07.979 3275 3275 I hpplay-java: [main]:ServerTaskManager:get local ip:null
11-22 07:13:08.270 647 662 I mpu_uart: [MSG-P:RECV]:No message received in 1000 ms
11-22 07:13:08.972 647 661 I mpu_uart: [MSG-P:R]:recv sync frame timeout
11-22 07:13:08.981 3275 3275 W hpplay-java: [main]:IPManager:getActiveNets invalid networkInfo:null
11-22 07:13:08.981 3275 3275 I hpplay-java: [main]:IPManager:getActiveNets eth0:false wifi:false mobile:false ap:false
11-22 07:13:08.981 3275 3275 I hpplay-java: [main]:ServerTaskManager:get local ip:null
11-22 07:13:09.270 647 662 I mpu_uart: [MSG-P:RECV]:No message received in 1000 ms
11-22 07:13:09.983 3275 3275 W hpplay-java: [main]:IPManager:getActiveNets invalid networkInfo:null
11-22 07:13:09.983 3275 3275 I hpplay-java: [main]:IPManager:getActiveNets eth0:false wifi:false mobile:false ap:false
11-22 07:13:09.983 3275 3275 I hpplay-java: [main]:ServerTaskManager:get local ip:null
11-22 07:13:10.270 647 662 I mpu_uart: [MSG-P:RECV]:No message received in 1000 ms
11-22 07:13:10.492 1489 1650 I am_uid_idle: 10068
11-22 07:13:10.493 1489 1650 I am_uid_idle: 10032
11-22 07:13:10.985 3275 3275 W hpplay-java: [main]:IPManager:getActiveNets invalid networkInfo:null
11-22 07:13:10.985 3275 3275 I hpplay-java: [main]:IPManager:getActiveNets eth0:false wifi:false mobile:false ap:false
11-22 07:13:10.985 3275 3275 I hpplay-java: [main]:ServerTaskManager:get local ip:null
11-22 07:13:11.271 647 662 I mpu_uart: [MSG-P:RECV]:No message received in 1000 ms
11-22 07:13:11.973 647 661 I mpu_uart: [MSG-P:R]:recv sync frame timeout
11-22 07:13:11.987 3275 3275 W hpplay-java: [main]:IPManager:getActiveNets invalid networkInfo:null
11-22 07:13:11.987 3275 3275 I hpplay-java: [main]:IPManager:getActiveNets eth0:false wifi:false mobile:false ap:false
11-22 07:13:11.987 3275 3275 I hpplay-java: [main]:ServerTaskManager:get local ip:null
11-22 07:13:12.126 1489 1489 I sysui_multi_action: [757,128,758,5,759,8,793,853669,794,0,795,61942,796,1,806,com.android.music,857,Channel-music,858,2,947,0,1500,61942,1641,transport,1688,1,1745,1043716538]
11-22 07:13:12.126 1489 1489 I notification_canceled: [0|com.android.music|1|null|10090,8,853669,61942,0,-1,-1,NULL]
11-22 07:13:12.127 4283 4297 I GameMode_ActivityMonitoringService: onForegroundServicesChanged uid 10090 pid 15528 fg 0
11-22 07:13:12.132 1193 4095 D NuPlayerDriver: reset(0xeab82090) at state 4
11-22 07:13:12.134 1193 16075 D NuPlayerDriver: notifyResetComplete(0xeab82090)
11-22 07:13:12.134 1193 4095 D NuPlayerDriver: reset(0xeab82090) at state 0
11-22 07:13:12.135 15528 15528 V MediaPlayer: resetDrmState: mDrmInfo=null mDrmProvisioningThread=null mPrepareDrmInProgress=false mActiveDrmScheme=false
11-22 07:13:12.135 15528 15528 V MediaPlayer: cleanDrmObj: mDrmObj=null mDrmSessionId=null
11-22 07:13:12.136 15528 15528 V MediaPlayer: resetDrmState: mDrmInfo=null mDrmProvisioningThread=null mPrepareDrmInProgress=false mActiveDrmScheme=false
11-22 07:13:12.136 15528 15528 V MediaPlayer: cleanDrmObj: mDrmObj=null mDrmSessionId=null
11-22 07:13:12.137 2358 3645 D Avrcp_ext: AudioManager Player: AudioPlaybackConfiguration piid:103 deviceId:0 type:android.media.SoundPool u/pid:10082/2375 state:idle attr:AudioAttributes: usage=USAGE_ASSISTANCE_SONIFICATION content=CONTENT_TYPE_SONIFICATION flags=0x800 tags= bundle=null sessionId:0
11-22 07:13:12.138 2358 3645 D Avrcp_ext: AudioManager Player: AudioPlaybackConfiguration piid:95 deviceId:0 type:android.media.SoundPool u/pid:1000/1489 state:idle attr:AudioAttributes: usage=USAGE_ASSISTANCE_SONIFICATION content=CONTENT_TYPE_SONIFICATION flags=0x800 tags= bundle=null sessionId:0
11-22 07:13:12.138 2358 3645 D Avrcp_ext: AudioManager Player: AudioPlaybackConfiguration piid:111 deviceId:0 type:android.media.SoundPool u/pid:1000/4283 state:idle attr:AudioAttributes: usage=USAGE_ASSISTANCE_SONIFICATION content=CONTENT_TYPE_SONIFICATION flags=0x801 tags= bundle=null sessionId:0
11-22 07:13:12.138 2358 3645 D Avrcp_ext: AudioManager isPlaying: false, mAudioPlaybackIsActive = false
11-22 07:13:12.138 2358 3645 D Avrcp_ext: AudioManager Reset Active Player
11-22 07:13:12.138 1489 1650 I am_uid_running: 10033
11-22 07:13:12.138 1489 7595 I MediaFocusControl: abandonAudioFocus() from uid/pid 10090/15528 clientId=android.media.AudioManager@a2d2469com.android.music.MediaPlaybackService$4@886aeee
11-22 07:13:12.139 1489 7595 D MediaSessionService: Media button session is changed to null
11-22 07:13:12.140 2714 2793 D ProtectUartService: received unRegisterListener token:MUCIC_VOLTAGE_PROTECT
11-22 07:13:12.140 2358 3645 V Avrcp_ext: MediaController session destroyed
11-22 07:13:12.141 2358 3645 V Avrcp_ext: updateNewIds: Addressed:3 to 3, Browse:0 to 0 --------- beginning of system
11-22 07:13:12.142 1489 1650 D CompatibilityChangeReporter: Compat change id reported: 135634846; UID 10033; state: DISABLED
11-22 07:13:12.142 1489 1650 D CompatibilityChangeReporter: Compat change id reported: 177438394; UID 10033; state: DISABLED
11-22 07:13:12.142 2358 3645 D Avrcp_ext: updateCurrentController: MediaController (com.android.music@83296a1) null, null, null to null
11-22 07:13:12.142 1489 1650 D CompatibilityChangeReporter: Compat change id reported: 135772972; UID 10033; state: DISABLED
11-22 07:13:12.142 1489 1650 D CompatibilityChangeReporter: Compat change id reported: 135754954; UID 10033; state: ENABLED
11-22 07:13:12.142 2358 3645 V Avrcp_ext: updateNewIds: Addressed:3 to 0, Browse:0 to 0
11-22 07:13:12.142 1489 1651 D CompatibilityChangeReporter: Compat change id reported: 143937733; UID 10033; state: ENABLED
11-22 07:13:12.143 1489 1489 I service_manager_slow: [13,platform_compat]
11-22 07:13:12.143 2358 3645 V Avrcp_ext: updateCurrentMediaState: mMediaController: null
11-22 07:13:12.143 2358 3645 W Avrcp_ext: isMusicActive: false getBluetoothPlayState: 2 A2dp State: 11 mAudioPlaybackIsActive: false
11-22 07:13:12.143 2358 3645 W Avrcp_ext: updateCurrentMediaState: isPlaying = false
11-22 07:13:12.143 2358 3645 V Avrcp_ext: Media update: id -1➡-1? [MediaAttributes: none] : [MediaAttributes: - by (1760 1/0) - ]
11-22 07:13:12.143 2358 3645 D Avrcp_ext: isPackageNameValid: browsedPackage = isValid = false
11-22 07:13:12.143 2358 3645 V Avrcp_ext: Send track changed
11-22 07:13:12.143 2358 3645 V Avrcp_ext: updatePlaybackState, state: PlaybackState {state=2, position=-1, buffered position=0, speed=0.0, updated=15380682, actions=0, custom actions=[], active item id=-1, error=null} device: null
11-22 07:13:12.143 2358 3645 V Avrcp_ext: Device: no name:
11-22 07:13:12.143 2358 3645 V Avrcp_ext: Device: no name:
11-22 07:13:12.143 2358 3645 V Avrcp_ext: Device: no name:
11-22 07:13:12.143 2358 3645 V Avrcp_ext: Device: no name:
11-22 07:13:12.143 2358 3645 V Avrcp_ext: Device: no name:
11-22 07:13:12.143 2358 3645 V Avrcp_ext: updatePlayerStateAndPosition, old=PlaybackState {state=2, position=1760, buffered position=0, speed=1.0, updated=15318720, actions=516, custom actions=[], active item id=-1, error=null}, state=PlaybackState {state=2, position=-1, buffered position=0, speed=0.0, updated=15380682, actions=0, custom actions=[], active item id=-1, error=null}
11-22 07:13:12.143 2358 3645 V Avrcp_ext: old state = PlaybackState {state=2, position=1760, buffered position=0, speed=1.0, updated=15318720, actions=516, custom actions=[], active item id=-1, error=null}, new state= PlaybackState {state=2, position=-1, buffered position=0, speed=0.0, updated=15380682, actions=0, custom actions=[], active item id=-1, error=null}
11-22 07:13:12.143 2358 3645 D HeadsetService: getHeadsetService(): returning com.android.bluetooth.hfp.HeadsetService@83e3306
11-22 07:13:12.143 2358 3645 D HeadsetService: isAudioOn: The number of audio connected devices 0
11-22 07:13:12.143 2358 3645 D HeadsetService: isScoOrCallActive(): Call Active:falseCall is Ringing:falseSCO is Active:false
11-22 07:13:12.143 2358 3645 D HeadsetService: isAudioOn: The number of audio connected devices 0
11-22 07:13:12.143 2358 3645 I Avrcp_ext: updatePlayStatusForDevice: device: null
11-22 07:13:12.143 2358 3645 V Avrcp_ext: updatePlaybackState (1): old=PlaybackState {state=2, position=1760, buffered position=0, speed=1.0, updated=15318720, actions=516, custom actions=[], active item id=-1, error=null}(2), new=PlaybackState {state=2, position=-1, buffered position=0, speed=0.0, updated=15380682, actions=0, custom actions=[], active item id=-1, error=null}(2)
11-22 07:13:12.144 2358 3645 I Avrcp_ext: Exit updatePlayStatusForDevice
11-22 07:13:12.144 2358 3645 D HeadsetService: isAudioOn: The number of audio connected devices 0
11-22 07:13:12.144 2358 3645 D HeadsetService: isScoOrCallActive(): Call Active:falseCall is Ringing:falseSCO is Active:false
11-22 07:13:12.144 2358 3645 D HeadsetService: isAudioOn: The number of audio connected devices 0
11-22 07:13:12.144 2358 3645 I Avrcp_ext: updatePlayStatusForDevice: device: null
11-22 07:13:12.144 2358 3645 V Avrcp_ext: updatePlaybackState (1): old=PlaybackState {state=2, position=1760, buffered position=0, speed=1.0, updated=15318720, actions=516, custom actions=[], active item id=-1, error=null}(2), new=PlaybackState {state=2, position=-1, buffered position=0, speed=0.0, updated=15380682, actions=0, custom actions=[], active item id=-1, error=null}(2)
11-22 07:13:12.144 2358 3645 I Avrcp_ext: Exit updatePlayStatusForDevice
11-22 07:13:12.144 2358 3645 D HeadsetService: isAudioOn: The number of audio connected devices 0
11-22 07:13:12.144 2358 3645 D HeadsetService: isScoOrCallActive(): Call Active:falseCall is Ringing:falseSCO is Active:false
11-22 07:13:12.144 2358 3645 D HeadsetService: isAudioOn: The number of audio connected devices 0
11-22 07:13:12.144 2358 3645 I Avrcp_ext: updatePlayStatusForDevice: device: null
11-22 07:13:12.144 2358 3645 V Avrcp_ext: updatePlaybackState (1): old=PlaybackState {state=2, position=1760, buffered position=0, speed=1.0, updated=15318720, actions=516, custom actions=[], active item id=-1, error=null}(2), new=PlaybackState {state=2, position=-1, buffered position=0, speed=0.0, updated=15380682, actions=0, custom actions=[], active item id=-1, error=null}(2)
11-22 07:13:12.144 2358 3645 I Avrcp_ext: Exit updatePlayStatusForDevice
11-22 07:13:12.144 2358 3645 D HeadsetService: isAudioOn: The number of audio connected devices 0
11-22 07:13:12.144 2358 3645 D HeadsetService: isScoOrCallActive(): Call Active:falseCall is Ringing:falseSCO is Active:false
11-22 07:13:12.144 2358 3645 D HeadsetService: isAudioOn: The number of audio connected devices 0
11-22 07:13:12.144 2358 3645 I Avrcp_ext: updatePlayStatusForDevice: device: null
11-22 07:13:12.144 2358 3645 V Avrcp_ext: updatePlaybackState (1): old=PlaybackState {state=2, position=1760, buffered position=0, speed=1.0, updated=15318720, actions=516, custom actions=[], active item id=-1, error=null}(2), new=PlaybackState {state=2, position=-1, buffered position=0, speed=0.0, updated=15380682, actions=0, custom actions=[], active item id=-1, error=null}(2)
11-22 07:13:12.144 2358 3645 I Avrcp_ext: Exit updatePlayStatusForDevice
11-22 07:13:12.144 2358 3645 D HeadsetService: isAudioOn: The number of audio connected devices 0
11-22 07:13:12.144 2358 3645 D HeadsetService: isScoOrCallActive(): Call Active:falseCall is Ringing:falseSCO is Active:false
11-22 07:13:12.144 2358 3645 D HeadsetService: isAudioOn: The number of audio connected devices 0
11-22 07:13:12.144 2358 3645 I Avrcp_ext: updatePlayStatusForDevice: device: null
11-22 07:13:12.144 2358 3645 V Avrcp_ext: updatePlaybackState (1): old=PlaybackState {state=2, position=1760, buffered position=0, speed=1.0, updated=15318720, actions=516, custom actions=[], active item id=-1, error=null}(2), new=PlaybackState {state=2, position=-1, buffered position=0, speed=0.0, updated=15380682, actions=0, custom actions=[], active item id=-1, error=null}(2)
11-22 07:13:12.144 2358 3645 I Avrcp_ext: Exit updatePlayStatusForDevice
11-22 07:13:12.144 2358 3645 D Avrcp_ext: Enter sendPlayPosNotificationRsp
11-22 07:13:12.144 2358 3645 D Avrcp_ext: sendPlayPosNotificationRsp: Not registered or requesting.
11-22 07:13:12.144 2358 3645 D Avrcp_ext: Enter sendPlayPosNotificationRsp
11-22 07:13:12.144 2358 3645 D Avrcp_ext: sendPlayPosNotificationRsp: Not registered or requesting.
11-22 07:13:12.144 2358 3645 D Avrcp_ext: Enter sendPlayPosNotificationRsp
11-22 07:13:12.144 2358 3645 D Avrcp_ext: sendPlayPosNotificationRsp: Not registered or requesting.
11-22 07:13:12.144 2358 3645 D Avrcp_ext: Enter sendPlayPosNotificationRsp
11-22 07:13:12.144 2358 3645 D Avrcp_ext: sendPlayPosNotificationRsp: Not registered or requesting.
11-22 07:13:12.144 2358 3645 D Avrcp_ext: Enter sendPlayPosNotificationRsp
11-22 07:13:12.144 2358 3645 D Avrcp_ext: sendPlayPosNotificationRsp: Not registered or requesting.
11-22 07:13:12.144 2358 3645 V Avrcp_ext: Exit updatePlayerStateAndPosition
11-22 07:13:12.144 2358 3645 D Avrcp_ext: Exit onSessionDestroyed
11-22 07:13:12.145 1489 1489 D CompatibilityChangeReporter: Compat change id reported: 175319604; UID 1000; state: ENABLED
11-22 07:13:12.145 1489 1489 D CompatibilityChangeReporter: Compat change id reported: 175319604; UID 1000; state: DISABLED
11-22 07:13:12.146 1489 7595 I sysui_multi_action: [757,856,758,2,806,com.android.music,857,Channel-music,858,2]
11-22 07:13:12.147 4283 4283 D GameMode_GameModeNotificationListenerService: onNotificationRemoved.
11-22 07:13:12.147 1489 7595 W NotificationHistory: Attempted to remove channel for locked/gone/disabled user 0
11-22 07:13:12.148 1489 1489 I notification_cancel_all: [1000,1489,com.android.music,0,0,0,20,NULL]
11-22 07:13:12.150 2358 3645 V Avrcp_ext: updateCurrentMediaState: mMediaController: null
11-22 07:13:12.150 2358 3645 W Avrcp_ext: isMusicActive: false getBluetoothPlayState: 2 A2dp State: 11 mAudioPlaybackIsActive: false
11-22 07:13:12.150 2358 3645 W Avrcp_ext: updateCurrentMediaState: isPlaying = false
11-22 07:13:12.150 2358 3645 V Avrcp_ext: Media update: id -1➡-1? [MediaAttributes: none] : [MediaAttributes: none]
11-22 07:13:12.150 2358 3645 D Avrcp_ext: isPackageNameValid: browsedPackage = isValid = false
11-22 07:13:12.150 2358 3645 V Avrcp_ext: updatePlaybackState, state: PlaybackState {state=2, position=-1, buffered position=0, speed=0.0, updated=15380689, actions=0, custom actions=[], active item id=-1, error=null} device: null
11-22 07:13:12.150 2358 3645 V Avrcp_ext: Device: no name:
11-22 07:13:12.150 2358 3645 V Avrcp_ext: Device: no name:
11-22 07:13:12.150 2358 3645 V Avrcp_ext: Device: no name:
11-22 07:13:12.150 2358 3645 V Avrcp_ext: Device: no name:
11-22 07:13:12.150 2358 3645 V Avrcp_ext: Device: no name:
11-22 07:13:12.150 2358 3645 V Avrcp_ext: updatePlayerStateAndPosition, old=PlaybackState {state=2, position=-1, buffered position=0, speed=0.0, updated=15380682, actions=0, custom actions=[], active item id=-1, error=null}, state=PlaybackState {state=2, position=-1, buffered position=0, speed=0.0, updated=15380689, actions=0, custom actions=[], active item id=-1, error=null}
11-22 07:13:12.150 2358 3645 V Avrcp_ext: old state = PlaybackState {state=2, position=-1, buffered position=0, speed=0.0, updated=15380682, actions=0, custom actions=[], active item id=-1, error=null}, new state= PlaybackState {state=2, position=-1, buffered position=0, speed=0.0, updated=15380689, actions=0, custom actions=[], active item id=-1, error=null}
11-22 07:13:12.150 2358 3645 D HeadsetService: getHeadsetService(): returning com.android.bluetooth.hfp.HeadsetService@83e3306
11-22 07:13:12.150 2358 3645 D HeadsetService: isAudioOn: The number of audio connected devices 0
11-22 07:13:12.150 2358 3645 D HeadsetService: isScoOrCallActive(): Call Active:falseCall is Ringing:falseSCO is Active:false
11-22 07:13:12.150 2358 3645 D HeadsetService: isAudioOn: The number of audio connected devices 0
11-22 07:13:12.150 2358 3645 I Avrcp_ext: updatePlayStatusForDevice: device: null
11-22 07:13:12.150 2358 3645 V Avrcp_ext: updatePlaybackState (1): old=PlaybackState {state=2, position=-1, buffered position=0, speed=0.0, updated=15380682, actions=0, custom actions=[], active item id=-1, error=null}(2), new=PlaybackState {state=2, position=-1, buffered position=0, speed=0.0, updated=15380689, actions=0, custom actions=[], active item id=-1, error=null}(2)
11-22 07:13:12.150 2358 3645 I Avrcp_ext: Exit updatePlayStatusForDevice
11-22 07:13:12.150 2358 3645 D HeadsetService: isAudioOn: The number of audio connected devices 0
11-22 07:13:12.150 2358 3645 D HeadsetService: isScoOrCallActive(): Call Active:falseCall is Ringing:falseSCO is Active:false
11-22 07:13:12.150 2358 3645 D HeadsetService: isAudioOn: The number of audio connected devices 0
11-22 07:13:12.150 2358 3645 I Avrcp_ext: updatePlayStatusForDevice: device: null
11-22 07:13:12.150 2358 3645 V Avrcp_ext: updatePlaybackState (1): old=PlaybackState {state=2, position=-1, buffered position=0, speed=0.0, updated=15380682, actions=0, custom actions=[], active item id=-1, error=null}(2), new=PlaybackState {state=2, position=-1, buffered position=0, speed=0.0, updated=15380689, actions=0, custom actions=[], active item id=-1, error=null}(2)
11-22 07:13:12.150 2358 3645 I Avrcp_ext: Exit updatePlayStatusForDevice
11-22 07:13:12.150 2358 3645 D HeadsetService: isAudioOn: The number of audio connected devices 0
11-22 07:13:12.150 2358 3645 D HeadsetService: isScoOrCallActive(): Call Active:falseCall is Ringing:falseSCO is Active:false
11-22 07:13:12.150 2358 3645 D HeadsetService: isAudioOn: The number of audio connected devices 0
11-22 07:13:12.150 2358 3645 I Avrcp_ext: updatePlayStatusForDevice: device: null
11-22 07:13:12.150 2358 3645 V Avrcp_ext: updatePlaybackState (1): old=PlaybackState {state=2, position=-1, buffered position=0, speed=0.0, updated=15380682, actions=0, custom actions=[], active item id=-1, error=null}(2), new=PlaybackState {state=2, position=-1, buffered position=0, speed=0.0, updated=15380689, actions=0, custom actions=[], active item id=-1, error=null}(2)
11-22 07:13:12.150 2358 3645 I Avrcp_ext: Exit updatePlayStatusForDevice
11-22 07:13:12.150 2358 3645 D HeadsetService: isAudioOn: The number of audio connected devices 0
11-22 07:13:12.150 2358 3645 D HeadsetService: isScoOrCallActive(): Call Active:falseCall is Ringing:falseSCO is Active:false
11-22 07:13:12.150 2358 3645 D HeadsetService: isAudioOn: The number of audio connected devices 0
11-22 07:13:12.150 2358 3645 I Avrcp_ext: updatePlayStatusForDevice: device: null
11-22 07:13:12.150 2358 3645 V Avrcp_ext: updatePlaybackState (1): old=PlaybackState {state=2, position=-1, buffered position=0, speed=0.0, updated=15380682, actions=0, custom actions=[], active item id=-1, error=null}(2), new=PlaybackState {state=2, position=-1, buffered position=0, speed=0.0, updated=15380689, actions=0, custom actions=[], active item id=-1, error=null}(2)
11-22 07:13:12.151 2358 3645 I Avrcp_ext: Exit updatePlayStatusForDevice
11-22 07:13:12.151 2358 3645 D HeadsetService: isAudioOn: The number of audio connected devices 0
11-22 07:13:12.151 2358 3645 D HeadsetService: isScoOrCallActive(): Call Active:falseCall is Ringing:falseSCO is Active:false
11-22 07:13:12.151 2358 3645 D HeadsetService: isAudioOn: The number of audio connected devices 0
11-22 07:13:12.151 2358 3645 I Avrcp_ext: updatePlayStatusForDevice: device: null
11-22 07:13:12.151 2358 3645 V Avrcp_ext: updatePlaybackState (1): old=PlaybackState {state=2, position=-1, buffered position=0, speed=0.0, updated=15380682, actions=0, custom actions=[], active item id=-1, error=null}(2), new=PlaybackState {state=2, position=-1, buffered position=0, speed=0.0, updated=15380689, actions=0, custom actions=[], active item id=-1, error=null}(2)
11-22 07:13:12.151 2358 3645 I Avrcp_ext: Exit updatePlayStatusForDevice
11-22 07:13:12.151 2358 3645 D Avrcp_ext: Enter sendPlayPosNotificationRsp
11-22 07:13:12.151 2358 3645 D Avrcp_ext: sendPlayPosNotificationRsp: Not registered or requesting.
11-22 07:13:12.151 2358 3645 D Avrcp_ext: Enter sendPlayPosNotificationRsp
11-22 07:13:12.151 2358 3645 D Avrcp_ext: sendPlayPosNotificationRsp: Not registered or requesting.
11-22 07:13:12.151 2358 3645 D Avrcp_ext: Enter sendPlayPosNotificationRsp
11-22 07:13:12.151 2358 3645 D Avrcp_ext: sendPlayPosNotificationRsp: Not registered or requesting.
11-22 07:13:12.151 2358 3645 D Avrcp_ext: Enter sendPlayPosNotificationRsp
11-22 07:13:12.151 2358 3645 D Avrcp_ext: sendPlayPosNotificationRsp: Not registered or requesting.
11-22 07:13:12.151 2358 3645 D Avrcp_ext: Enter sendPlayPosNotificationRsp
11-22 07:13:12.151 2358 3645 D Avrcp_ext: sendPlayPosNotificationRsp: Not registered or requesting.
11-22 07:13:12.151 2358 3645 V Avrcp_ext: Exit updatePlayerStateAndPosition
11-22 07:13:12.154 2375 2464 D PeopleSpaceWidgetMgr: Sbn doesn't contain valid PeopleTileKey: null/0/com.android.music
11-22 07:13:12.162 668 668 D Zygote : Forked child process 16757
11-22 07:13:12.163 1489 1651 I am_proc_start: [0,16757,10033,com.android.musicfx,broadcast,{com.android.musicfx/com.android.musicfx.ControlPanelReceiver}]
