11-22 06:26:34.092 1489 1636 I input_focus: [Focus request 3cc67bf com.android.launcher3/com.android.launcher3.uioverrides.QuickstepLauncher,reason=UpdateInputWindows]
11-22 06:26:34.096 13022 13022 I sysui_multi_action: [757,25,758,2,1089,8422]
11-22 06:26:34.097 1489 1634 I sysui_multi_action: [757,803,799,window_time_0,802,8]
11-22 06:26:34.098 13022 13022 I wm_on_paused_called: [255741276,com.android.settings.bluetooth.DevicePickerActivity,performPause]
11-22 06:26:34.103 1489 2012 I input_focus: [Focus leaving recents_animation_input_consumer (server),reason=NOT_VISIBLE]
11-22 06:26:34.103 1489 2012 I input_focus: [Focus entering 3cc67bf com.android.launcher3/com.android.launcher3.uioverrides.QuickstepLauncher (server),reason=setFocusedWindow]
11-22 06:26:34.104 1489 1634 I wm_stop_activity: [0,255741276,com.android.settings/.bluetooth.DevicePickerActivity]
11-22 06:26:34.107 1489 1634 I sysui_multi_action: [757,803,799,window_time_0,802,0]
11-22 06:26:34.115 13022 13022 I wm_on_stop_called: [255741276,com.android.settings.bluetooth.DevicePickerActivity,STOP_ACTIVITY_ITEM]
11-22 06:26:34.124 2840 2840 I wm_on_top_resumed_gained_called: [168390208,com.android.launcher3.uioverrides.QuickstepLauncher,topStateChangedWhenResumed]
11-22 06:26:34.139 1489 1648 I am_pss : [13318,1000,com.qti.diagservices,6088704,3821568,0,93503488,0,10,6]
11-22 06:26:34.219 1489 1596 I wm_finish_activity: [0,255741276,137,com.android.settings/.bluetooth.DevicePickerActivity,remove-task]
11-22 06:26:34.225 1489 1596 I wm_destroy_activity: [0,255741276,137,com.android.settings/.bluetooth.DevicePickerActivity,finish-imm:finishIfPossible]
11-22 06:26:34.232 1489 1634 I sysui_multi_action: [757,803,799,window_time_0,802,0]
11-22 06:26:34.239 13022 13022 I wm_on_destroy_called: [255741276,com.android.settings.bluetooth.DevicePickerActivity,performDestroy]
11-22 06:26:34.245 1489 8504 I wm_task_removed: [137,removeChild:removeChild last r=ActivityRecord{f3e4d5c u0 com.android.settings/.bluetooth.DevicePickerActivity t-1 f}} in t=Task{a412865 #137 type=standard A=1002:com.android.bluetooth U=0 visible=false mode=fullscreen translucent=true sz=0}]
11-22 06:26:34.245 1489 8504 I wm_task_removed: [137,removeChild]
11-22 06:26:35.189 1489 2012 I input_interaction: Interaction with: 3cc67bf com.android.launcher3/com.android.launcher3.uioverrides.QuickstepLauncher (server), 6449bab com.android.systemui.ImageWallpaper (server), edge-swipe (server), swipe-up (server), PointerEventDispatcher0 (server),
11-22 06:26:35.792 1489 2012 I input_interaction: Interaction with: 3cc67bf com.android.launcher3/com.android.launcher3.uioverrides.QuickstepLauncher (server), PointerEventDispatcher0 (server),
11-22 06:26:35.887 1489 6061 I wm_finish_activity: [0,32607329,135,com.android.settings/.bluetooth.DevicePickerActivity,remove-task]
11-22 06:26:35.889 1489 6061 I wm_destroy_activity: [0,32607329,135,com.android.settings/.bluetooth.DevicePickerActivity,finish-imm:finishIfPossible]
11-22 06:26:35.903 1489 1634 I sysui_multi_action: [757,803,799,window_time_0,802,2]
11-22 06:26:35.914 13022 13022 I wm_on_destroy_called: [32607329,com.android.settings.bluetooth.DevicePickerActivity,performDestroy]
11-22 06:26:35.925 1489 6061 I wm_task_removed: [135,removeChild:removeChild last r=ActivityRecord{1f18c61 u0 com.android.settings/.bluetooth.DevicePickerActivity t-1 f}} in t=Task{e52e203 #135 type=standard A=1002:com.android.bluetooth U=0 visible=false mode=fullscreen translucent=true sz=0}]
11-22 06:26:35.925 1489 6061 I wm_task_removed: [135,removeChild]
11-22 06:26:36.834 1489 1650 I am_uid_idle: 10051
11-22 06:26:36.909 1489 2012 I input_interaction: Interaction with: 3cc67bf com.android.launcher3/com.android.launcher3.uioverrides.QuickstepLauncher (server), 6449bab com.android.systemui.ImageWallpaper (server), edge-swipe (server), swipe-up (server), PointerEventDispatcher0 (server),
11-22 06:26:37.026 1489 1489 I service_manager_stats: [100,100,455066]
11-22 06:26:37.441 1489 8504 I wm_finish_activity: [0,160619896,127,com.android.gallery3d/.app.GalleryActivity,recent-task-trimmed]
11-22 06:26:37.443 1489 8504 I wm_destroy_activity: [0,160619896,127,com.android.gallery3d/.app.GalleryActivity,finish-imm:finishIfPossible]
11-22 06:26:37.447 1489 8504 I wm_task_removed: [127,removeChild:removeChild last r=ActivityRecord{992dd78 u0 com.android.gallery3d/.app.GalleryActivity t-1 f}} in t=Task{6e2edb #127 type=standard A=10069:com.android.gallery3d U=0 visible=false mode=fullscreen translucent=true sz=0}]
11-22 06:26:37.447 1489 8504 I wm_task_removed: [127,removeChild]
11-22 06:26:37.452 1489 8504 I wm_finish_activity: [0,56794148,129,com.android.settings/.Settings,recent-task-trimmed]
11-22 06:26:37.453 1489 8504 I wm_destroy_activity: [0,56794148,129,com.android.settings/.Settings,finish-imm:finishIfPossible]
11-22 06:26:37.455 1489 8504 I wm_finish_activity: [0,12416408,131,com.android.soundrecorder/.SoundRecorder,recent-task-trimmed]
11-22 06:26:37.456 1489 8504 I wm_destroy_activity: [0,12416408,131,com.android.soundrecorder/.SoundRecorder,finish-imm:finishIfPossible]
11-22 06:26:37.464 1489 8504 I wm_task_removed: [131,removeChild:removeChild last r=ActivityRecord{bd7598 u0 com.android.soundrecorder/.SoundRecorder t-1 f}} in t=Task{e5bbf0a #131 type=standard A=10060:com.android.soundrecorder U=0 visible=false mode=fullscreen translucent=true sz=0}]
11-22 06:26:37.464 13022 13022 I wm_on_destroy_called: [56794148,com.android.settings.Settings,performDestroy]
11-22 06:26:37.464 1489 8504 I wm_task_removed: [131,removeChild]
11-22 06:26:37.468 1489 8504 I wm_finish_activity: [0,173072674,134,com.android.gallery3d/.app.MovieActivity,recent-task-trimmed]
11-22 06:26:37.468 1489 8504 I wm_destroy_activity: [0,173072674,134,com.android.gallery3d/.app.MovieActivity,finish-imm:finishIfPossible]
11-22 06:26:37.469 1489 8504 I wm_finish_activity: [0,145345017,134,com.android.music/.VideoBrowserActivity,recent-task-trimmed]
11-22 06:26:37.469 1489 8504 I wm_destroy_activity: [0,145345017,134,com.android.music/.VideoBrowserActivity,finish-imm:finishIfPossible]
11-22 06:26:37.472 13566 13566 I wm_on_destroy_called: [173072674,com.android.gallery3d.app.MovieActivity,performDestroy]
11-22 06:26:37.473 10848 10848 I wm_on_destroy_called: [145345017,com.android.music.VideoBrowserActivity,performDestroy]
11-22 06:26:37.482 1489 1634 I sysui_multi_action: [757,803,799,window_time_0,802,2]
11-22 06:26:37.483 1489 1634 I am_kill : [0,13022,com.android.settings,905,remove task]
11-22 06:26:37.483 1489 2808 I wm_task_removed: [129,removeChild:removeChild last r=ActivityRecord{3629c24 u0 com.android.settings/.Settings t-1 f}} in t=Task{7ae1baf #129 type=standard A=1000:com.android.settings.root U=0 visible=false mode=fullscreen translucent=true sz=0}]
11-22 06:26:37.483 1489 2808 I wm_task_removed: [129,removeChild]
11-22 06:26:37.493 1489 6061 I wm_task_removed: [134,removeChild:removeChild last r=ActivityRecord{a50e122 u0 com.android.gallery3d/.app.MovieActivity t-1 f}} in t=Task{6cce8c0 #134 type=standard A=10090:android.task.video U=0 visible=false mode=fullscreen translucent=true sz=0}]
11-22 06:26:37.493 1489 6061 I wm_task_removed: [134,removeChild]
11-22 06:26:37.494 1489 1634 I sysui_multi_action: [757,803,799,window_time_0,802,0]
11-22 06:26:37.501 1489 1634 I am_kill : [0,13535,com.android.soundrecorder,935,remove task]
11-22 06:26:37.503 1489 1634 I sysui_multi_action: [757,803,799,window_time_0,802,0]
11-22 06:26:37.510 1489 1634 I am_kill : [0,10848,com.android.music,910,remove task]
11-22 06:26:37.511 1489 1634 I sysui_multi_action: [757,803,799,window_time_0,802,0]
11-22 06:26:37.558 1489 8504 I am_proc_died: [0,13022,com.android.settings,905,19]
11-22 06:26:37.563 1489 1634 I am_uid_stopped: 10090
11-22 06:26:37.563 1489 1634 I am_uid_running: 10090
11-22 06:26:37.568 1489 1634 I am_uid_stopped: 10060
11-22 06:26:37.568 1489 1634 I am_uid_running: 10060
11-22 06:26:37.575 1489 8504 I am_proc_died: [0,10848,com.android.music,910,18]
11-22 06:26:37.584 1489 1651 I am_proc_start: [0,13758,10090,com.android.music,NULL,]
11-22 06:26:37.587 1489 8504 I am_proc_died: [0,13535,com.android.soundrecorder,935,19]
11-22 06:26:37.596 1489 1651 I am_proc_start: [0,13759,1000,com.android.settings,NULL,]
11-22 06:26:37.603 1489 1651 I am_proc_start: [0,13760,10060,com.android.soundrecorder,NULL,]
11-22 06:26:37.621 1489 7615 I am_proc_bound: [0,13758,com.android.music]
11-22 06:26:37.626 1489 6707 I am_proc_bound: [0,13760,com.android.soundrecorder]
11-22 06:26:37.631 1489 6707 I am_proc_bound: [0,13759,com.android.settings]
11-22 06:26:40.351 1489 6707 I wm_task_created: [138,-1]
11-22 06:26:40.361 1489 6707 I wm_task_moved: [138,1,6]
11-22 06:26:40.361 1489 6707 I wm_task_to_front: [0,138]
11-22 06:26:40.361 1489 6707 I wm_create_task: [0,138]
11-22 06:26:40.361 1489 6707 I wm_create_activity: [0,7570194,138,com.android.music/.VideoBrowserActivity,NULL,NULL,NULL,268468224]
11-22 06:26:40.361 1489 6707 I wm_task_moved: [138,1,6]
11-22 06:26:40.364 1489 6707 I wm_restart_activity: [0,7570194,138,com.android.music/.VideoBrowserActivity]
11-22 06:26:40.365 1489 6707 I wm_set_resumed_activity: [0,com.android.music/.VideoBrowserActivity,minimalResumeActivityLocked]
11-22 06:26:40.369 1489 1634 I am_uid_active: 10090
11-22 06:26:40.373 2840 2840 I wm_on_top_resumed_lost_called: [168390208,com.android.launcher3.uioverrides.QuickstepLauncher,topStateChangedWhenResumed]
11-22 06:26:40.425 13758 13758 I wm_on_create_called: [7570194,com.android.music.VideoBrowserActivity,performCreate]
11-22 06:26:40.425 13758 13758 I wm_on_start_called: [7570194,com.android.music.VideoBrowserActivity,handleStartActivity]
11-22 06:26:40.426 13758 13758 I wm_on_resume_called: [7570194,com.android.music.VideoBrowserActivity,RESUME_ACTIVITY]
11-22 06:26:40.430 13758 13758 I wm_on_top_resumed_gained_called: [7570194,com.android.music.VideoBrowserActivity,topStateChangedWhenResumed]
11-22 06:26:40.443 1489 1636 I input_focus: [Focus request cc437f8 com.android.music/com.android.music.VideoBrowserActivity,reason=UpdateInputWindows]
11-22 06:26:40.468 1489 2012 I input_focus: [Focus leaving 3cc67bf com.android.launcher3/com.android.launcher3.uioverrides.QuickstepLauncher (server),reason=Waiting for window because NOT_VISIBLE]
11-22 06:26:40.491 1489 1631 I sysui_multi_action: [319,143,322,142,325,12588,757,761,758,8,759,2,806,com.android.music,871,com.android.music.VideoBrowserActivity,904,com.android.launcher3,905,0,1320,4,1321,1]
11-22 06:26:40.493 1489 1631 I wm_activity_launch_time: [0,7570194,com.android.music/.VideoBrowserActivity,142]
11-22 06:26:40.500 1489 2012 I input_focus: [Focus entering cc437f8 com.android.music/com.android.music.VideoBrowserActivity (server),reason=Window became focusable. Previous reason: NOT_VISIBLE]
11-22 06:26:41.467 1489 2012 I input_interaction: Interaction with: cc437f8 com.android.music/com.android.music.VideoBrowserActivity (server), edge-swipe (server), swipe-up (server), PointerEventDispatcher0 (server),
11-22 06:26:41.651 1489 7615 I wm_task_moved: [138,1,6]
11-22 06:26:41.651 1489 7615 I wm_set_resumed_activity: [0,com.android.music/.VideoBrowserActivity,positionChildAt]
11-22 06:26:41.651 1489 7615 I wm_create_activity: [0,138222400,138,com.android.gallery3d/.app.MovieActivity,android.intent.action.VIEW,video/mp4,content://media/external/video/media/23,0]
11-22 06:26:41.654 1489 7615 I wm_pause_activity: [0,7570194,com.android.music/.VideoBrowserActivity,userLeaving=true,resumeTopActivityInnerLocked]
11-22 06:26:41.664 13758 13758 I wm_on_top_resumed_lost_called: [7570194,com.android.music.VideoBrowserActivity,topStateChangedWhenResumed]
11-22 06:26:41.664 13758 13758 I wm_on_paused_called: [7570194,com.android.music.VideoBrowserActivity,performPause]
11-22 06:26:41.670 1489 6707 I wm_restart_activity: [0,138222400,138,com.android.gallery3d/.app.MovieActivity]
11-22 06:26:41.672 1489 6707 I wm_set_resumed_activity: [0,com.android.gallery3d/.app.MovieActivity,minimalResumeActivityLocked]
11-22 06:26:41.684 1489 1634 I sysui_multi_action: [757,803,799,window_time_0,802,4]
11-22 06:26:41.718 13566 13566 I wm_on_create_called: [138222400,com.android.gallery3d.app.MovieActivity,performCreate]
11-22 06:26:41.720 13566 13566 I wm_on_start_called: [138222400,com.android.gallery3d.app.MovieActivity,handleStartActivity]
11-22 06:26:41.720 13566 13566 I wm_on_resume_called: [138222400,com.android.gallery3d.app.MovieActivity,RESUME_ACTIVITY]
11-22 06:26:41.726 13566 13566 I wm_on_top_resumed_gained_called: [138222400,com.android.gallery3d.app.MovieActivity,topStateChangedWhenResumed]
11-22 06:26:41.740 1489 1636 I input_focus: [Focus request b8dcfb1 com.android.gallery3d/com.android.gallery3d.app.MovieActivity,reason=UpdateInputWindows]
11-22 06:26:41.769 1489 2012 I input_focus: [Focus leaving cc437f8 com.android.music/com.android.music.VideoBrowserActivity (server),reason=Waiting for window because NOT_VISIBLE]
11-22 06:26:41.786 1489 2012 I input_focus: [Focus entering b8dcfb1 com.android.gallery3d/com.android.gallery3d.app.MovieActivity (server),reason=Window became focusable. Previous reason: NOT_VISIBLE]
11-22 06:26:41.788 1489 1631 I sysui_multi_action: [319,140,322,139,325,12590,757,761,758,8,759,2,806,com.android.gallery3d,871,com.android.gallery3d.app.MovieActivity,904,com.android.music,905,0,1320,8,1321,5]
11-22 06:26:41.791 1489 1631 I wm_activity_launch_time: [0,138222400,com.android.gallery3d/.app.MovieActivity,139]
11-22 06:26:41.903 1489 2830 I snet_event_log: [172655291,-1,]
11-22 06:26:42.902 1489 2012 I input_interaction: Interaction with: b8dcfb1 com.android.gallery3d/com.android.gallery3d.app.MovieActivity (server), edge-swipe (server), swipe-up (server), PointerEventDispatcher0 (server),
11-22 06:26:46.501 1489 2808 I wm_finish_activity: [0,138222400,138,com.android.gallery3d/.app.MovieActivity,finish-activity]
11-22 06:26:46.511 1489 2808 I wm_pause_activity: [0,138222400,com.android.gallery3d/.app.MovieActivity,userLeaving=false,finish]
11-22 06:26:46.516 1489 2808 I wm_finish_activity: [0,7570194,138,com.android.music/.VideoBrowserActivity,finish-activity]
11-22 06:26:46.516 1489 2808 I wm_task_moved: [1,1,6]
11-22 06:26:46.518 1489 2808 I wm_set_resumed_activity: [0,com.android.launcher3/.uioverrides.QuickstepLauncher,positionChildAt]
11-22 06:26:46.518 1489 2808 I wm_task_moved: [10,1,2147483647]
11-22 06:26:46.518 1489 2808 I wm_task_to_front: [0,10]
11-22 06:26:46.518 1489 2808 I wm_focused_root_task: [0,0,1,-1,finish-top adjustFocusToNextFocusableTask]
11-22 06:26:46.518 1489 2808 I wm_set_resumed_activity: [0,com.android.launcher3/.uioverrides.QuickstepLauncher,finish-top]
11-22 06:26:46.521 1489 2808 I wm_destroy_activity: [0,7570194,138,com.android.music/.VideoBrowserActivity,finish-imm:finishIfPossible]
11-22 06:26:46.529 13758 13758 I wm_on_stop_called: [7570194,com.android.music.VideoBrowserActivity,LIFECYCLER_STOP_ACTIVITY]
11-22 06:26:46.538 13566 13566 I wm_on_top_resumed_lost_called: [138222400,com.android.gallery3d.app.MovieActivity,topStateChangedWhenResumed]
11-22 06:26:46.538 1489 1636 I input_focus: [Focus request 3cc67bf com.android.launcher3/com.android.launcher3.uioverrides.QuickstepLauncher,reason=UpdateInputWindows]
11-22 06:26:46.542 1489 1634 I sysui_multi_action: [757,803,799,window_time_2,802,5]
11-22 06:26:46.544 13758 13758 I wm_on_destroy_called: [7570194,com.android.music.VideoBrowserActivity,performDestroy]
11-22 06:26:46.546 2840 2840 I wm_on_top_resumed_gained_called: [168390208,com.android.launcher3.uioverrides.QuickstepLauncher,topStateChangedWhenResumed]
11-22 06:26:46.565 1489 2012 I input_focus: [Focus leaving b8dcfb1 com.android.gallery3d/com.android.gallery3d.app.MovieActivity (server),reason=NO_WINDOW]
11-22 06:26:46.565 1489 2012 I input_focus: [Focus entering 3cc67bf com.android.launcher3/com.android.launcher3.uioverrides.QuickstepLauncher (server),reason=setFocusedWindow]
11-22 06:26:46.675 13566 13566 I wm_on_paused_called: [138222400,com.android.gallery3d.app.MovieActivity,performPause]
11-22 06:26:46.677 1489 6707 I wm_destroy_activity: [0,138222400,138,com.android.gallery3d/.app.MovieActivity,finish-imm:completePausedLocked]
11-22 06:26:46.679 1489 1634 I sysui_multi_action: [757,803,799,window_time_0,802,0]
11-22 06:26:46.703 13566 13566 I wm_on_stop_called: [138222400,com.android.gallery3d.app.MovieActivity,LIFECYCLER_STOP_ACTIVITY]
11-22 06:26:46.704 13566 13566 I wm_on_destroy_called: [138222400,com.android.gallery3d.app.MovieActivity,performDestroy]
11-22 06:26:46.814 1489 1636 I wm_task_removed: [138,removeChild:removeChild last r=ActivityRecord{738312 u0 com.android.music/.VideoBrowserActivity t-1 f}} in t=Task{75de29d #138 type=standard A=10090:android.task.video U=0 visible=false mode=freeform translucent=true sz=0}]
11-22 06:26:46.814 1489 1636 I wm_task_removed: [138,removeChild]
11-22 06:26:51.654 1489 2012 I input_interaction: Interaction with: 3cc67bf com.android.launcher3/com.android.launcher3.uioverrides.QuickstepLauncher (server), 6449bab com.android.systemui.ImageWallpaper (server), edge-swipe (server), swipe-up (server), PointerEventDispatcher0 (server),
11-22 06:26:51.663 561 561 I auditd : type=1400 audit(0.0:1458): avc: denied { read } for comm="Binder:561_2" name="wakeup58" dev="sysfs" ino=71806 scontext=u:r:system_suspend:s0 tcontext=u:object_r:sysfs:s0 tclass=dir permissive=0
11-22 06:26:51.663 561 561 I auditd : type=1400 audit(0.0:1459): avc: denied { read } for comm="Binder:561_2" name="wakeup48" dev="sysfs" ino=67434 scontext=u:r:system_suspend:s0 tcontext=u:object_r:sysfs:s0 tclass=dir permissive=0
11-22 06:26:51.663 561 561 I auditd : type=1400 audit(0.0:1460): avc: denied { read } for comm="Binder:561_2" name="wakeup4" dev="sysfs" ino=47032 scontext=u:r:system_suspend:s0 tcontext=u:object_r:sysfs:s0 tclass=dir permissive=0
11-22 06:26:51.663 561 561 I auditd : type=1400 audit(0.0:1461): avc: denied { read } for comm="Binder:561_2" name="wakeup76" dev="sysfs" ino=76713 scontext=u:r:system_suspend:s0 tcontext=u:object_r:sysfs:s0 tclass=dir permissive=0
11-22 06:26:51.667 561 561 I auditd : type=1400 audit(0.0:1462): avc: denied { read } for comm="Binder:561_2" name="wakeup28" dev="sysfs" ino=53237 scontext=u:r:system_suspend:s0 tcontext=u:object_r:sysfs:s0 tclass=dir permissive=0
11-22 06:26:51.667 561 561 I auditd : type=1400 audit(0.0:1463): avc: denied { read } for comm="Binder:561_2" name="wakeup56" dev="sysfs" ino=71734 scontext=u:r:system_suspend:s0 tcontext=u:object_r:sysfs:s0 tclass=dir permissive=0
11-22 06:26:51.667 561 561 I auditd : type=1400 audit(0.0:1464): avc: denied { read } for comm="Binder:561_2" name="wakeup2" dev="sysfs" ino=46556 scontext=u:r:system_suspend:s0 tcontext=u:object_r:sysfs:s0 tclass=dir permissive=0
11-22 06:26:51.667 561 561 I auditd : type=1400 audit(0.0:1465): avc: denied { read } for comm="Binder:561_2" name="wakeup36" dev="sysfs" ino=62469 scontext=u:r:system_suspend:s0 tcontext=u:object_r:sysfs:s0 tclass=dir permissive=0
11-22 06:26:51.671 561 561 I auditd : type=1400 audit(0.0:1466): avc: denied { read } for comm="Binder:561_2" name="wakeup54" dev="sysfs" ino=71662 scontext=u:r:system_suspend:s0 tcontext=u:object_r:sysfs:s0 tclass=dir permissive=0
11-22 06:26:51.699 1489 1648 I commit_sys_config_file: [batterystats,4]
11-22 06:26:51.700 1489 1648 I commit_sys_config_file: [batterystats,1]
11-22 06:26:52.838 1489 2839 I wm_task_created: [139,-1]
11-22 06:26:52.844 1489 2839 I wm_task_moved: [139,1,6]
11-22 06:26:52.844 1489 2839 I wm_task_to_front: [0,139]
11-22 06:26:52.844 1489 2839 I wm_create_task: [0,139]
11-22 06:26:52.844 1489 2839 I wm_create_activity: [0,13801389,139,com.android.gallery3d/.app.GalleryActivity,NULL,NULL,NULL,268468224]
11-22 06:26:52.845 1489 2839 I wm_task_moved: [139,1,6]
11-22 06:26:52.847 1489 2839 I wm_restart_activity: [0,13801389,139,com.android.gallery3d/.app.GalleryActivity]
11-22 06:26:52.849 1489 2839 I wm_set_resumed_activity: [0,com.android.gallery3d/.app.GalleryActivity,minimalResumeActivityLocked]
11-22 06:26:52.864 2840 2840 I wm_on_top_resumed_lost_called: [168390208,com.android.launcher3.uioverrides.QuickstepLauncher,topStateChangedWhenResumed]
11-22 06:26:52.893 13566 13566 I wm_on_create_called: [13801389,com.android.gallery3d.app.GalleryActivity,performCreate]
11-22 06:26:52.894 13566 13566 I wm_on_start_called: [13801389,com.android.gallery3d.app.GalleryActivity,handleStartActivity]
11-22 06:26:52.897 13566 13566 I wm_on_resume_called: [13801389,com.android.gallery3d.app.GalleryActivity,RESUME_ACTIVITY]
11-22 06:26:52.899 13566 13566 I wm_on_top_resumed_gained_called: [13801389,com.android.gallery3d.app.GalleryActivity,topStateChangedWhenResumed]
11-22 06:26:52.917 1489 1636 I input_focus: [Focus request f2b28eb com.android.gallery3d/com.android.gallery3d.app.GalleryActivity,reason=UpdateInputWindows]
11-22 06:26:52.956 1489 1631 I sysui_multi_action: [319,122,322,121,325,12601,757,761,758,8,759,2,806,com.android.gallery3d,871,com.android.gallery3d.app.GalleryActivity,904,com.android.launcher3,905,0,1320,8,1321,5]
11-22 06:26:52.957 1489 2012 I input_focus: [Focus leaving 3cc67bf com.android.launcher3/com.android.launcher3.uioverrides.QuickstepLauncher (server),reason=Waiting for window because NOT_VISIBLE]
11-22 06:26:52.959 1489 1631 I wm_activity_launch_time: [0,13801389,com.android.gallery3d/.app.GalleryActivity,121]
11-22 06:26:52.964 1489 2012 I input_focus: [Focus entering f2b28eb com.android.gallery3d/com.android.gallery3d.app.GalleryActivity (server),reason=Window became focusable. Previous reason: NOT_VISIBLE]
11-22 06:26:54.383 1489 2012 I input_interaction: Interaction with: f2b28eb com.android.gallery3d/com.android.gallery3d.app.GalleryActivity (server), edge-swipe (server), swipe-up (server), PointerEventDispatcher0 (server),
11-22 06:26:59.506 1489 2839 I wm_task_moved: [139,1,6]
11-22 06:26:59.507 1489 2839 I wm_set_resumed_activity: [0,com.android.gallery3d/.app.GalleryActivity,positionChildAt]
11-22 06:26:59.507 1489 2839 I wm_create_activity: [0,203847508,139,com.android.gallery3d/.app.MovieActivity,android.intent.action.VIEW,video/*,content://media/external/video/media/23,0]
11-22 06:26:59.510 1489 2839 I wm_pause_activity: [0,13801389,com.android.gallery3d/.app.GalleryActivity,userLeaving=true,resumeTopActivityInnerLocked]
11-22 06:26:59.519 13566 13566 I wm_on_top_resumed_lost_called: [13801389,com.android.gallery3d.app.GalleryActivity,topStateChangedWhenResumed]
11-22 06:26:59.555 13566 13566 I wm_on_paused_called: [13801389,com.android.gallery3d.app.GalleryActivity,performPause]
11-22 06:26:59.558 1489 2839 I wm_restart_activity: [0,203847508,139,com.android.gallery3d/.app.MovieActivity]
11-22 06:26:59.559 1489 2839 I wm_set_resumed_activity: [0,com.android.gallery3d/.app.MovieActivity,minimalResumeActivityLocked]
11-22 06:26:59.562 1489 1634 I sysui_multi_action: [757,803,799,window_time_0,802,13]
11-22 06:26:59.594 13566 13566 I wm_on_create_called: [203847508,com.android.gallery3d.app.MovieActivity,performCreate]
11-22 06:26:59.596 13566 13566 I wm_on_start_called: [203847508,com.android.gallery3d.app.MovieActivity,handleStartActivity]
11-22 06:26:59.596 13566 13566 I wm_on_resume_called: [203847508,com.android.gallery3d.app.MovieActivity,RESUME_ACTIVITY]
11-22 06:26:59.603 13566 13566 I wm_on_top_resumed_gained_called: [203847508,com.android.gallery3d.app.MovieActivity,topStateChangedWhenResumed]
11-22 06:26:59.616 1489 1636 I input_focus: [Focus request f895cec com.android.gallery3d/com.android.gallery3d.app.MovieActivity,reason=UpdateInputWindows]
11-22 06:26:59.635 1489 2012 I input_focus: [Focus leaving f2b28eb com.android.gallery3d/com.android.gallery3d.app.GalleryActivity (server),reason=Waiting for window because NOT_VISIBLE]
11-22 06:26:59.654 1489 1631 I wm_activity_launch_time: [0,203847508,com.android.gallery3d/.app.MovieActivity,153]
11-22 06:26:59.663 1489 2012 I input_focus: [Focus entering f895cec com.android.gallery3d/com.android.gallery3d.app.MovieActivity (server),reason=Window became focusable. Previous reason: NOT_VISIBLE]
11-22 06:26:59.789 1489 2808 I snet_event_log: [172655291,-1,]
11-22 06:26:59.852 1489 1648 I am_pss : [13759,1000,com.android.settings,20162560,11616256,0,110870528,0,19,6]
11-22 06:26:59.861 1489 1648 I am_pss : [13760,10060,com.android.soundrecorder,5857280,3932160,0,89575424,0,19,5]
11-22 06:27:00.831 1489 2012 I input_interaction: Interaction with: f895cec com.android.gallery3d/com.android.gallery3d.app.MovieActivity (server), edge-swipe (server), swipe-up (server), PointerEventDispatcher0 (server),
11-22 06:27:06.351 1489 2839 I wm_finish_activity: [0,203847508,139,com.android.gallery3d/.app.MovieActivity,finish-activity]
11-22 06:27:06.369 1489 2839 I wm_pause_activity: [0,203847508,com.android.gallery3d/.app.MovieActivity,userLeaving=false,finish]
11-22 06:27:06.371 1489 2839 I wm_finish_activity: [0,13801389,139,com.android.gallery3d/.app.GalleryActivity,finish-activity]
11-22 06:27:06.372 1489 2839 I wm_task_moved: [1,1,6]
11-22 06:27:06.373 1489 2839 I wm_set_resumed_activity: [0,com.android.launcher3/.uioverrides.QuickstepLauncher,positionChildAt]
11-22 06:27:06.373 1489 2839 I wm_task_moved: [10,1,2147483647]
11-22 06:27:06.373 1489 2839 I wm_task_to_front: [0,10]
11-22 06:27:06.373 1489 2839 I wm_focused_root_task: [0,0,1,-1,finish-top adjustFocusToNextFocusableTask]
11-22 06:27:06.373 1489 2839 I wm_set_resumed_activity: [0,com.android.launcher3/.uioverrides.QuickstepLauncher,finish-top]
11-22 06:27:06.374 1489 2839 I wm_destroy_activity: [0,13801389,139,com.android.gallery3d/.app.GalleryActivity,finish-imm:finishIfPossible]
11-22 06:27:06.382 1489 1636 I input_focus: [Focus request 3cc67bf com.android.launcher3/com.android.launcher3.uioverrides.QuickstepLauncher,reason=UpdateInputWindows]
11-22 06:27:06.382 13566 13566 I wm_on_top_resumed_lost_called: [203847508,com.android.gallery3d.app.MovieActivity,topStateChangedWhenResumed]
11-22 06:27:06.385 2840 2840 I wm_on_top_resumed_gained_called: [168390208,com.android.launcher3.uioverrides.QuickstepLauncher,topStateChangedWhenResumed]
11-22 06:27:06.397 1489 2012 I input_focus: [Focus leaving f895cec com.android.gallery3d/com.android.gallery3d.app.MovieActivity (server),reason=NO_WINDOW]
11-22 06:27:06.397 1489 2012 I input_focus: [Focus entering 3cc67bf com.android.launcher3/com.android.launcher3.uioverrides.QuickstepLauncher (server),reason=setFocusedWindow]
11-22 06:27:06.401 1489 1634 I sysui_multi_action: [757,803,799,window_time_2,802,6]
11-22 06:27:06.532 13566 13566 I wm_on_paused_called: [203847508,com.android.gallery3d.app.MovieActivity,performPause]
11-22 06:27:06.533 1489 2839 I wm_destroy_activity: [0,203847508,139,com.android.gallery3d/.app.MovieActivity,finish-imm:completePausedLocked]
11-22 06:27:06.534 1489 1634 I sysui_multi_action: [757,803,799,window_time_0,802,1]
11-22 06:27:06.541 13566 13566 I wm_on_stop_called: [13801389,com.android.gallery3d.app.GalleryActivity,LIFECYCLER_STOP_ACTIVITY]
11-22 06:27:06.545 13566 13566 I wm_on_destroy_called: [13801389,com.android.gallery3d.app.GalleryActivity,performDestroy]
11-22 06:27:06.578 13566 13566 I wm_on_stop_called: [203847508,com.android.gallery3d.app.MovieActivity,LIFECYCLER_STOP_ACTIVITY]
11-22 06:27:06.578 13566 13566 I wm_on_destroy_called: [203847508,com.android.gallery3d.app.MovieActivity,performDestroy]
11-22 06:27:06.662 1489 1636 I wm_task_removed: [139,removeChild:removeChild last r=ActivityRecord{d297ad u0 com.android.gallery3d/.app.GalleryActivity t-1 f}} in t=Task{2ce4cc4 #139 type=standard A=10069:com.android.gallery3d U=0 visible=false mode=freeform translucent=true sz=0}]
11-22 06:27:06.662 1489 1636 I wm_task_removed: [139,removeChild]
11-22 06:27:22.357 1489 1666 I sysui_multi_action: [757,1696,758,6,759,2]
11-22 06:27:22.367 1489 1650 I am_wtf : [0,1489,system_server,-1,DisplayDeviceConfig,requesting nits when no mapping exists.]
11-22 06:27:22.369 1489 1650 I am_wtf : [0,1489,system_server,-1,DisplayDeviceConfig,requesting nits when no mapping exists.]
11-22 06:27:22.381 1489 1650 I am_wtf : [0,1489,system_server,-1,DisplayDeviceConfig,requesting nits when no mapping exists.]
11-22 06:27:22.383 1489 1650 I am_wtf : [0,1489,system_server,-1,DisplayDeviceConfig,requesting nits when no mapping exists.]
11-22 06:27:22.397 1489 1650 I am_wtf : [0,1489,system_server,-1,DisplayDeviceConfig,requesting nits when no mapping exists.]
11-22 06:27:22.399 1489 1650 I am_wtf : [0,1489,system_server,-1,DisplayDeviceConfig,requesting nits when no mapping exists.]
11-22 06:27:22.417 1489 1650 I am_wtf : [0,1489,system_server,-1,DisplayDeviceConfig,requesting nits when no mapping exists.]
11-22 06:27:22.418 1489 1650 I am_wtf : [0,1489,system_server,-1,DisplayDeviceConfig,requesting nits when no mapping exists.]
11-22 06:27:22.433 1489 1650 I am_wtf : [0,1489,system_server,-1,DisplayDeviceConfig,requesting nits when no mapping exists.]
11-22 06:27:22.435 1489 1650 I am_wtf : [0,1489,system_server,-1,DisplayDeviceConfig,requesting nits when no mapping exists.]
11-22 06:27:22.450 1489 1650 I am_wtf : [0,1489,system_server,-1,DisplayDeviceConfig,requesting nits when no mapping exists.]
11-22 06:27:22.451 1489 1650 I am_wtf : [0,1489,system_server,-1,DisplayDeviceConfig,requesting nits when no mapping exists.]
11-22 06:27:22.467 1489 1650 I am_wtf : [0,1489,system_server,-1,DisplayDeviceConfig,requesting nits when no mapping exists.]
11-22 06:27:22.468 1489 1650 I am_wtf : [0,1489,system_server,-1,DisplayDeviceConfig,requesting nits when no mapping exists.]
11-22 06:27:22.484 1489 1650 I am_wtf : [0,1489,system_server,-1,DisplayDeviceConfig,requesting nits when no mapping exists.]
11-22 06:27:22.485 1489 1650 I am_wtf : [0,1489,system_server,-1,DisplayDeviceConfig,requesting nits when no mapping exists.]
11-22 06:27:22.501 1489 1650 I am_wtf : [0,1489,system_server,-1,DisplayDeviceConfig,requesting nits when no mapping exists.]
11-22 06:27:22.502 1489 1650 I am_wtf : [0,1489,system_server,-1,DisplayDeviceConfig,requesting nits when no mapping exists.]
11-22 06:27:22.517 1489 1650 I am_wtf : [0,1489,system_server,-1,DisplayDeviceConfig,requesting nits when no mapping exists.]
11-22 06:27:22.518 1489 1650 I am_wtf : [0,1489,system_server,-1,DisplayDeviceConfig,requesting nits when no mapping exists.]
11-22 06:27:22.534 1489 1650 I am_wtf : [0,1489,system_server,-1,DisplayDeviceConfig,requesting nits when no mapping exists.]
11-22 06:27:22.534 1489 1650 I am_wtf : [0,1489,system_server,-1,DisplayDeviceConfig,requesting nits when no mapping exists.]
11-22 06:27:22.550 1489 1650 I am_wtf : [0,1489,system_server,-1,DisplayDeviceConfig,requesting nits when no mapping exists.]
11-22 06:27:22.551 1489 1650 I am_wtf : [0,1489,system_server,-1,DisplayDeviceConfig,requesting nits when no mapping exists.]
11-22 06:27:22.568 1489 1650 I am_wtf : [0,1489,system_server,-1,DisplayDeviceConfig,requesting nits when no mapping exists.]
11-22 06:27:22.569 1489 1650 I am_wtf : [0,1489,system_server,-1,DisplayDeviceConfig,requesting nits when no mapping exists.]
11-22 06:27:22.584 1489 1650 I am_wtf : [0,1489,system_server,-1,DisplayDeviceConfig,requesting nits when no mapping exists.]
11-22 06:27:22.584 1489 1650 I am_wtf : [0,1489,system_server,-1,DisplayDeviceConfig,requesting nits when no mapping exists.]
11-22 06:27:22.601 1489 1650 I am_wtf : [0,1489,system_server,-1,DisplayDeviceConfig,requesting nits when no mapping exists.]
11-22 06:27:22.602 1489 1650 I am_wtf : [0,1489,system_server,-1,DisplayDeviceConfig,requesting nits when no mapping exists.]
11-22 06:27:22.617 1489 1650 I am_wtf : [0,1489,system_server,-1,DisplayDeviceConfig,requesting nits when no mapping exists.]
11-22 06:27:22.618 1489 1650 I am_wtf : [0,1489,system_server,-1,DisplayDeviceConfig,requesting nits when no mapping exists.]
11-22 06:27:22.634 1489 1650 I am_wtf : [0,1489,system_server,-1,DisplayDeviceConfig,requesting nits when no mapping exists.]
11-22 06:27:22.635 1489 1650 I am_wtf : [0,1489,system_server,-1,DisplayDeviceConfig,requesting nits when no mapping exists.]
11-22 06:27:22.651 1489 1650 I am_wtf : [0,1489,system_server,-1,DisplayDeviceConfig,requesting nits when no mapping exists.]
11-22 06:27:22.651 1489 1650 I am_wtf : [0,1489,system_server,-1,DisplayDeviceConfig,requesting nits when no mapping exists.]
11-22 06:27:22.667 1489 1650 I am_wtf : [0,1489,system_server,-1,DisplayDeviceConfig,requesting nits when no mapping exists.]
11-22 06:27:22.668 1489 1650 I am_wtf : [0,1489,system_server,-1,DisplayDeviceConfig,requesting nits when no mapping exists.]
11-22 06:27:22.684 1489 1650 I am_wtf : [0,1489,system_server,-1,DisplayDeviceConfig,requesting nits when no mapping exists.]
11-22 06:27:22.685 1489 1650 I am_wtf : [0,1489,system_server,-1,DisplayDeviceConfig,requesting nits when no mapping exists.]
11-22 06:27:22.701 1489 1650 I am_wtf : [0,1489,system_server,-1,DisplayDeviceConfig,requesting nits when no mapping exists.]
11-22 06:27:22.702 1489 1650 I am_wtf : [0,1489,system_server,-1,DisplayDeviceConfig,requesting nits when no mapping exists.]
11-22 06:27:22.717 1489 1650 I am_wtf : [0,1489,system_server,-1,DisplayDeviceConfig,requesting nits when no mapping exists.]
11-22 06:27:22.718 1489 1650 I am_wtf : [0,1489,system_server,-1,DisplayDeviceConfig,requesting nits when no mapping exists.]
11-22 06:27:22.734 1489 1650 I am_wtf : [0,1489,system_server,-1,DisplayDeviceConfig,requesting nits when no mapping exists.]
11-22 06:27:22.735 1489 1650 I service_manager_stats: [100,71,45709]
11-22 06:27:22.735 1489 1650 I am_wtf : [0,1489,system_server,-1,DisplayDeviceConfig,requesting nits when no mapping exists.]
11-22 06:27:22.751 1489 1650 I am_wtf : [0,1489,system_server,-1,DisplayDeviceConfig,requesting nits when no mapping exists.]
11-22 06:27:22.752 1489 1650 I am_wtf : [0,1489,system_server,-1,DisplayDeviceConfig,requesting nits when no mapping exists.]
11-22 06:27:22.767 1489 1650 I am_wtf : [0,1489,system_server,-1,DisplayDeviceConfig,requesting nits when no mapping exists.]
11-22 06:27:22.768 1489 1650 I am_wtf : [0,1489,system_server,-1,DisplayDeviceConfig,requesting nits when no mapping exists.]
11-22 06:27:22.784 1489 1650 I am_wtf : [0,1489,system_server,-1,DisplayDeviceConfig,requesting nits when no mapping exists.]
11-22 06:27:22.785 1489 1650 I am_wtf : [0,1489,system_server,-1,DisplayDeviceConfig,requesting nits when no mapping exists.]
11-22 06:27:22.801 1489 1650 I am_wtf : [0,1489,system_server,-1,DisplayDeviceConfig,requesting nits when no mapping exists.]
11-22 06:27:22.802 1489 1650 I am_wtf : [0,1489,system_server,-1,DisplayDeviceConfig,requesting nits when no mapping exists.]
11-22 06:27:22.818 1489 1650 I am_wtf : [0,1489,system_server,-1,DisplayDeviceConfig,requesting nits when no mapping exists.]
11-22 06:27:22.819 1489 1650 I am_wtf : [0,1489,system_server,-1,DisplayDeviceConfig,requesting nits when no mapping exists.]
11-22 06:27:22.834 1489 1650 I am_wtf : [0,1489,system_server,-1,DisplayDeviceConfig,requesting nits when no mapping exists.]
11-22 06:27:22.835 1489 1650 I am_wtf : [0,1489,system_server,-1,DisplayDeviceConfig,requesting nits when no mapping exists.]
11-22 06:27:22.851 1489 1650 I am_wtf : [0,1489,system_server,-1,DisplayDeviceConfig,requesting nits when no mapping exists.]
11-22 06:27:22.852 1489 1650 I am_wtf : [0,1489,system_server,-1,DisplayDeviceConfig,requesting nits when no mapping exists.]
11-22 06:27:22.868 1489 1650 I am_wtf : [0,1489,system_server,-1,DisplayDeviceConfig,requesting nits when no mapping exists.]
11-22 06:27:22.868 1489 1650 I am_wtf : [0,1489,system_server,-1,DisplayDeviceConfig,requesting nits when no mapping exists.]
11-22 06:27:22.884 1489 1650 I am_wtf : [0,1489,system_server,-1,DisplayDeviceConfig,requesting nits when no mapping exists.]
11-22 06:27:22.885 1489 1650 I am_wtf : [0,1489,system_server,-1,DisplayDeviceConfig,requesting nits when no mapping exists.]
11-22 06:27:22.901 1489 1650 I am_wtf : [0,1489,system_server,-1,DisplayDeviceConfig,requesting nits when no mapping exists.]
11-22 06:27:22.902 1489 1650 I am_wtf : [0,1489,system_server,-1,DisplayDeviceConfig,requesting nits when no mapping exists.]
11-22 06:27:22.918 1489 1650 I am_wtf : [0,1489,system_server,-1,DisplayDeviceConfig,requesting nits when no mapping exists.]
11-22 06:27:22.918 1489 1650 I am_wtf : [0,1489,system_server,-1,DisplayDeviceConfig,requesting nits when no mapping exists.]
11-22 06:27:22.934 1489 1650 I am_wtf : [0,1489,system_server,-1,DisplayDeviceConfig,requesting nits when no mapping exists.]
11-22 06:27:22.935 1489 1650 I am_wtf : [0,1489,system_server,-1,DisplayDeviceConfig,requesting nits when no mapping exists.]
11-22 06:27:22.951 1489 1650 I am_wtf : [0,1489,system_server,-1,DisplayDeviceConfig,requesting nits when no mapping exists.]
11-22 06:27:22.952 1489 1650 I am_wtf : [0,1489,system_server,-1,DisplayDeviceConfig,requesting nits when no mapping exists.]
11-22 06:27:22.968 1489 1650 I am_wtf : [0,1489,system_server,-1,DisplayDeviceConfig,requesting nits when no mapping exists.]
11-22 06:27:22.969 1489 1650 I am_wtf : [0,1489,system_server,-1,DisplayDeviceConfig,requesting nits when no mapping exists.]
11-22 06:27:22.984 1489 1650 I am_wtf : [0,1489,system_server,-1,DisplayDeviceConfig,requesting nits when no mapping exists.]
11-22 06:27:22.985 1489 1650 I am_wtf : [0,1489,system_server,-1,DisplayDeviceConfig,requesting nits when no mapping exists.]
11-22 06:27:23.001 1489 1650 I am_wtf : [0,1489,system_server,-1,DisplayDeviceConfig,requesting nits when no mapping exists.]
11-22 06:27:23.002 1489 1650 I am_wtf : [0,1489,system_server,-1,DisplayDeviceConfig,requesting nits when no mapping exists.]
11-22 06:27:23.018 1489 1650 I am_wtf : [0,1489,system_server,-1,DisplayDeviceConfig,requesting nits when no mapping exists.]
11-22 06:27:23.019 1489 1650 I am_wtf : [0,1489,system_server,-1,DisplayDeviceConfig,requesting nits when no mapping exists.]
11-22 06:27:23.035 1489 1650 I am_wtf : [0,1489,system_server,-1,DisplayDeviceConfig,requesting nits when no mapping exists.]
11-22 06:27:23.035 1489 1650 I am_wtf : [0,1489,system_server,-1,DisplayDeviceConfig,requesting nits when no mapping exists.]
11-22 06:27:23.051 1489 1650 I am_wtf : [0,1489,system_server,-1,DisplayDeviceConfig,requesting nits when no mapping exists.]
11-22 06:27:23.052 1489 1650 I am_wtf : [0,1489,system_server,-1,DisplayDeviceConfig,requesting nits when no mapping exists.]
11-22 06:27:23.068 1489 1650 I am_wtf : [0,1489,system_server,-1,DisplayDeviceConfig,requesting nits when no mapping exists.]
11-22 06:27:23.069 1489 1650 I am_wtf : [0,1489,system_server,-1,DisplayDeviceConfig,requesting nits when no mapping exists.]
11-22 06:27:23.085 1489 1650 I am_wtf : [0,1489,system_server,-1,DisplayDeviceConfig,requesting nits when no mapping exists.]
11-22 06:27:23.086 1489 1650 I am_wtf : [0,1489,system_server,-1,DisplayDeviceConfig,requesting nits when no mapping exists.]
11-22 06:27:23.102 1489 1650 I am_wtf : [0,1489,system_server,-1,DisplayDeviceConfig,requesting nits when no mapping exists.]
11-22 06:27:23.102 1489 1650 I am_wtf : [0,1489,system_server,-1,DisplayDeviceConfig,requesting nits when no mapping exists.]
11-22 06:27:23.119 1489 1650 I am_wtf : [0,1489,system_server,-1,DisplayDeviceConfig,requesting nits when no mapping exists.]
11-22 06:27:23.120 1489 1650 I am_wtf : [0,1489,system_server,-1,DisplayDeviceConfig,requesting nits when no mapping exists.]
11-22 06:27:23.135 1489 1650 I am_wtf : [0,1489,system_server,-1,DisplayDeviceConfig,requesting nits when no mapping exists.]
11-22 06:27:23.135 1489 1650 I am_wtf : [0,1489,system_server,-1,DisplayDeviceConfig,requesting nits when no mapping exists.]
11-22 06:27:23.152 1489 1650 I am_wtf : [0,1489,system_server,-1,DisplayDeviceConfig,requesting nits when no mapping exists.]
11-22 06:27:23.152 1489 1650 I am_wtf : [0,1489,system_server,-1,DisplayDeviceConfig,requesting nits when no mapping exists.]
11-22 06:27:23.170 1489 1650 I am_wtf : [0,1489,system_server,-1,DisplayDeviceConfig,requesting nits when no mapping exists.]
11-22 06:27:23.171 1489 1650 I am_wtf : [0,1489,system_server,-1,DisplayDeviceConfig,requesting nits when no mapping exists.]
11-22 06:27:23.185 1489 1650 I am_wtf : [0,1489,system_server,-1,DisplayDeviceConfig,requesting nits when no mapping exists.]
11-22 06:27:23.187 1489 1650 I am_wtf : [0,1489,system_server,-1,DisplayDeviceConfig,requesting nits when no mapping exists.]
11-22 06:27:23.202 1489 1650 I am_wtf : [0,1489,system_server,-1,DisplayDeviceConfig,requesting nits when no mapping exists.]
11-22 06:27:23.203 1489 1650 I am_wtf : [0,1489,system_server,-1,DisplayDeviceConfig,requesting nits when no mapping exists.]
11-22 06:27:23.219 1489 1650 I am_wtf : [0,1489,system_server,-1,DisplayDeviceConfig,requesting nits when no mapping exists.]
11-22 06:27:23.220 1489 1650 I am_wtf : [0,1489,system_server,-1,DisplayDeviceConfig,requesting nits when no mapping exists.]
11-22 06:27:23.235 1489 1650 I am_wtf : [0,1489,system_server,-1,DisplayDeviceConfig,requesting nits when no mapping exists.]
11-22 06:27:23.237 1489 1650 I am_wtf : [0,1489,system_server,-1,DisplayDeviceConfig,requesting nits when no mapping exists.]
11-22 06:27:23.252 1489 1650 I am_wtf : [0,1489,system_server,-1,DisplayDeviceConfig,requesting nits when no mapping exists.]
11-22 06:27:23.253 1489 1650 I am_wtf : [0,1489,system_server,-1,DisplayDeviceConfig,requesting nits when no mapping exists.]
11-22 06:27:23.269 1489 1650 I am_wtf : [0,1489,system_server,-1,DisplayDeviceConfig,requesting nits when no mapping exists.]
11-22 06:27:23.271 1489 1650 I am_wtf : [0,1489,system_server,-1,DisplayDeviceConfig,requesting nits when no mapping exists.]
11-22 06:27:23.286 1489 1650 I am_wtf : [0,1489,system_server,-1,DisplayDeviceConfig,requesting nits when no mapping exists.]
11-22 06:27:23.288 1489 1650 I am_wtf : [0,1489,system_server,-1,DisplayDeviceConfig,requesting nits when no mapping exists.]
11-22 06:27:23.302 1489 1650 I am_wtf : [0,1489,system_server,-1,DisplayDeviceConfig,requesting nits when no mapping exists.]
11-22 06:27:23.304 1489 1650 I am_wtf : [0,1489,system_server,-1,DisplayDeviceConfig,requesting nits when no mapping exists.]
11-22 06:27:23.319 1489 1650 I am_wtf : [0,1489,system_server,-1,DisplayDeviceConfig,requesting nits when no mapping exists.]
11-22 06:27:23.320 1489 1650 I am_wtf : [0,1489,system_server,-1,DisplayDeviceConfig,requesting nits when no mapping exists.]
11-22 06:27:26.568 1489 1631 I sysui_multi_action: [757,222,758,1]
11-22 06:27:26.571 1489 1631 I am_uid_active: 10051
11-22 06:27:26.581 1489 1648 I am_pss : [13758,10090,com.android.music,20816896,15986688,0,134119424,0,18,12]
11-22 06:27:26.590 1489 1648 I am_pss : [13759,1000,com.android.settings,20162560,11616256,0,110870528,0,19,8]
11-22 06:27:26.593 1489 2839 I wm_task_created: [140,-1]
11-22 06:27:26.597 1489 1648 I am_pss : [13760,10060,com.android.soundrecorder,5857280,3932160,0,89575424,0,19,6]
11-22 06:27:26.599 1489 2839 I wm_task_moved: [140,1,6]
11-22 06:27:26.599 1489 2839 I wm_task_to_front: [0,140]
11-22 06:27:26.600 1489 2839 I wm_create_task: [0,140]
11-22 06:27:26.600 1489 2839 I wm_create_activity: [0,244736457,140,com.thundercomm.screensaver/android.service.dreams.DreamActivity,NULL,NULL,NULL,276824064]
11-22 06:27:26.600 2840 2840 I wm_on_top_resumed_lost_called: [168390208,com.android.launcher3.uioverrides.QuickstepLauncher,topStateChangedWhenResumed]
11-22 06:27:26.600 1489 2839 I wm_task_moved: [140,1,6]
11-22 06:27:26.602 1489 2839 I wm_pause_activity: [0,168390208,com.android.launcher3/.uioverrides.QuickstepLauncher,userLeaving=true,pauseBackTasks]
11-22 06:27:26.607 2840 2840 I wm_on_paused_called: [168390208,com.android.launcher3.uioverrides.QuickstepLauncher,performPause]
11-22 06:27:26.609 1489 2839 I wm_add_to_stopping: [0,168390208,com.android.launcher3/.uioverrides.QuickstepLauncher,makeInvisible]
11-22 06:27:26.610 1489 2839 I wm_restart_activity: [0,244736457,140,com.thundercomm.screensaver/android.service.dreams.DreamActivity]
11-22 06:27:26.611 1489 2839 I wm_set_resumed_activity: [0,com.thundercomm.screensaver/android.service.dreams.DreamActivity,minimalResumeActivityLocked]
11-22 06:27:26.622 1489 1634 I sysui_multi_action: [757,803,799,window_time_0,802,20]
11-22 06:27:26.624 10138 10138 I wm_on_create_called: [244736457,android.service.dreams.DreamActivity,performCreate]
11-22 06:27:26.624 10138 10138 I wm_on_start_called: [244736457,android.service.dreams.DreamActivity,handleStartActivity]
11-22 06:27:26.625 10138 10138 I wm_on_resume_called: [244736457,android.service.dreams.DreamActivity,RESUME_ACTIVITY]
11-22 06:27:26.630 10138 10138 I wm_on_top_resumed_gained_called: [244736457,android.service.dreams.DreamActivity,topStateChangedWhenResumed]
11-22 06:27:26.644 1489 2012 I input_focus: [Focus leaving 3cc67bf com.android.launcher3/com.android.launcher3.uioverrides.QuickstepLauncher (server),reason=NO_WINDOW]
11-22 06:27:26.665 1489 1636 I input_focus: [Focus request 19a5185 com.thundercomm.screensaver/android.service.dreams.DreamActivity,reason=UpdateInputWindows]
11-22 06:27:26.672 1489 1489 I notification_enqueue: [10082,2375,com.android.systemui,2048,NULL,0,Notification(channel=updateNotification shortcut=null contentView=null vibrate=null sound=null defaults=0x0 flags=0x0 color=0x00000000 vis=PRIVATE),1]
11-22 06:27:26.675 2375 2375 I sysui_multi_action: [757,111,758,2]
11-22 06:27:26.675 2375 2375 I sysui_multi_action: [757,111,758,2]
11-22 06:27:26.685 1489 1666 I sysui_multi_action: [757,1696,758,6,759,3]
11-22 06:27:26.689 1489 1631 I sysui_multi_action: [319,94,322,93,325,12635,757,761,758,8,759,2,806,com.thundercomm.screensaver,871,android.service.dreams.DreamActivity,904,com.thundercomm.screensaver,905,0,1320,4,1321,2]
11-22 06:27:26.691 1489 1631 I wm_activity_launch_time: [0,244736457,com.thundercomm.screensaver/android.service.dreams.DreamActivity,93]
11-22 06:27:26.694 1489 1650 I am_wtf : [0,1489,system_server,-1,DisplayDeviceConfig,requesting nits when no mapping exists.]
11-22 06:27:26.695 1489 1650 I am_wtf : [0,1489,system_server,-1,DisplayDeviceConfig,requesting nits when no mapping exists.]
11-22 06:27:26.697 2375 2375 I sysui_multi_action: [757,111,758,1]
11-22 06:27:26.698 2375 2375 I sysui_multi_action: [757,126,758,1,759,126,927,0,928,1,1593,0]
11-22 06:27:26.698 2375 2375 I sysui_multi_action: [757,113,758,1,759,113,927,1,928,1,1593,0]
11-22 06:27:26.698 2375 2375 I sysui_multi_action: [757,0,758,1,759,0,927,2,928,0,1593,0]
11-22 06:27:26.698 2375 2375 I sysui_multi_action: [757,0,758,1,759,0,927,3,928,0,1593,0]
11-22 06:27:26.699 2375 2375 I sysui_multi_action: [757,491,758,1,759,491,927,4,928,0,1311,-1,1593,0]
11-22 06:27:26.699 2375 2375 I sysui_multi_action: [757,0,758,1,759,0,927,5,928,0,1593,0]
11-22 06:27:26.699 2375 2375 I sysui_multi_action: [757,114,758,1,759,114,927,6,928,0,1593,0]
11-22 06:27:26.699 2375 2375 I sysui_multi_action: [757,111,758,1]
11-22 06:27:26.699 2375 2375 I sysui_multi_action: [757,126,758,1,759,126,927,0,928,1,1593,0]
11-22 06:27:26.699 2375 2375 I sysui_multi_action: [757,113,758,1,759,113,927,1,928,1,1593,0]
11-22 06:27:26.700 2375 2375 I sysui_multi_action: [757,0,758,1,759,0,927,2,928,0,1593,0]
11-22 06:27:26.700 2375 2375 I sysui_multi_action: [757,0,758,1,759,0,927,3,928,0,1593,0]
11-22 06:27:26.711 1489 2012 I input_focus: [Focus entering 19a5185 com.thundercomm.screensaver/android.service.dreams.DreamActivity (server),reason=Window became focusable. Previous reason: NOT_VISIBLE]
11-22 06:27:26.713 1489 1650 I am_wtf : [0,1489,system_server,-1,DisplayDeviceConfig,requesting nits when no mapping exists.]
11-22 06:27:26.720 1489 1650 I am_wtf : [0,1489,system_server,-1,DisplayDeviceConfig,requesting nits when no mapping exists.]
11-22 06:27:26.728 1489 1650 I am_wtf : [0,1489,system_server,-1,DisplayDeviceConfig,requesting nits when no mapping exists.]
11-22 06:27:26.729 1489 1650 I am_wtf : [0,1489,system_server,-1,DisplayDeviceConfig,requesting nits when no mapping exists.]
11-22 06:27:26.744 1489 1650 I am_wtf : [0,1489,system_server,-1,DisplayDeviceConfig,requesting nits when no mapping exists.]
11-22 06:27:26.745 1489 1650 I am_wtf : [0,1489,system_server,-1,DisplayDeviceConfig,requesting nits when no mapping exists.]
11-22 06:27:26.761 1489 1650 I am_wtf : [0,1489,system_server,-1,DisplayDeviceConfig,requesting nits when no mapping exists.]
11-22 06:27:26.762 1489 1650 I am_wtf : [0,1489,system_server,-1,DisplayDeviceConfig,requesting nits when no mapping exists.]
11-22 06:27:26.759 499 511 I auditd : type=1401 audit(0.0:1507): op=security_compute_sid invalid_context=u:r:np_thundercomm_tlog_pstore:s0 scontext=u:r:init:s0 tcontext=u:object_r:np_thundercomm_tlog_pstore_exec:s0 tclass=process
11-22 06:27:26.778 1489 1650 I am_wtf : [0,1489,system_server,-1,DisplayDeviceConfig,requesting nits when no mapping exists.]
11-22 06:27:26.779 1489 1650 I am_wtf : [0,1489,system_server,-1,DisplayDeviceConfig,requesting nits when no mapping exists.]
11-22 06:27:26.795 1489 1650 I am_wtf : [0,1489,system_server,-1,DisplayDeviceConfig,requesting nits when no mapping exists.]
11-22 06:27:26.796 1489 1650 I am_wtf : [0,1489,system_server,-1,DisplayDeviceConfig,requesting nits when no mapping exists.]
11-22 06:27:26.811 1489 1650 I am_wtf : [0,1489,system_server,-1,DisplayDeviceConfig,requesting nits when no mapping exists.]
11-22 06:27:26.813 1489 1650 I am_wtf : [0,1489,system_server,-1,DisplayDeviceConfig,requesting nits when no mapping exists.]
11-22 06:27:26.828 1489 1650 I am_wtf : [0,1489,system_server,-1,DisplayDeviceConfig,requesting nits when no mapping exists.]
11-22 06:27:26.830 1489 1650 I am_wtf : [0,1489,system_server,-1,DisplayDeviceConfig,requesting nits when no mapping exists.]
