11-22 06:13:46.147 1489 2808 I wm_pause_activity: [0,168390208,com.android.launcher3/.uioverrides.QuickstepLauncher,userLeaving=true,pauseBackTasks]
11-22 06:13:46.150 2840 2840 I wm_on_paused_called: [168390208,com.android.launcher3.uioverrides.QuickstepLauncher,performPause]
11-22 06:13:46.154 1489 1596 I wm_add_to_stopping: [0,168390208,com.android.launcher3/.uioverrides.QuickstepLauncher,makeInvisible]
11-22 06:13:46.155 1489 1596 I wm_restart_activity: [0,32602702,136,com.thundercomm.screensaver/android.service.dreams.DreamActivity]
11-22 06:13:46.156 1489 1596 I wm_set_resumed_activity: [0,com.thundercomm.screensaver/android.service.dreams.DreamActivity,minimalResumeActivityLocked]
11-22 06:13:46.169 10138 10138 I wm_on_create_called: [32602702,android.service.dreams.DreamActivity,performCreate]
11-22 06:13:46.169 10138 10138 I wm_on_start_called: [32602702,android.service.dreams.DreamActivity,handleStartActivity]
11-22 06:13:46.178 10138 10138 I wm_on_resume_called: [32602702,android.service.dreams.DreamActivity,RESUME_ACTIVITY]
11-22 06:13:46.188 10138 10138 I wm_on_top_resumed_gained_called: [32602702,android.service.dreams.DreamActivity,topStateChangedWhenResumed]
11-22 06:13:46.192 1489 1634 I sysui_multi_action: [757,803,799,window_time_2,802,29]
11-22 06:13:46.209 1489 1636 I input_focus: [Focus request 3a8ab8b com.thundercomm.screensaver/android.service.dreams.DreamActivity,reason=UpdateInputWindows]
11-22 06:13:46.214 1489 1489 I notification_enqueue: [10082,2375,com.android.systemui,2048,NULL,0,Notification(channel=updateNotification shortcut=null contentView=null vibrate=null sound=null defaults=0x0 flags=0x0 color=0x00000000 vis=PRIVATE),1]
11-22 06:13:46.215 2375 2375 I sysui_multi_action: [757,111,758,2]
11-22 06:13:46.216 2375 2375 I sysui_multi_action: [757,111,758,2]
11-22 06:13:46.224 1489 2012 I input_focus: [Focus leaving 5ac02be com.android.settings/com.android.settings.bluetooth.DevicePickerActivity (server),reason=Waiting for window because NOT_VISIBLE]
11-22 06:13:46.228 1489 1666 I sysui_multi_action: [757,1696,758,6,759,3]
11-22 06:13:46.230 1489 1631 I sysui_multi_action: [319,82,322,81,325,11814,757,761,758,8,759,2,806,com.thundercomm.screensaver,871,android.service.dreams.DreamActivity,904,com.thundercomm.screensaver,905,0,1320,4,1321,2]
11-22 06:13:46.241 1489 1631 I wm_activity_launch_time: [0,32602702,com.thundercomm.screensaver/android.service.dreams.DreamActivity,81]
11-22 06:13:46.241 2375 2375 I sysui_multi_action: [757,111,758,1]
11-22 06:13:46.241 2375 2375 I sysui_multi_action: [757,126,758,1,759,126,927,0,928,1,1593,0]
11-22 06:13:46.241 2375 2375 I sysui_multi_action: [757,113,758,1,759,113,927,1,928,1,1593,0]
11-22 06:13:46.242 2375 2375 I sysui_multi_action: [757,0,758,1,759,0,927,2,928,0,1593,0]
11-22 06:13:46.242 2375 2375 I sysui_multi_action: [757,0,758,1,759,0,927,3,928,0,1593,0]
11-22 06:13:46.242 1489 1650 I am_wtf : [0,1489,system_server,-1,DisplayDeviceConfig,requesting nits when no mapping exists.]
11-22 06:13:46.242 2375 2375 I sysui_multi_action: [757,491,758,1,759,491,927,4,928,0,1311,-1,1593,0]
11-22 06:13:46.242 2375 2375 I sysui_multi_action: [757,0,758,1,759,0,927,5,928,0,1593,0]
11-22 06:13:46.242 2375 2375 I sysui_multi_action: [757,114,758,1,759,114,927,6,928,0,1593,0]
11-22 06:13:46.242 2375 2375 I sysui_multi_action: [757,111,758,1]
11-22 06:13:46.242 2375 2375 I sysui_multi_action: [757,126,758,1,759,126,927,0,928,1,1593,0]
11-22 06:13:46.242 2375 2375 I sysui_multi_action: [757,113,758,1,759,113,927,1,928,1,1593,0]
11-22 06:13:46.242 2375 2375 I sysui_multi_action: [757,0,758,1,759,0,927,2,928,0,1593,0]
11-22 06:13:46.242 2375 2375 I sysui_multi_action: [757,0,758,1,759,0,927,3,928,0,1593,0]
11-22 06:13:46.244 1489 1650 I am_wtf : [0,1489,system_server,-1,DisplayDeviceConfig,requesting nits when no mapping exists.]
11-22 06:13:46.257 1489 2012 I input_focus: [Focus entering 3a8ab8b com.thundercomm.screensaver/android.service.dreams.DreamActivity (server),reason=Window became focusable. Previous reason: NOT_VISIBLE]
11-22 06:13:46.260 1489 1650 I am_wtf : [0,1489,system_server,-1,DisplayDeviceConfig,requesting nits when no mapping exists.]
11-22 06:13:46.264 1489 1650 I am_wtf : [0,1489,system_server,-1,DisplayDeviceConfig,requesting nits when no mapping exists.]
11-22 06:13:46.276 1489 1650 I am_wtf : [0,1489,system_server,-1,DisplayDeviceConfig,requesting nits when no mapping exists.]
11-22 06:13:46.278 1489 1650 I am_wtf : [0,1489,system_server,-1,DisplayDeviceConfig,requesting nits when no mapping exists.]
11-22 06:13:46.290 1489 1650 I am_wtf : [0,1489,system_server,-1,DisplayDeviceConfig,requesting nits when no mapping exists.]
11-22 06:13:46.291 1489 1650 I am_wtf : [0,1489,system_server,-1,DisplayDeviceConfig,requesting nits when no mapping exists.]
11-22 06:13:46.310 1489 1650 I am_wtf : [0,1489,system_server,-1,DisplayDeviceConfig,requesting nits when no mapping exists.]
11-22 06:13:46.311 1489 1650 I am_wtf : [0,1489,system_server,-1,DisplayDeviceConfig,requesting nits when no mapping exists.]
11-22 06:13:46.324 1489 1650 I am_wtf : [0,1489,system_server,-1,DisplayDeviceConfig,requesting nits when no mapping exists.]
11-22 06:13:46.325 1489 1650 I am_wtf : [0,1489,system_server,-1,DisplayDeviceConfig,requesting nits when no mapping exists.]
11-22 06:13:46.346 1489 1650 I am_wtf : [0,1489,system_server,-1,DisplayDeviceConfig,requesting nits when no mapping exists.]
11-22 06:13:46.348 1489 1650 I am_wtf : [0,1489,system_server,-1,DisplayDeviceConfig,requesting nits when no mapping exists.]
11-22 06:13:46.365 1489 1650 I am_wtf : [0,1489,system_server,-1,DisplayDeviceConfig,requesting nits when no mapping exists.]
11-22 06:13:46.366 1489 1650 I am_wtf : [0,1489,system_server,-1,DisplayDeviceConfig,requesting nits when no mapping exists.]
11-22 06:13:46.375 1489 1650 I am_wtf : [0,1489,system_server,-1,DisplayDeviceConfig,requesting nits when no mapping exists.]
11-22 06:13:46.380 1489 1650 I am_wtf : [0,1489,system_server,-1,DisplayDeviceConfig,requesting nits when no mapping exists.]
11-22 06:13:46.394 1489 1650 I am_wtf : [0,1489,system_server,-1,DisplayDeviceConfig,requesting nits when no mapping exists.]
11-22 06:13:46.400 1489 1650 I am_wtf : [0,1489,system_server,-1,DisplayDeviceConfig,requesting nits when no mapping exists.]
11-22 06:13:46.409 1489 1650 I am_wtf : [0,1489,system_server,-1,DisplayDeviceConfig,requesting nits when no mapping exists.]
11-22 06:13:46.413 1489 1650 I am_wtf : [0,1489,system_server,-1,DisplayDeviceConfig,requesting nits when no mapping exists.]
11-22 06:13:46.424 1489 1650 I am_wtf : [0,1489,system_server,-1,DisplayDeviceConfig,requesting nits when no mapping exists.]
11-22 06:13:46.425 1489 1650 I am_wtf : [0,1489,system_server,-1,DisplayDeviceConfig,requesting nits when no mapping exists.]
11-22 06:13:46.444 1489 1650 I am_wtf : [0,1489,system_server,-1,DisplayDeviceConfig,requesting nits when no mapping exists.]
11-22 06:13:46.446 1489 1650 I am_wtf : [0,1489,system_server,-1,DisplayDeviceConfig,requesting nits when no mapping exists.]
11-22 06:13:46.459 1489 1650 I am_wtf : [0,1489,system_server,-1,DisplayDeviceConfig,requesting nits when no mapping exists.]
11-22 06:13:46.460 1489 1650 I am_wtf : [0,1489,system_server,-1,DisplayDeviceConfig,requesting nits when no mapping exists.]
11-22 06:13:46.474 1489 1650 I am_wtf : [0,1489,system_server,-1,DisplayDeviceConfig,requesting nits when no mapping exists.]
11-22 06:13:46.475 1489 1650 I am_wtf : [0,1489,system_server,-1,DisplayDeviceConfig,requesting nits when no mapping exists.]
11-22 06:13:46.491 1489 1650 I am_wtf : [0,1489,system_server,-1,DisplayDeviceConfig,requesting nits when no mapping exists.]
11-22 06:13:46.492 1489 1650 I am_wtf : [0,1489,system_server,-1,DisplayDeviceConfig,requesting nits when no mapping exists.]
11-22 06:13:46.509 1489 1650 I am_wtf : [0,1489,system_server,-1,DisplayDeviceConfig,requesting nits when no mapping exists.]
11-22 06:13:46.511 1489 1650 I am_wtf : [0,1489,system_server,-1,DisplayDeviceConfig,requesting nits when no mapping exists.]
11-22 06:13:46.526 1489 1650 I am_wtf : [0,1489,system_server,-1,DisplayDeviceConfig,requesting nits when no mapping exists.]
11-22 06:13:46.528 1489 1650 I am_wtf : [0,1489,system_server,-1,DisplayDeviceConfig,requesting nits when no mapping exists.]
11-22 06:13:46.529 1489 1634 I wm_stop_activity: [0,168390208,com.android.launcher3/.uioverrides.QuickstepLauncher]
11-22 06:13:46.542 1489 1650 I am_wtf : [0,1489,system_server,-1,DisplayDeviceConfig,requesting nits when no mapping exists.]
11-22 06:13:46.543 1489 1650 I am_wtf : [0,1489,system_server,-1,DisplayDeviceConfig,requesting nits when no mapping exists.]
11-22 06:13:46.561 1489 1650 I am_wtf : [0,1489,system_server,-1,DisplayDeviceConfig,requesting nits when no mapping exists.]
11-22 06:13:46.561 1489 1650 I am_wtf : [0,1489,system_server,-1,DisplayDeviceConfig,requesting nits when no mapping exists.]
11-22 06:13:46.564 2840 2840 I wm_on_stop_called: [168390208,com.android.launcher3.uioverrides.QuickstepLauncher,STOP_ACTIVITY_ITEM]
11-22 06:13:46.574 1489 1650 I am_wtf : [0,1489,system_server,-1,DisplayDeviceConfig,requesting nits when no mapping exists.]
11-22 06:13:46.575 1489 1650 I am_wtf : [0,1489,system_server,-1,DisplayDeviceConfig,requesting nits when no mapping exists.]
11-22 06:13:46.593 1489 1650 I am_wtf : [0,1489,system_server,-1,DisplayDeviceConfig,requesting nits when no mapping exists.]
11-22 06:13:46.596 1489 1650 I am_wtf : [0,1489,system_server,-1,DisplayDeviceConfig,requesting nits when no mapping exists.]
11-22 06:13:46.608 1489 1650 I am_wtf : [0,1489,system_server,-1,DisplayDeviceConfig,requesting nits when no mapping exists.]
11-22 06:13:46.614 1489 1650 I am_wtf : [0,1489,system_server,-1,DisplayDeviceConfig,requesting nits when no mapping exists.]
11-22 06:13:46.623 1489 1650 I am_wtf : [0,1489,system_server,-1,DisplayDeviceConfig,requesting nits when no mapping exists.]
11-22 06:13:46.624 1489 1650 I am_wtf : [0,1489,system_server,-1,DisplayDeviceConfig,requesting nits when no mapping exists.]
11-22 06:13:46.638 1489 1650 I am_wtf : [0,1489,system_server,-1,DisplayDeviceConfig,requesting nits when no mapping exists.]
11-22 06:13:46.640 1489 1650 I am_wtf : [0,1489,system_server,-1,DisplayDeviceConfig,requesting nits when no mapping exists.]
11-22 06:13:46.656 1489 1650 I am_wtf : [0,1489,system_server,-1,DisplayDeviceConfig,requesting nits when no mapping exists.]
11-22 06:13:46.657 1489 1650 I am_wtf : [0,1489,system_server,-1,DisplayDeviceConfig,requesting nits when no mapping exists.]
11-22 06:13:46.672 1489 1650 I am_wtf : [0,1489,system_server,-1,DisplayDeviceConfig,requesting nits when no mapping exists.]
11-22 06:13:46.673 1489 1650 I am_wtf : [0,1489,system_server,-1,DisplayDeviceConfig,requesting nits when no mapping exists.]
11-22 06:13:46.689 1489 1650 I am_wtf : [0,1489,system_server,-1,DisplayDeviceConfig,requesting nits when no mapping exists.]
11-22 06:13:46.690 1489 1650 I am_wtf : [0,1489,system_server,-1,DisplayDeviceConfig,requesting nits when no mapping exists.]
11-22 06:13:46.705 1489 1650 I am_wtf : [0,1489,system_server,-1,DisplayDeviceConfig,requesting nits when no mapping exists.]
11-22 06:13:46.706 1489 1650 I am_wtf : [0,1489,system_server,-1,DisplayDeviceConfig,requesting nits when no mapping exists.]
11-22 06:13:46.724 1489 1650 I am_wtf : [0,1489,system_server,-1,DisplayDeviceConfig,requesting nits when no mapping exists.]
11-22 06:13:46.725 1489 1650 I am_wtf : [0,1489,system_server,-1,DisplayDeviceConfig,requesting nits when no mapping exists.]
11-22 06:13:46.739 1489 1650 I am_wtf : [0,1489,system_server,-1,DisplayDeviceConfig,requesting nits when no mapping exists.]
11-22 06:13:46.740 1489 1650 I am_wtf : [0,1489,system_server,-1,DisplayDeviceConfig,requesting nits when no mapping exists.]
11-22 06:13:46.757 1489 1650 I am_wtf : [0,1489,system_server,-1,DisplayDeviceConfig,requesting nits when no mapping exists.]
11-22 06:13:46.758 1489 1650 I am_wtf : [0,1489,system_server,-1,DisplayDeviceConfig,requesting nits when no mapping exists.]
11-22 06:13:46.774 1489 1650 I am_wtf : [0,1489,system_server,-1,DisplayDeviceConfig,requesting nits when no mapping exists.]
11-22 06:13:46.775 1489 1650 I am_wtf : [0,1489,system_server,-1,DisplayDeviceConfig,requesting nits when no mapping exists.]
11-22 06:13:46.790 1489 1650 I am_wtf : [0,1489,system_server,-1,DisplayDeviceConfig,requesting nits when no mapping exists.]
11-22 06:13:46.791 1489 1650 I am_wtf : [0,1489,system_server,-1,DisplayDeviceConfig,requesting nits when no mapping exists.]
11-22 06:13:46.807 1489 1650 I am_wtf : [0,1489,system_server,-1,DisplayDeviceConfig,requesting nits when no mapping exists.]
11-22 06:13:46.808 1489 1650 I am_wtf : [0,1489,system_server,-1,DisplayDeviceConfig,requesting nits when no mapping exists.]
11-22 06:13:46.823 1489 1650 I am_wtf : [0,1489,system_server,-1,DisplayDeviceConfig,requesting nits when no mapping exists.]
11-22 06:13:46.824 1489 1650 I am_wtf : [0,1489,system_server,-1,DisplayDeviceConfig,requesting nits when no mapping exists.]
11-22 06:13:46.841 1489 1650 I am_wtf : [0,1489,system_server,-1,DisplayDeviceConfig,requesting nits when no mapping exists.]
11-22 06:13:46.843 1489 1650 I am_wtf : [0,1489,system_server,-1,DisplayDeviceConfig,requesting nits when no mapping exists.]
11-22 06:13:46.858 1489 1650 I am_wtf : [0,1489,system_server,-1,DisplayDeviceConfig,requesting nits when no mapping exists.]
11-22 06:13:46.862 1489 1650 I am_wtf : [0,1489,system_server,-1,DisplayDeviceConfig,requesting nits when no mapping exists.]
11-22 06:13:46.875 1489 1650 I am_wtf : [0,1489,system_server,-1,DisplayDeviceConfig,requesting nits when no mapping exists.]
11-22 06:13:46.876 1489 1650 I am_wtf : [0,1489,system_server,-1,DisplayDeviceConfig,requesting nits when no mapping exists.]
11-22 06:13:46.889 1489 1650 I am_wtf : [0,1489,system_server,-1,DisplayDeviceConfig,requesting nits when no mapping exists.]
11-22 06:13:46.891 1489 1650 I am_wtf : [0,1489,system_server,-1,DisplayDeviceConfig,requesting nits when no mapping exists.]
11-22 06:13:46.907 1489 1650 I am_wtf : [0,1489,system_server,-1,DisplayDeviceConfig,requesting nits when no mapping exists.]
11-22 06:13:46.908 1489 1650 I am_wtf : [0,1489,system_server,-1,DisplayDeviceConfig,requesting nits when no mapping exists.]
11-22 06:13:46.923 1489 1650 I am_wtf : [0,1489,system_server,-1,DisplayDeviceConfig,requesting nits when no mapping exists.]
11-22 06:13:46.926 1489 1650 I am_wtf : [0,1489,system_server,-1,DisplayDeviceConfig,requesting nits when no mapping exists.]
11-22 06:13:46.940 1489 1650 I am_wtf : [0,1489,system_server,-1,DisplayDeviceConfig,requesting nits when no mapping exists.]
11-22 06:13:46.943 1489 1650 I am_wtf : [0,1489,system_server,-1,DisplayDeviceConfig,requesting nits when no mapping exists.]
11-22 06:13:46.958 1489 1650 I am_wtf : [0,1489,system_server,-1,DisplayDeviceConfig,requesting nits when no mapping exists.]
11-22 06:13:46.959 1489 1650 I am_wtf : [0,1489,system_server,-1,DisplayDeviceConfig,requesting nits when no mapping exists.]
11-22 06:13:46.974 1489 1650 I am_wtf : [0,1489,system_server,-1,DisplayDeviceConfig,requesting nits when no mapping exists.]
11-22 06:13:46.978 1489 1650 I am_wtf : [0,1489,system_server,-1,DisplayDeviceConfig,requesting nits when no mapping exists.]
11-22 06:13:46.990 1489 1650 I am_wtf : [0,1489,system_server,-1,DisplayDeviceConfig,requesting nits when no mapping exists.]
11-22 06:13:46.992 1489 1650 I am_wtf : [0,1489,system_server,-1,DisplayDeviceConfig,requesting nits when no mapping exists.]
11-22 06:13:47.008 1489 1650 I am_wtf : [0,1489,system_server,-1,DisplayDeviceConfig,requesting nits when no mapping exists.]
11-22 06:13:47.010 1489 1650 I am_wtf : [0,1489,system_server,-1,DisplayDeviceConfig,requesting nits when no mapping exists.]
11-22 06:13:47.023 1489 1650 I am_wtf : [0,1489,system_server,-1,DisplayDeviceConfig,requesting nits when no mapping exists.]
11-22 06:13:47.024 1489 1650 I am_wtf : [0,1489,system_server,-1,DisplayDeviceConfig,requesting nits when no mapping exists.]
11-22 06:13:47.041 1489 1650 I am_wtf : [0,1489,system_server,-1,DisplayDeviceConfig,requesting nits when no mapping exists.]
11-22 06:13:47.042 1489 1650 I am_wtf : [0,1489,system_server,-1,DisplayDeviceConfig,requesting nits when no mapping exists.]
11-22 06:13:47.057 1489 1650 I am_wtf : [0,1489,system_server,-1,DisplayDeviceConfig,requesting nits when no mapping exists.]
11-22 06:13:47.058 1489 1650 I am_wtf : [0,1489,system_server,-1,DisplayDeviceConfig,requesting nits when no mapping exists.]
11-22 06:13:47.075 1489 1650 I am_wtf : [0,1489,system_server,-1,DisplayDeviceConfig,requesting nits when no mapping exists.]
11-22 06:13:47.075 1489 1650 I am_wtf : [0,1489,system_server,-1,DisplayDeviceConfig,requesting nits when no mapping exists.]
11-22 06:13:47.092 1489 1650 I am_wtf : [0,1489,system_server,-1,DisplayDeviceConfig,requesting nits when no mapping exists.]
11-22 06:13:47.093 1489 1650 I am_wtf : [0,1489,system_server,-1,DisplayDeviceConfig,requesting nits when no mapping exists.]
11-22 06:13:47.108 1489 1650 I am_wtf : [0,1489,system_server,-1,DisplayDeviceConfig,requesting nits when no mapping exists.]
11-22 06:13:47.110 1489 1650 I am_wtf : [0,1489,system_server,-1,DisplayDeviceConfig,requesting nits when no mapping exists.]
11-22 06:13:47.124 1489 1650 I am_wtf : [0,1489,system_server,-1,DisplayDeviceConfig,requesting nits when no mapping exists.]
11-22 06:13:47.125 1489 1650 I am_wtf : [0,1489,system_server,-1,DisplayDeviceConfig,requesting nits when no mapping exists.]
11-22 06:13:47.141 1489 1650 I am_wtf : [0,1489,system_server,-1,DisplayDeviceConfig,requesting nits when no mapping exists.]
11-22 06:13:47.142 1489 1650 I am_wtf : [0,1489,system_server,-1,DisplayDeviceConfig,requesting nits when no mapping exists.]
11-22 06:13:47.160 1489 1650 I am_wtf : [0,1489,system_server,-1,DisplayDeviceConfig,requesting nits when no mapping exists.]
11-22 06:13:47.166 1489 1650 I am_wtf : [0,1489,system_server,-1,DisplayDeviceConfig,requesting nits when no mapping exists.]
11-22 06:13:47.184 1489 1650 I am_wtf : [0,1489,system_server,-1,DisplayDeviceConfig,requesting nits when no mapping exists.]
11-22 06:13:47.185 1489 1650 I am_wtf : [0,1489,system_server,-1,DisplayDeviceConfig,requesting nits when no mapping exists.]
11-22 06:13:47.200 1489 1650 I am_wtf : [0,1489,system_server,-1,DisplayDeviceConfig,requesting nits when no mapping exists.]
11-22 06:13:47.202 1489 1650 I am_wtf : [0,1489,system_server,-1,DisplayDeviceConfig,requesting nits when no mapping exists.]
11-22 06:14:17.217 1489 1650 I am_uid_idle: 10069
11-22 06:14:52.621 1489 1650 I am_uid_idle: 10063
11-22 06:14:59.892 1489 1752 I am_freeze: [12605,com.android.permissioncontroller]
11-22 06:14:59.894 1489 1752 I am_kill : [0,12605,com.android.permissioncontroller,935,Unable to freeze binder interface]
11-22 06:14:59.950 1489 6707 I am_proc_died: [0,12605,com.android.permissioncontroller,935,19]
11-22 06:14:59.951 1489 6707 I am_uid_stopped: 10094
11-22 06:14:59.967 1489 1648 I am_pss : [13022,1000,com.android.settings,65885184,53039104,0,196149248,0,2,9]
11-22 06:17:04.836 1489 1752 I am_freeze: [12899,com.qualcomm.qti.qccauthmgr]
11-22 06:17:04.838 1489 1752 I am_kill : [0,12899,com.qualcomm.qti.qccauthmgr,935,Unable to freeze binder interface]
11-22 06:17:04.882 1489 6707 I am_proc_died: [0,12899,com.qualcomm.qti.qccauthmgr,935,19]
11-22 06:17:04.883 1489 6707 I am_uid_stopped: 10083
11-22 06:17:04.900 1489 1648 I am_pss : [13022,1000,com.android.settings,66140160,53248000,0,196358144,0,2,9]
11-22 06:18:44.590 1489 7616 I commit_sys_config_file: [appops,12077891]
11-22 06:19:01.851 1489 1752 I am_freeze: [13160,com.android.soundrecorder]
11-22 06:19:01.853 1489 1752 I am_kill : [0,13160,com.android.soundrecorder,910,Unable to freeze binder interface]
11-22 06:19:01.901 1489 6707 I am_proc_died: [0,13160,com.android.soundrecorder,910,16]
11-22 06:19:01.912 1489 6707 I am_uid_stopped: 10060
11-22 06:19:01.917 1489 1634 I am_uid_running: 10060
11-22 06:19:01.926 1489 1648 I am_pss : [10138,10051,com.thundercomm.screensaver,62846976,57143296,0,179048448,0,2,7]
11-22 06:19:01.934 1489 1651 I am_proc_start: [0,13535,10060,com.android.soundrecorder,NULL,]
11-22 06:19:01.941 1489 1648 I am_pss : [13022,1000,com.android.settings,66558976,53432320,0,196542464,0,2,9]
11-22 06:19:01.955 1489 1648 I am_pss : [10848,10090,com.android.music,67288064,59727872,0,199368704,0,2,10]
11-22 06:19:01.958 1489 5105 I am_proc_bound: [0,13535,com.android.soundrecorder]
11-22 06:19:01.959 1489 5105 I service_manager_stats: [227,144,319744]
11-22 06:19:01.962 1489 1648 I am_pss : [13318,1000,com.qti.diagservices,6094848,3821568,0,93503488,0,10,5]
11-22 06:22:49.400 1489 1752 I am_freeze: [13363,com.microsoft.emmx]
11-22 06:22:49.403 1489 1752 I am_freeze: [13366,com.android.calendar]
11-22 06:22:49.403 1489 1752 I am_kill : [0,13363,com.microsoft.emmx,925,Unable to freeze binder interface]
11-22 06:22:49.406 1489 1752 I am_kill : [0,13366,com.android.calendar,915,Unable to freeze binder interface]
11-22 06:22:49.434 1489 5105 I am_proc_died: [0,13366,com.android.calendar,915,19]
11-22 06:22:49.435 1489 5105 I am_uid_stopped: 10068
11-22 06:22:49.442 1489 6707 I am_proc_died: [0,13363,com.microsoft.emmx,925,19]
11-22 06:22:49.442 1489 6707 I am_uid_stopped: 10034
11-22 06:22:49.452 1489 1648 I am_pss : [13022,1000,com.android.settings,67156992,53796864,0,198705152,0,2,9]
11-22 06:22:49.461 1489 1648 I am_pss : [13535,10060,com.android.soundrecorder,5872640,3756032,0,89587712,0,19,6]
11-22 06:23:17.688 1489 1752 I am_freeze: [11450,com.android.gallery3d]
11-22 06:23:17.691 1489 1752 I am_kill : [0,11450,com.android.gallery3d,900,Unable to freeze binder interface]
11-22 06:23:17.741 1489 2808 I am_proc_died: [0,11450,com.android.gallery3d,900,16]
11-22 06:23:17.746 1489 2808 I am_uid_stopped: 10069
11-22 06:23:17.752 1489 1634 I am_uid_running: 10069
11-22 06:23:17.755 1489 1634 I am_uid_running: 10034
11-22 06:23:17.755 1489 1648 I am_pss : [13535,10060,com.android.soundrecorder,5921792,3756032,0,89587712,0,19,5]
11-22 06:23:17.756 1489 1634 I am_uid_running: 10068
11-22 06:23:17.767 1489 1651 I am_proc_start: [0,13566,10069,com.android.gallery3d,NULL,]
11-22 06:23:17.785 1489 1651 I am_proc_start: [0,13567,10034,com.microsoft.emmx,NULL,]
11-22 06:23:17.795 1489 1651 I am_proc_start: [0,13574,10068,com.android.calendar,NULL,]
11-22 06:23:17.804 1489 2808 I am_proc_bound: [0,13566,com.android.gallery3d]
11-22 06:23:17.819 1489 6707 I am_proc_bound: [0,13567,com.microsoft.emmx]
11-22 06:23:17.832 1489 2808 I am_proc_bound: [0,13574,com.android.calendar]
11-22 06:25:00.018 1489 1752 I am_freeze: [10346,com.thundercomm.gamemode.provider]
11-22 06:25:00.019 1489 1752 I am_kill : [0,10346,com.thundercomm.gamemode.provider,915,Unable to freeze binder interface]
11-22 06:25:00.069 1489 1596 I am_proc_died: [0,10346,com.thundercomm.gamemode.provider,915,19]
11-22 06:25:00.070 1489 1596 I am_uid_stopped: 10063
11-22 06:25:00.083 1489 1648 I am_pss : [10138,10051,com.thundercomm.screensaver,65019904,59113472,0,181018624,0,2,8]
11-22 06:25:00.094 1489 1648 I am_pss : [10848,10090,com.android.music,67668992,59731968,0,199368704,0,2,9]
11-22 06:25:00.101 1489 1648 I am_pss : [13574,10068,com.android.calendar,6819840,4780032,0,92090368,0,19,5]
11-22 06:25:00.108 1489 1648 I am_pss : [13567,10034,com.microsoft.emmx,35731456,31907840,0,133165056,0,19,6]
11-22 06:25:00.115 1489 1648 I am_pss : [13566,10069,com.android.gallery3d,7836672,5222400,0,93310976,0,19,6]
11-22 06:25:36.674 1489 2012 I input_interaction: Interaction with: 3a8ab8b com.thundercomm.screensaver/android.service.dreams.DreamActivity (server), edge-swipe (server), swipe-up (server), PointerEventDispatcher0 (server),
11-22 06:25:36.680 1489 2808 I wm_finish_activity: [0,32602702,136,com.thundercomm.screensaver/android.service.dreams.DreamActivity,finish-activity]
11-22 06:25:36.680 1489 2808 I wm_task_moved: [135,1,10]
11-22 06:25:36.680 1489 2808 I wm_task_to_front: [0,135]
11-22 06:25:36.681 1489 2808 I wm_set_resumed_activity: [0,com.android.settings/.bluetooth.DevicePickerActivity,positionChildAt]
11-22 06:25:36.681 1489 2808 I wm_focused_root_task: [0,0,135,136,finish-top adjustFocusToNextFocusableTask]
11-22 06:25:36.681 1489 2808 I wm_set_resumed_activity: [0,com.android.settings/.bluetooth.DevicePickerActivity,finish-top]
11-22 06:25:36.682 1489 2808 I wm_pause_activity: [0,32602702,com.thundercomm.screensaver/android.service.dreams.DreamActivity,userLeaving=false,finish]
11-22 06:25:36.691 10138 10138 I wm_on_top_resumed_lost_called: [32602702,android.service.dreams.DreamActivity,topStateChangedWhenResumed]
11-22 06:25:36.692 10138 10138 I wm_on_paused_called: [32602702,android.service.dreams.DreamActivity,performPause]
11-22 06:25:36.693 13022 13022 I wm_on_top_resumed_gained_called: [32607329,com.android.settings.bluetooth.DevicePickerActivity,topStateChangedWhenResumed]
11-22 06:25:36.699 1489 2808 I wm_resume_activity: [0,168390208,10,com.android.launcher3/.uioverrides.QuickstepLauncher]
11-22 06:25:36.709 1489 1634 I sysui_multi_action: [757,803,799,window_time_0,802,711]
11-22 06:25:36.712 1489 1634 I sysui_multi_action: [757,803,799,window_time_2,802,0]
11-22 06:25:36.714 1489 2012 I input_focus: [Focus leaving 3a8ab8b com.thundercomm.screensaver/android.service.dreams.DreamActivity (server),reason=NO_WINDOW]
11-22 06:25:36.716 1489 1636 I input_focus: [Focus request 5ac02be com.android.settings/com.android.settings.bluetooth.DevicePickerActivity,reason=UpdateInputWindows]
11-22 06:25:36.732 2840 2840 I wm_on_restart_called: [168390208,com.android.launcher3.uioverrides.QuickstepLauncher,performRestartActivity]
11-22 06:25:36.733 2840 2840 I wm_on_start_called: [168390208,com.android.launcher3.uioverrides.QuickstepLauncher,handleStartActivity]
11-22 06:25:36.733 2840 2840 I wm_on_resume_called: [168390208,com.android.launcher3.uioverrides.QuickstepLauncher,RESUME_ACTIVITY]
11-22 06:25:36.735 1489 2808 I am_uid_running: 10063
11-22 06:25:36.745 1489 1651 I am_proc_start: [0,13650,10063,com.thundercomm.gamemode.provider,content provider,{com.thundercomm.gamemode.provider/com.thundercomm.gamemode.provider.SettingsProvider}]
11-22 06:25:36.750 1489 2012 I input_focus: [Focus entering 5ac02be com.android.settings/com.android.settings.bluetooth.DevicePickerActivity (server),reason=setFocusedWindow]
11-22 06:25:36.797 1489 2808 I am_proc_bound: [0,13650,com.thundercomm.gamemode.provider]
11-22 06:25:36.822 1489 6707 I wm_destroy_activity: [0,32602702,136,com.thundercomm.screensaver/android.service.dreams.DreamActivity,finish-idle]
11-22 06:25:36.823 10138 10138 I wm_on_stop_called: [32602702,android.service.dreams.DreamActivity,LIFECYCLER_STOP_ACTIVITY]
11-22 06:25:36.825 10138 10138 I wm_on_destroy_called: [32602702,android.service.dreams.DreamActivity,performDestroy]
11-22 06:25:36.831 1489 1631 I sysui_multi_action: [757,222,758,2]
11-22 06:25:36.832 1489 1631 I sysui_multi_action: [757,804,799,dreaming_minutes,801,11,802,1]
11-22 06:25:36.841 1489 1648 I am_pss : [13574,10068,com.android.calendar,6775808,4780032,0,92090368,0,19,6]
11-22 06:25:36.851 1489 1648 I am_pss : [13567,10034,com.microsoft.emmx,35690496,31907840,0,133165056,0,19,7]
11-22 06:25:36.857 1489 1648 I am_pss : [13566,10069,com.android.gallery3d,7788544,5222400,0,93310976,0,19,5]
11-22 06:25:36.876 1489 1489 I am_uid_active: 10063
11-22 06:25:37.046 1489 1636 I wm_task_removed: [136,removeChild:removeChild last r=ActivityRecord{1f17a4e u0 com.thundercomm.screensaver/android.service.dreams.DreamActivity t-1 f}} in t=Task{9ff8d7b #136 type=dream A=10051:android:com.thundercomm.screensaver/dream U=0 visible=false mode=fullscreen translucent=true sz=0}]
11-22 06:25:37.046 1489 1636 I wm_task_removed: [136,removeChild]
11-22 06:25:40.442 1489 2012 I input_interaction: Interaction with: 5ac02be com.android.settings/com.android.settings.bluetooth.DevicePickerActivity (server), edge-swipe (server), swipe-up (server), PointerEventDispatcher0 (server),
11-22 06:25:40.577 1489 2808 I wm_relaunch_resume_activity: [0,32607329,135,com.android.settings/.bluetooth.DevicePickerActivity]
11-22 06:25:40.593 13022 13022 I wm_on_top_resumed_lost_called: [32607329,com.android.settings.bluetooth.DevicePickerActivity,pausing]
11-22 06:25:40.594 13022 13022 I sysui_multi_action: [757,25,758,2,1089,734173]
11-22 06:25:40.595 13022 13022 I wm_on_paused_called: [32607329,com.android.settings.bluetooth.DevicePickerActivity,performPause]
11-22 06:25:40.600 13022 13022 I wm_on_stop_called: [32607329,com.android.settings.bluetooth.DevicePickerActivity,handleRelaunchActivity]
11-22 06:25:40.605 13022 13022 I wm_on_destroy_called: [32607329,com.android.settings.bluetooth.DevicePickerActivity,performDestroy]
11-22 06:25:40.630 13022 13022 I wm_on_create_called: [32607329,com.android.settings.bluetooth.DevicePickerActivity,performCreate]
11-22 06:25:40.641 13022 13022 I wm_on_start_called: [32607329,com.android.settings.bluetooth.DevicePickerActivity,handleStartActivity]
11-22 06:25:40.643 13022 13022 I wm_on_resume_called: [32607329,com.android.settings.bluetooth.DevicePickerActivity,RESUME_ACTIVITY]
11-22 06:25:40.644 13022 13022 I sysui_multi_action: [757,25,758,1,833,0,1089,24]
11-22 06:25:40.644 13022 13022 I sysui_multi_action: [757,1729,758,4,854,isParalleledControllers:false,1089,25]
11-22 06:25:40.645 13022 13022 I wm_on_top_resumed_gained_called: [32607329,com.android.settings.bluetooth.DevicePickerActivity,topWhenResuming]
11-22 06:25:42.140 1489 1596 I wm_relaunch_resume_activity: [0,32607329,135,com.android.settings/.bluetooth.DevicePickerActivity]
11-22 06:25:42.155 13022 13022 I wm_on_top_resumed_lost_called: [32607329,com.android.settings.bluetooth.DevicePickerActivity,pausing]
11-22 06:25:42.158 13022 13022 I sysui_multi_action: [757,25,758,2,1089,1514]
11-22 06:25:42.160 13022 13022 I wm_on_paused_called: [32607329,com.android.settings.bluetooth.DevicePickerActivity,performPause]
11-22 06:25:42.172 13022 13022 I wm_on_stop_called: [32607329,com.android.settings.bluetooth.DevicePickerActivity,handleRelaunchActivity]
11-22 06:25:42.181 13022 13022 I wm_on_destroy_called: [32607329,com.android.settings.bluetooth.DevicePickerActivity,performDestroy]
11-22 06:25:42.204 13022 13022 I wm_on_create_called: [32607329,com.android.settings.bluetooth.DevicePickerActivity,performCreate]
11-22 06:25:42.210 13022 13022 I wm_on_start_called: [32607329,com.android.settings.bluetooth.DevicePickerActivity,handleStartActivity]
11-22 06:25:42.211 13022 13022 I wm_on_resume_called: [32607329,com.android.settings.bluetooth.DevicePickerActivity,RESUME_ACTIVITY]
11-22 06:25:42.212 13022 13022 I sysui_multi_action: [757,25,758,1,833,0,1089,20]
11-22 06:25:42.212 13022 13022 I sysui_multi_action: [757,1729,758,4,854,isParalleledControllers:false,1089,20]
11-22 06:25:42.212 13022 13022 I wm_on_top_resumed_gained_called: [32607329,com.android.settings.bluetooth.DevicePickerActivity,topWhenResuming]
11-22 06:26:09.992 1489 1596 I wm_relaunch_resume_activity: [0,32607329,135,com.android.settings/.bluetooth.DevicePickerActivity]
11-22 06:26:09.993 1489 1596 I wm_add_to_stopping: [0,168390208,com.android.launcher3/.uioverrides.QuickstepLauncher,makeInvisible]
11-22 06:26:10.024 13022 13022 I wm_on_top_resumed_lost_called: [32607329,com.android.settings.bluetooth.DevicePickerActivity,pausing]
11-22 06:26:10.025 13022 13022 I sysui_multi_action: [757,25,758,2,1089,27812]
11-22 06:26:10.025 13022 13022 I wm_on_paused_called: [32607329,com.android.settings.bluetooth.DevicePickerActivity,performPause]
11-22 06:26:10.027 13022 13022 I wm_on_stop_called: [32607329,com.android.settings.bluetooth.DevicePickerActivity,handleRelaunchActivity]
11-22 06:26:10.031 13022 13022 I wm_on_destroy_called: [32607329,com.android.settings.bluetooth.DevicePickerActivity,performDestroy]
11-22 06:26:10.050 13022 13022 I wm_on_create_called: [32607329,com.android.settings.bluetooth.DevicePickerActivity,performCreate]
11-22 06:26:10.055 13022 13022 I wm_on_start_called: [32607329,com.android.settings.bluetooth.DevicePickerActivity,handleStartActivity]
11-22 06:26:10.056 13022 13022 I wm_on_resume_called: [32607329,com.android.settings.bluetooth.DevicePickerActivity,RESUME_ACTIVITY]
11-22 06:26:10.056 13022 13022 I sysui_multi_action: [757,25,758,1,833,0,1089,17]
11-22 06:26:10.057 13022 13022 I sysui_multi_action: [757,1729,758,4,854,isParalleledControllers:false,1089,18]
11-22 06:26:10.057 13022 13022 I wm_on_top_resumed_gained_called: [32607329,com.android.settings.bluetooth.DevicePickerActivity,topWhenResuming]
11-22 06:26:10.413 1489 1634 I wm_stop_activity: [0,168390208,com.android.launcher3/.uioverrides.QuickstepLauncher]
11-22 06:26:10.444 2840 2840 I wm_on_paused_called: [168390208,com.android.launcher3.uioverrides.QuickstepLauncher,performPause]
11-22 06:26:10.454 2840 2840 I wm_on_stop_called: [168390208,com.android.launcher3.uioverrides.QuickstepLauncher,STOP_ACTIVITY_ITEM]
11-22 06:26:13.557 1489 2012 I input_interaction: Interaction with: 786bf4a com.android.music/com.android.music.VideoBrowserActivity (server), edge-swipe (server), swipe-up (server), PointerEventDispatcher0 (server),
11-22 06:26:13.559 1489 1634 I wm_task_moved: [134,1,10]
11-22 06:26:13.559 1489 1634 I wm_task_to_front: [0,134]
11-22 06:26:13.565 1489 1634 I wm_set_resumed_activity: [0,com.android.music/.VideoBrowserActivity,positionChildAt]
11-22 06:26:13.565 1489 1634 I wm_focused_root_task: [0,0,134,135,setFocusedTask]
11-22 06:26:13.565 1489 1634 I wm_set_resumed_activity: [0,com.android.music/.VideoBrowserActivity,setFocusedTask]
11-22 06:26:13.565 13022 13022 I wm_on_top_resumed_lost_called: [32607329,com.android.settings.bluetooth.DevicePickerActivity,topStateChangedWhenResumed]
11-22 06:26:13.570 10848 10848 I wm_on_top_resumed_gained_called: [145345017,com.android.music.VideoBrowserActivity,topStateChangedWhenResumed]
11-22 06:26:13.586 1489 1636 I input_focus: [Focus request 786bf4a com.android.music/com.android.music.VideoBrowserActivity,reason=UpdateInputWindows]
11-22 06:26:13.606 1489 2012 I input_focus: [Focus leaving 5ac02be com.android.settings/com.android.settings.bluetooth.DevicePickerActivity (server),reason=setFocusedWindow]
11-22 06:26:13.606 1489 2012 I input_focus: [Focus entering 786bf4a com.android.music/com.android.music.VideoBrowserActivity (server),reason=setFocusedWindow]
11-22 06:26:13.671 1489 6707 I wm_relaunch_resume_activity: [0,145345017,134,com.android.music/.VideoBrowserActivity]
11-22 06:26:13.671 1489 6707 I wm_add_to_stopping: [0,32607329,com.android.settings/.bluetooth.DevicePickerActivity,makeInvisible]
11-22 06:26:13.678 10848 10848 I wm_on_top_resumed_lost_called: [145345017,com.android.music.VideoBrowserActivity,pausing]
11-22 06:26:13.678 10848 10848 I wm_on_paused_called: [145345017,com.android.music.VideoBrowserActivity,performPause]
11-22 06:26:13.678 10848 10848 I wm_on_stop_called: [145345017,com.android.music.VideoBrowserActivity,handleRelaunchActivity]
11-22 06:26:13.682 10848 10848 I wm_on_destroy_called: [145345017,com.android.music.VideoBrowserActivity,performDestroy]
11-22 06:26:13.699 10848 10848 I wm_on_create_called: [145345017,com.android.music.VideoBrowserActivity,performCreate]
11-22 06:26:13.700 10848 10848 I wm_on_start_called: [145345017,com.android.music.VideoBrowserActivity,handleStartActivity]
11-22 06:26:13.701 10848 10848 I wm_on_resume_called: [145345017,com.android.music.VideoBrowserActivity,RESUME_ACTIVITY]
11-22 06:26:13.701 10848 10848 I wm_on_top_resumed_gained_called: [145345017,com.android.music.VideoBrowserActivity,topWhenResuming]
11-22 06:26:14.057 1489 1634 I wm_stop_activity: [0,32607329,com.android.settings/.bluetooth.DevicePickerActivity]
11-22 06:26:14.094 13022 13022 I sysui_multi_action: [757,25,758,2,1089,4038]
11-22 06:26:14.094 13022 13022 I wm_on_paused_called: [32607329,com.android.settings.bluetooth.DevicePickerActivity,performPause]
11-22 06:26:14.098 13022 13022 I wm_on_stop_called: [32607329,com.android.settings.bluetooth.DevicePickerActivity,STOP_ACTIVITY_ITEM]
11-22 06:26:16.043 1489 6061 I wm_task_moved: [134,1,10]
11-22 06:26:16.043 1489 6061 I wm_set_resumed_activity: [0,com.android.music/.VideoBrowserActivity,positionChildAt]
11-22 06:26:16.043 1489 6061 I wm_create_activity: [0,173072674,134,com.android.gallery3d/.app.MovieActivity,android.intent.action.VIEW,video/mp4,content://media/external/video/media/23,0]
11-22 06:26:16.046 1489 6061 I wm_pause_activity: [0,145345017,com.android.music/.VideoBrowserActivity,userLeaving=true,resumeTopActivityInnerLocked]
11-22 06:26:16.053 10848 10848 I wm_on_top_resumed_lost_called: [145345017,com.android.music.VideoBrowserActivity,topStateChangedWhenResumed]
11-22 06:26:16.054 10848 10848 I wm_on_paused_called: [145345017,com.android.music.VideoBrowserActivity,performPause]
11-22 06:26:16.056 1489 6707 I wm_add_to_stopping: [0,145345017,com.android.music/.VideoBrowserActivity,makeInvisible]
11-22 06:26:16.057 1489 6707 I wm_restart_activity: [0,173072674,134,com.android.gallery3d/.app.MovieActivity]
11-22 06:26:16.059 1489 6707 I wm_set_resumed_activity: [0,com.android.gallery3d/.app.MovieActivity,minimalResumeActivityLocked]
11-22 06:26:16.063 1489 1634 I am_uid_active: 10069
11-22 06:26:16.066 1489 1634 I sysui_multi_action: [757,803,799,window_time_2,802,39]
11-22 06:26:16.076 1489 2012 I input_focus: [Focus leaving 786bf4a com.android.music/com.android.music.VideoBrowserActivity (server),reason=NO_WINDOW]
11-22 06:26:16.107 13566 13566 I wm_on_create_called: [173072674,com.android.gallery3d.app.MovieActivity,performCreate]
11-22 06:26:16.114 13566 13566 I wm_on_start_called: [173072674,com.android.gallery3d.app.MovieActivity,handleStartActivity]
11-22 06:26:16.115 13566 13566 I wm_on_resume_called: [173072674,com.android.gallery3d.app.MovieActivity,RESUME_ACTIVITY]
11-22 06:26:16.121 13566 13566 I wm_on_top_resumed_gained_called: [173072674,com.android.gallery3d.app.MovieActivity,topStateChangedWhenResumed]
11-22 06:26:16.130 1489 1636 I input_focus: [Focus request e46eb34 com.android.gallery3d/com.android.gallery3d.app.MovieActivity,reason=UpdateInputWindows]
11-22 06:26:16.136 1489 1489 I notification_enqueue: [10082,2375,com.android.systemui,2048,NULL,0,Notification(channel=updateNotification shortcut=null contentView=null vibrate=null sound=null defaults=0x0 flags=0x0 color=0x00000000 vis=PRIVATE),1]
11-22 06:26:16.136 2375 2375 I sysui_multi_action: [757,111,758,2]
11-22 06:26:16.144 2375 2375 I sysui_multi_action: [757,111,758,2]
11-22 06:26:16.162 2375 2375 I sysui_multi_action: [757,111,758,1]
11-22 06:26:16.162 2375 2375 I sysui_multi_action: [757,126,758,1,759,126,927,0,928,1,1593,0]
11-22 06:26:16.162 2375 2375 I sysui_multi_action: [757,113,758,1,759,113,927,1,928,1,1593,0]
11-22 06:26:16.162 2375 2375 I sysui_multi_action: [757,0,758,1,759,0,927,2,928,0,1593,0]
11-22 06:26:16.162 2375 2375 I sysui_multi_action: [757,0,758,1,759,0,927,3,928,0,1593,0]
11-22 06:26:16.163 2375 2375 I sysui_multi_action: [757,491,758,1,759,491,927,4,928,0,1311,-1,1593,0]
11-22 06:26:16.163 2375 2375 I sysui_multi_action: [757,0,758,1,759,0,927,5,928,0,1593,0]
11-22 06:26:16.163 2375 2375 I sysui_multi_action: [757,114,758,1,759,114,927,6,928,0,1593,0]
11-22 06:26:16.163 2375 2375 I sysui_multi_action: [757,111,758,1]
11-22 06:26:16.164 2375 2375 I sysui_multi_action: [757,126,758,1,759,126,927,0,928,1,1593,0]
11-22 06:26:16.164 2375 2375 I sysui_multi_action: [757,113,758,1,759,113,927,1,928,1,1593,0]
11-22 06:26:16.164 2375 2375 I sysui_multi_action: [757,0,758,1,759,0,927,2,928,0,1593,0]
11-22 06:26:16.164 2375 2375 I sysui_multi_action: [757,0,758,1,759,0,927,3,928,0,1593,0]
11-22 06:26:16.191 1489 1631 I sysui_multi_action: [319,161,322,161,325,12564,757,761,758,8,759,2,806,com.android.gallery3d,871,com.android.gallery3d.app.MovieActivity,904,com.android.music,905,0,1320,8,1321,5]
11-22 06:26:16.191 1489 1631 I wm_activity_launch_time: [0,173072674,com.android.gallery3d/.app.MovieActivity,161]
11-22 06:26:16.208 1489 2012 I input_focus: [Focus entering e46eb34 com.android.gallery3d/com.android.gallery3d.app.MovieActivity (server),reason=Window became focusable. Previous reason: NOT_VISIBLE]
11-22 06:26:16.292 1489 8504 I snet_event_log: [172655291,-1,]
11-22 06:26:16.593 1489 1634 I wm_stop_activity: [0,145345017,com.android.music/.VideoBrowserActivity]
11-22 06:26:16.619 10848 10848 I wm_on_stop_called: [145345017,com.android.music.VideoBrowserActivity,STOP_ACTIVITY_ITEM]
11-22 06:26:17.055 1489 2012 I input_interaction: Interaction with: e46eb34 com.android.gallery3d/com.android.gallery3d.app.MovieActivity (server), edge-swipe (server), swipe-up (server), PointerEventDispatcher0 (server),
11-22 06:26:25.435 1489 7595 I wm_task_created: [137,-1]
11-22 06:26:25.440 1489 7595 I wm_task_moved: [137,1,11]
11-22 06:26:25.440 1489 7595 I wm_task_to_front: [0,137]
11-22 06:26:25.441 1489 7595 I wm_create_task: [0,137]
11-22 06:26:25.441 1489 7595 I wm_create_activity: [0,126123633,137,com.android.bluetooth/.opp.BluetoothOppLauncherActivity,android.intent.action.SEND,video/*,NULL,403177473]
11-22 06:26:25.441 1489 7595 I wm_task_moved: [137,1,11]
11-22 06:26:25.442 1489 7595 I wm_pause_activity: [0,173072674,com.android.gallery3d/.app.MovieActivity,userLeaving=true,pauseBackTasks]
11-22 06:26:25.447 13566 13566 I wm_on_top_resumed_lost_called: [173072674,com.android.gallery3d.app.MovieActivity,topStateChangedWhenResumed]
11-22 06:26:25.569 13566 13566 I wm_on_paused_called: [173072674,com.android.gallery3d.app.MovieActivity,performPause]
11-22 06:26:25.573 1489 1596 I wm_restart_activity: [0,126123633,137,com.android.bluetooth/.opp.BluetoothOppLauncherActivity]
11-22 06:26:25.575 1489 1596 I wm_set_resumed_activity: [0,com.android.bluetooth/.opp.BluetoothOppLauncherActivity,minimalResumeActivityLocked]
11-22 06:26:25.588 1489 1634 I sysui_multi_action: [757,803,799,window_time_0,802,10]
11-22 06:26:25.595 2358 2358 I wm_on_create_called: [126123633,com.android.bluetooth.opp.BluetoothOppLauncherActivity,performCreate]
11-22 06:26:25.599 2358 2358 I wm_on_start_called: [126123633,com.android.bluetooth.opp.BluetoothOppLauncherActivity,handleStartActivity]
11-22 06:26:25.599 2358 2358 I wm_on_resume_called: [126123633,com.android.bluetooth.opp.BluetoothOppLauncherActivity,RESUME_ACTIVITY]
11-22 06:26:25.603 2358 2358 I wm_on_top_resumed_gained_called: [126123633,com.android.bluetooth.opp.BluetoothOppLauncherActivity,topStateChangedWhenResumed]
11-22 06:26:25.622 1489 1636 I input_focus: [Focus request 59190ad com.android.bluetooth/com.android.bluetooth.opp.BluetoothOppLauncherActivity,reason=UpdateInputWindows]
11-22 06:26:25.626 1489 6061 I wm_task_moved: [137,1,11]
11-22 06:26:25.626 1489 6061 I wm_set_resumed_activity: [0,com.android.bluetooth/.opp.BluetoothOppLauncherActivity,positionChildAt]
11-22 06:26:25.626 1489 6061 I wm_create_activity: [0,255741276,137,com.android.settings/.bluetooth.DevicePickerActivity,android.bluetooth.devicepicker.action.LAUNCH,NULL,NULL,8388608]
11-22 06:26:25.628 1489 6061 I wm_pause_activity: [0,126123633,com.android.bluetooth/.opp.BluetoothOppLauncherActivity,userLeaving=true,resumeTopActivityInnerLocked]
11-22 06:26:25.633 1489 6061 I wm_finish_activity: [0,126123633,137,com.android.bluetooth/.opp.BluetoothOppLauncherActivity,app-request]
11-22 06:26:25.638 2358 2358 I wm_on_top_resumed_lost_called: [126123633,com.android.bluetooth.opp.BluetoothOppLauncherActivity,topStateChangedWhenResumed]
11-22 06:26:25.641 2358 2358 I wm_on_paused_called: [126123633,com.android.bluetooth.opp.BluetoothOppLauncherActivity,performPause]
11-22 06:26:25.641 1489 6061 I wm_add_to_stopping: [0,126123633,com.android.bluetooth/.opp.BluetoothOppLauncherActivity,completeFinishing]
11-22 06:26:25.643 1489 6061 I wm_add_to_stopping: [0,173072674,com.android.gallery3d/.app.MovieActivity,makeInvisible]
11-22 06:26:25.646 1489 6061 I wm_restart_activity: [0,255741276,137,com.android.settings/.bluetooth.DevicePickerActivity]
11-22 06:26:25.649 1489 6061 I wm_set_resumed_activity: [0,com.android.settings/.bluetooth.DevicePickerActivity,minimalResumeActivityLocked]
11-22 06:26:25.650 1489 2012 I input_focus: [Focus leaving e46eb34 com.android.gallery3d/com.android.gallery3d.app.MovieActivity (server),reason=Waiting for window because NOT_VISIBLE]
11-22 06:26:25.653 1489 1634 I wm_destroy_activity: [0,126123633,137,com.android.bluetooth/.opp.BluetoothOppLauncherActivity,finish-imm:idle]
11-22 06:26:25.654 2358 2358 I wm_on_stop_called: [126123633,com.android.bluetooth.opp.BluetoothOppLauncherActivity,LIFECYCLER_STOP_ACTIVITY]
11-22 06:26:25.655 2358 2358 I wm_on_destroy_called: [126123633,com.android.bluetooth.opp.BluetoothOppLauncherActivity,performDestroy]
11-22 06:26:25.659 1489 1634 I sysui_multi_action: [757,803,799,window_time_0,802,0]
11-22 06:26:25.667 13022 13022 I wm_on_create_called: [255741276,com.android.settings.bluetooth.DevicePickerActivity,performCreate]
11-22 06:26:25.672 13022 13022 I wm_on_start_called: [255741276,com.android.settings.bluetooth.DevicePickerActivity,handleStartActivity]
11-22 06:26:25.672 13022 13022 I wm_on_resume_called: [255741276,com.android.settings.bluetooth.DevicePickerActivity,RESUME_ACTIVITY]
11-22 06:26:25.673 13022 13022 I sysui_multi_action: [757,25,758,1,833,0,1089,10]
11-22 06:26:25.673 13022 13022 I sysui_multi_action: [757,1729,758,4,854,isParalleledControllers:false,1089,10]
11-22 06:26:25.675 13022 13022 I wm_on_top_resumed_gained_called: [255741276,com.android.settings.bluetooth.DevicePickerActivity,topStateChangedWhenResumed]
11-22 06:26:25.684 1489 1636 I input_focus: [Focus request b3888de com.android.settings/com.android.settings.bluetooth.DevicePickerActivity,reason=UpdateInputWindows]
11-22 06:26:25.703 1489 1636 I sysui_multi_action: [324,1,757,1090,758,12,806,com.android.settings,871,com.android.settings.bluetooth.DevicePickerActivity,1091,266]
11-22 06:26:25.713 1489 1631 I sysui_multi_action: [319,277,322,266,325,12573,757,761,758,8,759,2,806,com.android.settings,871,com.android.settings.bluetooth.DevicePickerActivity,904,com.android.bluetooth,905,0,1320,8,1321,5]
11-22 06:26:25.715 1489 2012 I input_focus: [Focus entering b3888de com.android.settings/com.android.settings.bluetooth.DevicePickerActivity (server),reason=Window became focusable. Previous reason: NOT_VISIBLE]
11-22 06:26:25.715 1489 1631 I wm_activity_launch_time: [0,255741276,com.android.settings/.bluetooth.DevicePickerActivity,266]
11-22 06:26:26.188 1489 1634 I wm_stop_activity: [0,173072674,com.android.gallery3d/.app.MovieActivity]
11-22 06:26:26.212 13566 13566 I wm_on_stop_called: [173072674,com.android.gallery3d.app.MovieActivity,STOP_ACTIVITY_ITEM]
11-22 06:26:27.512 1489 2012 I input_interaction: Interaction with: b3888de com.android.settings/com.android.settings.bluetooth.DevicePickerActivity (server), edge-swipe (server), swipe-up (server), PointerEventDispatcher0 (server),
11-22 06:26:30.124 1489 6061 I wm_task_moved: [1,0,0]
11-22 06:26:30.125 1489 6061 I wm_task_moved: [1,0,10]
11-22 06:26:30.138 2840 2840 I wm_on_restart_called: [168390208,com.android.launcher3.uioverrides.QuickstepLauncher,performRestartActivity]
11-22 06:26:30.173 2840 2840 I wm_on_start_called: [168390208,com.android.launcher3.uioverrides.QuickstepLauncher,handleStartActivity]
11-22 06:26:30.196 1489 1631 I sysui_multi_action: [319,20,322,66,325,12578,757,761,758,9,759,5,806,com.android.launcher3,871,com.android.launcher3.uioverrides.QuickstepLauncher,905,0,1320,8,1321,5]
11-22 06:26:30.209 2840 2840 I sysui_latency: [1,87]
11-22 06:26:30.212 13022 13022 I view_enqueue_input_event: [Motion - Cancel,com.android.settings/com.android.settings.bluetooth.DevicePickerActivity]
11-22 06:26:30.223 1489 1636 I input_focus: [Focus request recents_animation_input_consumer,reason=UpdateInputWindows]
11-22 06:26:30.238 1489 2012 I input_interaction: Interaction with: edge-swipe (server), swipe-up (server), PointerEventDispatcher0 (server),
11-22 06:26:30.242 1489 2012 I input_focus: [Focus leaving b3888de com.android.settings/com.android.settings.bluetooth.DevicePickerActivity (server),reason=NOT_FOCUSABLE]
11-22 06:26:30.243 1489 2012 I input_focus: [Focus entering recents_animation_input_consumer (server),reason=setFocusedWindow]
11-22 06:26:30.378 1489 1751 I commit_sys_config_file: [settings-1-0,6]
11-22 06:26:30.489 1489 1648 I sysui_latency: [8,86]
11-22 06:26:31.086 1489 1751 I commit_sys_config_file: [settings-1-0,4]
11-22 06:26:31.981 1489 2012 I input_interaction: Interaction with: 3cc67bf com.android.launcher3/com.android.launcher3.uioverrides.QuickstepLauncher (server), edge-swipe (server), swipe-up (server), PointerEventDispatcher0 (server),
11-22 06:26:34.062 1489 8504 I wm_task_moved: [1,1,11]
11-22 06:26:34.069 13022 13022 I wm_on_top_resumed_lost_called: [255741276,com.android.settings.bluetooth.DevicePickerActivity,topStateChangedWhenResumed]
11-22 06:26:34.069 1489 8504 I wm_focused_root_task: [0,0,1,137,RecentsAnimation.onAnimationFinished()]
11-22 06:26:34.075 1489 8504 I wm_pause_activity: [0,255741276,com.android.settings/.bluetooth.DevicePickerActivity,userLeaving=false,pauseBackTasks]
11-22 06:26:34.077 1489 8504 I wm_set_resumed_activity: [0,com.android.launcher3/.uioverrides.QuickstepLauncher,resumeTopActivityInnerLocked]
11-22 06:26:34.080 1489 8504 I wm_resume_activity: [0,168390208,10,com.android.launcher3/.uioverrides.QuickstepLauncher]
11-22 06:26:34.081 1489 8504 I wm_add_to_stopping: [0,255741276,com.android.settings/.bluetooth.DevicePickerActivity,makeInvisible]
11-22 06:26:34.083 2840 2840 I wm_on_resume_called: [168390208,com.android.launcher3.uioverrides.QuickstepLauncher,RESUME_ACTIVITY]
