11-22 06:34:31.449 14564 14564 I wm_on_top_resumed_gained_called: [80491005,com.android.gallery3d.app.MovieActivity,topWhenResuming]
11-22 06:34:31.450 14564 14564 I wm_on_stop_called: [230117673,com.android.gallery3d.app.GalleryActivity,handleRelaunchActivity]
11-22 06:34:31.452 14564 14564 I wm_on_destroy_called: [230117673,com.android.gallery3d.app.GalleryActivity,performDestroy]
11-22 06:34:31.467 14564 14564 I wm_on_create_called: [230117673,com.android.gallery3d.app.GalleryActivity,performCreate]
11-22 06:34:31.469 14564 14564 I wm_on_start_called: [230117673,com.android.gallery3d.app.GalleryActivity,handleStartActivity]
11-22 06:34:31.474 14564 14564 I wm_on_resume_called: [230117673,com.android.gallery3d.app.GalleryActivity,LIFECYCLER_RESUME_ACTIVITY]
11-22 06:34:31.475 14564 14564 I wm_on_paused_called: [230117673,com.android.gallery3d.app.GalleryActivity,performPause]
11-22 06:34:32.391 1489 2851 I wm_relaunch_resume_activity: [0,80491005,158,com.android.gallery3d/.app.MovieActivity]
11-22 06:34:32.391 1489 2851 I wm_relaunch_activity: [0,230117673,158,com.android.gallery3d/.app.GalleryActivity]
11-22 06:34:32.410 14564 14564 I wm_on_top_resumed_lost_called: [80491005,com.android.gallery3d.app.MovieActivity,pausing]
11-22 06:34:32.443 14564 14564 I wm_on_paused_called: [80491005,com.android.gallery3d.app.MovieActivity,performPause]
11-22 06:34:32.444 14564 14564 I wm_on_stop_called: [80491005,com.android.gallery3d.app.MovieActivity,handleRelaunchActivity]
11-22 06:34:32.445 14564 14564 I wm_on_destroy_called: [80491005,com.android.gallery3d.app.MovieActivity,performDestroy]
11-22 06:34:32.467 14564 14564 I wm_on_create_called: [80491005,com.android.gallery3d.app.MovieActivity,performCreate]
11-22 06:34:32.470 14564 14564 I wm_on_start_called: [80491005,com.android.gallery3d.app.MovieActivity,handleStartActivity]
11-22 06:34:32.475 14564 14564 I wm_on_resume_called: [80491005,com.android.gallery3d.app.MovieActivity,RESUME_ACTIVITY]
11-22 06:34:32.475 14564 14564 I wm_on_top_resumed_gained_called: [80491005,com.android.gallery3d.app.MovieActivity,topWhenResuming]
11-22 06:34:32.476 14564 14564 I wm_on_stop_called: [230117673,com.android.gallery3d.app.GalleryActivity,handleRelaunchActivity]
11-22 06:34:32.478 14564 14564 I wm_on_destroy_called: [230117673,com.android.gallery3d.app.GalleryActivity,performDestroy]
11-22 06:34:32.493 14564 14564 I wm_on_create_called: [230117673,com.android.gallery3d.app.GalleryActivity,performCreate]
11-22 06:34:32.494 14564 14564 I wm_on_start_called: [230117673,com.android.gallery3d.app.GalleryActivity,handleStartActivity]
11-22 06:34:32.500 14564 14564 I wm_on_resume_called: [230117673,com.android.gallery3d.app.GalleryActivity,LIFECYCLER_RESUME_ACTIVITY]
11-22 06:34:32.501 14564 14564 I wm_on_paused_called: [230117673,com.android.gallery3d.app.GalleryActivity,performPause]
11-22 06:34:33.540 1489 2839 I wm_relaunch_resume_activity: [0,80491005,158,com.android.gallery3d/.app.MovieActivity]
11-22 06:34:33.541 1489 2839 I wm_relaunch_activity: [0,230117673,158,com.android.gallery3d/.app.GalleryActivity]
11-22 06:34:33.559 14564 14564 I wm_on_top_resumed_lost_called: [80491005,com.android.gallery3d.app.MovieActivity,pausing]
11-22 06:34:33.599 14564 14564 I wm_on_paused_called: [80491005,com.android.gallery3d.app.MovieActivity,performPause]
11-22 06:34:33.605 14564 14564 I wm_on_stop_called: [80491005,com.android.gallery3d.app.MovieActivity,handleRelaunchActivity]
11-22 06:34:33.605 14564 14564 I wm_on_destroy_called: [80491005,com.android.gallery3d.app.MovieActivity,performDestroy]
11-22 06:34:33.625 14564 14564 I wm_on_create_called: [80491005,com.android.gallery3d.app.MovieActivity,performCreate]
11-22 06:34:33.628 14564 14564 I wm_on_start_called: [80491005,com.android.gallery3d.app.MovieActivity,handleStartActivity]
11-22 06:34:33.633 14564 14564 I wm_on_resume_called: [80491005,com.android.gallery3d.app.MovieActivity,RESUME_ACTIVITY]
11-22 06:34:33.633 14564 14564 I wm_on_top_resumed_gained_called: [80491005,com.android.gallery3d.app.MovieActivity,topWhenResuming]
11-22 06:34:33.634 14564 14564 I wm_on_stop_called: [230117673,com.android.gallery3d.app.GalleryActivity,handleRelaunchActivity]
11-22 06:34:33.636 14564 14564 I wm_on_destroy_called: [230117673,com.android.gallery3d.app.GalleryActivity,performDestroy]
11-22 06:34:33.649 14564 14564 I wm_on_create_called: [230117673,com.android.gallery3d.app.GalleryActivity,performCreate]
11-22 06:34:33.651 14564 14564 I wm_on_start_called: [230117673,com.android.gallery3d.app.GalleryActivity,handleStartActivity]
11-22 06:34:33.657 14564 14564 I wm_on_resume_called: [230117673,com.android.gallery3d.app.GalleryActivity,LIFECYCLER_RESUME_ACTIVITY]
11-22 06:34:33.658 14564 14564 I wm_on_paused_called: [230117673,com.android.gallery3d.app.GalleryActivity,performPause]
11-22 06:34:39.262 1489 1650 I am_uid_idle: 10018
11-22 06:34:42.475 1489 1650 I am_uid_idle: 10083
11-22 06:34:44.691 1489 1650 I am_uid_idle: 10068
11-22 06:34:44.702 1489 1650 I am_uid_idle: 10032
11-22 06:35:34.943 1489 1650 I am_uid_idle: 10063
11-22 06:36:04.054 1489 2012 I input_interaction: Interaction with: 3cc67bf com.android.launcher3/com.android.launcher3.uioverrides.QuickstepLauncher (server), 6449bab com.android.systemui.ImageWallpaper (server), edge-swipe (server), swipe-up (server), PointerEventDispatcher0 (server),
11-22 06:36:04.628 2840 2840 I view_enqueue_input_event: [Motion - Cancel,com.android.launcher3/com.android.launcher3.uioverrides.QuickstepLauncher]
11-22 06:36:04.631 1489 2012 I input_interaction: Interaction with: edge-swipe (server), swipe-up (server), PointerEventDispatcher0 (server),
11-22 06:36:04.912 1489 2851 I wm_task_moved: [1,1,8]
11-22 06:36:04.914 1489 2851 I wm_set_resumed_activity: [0,com.android.launcher3/.uioverrides.QuickstepLauncher,positionChildAt]
11-22 06:36:04.914 1489 2851 I wm_task_moved: [10,1,2147483647]
11-22 06:36:04.914 1489 2851 I wm_task_to_front: [0,10]
11-22 06:36:04.914 14564 14564 I wm_on_top_resumed_lost_called: [80491005,com.android.gallery3d.app.MovieActivity,topStateChangedWhenResumed]
11-22 06:36:04.914 1489 2851 I wm_focused_root_task: [0,0,1,158,bringingFoundTaskToFront]
11-22 06:36:04.914 1489 2851 I wm_set_resumed_activity: [0,com.android.launcher3/.uioverrides.QuickstepLauncher,bringingFoundTaskToFront]
11-22 06:36:04.915 1489 2851 I wm_new_intent: [0,168390208,10,com.android.launcher3/.uioverrides.QuickstepLauncher,android.intent.action.MAIN,NULL,NULL,268435712]
11-22 06:36:04.916 1489 2851 I wm_task_moved: [1,1,8]
11-22 06:36:04.916 1489 2851 I wm_set_resumed_activity: [0,com.android.launcher3/.uioverrides.QuickstepLauncher,positionChildAt]
11-22 06:36:04.924 1489 1636 I input_focus: [Focus request 3cc67bf com.android.launcher3/com.android.launcher3.uioverrides.QuickstepLauncher,reason=UpdateInputWindows]
11-22 06:36:04.925 2840 2840 I wm_on_paused_called: [168390208,com.android.launcher3.uioverrides.QuickstepLauncher,performPause]
11-22 06:36:04.931 2840 2840 I wm_on_resume_called: [168390208,com.android.launcher3.uioverrides.QuickstepLauncher,LIFECYCLER_RESUME_ACTIVITY]
11-22 06:36:04.932 2840 2840 I wm_on_top_resumed_gained_called: [168390208,com.android.launcher3.uioverrides.QuickstepLauncher,topStateChangedWhenResumed]
11-22 06:36:04.946 1489 2012 I input_focus: [Focus leaving 8b90a4a com.android.gallery3d/com.android.gallery3d.app.MovieActivity (server),reason=setFocusedWindow]
11-22 06:36:04.946 1489 2012 I input_focus: [Focus entering 3cc67bf com.android.launcher3/com.android.launcher3.uioverrides.QuickstepLauncher (server),reason=setFocusedWindow]
11-22 06:36:04.964 1489 1648 I am_pss : [14564,10069,com.android.gallery3d,74474496,68771840,0,198123520,0,2,10]
11-22 06:36:04.974 1489 1648 I am_pss : [13758,10090,com.android.music,45204480,39759872,0,168935424,0,4,9]
11-22 06:36:05.583 1489 2012 I input_interaction: Interaction with: 8b90a4a com.android.gallery3d/com.android.gallery3d.app.MovieActivity (server), edge-swipe (server), swipe-up (server), PointerEventDispatcher0 (server),
11-22 06:36:05.586 1489 1634 I wm_task_moved: [158,1,8]
11-22 06:36:05.586 1489 1634 I wm_task_to_front: [0,158]
11-22 06:36:05.596 1489 1634 I wm_set_resumed_activity: [0,com.android.gallery3d/.app.MovieActivity,positionChildAt]
11-22 06:36:05.596 1489 1634 I wm_focused_root_task: [0,0,158,1,setFocusedTask]
11-22 06:36:05.596 1489 1634 I wm_set_resumed_activity: [0,com.android.gallery3d/.app.MovieActivity,setFocusedTask]
11-22 06:36:05.599 2840 2840 I wm_on_top_resumed_lost_called: [168390208,com.android.launcher3.uioverrides.QuickstepLauncher,topStateChangedWhenResumed]
11-22 06:36:05.600 1489 1636 I input_focus: [Focus request 8b90a4a com.android.gallery3d/com.android.gallery3d.app.MovieActivity,reason=UpdateInputWindows]
11-22 06:36:05.611 1489 2012 I input_focus: [Focus leaving 3cc67bf com.android.launcher3/com.android.launcher3.uioverrides.QuickstepLauncher (server),reason=setFocusedWindow]
11-22 06:36:05.611 1489 2012 I input_focus: [Focus entering 8b90a4a com.android.gallery3d/com.android.gallery3d.app.MovieActivity (server),reason=setFocusedWindow]
11-22 06:36:05.614 14564 14564 I wm_on_top_resumed_gained_called: [80491005,com.android.gallery3d.app.MovieActivity,topStateChangedWhenResumed]
11-22 06:36:08.678 1489 2851 I wm_finish_activity: [0,80491005,158,com.android.gallery3d/.app.MovieActivity,finish-activity]
11-22 06:36:08.691 1489 2851 I wm_pause_activity: [0,80491005,com.android.gallery3d/.app.MovieActivity,userLeaving=false,finish]
11-22 06:36:08.696 1489 2851 I wm_finish_activity: [0,230117673,158,com.android.gallery3d/.app.GalleryActivity,finish-activity]
11-22 06:36:08.696 1489 2851 I wm_task_moved: [1,1,8]
11-22 06:36:08.699 1489 2851 I wm_set_resumed_activity: [0,com.android.launcher3/.uioverrides.QuickstepLauncher,positionChildAt]
11-22 06:36:08.699 1489 2851 I wm_task_moved: [10,1,2147483647]
11-22 06:36:08.699 1489 2851 I wm_task_to_front: [0,10]
11-22 06:36:08.699 1489 2851 I wm_focused_root_task: [0,0,1,-1,finish-top adjustFocusToNextFocusableTask]
11-22 06:36:08.699 1489 2851 I wm_set_resumed_activity: [0,com.android.launcher3/.uioverrides.QuickstepLauncher,finish-top]
11-22 06:36:08.702 1489 2851 I wm_destroy_activity: [0,230117673,158,com.android.gallery3d/.app.GalleryActivity,finish-imm:finishIfPossible]
11-22 06:36:08.715 14564 14564 I wm_on_top_resumed_lost_called: [80491005,com.android.gallery3d.app.MovieActivity,topStateChangedWhenResumed]
11-22 06:36:08.717 1489 1636 I input_focus: [Focus request 3cc67bf com.android.launcher3/com.android.launcher3.uioverrides.QuickstepLauncher,reason=UpdateInputWindows]
11-22 06:36:08.718 2840 2840 I wm_on_top_resumed_gained_called: [168390208,com.android.launcher3.uioverrides.QuickstepLauncher,topStateChangedWhenResumed]
11-22 06:36:08.719 1489 1634 I sysui_multi_action: [757,803,799,window_time_0,802,100]
11-22 06:36:08.745 14564 14564 I wm_on_paused_called: [80491005,com.android.gallery3d.app.MovieActivity,performPause]
11-22 06:36:08.748 1489 2012 I input_focus: [Focus leaving 8b90a4a com.android.gallery3d/com.android.gallery3d.app.MovieActivity (server),reason=NO_WINDOW]
11-22 06:36:08.748 1489 2012 I input_focus: [Focus entering 3cc67bf com.android.launcher3/com.android.launcher3.uioverrides.QuickstepLauncher (server),reason=setFocusedWindow]
11-22 06:36:08.750 1489 2830 I wm_destroy_activity: [0,80491005,158,com.android.gallery3d/.app.MovieActivity,finish-imm:completePausedLocked]
11-22 06:36:08.764 1489 1634 I sysui_multi_action: [757,803,799,window_time_0,802,0]
11-22 06:36:08.764 14564 14564 I wm_on_stop_called: [230117673,com.android.gallery3d.app.GalleryActivity,LIFECYCLER_STOP_ACTIVITY]
11-22 06:36:08.769 14564 14564 I wm_on_destroy_called: [230117673,com.android.gallery3d.app.GalleryActivity,performDestroy]
11-22 06:36:08.781 1489 1489 I am_uid_active: 10063
11-22 06:36:08.796 14564 14564 I wm_on_stop_called: [80491005,com.android.gallery3d.app.MovieActivity,LIFECYCLER_STOP_ACTIVITY]
11-22 06:36:08.797 14564 14564 I wm_on_destroy_called: [80491005,com.android.gallery3d.app.MovieActivity,performDestroy]
11-22 06:36:08.998 1489 1636 I wm_task_removed: [158,removeChild:removeChild last r=ActivityRecord{db75129 u0 com.android.gallery3d/.app.GalleryActivity t-1 f}} in t=Task{98cbc62 #158 type=standard A=10069:com.android.gallery3d U=0 visible=false mode=freeform translucent=true sz=0}]
11-22 06:36:08.998 1489 1636 I wm_task_removed: [158,removeChild]
11-22 06:36:09.946 1489 2012 I input_interaction: Interaction with: 3cc67bf com.android.launcher3/com.android.launcher3.uioverrides.QuickstepLauncher (server), 6449bab com.android.systemui.ImageWallpaper (server), edge-swipe (server), swipe-up (server), PointerEventDispatcher0 (server),
11-22 06:36:10.058 2840 2840 I view_enqueue_input_event: [Motion - Cancel,com.android.launcher3/com.android.launcher3.uioverrides.QuickstepLauncher]
11-22 06:36:10.064 1489 2012 I input_interaction: Interaction with: edge-swipe (server), swipe-up (server), PointerEventDispatcher0 (server),
11-22 06:36:10.227 1489 1751 I commit_sys_config_file: [settings-1-0,4]
11-22 06:36:10.554 1489 1751 I commit_sys_config_file: [settings-1-0,4]
11-22 06:36:12.653 1489 2012 I input_interaction: Interaction with: 3cc67bf com.android.launcher3/com.android.launcher3.uioverrides.QuickstepLauncher (server), 6449bab com.android.systemui.ImageWallpaper (server), edge-swipe (server), swipe-up (server), PointerEventDispatcher0 (server),
11-22 06:36:13.197 1489 1634 I am_kill : [0,14577,com.android.calendar,900,remove task]
11-22 06:36:13.201 1489 1634 I sysui_multi_action: [757,803,799,window_time_0,802,4]
11-22 06:36:13.267 1489 5394 I am_proc_died: [0,14577,com.android.calendar,900,18]
11-22 06:36:13.268 1489 5394 I am_uid_stopped: 10068
11-22 06:36:13.273 1489 1634 I am_uid_running: 10068
11-22 06:36:13.283 1489 1651 I am_proc_start: [0,15145,10068,com.android.calendar,NULL,]
11-22 06:36:13.323 1489 2851 I am_proc_bound: [0,15145,com.android.calendar]
11-22 06:36:13.749 1489 1634 I am_kill : [0,14564,com.android.gallery3d,900,remove task]
11-22 06:36:13.753 1489 1634 I sysui_multi_action: [757,803,799,window_time_0,802,1]
11-22 06:36:13.799 1489 8738 I am_proc_died: [0,14564,com.android.gallery3d,900,18]
11-22 06:36:13.799 1489 8738 I am_uid_stopped: 10069
11-22 06:36:13.810 1489 1634 I am_uid_running: 10069
11-22 06:36:13.826 1489 1651 I am_proc_start: [0,15162,10069,com.android.gallery3d,NULL,]
11-22 06:36:13.857 1489 8738 I am_proc_bound: [0,15162,com.android.gallery3d]
11-22 06:36:14.628 1489 8738 I wm_finish_activity: [0,92581220,154,com.android.music/.MusicBrowserActivity,recent-task-trimmed]
11-22 06:36:14.632 1489 8738 I wm_destroy_activity: [0,92581220,154,com.android.music/.MusicBrowserActivity,finish-imm:finishIfPossible]
11-22 06:36:14.638 1489 8738 I wm_finish_activity: [0,231639813,155,com.android.settings/.Settings,recent-task-trimmed]
11-22 06:36:14.639 1489 8738 I wm_destroy_activity: [0,231639813,155,com.android.settings/.Settings,finish-imm:finishIfPossible]
11-22 06:36:14.645 1489 1634 I sysui_multi_action: [757,803,799,window_time_0,802,1]
11-22 06:36:14.659 1489 1634 I am_kill : [0,14639,com.android.settings,905,remove task]
11-22 06:36:14.662 1489 1634 I sysui_multi_action: [757,803,799,window_time_0,802,0]
11-22 06:36:14.668 13758 13758 I wm_on_destroy_called: [92581220,com.android.music.MusicBrowserActivity,performDestroy]
11-22 06:36:14.676 1489 8738 I wm_task_removed: [154,removeChild:removeChild last r=ActivityRecord{584ad64 u0 com.android.music/.MusicBrowserActivity t-1 f}} in t=Task{85be701 #154 type=standard A=10090:android.task.music U=0 visible=false mode=fullscreen translucent=true sz=0}]
11-22 06:36:14.676 1489 8738 I wm_task_removed: [154,removeChild]
11-22 06:36:14.723 1489 2830 I am_proc_died: [0,14639,com.android.settings,905,19]
11-22 06:36:14.728 1489 2830 I wm_task_removed: [155,removeChild:removeChild last r=ActivityRecord{dce8b05 u0 com.android.settings/.Settings t-1 f}} in t=Task{24550b9 #155 type=standard A=1000:com.android.settings.root U=0 visible=false mode=fullscreen translucent=true sz=0}]
11-22 06:36:14.728 1489 2830 I wm_task_removed: [155,removeChild]
11-22 06:36:14.755 1489 1651 I am_proc_start: [0,15178,1000,com.android.settings,NULL,]
11-22 06:36:14.788 1489 2461 I am_proc_bound: [0,15178,com.android.settings]
11-22 06:36:15.384 1489 2851 I wm_task_created: [159,-1]
11-22 06:36:15.391 1489 2851 I wm_task_moved: [159,1,6]
11-22 06:36:15.391 1489 2851 I wm_task_to_front: [0,159]
11-22 06:36:15.392 1489 2851 I wm_create_task: [0,159]
11-22 06:36:15.392 1489 2851 I wm_create_activity: [0,74517129,159,com.android.settings/.Settings,android.intent.action.MAIN,NULL,NULL,270532608]
11-22 06:36:15.392 1489 2851 I wm_task_moved: [159,1,6]
11-22 06:36:15.393 1489 2851 I wm_pause_activity: [0,168390208,com.android.launcher3/.uioverrides.QuickstepLauncher,userLeaving=true,pauseBackTasks]
11-22 06:36:15.413 2840 2840 I wm_on_top_resumed_lost_called: [168390208,com.android.launcher3.uioverrides.QuickstepLauncher,topStateChangedWhenResumed]
11-22 06:36:15.413 2840 2840 I wm_on_paused_called: [168390208,com.android.launcher3.uioverrides.QuickstepLauncher,performPause]
11-22 06:36:15.414 1489 2851 I wm_add_to_stopping: [0,168390208,com.android.launcher3/.uioverrides.QuickstepLauncher,makeInvisible]
11-22 06:36:15.415 1489 2851 I wm_restart_activity: [0,74517129,159,com.android.settings/.Settings]
11-22 06:36:15.415 1489 2851 I wm_set_resumed_activity: [0,com.android.settings/.Settings,minimalResumeActivityLocked]
11-22 06:36:15.426 1489 1634 I sysui_multi_action: [757,803,799,window_time_0,802,0]
11-22 06:36:15.448 1489 2012 I input_focus: [Focus leaving 3cc67bf com.android.launcher3/com.android.launcher3.uioverrides.QuickstepLauncher (server),reason=NO_WINDOW]
11-22 06:36:15.451 1489 2461 I am_uid_active: 10083
11-22 06:36:15.457 15178 15178 I wm_on_create_called: [74517129,com.android.settings.Settings,performCreate]
11-22 06:36:15.481 15178 15178 I wm_on_start_called: [74517129,com.android.settings.Settings,handleStartActivity]
11-22 06:36:15.481 15178 15178 I snet_event_log: [120484087,-1,]
11-22 06:36:15.482 15178 15178 I wm_on_resume_called: [74517129,com.android.settings.Settings,RESUME_ACTIVITY]
11-22 06:36:15.483 15178 15178 I sysui_multi_action: [757,35,758,1,833,0,1089,25]
11-22 06:36:15.488 15178 15178 I sysui_multi_action: [757,1729,758,4,854,isParalleledControllers:false,1089,30]
11-22 06:36:15.494 15178 15178 I wm_on_top_resumed_gained_called: [74517129,com.android.settings.Settings,topStateChangedWhenResumed]
11-22 06:36:15.521 1489 1636 I input_focus: [Focus request d928169 com.android.settings/com.android.settings.Settings,reason=UpdateInputWindows]
11-22 06:36:15.554 1489 1636 I sysui_multi_action: [324,1,757,1090,758,12,806,com.android.settings,871,com.android.settings.Settings,1091,182]
11-22 06:36:15.561 1489 1631 I sysui_multi_action: [319,72,321,70,322,182,325,13163,757,761,758,8,759,1,806,com.android.settings,871,com.android.settings.Settings,904,com.android.launcher3,905,0,1320,8,1321,5]
11-22 06:36:15.563 1489 1631 I wm_activity_launch_time: [0,74517129,com.android.settings/.Settings,182]
11-22 06:36:15.565 1489 2012 I input_focus: [Focus entering d928169 com.android.settings/com.android.settings.Settings (server),reason=Window became focusable. Previous reason: NOT_VISIBLE]
11-22 06:36:15.623 15178 15178 W CarrierConfigManager: Error getting config for subId -1 ICarrierConfigLoader is null
11-22 06:36:15.673 15178 15178 I sysui_multi_action: [757,746,758,1,833,0,1089,76]
11-22 06:36:15.674 1489 2851 D TelephonyRegistry: listen oscl: mHasNotifySubscriptionInfoChangedOccurred==false no callback
11-22 06:36:15.680 1489 2851 D TelephonyRegistry: listen oscl: mHasNotifySubscriptionInfoChangedOccurred==false no callback
11-22 06:36:15.688 15178 15178 I sysui_multi_action: [757,1729,758,4,854,isParalleledControllers:false,1089,91]
11-22 06:36:15.991 1489 1634 I wm_stop_activity: [0,168390208,com.android.launcher3/.uioverrides.QuickstepLauncher]
11-22 06:36:16.015 2840 2840 I wm_on_stop_called: [168390208,com.android.launcher3.uioverrides.QuickstepLauncher,STOP_ACTIVITY_ITEM]
11-22 06:36:16.490 1489 2012 I input_interaction: Interaction with: d928169 com.android.settings/com.android.settings.Settings (server), edge-swipe (server), swipe-up (server), PointerEventDispatcher0 (server),
11-22 06:36:16.515 1489 2461 I wm_task_moved: [1,0,0]
11-22 06:36:16.516 15178 15178 I view_enqueue_input_event: [Motion - Cancel,com.android.settings/com.android.settings.Settings]
11-22 06:36:16.516 1489 2461 I wm_task_moved: [1,0,5]
11-22 06:36:16.523 1489 2012 I input_interaction: Interaction with: edge-swipe (server), swipe-up (server), PointerEventDispatcher0 (server),
11-22 06:36:16.531 2840 2840 I wm_on_restart_called: [168390208,com.android.launcher3.uioverrides.QuickstepLauncher,performRestartActivity]
11-22 06:36:16.546 2840 2840 I wm_on_start_called: [168390208,com.android.launcher3.uioverrides.QuickstepLauncher,handleStartActivity]
11-22 06:36:16.548 1489 1636 I input_focus: [Focus request recents_animation_input_consumer,reason=UpdateInputWindows]
11-22 06:36:16.561 2840 2840 I sysui_latency: [1,75]
11-22 06:36:16.567 1489 2012 I input_focus: [Focus leaving d928169 com.android.settings/com.android.settings.Settings (server),reason=NOT_FOCUSABLE]
11-22 06:36:16.567 1489 2012 I input_focus: [Focus entering recents_animation_input_consumer (server),reason=setFocusedWindow]
11-22 06:36:16.577 1489 1631 I sysui_multi_action: [319,15,322,54,325,13165,757,761,758,9,759,5,806,com.android.launcher3,871,com.android.launcher3.uioverrides.QuickstepLauncher,905,0,1320,8,1321,5]
11-22 06:36:16.747 1489 1751 I commit_sys_config_file: [settings-1-0,4]
11-22 06:36:16.872 1489 1648 I sysui_latency: [8,74]
11-22 06:36:17.310 1489 2830 I wm_task_moved: [1,1,6]
11-22 06:36:17.311 1489 2830 I wm_task_moved: [10,1,2147483647]
11-22 06:36:17.311 1489 2830 I wm_task_to_front: [0,10]
11-22 06:36:17.311 1489 2830 I wm_focused_root_task: [0,0,1,159,RecentsAnimation.onAnimationFinished()]
11-22 06:36:17.311 1489 2830 I wm_set_resumed_activity: [0,com.android.launcher3/.uioverrides.QuickstepLauncher,RecentsAnimation.onAnimationFinished()]
11-22 06:36:17.313 1489 2830 I wm_pause_activity: [0,74517129,com.android.settings/.Settings,userLeaving=true,pauseBackTasks]
11-22 06:36:17.314 1489 2830 I wm_add_to_stopping: [0,74517129,com.android.settings/.Settings,makeInvisible]
11-22 06:36:17.315 1489 2830 I wm_set_resumed_activity: [0,com.android.launcher3/.uioverrides.QuickstepLauncher,resumeTopActivityInnerLocked]
11-22 06:36:17.316 1489 2830 I wm_resume_activity: [0,168390208,10,com.android.launcher3/.uioverrides.QuickstepLauncher]
11-22 06:36:17.321 15178 15178 I wm_on_top_resumed_lost_called: [74517129,com.android.settings.Settings,topStateChangedWhenResumed]
11-22 06:36:17.321 2840 2840 I wm_on_resume_called: [168390208,com.android.launcher3.uioverrides.QuickstepLauncher,RESUME_ACTIVITY]
11-22 06:36:17.324 1489 1636 I input_focus: [Focus request 3cc67bf com.android.launcher3/com.android.launcher3.uioverrides.QuickstepLauncher,reason=UpdateInputWindows]
11-22 06:36:17.328 15178 15178 I sysui_multi_action: [757,35,758,2,1089,1845]
11-22 06:36:17.329 2840 2840 I wm_on_top_resumed_gained_called: [168390208,com.android.launcher3.uioverrides.QuickstepLauncher,topStateChangedWhenResumed]
11-22 06:36:17.331 1489 1634 I wm_stop_activity: [0,74517129,com.android.settings/.Settings]
11-22 06:36:17.331 1489 1634 I sysui_multi_action: [757,803,799,window_time_0,802,2]
11-22 06:36:17.332 1489 1634 I sysui_multi_action: [757,803,799,window_time_0,802,0]
11-22 06:36:17.332 15178 15178 I sysui_multi_action: [757,746,758,2,1089,1659]
11-22 06:36:17.336 1489 2012 I input_focus: [Focus leaving recents_animation_input_consumer (server),reason=NOT_VISIBLE]
11-22 06:36:17.336 1489 2012 I input_focus: [Focus entering 3cc67bf com.android.launcher3/com.android.launcher3.uioverrides.QuickstepLauncher (server),reason=setFocusedWindow]
11-22 06:36:17.337 15178 15178 I wm_on_paused_called: [74517129,com.android.settings.Settings,performPause]
11-22 06:36:17.344 15178 15178 I wm_on_stop_called: [74517129,com.android.settings.Settings,STOP_ACTIVITY_ITEM]
11-22 06:36:17.651 1489 2012 I input_interaction: Interaction with: 3cc67bf com.android.launcher3/com.android.launcher3.uioverrides.QuickstepLauncher (server), 6449bab com.android.systemui.ImageWallpaper (server), edge-swipe (server), swipe-up (server), PointerEventDispatcher0 (server),
11-22 06:36:17.750 1489 5394 I wm_task_created: [160,-1]
11-22 06:36:17.756 1489 5394 I wm_task_moved: [160,1,7]
11-22 06:36:17.757 1489 5394 I wm_task_to_front: [0,160]
11-22 06:36:17.757 1489 5394 I wm_create_task: [0,160]
11-22 06:36:17.757 1489 5394 I wm_create_activity: [0,254734742,160,com.android.music/.MusicBrowserActivity,android.intent.action.MAIN,NULL,NULL,270532608]
11-22 06:36:17.757 1489 5394 I wm_task_moved: [160,1,7]
11-22 06:36:17.760 1489 5394 I wm_pause_activity: [0,168390208,com.android.launcher3/.uioverrides.QuickstepLauncher,userLeaving=true,pauseBackTasks]
11-22 06:36:17.768 2840 2840 I wm_on_top_resumed_lost_called: [168390208,com.android.launcher3.uioverrides.QuickstepLauncher,topStateChangedWhenResumed]
11-22 06:36:17.772 2840 2840 I wm_on_paused_called: [168390208,com.android.launcher3.uioverrides.QuickstepLauncher,performPause]
11-22 06:36:17.774 1489 5394 I wm_add_to_stopping: [0,168390208,com.android.launcher3/.uioverrides.QuickstepLauncher,makeInvisible]
11-22 06:36:17.775 1489 5394 I wm_restart_activity: [0,254734742,160,com.android.music/.MusicBrowserActivity]
11-22 06:36:17.777 1489 5394 I wm_set_resumed_activity: [0,com.android.music/.MusicBrowserActivity,minimalResumeActivityLocked]
11-22 06:36:17.785 1489 1634 I sysui_multi_action: [757,803,799,window_time_0,802,1]
11-22 06:36:17.805 13758 13758 I wm_on_create_called: [254734742,com.android.music.MusicBrowserActivity,performCreate]
11-22 06:36:17.807 1489 2012 I input_focus: [Focus leaving 3cc67bf com.android.launcher3/com.android.launcher3.uioverrides.QuickstepLauncher (server),reason=NO_WINDOW]
11-22 06:36:17.818 13758 13758 I wm_on_start_called: [254734742,com.android.music.MusicBrowserActivity,handleStartActivity]
11-22 06:36:17.818 13758 13758 I wm_on_resume_called: [254734742,com.android.music.MusicBrowserActivity,RESUME_ACTIVITY]
11-22 06:36:17.822 13758 13758 I wm_on_top_resumed_gained_called: [254734742,com.android.music.MusicBrowserActivity,topStateChangedWhenResumed]
11-22 06:36:17.841 1489 1489 I notification_enqueue: [10090,13758,com.android.music,1,NULL,0,Notification(channel=Channel-music shortcut=null contentView=null vibrate=null sound=null defaults=0x0 flags=0x40 color=0x00000000 category=transport actions=4 vis=PRIVATE),1]
11-22 06:36:17.848 1489 1489 I notification_enqueue: [10090,13758,com.android.music,1,NULL,0,Notification(channel=Channel-music shortcut=null contentView=null vibrate=null sound=null defaults=0x0 flags=0x40 color=0x00000000 category=transport actions=4 vis=PRIVATE),1]
11-22 06:36:17.860 1489 1489 I notification_enqueue: [10090,13758,com.android.music,1,NULL,0,Notification(channel=Channel-music shortcut=null contentView=null vibrate=null sound=null defaults=0x0 flags=0x40 color=0x00000000 category=transport actions=4 vis=PRIVATE),1]
11-22 06:36:17.862 1489 1489 I notification_enqueue: [10090,13758,com.android.music,1,NULL,0,Notification(channel=Channel-music shortcut=null contentView=null vibrate=null sound=null defaults=0x0 flags=0x40 color=0x00000000 category=transport actions=4 vis=PRIVATE),1]
11-22 06:36:17.884 1489 1636 I input_focus: [Focus request e4d6def com.android.music/com.android.music.MusicBrowserActivity,reason=UpdateInputWindows]
11-22 06:36:17.910 1489 1631 I sysui_multi_action: [319,69,321,67,322,158,325,13166,757,761,758,8,759,1,806,com.android.music,871,com.android.music.MusicBrowserActivity,904,com.android.launcher3,905,0,1320,4,1321,1]
11-22 06:36:17.911 1489 1631 I wm_activity_launch_time: [0,254734742,com.android.music/.MusicBrowserActivity,158]
11-22 06:36:17.922 1489 2012 I input_focus: [Focus entering e4d6def com.android.music/com.android.music.MusicBrowserActivity (server),reason=Window became focusable. Previous reason: NOT_VISIBLE]
11-22 06:36:18.342 1489 1634 I wm_stop_activity: [0,168390208,com.android.launcher3/.uioverrides.QuickstepLauncher]
11-22 06:36:18.378 2840 2840 I wm_on_stop_called: [168390208,com.android.launcher3.uioverrides.QuickstepLauncher,STOP_ACTIVITY_ITEM]
11-22 06:36:19.464 1489 2012 I input_interaction: Interaction with: e4d6def com.android.music/com.android.music.MusicBrowserActivity (server), edge-swipe (server), swipe-up (server), PointerEventDispatcher0 (server),
11-22 06:36:19.484 1489 2461 I wm_task_moved: [1,0,0]
11-22 06:36:19.485 1489 2461 I wm_task_moved: [1,0,6]
11-22 06:36:19.510 2840 2840 I wm_on_restart_called: [168390208,com.android.launcher3.uioverrides.QuickstepLauncher,performRestartActivity]
11-22 06:36:19.543 2840 2840 I wm_on_start_called: [168390208,com.android.launcher3.uioverrides.QuickstepLauncher,handleStartActivity]
11-22 06:36:19.565 1489 1631 I sysui_multi_action: [319,13,322,75,325,13168,757,761,758,9,759,5,806,com.android.launcher3,871,com.android.launcher3.uioverrides.QuickstepLauncher,905,0,1320,8,1321,5]
11-22 06:36:19.603 13758 13758 I view_enqueue_input_event: [Motion - Cancel,com.android.music/com.android.music.MusicBrowserActivity]
11-22 06:36:19.604 2840 2840 I sysui_latency: [1,89]
11-22 06:36:19.615 1489 1636 I input_focus: [Focus request recents_animation_input_consumer,reason=UpdateInputWindows]
11-22 06:36:19.621 1489 2012 I input_interaction: Interaction with: edge-swipe (server), swipe-up (server), PointerEventDispatcher0 (server),
11-22 06:36:19.641 1489 2012 I input_focus: [Focus leaving e4d6def com.android.music/com.android.music.MusicBrowserActivity (server),reason=NOT_FOCUSABLE]
11-22 06:36:19.642 1489 2012 I input_focus: [Focus entering recents_animation_input_consumer (server),reason=setFocusedWindow]
11-22 06:36:19.747 1489 1751 I commit_sys_config_file: [settings-1-0,4]
11-22 06:36:19.862 1489 1648 I sysui_latency: [8,89]
11-22 06:36:20.576 1489 1751 I commit_sys_config_file: [settings-1-0,4]
11-22 06:36:21.663 1489 2012 I input_interaction: Interaction with: 3cc67bf com.android.launcher3/com.android.launcher3.uioverrides.QuickstepLauncher (server), edge-swipe (server), swipe-up (server), PointerEventDispatcher0 (server),
11-22 06:36:21.832 1489 5394 I wm_task_moved: [1,1,7]
11-22 06:36:21.834 1489 5394 I wm_focused_root_task: [0,0,1,160,startActivityFromRecents]
11-22 06:36:21.834 13758 13758 I wm_on_top_resumed_lost_called: [254734742,com.android.music.MusicBrowserActivity,topStateChangedWhenResumed]
11-22 06:36:21.835 1489 5394 I wm_task_moved: [160,1,7]
11-22 06:36:21.836 1489 5394 I wm_set_resumed_activity: [0,com.android.music/.MusicBrowserActivity,positionChildAt]
11-22 06:36:21.836 1489 5394 I wm_focused_root_task: [0,0,160,1,moveTaskToFront findTaskToMoveToFront]
11-22 06:36:21.836 1489 5394 I wm_set_resumed_activity: [0,com.android.music/.MusicBrowserActivity,moveTaskToFront findTaskToMoveToFront]
11-22 06:36:21.844 1489 1634 I wm_relaunch_resume_activity: [0,254734742,160,com.android.music/.MusicBrowserActivity]
11-22 06:36:21.868 13758 13758 I wm_on_paused_called: [254734742,com.android.music.MusicBrowserActivity,performPause]
11-22 06:36:21.870 13758 13758 I wm_on_stop_called: [254734742,com.android.music.MusicBrowserActivity,handleRelaunchActivity]
11-22 06:36:21.872 13758 13758 I wm_on_destroy_called: [254734742,com.android.music.MusicBrowserActivity,performDestroy]
11-22 06:36:21.893 13758 13758 I wm_on_create_called: [254734742,com.android.music.MusicBrowserActivity,performCreate]
11-22 06:36:21.903 13758 13758 I wm_on_start_called: [254734742,com.android.music.MusicBrowserActivity,handleStartActivity]
11-22 06:36:21.903 13758 13758 I wm_on_resume_called: [254734742,com.android.music.MusicBrowserActivity,RESUME_ACTIVITY]
11-22 06:36:21.905 13758 13758 I wm_on_top_resumed_gained_called: [254734742,com.android.music.MusicBrowserActivity,topStateChangedWhenResumed]
11-22 06:36:21.932 1489 1489 I notification_enqueue: [10090,13758,com.android.music,1,NULL,0,Notification(channel=Channel-music shortcut=null contentView=null vibrate=null sound=null defaults=0x0 flags=0x40 color=0x00000000 category=transport actions=4 vis=PRIVATE),1]
11-22 06:36:21.936 1489 1489 I notification_enqueue: [10090,13758,com.android.music,1,NULL,0,Notification(channel=Channel-music shortcut=null contentView=null vibrate=null sound=null defaults=0x0 flags=0x40 color=0x00000000 category=transport actions=4 vis=PRIVATE),1]
11-22 06:36:21.954 1489 1489 I notification_enqueue: [10090,13758,com.android.music,1,NULL,0,Notification(channel=Channel-music shortcut=null contentView=null vibrate=null sound=null defaults=0x0 flags=0x40 color=0x00000000 category=transport actions=4 vis=PRIVATE),1]
11-22 06:36:21.955 1489 1489 I notification_enqueue: [10090,13758,com.android.music,1,NULL,0,Notification(channel=Channel-music shortcut=null contentView=null vibrate=null sound=null defaults=0x0 flags=0x40 color=0x00000000 category=transport actions=4 vis=PRIVATE),1]
11-22 06:36:21.970 1489 1489 I notification_enqueue: [10090,13758,com.android.music,1,NULL,0,Notification(channel=Channel-music shortcut=null contentView=null vibrate=null sound=null defaults=0x0 flags=0x40 color=0x00000000 category=transport actions=4 vis=PRIVATE),1]
11-22 06:36:21.972 1489 1489 I notification_enqueue: [10090,13758,com.android.music,1,NULL,0,Notification(channel=Channel-music shortcut=null contentView=null vibrate=null sound=null defaults=0x0 flags=0x40 color=0x00000000 category=transport actions=4 vis=PRIVATE),1]
11-22 06:36:22.267 1489 8738 I wm_task_moved: [1,1,7]
11-22 06:36:22.268 1489 8738 I wm_task_moved: [10,1,2147483647]
11-22 06:36:22.268 1489 8738 I wm_task_to_front: [0,10]
11-22 06:36:22.268 1489 8738 I wm_focused_root_task: [0,0,1,160,RecentsAnimation.onAnimationFinished()]
11-22 06:36:22.268 1489 8738 I wm_set_resumed_activity: [0,com.android.launcher3/.uioverrides.QuickstepLauncher,RecentsAnimation.onAnimationFinished()]
11-22 06:36:22.269 1489 8738 I wm_set_resumed_activity: [0,com.android.launcher3/.uioverrides.QuickstepLauncher,resumeTopActivityInnerLocked]
11-22 06:36:22.271 1489 8738 I wm_resume_activity: [0,168390208,10,com.android.launcher3/.uioverrides.QuickstepLauncher]
11-22 06:36:22.277 1489 1636 I input_focus: [Focus request 3cc67bf com.android.launcher3/com.android.launcher3.uioverrides.QuickstepLauncher,reason=UpdateInputWindows]
11-22 06:36:22.278 1489 1634 I sysui_multi_action: [757,803,799,window_time_0,802,4]
11-22 06:36:22.284 1489 2012 I input_focus: [Focus leaving recents_animation_input_consumer (server),reason=NOT_VISIBLE]
11-22 06:36:22.284 1489 2012 I input_focus: [Focus entering 3cc67bf com.android.launcher3/com.android.launcher3.uioverrides.QuickstepLauncher (server),reason=setFocusedWindow]
11-22 06:36:22.285 2840 2840 I wm_on_resume_called: [168390208,com.android.launcher3.uioverrides.QuickstepLauncher,RESUME_ACTIVITY]
11-22 06:36:22.298 13758 13758 I wm_on_top_resumed_lost_called: [254734742,com.android.music.MusicBrowserActivity,topStateChangedWhenResumed]
11-22 06:36:22.322 2840 2840 I wm_on_top_resumed_gained_called: [168390208,com.android.launcher3.uioverrides.QuickstepLauncher,topStateChangedWhenResumed]
11-22 06:36:37.672 1489 1752 I am_freeze: [13760,com.android.soundrecorder]
11-22 06:36:37.673 1489 1752 I am_kill : [0,13760,com.android.soundrecorder,955,Unable to freeze binder interface]
11-22 06:36:37.701 1489 5394 I am_proc_died: [0,13760,com.android.soundrecorder,955,19]
11-22 06:36:37.702 1489 5394 I am_uid_stopped: 10060
11-22 06:36:37.707 1489 1634 I am_uid_running: 10060
11-22 06:36:37.714 1489 1648 I am_pss : [15178,1000,com.android.settings,39761920,29188096,0,169521152,0,15,8]
11-22 06:36:37.719 1489 1648 I am_pss : [15162,10069,com.android.gallery3d,7647232,5271552,0,93372416,0,19,5]
11-22 06:36:37.724 1489 1651 I am_proc_start: [0,15266,10060,com.android.soundrecorder,NULL,]
11-22 06:36:37.725 1489 1648 I am_pss : [15145,10068,com.android.calendar,6724608,4919296,0,92274688,0,19,4]
11-22 06:36:37.755 1489 1947 I am_proc_bound: [0,15266,com.android.soundrecorder]
11-22 06:37:17.341 1489 1650 I am_uid_idle: 10083
11-22 06:37:24.413 1489 1650 I am_uid_idle: 10063
11-22 06:37:30.712 1489 1752 I am_freeze: [10138,com.thundercomm.screensaver]
11-22 06:37:30.714 1489 1752 I am_kill : [0,10138,com.thundercomm.screensaver,945,Unable to freeze binder interface]
11-22 06:37:30.771 1489 1949 I am_proc_died: [0,10138,com.thundercomm.screensaver,945,19]
11-22 06:37:30.773 1489 1949 I am_uid_stopped: 10051
11-22 06:37:30.792 1489 1648 I am_pss : [15178,1000,com.android.settings,39970816,29192192,0,169525248,0,15,11]
11-22 06:37:30.804 1489 1648 I am_pss : [15266,10060,com.android.soundrecorder,5641216,3801088,0,89587712,0,19,7]
11-22 06:37:30.811 1489 1648 I am_pss : [15162,10069,com.android.gallery3d,7664640,5271552,0,93372416,0,19,6]
11-22 06:37:30.816 1489 1648 I am_pss : [15145,10068,com.android.calendar,6748160,4919296,0,92274688,0,19,5]
11-22 06:41:47.123 1489 2012 I input_interaction: Interaction with: e4d6def com.android.music/com.android.music.MusicBrowserActivity (server), edge-swipe (server), swipe-up (server), PointerEventDispatcher0 (server),
11-22 06:41:47.127 1489 1634 I wm_task_moved: [160,1,7]
11-22 06:41:47.127 1489 1634 I wm_task_to_front: [0,160]
11-22 06:41:47.137 1489 1634 I wm_set_resumed_activity: [0,com.android.music/.MusicBrowserActivity,positionChildAt]
11-22 06:41:47.137 1489 1634 I wm_focused_root_task: [0,0,160,1,setFocusedTask]
11-22 06:41:47.137 1489 1634 I wm_set_resumed_activity: [0,com.android.music/.MusicBrowserActivity,setFocusedTask]
11-22 06:41:47.139 1489 1636 I input_focus: [Focus request e4d6def com.android.music/com.android.music.MusicBrowserActivity,reason=UpdateInputWindows]
11-22 06:41:47.139 2840 2840 I wm_on_top_resumed_lost_called: [168390208,com.android.launcher3.uioverrides.QuickstepLauncher,topStateChangedWhenResumed]
11-22 06:41:47.140 13758 13758 I wm_on_top_resumed_gained_called: [254734742,com.android.music.MusicBrowserActivity,topStateChangedWhenResumed]
11-22 06:41:47.163 1489 2012 I input_focus: [Focus leaving 3cc67bf com.android.launcher3/com.android.launcher3.uioverrides.QuickstepLauncher (server),reason=setFocusedWindow]
11-22 06:41:47.164 1489 2012 I input_focus: [Focus entering e4d6def com.android.music/com.android.music.MusicBrowserActivity (server),reason=setFocusedWindow]
11-22 06:41:47.225 1489 1949 I wm_finish_activity: [0,254734742,160,com.android.music/.MusicBrowserActivity,finish-activity]
11-22 06:41:47.225 1489 1949 I wm_task_moved: [1,1,7]
11-22 06:41:47.227 1489 1949 I wm_set_resumed_activity: [0,com.android.launcher3/.uioverrides.QuickstepLauncher,positionChildAt]
11-22 06:41:47.227 1489 1949 I wm_task_moved: [10,1,2147483647]
11-22 06:41:47.227 1489 1949 I wm_task_to_front: [0,10]
11-22 06:41:47.227 1489 1949 I wm_focused_root_task: [0,0,1,-1,finish-top adjustFocusToNextFocusableTask]
11-22 06:41:47.227 1489 1949 I wm_set_resumed_activity: [0,com.android.launcher3/.uioverrides.QuickstepLauncher,finish-top]
11-22 06:41:47.242 1489 1949 I wm_pause_activity: [0,254734742,com.android.music/.MusicBrowserActivity,userLeaving=false,finish]
11-22 06:41:47.248 1489 1636 I input_focus: [Focus request 3cc67bf com.android.launcher3/com.android.launcher3.uioverrides.QuickstepLauncher,reason=UpdateInputWindows]
11-22 06:41:47.250 13758 13758 I wm_on_top_resumed_lost_called: [254734742,com.android.music.MusicBrowserActivity,topStateChangedWhenResumed]
11-22 06:41:47.251 2840 2840 I wm_on_top_resumed_gained_called: [168390208,com.android.launcher3.uioverrides.QuickstepLauncher,topStateChangedWhenResumed]
11-22 06:41:47.256 1489 1634 I sysui_multi_action: [757,803,799,window_time_0,802,325]
11-22 06:41:47.256 13758 13758 I wm_on_paused_called: [254734742,com.android.music.MusicBrowserActivity,performPause]
11-22 06:41:47.258 1489 1949 I wm_destroy_activity: [0,254734742,160,com.android.music/.MusicBrowserActivity,finish-imm:completePausedLocked]
11-22 06:41:47.265 1489 2012 I input_focus: [Focus leaving e4d6def com.android.music/com.android.music.MusicBrowserActivity (server),reason=NO_WINDOW]
11-22 06:41:47.265 1489 2012 I input_focus: [Focus entering 3cc67bf com.android.launcher3/com.android.launcher3.uioverrides.QuickstepLauncher (server),reason=setFocusedWindow]
11-22 06:41:47.267 1489 1634 I sysui_multi_action: [757,803,799,window_time_0,802,0]
11-22 06:41:47.297 13758 13758 I wm_on_stop_called: [254734742,com.android.music.MusicBrowserActivity,LIFECYCLER_STOP_ACTIVITY]
11-22 06:41:47.302 13758 13758 I wm_on_destroy_called: [254734742,com.android.music.MusicBrowserActivity,performDestroy]
11-22 06:41:47.396 1489 1489 I am_uid_active: 10063
11-22 06:41:47.561 1489 1636 I wm_task_removed: [160,removeChild:removeChild last r=ActivityRecord{f2ef196 u0 com.android.music/.MusicBrowserActivity t-1 f}} in t=Task{97093a3 #160 type=standard A=10090:android.task.music U=0 visible=false mode=freeform translucent=true sz=0}]
11-22 06:41:47.561 1489 1636 I wm_task_removed: [160,removeChild]
11-22 06:41:47.952 1489 2012 I input_interaction: Interaction with: 3cc67bf com.android.launcher3/com.android.launcher3.uioverrides.QuickstepLauncher (server), 6449bab com.android.systemui.ImageWallpaper (server), edge-swipe (server), swipe-up (server), PointerEventDispatcher0 (server),
11-22 06:41:55.287 1489 7615 I wm_task_created: [161,-1]
11-22 06:41:55.293 1489 7615 I service_manager_stats: [100,90,463942]
11-22 06:41:55.297 1489 7615 I wm_task_moved: [161,1,7]
11-22 06:41:55.297 1489 7615 I wm_task_to_front: [0,161]
11-22 06:41:55.298 1489 7615 I wm_create_task: [0,161]
11-22 06:41:55.298 1489 7615 I wm_create_activity: [0,55189197,161,com.android.gallery3d/.app.GalleryActivity,android.intent.action.MAIN,NULL,NULL,270532608]
11-22 06:41:55.298 1489 7615 I wm_task_moved: [161,1,7]
11-22 06:41:55.305 1489 7615 I wm_pause_activity: [0,168390208,com.android.launcher3/.uioverrides.QuickstepLauncher,userLeaving=true,pauseBackTasks]
11-22 06:41:55.312 2840 2840 I wm_on_top_resumed_lost_called: [168390208,com.android.launcher3.uioverrides.QuickstepLauncher,topStateChangedWhenResumed]
11-22 06:41:55.313 2840 2840 I wm_on_paused_called: [168390208,com.android.launcher3.uioverrides.QuickstepLauncher,performPause]
11-22 06:41:55.319 1489 5500 I wm_add_to_stopping: [0,168390208,com.android.launcher3/.uioverrides.QuickstepLauncher,makeInvisible]
11-22 06:41:55.320 1489 5500 I wm_restart_activity: [0,55189197,161,com.android.gallery3d/.app.GalleryActivity]
11-22 06:41:55.321 1489 5500 I wm_set_resumed_activity: [0,com.android.gallery3d/.app.GalleryActivity,minimalResumeActivityLocked]
11-22 06:41:55.326 1489 1634 I am_uid_active: 10069
11-22 06:41:55.341 1489 1634 I sysui_multi_action: [757,803,799,window_time_0,802,8]
11-22 06:41:55.347 1489 2012 I input_focus: [Focus leaving 3cc67bf com.android.launcher3/com.android.launcher3.uioverrides.QuickstepLauncher (server),reason=NO_WINDOW]
11-22 06:41:55.359 1489 1648 I am_pss : [15266,10060,com.android.soundrecorder,5642240,3801088,0,89587712,0,19,6]
11-22 06:41:55.370 1489 1648 I am_pss : [13318,1000,com.qti.diagservices,5917696,3821568,0,93503488,0,10,5]
11-22 06:41:55.371 15162 15162 I wm_on_create_called: [55189197,com.android.gallery3d.app.GalleryActivity,performCreate]
11-22 06:41:55.372 15162 15162 I wm_on_start_called: [55189197,com.android.gallery3d.app.GalleryActivity,handleStartActivity]
11-22 06:41:55.377 15162 15162 I wm_on_resume_called: [55189197,com.android.gallery3d.app.GalleryActivity,RESUME_ACTIVITY]
11-22 06:41:55.384 15162 15162 I wm_on_top_resumed_gained_called: [55189197,com.android.gallery3d.app.GalleryActivity,topStateChangedWhenResumed]
11-22 06:41:55.404 1489 1636 I input_focus: [Focus request 7bc8571 com.android.gallery3d/com.android.gallery3d.app.GalleryActivity,reason=UpdateInputWindows]
11-22 06:41:55.409 2375 2375 I sysui_multi_action: [757,111,758,2]
11-22 06:41:55.409 2375 2375 I sysui_multi_action: [757,111,758,2]
11-22 06:41:55.409 1489 1489 I notification_enqueue: [10082,2375,com.android.systemui,2048,NULL,0,Notification(channel=updateNotification shortcut=null contentView=null vibrate=null sound=null defaults=0x0 flags=0x0 color=0x00000000 vis=PRIVATE),1]
11-22 06:41:55.421 2375 2375 I sysui_multi_action: [757,111,758,1]
11-22 06:41:55.421 2375 2375 I sysui_multi_action: [757,126,758,1,759,126,927,0,928,1,1593,0]
11-22 06:41:55.421 2375 2375 I sysui_multi_action: [757,113,758,1,759,113,927,1,928,1,1593,0]
11-22 06:41:55.421 2375 2375 I sysui_multi_action: [757,0,758,1,759,0,927,2,928,0,1593,0]
11-22 06:41:55.421 2375 2375 I sysui_multi_action: [757,0,758,1,759,0,927,3,928,0,1593,0]
11-22 06:41:55.422 2375 2375 I sysui_multi_action: [757,491,758,1,759,491,927,4,928,0,1311,-1,1593,0]
11-22 06:41:55.422 2375 2375 I sysui_multi_action: [757,0,758,1,759,0,927,5,928,0,1593,0]
11-22 06:41:55.422 2375 2375 I sysui_multi_action: [757,114,758,1,759,114,927,6,928,0,1593,0]
11-22 06:41:55.422 2375 2375 I sysui_multi_action: [757,111,758,1]
11-22 06:41:55.422 2375 2375 I sysui_multi_action: [757,126,758,1,759,126,927,0,928,1,1593,0]
11-22 06:41:55.422 2375 2375 I sysui_multi_action: [757,113,758,1,759,113,927,1,928,1,1593,0]
11-22 06:41:55.422 2375 2375 I sysui_multi_action: [757,0,758,1,759,0,927,2,928,0,1593,0]
11-22 06:41:55.422 2375 2375 I sysui_multi_action: [757,0,758,1,759,0,927,3,928,0,1593,0]
11-22 06:41:55.453 1489 1631 I sysui_multi_action: [319,80,321,77,322,172,325,13503,757,761,758,8,759,1,806,com.android.gallery3d,871,com.android.gallery3d.app.GalleryActivity,904,com.android.launcher3,905,0,1320,8,1321,5]
11-22 06:41:55.454 1489 1631 I wm_activity_launch_time: [0,55189197,com.android.gallery3d/.app.GalleryActivity,172]
11-22 06:41:55.466 1489 2012 I input_focus: [Focus entering 7bc8571 com.android.gallery3d/com.android.gallery3d.app.GalleryActivity (server),reason=Window became focusable. Previous reason: NOT_VISIBLE]
11-22 06:41:55.891 1489 1634 I wm_stop_activity: [0,168390208,com.android.launcher3/.uioverrides.QuickstepLauncher]
11-22 06:41:55.933 2840 2840 I wm_on_stop_called: [168390208,com.android.launcher3.uioverrides.QuickstepLauncher,STOP_ACTIVITY_ITEM]
11-22 06:41:57.002 1489 2012 I input_interaction: Interaction with: 7bc8571 com.android.gallery3d/com.android.gallery3d.app.GalleryActivity (server), edge-swipe (server), swipe-up (server), PointerEventDispatcher0 (server),
11-22 06:41:57.021 1489 5394 I wm_task_moved: [1,0,0]
11-22 06:41:57.022 1489 5394 I wm_task_moved: [1,0,6]
11-22 06:41:57.029 2840 2840 I wm_on_restart_called: [168390208,com.android.launcher3.uioverrides.QuickstepLauncher,performRestartActivity]
11-22 06:41:57.056 2840 2840 I wm_on_start_called: [168390208,com.android.launcher3.uioverrides.QuickstepLauncher,handleStartActivity]
11-22 06:41:57.092 1489 1631 I sysui_multi_action: [319,12,322,64,325,13505,757,761,758,9,759,5,806,com.android.launcher3,871,com.android.launcher3.uioverrides.QuickstepLauncher,905,0,1320,8,1321,5]
11-22 06:41:57.129 15162 15162 I view_enqueue_input_event: [Motion - Cancel,com.android.gallery3d/com.android.gallery3d.app.GalleryActivity]
11-22 06:41:57.130 1489 2012 I input_interaction: Interaction with: edge-swipe (server), swipe-up (server), PointerEventDispatcher0 (server),
11-22 06:41:57.131 2840 2840 I sysui_latency: [1,73]
11-22 06:41:57.145 1489 1636 I input_focus: [Focus request recents_animation_input_consumer,reason=UpdateInputWindows]
11-22 06:41:57.172 1489 2012 I input_focus: [Focus leaving 7bc8571 com.android.gallery3d/com.android.gallery3d.app.GalleryActivity (server),reason=NOT_FOCUSABLE]
11-22 06:41:57.172 1489 2012 I input_focus: [Focus entering recents_animation_input_consumer (server),reason=setFocusedWindow]
11-22 06:41:57.258 1489 1751 I commit_sys_config_file: [settings-1-0,5]
11-22 06:41:57.388 1489 1648 I sysui_latency: [8,78]
11-22 06:41:58.110 1489 1751 I commit_sys_config_file: [settings-1-0,4]
11-22 06:41:58.885 1489 2012 I input_interaction: Interaction with: 3cc67bf com.android.launcher3/com.android.launcher3.uioverrides.QuickstepLauncher (server), edge-swipe (server), swipe-up (server), PointerEventDispatcher0 (server),
11-22 06:41:59.007 1489 5394 I wm_task_moved: [1,1,7]
11-22 06:41:59.010 1489 5394 I wm_focused_root_task: [0,0,1,161,startActivityFromRecents]
11-22 06:41:59.010 15162 15162 I wm_on_top_resumed_lost_called: [55189197,com.android.gallery3d.app.GalleryActivity,topStateChangedWhenResumed]
11-22 06:41:59.011 1489 5394 I wm_task_moved: [161,1,7]
11-22 06:41:59.011 1489 5394 I wm_set_resumed_activity: [0,com.android.gallery3d/.app.GalleryActivity,positionChildAt]
11-22 06:41:59.011 1489 5394 I wm_focused_root_task: [0,0,161,1,moveTaskToFront findTaskToMoveToFront]
11-22 06:41:59.012 1489 5394 I wm_set_resumed_activity: [0,com.android.gallery3d/.app.GalleryActivity,moveTaskToFront findTaskToMoveToFront]
11-22 06:41:59.024 1489 1634 I wm_relaunch_resume_activity: [0,55189197,161,com.android.gallery3d/.app.GalleryActivity]
11-22 06:41:59.065 15162 15162 I wm_on_top_resumed_gained_called: [55189197,com.android.gallery3d.app.GalleryActivity,topStateChangedWhenResumed]
11-22 06:41:59.066 15162 15162 I wm_on_top_resumed_lost_called: [55189197,com.android.gallery3d.app.GalleryActivity,pausing]
11-22 06:41:59.067 15162 15162 I wm_on_paused_called: [55189197,com.android.gallery3d.app.GalleryActivity,performPause]
11-22 06:41:59.068 15162 15162 I wm_on_stop_called: [55189197,com.android.gallery3d.app.GalleryActivity,handleRelaunchActivity]
11-22 06:41:59.070 15162 15162 I wm_on_destroy_called: [55189197,com.android.gallery3d.app.GalleryActivity,performDestroy]
