11-22 07:13:16.950 1489 1636 W WindowManager: updateScale0.7996942
11-22 07:13:16.953 1489 1636 W WindowManager: updateScale0.7996942
11-22 07:13:16.955 1489 1636 W WindowManager: updateScale0.7996942
11-22 07:13:16.956 1489 1634 I EventSequenceValidator: Transition from ACTIVITY_LAUNCHED to ACTIVITY_FINISHED
11-22 07:13:16.960 1489 1631 I sysui_multi_action: [319,138,322,138,325,15385,757,761,758,8,759,2,806,com.android.gallery3d,871,com.android.gallery3d.app.GalleryActivity,904,com.android.launcher3,905,0,1320,8,1321,5]
11-22 07:13:16.961 1489 1631 I wm_activity_launch_time: [0,180595415,com.android.gallery3d/.app.GalleryActivity,138]
11-22 07:13:16.963 1489 1631 I ActivityTaskManager: Displayed com.android.gallery3d/.app.GalleryActivity: +138ms
11-22 07:13:16.967 1489 2012 I input_focus: [Focus entering f4358a9 com.android.gallery3d/com.android.gallery3d.app.GalleryActivity (server),reason=Window became focusable. Previous reason: NOT_VISIBLE]
11-22 07:13:17.001 3275 3275 W hpplay-java: [main]:IPManager:getActiveNets invalid networkInfo:null
11-22 07:13:17.001 3275 3275 I hpplay-java: [main]:IPManager:getActiveNets eth0:false wifi:false mobile:false ap:false
11-22 07:13:17.001 3275 3275 I hpplay-java: [main]:ServerTaskManager:get local ip:null
11-22 07:13:17.202 15528 15538 W System : A resource failed to call close.
11-22 07:13:17.204 15528 15538 W System : A resource failed to call close.
11-22 07:13:17.206 15528 15538 W System : A resource failed to call close.
11-22 07:13:17.207 15528 15538 W System : A resource failed to call close.
11-22 07:13:17.236 1489 1636 W WindowManager: updateScale0.7996942
11-22 07:13:17.272 647 662 I mpu_uart: [MSG-P:RECV]:No message received in 1000 ms
11-22 07:13:17.588 1218 4889 I OMX-VENC: venc_dev: stats: avg. fps 38.50, bitrate 1091724
11-22 07:13:17.977 647 661 I mpu_uart: [MSG-P:R]:recv sync frame timeout
11-22 07:13:18.003 3275 3275 W hpplay-java: [main]:IPManager:getActiveNets invalid networkInfo:null
11-22 07:13:18.003 3275 3275 I hpplay-java: [main]:IPManager:getActiveNets eth0:false wifi:false mobile:false ap:false
11-22 07:13:18.003 3275 3275 I hpplay-java: [main]:ServerTaskManager:get local ip:null
11-22 07:13:18.170 1489 2012 I input_interaction: Interaction with: f4358a9 com.android.gallery3d/com.android.gallery3d.app.GalleryActivity (server), edge-swipe (server), swipe-up (server), PointerEventDispatcher0 (server),
11-22 07:13:18.272 647 662 I mpu_uart: [MSG-P:RECV]:No message received in 1000 ms
11-22 07:13:18.465 15162 15162 V StateManager: startStateForResult class com.android.gallery3d.app.AlbumPage, 1
11-22 07:13:18.477 15162 15162 D AlbumPage: onSyncDone: **** result=0
11-22 07:13:18.478 15162 16790 I GLRootView: layout content pane 654x1092 (compensation 0)
11-22 07:13:18.492 1489 5500 W WindowManager: updateScale0.7996942
11-22 07:13:18.604 1218 4889 I OMX-VENC: venc_dev: stats: avg. fps 21.66, bitrate 752440
11-22 07:13:19.005 3275 3275 W hpplay-java: [main]:IPManager:getActiveNets invalid networkInfo:null
11-22 07:13:19.005 3275 3275 I hpplay-java: [main]:IPManager:getActiveNets eth0:false wifi:false mobile:false ap:false
11-22 07:13:19.005 3275 3275 I hpplay-java: [main]:ServerTaskManager:get local ip:null
11-22 07:13:19.273 647 662 I mpu_uart: [MSG-P:RECV]:No message received in 1000 ms
11-22 07:13:19.703 1218 4889 I OMX-VENC: venc_dev: stats: avg. fps 34.55, bitrate 1020770
11-22 07:13:20.008 3275 3275 W hpplay-java: [main]:IPManager:getActiveNets invalid networkInfo:null
11-22 07:13:20.008 3275 3275 I hpplay-java: [main]:IPManager:getActiveNets eth0:false wifi:false mobile:false ap:false
11-22 07:13:20.008 3275 3275 I hpplay-java: [main]:ServerTaskManager:get local ip:null
11-22 07:13:20.275 647 662 I mpu_uart: [MSG-P:RECV]:No message received in 1000 ms
11-22 07:13:20.451 15162 15162 V StateManager: startStateForResult class com.android.gallery3d.app.SinglePhotoPage, 2
11-22 07:13:20.478 1489 2835 W WindowManager: updateScale0.7996942
11-22 07:13:20.558 15162 16790 I GLRootView: layout content pane 654x1092 (compensation 0)
11-22 07:13:20.558 15162 16790 D PhotoView: compensation = 0, CameraRelativeFrame = Rect(0, 0 - 0, 0), mCameraRect = Rect(0, 0 - 0, 0)
11-22 07:13:20.712 1218 4889 I OMX-VENC: venc_dev: stats: avg. fps 26.77, bitrate 1298740
11-22 07:13:20.855 1489 3837 E TaskPersister: File error accessing recents directory (directory doesn't exist?).
11-22 07:13:20.980 647 661 I mpu_uart: [MSG-P:R]:recv sync frame timeout
11-22 07:13:21.011 3275 3275 W hpplay-java: [main]:IPManager:getActiveNets invalid networkInfo:null
11-22 07:13:21.011 3275 3275 I hpplay-java: [main]:IPManager:getActiveNets eth0:false wifi:false mobile:false ap:false
11-22 07:13:21.011 3275 3275 I hpplay-java: [main]:ServerTaskManager:get local ip:null
11-22 07:13:21.275 647 662 I mpu_uart: [MSG-P:RECV]:No message received in 1000 ms
11-22 07:13:21.787 1218 4889 I OMX-VENC: venc_dev: stats: avg. fps 22.33, bitrate 776008
11-22 07:13:22.013 3275 3275 W hpplay-java: [main]:IPManager:getActiveNets invalid networkInfo:null
11-22 07:13:22.013 3275 3275 I hpplay-java: [main]:IPManager:getActiveNets eth0:false wifi:false mobile:false ap:false
11-22 07:13:22.013 3275 3275 I hpplay-java: [main]:ServerTaskManager:get local ip:null
11-22 07:13:22.276 647 662 I mpu_uart: [MSG-P:RECV]:No message received in 1000 ms
11-22 07:13:22.381 1489 2317 I GameModeConfig: isGameModeOn = false
11-22 07:13:23.015 3275 3275 W hpplay-java: [main]:IPManager:getActiveNets invalid networkInfo:null
11-22 07:13:23.015 3275 3275 I hpplay-java: [main]:IPManager:getActiveNets eth0:false wifi:false mobile:false ap:false
11-22 07:13:23.015 3275 3275 I hpplay-java: [main]:ServerTaskManager:get local ip:null
11-22 07:13:23.276 647 662 I mpu_uart: [MSG-P:RECV]:No message received in 1000 ms
11-22 07:13:23.981 647 661 I mpu_uart: [MSG-P:R]:recv sync frame timeout
11-22 07:13:24.017 3275 3275 W hpplay-java: [main]:IPManager:getActiveNets invalid networkInfo:null
11-22 07:13:24.017 3275 3275 I hpplay-java: [main]:IPManager:getActiveNets eth0:false wifi:false mobile:false ap:false
11-22 07:13:24.017 3275 3275 I hpplay-java: [main]:ServerTaskManager:get local ip:null
11-22 07:13:24.043 1489 2835 W WindowManager: updateScale0.7996942
11-22 07:13:24.047 1489 2835 W WindowManager: updateScale0.7996942
11-22 07:13:24.098 1218 4889 I OMX-VENC: venc_dev: stats: avg. fps 1.30, bitrate 19546
11-22 07:13:24.277 647 662 I mpu_uart: [MSG-P:RECV]:No message received in 1000 ms
11-22 07:13:24.999 3275 3275 I hpplay-java: [main]:IMTask:getIMRoot
11-22 07:13:25.008 3275 16800 W hpplay-java: [AsyncTask #641]:HttpRequest:
11-22 07:13:25.011 3275 16800 W hpplay-java: [AsyncTask #641]:HttpRequest:
11-22 07:13:25.014 3275 16800 W hpplay-java: [AsyncTask #641]:HttpRequest:
11-22 07:13:25.015 3275 3275 E hpplay-java: [main]:IMTask:getIMRoot failed
11-22 07:13:25.018 3275 3275 W hpplay-java: [main]:IPManager:getActiveNets invalid networkInfo:null
11-22 07:13:25.018 3275 3275 I hpplay-java: [main]:IPManager:getActiveNets eth0:false wifi:false mobile:false ap:false
11-22 07:13:25.018 3275 3275 I hpplay-java: [main]:ServerTaskManager:get local ip:null
11-22 07:13:25.119 1218 4889 I OMX-VENC: venc_dev: stats: avg. fps 20.56, bitrate 514780
11-22 07:13:25.277 647 662 I mpu_uart: [MSG-P:RECV]:No message received in 1000 ms
11-22 07:13:25.571 1489 1948 W WindowManager: updateScale0.7996942
11-22 07:13:25.573 1489 1948 W WindowManager: updateScale0.7996942
11-22 07:13:25.669 1006 1063 W HWComposer: Ignoring duplicate VSYNC event from HWC for display 4630946816427681409 (t=15394207715000)
11-22 07:13:25.686 1006 1063 W HWComposer: Ignoring duplicate VSYNC event from HWC for display 4630946816427681409 (t=15394224443000)
11-22 07:13:25.702 1006 1063 W HWComposer: Ignoring duplicate VSYNC event from HWC for display 4630946816427681409 (t=15394241119000)
11-22 07:13:25.719 1006 1063 W HWComposer: Ignoring duplicate VSYNC event from HWC for display 4630946816427681409 (t=15394257843000)
11-22 07:13:25.735 1006 1063 W HWComposer: Ignoring duplicate VSYNC event from HWC for display 4630946816427681409 (t=15394274538000)
11-22 07:13:25.752 1006 1063 W HWComposer: Ignoring duplicate VSYNC event from HWC for display 4630946816427681409 (t=15394291252000)
11-22 07:13:26.020 3275 3275 W hpplay-java: [main]:IPManager:getActiveNets invalid networkInfo:null
11-22 07:13:26.021 3275 3275 I hpplay-java: [main]:IPManager:getActiveNets eth0:false wifi:false mobile:false ap:false
11-22 07:13:26.021 3275 3275 I hpplay-java: [main]:ServerTaskManager:get local ip:null
11-22 07:13:26.198 1218 4889 I OMX-VENC: venc_dev: stats: avg. fps 20.40, bitrate 537751
11-22 07:13:26.277 647 662 I mpu_uart: [MSG-P:RECV]:No message received in 1000 ms
11-22 07:13:26.356 1489 2835 W WindowManager: updateScale0.7996942
11-22 07:13:26.357 1489 2835 W WindowManager: updateScale0.7996942
11-22 07:13:26.984 647 661 I mpu_uart: [MSG-P:R]:recv sync frame timeout
11-22 07:13:27.023 3275 3275 W hpplay-java: [main]:IPManager:getActiveNets invalid networkInfo:null
11-22 07:13:27.023 3275 3275 I hpplay-java: [main]:IPManager:getActiveNets eth0:false wifi:false mobile:false ap:false
11-22 07:13:27.023 3275 3275 I hpplay-java: [main]:ServerTaskManager:get local ip:null
11-22 07:13:27.227 1489 1948 W WindowManager: updateScale0.7996942
11-22 07:13:27.228 1489 1948 W WindowManager: updateScale0.7996942
11-22 07:13:27.237 1218 4889 I OMX-VENC: venc_dev: stats: avg. fps 21.17, bitrate 544069
11-22 07:13:27.277 647 662 I mpu_uart: [MSG-P:RECV]:No message received in 1000 ms
11-22 07:13:28.025 3275 3275 W hpplay-java: [main]:IPManager:getActiveNets invalid networkInfo:null
11-22 07:13:28.026 3275 3275 I hpplay-java: [main]:IPManager:getActiveNets eth0:false wifi:false mobile:false ap:false
11-22 07:13:28.026 3275 3275 I hpplay-java: [main]:ServerTaskManager:get local ip:null
11-22 07:13:28.272 1218 4889 I OMX-VENC: venc_dev: stats: avg. fps 24.17, bitrate 952661
11-22 07:13:28.278 647 662 I mpu_uart: [MSG-P:RECV]:No message received in 1000 ms
11-22 07:13:29.028 3275 3275 W hpplay-java: [main]:IPManager:getActiveNets invalid networkInfo:null
11-22 07:13:29.028 3275 3275 I hpplay-java: [main]:IPManager:getActiveNets eth0:false wifi:false mobile:false ap:false
11-22 07:13:29.028 3275 3275 I hpplay-java: [main]:ServerTaskManager:get local ip:null
11-22 07:13:29.278 647 662 I mpu_uart: [MSG-P:RECV]:No message received in 1000 ms
11-22 07:13:29.988 647 661 I mpu_uart: [MSG-P:R]:recv sync frame timeout
11-22 07:13:30.030 3275 3275 W hpplay-java: [main]:IPManager:getActiveNets invalid networkInfo:null
11-22 07:13:30.030 3275 3275 I hpplay-java: [main]:IPManager:getActiveNets eth0:false wifi:false mobile:false ap:false
11-22 07:13:30.030 3275 3275 I hpplay-java: [main]:ServerTaskManager:get local ip:null
11-22 07:13:30.278 647 662 I mpu_uart: [MSG-P:RECV]:No message received in 1000 ms
11-22 07:13:30.727 1489 6043 W WindowManager: updateScale0.7996942
11-22 07:13:30.730 1489 6043 W WindowManager: updateScale0.7996942
11-22 07:13:30.784 1218 4889 I OMX-VENC: venc_dev: stats: avg. fps 1.59, bitrate 31590
11-22 07:13:30.871 1489 1752 D ActivityManager: freezing 16217 com.microsoft.emmx
11-22 07:13:30.871 1489 1752 E ActivityManager: Unable to freeze binder for 16217 com.microsoft.emmx
11-22 07:13:30.873 1489 1752 D ActivityManager: froze 16217 com.microsoft.emmx
11-22 07:13:30.873 1489 1752 I am_freeze: [16217,com.microsoft.emmx]
11-22 07:13:30.873 1489 1752 E ActivityManager: Unable to freeze binder for 16217 com.microsoft.emmx
11-22 07:13:30.874 1489 1752 I ActivityManager: Killing 16217:com.microsoft.emmx/u0a34 (adj 955): Unable to freeze binder interface
11-22 07:13:30.874 1489 1752 I am_kill : [0,16217,com.microsoft.emmx,955,Unable to freeze binder interface]
11-22 07:13:30.881 1489 1652 I libprocessgroup: Successfully killed process cgroup uid 10034 pid 16217 in 5ms
11-22 07:13:30.924 1489 6043 D ConnectivityService: ConnectivityService NetworkRequestInfo binderDied(uid/pid:10034/16217, android.os.BinderProxy@8ffcbb6)
11-22 07:13:30.924 1489 1948 I am_proc_died: [0,16217,com.microsoft.emmx,955,19]
11-22 07:13:30.925 1489 1948 I am_uid_stopped: 10034
11-22 07:13:30.929 668 668 I Zygote : Process 16217 exited due to signal 9 (Killed)
11-22 07:13:31.032 3275 3275 W hpplay-java: [main]:IPManager:getActiveNets invalid networkInfo:null
11-22 07:13:31.032 3275 3275 I hpplay-java: [main]:IPManager:getActiveNets eth0:false wifi:false mobile:false ap:false
11-22 07:13:31.032 3275 3275 I hpplay-java: [main]:ServerTaskManager:get local ip:null
11-22 07:13:31.278 647 662 I mpu_uart: [MSG-P:RECV]:No message received in 1000 ms
11-22 07:13:31.784 1218 4889 I OMX-VENC: venc_dev: stats: avg. fps 22.00, bitrate 579899
11-22 07:13:32.034 3275 3275 W hpplay-java: [main]:IPManager:getActiveNets invalid networkInfo:null
11-22 07:13:32.034 3275 3275 I hpplay-java: [main]:IPManager:getActiveNets eth0:false wifi:false mobile:false ap:false
11-22 07:13:32.034 3275 3275 I hpplay-java: [main]:ServerTaskManager:get local ip:null
11-22 07:13:32.278 647 662 I mpu_uart: [MSG-P:RECV]:No message received in 1000 ms
11-22 07:13:32.991 647 661 I mpu_uart: [MSG-P:R]:recv sync frame timeout
11-22 07:13:33.035 3275 3275 W hpplay-java: [main]:IPManager:getActiveNets invalid networkInfo:null
11-22 07:13:33.035 3275 3275 I hpplay-java: [main]:IPManager:getActiveNets eth0:false wifi:false mobile:false ap:false
11-22 07:13:33.035 3275 3275 I hpplay-java: [main]:ServerTaskManager:get local ip:null
11-22 07:13:33.278 647 662 I mpu_uart: [MSG-P:RECV]:No message received in 1000 ms