11-22 06:31:16.083 1489 1631 I wm_activity_launch_time: [0,167009892,com.android.settings/.bluetooth.DevicePickerActivity,267]
11-22 06:31:16.099 1489 2012 I input_focus: [Focus entering 11195e8 com.android.settings/com.android.settings.bluetooth.DevicePickerActivity (server),reason=setFocusedWindow]
11-22 06:31:16.368 1489 1634 I wm_destroy_activity: [0,224173661,148,com.android.bluetooth/.opp.BluetoothOppLauncherActivity,finish-imm:idle]
11-22 06:31:16.369 1489 1634 I wm_destroy_activity: [0,265799199,146,com.android.gallery3d/.app.MovieActivity,finish-imm:idle]
11-22 06:31:16.374 2358 2358 I wm_on_stop_called: [224173661,com.android.bluetooth.opp.BluetoothOppLauncherActivity,LIFECYCLER_STOP_ACTIVITY]
11-22 06:31:16.374 2358 2358 I wm_on_destroy_called: [224173661,com.android.bluetooth.opp.BluetoothOppLauncherActivity,performDestroy]
11-22 06:31:16.408 13566 13566 I wm_on_stop_called: [265799199,com.android.gallery3d.app.MovieActivity,LIFECYCLER_STOP_ACTIVITY]
11-22 06:31:16.409 13566 13566 I wm_on_destroy_called: [265799199,com.android.gallery3d.app.MovieActivity,performDestroy]
11-22 06:31:18.236 1489 2012 I input_interaction: Interaction with: 11195e8 com.android.settings/com.android.settings.bluetooth.DevicePickerActivity (server), edge-swipe (server), swipe-up (server), PointerEventDispatcher0 (server),
11-22 06:31:18.397 1489 2839 I wm_relaunch_resume_activity: [0,167009892,148,com.android.settings/.bluetooth.DevicePickerActivity]
11-22 06:31:18.427 13759 13759 I wm_on_top_resumed_lost_called: [167009892,com.android.settings.bluetooth.DevicePickerActivity,pausing]
11-22 06:31:18.428 13759 13759 I sysui_multi_action: [757,25,758,2,1089,2380]
11-22 06:31:18.429 13759 13759 I wm_on_paused_called: [167009892,com.android.settings.bluetooth.DevicePickerActivity,performPause]
11-22 06:31:18.434 13759 13759 I wm_on_stop_called: [167009892,com.android.settings.bluetooth.DevicePickerActivity,handleRelaunchActivity]
11-22 06:31:18.443 13759 13759 I wm_on_destroy_called: [167009892,com.android.settings.bluetooth.DevicePickerActivity,performDestroy]
11-22 06:31:18.467 13759 13759 I wm_on_create_called: [167009892,com.android.settings.bluetooth.DevicePickerActivity,performCreate]
11-22 06:31:18.471 13759 13759 I wm_on_start_called: [167009892,com.android.settings.bluetooth.DevicePickerActivity,handleStartActivity]
11-22 06:31:18.473 13759 13759 I wm_on_resume_called: [167009892,com.android.settings.bluetooth.DevicePickerActivity,RESUME_ACTIVITY]
11-22 06:31:18.473 13759 13759 I sysui_multi_action: [757,25,758,1,833,0,1089,17]
11-22 06:31:18.473 13759 13759 I sysui_multi_action: [757,1729,758,4,854,isParalleledControllers:false,1089,17]
11-22 06:31:18.473 13759 13759 I wm_on_top_resumed_gained_called: [167009892,com.android.settings.bluetooth.DevicePickerActivity,topWhenResuming]
11-22 06:31:36.819 1489 3582 I wm_relaunch_resume_activity: [0,167009892,148,com.android.settings/.bluetooth.DevicePickerActivity]
11-22 06:31:36.835 13759 13759 I wm_on_top_resumed_lost_called: [167009892,com.android.settings.bluetooth.DevicePickerActivity,pausing]
11-22 06:31:36.837 13759 13759 I sysui_multi_action: [757,25,758,2,1089,18363]
11-22 06:31:36.838 13759 13759 I wm_on_paused_called: [167009892,com.android.settings.bluetooth.DevicePickerActivity,performPause]
11-22 06:31:36.841 13759 13759 I wm_on_stop_called: [167009892,com.android.settings.bluetooth.DevicePickerActivity,handleRelaunchActivity]
11-22 06:31:36.848 13759 13759 I wm_on_destroy_called: [167009892,com.android.settings.bluetooth.DevicePickerActivity,performDestroy]
11-22 06:31:36.866 13759 13759 I wm_on_create_called: [167009892,com.android.settings.bluetooth.DevicePickerActivity,performCreate]
11-22 06:31:36.874 13759 13759 I wm_on_start_called: [167009892,com.android.settings.bluetooth.DevicePickerActivity,handleStartActivity]
11-22 06:31:36.877 13759 13759 I wm_on_resume_called: [167009892,com.android.settings.bluetooth.DevicePickerActivity,RESUME_ACTIVITY]
11-22 06:31:36.878 13759 13759 I sysui_multi_action: [757,25,758,1,833,0,1089,20]
11-22 06:31:36.878 13759 13759 I sysui_multi_action: [757,1729,758,4,854,isParalleledControllers:false,1089,21]
11-22 06:31:36.878 13759 13759 I wm_on_top_resumed_gained_called: [167009892,com.android.settings.bluetooth.DevicePickerActivity,topWhenResuming]
11-22 06:31:42.138 1489 7615 I wm_relaunch_resume_activity: [0,167009892,148,com.android.settings/.bluetooth.DevicePickerActivity]
11-22 06:31:42.163 13759 13759 I wm_on_top_resumed_lost_called: [167009892,com.android.settings.bluetooth.DevicePickerActivity,pausing]
11-22 06:31:42.164 13759 13759 I sysui_multi_action: [757,25,758,2,1089,5286]
11-22 06:31:42.164 13759 13759 I wm_on_paused_called: [167009892,com.android.settings.bluetooth.DevicePickerActivity,performPause]
11-22 06:31:42.169 13759 13759 I wm_on_stop_called: [167009892,com.android.settings.bluetooth.DevicePickerActivity,handleRelaunchActivity]
11-22 06:31:42.179 13759 13759 I wm_on_destroy_called: [167009892,com.android.settings.bluetooth.DevicePickerActivity,performDestroy]
11-22 06:31:42.202 13759 13759 I wm_on_create_called: [167009892,com.android.settings.bluetooth.DevicePickerActivity,performCreate]
11-22 06:31:42.206 13759 13759 I wm_on_start_called: [167009892,com.android.settings.bluetooth.DevicePickerActivity,handleStartActivity]
11-22 06:31:42.208 13759 13759 I wm_on_resume_called: [167009892,com.android.settings.bluetooth.DevicePickerActivity,RESUME_ACTIVITY]
11-22 06:31:42.208 13759 13759 I sysui_multi_action: [757,25,758,1,833,0,1089,17]
11-22 06:31:42.208 13759 13759 I sysui_multi_action: [757,1729,758,4,854,isParalleledControllers:false,1089,17]
11-22 06:31:42.208 13759 13759 I wm_on_top_resumed_gained_called: [167009892,com.android.settings.bluetooth.DevicePickerActivity,topWhenResuming]
11-22 06:31:44.783 1489 2012 I input_interaction: Interaction with: 14be5a1 com.android.gallery3d/com.android.gallery3d.app.GalleryActivity (server), edge-swipe (server), swipe-up (server), PointerEventDispatcher0 (server),
11-22 06:31:44.789 1489 1634 I wm_task_moved: [146,1,9]
11-22 06:31:44.789 1489 1634 I wm_task_to_front: [0,146]
11-22 06:31:44.801 1489 1634 I wm_set_resumed_activity: [0,com.android.gallery3d/.app.GalleryActivity,positionChildAt]
11-22 06:31:44.801 1489 1634 I wm_focused_root_task: [0,0,146,148,setFocusedTask]
11-22 06:31:44.801 1489 1634 I wm_set_resumed_activity: [0,com.android.gallery3d/.app.GalleryActivity,setFocusedTask]
11-22 06:31:44.802 13759 13759 I wm_on_top_resumed_lost_called: [167009892,com.android.settings.bluetooth.DevicePickerActivity,topStateChangedWhenResumed]
11-22 06:31:44.805 1489 1636 I input_focus: [Focus request 14be5a1 com.android.gallery3d/com.android.gallery3d.app.GalleryActivity,reason=UpdateInputWindows]
11-22 06:31:44.806 13566 13566 I wm_on_top_resumed_gained_called: [42438963,com.android.gallery3d.app.GalleryActivity,topStateChangedWhenResumed]
11-22 06:31:44.837 1489 2012 I input_focus: [Focus leaving 11195e8 com.android.settings/com.android.settings.bluetooth.DevicePickerActivity (server),reason=setFocusedWindow]
11-22 06:31:44.838 1489 2012 I input_focus: [Focus entering 14be5a1 com.android.gallery3d/com.android.gallery3d.app.GalleryActivity (server),reason=setFocusedWindow]
11-22 06:31:44.919 1489 3582 I wm_finish_activity: [0,42438963,146,com.android.gallery3d/.app.GalleryActivity,finish-activity]
11-22 06:31:44.919 1489 3582 I wm_task_moved: [148,1,9]
11-22 06:31:44.919 1489 3582 I wm_task_to_front: [0,148]
11-22 06:31:44.922 1489 3582 I wm_set_resumed_activity: [0,com.android.settings/.bluetooth.DevicePickerActivity,positionChildAt]
11-22 06:31:44.922 1489 3582 I wm_focused_root_task: [0,0,148,146,finish-top adjustFocusToNextFocusableTask]
11-22 06:31:44.922 1489 3582 I wm_set_resumed_activity: [0,com.android.settings/.bluetooth.DevicePickerActivity,finish-top]
11-22 06:31:44.939 1489 3582 I wm_pause_activity: [0,42438963,com.android.gallery3d/.app.GalleryActivity,userLeaving=false,finish]
11-22 06:31:44.948 13566 13566 I wm_on_top_resumed_lost_called: [42438963,com.android.gallery3d.app.GalleryActivity,topStateChangedWhenResumed]
11-22 06:31:44.957 13759 13759 I wm_on_top_resumed_gained_called: [167009892,com.android.settings.bluetooth.DevicePickerActivity,topStateChangedWhenResumed]
11-22 06:31:44.958 1489 1636 I input_focus: [Focus request 11195e8 com.android.settings/com.android.settings.bluetooth.DevicePickerActivity,reason=UpdateInputWindows]
11-22 06:31:44.971 1489 1634 I sysui_multi_action: [757,803,799,window_time_2,802,29]
11-22 06:31:44.983 1489 2012 I input_focus: [Focus leaving 14be5a1 com.android.gallery3d/com.android.gallery3d.app.GalleryActivity (server),reason=NO_WINDOW]
11-22 06:31:44.983 1489 2012 I input_focus: [Focus entering 11195e8 com.android.settings/com.android.settings.bluetooth.DevicePickerActivity (server),reason=setFocusedWindow]
11-22 06:31:45.008 13566 13566 I wm_on_paused_called: [42438963,com.android.gallery3d.app.GalleryActivity,performPause]
11-22 06:31:45.010 1489 7615 I wm_destroy_activity: [0,42438963,146,com.android.gallery3d/.app.GalleryActivity,finish-imm:completePausedLocked]
11-22 06:31:45.018 1489 1634 I sysui_multi_action: [757,803,799,window_time_2,802,0]
11-22 06:31:45.035 13566 13566 I wm_on_stop_called: [42438963,com.android.gallery3d.app.GalleryActivity,LIFECYCLER_STOP_ACTIVITY]
11-22 06:31:45.037 13566 13566 I wm_on_destroy_called: [42438963,com.android.gallery3d.app.GalleryActivity,performDestroy]
11-22 06:31:45.314 1489 1636 I wm_task_removed: [146,removeChild:removeChild last r=ActivityRecord{2879133 u0 com.android.gallery3d/.app.GalleryActivity t-1 f}} in t=Task{e830b55 #146 type=standard A=10069:com.android.gallery3d U=0 visible=false mode=freeform translucent=true sz=0}]
11-22 06:31:45.314 1489 1636 I wm_task_removed: [146,removeChild]
11-22 06:31:46.039 1489 2012 I input_interaction: Interaction with: 11195e8 com.android.settings/com.android.settings.bluetooth.DevicePickerActivity (server), edge-swipe (server), swipe-up (server), PointerEventDispatcher0 (server),
11-22 06:31:46.404 1489 3582 I wm_relaunch_resume_activity: [0,167009892,148,com.android.settings/.bluetooth.DevicePickerActivity]
11-22 06:31:46.426 13759 13759 I wm_on_top_resumed_lost_called: [167009892,com.android.settings.bluetooth.DevicePickerActivity,pausing]
11-22 06:31:46.428 13759 13759 I sysui_multi_action: [757,25,758,2,1089,4219]
11-22 06:31:46.428 13759 13759 I wm_on_paused_called: [167009892,com.android.settings.bluetooth.DevicePickerActivity,performPause]
11-22 06:31:46.433 13759 13759 I wm_on_stop_called: [167009892,com.android.settings.bluetooth.DevicePickerActivity,handleRelaunchActivity]
11-22 06:31:46.442 13759 13759 I wm_on_destroy_called: [167009892,com.android.settings.bluetooth.DevicePickerActivity,performDestroy]
11-22 06:31:46.464 13759 13759 I wm_on_create_called: [167009892,com.android.settings.bluetooth.DevicePickerActivity,performCreate]
11-22 06:31:46.471 13759 13759 I wm_on_start_called: [167009892,com.android.settings.bluetooth.DevicePickerActivity,handleStartActivity]
11-22 06:31:46.473 13759 13759 I wm_on_resume_called: [167009892,com.android.settings.bluetooth.DevicePickerActivity,RESUME_ACTIVITY]
11-22 06:31:46.474 13759 13759 I sysui_multi_action: [757,25,758,1,833,0,1089,20]
11-22 06:31:46.474 13759 13759 I sysui_multi_action: [757,1729,758,4,854,isParalleledControllers:false,1089,21]
11-22 06:31:46.475 13759 13759 I wm_on_top_resumed_gained_called: [167009892,com.android.settings.bluetooth.DevicePickerActivity,topWhenResuming]
11-22 06:31:47.746 1489 7615 I wm_finish_activity: [0,167009892,148,com.android.settings/.bluetooth.DevicePickerActivity,finish-activity]
11-22 06:31:47.747 1489 7615 I wm_task_moved: [1,1,8]
11-22 06:31:47.752 1489 7615 I wm_set_resumed_activity: [0,com.android.launcher3/.uioverrides.QuickstepLauncher,positionChildAt]
11-22 06:31:47.752 1489 7615 I wm_task_moved: [10,1,2147483647]
11-22 06:31:47.752 1489 7615 I wm_task_to_front: [0,10]
11-22 06:31:47.753 1489 7615 I wm_focused_root_task: [0,0,1,-1,finish-top adjustFocusToNextFocusableTask]
11-22 06:31:47.753 1489 7615 I wm_set_resumed_activity: [0,com.android.launcher3/.uioverrides.QuickstepLauncher,finish-top]
11-22 06:31:47.773 1489 7615 I wm_pause_activity: [0,167009892,com.android.settings/.bluetooth.DevicePickerActivity,userLeaving=false,finish]
11-22 06:31:47.780 13759 13759 I wm_on_top_resumed_lost_called: [167009892,com.android.settings.bluetooth.DevicePickerActivity,topStateChangedWhenResumed]
11-22 06:31:47.782 2840 2840 I wm_on_top_resumed_gained_called: [168390208,com.android.launcher3.uioverrides.QuickstepLauncher,topStateChangedWhenResumed]
11-22 06:31:47.783 1489 1636 I input_focus: [Focus request 3cc67bf com.android.launcher3/com.android.launcher3.uioverrides.QuickstepLauncher,reason=UpdateInputWindows]
11-22 06:31:47.792 13759 13759 I sysui_multi_action: [757,25,758,2,1089,1315]
11-22 06:31:47.792 13759 13759 I wm_on_paused_called: [167009892,com.android.settings.bluetooth.DevicePickerActivity,performPause]
11-22 06:31:47.793 1489 2839 I wm_destroy_activity: [0,167009892,148,com.android.settings/.bluetooth.DevicePickerActivity,finish-imm:completePausedLocked]
11-22 06:31:47.802 1489 1634 I sysui_multi_action: [757,803,799,window_time_2,802,3]
11-22 06:31:47.805 1489 2012 I input_focus: [Focus leaving 11195e8 com.android.settings/com.android.settings.bluetooth.DevicePickerActivity (server),reason=NO_WINDOW]
11-22 06:31:47.805 1489 2012 I input_focus: [Focus entering 3cc67bf com.android.launcher3/com.android.launcher3.uioverrides.QuickstepLauncher (server),reason=setFocusedWindow]
11-22 06:31:47.809 1489 1634 I sysui_multi_action: [757,803,799,window_time_0,802,0]
11-22 06:31:47.836 13759 13759 I wm_on_stop_called: [167009892,com.android.settings.bluetooth.DevicePickerActivity,LIFECYCLER_STOP_ACTIVITY]
11-22 06:31:47.846 13759 13759 I wm_on_destroy_called: [167009892,com.android.settings.bluetooth.DevicePickerActivity,performDestroy]
11-22 06:31:48.088 1489 1636 I wm_task_removed: [148,removeChild:removeChild last r=ActivityRecord{9f45e64 u0 com.android.settings/.bluetooth.DevicePickerActivity t-1 f}} in t=Task{e968034 #148 type=standard A=1002:com.android.bluetooth U=0 visible=false mode=freeform translucent=true sz=0}]
11-22 06:31:48.088 1489 1636 I wm_task_removed: [148,removeChild]
11-22 06:31:48.644 1489 2012 I input_interaction: Interaction with: 3cc67bf com.android.launcher3/com.android.launcher3.uioverrides.QuickstepLauncher (server), 6449bab com.android.systemui.ImageWallpaper (server), edge-swipe (server), swipe-up (server), PointerEventDispatcher0 (server),
11-22 06:31:49.985 1489 2808 I wm_task_created: [149,-1]
11-22 06:31:49.994 1489 2808 I wm_task_moved: [149,1,8]
11-22 06:31:49.994 1489 2808 I wm_task_to_front: [0,149]
11-22 06:31:49.995 1489 2808 I wm_create_task: [0,149]
11-22 06:31:49.995 1489 2808 I wm_create_activity: [0,138932206,149,com.android.music/.MusicBrowserActivity,NULL,NULL,NULL,268468224]
11-22 06:31:49.995 1489 2808 I wm_task_moved: [149,1,8]
11-22 06:31:50.001 1489 2808 I wm_restart_activity: [0,138932206,149,com.android.music/.MusicBrowserActivity]
11-22 06:31:50.003 1489 2808 I wm_set_resumed_activity: [0,com.android.music/.MusicBrowserActivity,minimalResumeActivityLocked]
11-22 06:31:50.008 1489 1634 I am_uid_active: 10090
11-22 06:31:50.013 2840 2840 I wm_on_top_resumed_lost_called: [168390208,com.android.launcher3.uioverrides.QuickstepLauncher,topStateChangedWhenResumed]
11-22 06:31:50.075 13758 13758 I wm_on_create_called: [138932206,com.android.music.MusicBrowserActivity,performCreate]
11-22 06:31:50.086 13758 13758 I wm_on_start_called: [138932206,com.android.music.MusicBrowserActivity,handleStartActivity]
11-22 06:31:50.087 13758 13758 I wm_on_resume_called: [138932206,com.android.music.MusicBrowserActivity,RESUME_ACTIVITY]
11-22 06:31:50.090 13758 13758 I wm_on_top_resumed_gained_called: [138932206,com.android.music.MusicBrowserActivity,topStateChangedWhenResumed]
11-22 06:31:50.138 1489 1650 I am_uid_running: 10033
11-22 06:31:50.147 1489 1651 I am_proc_start: [0,14340,10033,com.android.musicfx,broadcast,{com.android.musicfx/com.android.musicfx.ControlPanelReceiver}]
11-22 06:31:50.177 1489 2808 I am_proc_bound: [0,14340,com.android.musicfx]
11-22 06:31:50.185 1489 2839 I sysui_multi_action: [757,856,758,1,806,com.android.music,857,Channel-music,858,2]
11-22 06:31:50.208 1489 1489 I notification_enqueue: [10090,13758,com.android.music,1,NULL,0,Notification(channel=Channel-music shortcut=null contentView=null vibrate=null sound=null defaults=0x0 flags=0x0 color=0x00000000 category=transport actions=4 vis=PRIVATE),0]
11-22 06:31:50.210 1489 1489 I notification_enqueue: [10090,13758,com.android.music,1,NULL,0,Notification(channel=Channel-music shortcut=null contentView=null vibrate=null sound=null defaults=0x0 flags=0x40 color=0x00000000 category=transport actions=4 vis=PRIVATE),0]
11-22 06:31:50.222 1489 1489 I notification_enqueue: [10090,13758,com.android.music,1,NULL,0,Notification(channel=Channel-music shortcut=null contentView=null vibrate=null sound=null defaults=0x0 flags=0x40 color=0x00000000 category=transport actions=4 vis=PRIVATE),0]
11-22 06:31:50.227 1489 1489 I notification_enqueue: [10090,13758,com.android.music,1,NULL,0,Notification(channel=Channel-music shortcut=null contentView=null vibrate=null sound=null defaults=0x0 flags=0x40 color=0x00000000 category=transport actions=4 vis=PRIVATE),0]
11-22 06:31:50.240 1489 1489 I notification_enqueue: [10090,13758,com.android.music,1,NULL,0,Notification(channel=Channel-music shortcut=null contentView=null vibrate=null sound=null defaults=0x0 flags=0x40 color=0x00000000 category=transport actions=4 vis=PRIVATE),0]
11-22 06:31:50.242 1489 1489 I notification_enqueue: [10090,13758,com.android.music,1,NULL,0,Notification(channel=Channel-music shortcut=null contentView=null vibrate=null sound=null defaults=0x0 flags=0x40 color=0x00000000 category=transport actions=4 vis=PRIVATE),0]
11-22 06:31:50.262 1489 1636 I input_focus: [Focus request fb0a05a com.android.music/com.android.music.MusicBrowserActivity,reason=UpdateInputWindows]
11-22 06:31:50.289 1489 1631 I sysui_multi_action: [319,307,322,307,325,12898,757,761,758,8,759,2,806,com.android.music,871,com.android.music.MusicBrowserActivity,904,com.android.launcher3,905,0,1320,4,1321,1]
11-22 06:31:50.294 1489 1631 I wm_activity_launch_time: [0,138932206,com.android.music/.MusicBrowserActivity,307]
11-22 06:31:50.296 1489 2012 I input_focus: [Focus leaving 3cc67bf com.android.launcher3/com.android.launcher3.uioverrides.QuickstepLauncher (server),reason=setFocusedWindow]
11-22 06:31:50.296 1489 2012 I input_focus: [Focus entering fb0a05a com.android.music/com.android.music.MusicBrowserActivity (server),reason=setFocusedWindow]
11-22 06:31:50.410 1489 1489 I sysui_multi_action: [757,1501,758,1,793,202,794,0,795,202,796,1,806,com.android.music,857,Channel-music,858,2,947,0,1500,0,1641,transport,1688,1,1745,1043716538]
11-22 06:31:50.412 1489 1489 I sysui_multi_action: [757,804,799,note_interruptive,801,0,802,1]
11-22 06:31:50.444 1489 1633 I commit_sys_config_file: [notification-policy,12873716]
11-22 06:31:50.491 1489 1489 I sysui_multi_action: [757,128,758,5,759,8,793,1723086,794,0,795,1723086,796,1,797,empty_media,806,com.android.systemui,857,empty_media_style_id,858,4,947,0,1500,1722884,1641,transport,1688,1,1745,1043716538]
11-22 06:31:50.491 1489 1489 I notification_canceled: [0|com.android.systemui|1|empty_media|10082,8,1723086,1723086,0,-1,-1,NULL]
11-22 06:31:51.847 1489 2012 I input_interaction: Interaction with: fb0a05a com.android.music/com.android.music.MusicBrowserActivity (server), edge-swipe (server), swipe-up (server), PointerEventDispatcher0 (server),
11-22 06:31:51.963 1489 6043 I wm_relaunch_resume_activity: [0,138932206,149,com.android.music/.MusicBrowserActivity]
11-22 06:31:51.975 13758 13758 I wm_on_top_resumed_lost_called: [138932206,com.android.music.MusicBrowserActivity,pausing]
11-22 06:31:51.976 13758 13758 I wm_on_paused_called: [138932206,com.android.music.MusicBrowserActivity,performPause]
11-22 06:31:51.978 13758 13758 I wm_on_stop_called: [138932206,com.android.music.MusicBrowserActivity,handleRelaunchActivity]
11-22 06:31:51.983 13758 13758 I wm_on_destroy_called: [138932206,com.android.music.MusicBrowserActivity,performDestroy]
11-22 06:31:52.032 13758 13758 I wm_on_create_called: [138932206,com.android.music.MusicBrowserActivity,performCreate]
11-22 06:31:52.044 13758 13758 I wm_on_start_called: [138932206,com.android.music.MusicBrowserActivity,handleStartActivity]
11-22 06:31:52.044 13758 13758 I wm_on_resume_called: [138932206,com.android.music.MusicBrowserActivity,RESUME_ACTIVITY]
11-22 06:31:52.048 13758 13758 I wm_on_top_resumed_gained_called: [138932206,com.android.music.MusicBrowserActivity,topWhenResuming]
11-22 06:31:52.075 1489 1489 I notification_enqueue: [10090,13758,com.android.music,1,NULL,0,Notification(channel=Channel-music shortcut=null contentView=null vibrate=null sound=null defaults=0x0 flags=0x40 color=0x00000000 category=transport actions=4 vis=PRIVATE),1]
11-22 06:31:52.077 1489 1489 I notification_enqueue: [10090,13758,com.android.music,1,NULL,0,Notification(channel=Channel-music shortcut=null contentView=null vibrate=null sound=null defaults=0x0 flags=0x40 color=0x00000000 category=transport actions=4 vis=PRIVATE),1]
11-22 06:31:52.099 1489 1489 I notification_enqueue: [10090,13758,com.android.music,1,NULL,0,Notification(channel=Channel-music shortcut=null contentView=null vibrate=null sound=null defaults=0x0 flags=0x40 color=0x00000000 category=transport actions=4 vis=PRIVATE),1]
11-22 06:31:52.100 1489 1489 I notification_enqueue: [10090,13758,com.android.music,1,NULL,0,Notification(channel=Channel-music shortcut=null contentView=null vibrate=null sound=null defaults=0x0 flags=0x40 color=0x00000000 category=transport actions=4 vis=PRIVATE),1]
11-22 06:31:52.120 1489 1489 I notification_enqueue: [10090,13758,com.android.music,1,NULL,0,Notification(channel=Channel-music shortcut=null contentView=null vibrate=null sound=null defaults=0x0 flags=0x40 color=0x00000000 category=transport actions=4 vis=PRIVATE),1]
11-22 06:31:52.121 1489 1489 I notification_enqueue: [10090,13758,com.android.music,1,NULL,0,Notification(channel=Channel-music shortcut=null contentView=null vibrate=null sound=null defaults=0x0 flags=0x40 color=0x00000000 category=transport actions=4 vis=PRIVATE),1]
11-22 06:31:53.129 1489 3582 I wm_relaunch_resume_activity: [0,138932206,149,com.android.music/.MusicBrowserActivity]
11-22 06:31:53.149 13758 13758 I wm_on_top_resumed_lost_called: [138932206,com.android.music.MusicBrowserActivity,pausing]
11-22 06:31:53.150 13758 13758 I wm_on_paused_called: [138932206,com.android.music.MusicBrowserActivity,performPause]
11-22 06:31:53.153 13758 13758 I wm_on_stop_called: [138932206,com.android.music.MusicBrowserActivity,handleRelaunchActivity]
11-22 06:31:53.158 13758 13758 I wm_on_destroy_called: [138932206,com.android.music.MusicBrowserActivity,performDestroy]
11-22 06:31:53.199 13758 13758 I wm_on_create_called: [138932206,com.android.music.MusicBrowserActivity,performCreate]
11-22 06:31:53.214 13758 13758 I wm_on_start_called: [138932206,com.android.music.MusicBrowserActivity,handleStartActivity]
11-22 06:31:53.215 13758 13758 I wm_on_resume_called: [138932206,com.android.music.MusicBrowserActivity,RESUME_ACTIVITY]
11-22 06:31:53.217 13758 13758 I wm_on_top_resumed_gained_called: [138932206,com.android.music.MusicBrowserActivity,topWhenResuming]
11-22 06:31:53.247 1489 1489 I notification_enqueue: [10090,13758,com.android.music,1,NULL,0,Notification(channel=Channel-music shortcut=null contentView=null vibrate=null sound=null defaults=0x0 flags=0x40 color=0x00000000 category=transport actions=4 vis=PRIVATE),1]
11-22 06:31:53.252 1489 1489 I notification_enqueue: [10090,13758,com.android.music,1,NULL,0,Notification(channel=Channel-music shortcut=null contentView=null vibrate=null sound=null defaults=0x0 flags=0x40 color=0x00000000 category=transport actions=4 vis=PRIVATE),1]
11-22 06:31:53.270 1489 1489 I notification_enqueue: [10090,13758,com.android.music,1,NULL,0,Notification(channel=Channel-music shortcut=null contentView=null vibrate=null sound=null defaults=0x0 flags=0x40 color=0x00000000 category=transport actions=4 vis=PRIVATE),1]
11-22 06:31:53.271 1489 1489 I notification_enqueue: [10090,13758,com.android.music,1,NULL,0,Notification(channel=Channel-music shortcut=null contentView=null vibrate=null sound=null defaults=0x0 flags=0x40 color=0x00000000 category=transport actions=4 vis=PRIVATE),1]
11-22 06:31:53.289 1489 1489 I notification_enqueue: [10090,13758,com.android.music,1,NULL,0,Notification(channel=Channel-music shortcut=null contentView=null vibrate=null sound=null defaults=0x0 flags=0x40 color=0x00000000 category=transport actions=4 vis=PRIVATE),1]
11-22 06:31:53.289 1489 1489 I notification_enqueue: [10090,13758,com.android.music,1,NULL,0,Notification(channel=Channel-music shortcut=null contentView=null vibrate=null sound=null defaults=0x0 flags=0x40 color=0x00000000 category=transport actions=4 vis=PRIVATE),1]
11-22 06:31:56.597 1489 1489 I notification_enqueue: [10090,13758,com.android.music,1,NULL,0,Notification(channel=Channel-music shortcut=null contentView=null vibrate=null sound=null defaults=0x0 flags=0x40 color=0x00000000 category=transport actions=4 vis=PRIVATE),1]
11-22 06:31:56.599 1489 1489 I notification_enqueue: [10090,13758,com.android.music,1,NULL,0,Notification(channel=Channel-music shortcut=null contentView=null vibrate=null sound=null defaults=0x0 flags=0x40 color=0x00000000 category=transport actions=4 vis=PRIVATE),1]
11-22 06:31:58.567 1489 1489 I notification_enqueue: [10090,13758,com.android.music,1,NULL,0,Notification(channel=Channel-music shortcut=null contentView=null vibrate=null sound=null defaults=0x0 flags=0x40 color=0x00000000 category=transport actions=4 vis=PRIVATE),1]
11-22 06:31:58.569 1489 1489 I notification_enqueue: [10090,13758,com.android.music,1,NULL,0,Notification(channel=Channel-music shortcut=null contentView=null vibrate=null sound=null defaults=0x0 flags=0x40 color=0x00000000 category=transport actions=4 vis=PRIVATE),1]
11-22 06:32:00.352 1489 1648 I am_pss : [13758,10090,com.android.music,59483136,53710848,0,180989952,0,2,11]
11-22 06:32:00.382 1489 1489 I notification_enqueue: [10090,13758,com.android.music,1,NULL,0,Notification(channel=Channel-music shortcut=null contentView=null vibrate=null sound=null defaults=0x0 flags=0x40 color=0x00000000 category=transport actions=4 vis=PRIVATE),1]
11-22 06:32:00.384 1489 1489 I notification_enqueue: [10090,13758,com.android.music,1,NULL,0,Notification(channel=Channel-music shortcut=null contentView=null vibrate=null sound=null defaults=0x0 flags=0x40 color=0x00000000 category=transport actions=4 vis=PRIVATE),1]
11-22 06:32:02.445 1489 1489 I service_manager_stats: [100,115,76349]
11-22 06:32:03.358 1489 7614 I wm_task_moved: [149,1,8]
11-22 06:32:03.359 1489 7614 I wm_set_resumed_activity: [0,com.android.music/.MusicBrowserActivity,positionChildAt]
11-22 06:32:03.360 1489 7614 I wm_create_activity: [0,7254848,149,com.android.musicfx/.Compatibility$Redirector,android.media.action.DISPLAY_AUDIO_EFFECT_CONTROL_PANEL,NULL,NULL,0]
11-22 06:32:03.361 1489 7614 I wm_pause_activity: [0,138932206,com.android.music/.MusicBrowserActivity,userLeaving=true,resumeTopActivityInnerLocked]
11-22 06:32:03.367 13758 13758 I wm_on_top_resumed_lost_called: [138932206,com.android.music.MusicBrowserActivity,topStateChangedWhenResumed]
11-22 06:32:03.375 13758 13758 I wm_on_paused_called: [138932206,com.android.music.MusicBrowserActivity,performPause]
11-22 06:32:03.381 1489 7615 I wm_restart_activity: [0,7254848,149,com.android.musicfx/.Compatibility$Redirector]
11-22 06:32:03.382 1489 7615 I wm_set_resumed_activity: [0,com.android.musicfx/.Compatibility$Redirector,minimalResumeActivityLocked]
11-22 06:32:03.383 1489 1634 I am_uid_active: 10033
11-22 06:32:03.388 1489 1634 I sysui_multi_action: [757,803,799,window_time_0,802,15]
11-22 06:32:03.403 1489 7614 I wm_task_moved: [149,1,8]
11-22 06:32:03.404 1489 7614 I wm_set_resumed_activity: [0,com.android.musicfx/.Compatibility$Redirector,positionChildAt]
11-22 06:32:03.404 1489 7614 I wm_create_activity: [0,88094743,149,com.android.musicfx/.ActivityMusic,android.media.action.DISPLAY_AUDIO_EFFECT_CONTROL_PANEL,NULL,NULL,33554432]
11-22 06:32:03.405 1489 7614 I wm_pause_activity: [0,7254848,com.android.musicfx/.Compatibility$Redirector,userLeaving=true,resumeTopActivityInnerLocked]
11-22 06:32:03.407 1489 7614 I wm_finish_activity: [0,7254848,149,com.android.musicfx/.Compatibility$Redirector,app-request]
11-22 06:32:03.407 14340 14340 I wm_on_create_called: [7254848,com.android.musicfx.Compatibility$Redirector,performCreate]
11-22 06:32:03.419 1489 7615 I wm_add_to_stopping: [0,7254848,com.android.musicfx/.Compatibility$Redirector,completeFinishing]
11-22 06:32:03.421 1489 7615 I wm_restart_activity: [0,88094743,149,com.android.musicfx/.ActivityMusic]
11-22 06:32:03.422 1489 7615 I wm_set_resumed_activity: [0,com.android.musicfx/.ActivityMusic,minimalResumeActivityLocked]
11-22 06:32:03.424 1489 1634 I sysui_multi_action: [757,803,799,window_time_2,802,0]
11-22 06:32:03.509 14340 14340 I wm_on_create_called: [88094743,com.android.musicfx.ActivityMusic,performCreate]
11-22 06:32:03.510 14340 14340 I wm_on_start_called: [88094743,com.android.musicfx.ActivityMusic,handleStartActivity]
11-22 06:32:03.518 14340 14340 I wm_on_resume_called: [88094743,com.android.musicfx.ActivityMusic,RESUME_ACTIVITY]
11-22 06:32:03.524 14340 14340 I wm_on_top_resumed_gained_called: [88094743,com.android.musicfx.ActivityMusic,topStateChangedWhenResumed]
11-22 06:32:03.537 1489 1636 I input_focus: [Focus request 4e0f06e com.android.musicfx/com.android.musicfx.ActivityMusic,reason=UpdateInputWindows]
11-22 06:32:03.561 1489 2012 I input_focus: [Focus leaving fb0a05a com.android.music/com.android.music.MusicBrowserActivity (server),reason=Waiting for window because NOT_VISIBLE]
11-22 06:32:03.624 1489 1631 I sysui_multi_action: [319,274,322,274,325,12911,757,761,758,8,759,2,806,com.android.musicfx,871,com.android.musicfx.ActivityMusic,904,com.android.musicfx,905,0,1320,4,1321,1]
11-22 06:32:03.627 1489 1631 I wm_activity_launch_time: [0,88094743,com.android.musicfx/.ActivityMusic,274]
11-22 06:32:03.630 1489 2012 I input_focus: [Focus entering 4e0f06e com.android.musicfx/com.android.musicfx.ActivityMusic (server),reason=Window became focusable. Previous reason: NOT_VISIBLE]
11-22 06:32:03.632 1489 7614 I wm_destroy_activity: [0,7254848,149,com.android.musicfx/.Compatibility$Redirector,finish-imm:idle]
11-22 06:32:03.642 14340 14340 I wm_on_destroy_called: [7254848,com.android.musicfx.Compatibility$Redirector,performDestroy]
11-22 06:32:04.440 1489 1753 I am_uid_running: 10094
11-22 06:32:04.462 1489 1651 I am_proc_start: [0,14400,10094,com.android.permissioncontroller,service,{com.android.permissioncontroller/com.android.permissioncontroller.role.service.RoleControllerServiceImpl}]
11-22 06:32:04.490 1489 7614 I am_proc_bound: [0,14400,com.android.permissioncontroller]
11-22 06:32:04.493 1489 7614 I am_uid_active: 10094
11-22 06:32:07.860 1489 1648 I am_pss : [13566,10069,com.android.gallery3d,36249600,30244864,0,159924224,0,18,16]
11-22 06:32:13.469 1489 1674 I commit_sys_config_file: [package-user-0,9]
11-22 06:32:45.034 1489 1650 I am_uid_idle: 10069
11-22 06:32:49.503 1489 2012 I input_interaction: Interaction with: 4e0f06e com.android.musicfx/com.android.musicfx.ActivityMusic (server), edge-swipe (server), swipe-up (server), PointerEventDispatcher0 (server),
11-22 06:32:49.649 1489 7614 I wm_relaunch_resume_activity: [0,88094743,149,com.android.musicfx/.ActivityMusic]
11-22 06:32:49.649 1489 7614 I wm_relaunch_activity: [0,138932206,149,com.android.music/.MusicBrowserActivity]
11-22 06:32:49.662 14340 14340 I wm_on_top_resumed_lost_called: [88094743,com.android.musicfx.ActivityMusic,pausing]
11-22 06:32:49.662 14340 14340 I wm_on_paused_called: [88094743,com.android.musicfx.ActivityMusic,performPause]
11-22 06:32:49.663 14340 14340 I wm_on_stop_called: [88094743,com.android.musicfx.ActivityMusic,handleRelaunchActivity]
11-22 06:32:49.664 14340 14340 I wm_on_destroy_called: [88094743,com.android.musicfx.ActivityMusic,performDestroy]
11-22 06:32:49.677 13758 13758 I wm_on_stop_called: [138932206,com.android.music.MusicBrowserActivity,handleRelaunchActivity]
11-22 06:32:49.681 13758 13758 I wm_on_destroy_called: [138932206,com.android.music.MusicBrowserActivity,performDestroy]
11-22 06:32:49.692 1489 1648 I am_pss : [13758,10090,com.android.music,56812544,51159040,0,180465664,0,2,10]
11-22 06:32:49.705 1489 1648 I am_pss : [13759,1000,com.android.settings,57588736,44675072,0,190615552,0,15,9]
11-22 06:32:49.735 13758 13758 I wm_on_create_called: [138932206,com.android.music.MusicBrowserActivity,performCreate]
11-22 06:32:49.741 14340 14340 I wm_on_create_called: [88094743,com.android.musicfx.ActivityMusic,performCreate]
11-22 06:32:49.741 14340 14340 I wm_on_start_called: [88094743,com.android.musicfx.ActivityMusic,handleStartActivity]
11-22 06:32:49.744 14340 14340 I wm_on_resume_called: [88094743,com.android.musicfx.ActivityMusic,RESUME_ACTIVITY]
11-22 06:32:49.744 14340 14340 I wm_on_top_resumed_gained_called: [88094743,com.android.musicfx.ActivityMusic,topWhenResuming]
11-22 06:32:49.747 13758 13758 I wm_on_start_called: [138932206,com.android.music.MusicBrowserActivity,handleStartActivity]
11-22 06:32:49.748 13758 13758 I wm_on_resume_called: [138932206,com.android.music.MusicBrowserActivity,LIFECYCLER_RESUME_ACTIVITY]
11-22 06:32:49.750 13758 13758 I wm_on_paused_called: [138932206,com.android.music.MusicBrowserActivity,performPause]
11-22 06:32:49.776 1489 1489 I notification_enqueue: [10090,13758,com.android.music,1,NULL,0,Notification(channel=Channel-music shortcut=null contentView=null vibrate=null sound=null defaults=0x0 flags=0x40 color=0x00000000 category=transport actions=4 vis=PRIVATE),1]
11-22 06:32:49.778 1489 1489 I notification_enqueue: [10090,13758,com.android.music,1,NULL,0,Notification(channel=Channel-music shortcut=null contentView=null vibrate=null sound=null defaults=0x0 flags=0x40 color=0x00000000 category=transport actions=4 vis=PRIVATE),1]
11-22 06:32:49.791 1489 1648 I am_pss : [14340,10033,com.android.musicfx,33209344,27373568,0,156819456,0,2,7]
11-22 06:32:49.801 1489 1489 I notification_enqueue: [10090,13758,com.android.music,1,NULL,0,Notification(channel=Channel-music shortcut=null contentView=null vibrate=null sound=null defaults=0x0 flags=0x40 color=0x00000000 category=transport actions=4 vis=PRIVATE),1]
11-22 06:32:49.801 1489 1489 I notification_enqueue: [10090,13758,com.android.music,1,NULL,0,Notification(channel=Channel-music shortcut=null contentView=null vibrate=null sound=null defaults=0x0 flags=0x40 color=0x00000000 category=transport actions=4 vis=PRIVATE),1]
11-22 06:32:49.803 1489 1648 I am_pss : [13566,10069,com.android.gallery3d,36239360,30244864,0,159924224,0,18,7]
11-22 06:32:49.809 1489 1648 I am_pss : [14400,10094,com.android.permissioncontroller,13656064,11444224,0,102707200,0,19,5]
11-22 06:32:49.818 1489 1489 I notification_enqueue: [10090,13758,com.android.music,1,NULL,0,Notification(channel=Channel-music shortcut=null contentView=null vibrate=null sound=null defaults=0x0 flags=0x40 color=0x00000000 category=transport actions=4 vis=PRIVATE),1]
11-22 06:32:49.820 1489 1489 I notification_enqueue: [10090,13758,com.android.music,1,NULL,0,Notification(channel=Channel-music shortcut=null contentView=null vibrate=null sound=null defaults=0x0 flags=0x40 color=0x00000000 category=transport actions=4 vis=PRIVATE),1]
11-22 06:32:50.775 1489 6043 I wm_relaunch_resume_activity: [0,88094743,149,com.android.musicfx/.ActivityMusic]
11-22 06:32:50.776 1489 6043 I wm_relaunch_activity: [0,138932206,149,com.android.music/.MusicBrowserActivity]
11-22 06:32:50.784 13758 13758 I wm_on_stop_called: [138932206,com.android.music.MusicBrowserActivity,handleRelaunchActivity]
11-22 06:32:50.785 14340 14340 I wm_on_top_resumed_lost_called: [88094743,com.android.musicfx.ActivityMusic,pausing]
11-22 06:32:50.785 14340 14340 I wm_on_paused_called: [88094743,com.android.musicfx.ActivityMusic,performPause]
11-22 06:32:50.785 14340 14340 I wm_on_stop_called: [88094743,com.android.musicfx.ActivityMusic,handleRelaunchActivity]
11-22 06:32:50.786 14340 14340 I wm_on_destroy_called: [88094743,com.android.musicfx.ActivityMusic,performDestroy]
11-22 06:32:50.793 13758 13758 I wm_on_destroy_called: [138932206,com.android.music.MusicBrowserActivity,performDestroy]
11-22 06:32:50.842 13758 13758 I wm_on_create_called: [138932206,com.android.music.MusicBrowserActivity,performCreate]
11-22 06:32:50.851 14340 14340 I wm_on_create_called: [88094743,com.android.musicfx.ActivityMusic,performCreate]
11-22 06:32:50.852 14340 14340 I wm_on_start_called: [88094743,com.android.musicfx.ActivityMusic,handleStartActivity]
11-22 06:32:50.855 14340 14340 I wm_on_resume_called: [88094743,com.android.musicfx.ActivityMusic,RESUME_ACTIVITY]
11-22 06:32:50.855 14340 14340 I wm_on_top_resumed_gained_called: [88094743,com.android.musicfx.ActivityMusic,topWhenResuming]
11-22 06:32:50.855 13758 13758 I wm_on_start_called: [138932206,com.android.music.MusicBrowserActivity,handleStartActivity]
11-22 06:32:50.855 13758 13758 I wm_on_resume_called: [138932206,com.android.music.MusicBrowserActivity,LIFECYCLER_RESUME_ACTIVITY]
11-22 06:32:50.857 13758 13758 I wm_on_paused_called: [138932206,com.android.music.MusicBrowserActivity,performPause]
11-22 06:32:50.906 1489 1489 I notification_enqueue: [10090,13758,com.android.music,1,NULL,0,Notification(channel=Channel-music shortcut=null contentView=null vibrate=null sound=null defaults=0x0 flags=0x40 color=0x00000000 category=transport actions=4 vis=PRIVATE),1]
11-22 06:32:50.906 1489 1489 I notification_enqueue: [10090,13758,com.android.music,1,NULL,0,Notification(channel=Channel-music shortcut=null contentView=null vibrate=null sound=null defaults=0x0 flags=0x40 color=0x00000000 category=transport actions=4 vis=PRIVATE),1]
11-22 06:32:50.930 1489 1489 I notification_enqueue: [10090,13758,com.android.music,1,NULL,0,Notification(channel=Channel-music shortcut=null contentView=null vibrate=null sound=null defaults=0x0 flags=0x40 color=0x00000000 category=transport actions=4 vis=PRIVATE),1]
11-22 06:32:50.932 1489 1489 I notification_enqueue: [10090,13758,com.android.music,1,NULL,0,Notification(channel=Channel-music shortcut=null contentView=null vibrate=null sound=null defaults=0x0 flags=0x40 color=0x00000000 category=transport actions=4 vis=PRIVATE),1]
11-22 06:32:50.953 1489 1489 I notification_enqueue: [10090,13758,com.android.music,1,NULL,0,Notification(channel=Channel-music shortcut=null contentView=null vibrate=null sound=null defaults=0x0 flags=0x40 color=0x00000000 category=transport actions=4 vis=PRIVATE),1]
11-22 06:32:50.955 1489 1489 I notification_enqueue: [10090,13758,com.android.music,1,NULL,0,Notification(channel=Channel-music shortcut=null contentView=null vibrate=null sound=null defaults=0x0 flags=0x40 color=0x00000000 category=transport actions=4 vis=PRIVATE),1]
11-22 06:32:55.697 1489 3542 I wm_finish_activity: [0,88094743,149,com.android.musicfx/.ActivityMusic,finish-activity]
11-22 06:32:55.714 1489 3542 I wm_pause_activity: [0,88094743,com.android.musicfx/.ActivityMusic,userLeaving=false,finish]
11-22 06:32:55.721 1489 3542 I wm_finish_activity: [0,138932206,149,com.android.music/.MusicBrowserActivity,finish-activity]
11-22 06:32:55.721 1489 3542 I wm_task_moved: [1,1,8]
11-22 06:32:55.723 1489 3542 I wm_set_resumed_activity: [0,com.android.launcher3/.uioverrides.QuickstepLauncher,positionChildAt]
11-22 06:32:55.723 1489 3542 I wm_task_moved: [10,1,2147483647]
11-22 06:32:55.723 1489 3542 I wm_task_to_front: [0,10]
11-22 06:32:55.723 1489 3542 I wm_focused_root_task: [0,0,1,-1,finish-top adjustFocusToNextFocusableTask]
11-22 06:32:55.723 1489 3542 I wm_set_resumed_activity: [0,com.android.launcher3/.uioverrides.QuickstepLauncher,finish-top]
11-22 06:32:55.725 1489 3542 I wm_destroy_activity: [0,138932206,149,com.android.music/.MusicBrowserActivity,finish-imm:finishIfPossible]
11-22 06:32:55.740 1489 1636 I input_focus: [Focus request 3cc67bf com.android.launcher3/com.android.launcher3.uioverrides.QuickstepLauncher,reason=UpdateInputWindows]
11-22 06:32:55.740 14340 14340 I wm_on_top_resumed_lost_called: [88094743,com.android.musicfx.ActivityMusic,topStateChangedWhenResumed]
11-22 06:32:55.751 14340 14340 I wm_on_paused_called: [88094743,com.android.musicfx.ActivityMusic,performPause]
11-22 06:32:55.752 1489 8504 I wm_destroy_activity: [0,88094743,149,com.android.musicfx/.ActivityMusic,finish-imm:completePausedLocked]
11-22 06:32:55.756 2840 2840 I wm_on_top_resumed_gained_called: [168390208,com.android.launcher3.uioverrides.QuickstepLauncher,topStateChangedWhenResumed]
11-22 06:32:55.756 13758 13758 I wm_on_stop_called: [138932206,com.android.music.MusicBrowserActivity,LIFECYCLER_STOP_ACTIVITY]
11-22 06:32:55.757 1489 1634 I sysui_multi_action: [757,803,799,window_time_2,802,53]
11-22 06:32:55.760 1489 1634 I sysui_multi_action: [757,803,799,window_time_0,802,0]
11-22 06:32:55.760 14340 14340 I wm_on_stop_called: [88094743,com.android.musicfx.ActivityMusic,LIFECYCLER_STOP_ACTIVITY]
11-22 06:32:55.764 14340 14340 I wm_on_destroy_called: [88094743,com.android.musicfx.ActivityMusic,performDestroy]
11-22 06:32:55.766 13758 13758 I wm_on_destroy_called: [138932206,com.android.music.MusicBrowserActivity,performDestroy]
11-22 06:32:55.768 1489 2012 I input_focus: [Focus leaving 4e0f06e com.android.musicfx/com.android.musicfx.ActivityMusic (server),reason=NO_WINDOW]
11-22 06:32:55.768 1489 2012 I input_focus: [Focus entering 3cc67bf com.android.launcher3/com.android.launcher3.uioverrides.QuickstepLauncher (server),reason=setFocusedWindow]
11-22 06:32:56.018 1489 1636 I wm_task_removed: [149,removeChild:removeChild last r=ActivityRecord{847efee u0 com.android.music/.MusicBrowserActivity t-1 f}} in t=Task{87033 #149 type=standard A=10090:android.task.music U=0 visible=false mode=freeform translucent=true sz=0}]
11-22 06:32:56.018 1489 1636 I wm_task_removed: [149,removeChild]
11-22 06:32:57.745 1489 2012 I input_interaction: Interaction with: 3cc67bf com.android.launcher3/com.android.launcher3.uioverrides.QuickstepLauncher (server), 6449bab com.android.systemui.ImageWallpaper (server), edge-swipe (server), swipe-up (server), PointerEventDispatcher0 (server),
11-22 06:32:59.827 1489 1751 I commit_sys_config_file: [settings-1-0,6]
11-22 06:33:01.855 1489 2839 I wm_task_created: [150,-1]
11-22 06:33:01.862 1489 2839 I wm_task_moved: [150,1,8]
11-22 06:33:01.862 1489 2839 I wm_task_to_front: [0,150]
11-22 06:33:01.862 1489 2839 I wm_create_task: [0,150]
11-22 06:33:01.862 1489 2839 I wm_create_activity: [0,259695163,150,com.android.deskclock/.DeskClock,NULL,NULL,NULL,268468224]
11-22 06:33:01.862 1489 2839 I wm_task_moved: [150,1,8]
11-22 06:33:01.871 1489 1634 I am_uid_running: 10066
11-22 06:33:01.878 2840 2840 I wm_on_top_resumed_lost_called: [168390208,com.android.launcher3.uioverrides.QuickstepLauncher,topStateChangedWhenResumed]
11-22 06:33:01.897 1489 1651 I am_proc_start: [0,14459,10066,com.android.deskclock,top-activity,{com.android.deskclock/com.android.deskclock.DeskClock}]
11-22 06:33:01.921 1489 2839 I am_proc_bound: [0,14459,com.android.deskclock]
11-22 06:33:01.924 1489 2839 I wm_restart_activity: [0,259695163,150,com.android.deskclock/.DeskClock]
11-22 06:33:01.925 1489 2839 I wm_set_resumed_activity: [0,com.android.deskclock/.DeskClock,minimalResumeActivityLocked]
11-22 06:33:01.926 1489 2839 I am_uid_active: 10066
11-22 06:33:02.001 1489 6043 I wm_task_moved: [150,1,8]
11-22 06:33:02.002 1489 6043 I wm_set_resumed_activity: [0,com.android.deskclock/.DeskClock,positionChildAt]
11-22 06:33:02.002 1489 6043 I wm_create_activity: [0,120612482,150,com.android.permissioncontroller/.permission.ui.GrantPermissionsActivity,android.content.pm.action.REQUEST_PERMISSIONS,NULL,NULL,8388608]
11-22 06:33:02.006 1489 6043 I wm_pause_activity: [0,259695163,com.android.deskclock/.DeskClock,userLeaving=true,resumeTopActivityInnerLocked]
11-22 06:33:02.024 14459 14459 I wm_on_create_called: [259695163,com.android.deskclock.DeskClock,performCreate]
11-22 06:33:02.026 14459 14459 I wm_on_start_called: [259695163,com.android.deskclock.DeskClock,handleStartActivity]
11-22 06:33:02.029 14459 14459 I wm_on_resume_called: [259695163,com.android.deskclock.DeskClock,RESUME_ACTIVITY]
11-22 06:33:02.038 14459 14459 I wm_on_top_resumed_gained_called: [259695163,com.android.deskclock.DeskClock,topStateChangedWhenResumed]
11-22 06:33:02.038 14459 14459 I wm_on_top_resumed_lost_called: [259695163,com.android.deskclock.DeskClock,topStateChangedWhenResumed]
11-22 06:33:02.039 14459 14459 I wm_on_paused_called: [259695163,com.android.deskclock.DeskClock,performPause]
11-22 06:33:02.043 1489 2839 I wm_restart_activity: [0,120612482,150,com.android.permissioncontroller/.permission.ui.GrantPermissionsActivity]
11-22 06:33:02.044 1489 2839 I wm_set_resumed_activity: [0,com.android.permissioncontroller/.permission.ui.GrantPermissionsActivity,minimalResumeActivityLocked]
11-22 06:33:02.047 1489 1634 I sysui_multi_action: [757,803,799,window_time_0,802,6]
11-22 06:33:02.048 1489 1751 I commit_sys_config_file: [settings-1-0,8]
11-22 06:33:02.077 14400 14400 I wm_on_create_called: [120612482,com.android.permissioncontroller.permission.ui.GrantPermissionsActivity,performCreate]
11-22 06:33:02.077 14400 14400 I wm_on_start_called: [120612482,com.android.permissioncontroller.permission.ui.GrantPermissionsActivity,handleStartActivity]
11-22 06:33:02.078 14400 14400 I wm_on_resume_called: [120612482,com.android.permissioncontroller.permission.ui.GrantPermissionsActivity,RESUME_ACTIVITY]
11-22 06:33:02.084 14400 14400 I wm_on_top_resumed_gained_called: [120612482,com.android.permissioncontroller.permission.ui.GrantPermissionsActivity,topStateChangedWhenResumed]
11-22 06:33:02.091 1489 1636 I input_focus: [Focus request d537432 com.android.permissioncontroller/com.android.permissioncontroller.permission.ui.GrantPermissionsActivity,reason=UpdateInputWindows]
11-22 06:33:02.098 1489 2839 I wm_finish_activity: [0,120612482,150,com.android.permissioncontroller/.permission.ui.GrantPermissionsActivity,app-request]
11-22 06:33:02.100 1489 2839 I wm_pause_activity: [0,120612482,com.android.permissioncontroller/.permission.ui.GrantPermissionsActivity,userLeaving=false,finish]
11-22 06:33:02.100 1489 2012 I input_focus: [Focus leaving 3cc67bf com.android.launcher3/com.android.launcher3.uioverrides.QuickstepLauncher (server),reason=Waiting for window because NOT_VISIBLE]
11-22 06:33:02.103 14400 14400 I wm_on_top_resumed_lost_called: [120612482,com.android.permissioncontroller.permission.ui.GrantPermissionsActivity,topStateChangedWhenResumed]
11-22 06:33:02.103 14400 14400 I wm_on_paused_called: [120612482,com.android.permissioncontroller.permission.ui.GrantPermissionsActivity,performPause]
11-22 06:33:02.105 1489 2808 I wm_add_to_stopping: [0,120612482,com.android.permissioncontroller/.permission.ui.GrantPermissionsActivity,completeFinishing]
11-22 06:33:02.108 1489 2808 I wm_set_resumed_activity: [0,com.android.deskclock/.DeskClock,resumeTopActivityInnerLocked]
11-22 06:33:02.110 1489 2808 I wm_resume_activity: [0,259695163,150,com.android.deskclock/.DeskClock]
11-22 06:33:02.115 1489 1636 I input_focus: [Focus request c0fefc com.android.deskclock/com.android.deskclock.DeskClock,reason=UpdateInputWindows]
11-22 06:33:02.120 1489 1634 I sysui_multi_action: [757,803,799,window_time_2,802,0]
11-22 06:33:02.177 14459 14459 I wm_on_activity_result_called: [259695163,com.android.deskclock.DeskClock,ACTIVITY_RESULT]
11-22 06:33:02.178 14459 14459 I wm_on_resume_called: [259695163,com.android.deskclock.DeskClock,RESUME_ACTIVITY]
11-22 06:33:02.179 14459 14459 I wm_on_top_resumed_gained_called: [259695163,com.android.deskclock.DeskClock,topWhenResuming]
11-22 06:33:02.183 1489 2012 I input_focus: [Focus entering c0fefc com.android.deskclock/com.android.deskclock.DeskClock (server),reason=Window became focusable. Previous reason: NOT_VISIBLE]
11-22 06:33:02.456 1489 1634 I wm_destroy_activity: [0,120612482,150,com.android.permissioncontroller/.permission.ui.GrantPermissionsActivity,finish-imm:idle]
11-22 06:33:02.459 14400 14400 I wm_on_stop_called: [120612482,com.android.permissioncontroller.permission.ui.GrantPermissionsActivity,LIFECYCLER_STOP_ACTIVITY]
11-22 06:33:02.462 14400 14400 I wm_on_destroy_called: [120612482,com.android.permissioncontroller.permission.ui.GrantPermissionsActivity,performDestroy]
11-22 06:33:04.812 1489 2012 I input_interaction: Interaction with: c0fefc com.android.deskclock/com.android.deskclock.DeskClock (server), edge-swipe (server), swipe-up (server), PointerEventDispatcher0 (server),
11-22 06:33:09.926 1489 1636 I input_focus: [Focus request 7d77da7 PopupWindow:5bb4038,reason=UpdateInputWindows]
11-22 06:33:09.955 1489 2012 I input_focus: [Focus leaving c0fefc com.android.deskclock/com.android.deskclock.DeskClock (server),reason=Waiting for window because NOT_VISIBLE]
11-22 06:33:09.973 1489 2012 I input_focus: [Focus entering 7d77da7 PopupWindow:5bb4038 (server),reason=Window became focusable. Previous reason: NOT_VISIBLE]
11-22 06:33:10.825 1489 2012 I input_interaction: Interaction with: 7d77da7 PopupWindow:5bb4038 (server), edge-swipe (server), swipe-up (server), PointerEventDispatcher0 (server),
11-22 06:33:10.946 14459 14459 I menu_item_selected: [0,设置]
11-22 06:33:10.954 1489 2808 I wm_task_moved: [150,1,8]
