11-22 06:58:54.703 1489 1489 I notification_enqueue: [10082,2375,com.android.systemui,2048,NULL,0,Notification(channel=updateNotification shortcut=null contentView=null vibrate=null sound=null defaults=0x0 flags=0x0 color=0x00000000 vis=PRIVATE),1]
11-22 06:58:54.704 2375 2375 I sysui_multi_action: [757,111,758,2]
11-22 06:58:54.721 2375 2375 I sysui_multi_action: [757,111,758,1]
11-22 06:58:54.721 2375 2375 I sysui_multi_action: [757,126,758,1,759,126,927,0,928,1,1593,0]
11-22 06:58:54.721 2375 2375 I sysui_multi_action: [757,113,758,1,759,113,927,1,928,1,1593,0]
11-22 06:58:54.721 2375 2375 I sysui_multi_action: [757,0,758,1,759,0,927,2,928,0,1593,0]
11-22 06:58:54.721 2375 2375 I sysui_multi_action: [757,0,758,1,759,0,927,3,928,0,1593,0]
11-22 06:58:54.722 2375 2375 I sysui_multi_action: [757,491,758,1,759,491,927,4,928,0,1311,-1,1593,0]
11-22 06:58:54.722 2375 2375 I sysui_multi_action: [757,0,758,1,759,0,927,5,928,0,1593,0]
11-22 06:58:54.722 2375 2375 I sysui_multi_action: [757,114,758,1,759,114,927,6,928,0,1593,0]
11-22 06:58:54.722 2375 2375 I sysui_multi_action: [757,111,758,1]
11-22 06:58:54.722 2375 2375 I sysui_multi_action: [757,126,758,1,759,126,927,0,928,1,1593,0]
11-22 06:58:54.722 2375 2375 I sysui_multi_action: [757,113,758,1,759,113,927,1,928,1,1593,0]
11-22 06:58:54.722 2375 2375 I sysui_multi_action: [757,0,758,1,759,0,927,2,928,0,1593,0]
11-22 06:58:54.722 2375 2375 I sysui_multi_action: [757,0,758,1,759,0,927,3,928,0,1593,0]
11-22 06:58:55.081 1489 1634 I wm_stop_activity: [0,168390208,com.android.launcher3/.uioverrides.QuickstepLauncher]
11-22 06:58:55.118 2840 2840 I wm_on_paused_called: [168390208,com.android.launcher3.uioverrides.QuickstepLauncher,performPause]
11-22 06:58:55.124 2840 2840 I wm_on_stop_called: [168390208,com.android.launcher3.uioverrides.QuickstepLauncher,STOP_ACTIVITY_ITEM]
11-22 06:58:55.831 1489 2824 I wm_task_moved: [1,0,0]
11-22 06:58:55.832 1489 2824 I wm_task_moved: [1,0,6]
11-22 06:58:55.845 2840 2840 I wm_on_restart_called: [168390208,com.android.launcher3.uioverrides.QuickstepLauncher,performRestartActivity]
11-22 06:58:55.874 2840 2840 I wm_on_start_called: [168390208,com.android.launcher3.uioverrides.QuickstepLauncher,handleStartActivity]
11-22 06:58:55.898 1489 1631 I sysui_multi_action: [319,16,322,59,325,14524,757,761,758,9,759,5,806,com.android.launcher3,871,com.android.launcher3.uioverrides.QuickstepLauncher,905,0,1320,8,1321,5]
11-22 06:58:55.904 15162 15162 I view_enqueue_input_event: [Motion - Cancel,com.android.gallery3d/com.android.gallery3d.app.GalleryActivity]
11-22 06:58:55.905 2840 2840 I sysui_latency: [1,71]
11-22 06:58:55.908 1489 2012 I input_interaction: Interaction with: edge-swipe (server), swipe-up (server), PointerEventDispatcher0 (server),
11-22 06:58:55.912 1489 1636 I input_focus: [Focus request recents_animation_input_consumer,reason=UpdateInputWindows]
11-22 06:58:55.932 1489 2012 I input_focus: [Focus leaving 95769bd com.android.gallery3d/com.android.gallery3d.app.GalleryActivity (server),reason=NOT_FOCUSABLE]
11-22 06:58:55.932 1489 2012 I input_focus: [Focus entering recents_animation_input_consumer (server),reason=setFocusedWindow]
11-22 06:58:56.077 1489 1751 I commit_sys_config_file: [settings-1-0,6]
11-22 06:58:56.193 1489 1648 I sysui_latency: [8,69]
11-22 06:58:56.806 1489 1751 I commit_sys_config_file: [settings-1-0,5]
11-22 06:58:58.090 1489 2012 I input_interaction: Interaction with: 3cc67bf com.android.launcher3/com.android.launcher3.uioverrides.QuickstepLauncher (server), edge-swipe (server), swipe-up (server), PointerEventDispatcher0 (server),
11-22 06:58:58.243 1489 8738 I wm_task_moved: [1,1,8]
11-22 06:58:58.248 1489 8738 I wm_focused_root_task: [0,0,1,161,startActivityFromRecents]
11-22 06:58:58.248 15162 15162 I wm_on_top_resumed_lost_called: [170310268,com.android.gallery3d.app.GalleryActivity,topStateChangedWhenResumed]
11-22 06:58:58.261 1489 8738 I wm_task_moved: [164,1,8]
11-22 06:58:58.261 1489 8738 I wm_task_to_front: [0,164]
11-22 06:58:58.262 1489 8738 I wm_focused_root_task: [0,0,164,1,reuseOrNewTask]
11-22 06:58:58.262 1489 8738 I wm_create_activity: [0,123453652,164,com.android.music/.MusicBrowserActivity,android.intent.action.MAIN,NULL,NULL,271581184]
11-22 06:58:58.263 1489 8738 I wm_pause_activity: [0,170310268,com.android.gallery3d/.app.GalleryActivity,userLeaving=true,pauseBackTasks]
11-22 06:58:58.271 1489 1636 I input_focus: [Focus request 3cc67bf com.android.launcher3/com.android.launcher3.uioverrides.QuickstepLauncher,reason=UpdateInputWindows]
11-22 06:58:58.279 1489 2012 I input_focus: [Focus leaving recents_animation_input_consumer (server),reason=setFocusedWindow]
11-22 06:58:58.279 1489 2012 I input_focus: [Focus entering 3cc67bf com.android.launcher3/com.android.launcher3.uioverrides.QuickstepLauncher (server),reason=setFocusedWindow]
11-22 06:58:58.287 15162 15162 I wm_on_paused_called: [170310268,com.android.gallery3d.app.GalleryActivity,performPause]
11-22 06:58:58.290 1489 5394 I wm_add_to_stopping: [0,170310268,com.android.gallery3d/.app.GalleryActivity,makeInvisible]
11-22 06:58:58.291 1489 5394 I wm_restart_activity: [0,123453652,164,com.android.music/.MusicBrowserActivity]
11-22 06:58:58.294 1489 5394 I wm_set_resumed_activity: [0,com.android.music/.MusicBrowserActivity,minimalResumeActivityLocked]
11-22 06:58:58.300 1489 1634 I am_uid_active: 10090
11-22 06:58:58.302 1489 1634 I sysui_multi_action: [757,803,799,window_time_0,802,5]
11-22 06:58:58.335 15528 15528 I wm_on_create_called: [123453652,com.android.music.MusicBrowserActivity,performCreate]
11-22 06:58:58.344 15528 15528 I wm_on_start_called: [123453652,com.android.music.MusicBrowserActivity,handleStartActivity]
11-22 06:58:58.345 15528 15528 I wm_on_resume_called: [123453652,com.android.music.MusicBrowserActivity,RESUME_ACTIVITY]
11-22 06:58:58.347 15528 15528 I wm_on_top_resumed_gained_called: [123453652,com.android.music.MusicBrowserActivity,topStateChangedWhenResumed]
11-22 06:58:58.398 1489 6560 I sysui_multi_action: [757,856,758,1,806,com.android.music,857,Channel-music,858,2]
11-22 06:58:58.416 1489 1489 I notification_enqueue: [10090,15528,com.android.music,1,NULL,0,Notification(channel=Channel-music shortcut=null contentView=null vibrate=null sound=null defaults=0x0 flags=0x0 color=0x00000000 category=transport actions=4 vis=PRIVATE),0]
11-22 06:58:58.418 1489 1489 I notification_enqueue: [10090,15528,com.android.music,1,NULL,0,Notification(channel=Channel-music shortcut=null contentView=null vibrate=null sound=null defaults=0x0 flags=0x40 color=0x00000000 category=transport actions=4 vis=PRIVATE),0]
11-22 06:58:58.438 1489 1489 I notification_enqueue: [10090,15528,com.android.music,1,NULL,0,Notification(channel=Channel-music shortcut=null contentView=null vibrate=null sound=null defaults=0x0 flags=0x40 color=0x00000000 category=transport actions=4 vis=PRIVATE),0]
11-22 06:58:58.442 1489 1489 I notification_enqueue: [10090,15528,com.android.music,1,NULL,0,Notification(channel=Channel-music shortcut=null contentView=null vibrate=null sound=null defaults=0x0 flags=0x40 color=0x00000000 category=transport actions=4 vis=PRIVATE),0]
11-22 06:58:58.456 1489 1489 I notification_enqueue: [10090,15528,com.android.music,1,NULL,0,Notification(channel=Channel-music shortcut=null contentView=null vibrate=null sound=null defaults=0x0 flags=0x40 color=0x00000000 category=transport actions=4 vis=PRIVATE),0]
11-22 06:58:58.458 1489 1489 I notification_enqueue: [10090,15528,com.android.music,1,NULL,0,Notification(channel=Channel-music shortcut=null contentView=null vibrate=null sound=null defaults=0x0 flags=0x40 color=0x00000000 category=transport actions=4 vis=PRIVATE),0]
11-22 06:58:58.474 1489 1636 I input_focus: [Focus request 191b4a0 com.android.music/com.android.music.MusicBrowserActivity,reason=UpdateInputWindows]
11-22 06:58:58.500 1489 1631 I sysui_multi_action: [319,249,322,248,325,14526,757,761,758,8,759,2,806,com.android.music,871,com.android.music.MusicBrowserActivity,904,com.android.launcher3,905,0,1320,4,1321,1]
11-22 06:58:58.501 1489 1631 I wm_activity_launch_time: [0,123453652,com.android.music/.MusicBrowserActivity,248]
11-22 06:58:58.506 1489 2012 I input_focus: [Focus leaving 3cc67bf com.android.launcher3/com.android.launcher3.uioverrides.QuickstepLauncher (server),reason=setFocusedWindow]
11-22 06:58:58.506 1489 2012 I input_focus: [Focus entering 191b4a0 com.android.music/com.android.music.MusicBrowserActivity (server),reason=setFocusedWindow]
11-22 06:58:58.617 1489 1489 I sysui_multi_action: [757,1501,758,1,793,202,794,0,795,202,796,1,806,com.android.music,857,Channel-music,858,2,947,0,1500,0,1641,transport,1688,1,1745,1043716538]
11-22 06:58:58.617 1489 1489 I sysui_multi_action: [757,804,799,note_interruptive,801,0,802,1]
11-22 06:58:58.651 1489 1633 I commit_sys_config_file: [notification-policy,14501924]
11-22 06:58:58.677 1489 1489 I sysui_multi_action: [757,128,758,5,759,8,793,176519,794,0,795,176519,796,1,797,empty_media,806,com.android.systemui,857,empty_media_style_id,858,4,947,0,1500,176317,1641,transport,1688,1,1745,1043716538]
11-22 06:58:58.678 1489 1489 I notification_canceled: [0|com.android.systemui|1|empty_media|10082,8,176519,176519,0,-1,-1,NULL]
11-22 06:58:58.690 1489 2808 I wm_task_moved: [1,1,8]
11-22 06:58:58.691 1489 2808 I wm_task_moved: [10,1,2147483647]
11-22 06:58:58.691 1489 2808 I wm_task_to_front: [0,10]
11-22 06:58:58.691 1489 2808 I wm_focused_root_task: [0,0,1,164,RecentsAnimation.onAnimationFinished()]
11-22 06:58:58.691 1489 2808 I wm_set_resumed_activity: [0,com.android.launcher3/.uioverrides.QuickstepLauncher,RecentsAnimation.onAnimationFinished()]
11-22 06:58:58.692 1489 2808 I wm_set_resumed_activity: [0,com.android.launcher3/.uioverrides.QuickstepLauncher,resumeTopActivityInnerLocked]
11-22 06:58:58.695 1489 2808 I wm_resume_activity: [0,168390208,10,com.android.launcher3/.uioverrides.QuickstepLauncher]
11-22 06:58:58.697 15528 15528 I wm_on_top_resumed_lost_called: [123453652,com.android.music.MusicBrowserActivity,topStateChangedWhenResumed]
11-22 06:58:58.702 1489 1636 I input_focus: [Focus request 3cc67bf com.android.launcher3/com.android.launcher3.uioverrides.QuickstepLauncher,reason=UpdateInputWindows]
11-22 06:58:58.702 1489 1634 I wm_stop_activity: [0,170310268,com.android.gallery3d/.app.GalleryActivity]
11-22 06:58:58.703 1489 1634 I sysui_multi_action: [757,803,799,window_time_2,802,1]
11-22 06:58:58.705 2840 2840 I wm_on_resume_called: [168390208,com.android.launcher3.uioverrides.QuickstepLauncher,RESUME_ACTIVITY]
11-22 06:58:58.705 2840 2840 I wm_on_top_resumed_gained_called: [168390208,com.android.launcher3.uioverrides.QuickstepLauncher,topStateChangedWhenResumed]
11-22 06:58:58.720 15162 15162 I wm_on_stop_called: [170310268,com.android.gallery3d.app.GalleryActivity,STOP_ACTIVITY_ITEM]
11-22 06:58:58.725 1489 2012 I input_focus: [Focus leaving 191b4a0 com.android.music/com.android.music.MusicBrowserActivity (server),reason=setFocusedWindow]
11-22 06:58:58.725 1489 2012 I input_focus: [Focus entering 3cc67bf com.android.launcher3/com.android.launcher3.uioverrides.QuickstepLauncher (server),reason=setFocusedWindow]
11-22 06:59:01.072 1489 2012 I input_interaction: Interaction with: 3cc67bf com.android.launcher3/com.android.launcher3.uioverrides.QuickstepLauncher (server), 6449bab com.android.systemui.ImageWallpaper (server), edge-swipe (server), swipe-up (server), PointerEventDispatcher0 (server),
11-22 06:59:01.213 2840 2840 I view_enqueue_input_event: [Motion - Cancel,com.android.launcher3/com.android.launcher3.uioverrides.QuickstepLauncher]
11-22 06:59:01.221 1489 2012 I input_interaction: Interaction with: edge-swipe (server), swipe-up (server), PointerEventDispatcher0 (server),
11-22 06:59:01.384 1489 1751 I commit_sys_config_file: [settings-1-0,5]
11-22 06:59:01.655 1489 1751 I commit_sys_config_file: [settings-1-0,7]
11-22 06:59:01.766 1489 2824 I wm_finish_activity: [0,123453652,164,com.android.music/.MusicBrowserActivity,app-request]
11-22 06:59:01.779 1489 2824 I wm_pause_activity: [0,123453652,com.android.music/.MusicBrowserActivity,userLeaving=false,finish]
11-22 06:59:01.781 15528 15528 I wm_on_paused_called: [123453652,com.android.music.MusicBrowserActivity,performPause]
11-22 06:59:01.784 1489 2808 I wm_destroy_activity: [0,123453652,164,com.android.music/.MusicBrowserActivity,finish-imm:completePausedLocked]
11-22 06:59:01.807 1489 1634 I sysui_multi_action: [757,803,799,window_time_0,802,3]
11-22 06:59:01.813 15528 15528 I wm_on_stop_called: [123453652,com.android.music.MusicBrowserActivity,LIFECYCLER_STOP_ACTIVITY]
11-22 06:59:01.830 15528 15528 I wm_on_destroy_called: [123453652,com.android.music.MusicBrowserActivity,performDestroy]
11-22 06:59:02.079 1489 1636 I wm_task_removed: [164,removeChild:removeChild last r=ActivityRecord{75bc0d4 u0 com.android.music/.MusicBrowserActivity t-1 f}} in t=Task{4512bb8 #164 type=standard A=10090:android.task.music U=0 visible=false mode=freeform translucent=true sz=0}]
11-22 06:59:02.079 1489 1636 I wm_task_removed: [164,removeChild]
11-22 06:59:03.728 1489 2012 I input_interaction: Interaction with: 3cc67bf com.android.launcher3/com.android.launcher3.uioverrides.QuickstepLauncher (server), 6449bab com.android.systemui.ImageWallpaper (server), edge-swipe (server), swipe-up (server), PointerEventDispatcher0 (server),
11-22 06:59:03.841 1489 6560 I wm_task_created: [166,-1]
11-22 06:59:03.847 1489 6560 I wm_task_moved: [166,1,8]
11-22 06:59:03.847 1489 6560 I wm_task_to_front: [0,166]
11-22 06:59:03.848 1489 6560 I wm_create_task: [0,166]
11-22 06:59:03.848 1489 6560 I wm_create_activity: [0,212012576,166,com.android.music/.MusicBrowserActivity,android.intent.action.MAIN,NULL,NULL,271581184]
11-22 06:59:03.848 1489 6560 I wm_task_moved: [166,1,8]
11-22 06:59:03.853 1489 6560 I wm_restart_activity: [0,212012576,166,com.android.music/.MusicBrowserActivity]
11-22 06:59:03.855 1489 6560 I wm_set_resumed_activity: [0,com.android.music/.MusicBrowserActivity,minimalResumeActivityLocked]
11-22 06:59:03.884 2840 2840 I wm_on_top_resumed_lost_called: [168390208,com.android.launcher3.uioverrides.QuickstepLauncher,topStateChangedWhenResumed]
11-22 06:59:03.898 15528 15528 I wm_on_create_called: [212012576,com.android.music.MusicBrowserActivity,performCreate]
11-22 06:59:03.903 15528 15528 I wm_on_start_called: [212012576,com.android.music.MusicBrowserActivity,handleStartActivity]
11-22 06:59:03.905 15528 15528 I wm_on_resume_called: [212012576,com.android.music.MusicBrowserActivity,RESUME_ACTIVITY]
11-22 06:59:03.909 15528 15528 I wm_on_top_resumed_gained_called: [212012576,com.android.music.MusicBrowserActivity,topStateChangedWhenResumed]
11-22 06:59:03.922 1489 1489 I notification_enqueue: [10090,15528,com.android.music,1,NULL,0,Notification(channel=Channel-music shortcut=null contentView=null vibrate=null sound=null defaults=0x0 flags=0x40 color=0x00000000 category=transport actions=4 vis=PRIVATE),1]
11-22 06:59:03.931 1489 1489 I notification_enqueue: [10090,15528,com.android.music,1,NULL,0,Notification(channel=Channel-music shortcut=null contentView=null vibrate=null sound=null defaults=0x0 flags=0x40 color=0x00000000 category=transport actions=4 vis=PRIVATE),1]
11-22 06:59:03.939 1489 1489 I notification_enqueue: [10090,15528,com.android.music,1,NULL,0,Notification(channel=Channel-music shortcut=null contentView=null vibrate=null sound=null defaults=0x0 flags=0x40 color=0x00000000 category=transport actions=4 vis=PRIVATE),1]
11-22 06:59:03.941 1489 1489 I notification_enqueue: [10090,15528,com.android.music,1,NULL,0,Notification(channel=Channel-music shortcut=null contentView=null vibrate=null sound=null defaults=0x0 flags=0x40 color=0x00000000 category=transport actions=4 vis=PRIVATE),1]
11-22 06:59:03.962 1489 1636 I input_focus: [Focus request 9301c80 com.android.music/com.android.music.MusicBrowserActivity,reason=UpdateInputWindows]
11-22 06:59:03.984 1489 1631 I sysui_multi_action: [319,147,322,146,325,14532,757,761,758,8,759,2,806,com.android.music,871,com.android.music.MusicBrowserActivity,904,android,905,0,1320,4,1321,1]
11-22 06:59:03.985 1489 1631 I wm_activity_launch_time: [0,212012576,com.android.music/.MusicBrowserActivity,146]
11-22 06:59:03.985 1489 2012 I input_focus: [Focus leaving 3cc67bf com.android.launcher3/com.android.launcher3.uioverrides.QuickstepLauncher (server),reason=setFocusedWindow]
11-22 06:59:03.985 1489 2012 I input_focus: [Focus entering 9301c80 com.android.music/com.android.music.MusicBrowserActivity (server),reason=setFocusedWindow]
11-22 06:59:04.226 1489 1648 I am_pss : [15967,10060,com.android.soundrecorder,5806080,3993600,0,89645056,0,19,5]
11-22 06:59:05.872 2840 2840 I view_enqueue_input_event: [Motion - Cancel,com.android.launcher3/com.android.launcher3.uioverrides.QuickstepLauncher]
11-22 06:59:05.880 1489 2012 I input_interaction: Interaction with: edge-swipe (server), swipe-up (server), PointerEventDispatcher0 (server),
11-22 06:59:06.124 1489 6560 I wm_task_moved: [1,1,8]
11-22 06:59:06.127 15528 15528 I wm_on_top_resumed_lost_called: [212012576,com.android.music.MusicBrowserActivity,topStateChangedWhenResumed]
11-22 06:59:06.127 1489 6560 I wm_set_resumed_activity: [0,com.android.launcher3/.uioverrides.QuickstepLauncher,positionChildAt]
11-22 06:59:06.127 1489 6560 I wm_task_moved: [10,1,2147483647]
11-22 06:59:06.127 1489 6560 I wm_task_to_front: [0,10]
11-22 06:59:06.127 1489 6560 I wm_focused_root_task: [0,0,1,166,bringingFoundTaskToFront]
11-22 06:59:06.127 1489 6560 I wm_set_resumed_activity: [0,com.android.launcher3/.uioverrides.QuickstepLauncher,bringingFoundTaskToFront]
11-22 06:59:06.129 1489 6560 I wm_new_intent: [0,168390208,10,com.android.launcher3/.uioverrides.QuickstepLauncher,android.intent.action.MAIN,NULL,NULL,268435712]
11-22 06:59:06.129 1489 6560 I wm_task_moved: [1,1,8]
11-22 06:59:06.130 1489 6560 I wm_set_resumed_activity: [0,com.android.launcher3/.uioverrides.QuickstepLauncher,positionChildAt]
11-22 06:59:06.135 1489 1636 I input_focus: [Focus request 3cc67bf com.android.launcher3/com.android.launcher3.uioverrides.QuickstepLauncher,reason=UpdateInputWindows]
11-22 06:59:06.137 2840 2840 I wm_on_paused_called: [168390208,com.android.launcher3.uioverrides.QuickstepLauncher,performPause]
11-22 06:59:06.141 2840 2840 I wm_on_resume_called: [168390208,com.android.launcher3.uioverrides.QuickstepLauncher,LIFECYCLER_RESUME_ACTIVITY]
11-22 06:59:06.142 2840 2840 I wm_on_top_resumed_gained_called: [168390208,com.android.launcher3.uioverrides.QuickstepLauncher,topStateChangedWhenResumed]
11-22 06:59:06.158 1489 2012 I input_focus: [Focus leaving 9301c80 com.android.music/com.android.music.MusicBrowserActivity (server),reason=setFocusedWindow]
11-22 06:59:06.158 1489 2012 I input_focus: [Focus entering 3cc67bf com.android.launcher3/com.android.launcher3.uioverrides.QuickstepLauncher (server),reason=setFocusedWindow]
11-22 06:59:13.828 1489 2012 I input_interaction: Interaction with: 9301c80 com.android.music/com.android.music.MusicBrowserActivity (server), edge-swipe (server), swipe-up (server), PointerEventDispatcher0 (server),
11-22 06:59:13.832 1489 1634 I wm_task_moved: [166,1,8]
11-22 06:59:13.832 1489 1634 I wm_task_to_front: [0,166]
11-22 06:59:13.839 1489 1634 I wm_set_resumed_activity: [0,com.android.music/.MusicBrowserActivity,positionChildAt]
11-22 06:59:13.839 1489 1634 I wm_focused_root_task: [0,0,166,1,setFocusedTask]
11-22 06:59:13.839 1489 1634 I wm_set_resumed_activity: [0,com.android.music/.MusicBrowserActivity,setFocusedTask]
11-22 06:59:13.841 1489 1636 I input_focus: [Focus request 9301c80 com.android.music/com.android.music.MusicBrowserActivity,reason=UpdateInputWindows]
11-22 06:59:13.843 2840 2840 I wm_on_top_resumed_lost_called: [168390208,com.android.launcher3.uioverrides.QuickstepLauncher,topStateChangedWhenResumed]
11-22 06:59:13.848 15528 15528 I wm_on_top_resumed_gained_called: [212012576,com.android.music.MusicBrowserActivity,topStateChangedWhenResumed]
11-22 06:59:13.877 1489 2012 I input_focus: [Focus leaving 3cc67bf com.android.launcher3/com.android.launcher3.uioverrides.QuickstepLauncher (server),reason=setFocusedWindow]
11-22 06:59:13.877 1489 2012 I input_focus: [Focus entering 9301c80 com.android.music/com.android.music.MusicBrowserActivity (server),reason=setFocusedWindow]
11-22 06:59:13.994 1489 3542 I wm_relaunch_resume_activity: [0,212012576,166,com.android.music/.MusicBrowserActivity]
11-22 06:59:13.995 1489 3542 I wm_add_to_stopping: [0,168390208,com.android.launcher3/.uioverrides.QuickstepLauncher,makeInvisible]
11-22 06:59:14.004 15528 15528 I wm_on_top_resumed_lost_called: [212012576,com.android.music.MusicBrowserActivity,pausing]
11-22 06:59:14.018 15528 15528 I wm_on_paused_called: [212012576,com.android.music.MusicBrowserActivity,performPause]
11-22 06:59:14.023 15528 15528 I wm_on_stop_called: [212012576,com.android.music.MusicBrowserActivity,handleRelaunchActivity]
11-22 06:59:14.026 15528 15528 I wm_on_destroy_called: [212012576,com.android.music.MusicBrowserActivity,performDestroy]
11-22 06:59:14.067 15528 15528 I wm_on_create_called: [212012576,com.android.music.MusicBrowserActivity,performCreate]
11-22 06:59:14.078 15528 15528 I wm_on_start_called: [212012576,com.android.music.MusicBrowserActivity,handleStartActivity]
11-22 06:59:14.079 15528 15528 I wm_on_resume_called: [212012576,com.android.music.MusicBrowserActivity,RESUME_ACTIVITY]
11-22 06:59:14.080 15528 15528 I wm_on_top_resumed_gained_called: [212012576,com.android.music.MusicBrowserActivity,topWhenResuming]
11-22 06:59:14.108 1489 1489 I notification_enqueue: [10090,15528,com.android.music,1,NULL,0,Notification(channel=Channel-music shortcut=null contentView=null vibrate=null sound=null defaults=0x0 flags=0x40 color=0x00000000 category=transport actions=4 vis=PRIVATE),1]
11-22 06:59:14.110 1489 1489 I notification_enqueue: [10090,15528,com.android.music,1,NULL,0,Notification(channel=Channel-music shortcut=null contentView=null vibrate=null sound=null defaults=0x0 flags=0x40 color=0x00000000 category=transport actions=4 vis=PRIVATE),1]
11-22 06:59:14.133 1489 1489 I notification_enqueue: [10090,15528,com.android.music,1,NULL,0,Notification(channel=Channel-music shortcut=null contentView=null vibrate=null sound=null defaults=0x0 flags=0x40 color=0x00000000 category=transport actions=4 vis=PRIVATE),1]
11-22 06:59:14.136 1489 1489 I notification_enqueue: [10090,15528,com.android.music,1,NULL,0,Notification(channel=Channel-music shortcut=null contentView=null vibrate=null sound=null defaults=0x0 flags=0x40 color=0x00000000 category=transport actions=4 vis=PRIVATE),1]
11-22 06:59:14.149 1489 1489 I notification_enqueue: [10090,15528,com.android.music,1,NULL,0,Notification(channel=Channel-music shortcut=null contentView=null vibrate=null sound=null defaults=0x0 flags=0x40 color=0x00000000 category=transport actions=4 vis=PRIVATE),1]
11-22 06:59:14.153 1489 1489 I notification_enqueue: [10090,15528,com.android.music,1,NULL,0,Notification(channel=Channel-music shortcut=null contentView=null vibrate=null sound=null defaults=0x0 flags=0x40 color=0x00000000 category=transport actions=4 vis=PRIVATE),1]
11-22 06:59:14.445 1489 1634 I wm_stop_activity: [0,168390208,com.android.launcher3/.uioverrides.QuickstepLauncher]
11-22 06:59:14.471 2840 2840 I wm_on_paused_called: [168390208,com.android.launcher3.uioverrides.QuickstepLauncher,performPause]
11-22 06:59:14.474 2840 2840 I wm_on_stop_called: [168390208,com.android.launcher3.uioverrides.QuickstepLauncher,STOP_ACTIVITY_ITEM]
11-22 06:59:15.190 1489 7614 I wm_task_moved: [1,0,0]
11-22 06:59:15.191 1489 7614 I wm_task_moved: [1,0,7]
11-22 06:59:15.219 2840 2840 I wm_on_restart_called: [168390208,com.android.launcher3.uioverrides.QuickstepLauncher,performRestartActivity]
11-22 06:59:15.236 2840 2840 I wm_on_start_called: [168390208,com.android.launcher3.uioverrides.QuickstepLauncher,handleStartActivity]
11-22 06:59:15.261 1489 1631 I sysui_multi_action: [319,15,322,64,325,14543,757,761,758,9,759,5,806,com.android.launcher3,871,com.android.launcher3.uioverrides.QuickstepLauncher,905,0,1320,8,1321,5]
11-22 06:59:15.264 15528 15528 I view_enqueue_input_event: [Motion - Cancel,com.android.music/com.android.music.MusicBrowserActivity]
11-22 06:59:15.264 2840 2840 I sysui_latency: [1,76]
11-22 06:59:15.268 1489 2012 I input_interaction: Interaction with: edge-swipe (server), swipe-up (server), PointerEventDispatcher0 (server),
11-22 06:59:15.274 1489 1636 I input_focus: [Focus request recents_animation_input_consumer,reason=UpdateInputWindows]
11-22 06:59:15.295 1489 2012 I input_focus: [Focus leaving 9301c80 com.android.music/com.android.music.MusicBrowserActivity (server),reason=NOT_FOCUSABLE]
11-22 06:59:15.295 1489 2012 I input_focus: [Focus entering recents_animation_input_consumer (server),reason=setFocusedWindow]
11-22 06:59:15.441 1489 1751 I commit_sys_config_file: [settings-1-0,7]
11-22 06:59:15.556 1489 1648 I sysui_latency: [8,78]
11-22 06:59:16.207 1489 1751 I commit_sys_config_file: [settings-1-0,13]
11-22 06:59:17.444 1489 2012 I input_interaction: Interaction with: 3cc67bf com.android.launcher3/com.android.launcher3.uioverrides.QuickstepLauncher (server), edge-swipe (server), swipe-up (server), PointerEventDispatcher0 (server),
11-22 06:59:17.601 1489 7614 I wm_relaunch_resume_activity: [0,212012576,166,com.android.music/.MusicBrowserActivity]
11-22 06:59:17.603 1489 7614 I wm_task_moved: [1,1,8]
11-22 06:59:17.603 15528 15528 I wm_on_top_resumed_lost_called: [212012576,com.android.music.MusicBrowserActivity,pausing]
11-22 06:59:17.604 15528 15528 I wm_on_paused_called: [212012576,com.android.music.MusicBrowserActivity,performPause]
11-22 06:59:17.605 1489 7614 I wm_focused_root_task: [0,0,1,166,startActivityFromRecents]
11-22 06:59:17.605 1489 7614 I wm_task_moved: [166,1,8]
11-22 06:59:17.605 1489 7614 I wm_set_resumed_activity: [0,com.android.music/.MusicBrowserActivity,positionChildAt]
11-22 06:59:17.606 1489 7614 I wm_focused_root_task: [0,0,166,1,moveTaskToFront findTaskToMoveToFront]
11-22 06:59:17.606 1489 7614 I wm_set_resumed_activity: [0,com.android.music/.MusicBrowserActivity,moveTaskToFront findTaskToMoveToFront]
11-22 06:59:17.613 15528 15528 I wm_on_stop_called: [212012576,com.android.music.MusicBrowserActivity,handleRelaunchActivity]
11-22 06:59:17.620 15528 15528 I wm_on_destroy_called: [212012576,com.android.music.MusicBrowserActivity,performDestroy]
11-22 06:59:17.663 15528 15528 I wm_on_create_called: [212012576,com.android.music.MusicBrowserActivity,performCreate]
11-22 06:59:17.674 15528 15528 I wm_on_start_called: [212012576,com.android.music.MusicBrowserActivity,handleStartActivity]
11-22 06:59:17.675 15528 15528 I wm_on_resume_called: [212012576,com.android.music.MusicBrowserActivity,RESUME_ACTIVITY]
11-22 06:59:17.677 15528 15528 I wm_on_top_resumed_gained_called: [212012576,com.android.music.MusicBrowserActivity,topWhenResuming]
11-22 06:59:17.677 15528 15528 I wm_on_top_resumed_lost_called: [212012576,com.android.music.MusicBrowserActivity,topStateChangedWhenResumed]
11-22 06:59:17.707 1489 1489 I notification_enqueue: [10090,15528,com.android.music,1,NULL,0,Notification(channel=Channel-music shortcut=null contentView=null vibrate=null sound=null defaults=0x0 flags=0x40 color=0x00000000 category=transport actions=4 vis=PRIVATE),1]
11-22 06:59:17.708 1489 1489 I notification_enqueue: [10090,15528,com.android.music,1,NULL,0,Notification(channel=Channel-music shortcut=null contentView=null vibrate=null sound=null defaults=0x0 flags=0x40 color=0x00000000 category=transport actions=4 vis=PRIVATE),1]
11-22 06:59:17.730 1489 1489 I notification_enqueue: [10090,15528,com.android.music,1,NULL,0,Notification(channel=Channel-music shortcut=null contentView=null vibrate=null sound=null defaults=0x0 flags=0x40 color=0x00000000 category=transport actions=4 vis=PRIVATE),1]
11-22 06:59:17.738 1489 1489 I notification_enqueue: [10090,15528,com.android.music,1,NULL,0,Notification(channel=Channel-music shortcut=null contentView=null vibrate=null sound=null defaults=0x0 flags=0x40 color=0x00000000 category=transport actions=4 vis=PRIVATE),1]
11-22 06:59:17.753 1489 1489 I notification_enqueue: [10090,15528,com.android.music,1,NULL,0,Notification(channel=Channel-music shortcut=null contentView=null vibrate=null sound=null defaults=0x0 flags=0x40 color=0x00000000 category=transport actions=4 vis=PRIVATE),1]
11-22 06:59:17.755 1489 1489 I notification_enqueue: [10090,15528,com.android.music,1,NULL,0,Notification(channel=Channel-music shortcut=null contentView=null vibrate=null sound=null defaults=0x0 flags=0x40 color=0x00000000 category=transport actions=4 vis=PRIVATE),1]
11-22 06:59:17.778 15528 15528 I wm_on_top_resumed_gained_called: [212012576,com.android.music.MusicBrowserActivity,topStateChangedWhenResumed]
11-22 06:59:17.986 1489 3542 I wm_task_moved: [1,0,7]
11-22 06:59:17.991 1489 3542 I wm_resume_activity: [0,168390208,10,com.android.launcher3/.uioverrides.QuickstepLauncher]
11-22 06:59:17.994 2840 2840 I wm_on_resume_called: [168390208,com.android.launcher3.uioverrides.QuickstepLauncher,RESUME_ACTIVITY]
11-22 06:59:18.000 1489 1636 I input_focus: [Focus request 9301c80 com.android.music/com.android.music.MusicBrowserActivity,reason=UpdateInputWindows]
11-22 06:59:18.019 1489 2012 I input_focus: [Focus leaving recents_animation_input_consumer (server),reason=NOT_VISIBLE]
11-22 06:59:18.019 1489 2012 I input_focus: [Focus entering 9301c80 com.android.music/com.android.music.MusicBrowserActivity (server),reason=setFocusedWindow]
11-22 06:59:19.161 1489 2012 I input_interaction: Interaction with: 9301c80 com.android.music/com.android.music.MusicBrowserActivity (server), edge-swipe (server), swipe-up (server), PointerEventDispatcher0 (server),
11-22 06:59:20.126 1489 6560 I wm_relaunch_resume_activity: [0,212012576,166,com.android.music/.MusicBrowserActivity]
11-22 06:59:20.127 1489 6560 I wm_add_to_stopping: [0,168390208,com.android.launcher3/.uioverrides.QuickstepLauncher,makeInvisible]
11-22 06:59:20.157 15528 15528 I wm_on_top_resumed_lost_called: [212012576,com.android.music.MusicBrowserActivity,pausing]
11-22 06:59:20.158 15528 15528 I wm_on_paused_called: [212012576,com.android.music.MusicBrowserActivity,performPause]
11-22 06:59:20.165 15528 15528 I wm_on_stop_called: [212012576,com.android.music.MusicBrowserActivity,handleRelaunchActivity]
11-22 06:59:20.168 15528 15528 I wm_on_destroy_called: [212012576,com.android.music.MusicBrowserActivity,performDestroy]
11-22 06:59:20.205 15528 15528 I wm_on_create_called: [212012576,com.android.music.MusicBrowserActivity,performCreate]
11-22 06:59:20.218 15528 15528 I wm_on_start_called: [212012576,com.android.music.MusicBrowserActivity,handleStartActivity]
11-22 06:59:20.218 15528 15528 I wm_on_resume_called: [212012576,com.android.music.MusicBrowserActivity,RESUME_ACTIVITY]
11-22 06:59:20.220 15528 15528 I wm_on_top_resumed_gained_called: [212012576,com.android.music.MusicBrowserActivity,topWhenResuming]
11-22 06:59:20.260 1489 1489 I notification_enqueue: [10090,15528,com.android.music,1,NULL,0,Notification(channel=Channel-music shortcut=null contentView=null vibrate=null sound=null defaults=0x0 flags=0x40 color=0x00000000 category=transport actions=4 vis=PRIVATE),1]
11-22 06:59:20.267 1489 1489 I notification_enqueue: [10090,15528,com.android.music,1,NULL,0,Notification(channel=Channel-music shortcut=null contentView=null vibrate=null sound=null defaults=0x0 flags=0x40 color=0x00000000 category=transport actions=4 vis=PRIVATE),1]
11-22 06:59:20.286 1489 1489 I notification_enqueue: [10090,15528,com.android.music,1,NULL,0,Notification(channel=Channel-music shortcut=null contentView=null vibrate=null sound=null defaults=0x0 flags=0x40 color=0x00000000 category=transport actions=4 vis=PRIVATE),1]
11-22 06:59:20.287 1489 1489 I notification_enqueue: [10090,15528,com.android.music,1,NULL,0,Notification(channel=Channel-music shortcut=null contentView=null vibrate=null sound=null defaults=0x0 flags=0x40 color=0x00000000 category=transport actions=4 vis=PRIVATE),1]
11-22 06:59:20.310 1489 1489 I notification_enqueue: [10090,15528,com.android.music,1,NULL,0,Notification(channel=Channel-music shortcut=null contentView=null vibrate=null sound=null defaults=0x0 flags=0x40 color=0x00000000 category=transport actions=4 vis=PRIVATE),1]
11-22 06:59:20.312 1489 1489 I notification_enqueue: [10090,15528,com.android.music,1,NULL,0,Notification(channel=Channel-music shortcut=null contentView=null vibrate=null sound=null defaults=0x0 flags=0x40 color=0x00000000 category=transport actions=4 vis=PRIVATE),1]
11-22 06:59:20.576 1489 1634 I wm_stop_activity: [0,168390208,com.android.launcher3/.uioverrides.QuickstepLauncher]
11-22 06:59:20.606 2840 2840 I wm_on_paused_called: [168390208,com.android.launcher3.uioverrides.QuickstepLauncher,performPause]
11-22 06:59:20.608 2840 2840 I wm_on_stop_called: [168390208,com.android.launcher3.uioverrides.QuickstepLauncher,STOP_ACTIVITY_ITEM]
11-22 06:59:21.354 1489 7614 I wm_task_moved: [1,0,0]
11-22 06:59:21.355 1489 7614 I wm_task_moved: [1,0,7]
11-22 06:59:21.380 2840 2840 I wm_on_restart_called: [168390208,com.android.launcher3.uioverrides.QuickstepLauncher,performRestartActivity]
11-22 06:59:21.397 2840 2840 I wm_on_start_called: [168390208,com.android.launcher3.uioverrides.QuickstepLauncher,handleStartActivity]
11-22 06:59:21.420 1489 1631 I sysui_multi_action: [319,11,322,57,325,14549,757,761,758,9,759,5,806,com.android.launcher3,871,com.android.launcher3.uioverrides.QuickstepLauncher,905,0,1320,8,1321,5]
11-22 06:59:21.427 15528 15528 I view_enqueue_input_event: [Motion - Cancel,com.android.music/com.android.music.MusicBrowserActivity]
11-22 06:59:21.427 2840 2840 I sysui_latency: [1,79]
11-22 06:59:21.436 1489 1636 I input_focus: [Focus request recents_animation_input_consumer,reason=UpdateInputWindows]
11-22 06:59:21.438 1489 2012 I input_interaction: Interaction with: edge-swipe (server), swipe-up (server), PointerEventDispatcher0 (server),
11-22 06:59:21.460 1489 2012 I input_focus: [Focus leaving 9301c80 com.android.music/com.android.music.MusicBrowserActivity (server),reason=NOT_FOCUSABLE]
11-22 06:59:21.460 1489 2012 I input_focus: [Focus entering recents_animation_input_consumer (server),reason=setFocusedWindow]
11-22 06:59:21.601 1489 1751 I commit_sys_config_file: [settings-1-0,7]
11-22 06:59:21.718 1489 1648 I sysui_latency: [8,76]
11-22 06:59:22.338 1489 1751 I commit_sys_config_file: [settings-1-0,7]
11-22 06:59:23.651 1489 2012 I input_interaction: Interaction with: 3cc67bf com.android.launcher3/com.android.launcher3.uioverrides.QuickstepLauncher (server), edge-swipe (server), swipe-up (server), PointerEventDispatcher0 (server),
11-22 06:59:23.789 1489 7614 I wm_task_moved: [1,1,9]
11-22 06:59:23.793 1489 7614 I wm_focused_root_task: [0,0,1,166,startActivityFromRecents]
11-22 06:59:23.793 15528 15528 I wm_on_top_resumed_lost_called: [212012576,com.android.music.MusicBrowserActivity,topStateChangedWhenResumed]
11-22 06:59:23.804 1489 7614 I wm_task_moved: [165,1,9]
11-22 06:59:23.804 1489 7614 I wm_task_to_front: [0,165]
11-22 06:59:23.804 1489 7614 I wm_focused_root_task: [0,0,165,1,reuseOrNewTask]
11-22 06:59:23.804 1489 7614 I wm_create_activity: [0,168776925,165,com.android.calendar/.AllInOneActivity,NULL,NULL,NULL,269516800]
11-22 06:59:23.807 1489 7614 I wm_pause_activity: [0,212012576,com.android.music/.MusicBrowserActivity,userLeaving=true,pauseBackTasks]
11-22 06:59:23.816 1489 1636 I input_focus: [Focus request 3cc67bf com.android.launcher3/com.android.launcher3.uioverrides.QuickstepLauncher,reason=UpdateInputWindows]
11-22 06:59:23.823 15528 15528 I wm_on_paused_called: [212012576,com.android.music.MusicBrowserActivity,performPause]
11-22 06:59:23.825 1489 8738 I wm_add_to_stopping: [0,212012576,com.android.music/.MusicBrowserActivity,makeInvisible]
11-22 06:59:23.826 1489 8738 I wm_restart_activity: [0,168776925,165,com.android.calendar/.AllInOneActivity]
11-22 06:59:23.828 1489 8738 I wm_set_resumed_activity: [0,com.android.calendar/.AllInOneActivity,minimalResumeActivityLocked]
11-22 06:59:23.833 1489 2012 I input_focus: [Focus leaving recents_animation_input_consumer (server),reason=setFocusedWindow]
11-22 06:59:23.833 1489 2012 I input_focus: [Focus entering 3cc67bf com.android.launcher3/com.android.launcher3.uioverrides.QuickstepLauncher (server),reason=setFocusedWindow]
11-22 06:59:23.838 1489 1634 I am_uid_active: 10068
11-22 06:59:23.841 1489 1634 I sysui_multi_action: [757,803,799,window_time_0,802,22]
11-22 06:59:23.846 1489 8738 I am_uid_active: 10032
11-22 06:59:23.862 15416 15416 I wm_on_create_called: [168776925,com.android.calendar.AllInOneActivity,performCreate]
11-22 06:59:23.870 15416 15416 I wm_on_start_called: [168776925,com.android.calendar.AllInOneActivity,handleStartActivity]
11-22 06:59:23.871 15416 15416 I wm_on_resume_called: [168776925,com.android.calendar.AllInOneActivity,RESUME_ACTIVITY]
11-22 06:59:23.874 15416 15416 I wm_on_top_resumed_gained_called: [168776925,com.android.calendar.AllInOneActivity,topStateChangedWhenResumed]
11-22 06:59:23.891 1489 1636 I input_focus: [Focus request 5025c76 com.android.calendar/com.android.calendar.AllInOneActivity,reason=UpdateInputWindows]
11-22 06:59:23.908 1489 1631 I sysui_multi_action: [319,110,322,109,325,14552,757,761,758,8,759,2,806,com.android.calendar,871,com.android.calendar.AllInOneActivity,904,com.android.launcher3,905,0,1320,17,1321,1]
11-22 06:59:23.909 1489 1631 I wm_activity_launch_time: [0,168776925,com.android.calendar/.AllInOneActivity,109]
11-22 06:59:23.917 1489 2012 I input_focus: [Focus leaving 3cc67bf com.android.launcher3/com.android.launcher3.uioverrides.QuickstepLauncher (server),reason=setFocusedWindow]
11-22 06:59:23.918 1489 2012 I input_focus: [Focus entering 5025c76 com.android.calendar/com.android.calendar.AllInOneActivity (server),reason=setFocusedWindow]
11-22 06:59:24.239 1489 2808 I wm_task_moved: [1,1,9]
11-22 06:59:24.240 1489 2808 I wm_task_moved: [10,1,2147483647]
11-22 06:59:24.240 1489 2808 I wm_task_to_front: [0,10]
11-22 06:59:24.240 1489 2808 I wm_focused_root_task: [0,0,1,165,RecentsAnimation.onAnimationFinished()]
11-22 06:59:24.240 1489 2808 I wm_set_resumed_activity: [0,com.android.launcher3/.uioverrides.QuickstepLauncher,RecentsAnimation.onAnimationFinished()]
11-22 06:59:24.242 1489 2808 I wm_set_resumed_activity: [0,com.android.launcher3/.uioverrides.QuickstepLauncher,resumeTopActivityInnerLocked]
11-22 06:59:24.243 1489 2808 I wm_resume_activity: [0,168390208,10,com.android.launcher3/.uioverrides.QuickstepLauncher]
11-22 06:59:24.250 15416 15416 I wm_on_top_resumed_lost_called: [168776925,com.android.calendar.AllInOneActivity,topStateChangedWhenResumed]
11-22 06:59:24.254 1489 1634 I wm_stop_activity: [0,212012576,com.android.music/.MusicBrowserActivity]
11-22 06:59:24.255 1489 1636 I input_focus: [Focus request 3cc67bf com.android.launcher3/com.android.launcher3.uioverrides.QuickstepLauncher,reason=UpdateInputWindows]
11-22 06:59:24.260 2840 2840 I wm_on_resume_called: [168390208,com.android.launcher3.uioverrides.QuickstepLauncher,RESUME_ACTIVITY]
11-22 06:59:24.260 2840 2840 I wm_on_top_resumed_gained_called: [168390208,com.android.launcher3.uioverrides.QuickstepLauncher,topStateChangedWhenResumed]
11-22 06:59:24.266 1489 1634 I sysui_multi_action: [757,803,799,window_time_2,802,0]
11-22 06:59:24.266 15528 15528 I wm_on_stop_called: [212012576,com.android.music.MusicBrowserActivity,STOP_ACTIVITY_ITEM]
11-22 06:59:24.268 1489 2012 I input_focus: [Focus leaving 5025c76 com.android.calendar/com.android.calendar.AllInOneActivity (server),reason=setFocusedWindow]
11-22 06:59:24.268 1489 2012 I input_focus: [Focus entering 3cc67bf com.android.launcher3/com.android.launcher3.uioverrides.QuickstepLauncher (server),reason=setFocusedWindow]
11-22 06:59:25.418 1489 2012 I input_interaction: Interaction with: 5025c76 com.android.calendar/com.android.calendar.AllInOneActivity (server), edge-swipe (server), swipe-up (server), PointerEventDispatcher0 (server),
11-22 06:59:25.424 1489 1634 I wm_task_moved: [165,1,9]
11-22 06:59:25.425 1489 1634 I wm_task_to_front: [0,165]
11-22 06:59:25.431 2840 2840 I wm_on_top_resumed_lost_called: [168390208,com.android.launcher3.uioverrides.QuickstepLauncher,topStateChangedWhenResumed]
11-22 06:59:25.432 1489 1634 I wm_set_resumed_activity: [0,com.android.calendar/.AllInOneActivity,positionChildAt]
11-22 06:59:25.432 1489 1634 I wm_focused_root_task: [0,0,165,1,setFocusedTask]
11-22 06:59:25.432 1489 1634 I wm_set_resumed_activity: [0,com.android.calendar/.AllInOneActivity,setFocusedTask]
11-22 06:59:25.434 1489 1636 I input_focus: [Focus request 5025c76 com.android.calendar/com.android.calendar.AllInOneActivity,reason=UpdateInputWindows]
11-22 06:59:25.447 15416 15416 I wm_on_top_resumed_gained_called: [168776925,com.android.calendar.AllInOneActivity,topStateChangedWhenResumed]
11-22 06:59:25.454 1489 2012 I input_focus: [Focus leaving 3cc67bf com.android.launcher3/com.android.launcher3.uioverrides.QuickstepLauncher (server),reason=setFocusedWindow]
11-22 06:59:25.454 1489 2012 I input_focus: [Focus entering 5025c76 com.android.calendar/com.android.calendar.AllInOneActivity (server),reason=setFocusedWindow]
11-22 06:59:25.568 1489 2808 I wm_finish_activity: [0,168776925,165,com.android.calendar/.AllInOneActivity,finish-activity]
11-22 06:59:25.568 1489 2808 I wm_task_moved: [1,1,9]
11-22 06:59:25.571 1489 2808 I wm_set_resumed_activity: [0,com.android.launcher3/.uioverrides.QuickstepLauncher,positionChildAt]
11-22 06:59:25.571 1489 2808 I wm_task_moved: [10,1,2147483647]
11-22 06:59:25.571 1489 2808 I wm_task_to_front: [0,10]
11-22 06:59:25.571 1489 2808 I wm_focused_root_task: [0,0,1,-1,finish-top adjustFocusToNextFocusableTask]
11-22 06:59:25.571 1489 2808 I wm_set_resumed_activity: [0,com.android.launcher3/.uioverrides.QuickstepLauncher,finish-top]
11-22 06:59:25.590 1489 2808 I wm_pause_activity: [0,168776925,com.android.calendar/.AllInOneActivity,userLeaving=false,finish]
11-22 06:59:25.598 1489 1636 I input_focus: [Focus request 3cc67bf com.android.launcher3/com.android.launcher3.uioverrides.QuickstepLauncher,reason=UpdateInputWindows]
11-22 06:59:25.603 1489 1634 I sysui_multi_action: [757,803,799,window_time_0,802,2]
11-22 06:59:25.603 1489 2012 I input_focus: [Focus leaving 5025c76 com.android.calendar/com.android.calendar.AllInOneActivity (server),reason=NO_WINDOW]
11-22 06:59:25.604 1489 2012 I input_focus: [Focus entering 3cc67bf com.android.launcher3/com.android.launcher3.uioverrides.QuickstepLauncher (server),reason=setFocusedWindow]
11-22 06:59:25.615 15416 15416 I wm_on_top_resumed_lost_called: [168776925,com.android.calendar.AllInOneActivity,topStateChangedWhenResumed]
11-22 06:59:25.618 15416 15416 I wm_on_paused_called: [168776925,com.android.calendar.AllInOneActivity,performPause]
11-22 06:59:25.620 1489 2808 I wm_destroy_activity: [0,168776925,165,com.android.calendar/.AllInOneActivity,finish-imm:completePausedLocked]
11-22 06:59:25.623 2840 2840 I wm_on_top_resumed_gained_called: [168390208,com.android.launcher3.uioverrides.QuickstepLauncher,topStateChangedWhenResumed]
11-22 06:59:25.638 15416 15416 I wm_on_stop_called: [168776925,com.android.calendar.AllInOneActivity,LIFECYCLER_STOP_ACTIVITY]
11-22 06:59:25.640 15416 15416 I wm_on_destroy_called: [168776925,com.android.calendar.AllInOneActivity,performDestroy]
11-22 06:59:25.646 1489 1634 I sysui_multi_action: [757,803,799,window_time_0,802,0]
11-22 06:59:25.920 1489 1636 I wm_task_removed: [165,removeChild:removeChild last r=ActivityRecord{a0f54dd u0 com.android.calendar/.AllInOneActivity t-1 f}} in t=Task{e1bd1c4 #165 type=standard A=10068:android.task.calendar U=0 visible=false mode=freeform translucent=true sz=0}]
11-22 06:59:25.920 1489 1636 I wm_task_removed: [165,removeChild]
11-22 06:59:47.659 1489 2012 I input_interaction: Interaction with: 3cc67bf com.android.launcher3/com.android.launcher3.uioverrides.QuickstepLauncher (server), 6449bab com.android.systemui.ImageWallpaper (server), edge-swipe (server), swipe-up (server), PointerEventDispatcher0 (server),
11-22 06:59:49.057 1489 7615 I wm_task_created: [167,-1]
11-22 06:59:49.064 1489 7615 I wm_task_moved: [167,1,9]
11-22 06:59:49.064 1489 7615 I wm_task_to_front: [0,167]
11-22 06:59:49.064 1489 7615 I wm_create_task: [0,167]
11-22 06:59:49.064 1489 7615 I wm_create_activity: [0,197625407,167,com.android.music/.VideoBrowserActivity,NULL,NULL,NULL,268468224]
11-22 06:59:49.064 1489 7615 I wm_task_moved: [167,1,9]
11-22 06:59:49.067 1489 7615 I wm_restart_activity: [0,197625407,167,com.android.music/.VideoBrowserActivity]
11-22 06:59:49.069 1489 7615 I wm_set_resumed_activity: [0,com.android.music/.VideoBrowserActivity,minimalResumeActivityLocked]
11-22 06:59:49.079 2840 2840 I wm_on_top_resumed_lost_called: [168390208,com.android.launcher3.uioverrides.QuickstepLauncher,topStateChangedWhenResumed]
11-22 06:59:49.105 15528 15528 I wm_on_create_called: [197625407,com.android.music.VideoBrowserActivity,performCreate]
11-22 06:59:49.106 15528 15528 I wm_on_start_called: [197625407,com.android.music.VideoBrowserActivity,handleStartActivity]
11-22 06:59:49.106 15528 15528 I wm_on_resume_called: [197625407,com.android.music.VideoBrowserActivity,RESUME_ACTIVITY]
11-22 06:59:49.108 15528 15528 I wm_on_top_resumed_gained_called: [197625407,com.android.music.VideoBrowserActivity,topStateChangedWhenResumed]
11-22 06:59:49.108 1489 1648 I am_pss : [2840,10074,com.android.launcher3,177164288,164052992,0,319967232,0,2,11]
11-22 06:59:49.115 1489 1636 I input_focus: [Focus request a246f36 com.android.music/com.android.music.VideoBrowserActivity,reason=UpdateInputWindows]
11-22 06:59:49.118 1489 1648 I am_pss : [2358,1002,com.android.bluetooth,34797568,27918336,0,169865216,0,0,8]
11-22 06:59:49.128 1489 1631 I sysui_multi_action: [319,81,322,80,325,14577,757,761,758,8,759,2,806,com.android.music,871,com.android.music.VideoBrowserActivity,904,com.android.launcher3,905,0,1320,4,1321,1]
11-22 06:59:49.130 1489 1631 I wm_activity_launch_time: [0,197625407,com.android.music/.VideoBrowserActivity,80]
11-22 06:59:49.130 1489 1648 I am_pss : [3771,10028,com.baidu.input,142208000,125882368,0,291049472,0,7,11]
11-22 06:59:49.133 1489 2012 I input_focus: [Focus leaving 3cc67bf com.android.launcher3/com.android.launcher3.uioverrides.QuickstepLauncher (server),reason=setFocusedWindow]
11-22 06:59:49.133 1489 2012 I input_focus: [Focus entering a246f36 com.android.music/com.android.music.VideoBrowserActivity (server),reason=setFocusedWindow]
11-22 06:59:49.140 1489 1648 I am_pss : [3470,10095,com.android.providers.media.module,24474624,19939328,0,136142848,0,0,7]
11-22 06:59:49.147 1489 1648 I am_pss : [3516,10071,com.qualcomm.location.XT,6657024,4718592,0,93749248,0,6,5]
11-22 06:59:49.155 1489 1648 I am_pss : [3071,10096,android.ext.services,14227456,7700480,0,112062464,0,5,5]
11-22 06:59:49.162 1489 1648 I am_pss : [3229,10079,com.qualcomm.location,10821632,8073216,0,106020864,0,0,6]
11-22 06:59:49.168 1489 1648 I am_pss : [2597,1001,.dataservices,8193024,6250496,0,95023104,0,0,5]
11-22 06:59:49.175 1489 1648 I am_pss : [2492,1073,com.android.networkstack.process,11182080,8712192,0,105213952,0,0,6]
11-22 06:59:49.190 1489 1648 I am_pss : [2375,10082,com.android.systemui,149130240,123633664,0,332288000,0,0,14]
11-22 06:59:49.211 1489 1648 I am_pss : [1489,1000,system,224118784,136933376,0,553160704,0,0,19]
11-22 06:59:49.218 1489 1648 I am_pss : [4283,1000,com.thundercomm.gamemode,17547264,13762560,0,123621376,0,10,7]
11-22 06:59:49.224 1489 1648 I am_pss : [4148,10031,com.android.packageinstaller,7502848,5672960,0,92160000,0,19,5]
11-22 06:59:49.230 1489 1648 I am_pss : [4703,2000,com.android.shell,6196224,4272128,0,92979200,0,19,6]
11-22 06:59:49.236 1489 1648 I am_pss : [3734,10026,com.android.managedprovisioning,9443328,7520256,0,96292864,0,19,4]
11-22 06:59:49.242 1489 1648 I am_pss : [3405,10086,com.qualcomm.qti.workloadclassifier,11217920,8859648,0,103473152,0,0,5]
11-22 06:59:49.248 1489 1648 I am_pss : [3386,10089,com.qualcomm.qti.qccnetstat,6222848,4313088,0,92049408,0,0,5]
11-22 06:59:49.254 1489 1648 I am_pss : [3355,10081,com.qualcomm.qti.services.systemhelper:systemhelper_service,6490112,4534272,0,94314496,0,0,5]
11-22 06:59:49.260 1489 1648 I am_pss : [3333,10053,.pasr,5507072,3682304,0,89968640,0,0,5]
11-22 06:59:49.265 1489 1648 I am_pss : [3280,10058,ts.car.uart,6283264,4460544,0,91004928,0,0,5]
11-22 06:59:49.272 1489 1648 I am_pss : [3275,10087,com.hht.lebocast,50293760,27238400,0,122077184,0,0,6]
11-22 06:59:49.279 1489 1648 I am_pss : [2741,1000,com.qualcomm.qti.qdma,9512960,6656000,0,106442752,0,0,5]
11-22 06:59:49.285 1489 1648 I am_pss : [2703,1000,com.thundercomm.remotecontrolservice,9704448,7401472,0,101298176,0,0,5]
11-22 06:59:49.291 1489 1648 I am_pss : [2678,10084,com.qti.qualcomm.mstatssystemservice,5592064,3768320,0,90476544,0,0,5]
11-22 06:59:49.297 1489 1648 I am_pss : [3865,10062,com.qualcomm.qti.devicestatisticsservice,5401600,3567616,0,89415680,0,0,5]
11-22 06:59:49.303 1489 1648 I am_pss : [2714,1000,com.thundercomm.tcservice,10674176,8568832,0,100495360,0,0,5]
11-22 06:59:49.309 1489 1648 I am_pss : [2685,1068,com.android.se,5902336,4026368,0,92135424,0,0,5]
11-22 06:59:49.315 1489 1648 I am_pss : [2658,1000,vendor.qti.qesdk.sysservice,5604352,3735552,0,91295744,0,0,5]
11-22 06:59:49.321 1489 1648 I am_pss : [2617,1000,com.thundercomm.tchttpserver,10192896,8228864,0,97636352,0,0,5]
11-22 06:59:49.327 1489 1648 I am_pss : [2648,1000,com.tc.logclient,7413760,5541888,0,93802496,0,0,4]
11-22 06:59:49.333 1489 1648 I am_pss : [2600,10052,.qtidataservices,6029312,4165632,0,92164096,0,0,5]
11-22 06:59:49.338 1489 1648 I am_pss : [2587,1000,com.thundercomm.tcsetupWizard,6930432,5132288,0,91230208,0,0,5]
