11-22 07:13:12.163 1489 1651 I ActivityManager: Start proc 16757:com.android.musicfx/u0a33 for broadcast {com.android.musicfx/com.android.musicfx.ControlPanelReceiver}
11-22 07:13:12.164 2358 3645 V Avrcp_ext: updateCurrentMediaState: mMediaController: null
11-22 07:13:12.164 2358 3645 W Avrcp_ext: isMusicActive: false getBluetoothPlayState: 2 A2dp State: 11 mAudioPlaybackIsActive: false
11-22 07:13:12.164 2358 3645 W Avrcp_ext: updateCurrentMediaState: isPlaying = false
11-22 07:13:12.164 2358 3645 V Avrcp_ext: Media update: id -1➡-1? [MediaAttributes: none] : [MediaAttributes: none]
11-22 07:13:12.164 2358 3645 D Avrcp_ext: isPackageNameValid: browsedPackage = isValid = false
11-22 07:13:12.164 2358 3645 V Avrcp_ext: updatePlaybackState, state: PlaybackState {state=2, position=-1, buffered position=0, speed=0.0, updated=15380703, actions=0, custom actions=[], active item id=-1, error=null} device: null
11-22 07:13:12.164 2358 3645 V Avrcp_ext: Device: no name:
11-22 07:13:12.164 2358 3645 V Avrcp_ext: Device: no name:
11-22 07:13:12.164 2358 3645 V Avrcp_ext: Device: no name:
11-22 07:13:12.164 2358 3645 V Avrcp_ext: Device: no name:
11-22 07:13:12.164 2358 3645 V Avrcp_ext: Device: no name:
11-22 07:13:12.164 2358 3645 V Avrcp_ext: updatePlayerStateAndPosition, old=PlaybackState {state=2, position=-1, buffered position=0, speed=0.0, updated=15380689, actions=0, custom actions=[], active item id=-1, error=null}, state=PlaybackState {state=2, position=-1, buffered position=0, speed=0.0, updated=15380703, actions=0, custom actions=[], active item id=-1, error=null}
11-22 07:13:12.164 2358 3645 V Avrcp_ext: old state = PlaybackState {state=2, position=-1, buffered position=0, speed=0.0, updated=15380689, actions=0, custom actions=[], active item id=-1, error=null}, new state= PlaybackState {state=2, position=-1, buffered position=0, speed=0.0, updated=15380703, actions=0, custom actions=[], active item id=-1, error=null}
11-22 07:13:12.164 2358 3645 D HeadsetService: getHeadsetService(): returning com.android.bluetooth.hfp.HeadsetService@83e3306
11-22 07:13:12.164 2358 3645 D HeadsetService: isAudioOn: The number of audio connected devices 0
11-22 07:13:12.164 2358 3645 D HeadsetService: isScoOrCallActive(): Call Active:falseCall is Ringing:falseSCO is Active:false
11-22 07:13:12.164 2358 3645 D HeadsetService: isAudioOn: The number of audio connected devices 0
11-22 07:13:12.165 2358 3645 I Avrcp_ext: updatePlayStatusForDevice: device: null
11-22 07:13:12.165 2358 3645 V Avrcp_ext: updatePlaybackState (1): old=PlaybackState {state=2, position=-1, buffered position=0, speed=0.0, updated=15380689, actions=0, custom actions=[], active item id=-1, error=null}(2), new=PlaybackState {state=2, position=-1, buffered position=0, speed=0.0, updated=15380703, actions=0, custom actions=[], active item id=-1, error=null}(2)
11-22 07:13:12.165 2358 3645 I Avrcp_ext: Exit updatePlayStatusForDevice
11-22 07:13:12.165 2358 3645 D HeadsetService: isAudioOn: The number of audio connected devices 0
11-22 07:13:12.165 2358 3645 D HeadsetService: isScoOrCallActive(): Call Active:falseCall is Ringing:falseSCO is Active:false
11-22 07:13:12.165 2358 3645 D HeadsetService: isAudioOn: The number of audio connected devices 0
11-22 07:13:12.165 2358 3645 I Avrcp_ext: updatePlayStatusForDevice: device: null
11-22 07:13:12.165 2358 3645 V Avrcp_ext: updatePlaybackState (1): old=PlaybackState {state=2, position=-1, buffered position=0, speed=0.0, updated=15380689, actions=0, custom actions=[], active item id=-1, error=null}(2), new=PlaybackState {state=2, position=-1, buffered position=0, speed=0.0, updated=15380703, actions=0, custom actions=[], active item id=-1, error=null}(2)
11-22 07:13:12.165 2358 3645 I Avrcp_ext: Exit updatePlayStatusForDevice
11-22 07:13:12.165 2358 3645 D HeadsetService: isAudioOn: The number of audio connected devices 0
11-22 07:13:12.165 2358 3645 D HeadsetService: isScoOrCallActive(): Call Active:falseCall is Ringing:falseSCO is Active:false
11-22 07:13:12.165 2358 3645 D HeadsetService: isAudioOn: The number of audio connected devices 0
11-22 07:13:12.165 2358 3645 I Avrcp_ext: updatePlayStatusForDevice: device: null
11-22 07:13:12.165 2358 3645 V Avrcp_ext: updatePlaybackState (1): old=PlaybackState {state=2, position=-1, buffered position=0, speed=0.0, updated=15380689, actions=0, custom actions=[], active item id=-1, error=null}(2), new=PlaybackState {state=2, position=-1, buffered position=0, speed=0.0, updated=15380703, actions=0, custom actions=[], active item id=-1, error=null}(2)
11-22 07:13:12.165 2358 3645 I Avrcp_ext: Exit updatePlayStatusForDevice
11-22 07:13:12.165 2358 3645 D HeadsetService: isAudioOn: The number of audio connected devices 0
11-22 07:13:12.165 2358 3645 D HeadsetService: isScoOrCallActive(): Call Active:falseCall is Ringing:falseSCO is Active:false
11-22 07:13:12.165 2358 3645 D HeadsetService: isAudioOn: The number of audio connected devices 0
11-22 07:13:12.165 2358 3645 I Avrcp_ext: updatePlayStatusForDevice: device: null
11-22 07:13:12.165 2358 3645 V Avrcp_ext: updatePlaybackState (1): old=PlaybackState {state=2, position=-1, buffered position=0, speed=0.0, updated=15380689, actions=0, custom actions=[], active item id=-1, error=null}(2), new=PlaybackState {state=2, position=-1, buffered position=0, speed=0.0, updated=15380703, actions=0, custom actions=[], active item id=-1, error=null}(2)
11-22 07:13:12.165 2358 3645 I Avrcp_ext: Exit updatePlayStatusForDevice
11-22 07:13:12.165 2358 3645 D HeadsetService: isAudioOn: The number of audio connected devices 0
11-22 07:13:12.165 2358 3645 D HeadsetService: isScoOrCallActive(): Call Active:falseCall is Ringing:falseSCO is Active:false
11-22 07:13:12.165 2358 3645 D HeadsetService: isAudioOn: The number of audio connected devices 0
11-22 07:13:12.165 2358 3645 I Avrcp_ext: updatePlayStatusForDevice: device: null
11-22 07:13:12.165 2358 3645 V Avrcp_ext: updatePlaybackState (1): old=PlaybackState {state=2, position=-1, buffered position=0, speed=0.0, updated=15380689, actions=0, custom actions=[], active item id=-1, error=null}(2), new=PlaybackState {state=2, position=-1, buffered position=0, speed=0.0, updated=15380703, actions=0, custom actions=[], active item id=-1, error=null}(2)
11-22 07:13:12.165 2358 3645 I Avrcp_ext: Exit updatePlayStatusForDevice
11-22 07:13:12.165 2358 3645 D Avrcp_ext: Enter sendPlayPosNotificationRsp
11-22 07:13:12.165 2358 3645 D Avrcp_ext: sendPlayPosNotificationRsp: Not registered or requesting.
11-22 07:13:12.165 2358 3645 D Avrcp_ext: Enter sendPlayPosNotificationRsp
11-22 07:13:12.165 2358 3645 D Avrcp_ext: sendPlayPosNotificationRsp: Not registered or requesting.
11-22 07:13:12.165 2358 3645 D Avrcp_ext: Enter sendPlayPosNotificationRsp
11-22 07:13:12.165 2358 3645 D Avrcp_ext: sendPlayPosNotificationRsp: Not registered or requesting.
11-22 07:13:12.165 2358 3645 D Avrcp_ext: Enter sendPlayPosNotificationRsp
11-22 07:13:12.165 2358 3645 D Avrcp_ext: sendPlayPosNotificationRsp: Not registered or requesting.
11-22 07:13:12.165 2358 3645 D Avrcp_ext: Enter sendPlayPosNotificationRsp
11-22 07:13:12.165 2358 3645 D Avrcp_ext: sendPlayPosNotificationRsp: Not registered or requesting.
11-22 07:13:12.165 2358 3645 V Avrcp_ext: Exit updatePlayerStateAndPosition
11-22 07:13:12.165 1489 2317 I GameModeConfig: isGameModeOn = false
11-22 07:13:12.166 1489 2317 I GameModeConfig: isGameModeOn = false
11-22 07:13:12.167 1489 2317 I GameModeConfig: isGameModeOn = false
11-22 07:13:12.168 1489 1489 I notification_enqueue: [10082,2375,com.android.systemui,1,empty_media,0,Notification(channel=empty_media_style_id shortcut=null contentView=null vibrate=null sound=null defaults=0x0 flags=0x20 color=0x00000000 category=transport actions=4 vis=PRIVATE),0]
11-22 07:13:12.181 16757 16757 E android.musicf: Not starting debugger since process cannot load the jdwp agent.
11-22 07:13:12.185 16757 16757 D ProcessState: Binder ioctl to enable oneway spam detection failed: Invalid argument
11-22 07:13:12.189 1218 4889 I OMX-VENC: venc_dev: stats: avg. fps 0.09, bitrate 1312
11-22 07:13:12.190 1489 5500 I am_proc_bound: [0,16757,com.android.musicfx]
11-22 07:13:12.191 1489 5500 D CompatibilityInfo: mCompatibilityFlags - 4
11-22 07:13:12.191 1489 5500 D CompatibilityInfo: applicationDensity - 240
11-22 07:13:12.191 1489 5500 D CompatibilityInfo: applicationScale - 1.0
11-22 07:13:12.195 1489 5500 I ActivityTaskManager: The Process com.android.permissioncontroller Already Exists in BG. So sending its PID: 16628
11-22 07:13:12.196 1489 5500 W ActivityTaskManager: Tried to set launchTime (0) < mLastActivityLaunchTime (15338395)
11-22 07:13:12.197 1489 5500 I wm_restart_activity: [0,33005074,171,com.android.permissioncontroller/.permission.ui.GrantPermissionsActivity]
11-22 07:13:12.198 1489 5500 D CompatibilityInfo: mCompatibilityFlags - 4
11-22 07:13:12.198 1489 5500 D CompatibilityInfo: applicationDensity - 240
11-22 07:13:12.198 1489 5500 D CompatibilityInfo: applicationScale - 1.0
11-22 07:13:12.199 1489 5500 I wm_set_resumed_activity: [0,com.android.permissioncontroller/.permission.ui.GrantPermissionsActivity,minimalResumeActivityLocked]
11-22 07:13:12.201 1489 5500 D CompatibilityInfo: mCompatibilityFlags - 4
11-22 07:13:12.201 1489 5500 D CompatibilityInfo: applicationDensity - 240
11-22 07:13:12.201 1489 5500 D CompatibilityInfo: applicationScale - 1.0
11-22 07:13:12.203 16757 16757 D CompatibilityChangeReporter: Compat change id reported: 171979766; UID 10033; state: ENABLED
11-22 07:13:12.204 4283 4297 I GameMode_ActivityMonitoringService: onForegroundActivitiesChanged uid 10094 pid 16628 fg true
11-22 07:13:12.207 4283 4303 I GameMode_ActivityMonitoringService: Updating top task to: TaskInfoContainer [topActivity=ComponentInfo{com.android.permissioncontroller/com.android.permissioncontroller.permission.ui.GrantPermissionsActivity}, taskId=171, stackId=171, userId=0, displayId=0, position=8
11-22 07:13:12.207 4283 4303 I GameMode_ActivityMonitoringService: Notifying about top task: TaskInfoContainer [topActivity=ComponentInfo{com.android.permissioncontroller/com.android.permissioncontroller.permission.ui.GrantPermissionsActivity}, taskId=171, stackId=171, userId=0, displayId=0, position=8
11-22 07:13:12.207 4283 4303 E GameMode_ActivityMonitoringService: onActivityLaunch:com.android.permissioncontroller
11-22 07:13:12.207 4283 4303 V GameMode_GameTypeUtils: judge isGame:com.android.permissioncontroller
11-22 07:13:12.208 4283 4303 V GameMode_GpuUtils: fps:60
11-22 07:13:12.210 4283 4303 D GameMode_GameModeActionUtils: Show GameMode entry by service!
11-22 07:13:12.210 4283 4303 W ContextImpl: Calling a method in the system process without a qualified user: android.app.ContextImpl.startService:1816 android.content.ContextWrapper.startService:774 com.thundercomm.gamemode.ingame.services.GameModeActionUtils.startGameModeService:93 com.thundercomm.gamemode.ingame.services.GameModeActionUtils.startGameModeEntry:21 com.thundercomm.gamemode.ingame.services.ActivityMonitoringService$1.onActivityLaunch:127
11-22 07:13:12.212 4283 4303 D GameModeIF_GameModeSettings: getUriFor setting_content_uri_root = content://com.thundercomm.gamemode.api/gamemode_settings , name = gamemode_isgaming
11-22 07:13:12.213 4283 4283 D GameMode_GameModeService: type=hide_entry
11-22 07:13:12.216 1489 1489 I GameModeConfig: Current uri is uri = content://com.thundercomm.gamemode.api/gamemode_settings/gamemode_isgaming
11-22 07:13:12.216 1489 1489 D GameModeIF_GameModeSettings: getUriFor setting_content_uri_root = content://com.thundercomm.gamemode.api/gamemode_settings , name = gamemode_isgaming
11-22 07:13:12.216 4283 4303 D GameModeIF_GameModeSettings: gamemode_isgaming set to 0
11-22 07:13:12.221 16628 16628 I wm_on_create_called: [33005074,com.android.permissioncontroller.permission.ui.GrantPermissionsActivity,performCreate]
11-22 07:13:12.221 1489 1489 I GameModeConfig: isGameModeOn = false
11-22 07:13:12.221 1489 1489 I GameModeConfig: isGameModeOn = false
11-22 07:13:12.221 1489 1489 I GameModeConfig: isDisableVoice = true
11-22 07:13:12.221 16628 16628 I wm_on_start_called: [33005074,com.android.permissioncontroller.permission.ui.GrantPermissionsActivity,handleStartActivity]
11-22 07:13:12.221 16628 16628 I wm_on_resume_called: [33005074,com.android.permissioncontroller.permission.ui.GrantPermissionsActivity,RESUME_ACTIVITY]
11-22 07:13:12.224 16628 16628 I wm_on_top_resumed_gained_called: [33005074,com.android.permissioncontroller.permission.ui.GrantPermissionsActivity,topStateChangedWhenResumed]
11-22 07:13:12.227 16628 16628 E GrantPermissionsViewModel: None of [org.codeaurora.permission.POWER_OFF_ALARM] in {android.permission-group.STORAGE=[android.permission.READ_EXTERNAL_STORAGE]}
11-22 07:13:12.227 1489 1948 I wm_finish_activity: [0,33005074,171,com.android.permissioncontroller/.permission.ui.GrantPermissionsActivity,app-request]
11-22 07:13:12.229 16757 16757 I Perf : Connecting to perf service.
11-22 07:13:12.230 4283 4283 D GameMode_GameSettingsObserver: Game Data change!!!! uri = content://com.thundercomm.gamemode.api/gamemode_settings/gamemode_isgaming
11-22 07:13:12.230 4283 4283 D GameModeIF_GameModeSettings: getUriFor setting_content_uri_root = content://com.thundercomm.gamemode.api/gamemode_settings , name = gamemode_isgaming
11-22 07:13:12.234 4283 4283 D GameMode_GameModeService: updateGlobalSettings = gamemode_isgaming
11-22 07:13:12.234 1489 1948 D ActivityTrigger: ActivityTrigger activityPauseTrigger
11-22 07:13:12.234 16757 16757 V GraphicsEnvironment: ANGLE Developer option for 'com.android.musicfx' set to: 'default'
11-22 07:13:12.234 1489 1948 I wm_pause_activity: [0,33005074,com.android.permissioncontroller/.permission.ui.GrantPermissionsActivity,userLeaving=false,finish]
11-22 07:13:12.235 16757 16757 V GraphicsEnvironment: ANGLE GameManagerService for com.android.musicfx: false
11-22 07:13:12.236 16757 16757 D NetworkSecurityConfig: No Network Security Config specified, using platform default
11-22 07:13:12.236 16757 16757 D NetworkSecurityConfig: No Network Security Config specified, using platform default
11-22 07:13:12.237 1489 1634 I sysui_multi_action: [757,1144,758,8,806,com.android.permissioncontroller,871,com.android.permissioncontroller.permission.ui.GrantPermissionsActivity]
11-22 07:13:12.238 1489 1634 I EventSequenceValidator: Transition from ACTIVITY_LAUNCHED to ACTIVITY_CANCELLED
11-22 07:13:12.238 16757 16757 V MusicFXControlPanelReceiver: onReceive
11-22 07:13:12.238 16757 16757 V MusicFXControlPanelReceiver: Action: android.media.action.CLOSE_AUDIO_EFFECT_CONTROL_SESSION
11-22 07:13:12.238 16757 16757 V MusicFXControlPanelReceiver: Package name: com.android.music
11-22 07:13:12.238 16757 16757 V MusicFXControlPanelReceiver: Audio session: 825
11-22 07:13:12.239 16757 16757 V MusicFXControlPanelEffect: closeSession(android.app.ReceiverRestrictedContext@d25d89c, com.android.music, 825)
11-22 07:13:12.240 1489 5500 W BroadcastQueue: Background execution not allowed: receiving Intent { act=com.android.music.updatewidget flg=0x10 } to com.android.music/.MediaAppWidgetProvider
11-22 07:13:12.241 1489 1650 W BroadcastQueue: Background execution not allowed: receiving Intent { act=com.android.music.updatewidget flg=0x10 } to com.android.music/.MediaAppWidgetProviderLarge
11-22 07:13:12.243 1489 1650 D CompatibilityInfo: mCompatibilityFlags - 4
11-22 07:13:12.243 1489 1650 D CompatibilityInfo: applicationDensity - 240
11-22 07:13:12.243 1489 1650 D CompatibilityInfo: applicationScale - 1.0
11-22 07:13:12.244 16628 16628 I wm_on_top_resumed_lost_called: [33005074,com.android.permissioncontroller.permission.ui.GrantPermissionsActivity,topStateChangedWhenResumed]
11-22 07:13:12.244 16757 16757 V MusicFXControlPanelReceiver: onReceive
11-22 07:13:12.244 16757 16757 V MusicFXControlPanelReceiver: Action: android.media.action.CLOSE_AUDIO_EFFECT_CONTROL_SESSION
11-22 07:13:12.244 16757 16757 V MusicFXControlPanelReceiver: Package name: com.android.music
11-22 07:13:12.244 16757 16757 V MusicFXControlPanelReceiver: Audio session: 825
11-22 07:13:12.244 16757 16757 V MusicFXControlPanelEffect: closeSession(android.app.ReceiverRestrictedContext@d25d89c, com.android.music, 825)
11-22 07:13:12.245 16628 16628 I wm_on_paused_called: [33005074,com.android.permissioncontroller.permission.ui.GrantPermissionsActivity,performPause]
11-22 07:13:12.247 1489 2835 I wm_resume_activity: [0,57830057,171,com.android.deskclock/.DeskClock]
11-22 07:13:12.249 16216 16216 I wm_on_paused_called: [57830057,com.android.deskclock.DeskClock,performPause]
11-22 07:13:12.249 16216 16216 I AlarmClock: Power off alarm permission is granted.
11-22 07:13:12.249 16216 16216 I wm_on_activity_result_called: [57830057,com.android.deskclock.DeskClock,ACTIVITY_RESULT]
11-22 07:13:12.249 1489 2835 I wm_resume_activity: [0,57830057,171,com.android.deskclock/.DeskClock]
11-22 07:13:12.249 16216 16216 I wm_on_resume_called: [57830057,com.android.deskclock.DeskClock,ACTIVITY_RESULT]
11-22 07:13:12.257 1489 1634 I sysui_multi_action: [757,803,799,window_time_0,802,41]
11-22 07:13:12.271 647 662 I mpu_uart: [MSG-P:RECV]:No message received in 1000 ms
11-22 07:13:12.351 4283 4297 I GameMode_ActivityMonitoringService: onTaskStackChanged
11-22 07:13:12.362 4283 4303 I GameMode_ActivityMonitoringService: Updating top task to: TaskInfoContainer [topActivity=ComponentInfo{com.android.deskclock/com.android.deskclock.DeskClock}, taskId=171, stackId=171, userId=0, displayId=0, position=8
11-22 07:13:12.362 4283 4303 I GameMode_ActivityMonitoringService: Notifying about top task: TaskInfoContainer [topActivity=ComponentInfo{com.android.deskclock/com.android.deskclock.DeskClock}, taskId=171, stackId=171, userId=0, displayId=0, position=8
11-22 07:13:12.362 4283 4303 E GameMode_ActivityMonitoringService: onActivityLaunch:com.android.deskclock
11-22 07:13:12.362 4283 4303 V GameMode_GameTypeUtils: judge isGame:com.android.deskclock
11-22 07:13:12.362 4283 4303 V GameMode_GpuUtils: fps:60
11-22 07:13:12.367 4283 4303 D GameMode_GameModeActionUtils: Show GameMode entry by service!
11-22 07:13:12.367 4283 4303 W ContextImpl: Calling a method in the system process without a qualified user: android.app.ContextImpl.startService:1816 android.content.ContextWrapper.startService:774 com.thundercomm.gamemode.ingame.services.GameModeActionUtils.startGameModeService:93 com.thundercomm.gamemode.ingame.services.GameModeActionUtils.startGameModeEntry:21 com.thundercomm.gamemode.ingame.services.ActivityMonitoringService$1.onActivityLaunch:127
11-22 07:13:12.369 1489 1489 I sysui_multi_action: [757,1501,758,1,793,204,794,0,795,204,796,1,797,empty_media,806,com.android.systemui,857,empty_media_style_id,858,4,947,0,1500,0,1641,transport,1688,1,1745,1043716538]
11-22 07:13:12.370 1489 1489 I sysui_multi_action: [757,804,799,note_interruptive,801,0,802,1]
11-22 07:13:12.370 1489 1489 I GameModeConfig: isGameModeOn = false
11-22 07:13:12.370 4283 4283 D GameMode_GameModeService: type=hide_entry
11-22 07:13:12.370 4283 4303 D GameModeIF_GameModeSettings: getUriFor setting_content_uri_root = content://com.thundercomm.gamemode.api/gamemode_settings , name = gamemode_isgaming
11-22 07:13:12.377 4283 4283 D GameMode_GameSettingsObserver: Game Data change!!!! uri = content://com.thundercomm.gamemode.api/gamemode_settings/gamemode_isgaming
11-22 07:13:12.378 4283 4283 D GameModeIF_GameModeSettings: getUriFor setting_content_uri_root = content://com.thundercomm.gamemode.api/gamemode_settings , name = gamemode_isgaming
11-22 07:13:12.380 4283 4283 D GameMode_GameModeService: updateGlobalSettings = gamemode_isgaming
11-22 07:13:12.381 4283 4303 D GameModeIF_GameModeSettings: gamemode_isgaming set to 0
11-22 07:13:12.381 1489 1520 W System : A resource failed to call release.
11-22 07:13:12.381 1489 1520 W System : A resource failed to call close.
11-22 07:13:12.382 1489 1489 W NotificationHistory: Attempted to add notif for locked/gone/disabled user 0
11-22 07:13:12.383 1489 1489 I GameModeConfig: Current uri is uri = content://com.thundercomm.gamemode.api/gamemode_settings/gamemode_isgaming
11-22 07:13:12.383 1489 1489 D GameModeIF_GameModeSettings: getUriFor setting_content_uri_root = content://com.thundercomm.gamemode.api/gamemode_settings , name = gamemode_isgaming
11-22 07:13:12.383 1489 1520 W System : A resource failed to call close.
11-22 07:13:12.384 1489 1520 W System : A resource failed to call release.
11-22 07:13:12.384 1489 1520 W System : A resource failed to call close.
11-22 07:13:12.384 1489 1520 W System : A resource failed to call close.
11-22 07:13:12.384 1489 1489 I GameModeConfig: isGameModeOn = false
11-22 07:13:12.385 1489 1489 I GameModeConfig: isGameModeOn = false
11-22 07:13:12.385 1489 1489 I GameModeConfig: isDisableVoice = true
11-22 07:13:12.396 2375 2375 D InterruptionStateProvider: No alerting: filtered notification: 0|com.android.systemui|1|empty_media|10082
11-22 07:13:12.397 4283 4283 V GameMode_GameTypeUtils: judge isGame:com.android.deskclock
11-22 07:13:12.397 4283 4283 E GameMode_GameModeNotificationListenerService: title :暂无歌曲content :null,PackageName:com.android.systemui,isGameModeOn:false,isBulletScreenOn:false,isBulletScreenPackage:false
11-22 07:13:12.397 2375 2375 D InterruptionStateProvider: No alerting: filtered notification: 0|com.android.systemui|1|empty_media|10082
11-22 07:13:12.398 2375 2375 V MediaTimeout: processState 0|com.android.systemui|1|empty_media|10082: null
11-22 07:13:12.398 2375 2375 V MediaTimeout: schedule timeout for 0|com.android.systemui|1|empty_media|10082 playing false, false
11-22 07:13:12.398 2375 2375 D MediaResumeListener: Checking for service component for com.android.systemui
11-22 07:13:12.400 2375 2464 D PeopleSpaceWidgetMgr: Sbn doesn't contain valid PeopleTileKey: null/0/com.android.systemui
11-22 07:13:12.401 1489 1633 I commit_sys_config_file: [notification-policy,15355673]
11-22 07:13:12.405 2358 3361 D BluetoothDatabase: getBondedDevicesOrdered: Invalid address for device LocalStorage
11-22 07:13:12.437 2375 2375 W ConstraintSet: id unknown center_vertical_guideline
11-22 07:13:12.437 2375 2375 W ConstraintSet: id unknown center_horizontal_guideline
11-22 07:13:12.438 2375 2375 W ConstraintSet: id unknown media_action_barrier
11-22 07:13:12.438 2375 2375 W ConstraintSet: id unknown remove_text
11-22 07:13:12.438 2375 2375 W ConstraintSet: id unknown settings
11-22 07:13:12.438 2375 2375 W ConstraintSet: id unknown cancel
11-22 07:13:12.438 2375 2375 W ConstraintSet: id unknown dismiss
11-22 07:13:12.449 2375 2375 W ConstraintSet: id unknown art_bg
11-22 07:13:12.449 2375 2375 W ConstraintSet: id unknown center_vertical_guideline
11-22 07:13:12.449 2375 2375 W ConstraintSet: id unknown center_horizontal_guideline
11-22 07:13:12.449 2375 2375 W ConstraintSet: id unknown media_action_barrier
11-22 07:13:12.449 2375 2375 W ConstraintSet: id unknown empty_art
11-22 07:13:12.449 2375 2375 W ConstraintSet: id unknown empty_text
11-22 07:13:12.449 2375 2375 W ConstraintSet: id unknown album_art_shadow
11-22 07:13:12.450 2375 2375 W ConstraintSet: id unknown remove_text
11-22 07:13:12.450 2375 2375 W ConstraintSet: id unknown settings
11-22 07:13:12.450 2375 2375 W ConstraintSet: id unknown cancel
11-22 07:13:12.450 2375 2375 W ConstraintSet: id unknown dismiss
11-22 07:13:12.496 1195 1230 I selfinstaller: create socket failed: Network is unreachable 101
11-22 07:13:12.990 3275 3275 W hpplay-java: [main]:IPManager:getActiveNets invalid networkInfo:null
11-22 07:13:12.990 3275 3275 I hpplay-java: [main]:IPManager:getActiveNets eth0:false wifi:false mobile:false ap:false
11-22 07:13:12.990 3275 3275 I hpplay-java: [main]:ServerTaskManager:get local ip:null
11-22 07:13:13.246 1218 4889 I OMX-VENC: venc_dev: stats: avg. fps 25.54, bitrate 262762
11-22 07:13:13.271 647 662 I mpu_uart: [MSG-P:RECV]:No message received in 1000 ms
11-22 07:13:13.992 3275 3275 W hpplay-java: [main]:IPManager:getActiveNets invalid networkInfo:null
11-22 07:13:13.992 3275 3275 I hpplay-java: [main]:IPManager:getActiveNets eth0:false wifi:false mobile:false ap:false
11-22 07:13:13.992 3275 3275 I hpplay-java: [main]:ServerTaskManager:get local ip:null
11-22 07:13:14.271 647 662 I mpu_uart: [MSG-P:RECV]:No message received in 1000 ms
11-22 07:13:14.375 1489 1948 I wm_task_moved: [1,0,0]
11-22 07:13:14.375 1489 1948 I wm_task_moved: [1,0,7]
11-22 07:13:14.375 1489 1634 I EventSequenceValidator: Transition from ACTIVITY_CANCELLED to INTENT_STARTED
11-22 07:13:14.378 1006 3752 I BpBinder: onLastStrongRef automatically unlinking death recipients:
11-22 07:13:14.389 1489 1634 I EventSequenceValidator: Transition from INTENT_STARTED to ACTIVITY_LAUNCHED
11-22 07:13:14.415 1218 4889 I OMX-VENC: venc_dev: stats: avg. fps 3.42, bitrate 27157
11-22 07:13:14.420 1489 2835 I InputDispatcher: Monitor swipe-up (server) is stealing touch from [536893a com.android.deskclock/com.android.deskclock.DeskClock (server), ]
11-22 07:13:14.420 16216 16216 I view_enqueue_input_event: [Motion - Cancel,com.android.deskclock/com.android.deskclock.DeskClock]
11-22 07:13:14.421 2840 2840 D StateManager: goToState: Background
11-22 07:13:14.421 2840 2840 D FreeWindowHelper: enterOrExitRecentTasks: isEnterRecentTasks=true,mExitFlag=1
11-22 07:13:14.422 2840 2840 D FreeWindowContainer: reloadTask: null
11-22 07:13:14.424 1489 1634 I EventSequenceValidator: Transition from ACTIVITY_LAUNCHED to ACTIVITY_FINISHED
11-22 07:13:14.430 1489 2012 I input_interaction: Interaction with: edge-swipe (server), swipe-up (server), PointerEventDispatcher0 (server),
11-22 07:13:14.437 1489 1631 I sysui_multi_action: [319,10,322,45,325,15382,757,761,758,9,759,5,806,com.android.launcher3,871,com.android.launcher3.uioverrides.QuickstepLauncher,905,0,1320,8,1321,5]
11-22 07:13:14.438 2375 2375 V ShadeControllerImpl: NotificationShadeWindow: com.android.systemui.statusbar.phone.NotificationShadeWindowView{a299be3 I.E...... ......ID 0,0-2560,1080} canPanelBeCollapsed(): false
11-22 07:13:14.443 2840 2840 D EditModeHelper: setHotseatVisibility: 8
11-22 07:13:14.447 2840 2840 I LatencyTracker: ACTION_TOGGLE_RECENTS latency=22
11-22 07:13:14.447 2840 2840 I sysui_latency: [1,22]
11-22 07:13:14.448 2840 4618 D BaseIconFactory: normalizeAndWrapToAdaptiveIcon: scale=0.8095241
11-22 07:13:14.473 1489 4619 D libEGL : MSAA-->msaa:0 gamemode:0 4x_msaa:0
11-22 07:13:14.474 1489 4619 D libEGL : MSAA-->msaa:0 gamemode:0 4x_msaa:0
11-22 07:13:14.476 1489 4619 D libEGL : MSAA-->msaa:0 gamemode:0 4x_msaa:0
11-22 07:13:14.483 1489 2012 I input_focus: [Focus leaving 536893a com.android.deskclock/com.android.deskclock.DeskClock (server),reason=NOT_FOCUSABLE]
11-22 07:13:14.504 2840 2840 W OrientationEventListener: Cannot detect sensors. Invalid disable
11-22 07:13:14.506 2840 2840 D FreeWindowHelper: enterOrExitRecentTasks: isEnterRecentTasks=false,mExitFlag=0
11-22 07:13:14.508 2840 2840 D EditModeHelper: setHotseatVisibility: 0
11-22 07:13:14.511 2840 2840 W View : requestLayout() improperly called by com.android.launcher3.views.NoInsetView{b86ee7 V.ED..... ......ID 2218,0-2560,1080 #7f09007c app:id/bg_hotseat} during layout: running second layout pass
11-22 07:13:14.529 2840 3564 E FrameEvents: updateAcquireFence: Did not find frame.
11-22 07:13:14.530 2840 3564 E FrameEvents: updateAcquireFence: Did not find frame.
11-22 07:13:14.532 2840 3564 E FrameEvents: updateAcquireFence: Did not find frame.
11-22 07:13:14.653 1489 1751 I commit_sys_config_file: [settings-1-0,8]
11-22 07:13:14.721 1489 1648 I LatencyTracker: ACTION_START_RECENTS_ANIMATION latency=64
11-22 07:13:14.721 1489 1648 I sysui_latency: [8,64]
11-22 07:13:14.742 1006 1063 W HWComposer: Ignoring duplicate VSYNC event from HWC for display 4630946816427681409 (t=15383281464000)
11-22 07:13:14.759 1006 1063 W HWComposer: Ignoring duplicate VSYNC event from HWC for display 4630946816427681409 (t=15383298146000)
11-22 07:13:14.776 1006 1063 W HWComposer: Ignoring duplicate VSYNC event from HWC for display 4630946816427681409 (t=15383314886000)
11-22 07:13:14.792 1006 1063 W HWComposer: Ignoring duplicate VSYNC event from HWC for display 4630946816427681409 (t=15383331598000)
11-22 07:13:14.809 1006 1063 W HWComposer: Ignoring duplicate VSYNC event from HWC for display 4630946816427681409 (t=15383348400000)
11-22 07:13:14.976 647 661 I mpu_uart: [MSG-P:R]:recv sync frame timeout
11-22 07:13:14.994 3275 3275 W hpplay-java: [main]:IPManager:getActiveNets invalid networkInfo:null
11-22 07:13:14.994 3275 3275 I hpplay-java: [main]:IPManager:getActiveNets eth0:false wifi:false mobile:false ap:false
11-22 07:13:14.994 3275 3275 I hpplay-java: [main]:ServerTaskManager:get local ip:null
11-22 07:13:15.155 2840 2840 D EditModeHelper: setHotseatVisibility: 0
11-22 07:13:15.188 1489 1948 I wm_task_moved: [1,1,8]
11-22 07:13:15.189 1489 1948 I wm_task_moved: [10,1,2147483647]
11-22 07:13:15.189 1489 1948 I wm_task_to_front: [0,10]
11-22 07:13:15.189 1489 1948 I wm_focused_root_task: [0,0,1,171,RecentsAnimation.onAnimationFinished()]
11-22 07:13:15.189 1489 1948 I wm_set_resumed_activity: [0,com.android.launcher3/.uioverrides.QuickstepLauncher,RecentsAnimation.onAnimationFinished()]
11-22 07:13:15.190 1489 1948 I ActivityTaskManager: FOREGROUND_APPLICATION_CHANGED to com.android.launcher3.uioverrides.QuickstepLauncher
11-22 07:13:15.191 1489 1948 I wm_set_resumed_activity: [0,com.android.launcher3/.uioverrides.QuickstepLauncher,resumeTopActivityInnerLocked]
11-22 07:13:15.191 1489 1948 I wm_add_to_stopping: [0,57830057,com.android.deskclock/.DeskClock,makeInvisible]
11-22 07:13:15.192 1489 1948 I wm_resume_activity: [0,168390208,10,com.android.launcher3/.uioverrides.QuickstepLauncher]
11-22 07:13:15.193 2840 2840 I wm_on_resume_called: [168390208,com.android.launcher3.uioverrides.QuickstepLauncher,RESUME_ACTIVITY]
11-22 07:13:15.193 2840 2840 I wm_on_top_resumed_gained_called: [168390208,com.android.launcher3.uioverrides.QuickstepLauncher,topWhenResuming]
11-22 07:13:15.203 1489 1636 I input_focus: [Focus request 3cc67bf com.android.launcher3/com.android.launcher3.uioverrides.QuickstepLauncher,reason=UpdateInputWindows]
11-22 07:13:15.209 1489 6043 I wm_stop_activity: [0,57830057,com.android.deskclock/.DeskClock]
11-22 07:13:15.211 1489 6043 I wm_destroy_activity: [0,33005074,171,com.android.permissioncontroller/.permission.ui.GrantPermissionsActivity,finish-idle]
11-22 07:13:15.211 16628 16628 I wm_on_stop_called: [33005074,com.android.permissioncontroller.permission.ui.GrantPermissionsActivity,LIFECYCLER_STOP_ACTIVITY]
11-22 07:13:15.212 16628 16628 I wm_on_destroy_called: [33005074,com.android.permissioncontroller.permission.ui.GrantPermissionsActivity,performDestroy]
11-22 07:13:15.214 1489 2835 W InputManager-JNI: Input channel object '9fc25c3 com.android.permissioncontroller/com.android.permissioncontroller.permission.ui.GrantPermissionsActivity (client)' was disposed without first being removed with the input manager!
11-22 07:13:15.215 1489 2012 I input_focus: [Focus entering 3cc67bf com.android.launcher3/com.android.launcher3.uioverrides.QuickstepLauncher (server),reason=setFocusedWindow]
11-22 07:13:15.217 1489 1634 I sysui_multi_action: [757,803,799,window_time_0,802,3]
11-22 07:13:15.220 4283 4297 I GameMode_ActivityMonitoringService: onForegroundActivitiesChanged uid 10094 pid 16628 fg false
11-22 07:13:15.225 16216 16216 I wm_on_paused_called: [57830057,com.android.deskclock.DeskClock,performPause]
11-22 07:13:15.228 16216 16216 I wm_on_stop_called: [57830057,com.android.deskclock.DeskClock,STOP_ACTIVITY_ITEM]
11-22 07:13:15.239 1489 1648 I am_pss : [16340,10068,com.android.calendar,21394432,16674816,0,137875456,0,15,7]
11-22 07:13:15.240 4283 4303 I GameMode_ActivityMonitoringService: Updating top task to: TaskInfoContainer [topActivity=ComponentInfo{com.android.launcher3/com.android.launcher3.uioverrides.QuickstepLauncher}, taskId=10, stackId=1, userId=0, displayId=0, position=8
11-22 07:13:15.243 4283 4303 I GameMode_ActivityMonitoringService: Notifying about top task: TaskInfoContainer [topActivity=ComponentInfo{com.android.launcher3/com.android.launcher3.uioverrides.QuickstepLauncher}, taskId=10, stackId=1, userId=0, displayId=0, position=8
11-22 07:13:15.243 4283 4303 E GameMode_ActivityMonitoringService: onActivityLaunch:com.android.launcher3
11-22 07:13:15.243 4283 4303 V GameMode_GameTypeUtils: judge isGame:com.android.launcher3
11-22 07:13:15.244 4283 4303 V GameMode_GpuUtils: fps:60
11-22 07:13:15.248 1489 1648 I am_pss : [16557,10032,com.android.providers.calendar,7276544,5038080,0,98582528,0,19,6]
11-22 07:13:15.252 2375 2390 W System : A resource failed to call close.
11-22 07:13:15.257 2375 2390 W System : A resource failed to call close.
11-22 07:13:15.257 2375 2390 W System : A resource failed to call close.
11-22 07:13:15.257 2375 2390 W System : A resource failed to call release.
11-22 07:13:15.261 4283 4297 I GameMode_ActivityMonitoringService: onForegroundActivitiesChanged uid 10066 pid 16216 fg false
11-22 07:13:15.262 4283 4303 D GameMode_GameModeActionUtils: Show GameMode entry by service!
11-22 07:13:15.262 4283 4303 W ContextImpl: Calling a method in the system process without a qualified user: android.app.ContextImpl.startService:1816 android.content.ContextWrapper.startService:774 com.thundercomm.gamemode.ingame.services.GameModeActionUtils.startGameModeService:93 com.thundercomm.gamemode.ingame.services.GameModeActionUtils.startGameModeEntry:21 com.thundercomm.gamemode.ingame.services.ActivityMonitoringService$1.onActivityLaunch:127
11-22 07:13:15.265 4283 4283 D GameMode_GameModeService: type=hide_entry
11-22 07:13:15.265 4283 4303 D GameModeIF_GameModeSettings: getUriFor setting_content_uri_root = content://com.thundercomm.gamemode.api/gamemode_settings , name = gamemode_isgaming
11-22 07:13:15.268 1489 1489 I GameModeConfig: Current uri is uri = content://com.thundercomm.gamemode.api/gamemode_settings/gamemode_isgaming
11-22 07:13:15.268 1489 1489 D GameModeIF_GameModeSettings: getUriFor setting_content_uri_root = content://com.thundercomm.gamemode.api/gamemode_settings , name = gamemode_isgaming
11-22 07:13:15.269 4283 4303 D GameModeIF_GameModeSettings: gamemode_isgaming set to 0
11-22 07:13:15.271 647 662 I mpu_uart: [MSG-P:RECV]:No message received in 1000 ms
11-22 07:13:15.274 4283 4283 D GameMode_GameSettingsObserver: Game Data change!!!! uri = content://com.thundercomm.gamemode.api/gamemode_settings/gamemode_isgaming
11-22 07:13:15.274 1489 1489 I GameModeConfig: isGameModeOn = false
11-22 07:13:15.275 4283 4283 D GameModeIF_GameModeSettings: getUriFor setting_content_uri_root = content://com.thundercomm.gamemode.api/gamemode_settings , name = gamemode_isgaming
11-22 07:13:15.275 1489 1489 I GameModeConfig: isGameModeOn = false
11-22 07:13:15.275 1489 1489 I GameModeConfig: isDisableVoice = true
11-22 07:13:15.275 4283 4303 I GameMode_ActivityMonitoringService: Updating top task to: TaskInfoContainer [topActivity=ComponentInfo{com.android.launcher3/com.android.launcher3.uioverrides.QuickstepLauncher}, taskId=10, stackId=1, userId=0, displayId=0, position=8
11-22 07:13:15.275 4283 4303 I GameMode_ActivityMonitoringService: Notifying about top task: TaskInfoContainer [topActivity=ComponentInfo{com.android.launcher3/com.android.launcher3.uioverrides.QuickstepLauncher}, taskId=10, stackId=1, userId=0, displayId=0, position=8
11-22 07:13:15.275 4283 4303 E GameMode_ActivityMonitoringService: onActivityLaunch:com.android.launcher3
11-22 07:13:15.275 4283 4303 V GameMode_GameTypeUtils: judge isGame:com.android.launcher3
11-22 07:13:15.276 4283 4303 V GameMode_GpuUtils: fps:60
11-22 07:13:15.276 4283 4283 D GameMode_GameModeService: updateGlobalSettings = gamemode_isgaming
11-22 07:13:15.277 4283 4303 D GameMode_GameModeActionUtils: Show GameMode entry by service!
11-22 07:13:15.278 4283 4303 W ContextImpl: Calling a method in the system process without a qualified user: android.app.ContextImpl.startService:1816 android.content.ContextWrapper.startService:774 com.thundercomm.gamemode.ingame.services.GameModeActionUtils.startGameModeService:93 com.thundercomm.gamemode.ingame.services.GameModeActionUtils.startGameModeEntry:21 com.thundercomm.gamemode.ingame.services.ActivityMonitoringService$1.onActivityLaunch:127
11-22 07:13:15.281 4283 4303 D GameModeIF_GameModeSettings: getUriFor setting_content_uri_root = content://com.thundercomm.gamemode.api/gamemode_settings , name = gamemode_isgaming
11-22 07:13:15.281 4283 4283 D GameMode_GameModeService: type=hide_entry
11-22 07:13:15.282 1489 1520 W System : A resource failed to call close.
11-22 07:13:15.282 1489 1520 W System : A resource failed to call close.
11-22 07:13:15.282 1489 1489 I GameModeConfig: Current uri is uri = content://com.thundercomm.gamemode.api/gamemode_settings/gamemode_isgaming
11-22 07:13:15.282 1489 1489 D GameModeIF_GameModeSettings: getUriFor setting_content_uri_root = content://com.thundercomm.gamemode.api/gamemode_settings , name = gamemode_isgaming
11-22 07:13:15.283 4283 4303 D GameModeIF_GameModeSettings: gamemode_isgaming set to 0
11-22 07:13:15.283 1489 1520 W System : A resource failed to call close.
11-22 07:13:15.284 1489 1489 I GameModeConfig: isGameModeOn = false
11-22 07:13:15.284 1489 1489 I GameModeConfig: isGameModeOn = false
11-22 07:13:15.284 1489 1489 I GameModeConfig: isDisableVoice = true
11-22 07:13:15.287 4283 4283 D GameMode_GameSettingsObserver: Game Data change!!!! uri = content://com.thundercomm.gamemode.api/gamemode_settings/gamemode_isgaming
11-22 07:13:15.288 4283 4283 D GameModeIF_GameModeSettings: getUriFor setting_content_uri_root = content://com.thundercomm.gamemode.api/gamemode_settings , name = gamemode_isgaming
11-22 07:13:15.289 4283 4283 D GameMode_GameModeService: updateGlobalSettings = gamemode_isgaming
11-22 07:13:15.306 4283 4297 I GameMode_ActivityMonitoringService: onTaskStackChanged
11-22 07:13:15.310 4283 4303 I GameMode_ActivityMonitoringService: Updating top task to: TaskInfoContainer [topActivity=ComponentInfo{com.android.launcher3/com.android.launcher3.uioverrides.QuickstepLauncher}, taskId=10, stackId=1, userId=0, displayId=0, position=8
11-22 07:13:15.310 4283 4303 I GameMode_ActivityMonitoringService: Notifying about top task: TaskInfoContainer [topActivity=ComponentInfo{com.android.launcher3/com.android.launcher3.uioverrides.QuickstepLauncher}, taskId=10, stackId=1, userId=0, displayId=0, position=8
11-22 07:13:15.310 4283 4303 E GameMode_ActivityMonitoringService: onActivityLaunch:com.android.launcher3
11-22 07:13:15.310 4283 4303 V GameMode_GameTypeUtils: judge isGame:com.android.launcher3
11-22 07:13:15.310 4283 4303 V GameMode_GpuUtils: fps:60
11-22 07:13:15.313 4283 4303 D GameMode_GameModeActionUtils: Show GameMode entry by service!
11-22 07:13:15.313 4283 4303 W ContextImpl: Calling a method in the system process without a qualified user: android.app.ContextImpl.startService:1816 android.content.ContextWrapper.startService:774 com.thundercomm.gamemode.ingame.services.GameModeActionUtils.startGameModeService:93 com.thundercomm.gamemode.ingame.services.GameModeActionUtils.startGameModeEntry:21 com.thundercomm.gamemode.ingame.services.ActivityMonitoringService$1.onActivityLaunch:127
11-22 07:13:15.315 4283 4303 D GameModeIF_GameModeSettings: getUriFor setting_content_uri_root = content://com.thundercomm.gamemode.api/gamemode_settings , name = gamemode_isgaming
11-22 07:13:15.315 4283 4283 D GameMode_GameModeService: type=hide_entry
11-22 07:13:15.316 1489 1489 I GameModeConfig: Current uri is uri = content://com.thundercomm.gamemode.api/gamemode_settings/gamemode_isgaming
11-22 07:13:15.317 1489 1489 D GameModeIF_GameModeSettings: getUriFor setting_content_uri_root = content://com.thundercomm.gamemode.api/gamemode_settings , name = gamemode_isgaming
11-22 07:13:15.317 4283 4303 D GameModeIF_GameModeSettings: gamemode_isgaming set to 0
11-22 07:13:15.318 1489 1489 I GameModeConfig: isGameModeOn = false
11-22 07:13:15.318 1489 1489 I GameModeConfig: isGameModeOn = false
11-22 07:13:15.319 1489 1489 I GameModeConfig: isDisableVoice = true
11-22 07:13:15.320 4283 4283 D GameMode_GameSettingsObserver: Game Data change!!!! uri = content://com.thundercomm.gamemode.api/gamemode_settings/gamemode_isgaming
11-22 07:13:15.320 4283 4283 D GameModeIF_GameModeSettings: getUriFor setting_content_uri_root = content://com.thundercomm.gamemode.api/gamemode_settings , name = gamemode_isgaming
11-22 07:13:15.321 4283 4283 D GameMode_GameModeService: updateGlobalSettings = gamemode_isgaming
11-22 07:13:15.484 1218 4889 I OMX-VENC: venc_dev: stats: avg. fps 43.99, bitrate 5111426
11-22 07:13:15.629 1489 2012 I input_interaction: Interaction with: 3cc67bf com.android.launcher3/com.android.launcher3.uioverrides.QuickstepLauncher (server), 6449bab com.android.systemui.ImageWallpaper (server), edge-swipe (server), swipe-up (server), PointerEventDispatcher0 (server),
11-22 07:13:15.996 3275 3275 W hpplay-java: [main]:IPManager:getActiveNets invalid networkInfo:null
11-22 07:13:15.997 3275 3275 I hpplay-java: [main]:IPManager:getActiveNets eth0:false wifi:false mobile:false ap:false
11-22 07:13:15.997 3275 3275 I hpplay-java: [main]:ServerTaskManager:get local ip:null
11-22 07:13:16.038 2840 3564 E FrameEvents: updateAcquireFence: Did not find frame.
11-22 07:13:16.062 874 874 D vendor.qti.vibrator: Vibrator perform effect 5
11-22 07:13:16.084 874 874 D vendor.qti.vibrator: Vibrator on for timeoutMs: 21
11-22 07:13:16.084 874 16787 D vendor.qti.vibrator: Starting on on another thread
11-22 07:13:16.105 874 16787 D vendor.qti.vibrator: Notifying on complete
11-22 07:13:16.106 874 874 D vendor.qti.vibrator: QTI Vibrator off
11-22 07:13:16.205 2840 2840 D FlingToDeleteHelper: isFlingToDelete = false
11-22 07:13:16.272 647 662 I mpu_uart: [MSG-P:RECV]:No message received in 1000 ms
11-22 07:13:16.313 2840 2840 D HotseatController: adjustPadding: height=800,size=3
11-22 07:13:16.316 2840 2840 W View : requestLayout() improperly called by com.android.launcher3.views.NoInsetView{b86ee7 V.ED..... ......I. 2218,0-2560,1080 #7f09007c app:id/bg_hotseat} during layout: running second layout pass
11-22 07:13:16.497 1218 4889 I OMX-VENC: venc_dev: stats: avg. fps 42.44, bitrate 1062386
11-22 07:13:16.814 1489 2835 I ActivityTaskManager: START u0 {flg=0x10008000 cmp=com.android.gallery3d/.app.GalleryActivity} from uid 10074
11-22 07:13:16.815 1489 1634 I EventSequenceValidator: Transition from ACTIVITY_FINISHED to INTENT_STARTED
11-22 07:13:16.821 1489 2835 E ANDR-PERF-JNI: com_qualcomm_qtiperformance_native_perf_io_prefetch_start
11-22 07:13:16.822 1489 2835 I wm_task_created: [172,-1]
11-22 07:13:16.822 1489 2835 W ActivityTaskManager: Can't find TaskDisplayArea to determine support for multi window. Task id=172 attached=false
11-22 07:13:16.824 1489 2835 D FreeFormWindowHelper: Add freeform task=Task{dc6a56 #172 type=standard ?? U=0 visible=false mode=freeform translucent=true sz=0}
11-22 07:13:16.828 861 3696 E ANDR-IOP: io prefetch is disabled
11-22 07:13:16.828 1489 2835 I wm_task_moved: [172,1,9]
11-22 07:13:16.828 1489 2835 I wm_task_to_front: [0,172]
11-22 07:13:16.829 1489 2835 I wm_create_task: [0,172]
11-22 07:13:16.829 1489 2835 I wm_create_activity: [0,180595415,172,com.android.gallery3d/.app.GalleryActivity,NULL,NULL,NULL,268468224]
11-22 07:13:16.829 1489 2835 I wm_task_moved: [172,1,9]
11-22 07:13:16.830 1489 2835 D CompatibilityInfo: mCompatibilityFlags - 4
11-22 07:13:16.830 1489 2835 D CompatibilityInfo: applicationDensity - 240
11-22 07:13:16.831 1489 2835 D CompatibilityInfo: applicationScale - 1.0
11-22 07:13:16.832 1489 2835 I ActivityTaskManager: FOREGROUND_APPLICATION_CHANGED to com.android.gallery3d.app.GalleryActivity
11-22 07:13:16.832 1489 2835 I ActivityTaskManager: The Process com.android.gallery3d Already Exists in BG. So sending its PID: 15162
11-22 07:13:16.833 1489 2835 W ActivityTaskManager: Tried to set launchTime (0) < mLastActivityLaunchTime (15262722)
11-22 07:13:16.835 1489 2835 I wm_restart_activity: [0,180595415,172,com.android.gallery3d/.app.GalleryActivity]
11-22 07:13:16.835 1489 2835 D CompatibilityInfo: mCompatibilityFlags - 4
11-22 07:13:16.835 1489 2835 D CompatibilityInfo: applicationDensity - 240
11-22 07:13:16.835 1489 2835 D CompatibilityInfo: applicationScale - 1.0
11-22 07:13:16.840 1489 2835 I wm_set_resumed_activity: [0,com.android.gallery3d/.app.GalleryActivity,minimalResumeActivityLocked]
11-22 07:13:16.846 2840 2840 D StateManager: goToState: Normal
11-22 07:13:16.848 1489 1634 I am_uid_active: 10069
11-22 07:13:16.854 2840 2840 I wm_on_top_resumed_lost_called: [168390208,com.android.launcher3.uioverrides.QuickstepLauncher,topStateChangedWhenResumed]
11-22 07:13:16.857 4283 4297 I GameMode_ActivityMonitoringService: onForegroundActivitiesChanged uid 10069 pid 15162 fg true
11-22 07:13:16.860 1489 5500 D CompatibilityInfo: mCompatibilityFlags - 4
11-22 07:13:16.860 1489 5500 D CompatibilityInfo: applicationDensity - 240
11-22 07:13:16.860 1489 5500 D CompatibilityInfo: applicationScale - 1.0
11-22 07:13:16.863 1489 1634 I EventSequenceValidator: Transition from INTENT_STARTED to ACTIVITY_LAUNCHED
11-22 07:13:16.865 4283 4303 I GameMode_ActivityMonitoringService: Updating top task to: TaskInfoContainer [topActivity=ComponentInfo{com.android.gallery3d/com.android.gallery3d.app.GalleryActivity}, taskId=172, stackId=172, userId=0, displayId=0, position=9
11-22 07:13:16.866 4283 4303 I GameMode_ActivityMonitoringService: Notifying about top task: TaskInfoContainer [topActivity=ComponentInfo{com.android.gallery3d/com.android.gallery3d.app.GalleryActivity}, taskId=172, stackId=172, userId=0, displayId=0, position=9
11-22 07:13:16.866 4283 4303 E GameMode_ActivityMonitoringService: onActivityLaunch:com.android.gallery3d
11-22 07:13:16.866 4283 4303 V GameMode_GameTypeUtils: judge isGame:com.android.gallery3d
11-22 07:13:16.866 4283 4303 V GameMode_GpuUtils: fps:60
11-22 07:13:16.870 4283 4303 D GameMode_GameModeActionUtils: Show GameMode entry by service!
11-22 07:13:16.870 4283 4303 W ContextImpl: Calling a method in the system process without a qualified user: android.app.ContextImpl.startService:1816 android.content.ContextWrapper.startService:774 com.thundercomm.gamemode.ingame.services.GameModeActionUtils.startGameModeService:93 com.thundercomm.gamemode.ingame.services.GameModeActionUtils.startGameModeEntry:21 com.thundercomm.gamemode.ingame.services.ActivityMonitoringService$1.onActivityLaunch:127
11-22 07:13:16.872 4283 4303 D GameModeIF_GameModeSettings: getUriFor setting_content_uri_root = content://com.thundercomm.gamemode.api/gamemode_settings , name = gamemode_isgaming
11-22 07:13:16.873 4283 4283 D GameMode_GameModeService: type=hide_entry
11-22 07:13:16.875 15162 15162 V StateManager: startState class com.android.gallery3d.app.AlbumSetPage
11-22 07:13:16.875 1489 1489 I GameModeConfig: Current uri is uri = content://com.thundercomm.gamemode.api/gamemode_settings/gamemode_isgaming
11-22 07:13:16.876 1489 1489 D GameModeIF_GameModeSettings: getUriFor setting_content_uri_root = content://com.thundercomm.gamemode.api/gamemode_settings , name = gamemode_isgaming
11-22 07:13:16.876 15162 15162 I wm_on_create_called: [180595415,com.android.gallery3d.app.GalleryActivity,performCreate]
11-22 07:13:16.876 4283 4303 D GameModeIF_GameModeSettings: gamemode_isgaming set to 0
11-22 07:13:16.877 15162 15162 I wm_on_start_called: [180595415,com.android.gallery3d.app.GalleryActivity,handleStartActivity]
11-22 07:13:16.878 15162 15162 D Gallery.MultiSetSync: onSyncDone: **** #pending=1
11-22 07:13:16.878 15162 15162 D Gallery.MultiSetSync: request sync: ****
11-22 07:13:16.878 15162 15162 D Gallery.MultiSetSync: onSyncDone: ****** #pending=0
11-22 07:13:16.878 15162 15162 D Gallery.MultiSetSync: request sync: ******
11-22 07:13:16.878 1489 1489 I GameModeConfig: isGameModeOn = false
11-22 07:13:16.878 1489 1489 I GameModeConfig: isGameModeOn = false
11-22 07:13:16.878 1489 1489 I GameModeConfig: isDisableVoice = true
11-22 07:13:16.879 15162 15162 W OrientationEventListener: Cannot detect sensors. Not enabled
11-22 07:13:16.879 15162 15162 I wm_on_resume_called: [180595415,com.android.gallery3d.app.GalleryActivity,RESUME_ACTIVITY]
11-22 07:13:16.881 4283 4283 D GameMode_GameSettingsObserver: Game Data change!!!! uri = content://com.thundercomm.gamemode.api/gamemode_settings/gamemode_isgaming
11-22 07:13:16.881 4283 4283 D GameModeIF_GameModeSettings: getUriFor setting_content_uri_root = content://com.thundercomm.gamemode.api/gamemode_settings , name = gamemode_isgaming
11-22 07:13:16.882 15162 15162 I wm_on_top_resumed_gained_called: [180595415,com.android.gallery3d.app.GalleryActivity,topStateChangedWhenResumed]
11-22 07:13:16.883 4283 4283 D GameMode_GameModeService: updateGlobalSettings = gamemode_isgaming
11-22 07:13:16.886 1489 5500 W WindowManager: updateScale0.7996942
11-22 07:13:16.889 1489 1636 I input_focus: [Focus request f4358a9 com.android.gallery3d/com.android.gallery3d.app.GalleryActivity,reason=UpdateInputWindows]
11-22 07:13:16.893 15162 16790 D libEGL : MSAA-->msaa:0 gamemode:0 4x_msaa:0
11-22 07:13:16.893 15162 16790 D libEGL : MSAA-->msaa:0 gamemode:0 4x_msaa:0
11-22 07:13:16.900 15162 16790 I GLRootView: onSurfaceChanged: 654x1160, gl10: com.google.android.gles_jni.GLImpl@9d45e9b
11-22 07:13:16.900 15162 16790 I GLRootView: layout content pane 654x1160 (compensation 0)
11-22 07:13:16.917 1489 2012 I input_focus: [Focus leaving 3cc67bf com.android.launcher3/com.android.launcher3.uioverrides.QuickstepLauncher (server),reason=Waiting for window because NOT_VISIBLE]
11-22 07:13:16.941 15162 16790 I GLRootView: onSurfaceChanged: 654x1092, gl10: com.google.android.gles_jni.GLImpl@9d45e9b
11-22 07:13:16.942 15162 16790 I GLRootView: layout content pane 654x1092 (compensation 0)
