11-22 06:33:38.405 14679 14679 I wm_on_resume_called: [143240912,com.sohu.inputmethod.sogou.car.settingsui.SogouSettingsActivity,RESUME_ACTIVITY]
11-22 06:33:38.408 14679 14679 I wm_on_top_resumed_gained_called: [143240912,com.sohu.inputmethod.sogou.car.settingsui.SogouSettingsActivity,topStateChangedWhenResumed]
11-22 06:33:38.429 1489 1636 I input_focus: [Focus request 6b6be01 com.sohu.inputmethod.sogou.car/com.sohu.inputmethod.sogou.car.settingsui.SogouSettingsActivity,reason=UpdateInputWindows]
11-22 06:33:38.456 1489 2012 I input_focus: [Focus leaving 59e2886 com.android.settings/com.android.settings.Settings (server),reason=Waiting for window because NOT_VISIBLE]
11-22 06:33:38.459 1489 1631 I sysui_multi_action: [319,102,322,99,325,13006,757,761,758,8,759,2,806,com.sohu.inputmethod.sogou.car,871,com.sohu.inputmethod.sogou.car.settingsui.SogouSettingsActivity,904,android,905,0,1320,4,1321,2]
11-22 06:33:38.460 1489 1631 I wm_activity_launch_time: [0,143240912,com.sohu.inputmethod.sogou.car/.settingsui.SogouSettingsActivity,99]
11-22 06:33:38.471 1489 2012 I input_focus: [Focus entering 6b6be01 com.sohu.inputmethod.sogou.car/com.sohu.inputmethod.sogou.car.settingsui.SogouSettingsActivity (server),reason=Window became focusable. Previous reason: NOT_VISIBLE]
11-22 06:33:39.180 1489 2012 I input_interaction: Interaction with: 59e2886 com.android.settings/com.android.settings.Settings (server), edge-swipe (server), swipe-up (server), PointerEventDispatcher0 (server),
11-22 06:33:39.181 1489 1634 I wm_task_moved: [155,1,8]
11-22 06:33:39.181 1489 1634 I wm_task_to_front: [0,155]
11-22 06:33:39.187 1489 1634 I wm_set_resumed_activity: [0,com.android.settings/.Settings,positionChildAt]
11-22 06:33:39.187 1489 1634 I wm_focused_root_task: [0,0,155,156,setFocusedTask]
11-22 06:33:39.187 1489 1634 I wm_set_resumed_activity: [0,com.android.settings/.Settings,setFocusedTask]
11-22 06:33:39.188 14679 14679 I wm_on_top_resumed_lost_called: [143240912,com.sohu.inputmethod.sogou.car.settingsui.SogouSettingsActivity,topStateChangedWhenResumed]
11-22 06:33:39.188 1489 1636 I input_focus: [Focus request 59e2886 com.android.settings/com.android.settings.Settings,reason=UpdateInputWindows]
11-22 06:33:39.191 14639 14639 I wm_on_top_resumed_gained_called: [231639813,com.android.settings.Settings,topStateChangedWhenResumed]
11-22 06:33:39.209 1489 2012 I input_focus: [Focus leaving 6b6be01 com.sohu.inputmethod.sogou.car/com.sohu.inputmethod.sogou.car.settingsui.SogouSettingsActivity (server),reason=setFocusedWindow]
11-22 06:33:39.209 1489 2012 I input_focus: [Focus entering 59e2886 com.android.settings/com.android.settings.Settings (server),reason=setFocusedWindow]
11-22 06:33:39.215 1489 8738 I wm_task_moved: [1,0,0]
11-22 06:33:39.216 1489 8738 I wm_task_moved: [1,0,7]
11-22 06:33:39.223 2840 2840 I wm_on_restart_called: [168390208,com.android.launcher3.uioverrides.QuickstepLauncher,performRestartActivity]
11-22 06:33:39.227 1489 5394 I wm_finish_activity: [0,143240912,156,com.sohu.inputmethod.sogou.car/.settingsui.SogouSettingsActivity,app-request]
11-22 06:33:39.242 1489 5394 I wm_pause_activity: [0,143240912,com.sohu.inputmethod.sogou.car/.settingsui.SogouSettingsActivity,userLeaving=false,finish]
11-22 06:33:39.244 14679 14679 I wm_on_paused_called: [143240912,com.sohu.inputmethod.sogou.car.settingsui.SogouSettingsActivity,performPause]
11-22 06:33:39.251 1489 5500 I wm_destroy_activity: [0,143240912,156,com.sohu.inputmethod.sogou.car/.settingsui.SogouSettingsActivity,finish-imm:completePausedLocked]
11-22 06:33:39.254 14679 14679 I wm_on_stop_called: [143240912,com.sohu.inputmethod.sogou.car.settingsui.SogouSettingsActivity,LIFECYCLER_STOP_ACTIVITY]
11-22 06:33:39.254 14679 14679 I wm_on_destroy_called: [143240912,com.sohu.inputmethod.sogou.car.settingsui.SogouSettingsActivity,performDestroy]
11-22 06:33:39.259 1489 1634 I sysui_multi_action: [757,803,799,window_time_0,802,1]
11-22 06:33:39.261 2840 2840 I wm_on_start_called: [168390208,com.android.launcher3.uioverrides.QuickstepLauncher,handleStartActivity]
11-22 06:33:39.264 1489 5394 I wm_task_removed: [156,removeChild:removeChild last r=ActivityRecord{889aed0 u0 com.sohu.inputmethod.sogou.car/.settingsui.SogouSettingsActivity t-1 f}} in t=Task{2928e93 #156 type=standard A=10018:com.sohu.inputmethod.sogou.car U=0 visible=false mode=freeform translucent=true sz=0}]
11-22 06:33:39.264 1489 5394 I wm_task_removed: [156,removeChild]
11-22 06:33:39.278 1489 1631 I sysui_multi_action: [319,8,322,55,325,13007,757,761,758,9,759,5,806,com.android.launcher3,871,com.android.launcher3.uioverrides.QuickstepLauncher,905,0,1320,8,1321,5]
11-22 06:33:39.313 14639 14639 I view_enqueue_input_event: [Motion - Cancel,com.android.settings/com.android.settings.Settings]
11-22 06:33:39.314 2840 2840 I sysui_latency: [1,88]
11-22 06:33:39.323 1489 1636 I input_focus: [Focus request recents_animation_input_consumer,reason=UpdateInputWindows]
11-22 06:33:39.330 1489 2012 I input_interaction: Interaction with: edge-swipe (server), swipe-up (server), PointerEventDispatcher0 (server),
11-22 06:33:39.356 1489 2012 I input_focus: [Focus leaving 59e2886 com.android.settings/com.android.settings.Settings (server),reason=NOT_FOCUSABLE]
11-22 06:33:39.356 1489 2012 I input_focus: [Focus entering recents_animation_input_consumer (server),reason=setFocusedWindow]
11-22 06:33:39.466 1489 1751 I commit_sys_config_file: [settings-1-0,4]
11-22 06:33:39.573 1489 1648 I sysui_latency: [8,75]
11-22 06:33:40.263 1489 1751 I commit_sys_config_file: [settings-1-0,5]
11-22 06:33:41.824 1489 2012 I input_interaction: Interaction with: 3cc67bf com.android.launcher3/com.android.launcher3.uioverrides.QuickstepLauncher (server), edge-swipe (server), swipe-up (server), PointerEventDispatcher0 (server),
11-22 06:33:41.956 1489 8738 I wm_task_created: [157,-1]
11-22 06:33:41.968 1489 8738 I wm_task_moved: [157,1,8]
11-22 06:33:41.968 1489 8738 I wm_task_to_front: [0,157]
11-22 06:33:41.969 1489 8738 I wm_create_task: [0,157]
11-22 06:33:41.969 1489 8738 I wm_create_activity: [0,13498437,157,com.android.calendar/.AllInOneActivity,NULL,NULL,NULL,268468224]
11-22 06:33:41.969 1489 8738 I wm_task_moved: [157,1,8]
11-22 06:33:41.969 14639 14639 I wm_on_top_resumed_lost_called: [231639813,com.android.settings.Settings,topStateChangedWhenResumed]
11-22 06:33:41.975 1489 8738 I wm_restart_activity: [0,13498437,157,com.android.calendar/.AllInOneActivity]
11-22 06:33:41.979 1489 8738 I wm_set_resumed_activity: [0,com.android.calendar/.AllInOneActivity,minimalResumeActivityLocked]
11-22 06:33:41.988 1489 1634 I am_uid_active: 10068
11-22 06:33:42.003 1489 7614 I am_uid_running: 10032
11-22 06:33:42.014 1489 1651 I am_proc_start: [0,14787,10032,com.android.providers.calendar,content provider,{com.android.providers.calendar/com.android.providers.calendar.CalendarProvider2}]
11-22 06:33:42.023 14577 14577 I wm_on_create_called: [13498437,com.android.calendar.AllInOneActivity,performCreate]
11-22 06:33:42.026 1489 7614 I am_proc_bound: [0,14787,com.android.providers.calendar]
11-22 06:33:42.028 1489 7614 I am_uid_active: 10032
11-22 06:33:42.037 14577 14577 I wm_on_start_called: [13498437,com.android.calendar.AllInOneActivity,handleStartActivity]
11-22 06:33:42.039 14577 14577 I wm_on_resume_called: [13498437,com.android.calendar.AllInOneActivity,RESUME_ACTIVITY]
11-22 06:33:42.045 14577 14577 I wm_on_top_resumed_gained_called: [13498437,com.android.calendar.AllInOneActivity,topStateChangedWhenResumed]
11-22 06:33:42.060 1489 1636 I input_focus: [Focus request fb06f4a com.android.calendar/com.android.calendar.AllInOneActivity,reason=UpdateInputWindows]
11-22 06:33:42.080 1489 2012 I input_focus: [Focus leaving recents_animation_input_consumer (server),reason=Waiting for window because NOT_VISIBLE]
11-22 06:33:42.106 1489 1631 I sysui_multi_action: [319,154,322,154,325,13010,757,761,758,8,759,2,806,com.android.calendar,871,com.android.calendar.AllInOneActivity,904,com.android.launcher3,905,0,1320,17,1321,1]
11-22 06:33:42.109 1489 1631 I wm_activity_launch_time: [0,13498437,com.android.calendar/.AllInOneActivity,154]
11-22 06:33:42.113 1489 2012 I input_focus: [Focus entering fb06f4a com.android.calendar/com.android.calendar.AllInOneActivity (server),reason=Window became focusable. Previous reason: NOT_VISIBLE]
11-22 06:33:42.406 1489 5500 I wm_task_moved: [1,1,8]
11-22 06:33:42.407 1489 5500 I wm_task_moved: [10,1,2147483647]
11-22 06:33:42.407 1489 5500 I wm_task_to_front: [0,10]
11-22 06:33:42.407 1489 5500 I wm_focused_root_task: [0,0,1,157,RecentsAnimation.onAnimationFinished()]
11-22 06:33:42.407 1489 5500 I wm_set_resumed_activity: [0,com.android.launcher3/.uioverrides.QuickstepLauncher,RecentsAnimation.onAnimationFinished()]
11-22 06:33:42.409 1489 5500 I wm_pause_activity: [0,231639813,com.android.settings/.Settings,userLeaving=true,pauseBackTasks]
11-22 06:33:42.410 1489 5500 I wm_add_to_stopping: [0,231639813,com.android.settings/.Settings,makeInvisible]
11-22 06:33:42.411 1489 5500 I wm_set_resumed_activity: [0,com.android.launcher3/.uioverrides.QuickstepLauncher,resumeTopActivityInnerLocked]
11-22 06:33:42.414 1489 5500 I wm_resume_activity: [0,168390208,10,com.android.launcher3/.uioverrides.QuickstepLauncher]
11-22 06:33:42.427 14639 14639 I sysui_multi_action: [757,35,758,2,1089,4595]
11-22 06:33:42.431 14577 14577 I wm_on_top_resumed_lost_called: [13498437,com.android.calendar.AllInOneActivity,topStateChangedWhenResumed]
11-22 06:33:42.432 14639 14639 I sysui_multi_action: [757,746,758,2,1089,4460]
11-22 06:33:42.437 2840 2840 I wm_on_resume_called: [168390208,com.android.launcher3.uioverrides.QuickstepLauncher,RESUME_ACTIVITY]
11-22 06:33:42.439 1489 1636 I input_focus: [Focus request 3cc67bf com.android.launcher3/com.android.launcher3.uioverrides.QuickstepLauncher,reason=UpdateInputWindows]
11-22 06:33:42.448 1489 2012 I input_focus: [Focus leaving fb06f4a com.android.calendar/com.android.calendar.AllInOneActivity (server),reason=setFocusedWindow]
11-22 06:33:42.448 1489 2012 I input_focus: [Focus entering 3cc67bf com.android.launcher3/com.android.launcher3.uioverrides.QuickstepLauncher (server),reason=setFocusedWindow]
11-22 06:33:42.450 1489 1634 I wm_stop_activity: [0,231639813,com.android.settings/.Settings]
11-22 06:33:42.451 14639 14639 I wm_on_paused_called: [231639813,com.android.settings.Settings,performPause]
11-22 06:33:42.453 1489 1634 I sysui_multi_action: [757,803,799,window_time_0,802,3]
11-22 06:33:42.460 1489 1634 I sysui_multi_action: [757,803,799,window_time_0,802,0]
11-22 06:33:42.464 2840 2840 I wm_on_top_resumed_gained_called: [168390208,com.android.launcher3.uioverrides.QuickstepLauncher,topStateChangedWhenResumed]
11-22 06:33:42.495 14639 14639 I wm_on_stop_called: [231639813,com.android.settings.Settings,STOP_ACTIVITY_ITEM]
11-22 06:33:43.930 1489 2012 I input_interaction: Interaction with: 3cc67bf com.android.launcher3/com.android.launcher3.uioverrides.QuickstepLauncher (server), 6449bab com.android.systemui.ImageWallpaper (server), edge-swipe (server), swipe-up (server), PointerEventDispatcher0 (server),
11-22 06:33:44.079 2840 2840 I view_enqueue_input_event: [Motion - Cancel,com.android.launcher3/com.android.launcher3.uioverrides.QuickstepLauncher]
11-22 06:33:44.092 1489 2012 I input_interaction: Interaction with: edge-swipe (server), swipe-up (server), PointerEventDispatcher0 (server),
11-22 06:33:44.252 1489 1751 I commit_sys_config_file: [settings-1-0,6]
11-22 06:33:44.554 1489 1751 I commit_sys_config_file: [settings-1-0,8]
11-22 06:33:44.653 1489 2851 I wm_finish_activity: [0,13498437,157,com.android.calendar/.AllInOneActivity,app-request]
11-22 06:33:44.669 1489 2851 I wm_pause_activity: [0,13498437,com.android.calendar/.AllInOneActivity,userLeaving=false,finish]
11-22 06:33:44.674 14577 14577 I wm_on_paused_called: [13498437,com.android.calendar.AllInOneActivity,performPause]
11-22 06:33:44.676 1489 6061 I wm_destroy_activity: [0,13498437,157,com.android.calendar/.AllInOneActivity,finish-imm:completePausedLocked]
11-22 06:33:44.694 14577 14577 I wm_on_stop_called: [13498437,com.android.calendar.AllInOneActivity,LIFECYCLER_STOP_ACTIVITY]
11-22 06:33:44.695 14577 14577 I wm_on_destroy_called: [13498437,com.android.calendar.AllInOneActivity,performDestroy]
11-22 06:33:44.714 1489 1634 I sysui_multi_action: [757,803,799,window_time_0,802,3]
11-22 06:33:44.968 1489 1636 I wm_task_removed: [157,removeChild:removeChild last r=ActivityRecord{cdf845 u0 com.android.calendar/.AllInOneActivity t-1 f}} in t=Task{a72ab90 #157 type=standard A=10068:android.task.calendar U=0 visible=false mode=freeform translucent=true sz=0}]
11-22 06:33:44.968 1489 1636 I wm_task_removed: [157,removeChild]
11-22 06:33:47.140 1489 2012 I input_interaction: Interaction with: 3cc67bf com.android.launcher3/com.android.launcher3.uioverrides.QuickstepLauncher (server), 6449bab com.android.systemui.ImageWallpaper (server), edge-swipe (server), swipe-up (server), PointerEventDispatcher0 (server),
11-22 06:33:47.279 1489 2830 I wm_task_created: [158,-1]
11-22 06:33:47.288 1489 2830 I wm_task_moved: [158,1,8]
11-22 06:33:47.288 1489 2830 I wm_task_to_front: [0,158]
11-22 06:33:47.289 1489 2830 I wm_create_task: [0,158]
11-22 06:33:47.289 1489 2830 I wm_create_activity: [0,230117673,158,com.android.gallery3d/.app.GalleryActivity,NULL,NULL,NULL,268468224]
11-22 06:33:47.289 1489 2830 I wm_task_moved: [158,1,8]
11-22 06:33:47.293 1489 2830 I wm_restart_activity: [0,230117673,158,com.android.gallery3d/.app.GalleryActivity]
11-22 06:33:47.295 1489 2830 I wm_set_resumed_activity: [0,com.android.gallery3d/.app.GalleryActivity,minimalResumeActivityLocked]
11-22 06:33:47.300 1489 1634 I am_uid_active: 10069
11-22 06:33:47.305 2840 2840 I wm_on_top_resumed_lost_called: [168390208,com.android.launcher3.uioverrides.QuickstepLauncher,topStateChangedWhenResumed]
11-22 06:33:47.358 14564 14564 I wm_on_create_called: [230117673,com.android.gallery3d.app.GalleryActivity,performCreate]
11-22 06:33:47.359 14564 14564 I wm_on_start_called: [230117673,com.android.gallery3d.app.GalleryActivity,handleStartActivity]
11-22 06:33:47.364 14564 14564 I wm_on_resume_called: [230117673,com.android.gallery3d.app.GalleryActivity,RESUME_ACTIVITY]
11-22 06:33:47.369 14564 14564 I wm_on_top_resumed_gained_called: [230117673,com.android.gallery3d.app.GalleryActivity,topStateChangedWhenResumed]
11-22 06:33:47.381 1489 1636 I input_focus: [Focus request 62f253f com.android.gallery3d/com.android.gallery3d.app.GalleryActivity,reason=UpdateInputWindows]
11-22 06:33:47.409 1489 2012 I input_focus: [Focus leaving 3cc67bf com.android.launcher3/com.android.launcher3.uioverrides.QuickstepLauncher (server),reason=Waiting for window because NOT_VISIBLE]
11-22 06:33:47.451 1489 1631 I sysui_multi_action: [319,178,322,178,325,13015,757,761,758,8,759,2,806,com.android.gallery3d,871,com.android.gallery3d.app.GalleryActivity,904,com.android.launcher3,905,0,1320,8,1321,5]
11-22 06:33:47.453 1489 1631 I wm_activity_launch_time: [0,230117673,com.android.gallery3d/.app.GalleryActivity,178]
11-22 06:33:47.460 1489 2012 I input_focus: [Focus entering 62f253f com.android.gallery3d/com.android.gallery3d.app.GalleryActivity (server),reason=Window became focusable. Previous reason: NOT_VISIBLE]
11-22 06:33:49.946 1489 2012 I input_interaction: Interaction with: 62f253f com.android.gallery3d/com.android.gallery3d.app.GalleryActivity (server), edge-swipe (server), swipe-up (server), PointerEventDispatcher0 (server),
11-22 06:33:55.760 1489 1650 I am_uid_idle: 10033
11-22 06:33:59.336 1489 6061 I wm_task_moved: [158,1,8]
11-22 06:33:59.337 1489 6061 I wm_set_resumed_activity: [0,com.android.gallery3d/.app.GalleryActivity,positionChildAt]
11-22 06:33:59.337 1489 6061 I wm_create_activity: [0,207657395,158,com.android.gallery3d/.app.MovieActivity,android.intent.action.VIEW,video/*,content://media/external/video/media/25,0]
11-22 06:33:59.339 1489 6061 I wm_pause_activity: [0,230117673,com.android.gallery3d/.app.GalleryActivity,userLeaving=true,resumeTopActivityInnerLocked]
11-22 06:33:59.346 14564 14564 I wm_on_top_resumed_lost_called: [230117673,com.android.gallery3d.app.GalleryActivity,topStateChangedWhenResumed]
11-22 06:33:59.378 14564 14564 I wm_on_paused_called: [230117673,com.android.gallery3d.app.GalleryActivity,performPause]
11-22 06:33:59.381 1489 6061 I wm_restart_activity: [0,207657395,158,com.android.gallery3d/.app.MovieActivity]
11-22 06:33:59.382 1489 6061 I wm_set_resumed_activity: [0,com.android.gallery3d/.app.MovieActivity,minimalResumeActivityLocked]
11-22 06:33:59.386 1489 1634 I sysui_multi_action: [757,803,799,window_time_0,802,14]
11-22 06:33:59.395 1489 1648 I am_pss : [14564,10069,com.android.gallery3d,44324864,39403520,0,162574336,0,2,7]
11-22 06:33:59.431 14564 14564 I wm_on_create_called: [207657395,com.android.gallery3d.app.MovieActivity,performCreate]
11-22 06:33:59.436 14564 14564 I wm_on_start_called: [207657395,com.android.gallery3d.app.MovieActivity,handleStartActivity]
11-22 06:33:59.437 14564 14564 I wm_on_resume_called: [207657395,com.android.gallery3d.app.MovieActivity,RESUME_ACTIVITY]
11-22 06:33:59.442 14564 14564 I wm_on_top_resumed_gained_called: [207657395,com.android.gallery3d.app.MovieActivity,topStateChangedWhenResumed]
11-22 06:33:59.451 1489 1636 I input_focus: [Focus request f2470a5 com.android.gallery3d/com.android.gallery3d.app.MovieActivity,reason=UpdateInputWindows]
11-22 06:33:59.475 1489 2012 I input_focus: [Focus leaving 62f253f com.android.gallery3d/com.android.gallery3d.app.GalleryActivity (server),reason=Waiting for window because NOT_VISIBLE]
11-22 06:33:59.520 1489 1631 I wm_activity_launch_time: [0,207657395,com.android.gallery3d/.app.MovieActivity,188]
11-22 06:33:59.539 1489 2012 I input_focus: [Focus entering f2470a5 com.android.gallery3d/com.android.gallery3d.app.MovieActivity (server),reason=Window became focusable. Previous reason: NOT_VISIBLE]
11-22 06:33:59.753 1489 1648 I am_pss : [13758,10090,com.android.music,45118464,39755776,0,168931328,0,4,12]
11-22 06:33:59.765 1489 1648 I am_pss : [14679,10018,com.sohu.inputmethod.sogou.car,45252608,23764992,0,127066112,0,19,9]
11-22 06:33:59.774 1489 1648 I am_pss : [14654,10066,com.android.deskclock,9014272,6230016,0,96460800,0,19,7]
11-22 06:33:59.783 1489 1648 I am_pss : [14569,10034,com.microsoft.emmx,33328128,28258304,0,133132288,0,19,8]
11-22 06:34:00.917 1489 2012 I input_interaction: Interaction with: f2470a5 com.android.gallery3d/com.android.gallery3d.app.MovieActivity (server), edge-swipe (server), swipe-up (server), PointerEventDispatcher0 (server),
11-22 06:34:01.051 1489 1636 I input_focus: [Focus request f11f888 com.android.gallery3d/com.android.gallery3d.app.MovieActivity,reason=UpdateInputWindows]
11-22 06:34:01.063 1489 2012 I input_focus: [Focus entering f11f888 com.android.gallery3d/com.android.gallery3d.app.MovieActivity (server),reason=setFocusedWindow]
11-22 06:34:02.203 1489 2012 I input_interaction: Interaction with: f11f888 com.android.gallery3d/com.android.gallery3d.app.MovieActivity (server), edge-swipe (server), swipe-up (server), PointerEventDispatcher0 (server),
11-22 06:34:05.878 14564 14564 I menu_item_selected: [0,shiping]
11-22 06:34:05.881 1489 2851 I wm_finish_activity: [0,207657395,158,com.android.gallery3d/.app.MovieActivity,app-request]
11-22 06:34:05.897 1489 2851 I wm_pause_activity: [0,207657395,com.android.gallery3d/.app.MovieActivity,userLeaving=false,finish]
11-22 06:34:05.903 14564 14564 I wm_on_top_resumed_lost_called: [207657395,com.android.gallery3d.app.MovieActivity,topStateChangedWhenResumed]
11-22 06:34:05.924 1489 2012 I input_focus: [Focus leaving f11f888 com.android.gallery3d/com.android.gallery3d.app.MovieActivity (server),reason=NO_WINDOW]
11-22 06:34:05.937 14564 14564 I wm_on_paused_called: [207657395,com.android.gallery3d.app.MovieActivity,performPause]
11-22 06:34:05.942 1489 2461 I wm_set_resumed_activity: [0,com.android.gallery3d/.app.GalleryActivity,resumeTopActivityInnerLocked]
11-22 06:34:05.946 1489 2461 I wm_resume_activity: [0,230117673,158,com.android.gallery3d/.app.GalleryActivity]
11-22 06:34:05.954 1489 1636 I input_focus: [Focus request 62f253f com.android.gallery3d/com.android.gallery3d.app.GalleryActivity,reason=UpdateInputWindows]
11-22 06:34:05.954 1489 1634 I sysui_multi_action: [757,803,799,window_time_2,802,7]
11-22 06:34:05.963 14564 14564 I wm_on_activity_result_called: [230117673,com.android.gallery3d.app.GalleryActivity,ACTIVITY_RESULT]
11-22 06:34:05.969 1489 2012 I input_focus: [Focus entering 62f253f com.android.gallery3d/com.android.gallery3d.app.GalleryActivity (server),reason=setFocusedWindow]
11-22 06:34:05.970 14564 14564 I wm_on_resume_called: [230117673,com.android.gallery3d.app.GalleryActivity,RESUME_ACTIVITY]
11-22 06:34:05.970 14564 14564 I wm_on_top_resumed_gained_called: [230117673,com.android.gallery3d.app.GalleryActivity,topWhenResuming]
11-22 06:34:06.241 1489 1634 I wm_destroy_activity: [0,207657395,158,com.android.gallery3d/.app.MovieActivity,finish-transit]
11-22 06:34:06.260 14564 14564 I wm_on_stop_called: [207657395,com.android.gallery3d.app.MovieActivity,LIFECYCLER_STOP_ACTIVITY]
11-22 06:34:06.261 14564 14564 I wm_on_destroy_called: [207657395,com.android.gallery3d.app.MovieActivity,performDestroy]
11-22 06:34:06.285 1489 1648 I am_pss : [14577,10068,com.android.calendar,20845568,16330752,0,137715712,0,18,10]
11-22 06:34:06.299 1489 1648 I am_pss : [14639,1000,com.android.settings,40112128,30670848,0,169820160,0,15,12]
11-22 06:34:06.306 1489 1648 I am_pss : [14787,10032,com.android.providers.calendar,7127040,4997120,0,98570240,0,19,6]
11-22 06:34:09.396 1489 2012 I input_interaction: Interaction with: 62f253f com.android.gallery3d/com.android.gallery3d.app.GalleryActivity (server), edge-swipe (server), swipe-up (server), PointerEventDispatcher0 (server),
11-22 06:34:09.516 1489 2851 I wm_task_moved: [158,1,8]
11-22 06:34:09.517 1489 2851 I wm_set_resumed_activity: [0,com.android.gallery3d/.app.GalleryActivity,positionChildAt]
11-22 06:34:09.517 1489 2851 I wm_create_activity: [0,38174203,158,com.android.gallery3d/.app.MovieActivity,android.intent.action.VIEW,video/*,content://media/external/video/media/25,0]
11-22 06:34:09.519 1489 2851 I wm_pause_activity: [0,230117673,com.android.gallery3d/.app.GalleryActivity,userLeaving=true,resumeTopActivityInnerLocked]
11-22 06:34:09.523 14564 14564 I wm_on_top_resumed_lost_called: [230117673,com.android.gallery3d.app.GalleryActivity,topStateChangedWhenResumed]
11-22 06:34:09.538 14564 14564 I wm_on_paused_called: [230117673,com.android.gallery3d.app.GalleryActivity,performPause]
11-22 06:34:09.545 1489 6061 I wm_restart_activity: [0,38174203,158,com.android.gallery3d/.app.MovieActivity]
11-22 06:34:09.547 1489 6061 I wm_set_resumed_activity: [0,com.android.gallery3d/.app.MovieActivity,minimalResumeActivityLocked]
11-22 06:34:09.551 1489 1634 I sysui_multi_action: [757,803,799,window_time_2,802,4]
11-22 06:34:09.563 1489 1648 I am_pss : [14564,10069,com.android.gallery3d,48459776,43253760,0,170364928,0,2,9]
11-22 06:34:09.589 14564 14564 I wm_on_create_called: [38174203,com.android.gallery3d.app.MovieActivity,performCreate]
11-22 06:34:09.592 14564 14564 I wm_on_start_called: [38174203,com.android.gallery3d.app.MovieActivity,handleStartActivity]
11-22 06:34:09.592 14564 14564 I wm_on_resume_called: [38174203,com.android.gallery3d.app.MovieActivity,RESUME_ACTIVITY]
11-22 06:34:09.598 14564 14564 I wm_on_top_resumed_gained_called: [38174203,com.android.gallery3d.app.MovieActivity,topStateChangedWhenResumed]
11-22 06:34:09.608 1489 1636 I input_focus: [Focus request 233f2ad com.android.gallery3d/com.android.gallery3d.app.MovieActivity,reason=UpdateInputWindows]
11-22 06:34:09.616 1489 2012 I input_focus: [Focus leaving 62f253f com.android.gallery3d/com.android.gallery3d.app.GalleryActivity (server),reason=Waiting for window because NOT_VISIBLE]
11-22 06:34:09.675 1489 1631 I wm_activity_launch_time: [0,38174203,com.android.gallery3d/.app.MovieActivity,161]
11-22 06:34:09.697 1489 2012 I input_focus: [Focus entering 233f2ad com.android.gallery3d/com.android.gallery3d.app.MovieActivity (server),reason=Window became focusable. Previous reason: NOT_VISIBLE]
11-22 06:34:11.251 1489 2012 I input_interaction: Interaction with: 233f2ad com.android.gallery3d/com.android.gallery3d.app.MovieActivity (server), edge-swipe (server), swipe-up (server), PointerEventDispatcher0 (server),
11-22 06:34:11.351 1489 1489 I service_manager_stats: [100,81,42460]
11-22 06:34:11.378 1489 1636 I input_focus: [Focus request a6ec830 com.android.gallery3d/com.android.gallery3d.app.MovieActivity,reason=UpdateInputWindows]
11-22 06:34:11.402 1489 2012 I input_focus: [Focus entering a6ec830 com.android.gallery3d/com.android.gallery3d.app.MovieActivity (server),reason=setFocusedWindow]
11-22 06:34:12.820 1489 2012 I input_interaction: Interaction with: a6ec830 com.android.gallery3d/com.android.gallery3d.app.MovieActivity (server), edge-swipe (server), swipe-up (server), PointerEventDispatcher0 (server),
11-22 06:34:15.877 14564 14564 I menu_item_selected: [0,shiping]
11-22 06:34:15.878 1489 2851 I wm_finish_activity: [0,38174203,158,com.android.gallery3d/.app.MovieActivity,app-request]
11-22 06:34:15.904 1489 2851 I wm_pause_activity: [0,38174203,com.android.gallery3d/.app.MovieActivity,userLeaving=false,finish]
11-22 06:34:15.906 14564 14564 I wm_on_top_resumed_lost_called: [38174203,com.android.gallery3d.app.MovieActivity,topStateChangedWhenResumed]
11-22 06:34:15.928 1489 2012 I input_focus: [Focus leaving a6ec830 com.android.gallery3d/com.android.gallery3d.app.MovieActivity (server),reason=NO_WINDOW]
11-22 06:34:15.933 14564 14564 I wm_on_paused_called: [38174203,com.android.gallery3d.app.MovieActivity,performPause]
11-22 06:34:15.935 1489 2851 I wm_set_resumed_activity: [0,com.android.gallery3d/.app.GalleryActivity,resumeTopActivityInnerLocked]
11-22 06:34:15.937 1489 2851 I wm_resume_activity: [0,230117673,158,com.android.gallery3d/.app.GalleryActivity]
11-22 06:34:15.949 1489 1636 I input_focus: [Focus request 62f253f com.android.gallery3d/com.android.gallery3d.app.GalleryActivity,reason=UpdateInputWindows]
11-22 06:34:15.950 1489 1634 I sysui_multi_action: [757,803,799,window_time_2,802,6]
11-22 06:34:15.954 14564 14564 I wm_on_activity_result_called: [230117673,com.android.gallery3d.app.GalleryActivity,ACTIVITY_RESULT]
11-22 06:34:15.962 14564 14564 I wm_on_resume_called: [230117673,com.android.gallery3d.app.GalleryActivity,RESUME_ACTIVITY]
11-22 06:34:15.962 14564 14564 I wm_on_top_resumed_gained_called: [230117673,com.android.gallery3d.app.GalleryActivity,topWhenResuming]
11-22 06:34:15.964 1489 2012 I input_focus: [Focus entering 62f253f com.android.gallery3d/com.android.gallery3d.app.GalleryActivity (server),reason=setFocusedWindow]
11-22 06:34:16.232 1489 1634 I wm_destroy_activity: [0,38174203,158,com.android.gallery3d/.app.MovieActivity,finish-transit]
11-22 06:34:16.268 14564 14564 I wm_on_stop_called: [38174203,com.android.gallery3d.app.MovieActivity,LIFECYCLER_STOP_ACTIVITY]
11-22 06:34:16.269 14564 14564 I wm_on_destroy_called: [38174203,com.android.gallery3d.app.MovieActivity,performDestroy]
11-22 06:34:17.806 1489 2012 I input_interaction: Interaction with: 62f253f com.android.gallery3d/com.android.gallery3d.app.GalleryActivity (server), edge-swipe (server), swipe-up (server), PointerEventDispatcher0 (server),
11-22 06:34:17.949 1489 6061 I wm_task_moved: [158,1,8]
11-22 06:34:17.950 1489 6061 I wm_set_resumed_activity: [0,com.android.gallery3d/.app.GalleryActivity,positionChildAt]
11-22 06:34:17.950 1489 6061 I wm_create_activity: [0,80491005,158,com.android.gallery3d/.app.MovieActivity,android.intent.action.VIEW,video/*,content://media/external/video/media/25,0]
11-22 06:34:17.953 1489 6061 I wm_pause_activity: [0,230117673,com.android.gallery3d/.app.GalleryActivity,userLeaving=true,resumeTopActivityInnerLocked]
11-22 06:34:17.959 14564 14564 I wm_on_top_resumed_lost_called: [230117673,com.android.gallery3d.app.GalleryActivity,topStateChangedWhenResumed]
11-22 06:34:17.988 14564 14564 I wm_on_paused_called: [230117673,com.android.gallery3d.app.GalleryActivity,performPause]
11-22 06:34:17.991 1489 6061 I wm_restart_activity: [0,80491005,158,com.android.gallery3d/.app.MovieActivity]
11-22 06:34:17.993 1489 6061 I wm_set_resumed_activity: [0,com.android.gallery3d/.app.MovieActivity,minimalResumeActivityLocked]
11-22 06:34:17.997 1489 1634 I sysui_multi_action: [757,803,799,window_time_2,802,2]
11-22 06:34:18.025 14564 14564 I wm_on_create_called: [80491005,com.android.gallery3d.app.MovieActivity,performCreate]
11-22 06:34:18.027 14564 14564 I wm_on_start_called: [80491005,com.android.gallery3d.app.MovieActivity,handleStartActivity]
11-22 06:34:18.027 14564 14564 I wm_on_resume_called: [80491005,com.android.gallery3d.app.MovieActivity,RESUME_ACTIVITY]
11-22 06:34:18.032 14564 14564 I wm_on_top_resumed_gained_called: [80491005,com.android.gallery3d.app.MovieActivity,topStateChangedWhenResumed]
11-22 06:34:18.039 1489 1636 I input_focus: [Focus request e24b69f com.android.gallery3d/com.android.gallery3d.app.MovieActivity,reason=UpdateInputWindows]
11-22 06:34:18.068 1489 2012 I input_focus: [Focus leaving 62f253f com.android.gallery3d/com.android.gallery3d.app.GalleryActivity (server),reason=Waiting for window because NOT_VISIBLE]
11-22 06:34:18.084 1489 1631 I wm_activity_launch_time: [0,80491005,com.android.gallery3d/.app.MovieActivity,137]
11-22 06:34:18.101 1489 2012 I input_focus: [Focus entering e24b69f com.android.gallery3d/com.android.gallery3d.app.MovieActivity (server),reason=Window became focusable. Previous reason: NOT_VISIBLE]
11-22 06:34:19.668 1489 2012 I input_interaction: Interaction with: e24b69f com.android.gallery3d/com.android.gallery3d.app.MovieActivity (server), edge-swipe (server), swipe-up (server), PointerEventDispatcher0 (server),
11-22 06:34:19.793 1489 1636 I input_focus: [Focus request 8b90a4a com.android.gallery3d/com.android.gallery3d.app.MovieActivity,reason=UpdateInputWindows]
11-22 06:34:19.822 1489 2012 I input_focus: [Focus entering 8b90a4a com.android.gallery3d/com.android.gallery3d.app.MovieActivity (server),reason=setFocusedWindow]
11-22 06:34:20.467 1489 2012 I input_interaction: Interaction with: 8b90a4a com.android.gallery3d/com.android.gallery3d.app.MovieActivity (server), edge-swipe (server), swipe-up (server), PointerEventDispatcher0 (server),
11-22 06:34:20.596 1489 2830 I wm_relaunch_resume_activity: [0,80491005,158,com.android.gallery3d/.app.MovieActivity]
11-22 06:34:20.596 1489 2830 I wm_add_to_stopping: [0,230117673,com.android.gallery3d/.app.GalleryActivity,makeInvisible]
11-22 06:34:20.596 1489 2830 I wm_add_to_stopping: [0,168390208,com.android.launcher3/.uioverrides.QuickstepLauncher,makeInvisible]
11-22 06:34:20.598 1489 1634 I wm_relaunch_activity: [0,230117673,158,com.android.gallery3d/.app.GalleryActivity]
11-22 06:34:20.607 14564 14564 I wm_on_top_resumed_lost_called: [80491005,com.android.gallery3d.app.MovieActivity,pausing]
11-22 06:34:20.619 1489 1489 I notification_enqueue: [10082,2375,com.android.systemui,2048,NULL,0,Notification(channel=updateNotification shortcut=null contentView=null vibrate=null sound=null defaults=0x0 flags=0x0 color=0x00000000 vis=PRIVATE),1]
11-22 06:34:20.619 2375 2375 I sysui_multi_action: [757,111,758,2]
11-22 06:34:20.620 2375 2375 I sysui_multi_action: [757,111,758,2]
11-22 06:34:20.632 2375 2375 I sysui_multi_action: [757,111,758,1]
11-22 06:34:20.632 2375 2375 I sysui_multi_action: [757,126,758,1,759,126,927,0,928,1,1593,0]
11-22 06:34:20.632 2375 2375 I sysui_multi_action: [757,113,758,1,759,113,927,1,928,1,1593,0]
11-22 06:34:20.632 2375 2375 I sysui_multi_action: [757,0,758,1,759,0,927,2,928,0,1593,0]
11-22 06:34:20.632 2375 2375 I sysui_multi_action: [757,0,758,1,759,0,927,3,928,0,1593,0]
11-22 06:34:20.633 2375 2375 I sysui_multi_action: [757,491,758,1,759,491,927,4,928,0,1311,-1,1593,0]
11-22 06:34:20.633 2375 2375 I sysui_multi_action: [757,0,758,1,759,0,927,5,928,0,1593,0]
11-22 06:34:20.633 2375 2375 I sysui_multi_action: [757,114,758,1,759,114,927,6,928,0,1593,0]
11-22 06:34:20.633 2375 2375 I sysui_multi_action: [757,111,758,1]
11-22 06:34:20.633 2375 2375 I sysui_multi_action: [757,126,758,1,759,126,927,0,928,1,1593,0]
11-22 06:34:20.633 2375 2375 I sysui_multi_action: [757,113,758,1,759,113,927,1,928,1,1593,0]
11-22 06:34:20.633 2375 2375 I sysui_multi_action: [757,0,758,1,759,0,927,2,928,0,1593,0]
11-22 06:34:20.633 2375 2375 I sysui_multi_action: [757,0,758,1,759,0,927,3,928,0,1593,0]
11-22 06:34:20.635 14564 14564 I wm_on_paused_called: [80491005,com.android.gallery3d.app.MovieActivity,performPause]
11-22 06:34:20.635 14564 14564 I wm_on_stop_called: [80491005,com.android.gallery3d.app.MovieActivity,handleRelaunchActivity]
11-22 06:34:20.639 1489 1648 I am_pss : [14679,10018,com.sohu.inputmethod.sogou.car,45251584,23764992,0,127066112,0,19,7]
11-22 06:34:20.641 14564 14564 I wm_on_destroy_called: [80491005,com.android.gallery3d.app.MovieActivity,performDestroy]
11-22 06:34:20.648 1489 1648 I am_pss : [14654,10066,com.android.deskclock,9014272,6230016,0,96460800,0,19,6]
11-22 06:34:20.651 14564 14564 I wm_on_create_called: [80491005,com.android.gallery3d.app.MovieActivity,performCreate]
11-22 06:34:20.653 14564 14564 I wm_on_start_called: [80491005,com.android.gallery3d.app.MovieActivity,handleStartActivity]
11-22 06:34:20.655 1489 1648 I am_pss : [14569,10034,com.microsoft.emmx,33328128,28258304,0,133132288,0,19,6]
11-22 06:34:20.658 14564 14564 I wm_on_resume_called: [80491005,com.android.gallery3d.app.MovieActivity,RESUME_ACTIVITY]
11-22 06:34:20.658 14564 14564 I wm_on_top_resumed_gained_called: [80491005,com.android.gallery3d.app.MovieActivity,topWhenResuming]
11-22 06:34:20.684 14564 14564 I wm_on_stop_called: [230117673,com.android.gallery3d.app.GalleryActivity,handleRelaunchActivity]
11-22 06:34:20.686 14564 14564 I wm_on_destroy_called: [230117673,com.android.gallery3d.app.GalleryActivity,performDestroy]
11-22 06:34:20.697 14564 14564 I wm_on_create_called: [230117673,com.android.gallery3d.app.GalleryActivity,performCreate]
11-22 06:34:20.697 14564 14564 I wm_on_start_called: [230117673,com.android.gallery3d.app.GalleryActivity,handleStartActivity]
11-22 06:34:20.700 14564 14564 I wm_on_resume_called: [230117673,com.android.gallery3d.app.GalleryActivity,LIFECYCLER_RESUME_ACTIVITY]
11-22 06:34:20.701 14564 14564 I wm_on_paused_called: [230117673,com.android.gallery3d.app.GalleryActivity,performPause]
11-22 06:34:20.940 1489 1634 I wm_stop_activity: [0,168390208,com.android.launcher3/.uioverrides.QuickstepLauncher]
11-22 06:34:20.984 2840 2840 I wm_on_paused_called: [168390208,com.android.launcher3.uioverrides.QuickstepLauncher,performPause]
11-22 06:34:20.986 2840 2840 I wm_on_stop_called: [168390208,com.android.launcher3.uioverrides.QuickstepLauncher,STOP_ACTIVITY_ITEM]
11-22 06:34:22.016 1489 6061 I wm_task_moved: [1,0,0]
11-22 06:34:22.017 1489 6061 I wm_task_moved: [1,0,7]
11-22 06:34:22.043 2840 2840 I wm_on_restart_called: [168390208,com.android.launcher3.uioverrides.QuickstepLauncher,performRestartActivity]
11-22 06:34:22.058 2840 2840 I wm_on_start_called: [168390208,com.android.launcher3.uioverrides.QuickstepLauncher,handleStartActivity]
11-22 06:34:22.094 1489 1631 I sysui_multi_action: [319,12,322,68,325,13050,757,761,758,9,759,5,806,com.android.launcher3,871,com.android.launcher3.uioverrides.QuickstepLauncher,905,0,1320,8,1321,5]
11-22 06:34:22.196 1489 2461 I wm_task_moved: [1,0,7]
11-22 06:34:22.196 1489 2461 I wm_add_to_stopping: [0,168390208,com.android.launcher3/.uioverrides.QuickstepLauncher,makeInvisible]
11-22 06:34:22.207 1489 1634 I wm_stop_activity: [0,168390208,com.android.launcher3/.uioverrides.QuickstepLauncher]
11-22 06:34:22.232 2840 2840 I wm_on_stop_called: [168390208,com.android.launcher3.uioverrides.QuickstepLauncher,STOP_ACTIVITY_ITEM]
11-22 06:34:22.265 1489 1751 I commit_sys_config_file: [settings-1-0,8]
11-22 06:34:23.765 1489 2461 I wm_task_moved: [1,0,0]
11-22 06:34:23.766 1489 2461 I wm_task_moved: [1,0,7]
11-22 06:34:23.780 2840 2840 I wm_on_restart_called: [168390208,com.android.launcher3.uioverrides.QuickstepLauncher,performRestartActivity]
11-22 06:34:23.792 2840 2840 I wm_on_start_called: [168390208,com.android.launcher3.uioverrides.QuickstepLauncher,handleStartActivity]
11-22 06:34:23.810 1489 1631 I sysui_multi_action: [319,11,322,40,325,13052,757,761,758,9,759,5,806,com.android.launcher3,871,com.android.launcher3.uioverrides.QuickstepLauncher,905,0,1320,8,1321,5]
11-22 06:34:23.830 14564 14564 I view_enqueue_input_event: [Motion - Cancel,com.android.gallery3d/com.android.gallery3d.app.MovieActivity]
11-22 06:34:23.831 2840 2840 I sysui_latency: [1,54]
11-22 06:34:23.839 1489 2012 I input_interaction: Interaction with: edge-swipe (server), swipe-up (server), PointerEventDispatcher0 (server),
11-22 06:34:23.840 1489 1636 I input_focus: [Focus request recents_animation_input_consumer,reason=UpdateInputWindows]
11-22 06:34:23.864 1489 2012 I input_focus: [Focus leaving 8b90a4a com.android.gallery3d/com.android.gallery3d.app.MovieActivity (server),reason=NOT_FOCUSABLE]
11-22 06:34:23.864 1489 2012 I input_focus: [Focus entering recents_animation_input_consumer (server),reason=setFocusedWindow]
11-22 06:34:23.994 1489 1751 I commit_sys_config_file: [settings-1-0,4]
11-22 06:34:24.106 1489 1648 I sysui_latency: [8,55]
11-22 06:34:24.267 1489 2851 I wm_task_moved: [1,0,7]
11-22 06:34:24.268 1489 2851 I wm_add_to_stopping: [0,168390208,com.android.launcher3/.uioverrides.QuickstepLauncher,makeInvisible]
11-22 06:34:24.280 1489 1636 I input_focus: [Focus request 8b90a4a com.android.gallery3d/com.android.gallery3d.app.MovieActivity,reason=UpdateInputWindows]
11-22 06:34:24.283 1489 1634 I wm_stop_activity: [0,168390208,com.android.launcher3/.uioverrides.QuickstepLauncher]
11-22 06:34:24.298 1489 2012 I input_focus: [Focus leaving recents_animation_input_consumer (server),reason=NOT_VISIBLE]
11-22 06:34:24.298 1489 2012 I input_focus: [Focus entering 8b90a4a com.android.gallery3d/com.android.gallery3d.app.MovieActivity (server),reason=setFocusedWindow]
11-22 06:34:24.315 2840 2840 I wm_on_stop_called: [168390208,com.android.launcher3.uioverrides.QuickstepLauncher,STOP_ACTIVITY_ITEM]
11-22 06:34:24.512 1489 1751 I commit_sys_config_file: [settings-1-0,5]
11-22 06:34:25.357 1489 2012 I input_interaction: Interaction with: 8b90a4a com.android.gallery3d/com.android.gallery3d.app.MovieActivity (server), edge-swipe (server), swipe-up (server), PointerEventDispatcher0 (server),
11-22 06:34:26.153 1489 2851 I wm_task_moved: [1,0,0]
11-22 06:34:26.154 1489 2851 I wm_task_moved: [1,0,7]
11-22 06:34:26.175 2840 2840 I wm_on_restart_called: [168390208,com.android.launcher3.uioverrides.QuickstepLauncher,performRestartActivity]
11-22 06:34:26.191 2840 2840 I wm_on_start_called: [168390208,com.android.launcher3.uioverrides.QuickstepLauncher,handleStartActivity]
11-22 06:34:26.228 1489 1631 I sysui_multi_action: [319,14,322,69,325,13054,757,761,758,9,759,5,806,com.android.launcher3,871,com.android.launcher3.uioverrides.QuickstepLauncher,905,0,1320,8,1321,5]
11-22 06:34:26.230 14564 14564 I view_enqueue_input_event: [Motion - Cancel,com.android.gallery3d/com.android.gallery3d.app.MovieActivity]
11-22 06:34:26.233 2840 2840 I sysui_latency: [1,75]
11-22 06:34:26.240 1489 1636 I input_focus: [Focus request recents_animation_input_consumer,reason=UpdateInputWindows]
11-22 06:34:26.242 1489 2012 I input_interaction: Interaction with: edge-swipe (server), swipe-up (server), PointerEventDispatcher0 (server),
11-22 06:34:26.269 1489 2012 I input_focus: [Focus leaving 8b90a4a com.android.gallery3d/com.android.gallery3d.app.MovieActivity (server),reason=NOT_FOCUSABLE]
11-22 06:34:26.269 1489 2012 I input_focus: [Focus entering recents_animation_input_consumer (server),reason=setFocusedWindow]
11-22 06:34:26.389 1489 1751 I commit_sys_config_file: [settings-1-0,4]
11-22 06:34:26.525 1489 1648 I sysui_latency: [8,82]
11-22 06:34:27.168 1489 1751 I commit_sys_config_file: [settings-1-0,7]
11-22 06:34:28.210 1489 2012 I input_interaction: Interaction with: 3cc67bf com.android.launcher3/com.android.launcher3.uioverrides.QuickstepLauncher (server), edge-swipe (server), swipe-up (server), PointerEventDispatcher0 (server),
11-22 06:34:28.341 1489 2851 I wm_relaunch_resume_activity: [0,80491005,158,com.android.gallery3d/.app.MovieActivity]
11-22 06:34:28.342 1489 2851 I wm_relaunch_activity: [0,230117673,158,com.android.gallery3d/.app.GalleryActivity]
11-22 06:34:28.344 14564 14564 I wm_on_top_resumed_lost_called: [80491005,com.android.gallery3d.app.MovieActivity,pausing]
11-22 06:34:28.347 1489 2851 I wm_task_moved: [1,1,8]
11-22 06:34:28.349 1489 2851 I wm_focused_root_task: [0,0,1,158,startActivityFromRecents]
11-22 06:34:28.349 1489 2851 I wm_task_moved: [158,1,8]
11-22 06:34:28.350 1489 2851 I wm_set_resumed_activity: [0,com.android.gallery3d/.app.MovieActivity,positionChildAt]
11-22 06:34:28.350 1489 2851 I wm_focused_root_task: [0,0,158,1,moveTaskToFront findTaskToMoveToFront]
11-22 06:34:28.350 1489 2851 I wm_set_resumed_activity: [0,com.android.gallery3d/.app.MovieActivity,moveTaskToFront findTaskToMoveToFront]
11-22 06:34:28.389 14564 14564 I wm_on_paused_called: [80491005,com.android.gallery3d.app.MovieActivity,performPause]
11-22 06:34:28.390 14564 14564 I wm_on_stop_called: [80491005,com.android.gallery3d.app.MovieActivity,handleRelaunchActivity]
11-22 06:34:28.392 14564 14564 I wm_on_destroy_called: [80491005,com.android.gallery3d.app.MovieActivity,performDestroy]
11-22 06:34:28.417 14564 14564 I wm_on_create_called: [80491005,com.android.gallery3d.app.MovieActivity,performCreate]
11-22 06:34:28.420 14564 14564 I wm_on_start_called: [80491005,com.android.gallery3d.app.MovieActivity,handleStartActivity]
11-22 06:34:28.426 14564 14564 I wm_on_resume_called: [80491005,com.android.gallery3d.app.MovieActivity,RESUME_ACTIVITY]
11-22 06:34:28.427 14564 14564 I wm_on_top_resumed_gained_called: [80491005,com.android.gallery3d.app.MovieActivity,topWhenResuming]
11-22 06:34:28.427 14564 14564 I wm_on_stop_called: [230117673,com.android.gallery3d.app.GalleryActivity,handleRelaunchActivity]
11-22 06:34:28.428 14564 14564 I wm_on_destroy_called: [230117673,com.android.gallery3d.app.GalleryActivity,performDestroy]
11-22 06:34:28.435 14564 14564 I wm_on_create_called: [230117673,com.android.gallery3d.app.GalleryActivity,performCreate]
11-22 06:34:28.436 14564 14564 I wm_on_start_called: [230117673,com.android.gallery3d.app.GalleryActivity,handleStartActivity]
11-22 06:34:28.439 14564 14564 I wm_on_resume_called: [230117673,com.android.gallery3d.app.GalleryActivity,LIFECYCLER_RESUME_ACTIVITY]
11-22 06:34:28.440 14564 14564 I wm_on_paused_called: [230117673,com.android.gallery3d.app.GalleryActivity,performPause]
11-22 06:34:28.440 14564 14564 I wm_on_top_resumed_lost_called: [80491005,com.android.gallery3d.app.MovieActivity,topStateChangedWhenResumed]
11-22 06:34:28.480 14564 14564 I wm_on_top_resumed_gained_called: [80491005,com.android.gallery3d.app.MovieActivity,topStateChangedWhenResumed]
11-22 06:34:28.534 1489 1648 I am_pss : [14577,10068,com.android.calendar,21013504,16396288,0,137715712,0,18,8]
11-22 06:34:28.546 1489 1648 I am_pss : [14639,1000,com.android.settings,49179648,44318720,0,169820160,0,15,7]
11-22 06:34:28.552 1489 1648 I am_pss : [14787,10032,com.android.providers.calendar,7127040,4997120,0,98570240,0,19,5]
11-22 06:34:28.780 1489 2461 I wm_task_moved: [1,1,8]
11-22 06:34:28.781 1489 2461 I wm_task_moved: [10,1,2147483647]
11-22 06:34:28.781 1489 2461 I wm_task_to_front: [0,10]
11-22 06:34:28.781 1489 2461 I wm_focused_root_task: [0,0,1,158,RecentsAnimation.onAnimationFinished()]
11-22 06:34:28.781 14564 14564 I wm_on_top_resumed_lost_called: [80491005,com.android.gallery3d.app.MovieActivity,topStateChangedWhenResumed]
11-22 06:34:28.781 1489 2461 I wm_set_resumed_activity: [0,com.android.launcher3/.uioverrides.QuickstepLauncher,RecentsAnimation.onAnimationFinished()]
11-22 06:34:28.783 1489 2461 I wm_set_resumed_activity: [0,com.android.launcher3/.uioverrides.QuickstepLauncher,resumeTopActivityInnerLocked]
11-22 06:34:28.785 1489 2461 I wm_resume_activity: [0,168390208,10,com.android.launcher3/.uioverrides.QuickstepLauncher]
11-22 06:34:28.793 1489 1636 I input_focus: [Focus request 3cc67bf com.android.launcher3/com.android.launcher3.uioverrides.QuickstepLauncher,reason=UpdateInputWindows]
11-22 06:34:28.797 1489 1634 I sysui_multi_action: [757,803,799,window_time_2,802,11]
11-22 06:34:28.799 2840 2840 I wm_on_resume_called: [168390208,com.android.launcher3.uioverrides.QuickstepLauncher,RESUME_ACTIVITY]
11-22 06:34:28.813 2840 2840 I wm_on_top_resumed_gained_called: [168390208,com.android.launcher3.uioverrides.QuickstepLauncher,topStateChangedWhenResumed]
11-22 06:34:28.813 1489 2012 I input_focus: [Focus leaving recents_animation_input_consumer (server),reason=NOT_VISIBLE]
11-22 06:34:28.813 1489 2012 I input_focus: [Focus entering 3cc67bf com.android.launcher3/com.android.launcher3.uioverrides.QuickstepLauncher (server),reason=setFocusedWindow]
11-22 06:34:29.301 1489 1650 I am_uid_idle: 10094
11-22 06:34:30.100 1489 2012 I input_interaction: Interaction with: 8b90a4a com.android.gallery3d/com.android.gallery3d.app.MovieActivity (server), edge-swipe (server), swipe-up (server), PointerEventDispatcher0 (server),
11-22 06:34:30.104 1489 1634 I wm_task_moved: [158,1,8]
11-22 06:34:30.104 1489 1634 I wm_task_to_front: [0,158]
11-22 06:34:30.112 1489 1634 I wm_set_resumed_activity: [0,com.android.gallery3d/.app.MovieActivity,positionChildAt]
11-22 06:34:30.112 1489 1634 I wm_focused_root_task: [0,0,158,1,setFocusedTask]
11-22 06:34:30.112 2840 2840 I wm_on_top_resumed_lost_called: [168390208,com.android.launcher3.uioverrides.QuickstepLauncher,topStateChangedWhenResumed]
11-22 06:34:30.112 1489 1634 I wm_set_resumed_activity: [0,com.android.gallery3d/.app.MovieActivity,setFocusedTask]
11-22 06:34:30.113 1489 1636 I input_focus: [Focus request 8b90a4a com.android.gallery3d/com.android.gallery3d.app.MovieActivity,reason=UpdateInputWindows]
11-22 06:34:30.114 14564 14564 I wm_on_top_resumed_gained_called: [80491005,com.android.gallery3d.app.MovieActivity,topStateChangedWhenResumed]
11-22 06:34:30.147 1489 2012 I input_focus: [Focus leaving 3cc67bf com.android.launcher3/com.android.launcher3.uioverrides.QuickstepLauncher (server),reason=setFocusedWindow]
11-22 06:34:30.147 1489 2012 I input_focus: [Focus entering 8b90a4a com.android.gallery3d/com.android.gallery3d.app.MovieActivity (server),reason=setFocusedWindow]
11-22 06:34:30.220 1489 6061 I wm_relaunch_resume_activity: [0,80491005,158,com.android.gallery3d/.app.MovieActivity]
11-22 06:34:30.220 1489 6061 I wm_relaunch_activity: [0,230117673,158,com.android.gallery3d/.app.GalleryActivity]
11-22 06:34:30.238 14564 14564 I wm_on_top_resumed_lost_called: [80491005,com.android.gallery3d.app.MovieActivity,pausing]
11-22 06:34:30.274 14564 14564 I wm_on_paused_called: [80491005,com.android.gallery3d.app.MovieActivity,performPause]
11-22 06:34:30.276 14564 14564 I wm_on_stop_called: [80491005,com.android.gallery3d.app.MovieActivity,handleRelaunchActivity]
11-22 06:34:30.278 14564 14564 I wm_on_destroy_called: [80491005,com.android.gallery3d.app.MovieActivity,performDestroy]
11-22 06:34:30.305 14564 14564 I wm_on_create_called: [80491005,com.android.gallery3d.app.MovieActivity,performCreate]
11-22 06:34:30.308 14564 14564 I wm_on_start_called: [80491005,com.android.gallery3d.app.MovieActivity,handleStartActivity]
11-22 06:34:30.315 14564 14564 I wm_on_resume_called: [80491005,com.android.gallery3d.app.MovieActivity,RESUME_ACTIVITY]
11-22 06:34:30.315 14564 14564 I wm_on_top_resumed_gained_called: [80491005,com.android.gallery3d.app.MovieActivity,topWhenResuming]
11-22 06:34:30.316 14564 14564 I wm_on_stop_called: [230117673,com.android.gallery3d.app.GalleryActivity,handleRelaunchActivity]
11-22 06:34:30.318 14564 14564 I wm_on_destroy_called: [230117673,com.android.gallery3d.app.GalleryActivity,performDestroy]
11-22 06:34:30.334 14564 14564 I wm_on_create_called: [230117673,com.android.gallery3d.app.GalleryActivity,performCreate]
11-22 06:34:30.335 14564 14564 I wm_on_start_called: [230117673,com.android.gallery3d.app.GalleryActivity,handleStartActivity]
11-22 06:34:30.339 14564 14564 I wm_on_resume_called: [230117673,com.android.gallery3d.app.GalleryActivity,LIFECYCLER_RESUME_ACTIVITY]
11-22 06:34:30.339 14564 14564 I wm_on_paused_called: [230117673,com.android.gallery3d.app.GalleryActivity,performPause]
11-22 06:34:31.372 1489 2851 I wm_relaunch_resume_activity: [0,80491005,158,com.android.gallery3d/.app.MovieActivity]
11-22 06:34:31.373 1489 2851 I wm_relaunch_activity: [0,230117673,158,com.android.gallery3d/.app.GalleryActivity]
11-22 06:34:31.391 14564 14564 I wm_on_top_resumed_lost_called: [80491005,com.android.gallery3d.app.MovieActivity,pausing]
11-22 06:34:31.416 14564 14564 I wm_on_paused_called: [80491005,com.android.gallery3d.app.MovieActivity,performPause]
11-22 06:34:31.419 14564 14564 I wm_on_stop_called: [80491005,com.android.gallery3d.app.MovieActivity,handleRelaunchActivity]
11-22 06:34:31.420 14564 14564 I wm_on_destroy_called: [80491005,com.android.gallery3d.app.MovieActivity,performDestroy]
11-22 06:34:31.441 14564 14564 I wm_on_create_called: [80491005,com.android.gallery3d.app.MovieActivity,performCreate]
11-22 06:34:31.444 14564 14564 I wm_on_start_called: [80491005,com.android.gallery3d.app.MovieActivity,handleStartActivity]
11-22 06:34:31.449 14564 14564 I wm_on_resume_called: [80491005,com.android.gallery3d.app.MovieActivity,RESUME_ACTIVITY]
