--------- beginning of radio
11-22 02:57:16.397 1489 1489 D TelephonyRegistry: listen oscl: mHasNotifySubscriptionInfoChangedOccurred==false no callback
11-22 02:57:16.885 1489 1947 D TelephonyRegistry: listen oscl: mHasNotifySubscriptionInfoChangedOccurred==false no callback
11-22 02:57:16.954 1489 2302 D TelephonyRegistry: listen oscl: mHasNotifySubscriptionInfoChangedOccurred==false no callback
11-22 02:57:16.955 1489 2301 D TelephonyRegistry: listen oscl: mHasNotifySubscriptionInfoChangedOccurred==false no callback
11-22 02:57:16.963 1489 1489 D TelephonyRegistry: listen oscl: mHasNotifySubscriptionInfoChangedOccurred==false no callback
11-22 02:57:16.987 1489 1489 D TelephonyRegistry: listen oscl: mHasNotifySubscriptionInfoChangedOccurred==false no callback
11-22 02:57:17.015 1489 1631 W CarrierConfigManager: Error getting config for subId -1 ICarrierConfigLoader is null
11-22 02:57:17.043 1489 1489 D TelephonyRegistry: systemRunning register for intents
11-22 02:57:17.132 1489 1648 D TelephonyRegistry: listen oscl: mHasNotifySubscriptionInfoChangedOccurred==false no callback
11-22 02:57:17.433 2375 2375 W CarrierConfigManager: Error getting config for subId -1 ICarrierConfigLoader is null
11-22 02:57:17.442 1489 1947 D TelephonyRegistry: listen oscl: mHasNotifySubscriptionInfoChangedOccurred==false no callback
11-22 02:57:17.864 1489 1489 D TelephonyRegistry: listen oscl: mHasNotifySubscriptionInfoChangedOccurred==false no callback
11-22 02:57:17.866 1489 1489 W CarrierConfigManager: Error getting config for subId -1 ICarrierConfigLoader is null
11-22 02:57:18.380 1489 1489 D TelephonyRegistry: notifyCellLocationForSubscriber: subId=2147483647 cellIdentity=null
11-22 02:57:18.679 1489 2808 D TelephonyRegistry: listen oscl: mHasNotifySubscriptionInfoChangedOccurred==false no callback
11-22 02:57:18.948 1489 3542 D TelephonyRegistry: listen oscl: mHasNotifySubscriptionInfoChangedOccurred==false no callback
11-22 02:57:19.700 1489 3542 D TelephonyRegistry: listen oscl: mHasNotifySubscriptionInfoChangedOccurred==false no callback
11-22 02:57:20.637 1489 1489 W CarrierConfigManager: Error getting config for subId -1 ICarrierConfigLoader is null
11-22 02:57:20.641 1489 1489 W CarrierConfigManager: Error getting config for subId -1 ICarrierConfigLoader is null
11-22 02:57:21.083 4183 4183 D CAT : BootCompletedReceiver: [ACTION_BOOT_COMPLETED]
11-22 02:57:21.084 4183 4183 D CAT : StkAppService: onCreate()+
11-22 02:57:21.084 4183 4183 D CAT : StkAppService: simCount: 1
11-22 02:57:21.085 4183 4183 D CAT : StkAppService: slotId: 0
11-22 02:57:21.086 4183 4183 D CAT : StkAppService: onStart sim id: 0, op: 5, *****
11-22 02:57:21.086 4183 4183 D CAT : StkAppService: mStkService is: -1
11-22 02:57:21.096 4183 4183 D CAT : StkAppService: onDestroy()
11-22 02:57:58.544 2910 2910 W CarrierConfigManager: Error getting config for subId -1 ICarrierConfigLoader is null
11-22 02:57:58.584 1489 1949 D TelephonyRegistry: listen oscl: mHasNotifySubscriptionInfoChangedOccurred==false no callback
11-22 02:57:58.587 1489 1950 D TelephonyRegistry: listen oscl: mHasNotifySubscriptionInfoChangedOccurred==false no callback
11-22 02:58:01.966 2910 2910 W FeatureConnector: [ImsConnector, 0] connect: not supported.
11-22 02:58:06.773 1489 2824 D TelephonyRegistry: listen oscl: mHasNotifySubscriptionInfoChangedOccurred==false no callback
11-22 02:58:06.774 1489 2824 D TelephonyRegistry: listen oscl: mHasNotifySubscriptionInfoChangedOccurred==false no callback
11-22 02:58:11.750 1489 1949 D TelephonyRegistry: listen oscl: mHasNotifySubscriptionInfoChangedOccurred==false no callback
11-22 02:58:11.756 1489 1949 D TelephonyRegistry: listen oscl: mHasNotifySubscriptionInfoChangedOccurred==false no callback
11-22 03:02:36.423 1489 1597 D TelephonyRegistry: listen oscl: mHasNotifySubscriptionInfoChangedOccurred==false no callback
11-22 03:02:36.426 1489 1950 D TelephonyRegistry: listen oscl: mHasNotifySubscriptionInfoChangedOccurred==false no callback
11-22 03:09:55.020 1489 2824 D TelephonyRegistry: listen oscl: mHasNotifySubscriptionInfoChangedOccurred==false no callback
11-22 03:09:55.024 2375 2375 W CarrierConfigManager: Error getting config for subId -1 ICarrierConfigLoader is null
11-22 03:28:31.178 1489 5500 D TelephonyRegistry: listen oscl: mHasNotifySubscriptionInfoChangedOccurred==false no callback
11-22 04:36:30.689 9512 9512 W CarrierConfigManager: Error getting config for subId -1 ICarrierConfigLoader is null
11-22 04:36:30.721 1489 6043 D TelephonyRegistry: listen oscl: mHasNotifySubscriptionInfoChangedOccurred==false no callback
11-22 04:36:30.728 1489 2461 D TelephonyRegistry: listen oscl: mHasNotifySubscriptionInfoChangedOccurred==false no callback
11-22 04:38:18.639 1489 2461 D TelephonyRegistry: listen oscl: mHasNotifySubscriptionInfoChangedOccurred==false no callback
11-22 04:38:18.645 1489 1950 D TelephonyRegistry: listen oscl: mHasNotifySubscriptionInfoChangedOccurred==false no callback
11-22 04:39:09.920 1489 1949 D TelephonyRegistry: listen oscl: mHasNotifySubscriptionInfoChangedOccurred==false no callback
11-22 04:39:09.923 1489 6043 D TelephonyRegistry: listen oscl: mHasNotifySubscriptionInfoChangedOccurred==false no callback
11-22 05:48:38.581 10312 10312 W CarrierConfigManager: Error getting config for subId -1 ICarrierConfigLoader is null
11-22 05:48:38.611 1489 8738 D TelephonyRegistry: listen oscl: mHasNotifySubscriptionInfoChangedOccurred==false no callback
11-22 05:48:38.615 1489 7615 D TelephonyRegistry: listen oscl: mHasNotifySubscriptionInfoChangedOccurred==false no callback
11-22 05:50:02.459 11466 11466 W CarrierConfigManager: Error getting config for subId -1 ICarrierConfigLoader is null
11-22 05:50:02.505 1489 3582 D TelephonyRegistry: listen oscl: mHasNotifySubscriptionInfoChangedOccurred==false no callback
11-22 05:50:02.510 1489 3582 D TelephonyRegistry: listen oscl: mHasNotifySubscriptionInfoChangedOccurred==false no callback
11-22 05:50:29.568 1489 1949 D TelephonyRegistry: listen oscl: mHasNotifySubscriptionInfoChangedOccurred==false no callback
11-22 05:50:29.576 1489 2461 D TelephonyRegistry: listen oscl: mHasNotifySubscriptionInfoChangedOccurred==false no callback
11-22 05:50:54.254 1489 2836 D TelephonyRegistry: listen oscl: mHasNotifySubscriptionInfoChangedOccurred==false no callback
11-22 06:04:41.366 12255 12255 W CarrierConfigManager: Error getting config for subId -1 ICarrierConfigLoader is null
11-22 06:04:41.392 1489 8738 D TelephonyRegistry: listen oscl: mHasNotifySubscriptionInfoChangedOccurred==false no callback
11-22 06:04:41.395 1489 8738 D TelephonyRegistry: listen oscl: mHasNotifySubscriptionInfoChangedOccurred==false no callback --------- beginning of events
11-22 06:04:58.073 1489 2839 I wm_finish_activity: [0,14054352,125,com.android.deskclock/.DeskClock,app-request]
11-22 06:04:58.091 1489 2839 I wm_pause_activity: [0,14054352,com.android.deskclock/.DeskClock,userLeaving=false,finish]
11-22 06:04:58.094 12585 12585 I wm_on_paused_called: [14054352,com.android.deskclock.DeskClock,performPause]
11-22 06:04:58.099 1489 5500 I wm_destroy_activity: [0,14054352,125,com.android.deskclock/.DeskClock,finish-imm:completePausedLocked]
11-22 06:04:58.113 1489 1634 I sysui_multi_action: [757,803,799,window_time_0,802,2]
11-22 06:04:58.126 12585 12585 I wm_on_stop_called: [14054352,com.android.deskclock.DeskClock,LIFECYCLER_STOP_ACTIVITY]
11-22 06:04:58.143 12585 12585 I wm_on_destroy_called: [14054352,com.android.deskclock.DeskClock,performDestroy]
11-22 06:04:58.405 1489 1636 I wm_task_removed: [125,removeChild:removeChild last r=ActivityRecord{d673d0 u0 com.android.deskclock/.DeskClock t-1 f}} in t=Task{fc4cf91 #125 type=standard A=10066:com.android.deskclock U=0 visible=false mode=freeform translucent=true sz=0}]
11-22 06:04:58.405 1489 1636 I wm_task_removed: [125,removeChild]
11-22 06:04:59.117 1489 1650 I am_uid_idle: 10051
11-22 06:04:59.230 1489 2012 I input_interaction: Interaction with: 3cc67bf com.android.launcher3/com.android.launcher3.uioverrides.QuickstepLauncher (server), 6449bab com.android.systemui.ImageWallpaper (server), edge-swipe (server), swipe-up (server), PointerEventDispatcher0 (server),
11-22 06:04:59.367 1489 1949 I wm_task_created: [126,-1]
11-22 06:04:59.374 1489 1949 I wm_task_moved: [126,1,7]
11-22 06:04:59.374 1489 1949 I wm_task_to_front: [0,126]
11-22 06:04:59.374 1489 1949 I wm_create_task: [0,126]
11-22 06:04:59.374 1489 1949 I wm_create_activity: [0,259489679,126,com.android.deskclock/.DeskClock,NULL,NULL,NULL,268468224]
11-22 06:04:59.374 1489 1949 I wm_task_moved: [126,1,7]
11-22 06:04:59.379 1489 1949 I wm_restart_activity: [0,259489679,126,com.android.deskclock/.DeskClock]
11-22 06:04:59.382 1489 1949 I wm_set_resumed_activity: [0,com.android.deskclock/.DeskClock,minimalResumeActivityLocked]
11-22 06:04:59.400 2840 2840 I wm_on_top_resumed_lost_called: [168390208,com.android.launcher3.uioverrides.QuickstepLauncher,topStateChangedWhenResumed]
11-22 06:04:59.428 1489 2839 I wm_task_moved: [126,1,7]
11-22 06:04:59.428 1489 2839 I wm_set_resumed_activity: [0,com.android.deskclock/.DeskClock,positionChildAt]
11-22 06:04:59.428 1489 2839 I wm_create_activity: [0,16866298,126,com.android.permissioncontroller/.permission.ui.GrantPermissionsActivity,android.content.pm.action.REQUEST_PERMISSIONS,NULL,NULL,8388608]
11-22 06:04:59.430 1489 2839 I wm_pause_activity: [0,259489679,com.android.deskclock/.DeskClock,userLeaving=true,resumeTopActivityInnerLocked]
11-22 06:04:59.443 12585 12585 I wm_on_create_called: [259489679,com.android.deskclock.DeskClock,performCreate]
11-22 06:04:59.445 12585 12585 I wm_on_start_called: [259489679,com.android.deskclock.DeskClock,handleStartActivity]
11-22 06:04:59.447 12585 12585 I wm_on_resume_called: [259489679,com.android.deskclock.DeskClock,RESUME_ACTIVITY]
11-22 06:04:59.450 12585 12585 I wm_on_top_resumed_gained_called: [259489679,com.android.deskclock.DeskClock,topStateChangedWhenResumed]
11-22 06:04:59.450 12585 12585 I wm_on_top_resumed_lost_called: [259489679,com.android.deskclock.DeskClock,topStateChangedWhenResumed]
11-22 06:04:59.450 12585 12585 I wm_on_paused_called: [259489679,com.android.deskclock.DeskClock,performPause]
11-22 06:04:59.452 1489 2839 I wm_restart_activity: [0,16866298,126,com.android.permissioncontroller/.permission.ui.GrantPermissionsActivity]
11-22 06:04:59.453 1489 2839 I wm_set_resumed_activity: [0,com.android.permissioncontroller/.permission.ui.GrantPermissionsActivity,minimalResumeActivityLocked]
11-22 06:04:59.456 1489 1634 I sysui_multi_action: [757,803,799,window_time_0,802,1]
11-22 06:04:59.474 12605 12605 I wm_on_create_called: [16866298,com.android.permissioncontroller.permission.ui.GrantPermissionsActivity,performCreate]
11-22 06:04:59.475 12605 12605 I wm_on_start_called: [16866298,com.android.permissioncontroller.permission.ui.GrantPermissionsActivity,handleStartActivity]
11-22 06:04:59.475 12605 12605 I wm_on_resume_called: [16866298,com.android.permissioncontroller.permission.ui.GrantPermissionsActivity,RESUME_ACTIVITY]
11-22 06:04:59.478 12605 12605 I wm_on_top_resumed_gained_called: [16866298,com.android.permissioncontroller.permission.ui.GrantPermissionsActivity,topStateChangedWhenResumed]
11-22 06:04:59.484 1489 8738 I wm_finish_activity: [0,16866298,126,com.android.permissioncontroller/.permission.ui.GrantPermissionsActivity,app-request]
11-22 06:04:59.484 1489 8738 I wm_pause_activity: [0,16866298,com.android.permissioncontroller/.permission.ui.GrantPermissionsActivity,userLeaving=false,finish]
11-22 06:04:59.500 12605 12605 I wm_on_top_resumed_lost_called: [16866298,com.android.permissioncontroller.permission.ui.GrantPermissionsActivity,topStateChangedWhenResumed]
11-22 06:04:59.500 12605 12605 I wm_on_paused_called: [16866298,com.android.permissioncontroller.permission.ui.GrantPermissionsActivity,performPause]
11-22 06:04:59.501 1489 2824 I wm_add_to_stopping: [0,16866298,com.android.permissioncontroller/.permission.ui.GrantPermissionsActivity,completeFinishing]
11-22 06:04:59.503 1489 2824 I wm_set_resumed_activity: [0,com.android.deskclock/.DeskClock,resumeTopActivityInnerLocked]
11-22 06:04:59.503 1489 2824 I wm_resume_activity: [0,259489679,126,com.android.deskclock/.DeskClock]
11-22 06:04:59.507 1489 1636 I input_focus: [Focus request 6f33408 com.android.deskclock/com.android.deskclock.DeskClock,reason=UpdateInputWindows]
11-22 06:04:59.509 1489 1634 I sysui_multi_action: [757,803,799,window_time_2,802,1]
11-22 06:04:59.524 1489 2012 I input_focus: [Focus leaving 3cc67bf com.android.launcher3/com.android.launcher3.uioverrides.QuickstepLauncher (server),reason=Waiting for window because NOT_VISIBLE]
11-22 06:04:59.533 12585 12585 I wm_on_activity_result_called: [259489679,com.android.deskclock.DeskClock,ACTIVITY_RESULT]
11-22 06:04:59.533 12585 12585 I wm_on_resume_called: [259489679,com.android.deskclock.DeskClock,RESUME_ACTIVITY]
11-22 06:04:59.535 12585 12585 I wm_on_top_resumed_gained_called: [259489679,com.android.deskclock.DeskClock,topWhenResuming]
11-22 06:04:59.543 1489 2012 I input_focus: [Focus entering 6f33408 com.android.deskclock/com.android.deskclock.DeskClock (server),reason=Window became focusable. Previous reason: NOT_VISIBLE]
11-22 06:04:59.814 1489 1634 I wm_destroy_activity: [0,16866298,126,com.android.permissioncontroller/.permission.ui.GrantPermissionsActivity,finish-imm:idle]
11-22 06:04:59.815 12605 12605 I wm_on_stop_called: [16866298,com.android.permissioncontroller.permission.ui.GrantPermissionsActivity,LIFECYCLER_STOP_ACTIVITY]
11-22 06:04:59.817 12605 12605 I wm_on_destroy_called: [16866298,com.android.permissioncontroller.permission.ui.GrantPermissionsActivity,performDestroy]
11-22 06:05:01.129 1489 2839 I wm_task_moved: [122,1,7]
11-22 06:05:01.129 1489 2839 I wm_task_to_front: [0,122]
11-22 06:05:01.130 1489 2839 I wm_focused_root_task: [0,0,122,126,bringingFoundTaskToFront]
11-22 06:05:01.131 1489 2839 I wm_set_resumed_activity: [0,com.android.settings/.Settings,bringingFoundTaskToFront]
11-22 06:05:01.132 1489 2839 I wm_new_intent: [0,243974435,122,com.android.settings/.Settings,android.intent.action.MAIN,NULL,NULL,270532608]
11-22 06:05:01.135 1489 2839 I wm_pause_activity: [0,168390208,com.android.launcher3/.uioverrides.QuickstepLauncher,userLeaving=true,pauseBackTasks]
11-22 06:05:01.144 12585 12585 I wm_on_top_resumed_lost_called: [259489679,com.android.deskclock.DeskClock,topStateChangedWhenResumed]
11-22 06:05:01.147 2840 2840 I wm_on_paused_called: [168390208,com.android.launcher3.uioverrides.QuickstepLauncher,performPause]
11-22 06:05:01.162 1489 8738 I wm_set_resumed_activity: [0,com.android.settings/.Settings,resumeTopActivityInnerLocked]
11-22 06:05:01.163 1489 8738 I wm_add_to_stopping: [0,168390208,com.android.launcher3/.uioverrides.QuickstepLauncher,makeInvisible]
11-22 06:05:01.166 1489 8738 I wm_resume_activity: [0,243974435,122,com.android.settings/.Settings]
11-22 06:05:01.181 12255 12255 I wm_on_restart_called: [243974435,com.android.settings.Settings,performRestartActivity]
11-22 06:05:01.181 1489 1634 I sysui_multi_action: [757,803,799,window_time_2,802,1]
11-22 06:05:01.197 12255 12255 I wm_on_start_called: [243974435,com.android.settings.Settings,handleStartActivity]
11-22 06:05:01.198 12255 12255 I snet_event_log: [120484087,-1,]
11-22 06:05:01.198 12255 12255 I wm_on_resume_called: [243974435,com.android.settings.Settings,RESUME_ACTIVITY]
11-22 06:05:01.199 12255 12255 I sysui_multi_action: [757,35,758,1,833,0,1089,0]
11-22 06:05:01.208 12255 12255 I sysui_multi_action: [757,746,758,1,833,0,1089,0]
11-22 06:05:01.209 1489 2839 D TelephonyRegistry: listen oscl: mHasNotifySubscriptionInfoChangedOccurred==false no callback
11-22 06:05:01.212 1489 2839 D TelephonyRegistry: listen oscl: mHasNotifySubscriptionInfoChangedOccurred==false no callback
11-22 06:05:01.224 12255 12255 I wm_on_top_resumed_gained_called: [243974435,com.android.settings.Settings,topWhenResuming]
11-22 06:05:01.230 1489 1636 I input_focus: [Focus request 5900efe com.android.settings/com.android.settings.Settings,reason=UpdateInputWindows]
11-22 06:05:01.246 1489 2012 I input_focus: [Focus leaving 6f33408 com.android.deskclock/com.android.deskclock.DeskClock (server),reason=setFocusedWindow]
11-22 06:05:01.246 1489 2012 I input_focus: [Focus entering 5900efe com.android.settings/com.android.settings.Settings (server),reason=setFocusedWindow]
11-22 06:05:01.248 1489 1631 I sysui_multi_action: [319,48,321,46,322,112,325,11289,757,761,758,9,759,4,806,com.android.settings,871,com.android.settings.Settings,904,com.android.launcher3,905,0,1320,8,1321,5]
11-22 06:05:01.729 1489 1634 I wm_stop_activity: [0,168390208,com.android.launcher3/.uioverrides.QuickstepLauncher]
11-22 06:05:01.772 2840 2840 I wm_on_stop_called: [168390208,com.android.launcher3.uioverrides.QuickstepLauncher,STOP_ACTIVITY_ITEM]
11-22 06:05:02.325 1489 1650 I am_uid_idle: 10069
11-22 06:05:02.473 1489 2012 I input_interaction: Interaction with: 5900efe com.android.settings/com.android.settings.Settings (server), edge-swipe (server), swipe-up (server), PointerEventDispatcher0 (server),
11-22 06:05:02.494 1489 8738 I wm_task_moved: [1,0,0]
11-22 06:05:02.494 1489 8738 I wm_task_moved: [1,0,6]
11-22 06:05:02.514 2840 2840 I wm_on_restart_called: [168390208,com.android.launcher3.uioverrides.QuickstepLauncher,performRestartActivity]
11-22 06:05:02.515 1489 5500 I wm_finish_activity: [0,259489679,126,com.android.deskclock/.DeskClock,app-request]
11-22 06:05:02.529 1489 5500 I wm_pause_activity: [0,259489679,com.android.deskclock/.DeskClock,userLeaving=false,finish]
11-22 06:05:02.533 12585 12585 I wm_on_paused_called: [259489679,com.android.deskclock.DeskClock,performPause]
11-22 06:05:02.534 1489 1949 I wm_destroy_activity: [0,259489679,126,com.android.deskclock/.DeskClock,finish-imm:completePausedLocked]
11-22 06:05:02.549 1489 1634 I sysui_multi_action: [757,803,799,window_time_0,802,2]
11-22 06:05:02.556 12585 12585 I wm_on_stop_called: [259489679,com.android.deskclock.DeskClock,LIFECYCLER_STOP_ACTIVITY]
11-22 06:05:02.559 2840 2840 I wm_on_start_called: [168390208,com.android.launcher3.uioverrides.QuickstepLauncher,handleStartActivity]
11-22 06:05:02.569 12585 12585 I wm_on_destroy_called: [259489679,com.android.deskclock.DeskClock,performDestroy]
11-22 06:05:02.576 12255 12255 I view_enqueue_input_event: [Motion - Cancel,com.android.settings/com.android.settings.Settings]
11-22 06:05:02.577 2840 2840 I sysui_latency: [1,99]
11-22 06:05:02.579 1489 1631 I sysui_multi_action: [319,10,322,78,325,11291,757,761,758,9,759,5,806,com.android.launcher3,871,com.android.launcher3.uioverrides.QuickstepLauncher,905,0,1320,8,1321,5]
11-22 06:05:02.584 1489 5394 I wm_task_removed: [126,removeChild:removeChild last r=ActivityRecord{f777f8f u0 com.android.deskclock/.DeskClock t-1 f}} in t=Task{90c3eee #126 type=standard A=10066:com.android.deskclock U=0 visible=false mode=freeform translucent=true sz=0}]
11-22 06:05:02.584 1489 5394 I wm_task_removed: [126,removeChild]
11-22 06:05:02.585 1489 1636 I input_focus: [Focus request recents_animation_input_consumer,reason=UpdateInputWindows]
11-22 06:05:02.586 1489 2012 I input_interaction: Interaction with: edge-swipe (server), swipe-up (server), PointerEventDispatcher0 (server),
11-22 06:05:02.616 1489 2012 I input_focus: [Focus leaving 5900efe com.android.settings/com.android.settings.Settings (server),reason=NOT_FOCUSABLE]
11-22 06:05:02.616 1489 2012 I input_focus: [Focus entering recents_animation_input_consumer (server),reason=setFocusedWindow]
11-22 06:05:02.763 1489 1751 I commit_sys_config_file: [settings-1-0,4]
11-22 06:05:02.873 1489 1648 I sysui_latency: [8,96]
11-22 06:05:03.685 1489 1751 I commit_sys_config_file: [settings-1-0,8]
11-22 06:05:05.078 1489 2012 I input_interaction: Interaction with: 3cc67bf com.android.launcher3/com.android.launcher3.uioverrides.QuickstepLauncher (server), edge-swipe (server), swipe-up (server), PointerEventDispatcher0 (server),
11-22 06:05:05.499 1489 1949 I wm_task_moved: [1,1,6]
11-22 06:05:05.502 1489 1949 I wm_focused_root_task: [0,0,1,122,RecentsAnimation.onAnimationFinished()]
11-22 06:05:05.503 12255 12255 I wm_on_top_resumed_lost_called: [243974435,com.android.settings.Settings,topStateChangedWhenResumed]
11-22 06:05:05.505 1489 1949 I wm_pause_activity: [0,243974435,com.android.settings/.Settings,userLeaving=false,pauseBackTasks]
11-22 06:05:05.507 1489 1949 I wm_set_resumed_activity: [0,com.android.launcher3/.uioverrides.QuickstepLauncher,resumeTopActivityInnerLocked]
11-22 06:05:05.514 1489 1949 I wm_resume_activity: [0,168390208,10,com.android.launcher3/.uioverrides.QuickstepLauncher]
11-22 06:05:05.514 1489 1949 I wm_add_to_stopping: [0,243974435,com.android.settings/.Settings,makeInvisible]
11-22 06:05:05.519 2840 2840 I wm_on_resume_called: [168390208,com.android.launcher3.uioverrides.QuickstepLauncher,RESUME_ACTIVITY]
11-22 06:05:05.523 1489 1636 I input_focus: [Focus request 3cc67bf com.android.launcher3/com.android.launcher3.uioverrides.QuickstepLauncher,reason=UpdateInputWindows]
11-22 06:05:05.526 12255 12255 I sysui_multi_action: [757,35,758,2,1089,4326]
11-22 06:05:05.528 1489 2012 I input_focus: [Focus leaving recents_animation_input_consumer (server),reason=NOT_VISIBLE]
11-22 06:05:05.528 1489 1634 I wm_stop_activity: [0,243974435,com.android.settings/.Settings]
11-22 06:05:05.530 2840 2840 I wm_on_top_resumed_gained_called: [168390208,com.android.launcher3.uioverrides.QuickstepLauncher,topStateChangedWhenResumed]
11-22 06:05:05.530 12255 12255 I sysui_multi_action: [757,746,758,2,1089,4322]
11-22 06:05:05.531 1489 1634 I sysui_multi_action: [757,803,799,window_time_0,802,3]
11-22 06:05:05.540 1489 2012 I input_focus: [Focus entering 3cc67bf com.android.launcher3/com.android.launcher3.uioverrides.QuickstepLauncher (server),reason=setFocusedWindow]
11-22 06:05:05.543 12255 12255 I wm_on_paused_called: [243974435,com.android.settings.Settings,performPause]
11-22 06:05:05.556 12255 12255 I wm_on_stop_called: [243974435,com.android.settings.Settings,STOP_ACTIVITY_ITEM]
11-22 06:05:05.589 1489 1634 I am_kill : [0,12585,com.android.deskclock,900,remove task]
11-22 06:05:05.590 1489 1634 I sysui_multi_action: [757,803,799,window_time_0,802,0]
11-22 06:05:05.627 1489 5500 I am_proc_died: [0,12585,com.android.deskclock,900,18]
11-22 06:05:05.627 1489 5500 I am_uid_stopped: 10066
11-22 06:05:05.629 1489 5500 I wm_finish_activity: [0,243974435,122,com.android.settings/.Settings,recent-task-trimmed]
11-22 06:05:05.629 1489 5500 I wm_destroy_activity: [0,243974435,122,com.android.settings/.Settings,finish-imm:finishIfPossible]
11-22 06:05:05.631 1489 1634 I am_kill : [0,12255,com.android.settings,905,remove task]
11-22 06:05:05.633 1489 1634 I sysui_multi_action: [757,803,799,window_time_0,802,0]
11-22 06:05:05.673 1489 8738 I am_proc_died: [0,12255,com.android.settings,905,19]
11-22 06:05:05.678 1489 8738 I wm_task_removed: [122,removeChild:removeChild last r=ActivityRecord{e8ac123 u0 com.android.settings/.Settings t-1 f}} in t=Task{1fd0e76 #122 type=standard A=1000:com.android.settings.root U=0 visible=false mode=fullscreen translucent=true sz=0}]
11-22 06:05:05.678 1489 8738 I wm_task_removed: [122,removeChild]
11-22 06:05:05.697 1489 1651 I am_proc_start: [0,13022,1000,com.android.settings,NULL,]
11-22 06:05:05.720 1489 8738 I am_proc_bound: [0,13022,com.android.settings]
11-22 06:05:11.638 1489 2012 I input_interaction: Interaction with: 3cc67bf com.android.launcher3/com.android.launcher3.uioverrides.QuickstepLauncher (server), 6449bab com.android.systemui.ImageWallpaper (server), edge-swipe (server), swipe-up (server), PointerEventDispatcher0 (server),
11-22 06:05:11.767 1489 6061 I wm_task_created: [127,-1]
11-22 06:05:11.776 1489 6061 I wm_task_moved: [127,1,6]
11-22 06:05:11.776 1489 6061 I wm_task_to_front: [0,127]
11-22 06:05:11.777 1489 6061 I wm_create_task: [0,127]
11-22 06:05:11.777 1489 6061 I wm_create_activity: [0,160619896,127,com.android.gallery3d/.app.GalleryActivity,NULL,NULL,NULL,268468224]
11-22 06:05:11.777 1489 6061 I wm_task_moved: [127,1,6]
11-22 06:05:11.781 1489 6061 I wm_restart_activity: [0,160619896,127,com.android.gallery3d/.app.GalleryActivity]
11-22 06:05:11.783 1489 6061 I wm_set_resumed_activity: [0,com.android.gallery3d/.app.GalleryActivity,minimalResumeActivityLocked]
11-22 06:05:11.792 1489 1634 I am_uid_active: 10069
11-22 06:05:11.795 2840 2840 I wm_on_top_resumed_lost_called: [168390208,com.android.launcher3.uioverrides.QuickstepLauncher,topStateChangedWhenResumed]
11-22 06:05:11.825 11450 11450 I wm_on_create_called: [160619896,com.android.gallery3d.app.GalleryActivity,performCreate]
11-22 06:05:11.827 11450 11450 I wm_on_start_called: [160619896,com.android.gallery3d.app.GalleryActivity,handleStartActivity]
11-22 06:05:11.829 11450 11450 I wm_on_resume_called: [160619896,com.android.gallery3d.app.GalleryActivity,RESUME_ACTIVITY]
11-22 06:05:11.832 11450 11450 I wm_on_top_resumed_gained_called: [160619896,com.android.gallery3d.app.GalleryActivity,topStateChangedWhenResumed]
11-22 06:05:11.842 1489 1636 I input_focus: [Focus request 65c4e42 com.android.gallery3d/com.android.gallery3d.app.GalleryActivity,reason=UpdateInputWindows]
11-22 06:05:11.872 1489 2012 I input_focus: [Focus leaving 3cc67bf com.android.launcher3/com.android.launcher3.uioverrides.QuickstepLauncher (server),reason=Waiting for window because NOT_VISIBLE]
11-22 06:05:11.917 1489 1631 I sysui_multi_action: [319,158,322,157,325,11300,757,761,758,8,759,2,806,com.android.gallery3d,871,com.android.gallery3d.app.GalleryActivity,904,com.android.launcher3,905,0,1320,8,1321,5]
11-22 06:05:11.919 1489 1631 I wm_activity_launch_time: [0,160619896,com.android.gallery3d/.app.GalleryActivity,157]
11-22 06:05:11.923 1489 2012 I input_focus: [Focus entering 65c4e42 com.android.gallery3d/com.android.gallery3d.app.GalleryActivity (server),reason=Window became focusable. Previous reason: NOT_VISIBLE]
11-22 06:05:11.978 1489 1648 I am_pss : [12899,10083,com.qualcomm.qti.qccauthmgr,6379520,4284416,0,95518720,0,19,6]
11-22 06:05:13.383 1489 2012 I input_interaction: Interaction with: 65c4e42 com.android.gallery3d/com.android.gallery3d.app.GalleryActivity (server), edge-swipe (server), swipe-up (server), PointerEventDispatcher0 (server),
11-22 06:05:14.346 1489 1636 I input_focus: [Focus request 714b8ec PopupWindow:6078aed,reason=UpdateInputWindows]
11-22 06:05:14.363 1489 2012 I input_focus: [Focus leaving 65c4e42 com.android.gallery3d/com.android.gallery3d.app.GalleryActivity (server),reason=Waiting for window because NOT_VISIBLE]
11-22 06:05:14.381 1489 2012 I input_focus: [Focus entering 714b8ec PopupWindow:6078aed (server),reason=Window became focusable. Previous reason: NOT_VISIBLE]
11-22 06:05:14.988 1489 2012 I input_interaction: Interaction with: 714b8ec PopupWindow:6078aed (server), edge-swipe (server), swipe-up (server), PointerEventDispatcher0 (server),
11-22 06:05:15.142 1489 1636 I input_focus: [Focus request 65c4e42 com.android.gallery3d/com.android.gallery3d.app.GalleryActivity,reason=UpdateInputWindows]
11-22 06:05:15.168 1489 2012 I input_focus: [Focus entering 65c4e42 com.android.gallery3d/com.android.gallery3d.app.GalleryActivity (server),reason=setFocusedWindow]
11-22 06:05:17.485 1489 2012 I input_interaction: Interaction with: 65c4e42 com.android.gallery3d/com.android.gallery3d.app.GalleryActivity (server), edge-swipe (server), swipe-up (server), PointerEventDispatcher0 (server),
11-22 06:05:18.877 11450 11450 I view_enqueue_input_event: [Motion - Cancel,com.android.gallery3d/com.android.gallery3d.app.GalleryActivity]
11-22 06:05:18.881 1489 2012 I input_interaction: Interaction with: WindowManager (server), edge-swipe (server), swipe-up (server), PointerEventDispatcher0 (server),
11-22 06:05:19.131 1489 1636 I wm_relaunch_resume_activity: [0,160619896,127,com.android.gallery3d/.app.GalleryActivity]
11-22 06:05:19.133 11450 11450 I wm_on_top_resumed_lost_called: [160619896,com.android.gallery3d.app.GalleryActivity,pausing]
11-22 06:05:19.148 11450 11450 I wm_on_paused_called: [160619896,com.android.gallery3d.app.GalleryActivity,performPause]
11-22 06:05:19.148 11450 11450 I wm_on_stop_called: [160619896,com.android.gallery3d.app.GalleryActivity,handleRelaunchActivity]
11-22 06:05:19.151 11450 11450 I wm_on_destroy_called: [160619896,com.android.gallery3d.app.GalleryActivity,performDestroy]
11-22 06:05:19.178 11450 11450 I wm_on_create_called: [160619896,com.android.gallery3d.app.GalleryActivity,performCreate]
11-22 06:05:19.179 11450 11450 I wm_on_start_called: [160619896,com.android.gallery3d.app.GalleryActivity,handleStartActivity]
11-22 06:05:19.185 11450 11450 I wm_on_resume_called: [160619896,com.android.gallery3d.app.GalleryActivity,RESUME_ACTIVITY]
11-22 06:05:19.185 11450 11450 I wm_on_top_resumed_gained_called: [160619896,com.android.gallery3d.app.GalleryActivity,topWhenResuming]
11-22 06:05:19.785 1489 2012 I input_interaction: Interaction with: 65c4e42 com.android.gallery3d/com.android.gallery3d.app.GalleryActivity (server), edge-swipe (server), swipe-up (server), PointerEventDispatcher0 (server),
11-22 06:05:20.143 1489 6061 I wm_relaunch_resume_activity: [0,160619896,127,com.android.gallery3d/.app.GalleryActivity]
11-22 06:05:20.160 11450 11450 I wm_on_top_resumed_lost_called: [160619896,com.android.gallery3d.app.GalleryActivity,pausing]
11-22 06:05:20.177 11450 11450 I wm_on_paused_called: [160619896,com.android.gallery3d.app.GalleryActivity,performPause]
11-22 06:05:20.177 11450 11450 I wm_on_stop_called: [160619896,com.android.gallery3d.app.GalleryActivity,handleRelaunchActivity]
11-22 06:05:20.180 11450 11450 I wm_on_destroy_called: [160619896,com.android.gallery3d.app.GalleryActivity,performDestroy]
11-22 06:05:20.205 11450 11450 I wm_on_create_called: [160619896,com.android.gallery3d.app.GalleryActivity,performCreate]
11-22 06:05:20.207 11450 11450 I wm_on_start_called: [160619896,com.android.gallery3d.app.GalleryActivity,handleStartActivity]
11-22 06:05:20.215 11450 11450 I wm_on_resume_called: [160619896,com.android.gallery3d.app.GalleryActivity,RESUME_ACTIVITY]
11-22 06:05:20.215 11450 11450 I wm_on_top_resumed_gained_called: [160619896,com.android.gallery3d.app.GalleryActivity,topWhenResuming]
11-22 06:05:21.383 1489 6044 I wm_relaunch_resume_activity: [0,160619896,127,com.android.gallery3d/.app.GalleryActivity]
11-22 06:05:21.384 1489 6044 I wm_add_to_stopping: [0,168390208,com.android.launcher3/.uioverrides.QuickstepLauncher,makeInvisible]
11-22 06:05:21.391 11450 11450 I wm_on_top_resumed_lost_called: [160619896,com.android.gallery3d.app.GalleryActivity,pausing]
11-22 06:05:21.411 11450 11450 I wm_on_paused_called: [160619896,com.android.gallery3d.app.GalleryActivity,performPause]
11-22 06:05:21.411 11450 11450 I wm_on_stop_called: [160619896,com.android.gallery3d.app.GalleryActivity,handleRelaunchActivity]
11-22 06:05:21.414 11450 11450 I wm_on_destroy_called: [160619896,com.android.gallery3d.app.GalleryActivity,performDestroy]
11-22 06:05:21.448 11450 11450 I wm_on_create_called: [160619896,com.android.gallery3d.app.GalleryActivity,performCreate]
11-22 06:05:21.450 11450 11450 I wm_on_start_called: [160619896,com.android.gallery3d.app.GalleryActivity,handleStartActivity]
11-22 06:05:21.458 11450 11450 I wm_on_resume_called: [160619896,com.android.gallery3d.app.GalleryActivity,RESUME_ACTIVITY]
11-22 06:05:21.458 11450 11450 I wm_on_top_resumed_gained_called: [160619896,com.android.gallery3d.app.GalleryActivity,topWhenResuming]
11-22 06:05:21.472 1489 1489 I notification_enqueue: [10082,2375,com.android.systemui,2048,NULL,0,Notification(channel=updateNotification shortcut=null contentView=null vibrate=null sound=null defaults=0x0 flags=0x0 color=0x00000000 vis=PRIVATE),1]
11-22 06:05:21.472 2375 2375 I sysui_multi_action: [757,111,758,2]
11-22 06:05:21.473 2375 2375 I sysui_multi_action: [757,111,758,2]
11-22 06:05:21.500 2375 2375 I sysui_multi_action: [757,111,758,1]
11-22 06:05:21.501 2375 2375 I sysui_multi_action: [757,126,758,1,759,126,927,0,928,1,1593,0]
11-22 06:05:21.501 2375 2375 I sysui_multi_action: [757,113,758,1,759,113,927,1,928,1,1593,0]
11-22 06:05:21.501 2375 2375 I sysui_multi_action: [757,0,758,1,759,0,927,2,928,0,1593,0]
11-22 06:05:21.501 2375 2375 I sysui_multi_action: [757,0,758,1,759,0,927,3,928,0,1593,0]
11-22 06:05:21.501 2375 2375 I sysui_multi_action: [757,491,758,1,759,491,927,4,928,0,1311,-1,1593,0]
11-22 06:05:21.502 2375 2375 I sysui_multi_action: [757,0,758,1,759,0,927,5,928,0,1593,0]
11-22 06:05:21.502 2375 2375 I sysui_multi_action: [757,114,758,1,759,114,927,6,928,0,1593,0]
11-22 06:05:21.502 2375 2375 I sysui_multi_action: [757,111,758,1]
11-22 06:05:21.502 2375 2375 I sysui_multi_action: [757,126,758,1,759,126,927,0,928,1,1593,0]
11-22 06:05:21.502 2375 2375 I sysui_multi_action: [757,113,758,1,759,113,927,1,928,1,1593,0]
11-22 06:05:21.502 2375 2375 I sysui_multi_action: [757,0,758,1,759,0,927,2,928,0,1593,0]
11-22 06:05:21.502 2375 2375 I sysui_multi_action: [757,0,758,1,759,0,927,3,928,0,1593,0]
11-22 06:05:21.847 1489 1634 I wm_stop_activity: [0,168390208,com.android.launcher3/.uioverrides.QuickstepLauncher]
11-22 06:05:21.883 2840 2840 I wm_on_paused_called: [168390208,com.android.launcher3.uioverrides.QuickstepLauncher,performPause]
11-22 06:05:21.887 2840 2840 I wm_on_stop_called: [168390208,com.android.launcher3.uioverrides.QuickstepLauncher,STOP_ACTIVITY_ITEM]
11-22 06:05:22.875 1489 2461 I wm_task_moved: [1,0,0]
11-22 06:05:22.877 1489 2461 I wm_task_moved: [1,0,5]
11-22 06:05:22.898 11450 11450 I view_enqueue_input_event: [Motion - Cancel,com.android.gallery3d/com.android.gallery3d.app.GalleryActivity]
11-22 06:05:22.898 1489 2012 I input_interaction: Interaction with: edge-swipe (server), swipe-up (server), PointerEventDispatcher0 (server),
11-22 06:05:22.904 2840 2840 I wm_on_restart_called: [168390208,com.android.launcher3.uioverrides.QuickstepLauncher,performRestartActivity]
11-22 06:05:22.929 2840 2840 I wm_on_start_called: [168390208,com.android.launcher3.uioverrides.QuickstepLauncher,handleStartActivity]
11-22 06:05:22.931 1489 1636 I input_focus: [Focus request recents_animation_input_consumer,reason=UpdateInputWindows]
11-22 06:05:22.939 2840 2840 I sysui_latency: [1,86]
11-22 06:05:22.951 1489 1631 I sysui_multi_action: [319,23,322,70,325,11311,757,761,758,9,759,5,806,com.android.launcher3,871,com.android.launcher3.uioverrides.QuickstepLauncher,905,0,1320,8,1321,5]
11-22 06:05:22.952 1489 2012 I input_focus: [Focus leaving 65c4e42 com.android.gallery3d/com.android.gallery3d.app.GalleryActivity (server),reason=NOT_FOCUSABLE]
11-22 06:05:22.952 1489 2012 I input_focus: [Focus entering recents_animation_input_consumer (server),reason=setFocusedWindow]
11-22 06:05:23.138 1489 1751 I commit_sys_config_file: [settings-1-0,8]
11-22 06:05:23.247 1489 1648 I sysui_latency: [8,88]
11-22 06:05:23.728 1489 1489 I notification_enqueue: [10082,2375,com.android.systemui,2048,NULL,0,Notification(channel=updateNotification shortcut=null contentView=null vibrate=null sound=null defaults=0x0 flags=0x0 color=0x00000000 vis=PRIVATE),1]
11-22 06:05:23.728 2375 2375 I sysui_multi_action: [757,111,758,2]
11-22 06:05:23.730 2375 2375 I sysui_multi_action: [757,111,758,2]
11-22 06:05:23.754 2375 2375 I sysui_multi_action: [757,111,758,1]
11-22 06:05:23.754 2375 2375 I sysui_multi_action: [757,126,758,1,759,126,927,0,928,1,1593,0]
11-22 06:05:23.754 2375 2375 I sysui_multi_action: [757,113,758,1,759,113,927,1,928,1,1593,0]
11-22 06:05:23.754 2375 2375 I sysui_multi_action: [757,0,758,1,759,0,927,2,928,0,1593,0]
11-22 06:05:23.754 2375 2375 I sysui_multi_action: [757,0,758,1,759,0,927,3,928,0,1593,0]
11-22 06:05:23.755 2375 2375 I sysui_multi_action: [757,491,758,1,759,491,927,4,928,0,1311,-1,1593,0]
11-22 06:05:23.755 2375 2375 I sysui_multi_action: [757,0,758,1,759,0,927,5,928,0,1593,0]
11-22 06:05:23.756 2375 2375 I sysui_multi_action: [757,114,758,1,759,114,927,6,928,0,1593,0]
11-22 06:05:23.756 2375 2375 I sysui_multi_action: [757,111,758,1]
11-22 06:05:23.756 2375 2375 I sysui_multi_action: [757,126,758,1,759,126,927,0,928,1,1593,0]
11-22 06:05:23.756 2375 2375 I sysui_multi_action: [757,113,758,1,759,113,927,1,928,1,1593,0]
11-22 06:05:23.756 2375 2375 I sysui_multi_action: [757,0,758,1,759,0,927,2,928,0,1593,0]
11-22 06:05:23.756 2375 2375 I sysui_multi_action: [757,0,758,1,759,0,927,3,928,0,1593,0]
11-22 06:05:24.338 1489 6061 I wm_task_moved: [1,0,5]
11-22 06:05:24.340 1489 6061 I wm_add_to_stopping: [0,168390208,com.android.launcher3/.uioverrides.QuickstepLauncher,makeInvisible]
11-22 06:05:24.353 1489 1634 I wm_stop_activity: [0,168390208,com.android.launcher3/.uioverrides.QuickstepLauncher]
11-22 06:05:24.356 1489 1636 I input_focus: [Focus request 65c4e42 com.android.gallery3d/com.android.gallery3d.app.GalleryActivity,reason=UpdateInputWindows]
11-22 06:05:24.369 1489 2012 I input_focus: [Focus leaving recents_animation_input_consumer (server),reason=NOT_VISIBLE]
11-22 06:05:24.369 1489 2012 I input_focus: [Focus entering 65c4e42 com.android.gallery3d/com.android.gallery3d.app.GalleryActivity (server),reason=setFocusedWindow]
11-22 06:05:24.402 2840 2840 I wm_on_stop_called: [168390208,com.android.launcher3.uioverrides.QuickstepLauncher,STOP_ACTIVITY_ITEM]
11-22 06:05:24.598 1489 1751 I commit_sys_config_file: [settings-1-0,5]
11-22 06:05:26.758 1489 2012 I input_interaction: Interaction with: 65c4e42 com.android.gallery3d/com.android.gallery3d.app.GalleryActivity (server), edge-swipe (server), swipe-up (server), PointerEventDispatcher0 (server),
11-22 06:05:27.828 1489 8738 I wm_task_moved: [1,0,0]
11-22 06:05:27.843 1489 8738 I wm_task_moved: [1,0,5]
11-22 06:05:27.864 2840 2840 I wm_on_restart_called: [168390208,com.android.launcher3.uioverrides.QuickstepLauncher,performRestartActivity]
11-22 06:05:27.878 2840 2840 I wm_on_start_called: [168390208,com.android.launcher3.uioverrides.QuickstepLauncher,handleStartActivity]
11-22 06:05:27.897 1489 1631 I sysui_multi_action: [319,29,322,64,325,11316,757,761,758,9,759,5,806,com.android.launcher3,871,com.android.launcher3.uioverrides.QuickstepLauncher,905,0,1320,8,1321,5]
11-22 06:05:28.022 11450 11450 I view_enqueue_input_event: [Motion - Cancel,com.android.gallery3d/com.android.gallery3d.app.GalleryActivity]
11-22 06:05:28.023 2840 2840 I sysui_latency: [1,77]
11-22 06:05:28.030 1489 1636 I input_focus: [Focus request recents_animation_input_consumer,reason=UpdateInputWindows]
11-22 06:05:28.040 1489 2012 I input_interaction: Interaction with: edge-swipe (server), swipe-up (server), PointerEventDispatcher0 (server),
11-22 06:05:28.060 1489 2012 I input_focus: [Focus leaving 65c4e42 com.android.gallery3d/com.android.gallery3d.app.GalleryActivity (server),reason=NOT_FOCUSABLE]
11-22 06:05:28.060 1489 2012 I input_focus: [Focus entering recents_animation_input_consumer (server),reason=setFocusedWindow]
11-22 06:05:28.083 1489 1751 I commit_sys_config_file: [settings-1-0,6]
11-22 06:05:28.193 1489 1648 I sysui_latency: [8,77]
11-22 06:05:28.585 1489 2461 I wm_task_moved: [1,0,5]
11-22 06:05:28.587 1489 2461 I wm_add_to_stopping: [0,168390208,com.android.launcher3/.uioverrides.QuickstepLauncher,makeInvisible]
11-22 06:05:28.599 1489 1636 I input_focus: [Focus request 65c4e42 com.android.gallery3d/com.android.gallery3d.app.GalleryActivity,reason=UpdateInputWindows]
11-22 06:05:28.600 1489 1634 I wm_stop_activity: [0,168390208,com.android.launcher3/.uioverrides.QuickstepLauncher]
11-22 06:05:28.612 1489 2012 I input_focus: [Focus leaving recents_animation_input_consumer (server),reason=NOT_VISIBLE]
11-22 06:05:28.613 1489 2012 I input_focus: [Focus entering 65c4e42 com.android.gallery3d/com.android.gallery3d.app.GalleryActivity (server),reason=setFocusedWindow]
11-22 06:05:28.624 1489 1648 I am_pss : [13022,1000,com.android.settings,20004864,11264000,0,111124480,0,19,6]
11-22 06:05:28.646 2840 2840 I wm_on_stop_called: [168390208,com.android.launcher3.uioverrides.QuickstepLauncher,STOP_ACTIVITY_ITEM]
11-22 06:05:28.846 1489 1751 I commit_sys_config_file: [settings-1-0,6]
11-22 06:05:29.104 1489 2012 I input_interaction: Interaction with: 65c4e42 com.android.gallery3d/com.android.gallery3d.app.GalleryActivity (server), PointerEventDispatcher0 (server),
11-22 06:05:30.272 1489 2012 I input_interaction: Interaction with: 65c4e42 com.android.gallery3d/com.android.gallery3d.app.GalleryActivity (server), edge-swipe (server), swipe-up (server), PointerEventDispatcher0 (server),
11-22 06:05:30.274 1489 1489 I service_manager_stats: [100,88,45528]
11-22 06:05:31.154 1489 2012 I input_interaction: Interaction with: 55d8f3c StatusBar (server), edge-swipe (server), swipe-up (server), PointerEventDispatcher0 (server),
11-22 06:05:31.159 2375 2375 I sysui_multi_action: [757,803,799,panel_open,802,1]
11-22 06:05:31.160 2375 2375 I sysui_multi_action: [757,1328,758,4,1326,25,1327,1,1329,0]
11-22 06:05:31.207 1489 8738 I sysui_multi_action: [757,127,758,1]
11-22 06:05:31.208 1489 1489 I notification_enqueue: [10082,2375,com.android.systemui,2048,NULL,0,Notification(channel=updateNotification shortcut=null contentView=null vibrate=null sound=null defaults=0x0 flags=0x0 color=0x00000000 vis=PRIVATE),1]
11-22 06:05:31.208 2375 2375 I sysui_multi_action: [757,111,758,2]
11-22 06:05:31.208 2375 2375 I sysui_multi_action: [757,111,758,2]
11-22 06:05:31.208 1489 8738 I sysui_multi_action: [757,804,799,note_load,801,3,802,1]
11-22 06:05:31.212 1489 8738 I notification_panel_revealed: 3
11-22 06:05:31.225 1489 1636 I input_focus: [Focus request 8f06d3 NotificationShade,reason=UpdateInputWindows]
11-22 06:05:31.230 2375 2375 I sysui_multi_action: [757,111,758,1]
11-22 06:05:31.230 2375 2375 I sysui_multi_action: [757,126,758,1,759,126,927,0,928,1,1593,0]
11-22 06:05:31.230 2375 2375 I sysui_multi_action: [757,113,758,1,759,113,927,1,928,1,1593,0]
11-22 06:05:31.230 2375 2375 I sysui_multi_action: [757,0,758,1,759,0,927,2,928,0,1593,0]
11-22 06:05:31.230 2375 2375 I sysui_multi_action: [757,0,758,1,759,0,927,3,928,0,1593,0]
11-22 06:05:31.230 2375 2375 I sysui_multi_action: [757,491,758,1,759,491,927,4,928,0,1311,-1,1593,0]
11-22 06:05:31.231 2375 2375 I sysui_multi_action: [757,0,758,1,759,0,927,5,928,0,1593,0]
11-22 06:05:31.231 2375 2375 I sysui_multi_action: [757,114,758,1,759,114,927,6,928,0,1593,0]
11-22 06:05:31.231 2375 2375 I sysui_multi_action: [757,111,758,1]
11-22 06:05:31.231 2375 2375 I sysui_multi_action: [757,126,758,1,759,126,927,0,928,1,1593,0]
11-22 06:05:31.231 2375 2375 I sysui_multi_action: [757,113,758,1,759,113,927,1,928,1,1593,0]
11-22 06:05:31.231 2375 2375 I sysui_multi_action: [757,0,758,1,759,0,927,2,928,0,1593,0]
11-22 06:05:31.231 2375 2375 I sysui_multi_action: [757,0,758,1,759,0,927,3,928,0,1593,0]
11-22 06:05:31.246 2375 2375 I sysui_multi_action: [757,111,758,2]
11-22 06:05:31.246 2375 2375 I sysui_multi_action: [757,111,758,2]
11-22 06:05:31.247 1489 1489 I notification_enqueue: [10082,2375,com.android.systemui,2048,NULL,0,Notification(channel=updateNotification shortcut=null contentView=null vibrate=null sound=null defaults=0x0 flags=0x0 color=0x00000000 vis=PRIVATE),1]
11-22 06:05:31.251 2375 2375 I sysui_multi_action: [757,111,758,1]
11-22 06:05:31.251 2375 2375 I sysui_multi_action: [757,126,758,1,759,126,927,0,928,1,1593,0]
11-22 06:05:31.251 2375 2375 I sysui_multi_action: [757,113,758,1,759,113,927,1,928,1,1593,0]
11-22 06:05:31.251 2375 2375 I sysui_multi_action: [757,0,758,1,759,0,927,2,928,0,1593,0]
11-22 06:05:31.252 2375 2375 I sysui_multi_action: [757,0,758,1,759,0,927,3,928,0,1593,0]
11-22 06:05:31.252 2375 2375 I sysui_multi_action: [757,491,758,1,759,491,927,4,928,0,1311,-1,1593,0]
11-22 06:05:31.252 2375 2375 I sysui_multi_action: [757,0,758,1,759,0,927,5,928,0,1593,0]
11-22 06:05:31.252 2375 2375 I sysui_multi_action: [757,114,758,1,759,114,927,6,928,0,1593,0]
11-22 06:05:31.252 2375 2375 I sysui_multi_action: [757,111,758,1]
11-22 06:05:31.252 2375 2375 I sysui_multi_action: [757,126,758,1,759,126,927,0,928,1,1593,0]
11-22 06:05:31.252 2375 2375 I sysui_multi_action: [757,113,758,1,759,113,927,1,928,1,1593,0]
11-22 06:05:31.252 2375 2375 I sysui_multi_action: [757,0,758,1,759,0,927,2,928,0,1593,0]
11-22 06:05:31.252 2375 2375 I sysui_multi_action: [757,0,758,1,759,0,927,3,928,0,1593,0]
11-22 06:05:31.257 1489 2012 I input_focus: [Focus leaving 65c4e42 com.android.gallery3d/com.android.gallery3d.app.GalleryActivity (server),reason=setFocusedWindow]
11-22 06:05:31.257 1489 2012 I input_focus: [Focus entering 8f06d3 NotificationShade (server),reason=setFocusedWindow]
11-22 06:05:31.266 2375 2375 I sysui_multi_action: [757,111,758,2]
11-22 06:05:31.266 2375 2375 I sysui_multi_action: [757,111,758,2]
11-22 06:05:31.266 1489 1489 I notification_enqueue: [10082,2375,com.android.systemui,2048,NULL,0,Notification(channel=updateNotification shortcut=null contentView=null vibrate=null sound=null defaults=0x0 flags=0x0 color=0x00000000 vis=PRIVATE),1]
11-22 06:05:31.272 2375 2375 I sysui_multi_action: [757,111,758,1]
11-22 06:05:31.272 2375 2375 I sysui_multi_action: [757,126,758,1,759,126,927,0,928,1,1593,0]
11-22 06:05:31.272 2375 2375 I sysui_multi_action: [757,113,758,1,759,113,927,1,928,1,1593,0]
11-22 06:05:31.272 2375 2375 I sysui_multi_action: [757,0,758,1,759,0,927,2,928,0,1593,0]
11-22 06:05:31.272 2375 2375 I sysui_multi_action: [757,0,758,1,759,0,927,3,928,0,1593,0]
11-22 06:05:31.272 2375 2375 I sysui_multi_action: [757,491,758,1,759,491,927,4,928,0,1311,-1,1593,0]
11-22 06:05:31.272 2375 2375 I sysui_multi_action: [757,0,758,1,759,0,927,5,928,0,1593,0]
11-22 06:05:31.272 2375 2375 I sysui_multi_action: [757,114,758,1,759,114,927,6,928,0,1593,0]
11-22 06:05:31.272 2375 2375 I sysui_multi_action: [757,111,758,1]
11-22 06:05:31.272 2375 2375 I sysui_multi_action: [757,126,758,1,759,126,927,0,928,1,1593,0]
11-22 06:05:31.272 2375 2375 I sysui_multi_action: [757,113,758,1,759,113,927,1,928,1,1593,0]
11-22 06:05:31.272 2375 2375 I sysui_multi_action: [757,0,758,1,759,0,927,2,928,0,1593,0]
11-22 06:05:31.273 2375 2375 I sysui_multi_action: [757,0,758,1,759,0,927,3,928,0,1593,0]
11-22 06:05:31.284 2375 2375 I sysui_multi_action: [757,111,758,2]
11-22 06:05:31.284 2375 2375 I sysui_multi_action: [757,111,758,2]
11-22 06:05:31.284 1489 1489 I notification_enqueue: [10082,2375,com.android.systemui,2048,NULL,0,Notification(channel=updateNotification shortcut=null contentView=null vibrate=null sound=null defaults=0x0 flags=0x0 color=0x00000000 vis=PRIVATE),1]
11-22 06:05:31.288 2375 2375 I sysui_multi_action: [757,111,758,1]
11-22 06:05:31.288 2375 2375 I sysui_multi_action: [757,126,758,1,759,126,927,0,928,1,1593,0]
11-22 06:05:31.288 2375 2375 I sysui_multi_action: [757,113,758,1,759,113,927,1,928,1,1593,0]
11-22 06:05:31.288 2375 2375 I sysui_multi_action: [757,0,758,1,759,0,927,2,928,0,1593,0]
11-22 06:05:31.288 2375 2375 I sysui_multi_action: [757,0,758,1,759,0,927,3,928,0,1593,0]
11-22 06:05:31.288 2375 2375 I sysui_multi_action: [757,491,758,1,759,491,927,4,928,0,1311,-1,1593,0]
11-22 06:05:31.288 2375 2375 I sysui_multi_action: [757,0,758,1,759,0,927,5,928,0,1593,0]
11-22 06:05:31.288 2375 2375 I sysui_multi_action: [757,114,758,1,759,114,927,6,928,0,1593,0]
11-22 06:05:31.288 2375 2375 I sysui_multi_action: [757,111,758,1]
11-22 06:05:31.288 2375 2375 I sysui_multi_action: [757,126,758,1,759,126,927,0,928,1,1593,0]
11-22 06:05:31.288 2375 2375 I sysui_multi_action: [757,113,758,1,759,113,927,1,928,1,1593,0]
11-22 06:05:31.288 2375 2375 I sysui_multi_action: [757,0,758,1,759,0,927,2,928,0,1593,0]
11-22 06:05:31.288 2375 2375 I sysui_multi_action: [757,0,758,1,759,0,927,3,928,0,1593,0]
11-22 06:05:31.300 2375 2375 I sysui_multi_action: [757,111,758,2]
11-22 06:05:31.300 2375 2375 I sysui_multi_action: [757,111,758,2]
11-22 06:05:31.300 1489 1489 I notification_enqueue: [10082,2375,com.android.systemui,2048,NULL,0,Notification(channel=updateNotification shortcut=null contentView=null vibrate=null sound=null defaults=0x0 flags=0x0 color=0x00000000 vis=PRIVATE),1]
11-22 06:05:31.304 2375 2375 I sysui_multi_action: [757,111,758,1]
11-22 06:05:31.304 2375 2375 I sysui_multi_action: [757,126,758,1,759,126,927,0,928,1,1593,0]
11-22 06:05:31.304 2375 2375 I sysui_multi_action: [757,113,758,1,759,113,927,1,928,1,1593,0]
11-22 06:05:31.304 2375 2375 I sysui_multi_action: [757,0,758,1,759,0,927,2,928,0,1593,0]
11-22 06:05:31.304 2375 2375 I sysui_multi_action: [757,0,758,1,759,0,927,3,928,0,1593,0]
11-22 06:05:31.304 2375 2375 I sysui_multi_action: [757,491,758,1,759,491,927,4,928,0,1311,-1,1593,0]
11-22 06:05:31.304 2375 2375 I sysui_multi_action: [757,0,758,1,759,0,927,5,928,0,1593,0]
11-22 06:05:31.304 2375 2375 I sysui_multi_action: [757,114,758,1,759,114,927,6,928,0,1593,0]
11-22 06:05:31.304 2375 2375 I sysui_multi_action: [757,111,758,1]
11-22 06:05:31.304 2375 2375 I sysui_multi_action: [757,126,758,1,759,126,927,0,928,1,1593,0]
11-22 06:05:31.305 2375 2375 I sysui_multi_action: [757,113,758,1,759,113,927,1,928,1,1593,0]
11-22 06:05:31.305 2375 2375 I sysui_multi_action: [757,0,758,1,759,0,927,2,928,0,1593,0]
11-22 06:05:31.305 2375 2375 I sysui_multi_action: [757,0,758,1,759,0,927,3,928,0,1593,0]
11-22 06:05:31.323 2375 2375 I sysui_multi_action: [757,111,758,2]
11-22 06:05:31.323 2375 2375 I sysui_multi_action: [757,111,758,2]
11-22 06:05:31.327 1489 1489 I notification_enqueue: [10082,2375,com.android.systemui,2048,NULL,0,Notification(channel=updateNotification shortcut=null contentView=null vibrate=null sound=null defaults=0x0 flags=0x0 color=0x00000000 vis=PRIVATE),1]
11-22 06:05:31.334 2375 2375 I sysui_multi_action: [757,111,758,1]
11-22 06:05:31.334 2375 2375 I sysui_multi_action: [757,126,758,1,759,126,927,0,928,1,1593,0]
11-22 06:05:31.334 2375 2375 I sysui_multi_action: [757,113,758,1,759,113,927,1,928,1,1593,0]
