11-22 06:33:10.954 1489 2808 I wm_set_resumed_activity: [0,com.android.deskclock/.DeskClock,positionChildAt]
11-22 06:33:10.954 1489 2808 I wm_create_activity: [0,221356786,150,com.android.deskclock/.settings.SettingsActivity,NULL,NULL,NULL,8388608]
11-22 06:33:10.956 1489 2808 I wm_pause_activity: [0,259695163,com.android.deskclock/.DeskClock,userLeaving=true,resumeTopActivityInnerLocked]
11-22 06:33:10.968 1489 1636 I input_focus: [Focus request c0fefc com.android.deskclock/com.android.deskclock.DeskClock,reason=UpdateInputWindows]
11-22 06:33:10.970 14459 14459 I wm_on_top_resumed_lost_called: [259695163,com.android.deskclock.DeskClock,topStateChangedWhenResumed]
11-22 06:33:10.975 14459 14459 I wm_on_paused_called: [259695163,com.android.deskclock.DeskClock,performPause]
11-22 06:33:10.978 1489 2808 I wm_restart_activity: [0,221356786,150,com.android.deskclock/.settings.SettingsActivity]
11-22 06:33:10.980 1489 2808 I wm_set_resumed_activity: [0,com.android.deskclock/.settings.SettingsActivity,minimalResumeActivityLocked]
11-22 06:33:10.983 1489 1634 I sysui_multi_action: [757,803,799,window_time_2,802,9]
11-22 06:33:10.993 1489 2012 I input_focus: [Focus leaving 7d77da7 PopupWindow:5bb4038 (server),reason=NOT_FOCUSABLE]
11-22 06:33:10.993 1489 2012 I input_focus: [Focus entering c0fefc com.android.deskclock/com.android.deskclock.DeskClock (server),reason=setFocusedWindow]
11-22 06:33:10.999 14459 14459 I wm_on_create_called: [221356786,com.android.deskclock.settings.SettingsActivity,performCreate]
11-22 06:33:11.012 14459 14459 I wm_on_start_called: [221356786,com.android.deskclock.settings.SettingsActivity,handleStartActivity]
11-22 06:33:11.012 14459 14459 I wm_on_resume_called: [221356786,com.android.deskclock.settings.SettingsActivity,RESUME_ACTIVITY]
11-22 06:33:11.015 14459 14459 I wm_on_top_resumed_gained_called: [221356786,com.android.deskclock.settings.SettingsActivity,topStateChangedWhenResumed]
11-22 06:33:11.022 1489 1636 I input_focus: [Focus request ef014f9 com.android.deskclock/com.android.deskclock.settings.SettingsActivity,reason=UpdateInputWindows]
11-22 06:33:11.042 1489 2012 I input_focus: [Focus leaving c0fefc com.android.deskclock/com.android.deskclock.DeskClock (server),reason=Waiting for window because NOT_VISIBLE]
11-22 06:33:11.061 1489 1631 I wm_activity_launch_time: [0,221356786,com.android.deskclock/.settings.SettingsActivity,109]
11-22 06:33:11.072 1489 2012 I input_focus: [Focus entering ef014f9 com.android.deskclock/com.android.deskclock.settings.SettingsActivity (server),reason=Window became focusable. Previous reason: NOT_VISIBLE]
11-22 06:33:11.082 1489 1648 I am_pss : [13759,1000,com.android.settings,57226240,44675072,0,190615552,0,15,9]
11-22 06:33:13.058 1489 2012 I input_interaction: Interaction with: ef014f9 com.android.deskclock/com.android.deskclock.settings.SettingsActivity (server), PointerEventDispatcher0 (server),
11-22 06:33:14.818 1489 2012 I input_interaction: Interaction with: ef014f9 com.android.deskclock/com.android.deskclock.settings.SettingsActivity (server), edge-swipe (server), swipe-up (server), PointerEventDispatcher0 (server),
11-22 06:33:14.954 1489 2808 I wm_finish_activity: [0,221356786,150,com.android.deskclock/.settings.SettingsActivity,app-request]
11-22 06:33:14.971 1489 2808 I wm_pause_activity: [0,221356786,com.android.deskclock/.settings.SettingsActivity,userLeaving=false,finish]
11-22 06:33:14.983 14459 14459 I wm_on_top_resumed_lost_called: [221356786,com.android.deskclock.settings.SettingsActivity,topStateChangedWhenResumed]
11-22 06:33:14.984 14459 14459 I wm_on_paused_called: [221356786,com.android.deskclock.settings.SettingsActivity,performPause]
11-22 06:33:14.987 1489 2808 I wm_set_resumed_activity: [0,com.android.deskclock/.DeskClock,resumeTopActivityInnerLocked]
11-22 06:33:14.989 1489 2808 I wm_resume_activity: [0,259695163,150,com.android.deskclock/.DeskClock]
11-22 06:33:14.991 1489 2012 I input_focus: [Focus leaving ef014f9 com.android.deskclock/com.android.deskclock.settings.SettingsActivity (server),reason=NO_WINDOW]
11-22 06:33:14.997 1489 1634 I sysui_multi_action: [757,803,799,window_time_2,802,4]
11-22 06:33:14.998 1489 1636 I input_focus: [Focus request c0fefc com.android.deskclock/com.android.deskclock.DeskClock,reason=UpdateInputWindows]
11-22 06:33:15.001 14459 14459 I wm_on_activity_result_called: [259695163,com.android.deskclock.DeskClock,ACTIVITY_RESULT]
11-22 06:33:15.002 1489 2012 I input_focus: [Focus entering c0fefc com.android.deskclock/com.android.deskclock.DeskClock (server),reason=setFocusedWindow]
11-22 06:33:15.003 14459 14459 I wm_on_resume_called: [259695163,com.android.deskclock.DeskClock,RESUME_ACTIVITY]
11-22 06:33:15.016 14459 14459 I wm_on_top_resumed_gained_called: [259695163,com.android.deskclock.DeskClock,topWhenResuming]
11-22 06:33:15.023 1489 1648 I am_pss : [14459,10066,com.android.deskclock,64502784,57868288,0,195829760,0,2,9]
11-22 06:33:15.052 1489 2808 I wm_destroy_activity: [0,221356786,150,com.android.deskclock/.settings.SettingsActivity,finish-idle]
11-22 06:33:15.061 14459 14459 I wm_on_stop_called: [221356786,com.android.deskclock.settings.SettingsActivity,LIFECYCLER_STOP_ACTIVITY]
11-22 06:33:15.063 14459 14459 I wm_on_destroy_called: [221356786,com.android.deskclock.settings.SettingsActivity,performDestroy]
11-22 06:33:15.697 1489 2012 I input_interaction: Interaction with: c0fefc com.android.deskclock/com.android.deskclock.DeskClock (server), edge-swipe (server), swipe-up (server), PointerEventDispatcher0 (server),
11-22 06:33:15.889 1489 1636 I input_focus: [Focus request 8658252 PopupWindow:7d5aa85,reason=UpdateInputWindows]
11-22 06:33:15.920 1489 2012 I input_focus: [Focus leaving c0fefc com.android.deskclock/com.android.deskclock.DeskClock (server),reason=Waiting for window because NOT_VISIBLE]
11-22 06:33:15.953 1489 2012 I input_focus: [Focus entering 8658252 PopupWindow:7d5aa85 (server),reason=Window became focusable. Previous reason: NOT_VISIBLE]
11-22 06:33:16.828 1489 2012 I input_interaction: Interaction with: 8658252 PopupWindow:7d5aa85 (server), edge-swipe (server), swipe-up (server), PointerEventDispatcher0 (server),
11-22 06:33:16.995 14459 14459 I menu_item_selected: [0,屏保]
11-22 06:33:17.003 1489 2808 I wm_task_created: [151,-1]
11-22 06:33:17.006 1489 2808 I wm_finish_activity: [0,259695163,150,com.android.deskclock/.DeskClock,app-request]
11-22 06:33:17.006 1489 2808 I wm_task_moved: [1,1,9]
11-22 06:33:17.008 1489 2808 I wm_set_resumed_activity: [0,com.android.launcher3/.uioverrides.QuickstepLauncher,positionChildAt]
11-22 06:33:17.008 1489 2808 I wm_task_moved: [10,1,2147483647]
11-22 06:33:17.008 1489 2808 I wm_task_to_front: [0,10]
11-22 06:33:17.009 1489 2808 I wm_focused_root_task: [0,0,1,-1,finish-top adjustFocusToNextFocusableTask]
11-22 06:33:17.009 1489 2808 I wm_set_resumed_activity: [0,com.android.launcher3/.uioverrides.QuickstepLauncher,finish-top]
11-22 06:33:17.020 1489 2808 I wm_pause_activity: [0,259695163,com.android.deskclock/.DeskClock,userLeaving=false,finish]
11-22 06:33:17.025 1489 2808 I wm_task_moved: [151,1,9]
11-22 06:33:17.025 1489 2808 I wm_task_to_front: [0,151]
11-22 06:33:17.026 1489 2808 I wm_focused_root_task: [0,0,151,1,reuseOrNewTask]
11-22 06:33:17.026 1489 2808 I wm_create_task: [0,151]
11-22 06:33:17.026 1489 2808 I wm_create_activity: [0,48465045,151,com.android.deskclock/.ScreensaverActivity,NULL,NULL,NULL,276824064]
11-22 06:33:17.026 1489 2808 I wm_task_moved: [151,1,9]
11-22 06:33:17.031 1489 1636 I input_focus: [Focus request 3cc67bf com.android.launcher3/com.android.launcher3.uioverrides.QuickstepLauncher,reason=UpdateInputWindows]
11-22 06:33:17.038 1489 2012 I input_focus: [Focus leaving 8658252 PopupWindow:7d5aa85 (server),reason=NO_WINDOW]
11-22 06:33:17.038 1489 2012 I input_focus: [Focus entering 3cc67bf com.android.launcher3/com.android.launcher3.uioverrides.QuickstepLauncher (server),reason=setFocusedWindow]
11-22 06:33:17.045 14459 14459 I wm_on_top_resumed_lost_called: [259695163,com.android.deskclock.DeskClock,topStateChangedWhenResumed]
11-22 06:33:17.046 14459 14459 I wm_on_paused_called: [259695163,com.android.deskclock.DeskClock,performPause]
11-22 06:33:17.047 1489 3542 I wm_add_to_stopping: [0,259695163,com.android.deskclock/.DeskClock,completeFinishing]
11-22 06:33:17.051 1489 3542 I wm_restart_activity: [0,48465045,151,com.android.deskclock/.ScreensaverActivity]
11-22 06:33:17.052 1489 3542 I wm_set_resumed_activity: [0,com.android.deskclock/.ScreensaverActivity,minimalResumeActivityLocked]
11-22 06:33:17.065 1489 1634 I sysui_multi_action: [757,803,799,window_time_2,802,2]
11-22 06:33:17.078 1489 1648 I am_pss : [14340,10033,com.android.musicfx,28481536,22945792,0,152870912,0,19,7]
11-22 06:33:17.083 14459 14459 I wm_on_create_called: [48465045,com.android.deskclock.ScreensaverActivity,performCreate]
11-22 06:33:17.085 14459 14459 I wm_on_start_called: [48465045,com.android.deskclock.ScreensaverActivity,handleStartActivity]
11-22 06:33:17.086 14459 14459 I wm_on_resume_called: [48465045,com.android.deskclock.ScreensaverActivity,RESUME_ACTIVITY]
11-22 06:33:17.090 14459 14459 I wm_on_top_resumed_gained_called: [48465045,com.android.deskclock.ScreensaverActivity,topStateChangedWhenResumed]
11-22 06:33:17.138 1489 1636 I input_focus: [Focus request e1f0f50 com.android.deskclock/com.android.deskclock.ScreensaverActivity,reason=UpdateInputWindows]
11-22 06:33:17.141 2375 2375 I sysui_multi_action: [757,111,758,2]
11-22 06:33:17.141 2375 2375 I sysui_multi_action: [757,111,758,2]
11-22 06:33:17.141 1489 1489 I notification_enqueue: [10082,2375,com.android.systemui,2048,NULL,0,Notification(channel=updateNotification shortcut=null contentView=null vibrate=null sound=null defaults=0x0 flags=0x0 color=0x00000000 vis=PRIVATE),1]
11-22 06:33:17.159 2375 2375 I sysui_multi_action: [757,111,758,1]
11-22 06:33:17.160 2375 2375 I sysui_multi_action: [757,126,758,1,759,126,927,0,928,1,1593,0]
11-22 06:33:17.160 2375 2375 I sysui_multi_action: [757,113,758,1,759,113,927,1,928,1,1593,0]
11-22 06:33:17.160 2375 2375 I sysui_multi_action: [757,0,758,1,759,0,927,2,928,0,1593,0]
11-22 06:33:17.160 2375 2375 I sysui_multi_action: [757,0,758,1,759,0,927,3,928,0,1593,0]
11-22 06:33:17.161 2375 2375 I sysui_multi_action: [757,491,758,1,759,491,927,4,928,0,1311,-1,1593,0]
11-22 06:33:17.161 2375 2375 I sysui_multi_action: [757,0,758,1,759,0,927,5,928,0,1593,0]
11-22 06:33:17.161 2375 2375 I sysui_multi_action: [757,114,758,1,759,114,927,6,928,0,1593,0]
11-22 06:33:17.161 2375 2375 I sysui_multi_action: [757,111,758,1]
11-22 06:33:17.161 2375 2375 I sysui_multi_action: [757,126,758,1,759,126,927,0,928,1,1593,0]
11-22 06:33:17.162 2375 2375 I sysui_multi_action: [757,113,758,1,759,113,927,1,928,1,1593,0]
11-22 06:33:17.162 2375 2375 I sysui_multi_action: [757,0,758,1,759,0,927,2,928,0,1593,0]
11-22 06:33:17.162 2375 2375 I sysui_multi_action: [757,0,758,1,759,0,927,3,928,0,1593,0]
11-22 06:33:17.164 1489 1631 I wm_activity_launch_time: [0,48465045,com.android.deskclock/.ScreensaverActivity,164]
11-22 06:33:17.171 1489 2012 I input_focus: [Focus leaving 3cc67bf com.android.launcher3/com.android.launcher3.uioverrides.QuickstepLauncher (server),reason=setFocusedWindow]
11-22 06:33:17.171 1489 2012 I input_focus: [Focus entering e1f0f50 com.android.deskclock/com.android.deskclock.ScreensaverActivity (server),reason=setFocusedWindow]
11-22 06:33:17.199 1489 2839 I wm_finish_activity: [0,48465045,151,com.android.deskclock/.ScreensaverActivity,app-request]
11-22 06:33:17.199 1489 2839 I wm_task_moved: [1,1,9]
11-22 06:33:17.200 1489 2839 I wm_set_resumed_activity: [0,com.android.launcher3/.uioverrides.QuickstepLauncher,positionChildAt]
11-22 06:33:17.200 1489 2839 I wm_task_moved: [10,1,2147483647]
11-22 06:33:17.200 1489 2839 I wm_task_to_front: [0,10]
11-22 06:33:17.200 1489 2839 I wm_focused_root_task: [0,0,1,-1,finish-top adjustFocusToNextFocusableTask]
11-22 06:33:17.200 1489 2839 I wm_set_resumed_activity: [0,com.android.launcher3/.uioverrides.QuickstepLauncher,finish-top]
11-22 06:33:17.206 1489 2839 I wm_pause_activity: [0,48465045,com.android.deskclock/.ScreensaverActivity,userLeaving=false,finish]
11-22 06:33:17.210 1489 1636 I input_focus: [Focus request 3cc67bf com.android.launcher3/com.android.launcher3.uioverrides.QuickstepLauncher,reason=UpdateInputWindows]
11-22 06:33:17.211 14459 14459 I wm_on_top_resumed_lost_called: [48465045,com.android.deskclock.ScreensaverActivity,topStateChangedWhenResumed]
11-22 06:33:17.212 2840 2840 I wm_on_top_resumed_gained_called: [168390208,com.android.launcher3.uioverrides.QuickstepLauncher,topStateChangedWhenResumed]
11-22 06:33:17.217 14459 14459 I wm_on_paused_called: [48465045,com.android.deskclock.ScreensaverActivity,performPause]
11-22 06:33:17.219 1489 1596 I wm_destroy_activity: [0,48465045,151,com.android.deskclock/.ScreensaverActivity,finish-imm:completePausedLocked]
11-22 06:33:17.220 1489 2012 I input_focus: [Focus leaving e1f0f50 com.android.deskclock/com.android.deskclock.ScreensaverActivity (server),reason=NO_WINDOW]
11-22 06:33:17.220 1489 2012 I input_focus: [Focus entering 3cc67bf com.android.launcher3/com.android.launcher3.uioverrides.QuickstepLauncher (server),reason=setFocusedWindow]
11-22 06:33:17.231 1489 1634 I sysui_multi_action: [757,803,799,window_time_2,802,0]
11-22 06:33:17.250 14459 14459 I wm_on_stop_called: [48465045,com.android.deskclock.ScreensaverActivity,LIFECYCLER_STOP_ACTIVITY]
11-22 06:33:17.251 14459 14459 I wm_on_destroy_called: [48465045,com.android.deskclock.ScreensaverActivity,performDestroy]
11-22 06:33:17.444 1489 1634 I wm_destroy_activity: [0,259695163,150,com.android.deskclock/.DeskClock,finish-imm:idle]
11-22 06:33:17.479 14459 14459 I wm_on_stop_called: [259695163,com.android.deskclock.DeskClock,LIFECYCLER_STOP_ACTIVITY]
11-22 06:33:17.487 14459 14459 I wm_on_destroy_called: [259695163,com.android.deskclock.DeskClock,performDestroy]
11-22 06:33:17.495 1489 3542 I wm_task_removed: [150,removeChild:removeChild last r=ActivityRecord{f7aa23b u0 com.android.deskclock/.DeskClock t-1 f}} in t=Task{168d0ca #150 type=standard A=10066:com.android.deskclock U=0 visible=false mode=freeform translucent=true sz=0}]
11-22 06:33:17.495 1489 3542 I wm_task_removed: [150,removeChild]
11-22 06:33:17.519 1489 1636 I wm_task_removed: [151,removeChild:removeChild last r=ActivityRecord{2e38495 u0 com.android.deskclock/.ScreensaverActivity t-1 f}} in t=Task{613b47f #151 type=standard I=com.android.deskclock/.ScreensaverActivity U=0 visible=false mode=freeform translucent=true sz=0}]
11-22 06:33:17.519 1489 1636 I wm_task_removed: [151,removeChild]
11-22 06:33:17.856 1489 1752 I am_freeze: [13567,com.microsoft.emmx]
11-22 06:33:17.858 1489 1752 I am_freeze: [13574,com.android.calendar]
11-22 06:33:17.859 1489 1752 I am_kill : [0,13567,com.microsoft.emmx,965,Unable to freeze binder interface]
11-22 06:33:17.861 1489 1752 I am_kill : [0,13574,com.android.calendar,955,Unable to freeze binder interface]
11-22 06:33:17.899 1489 3542 I am_proc_died: [0,13574,com.android.calendar,955,19]
11-22 06:33:17.901 1489 3542 I am_uid_stopped: 10068
11-22 06:33:17.906 1489 1596 I am_proc_died: [0,13567,com.microsoft.emmx,965,19]
11-22 06:33:17.906 1489 1596 I am_uid_stopped: 10034
11-22 06:33:19.706 1489 2012 I input_interaction: Interaction with: 3cc67bf com.android.launcher3/com.android.launcher3.uioverrides.QuickstepLauncher (server), 6449bab com.android.systemui.ImageWallpaper (server), edge-swipe (server), swipe-up (server), PointerEventDispatcher0 (server),
11-22 06:33:20.919 1489 6043 I wm_task_created: [152,-1]
11-22 06:33:20.926 1489 6043 I wm_task_moved: [152,1,8]
11-22 06:33:20.926 1489 6043 I wm_task_to_front: [0,152]
11-22 06:33:20.926 1489 6043 I wm_create_task: [0,152]
11-22 06:33:20.926 1489 6043 I wm_create_activity: [0,253934145,152,com.android.settings/.applications.InstalledAppDetails,android.settings.APPLICATION_DETAILS_SETTINGS,NULL,package:com.android.settings,268468224]
11-22 06:33:20.927 1489 6043 I wm_task_moved: [152,1,8]
11-22 06:33:20.929 1489 6043 I wm_pause_activity: [0,168390208,com.android.launcher3/.uioverrides.QuickstepLauncher,userLeaving=true,pauseBackTasks]
11-22 06:33:20.942 2840 2840 I wm_on_top_resumed_lost_called: [168390208,com.android.launcher3.uioverrides.QuickstepLauncher,topStateChangedWhenResumed]
11-22 06:33:20.943 2840 2840 I wm_on_paused_called: [168390208,com.android.launcher3.uioverrides.QuickstepLauncher,performPause]
11-22 06:33:20.950 1489 6043 I wm_add_to_stopping: [0,168390208,com.android.launcher3/.uioverrides.QuickstepLauncher,makeInvisible]
11-22 06:33:20.953 1489 6043 I wm_restart_activity: [0,253934145,152,com.android.settings/.applications.InstalledAppDetails]
11-22 06:33:20.954 1489 6043 I wm_set_resumed_activity: [0,com.android.settings/.applications.InstalledAppDetails,minimalResumeActivityLocked]
11-22 06:33:20.973 1489 1634 I sysui_multi_action: [757,803,799,window_time_0,802,4]
11-22 06:33:20.979 1489 2012 I input_focus: [Focus leaving 3cc67bf com.android.launcher3/com.android.launcher3.uioverrides.QuickstepLauncher (server),reason=NO_WINDOW]
11-22 06:33:20.983 1489 7614 I am_uid_active: 10083
11-22 06:33:20.992 1489 6043 I wm_task_moved: [141,1,8]
11-22 06:33:20.992 1489 6043 I wm_task_to_front: [0,141]
11-22 06:33:20.992 1489 6043 I wm_focused_root_task: [0,0,141,152,bringingFoundTaskToFront]
11-22 06:33:20.993 1489 6043 I wm_set_resumed_activity: [0,com.android.settings/.Settings,bringingFoundTaskToFront]
11-22 06:33:20.993 1489 6043 I wm_finish_activity: [0,92043055,141,com.android.settings/.Settings,clear-task-all]
11-22 06:33:20.993 1489 6043 I wm_destroy_activity: [0,92043055,141,com.android.settings/.Settings,finish-imm:finishIfPossible]
11-22 06:33:20.994 1489 6043 I wm_task_moved: [141,1,8]
11-22 06:33:20.994 1489 6043 I wm_create_activity: [0,116431364,141,com.android.settings/.homepage.SettingsHomepageActivity,android.settings.APPLICATION_DETAILS_SETTINGS,NULL,package:com.android.settings,272662528]
11-22 06:33:20.997 1489 6043 I wm_pause_activity: [0,253934145,com.android.settings/.applications.InstalledAppDetails,userLeaving=true,pauseBackTasks]
11-22 06:33:21.001 1489 1596 I wm_finish_activity: [0,253934145,152,com.android.settings/.applications.InstalledAppDetails,app-request]
11-22 06:33:21.001 13759 13759 I wm_on_create_called: [253934145,com.android.settings.applications.InstalledAppDetails,performCreate]
11-22 06:33:21.005 13759 13759 I wm_on_destroy_called: [92043055,com.android.settings.Settings,performDestroy]
11-22 06:33:21.011 1489 7614 I wm_add_to_stopping: [0,253934145,com.android.settings/.applications.InstalledAppDetails,completeFinishing]
11-22 06:33:21.014 1489 7614 I wm_restart_activity: [0,116431364,141,com.android.settings/.homepage.SettingsHomepageActivity]
11-22 06:33:21.015 1489 7614 I wm_set_resumed_activity: [0,com.android.settings/.homepage.SettingsHomepageActivity,minimalResumeActivityLocked]
11-22 06:33:21.025 1489 1634 I sysui_multi_action: [757,803,799,window_time_0,802,0]
11-22 06:33:21.055 13759 13759 I wm_on_create_called: [116431364,com.android.settings.homepage.SettingsHomepageActivity,performCreate]
11-22 06:33:21.069 13759 13759 I wm_on_start_called: [116431364,com.android.settings.homepage.SettingsHomepageActivity,handleStartActivity]
11-22 06:33:21.069 13759 13759 I snet_event_log: [120484087,-1,]
11-22 06:33:21.069 13759 13759 I wm_on_resume_called: [116431364,com.android.settings.homepage.SettingsHomepageActivity,RESUME_ACTIVITY]
11-22 06:33:21.070 13759 13759 I sysui_multi_action: [757,35,758,1,833,0,1089,13]
11-22 06:33:21.071 13759 13759 I sysui_multi_action: [757,1729,758,4,854,isParalleledControllers:false,1089,14]
11-22 06:33:21.074 13759 13759 I wm_on_top_resumed_gained_called: [116431364,com.android.settings.homepage.SettingsHomepageActivity,topStateChangedWhenResumed]
11-22 06:33:21.095 1489 1636 I input_focus: [Focus request a5910c9 com.android.settings/com.android.settings.homepage.SettingsHomepageActivity,reason=UpdateInputWindows]
11-22 06:33:21.110 1489 1636 I sysui_multi_action: [324,1,757,1090,758,12,806,com.android.settings,871,com.android.settings.homepage.SettingsHomepageActivity,1091,205]
11-22 06:33:21.121 1489 1631 I sysui_multi_action: [319,76,321,72,322,205,325,12989,757,761,758,8,759,1,806,com.android.settings,871,com.android.settings.homepage.SettingsHomepageActivity,904,com.android.settings,905,0,1320,8,1321,5]
11-22 06:33:21.123 1489 1631 I wm_activity_launch_time: [0,116431364,com.android.settings/.homepage.SettingsHomepageActivity,205]
11-22 06:33:21.123 561 561 I auditd : type=1400 audit(0.0:1510): avc: denied { read } for comm="Binder:561_2" name="wakeup58" dev="sysfs" ino=71806 scontext=u:r:system_suspend:s0 tcontext=u:object_r:sysfs:s0 tclass=dir permissive=0
11-22 06:33:21.123 561 561 I auditd : type=1400 audit(0.0:1511): avc: denied { read } for comm="Binder:561_2" name="wakeup48" dev="sysfs" ino=67434 scontext=u:r:system_suspend:s0 tcontext=u:object_r:sysfs:s0 tclass=dir permissive=0
11-22 06:33:21.123 561 561 I auditd : type=1400 audit(0.0:1512): avc: denied { read } for comm="Binder:561_2" name="wakeup4" dev="sysfs" ino=47032 scontext=u:r:system_suspend:s0 tcontext=u:object_r:sysfs:s0 tclass=dir permissive=0
11-22 06:33:21.123 561 561 I auditd : type=1400 audit(0.0:1513): avc: denied { read } for comm="Binder:561_2" name="wakeup76" dev="sysfs" ino=76713 scontext=u:r:system_suspend:s0 tcontext=u:object_r:sysfs:s0 tclass=dir permissive=0
11-22 06:33:21.129 1489 2012 I input_focus: [Focus entering a5910c9 com.android.settings/com.android.settings.homepage.SettingsHomepageActivity (server),reason=Window became focusable. Previous reason: NOT_VISIBLE]
11-22 06:33:21.127 561 561 I auditd : type=1400 audit(0.0:1514): avc: denied { read } for comm="Binder:561_2" name="wakeup28" dev="sysfs" ino=53237 scontext=u:r:system_suspend:s0 tcontext=u:object_r:sysfs:s0 tclass=dir permissive=0
11-22 06:33:21.127 561 561 I auditd : type=1400 audit(0.0:1515): avc: denied { read } for comm="Binder:561_2" name="wakeup56" dev="sysfs" ino=71734 scontext=u:r:system_suspend:s0 tcontext=u:object_r:sysfs:s0 tclass=dir permissive=0
11-22 06:33:21.131 561 561 I auditd : type=1400 audit(0.0:1516): avc: denied { read } for comm="Binder:561_2" name="wakeup2" dev="sysfs" ino=46556 scontext=u:r:system_suspend:s0 tcontext=u:object_r:sysfs:s0 tclass=dir permissive=0
11-22 06:33:21.263 1489 1634 I wm_stop_activity: [0,168390208,com.android.launcher3/.uioverrides.QuickstepLauncher]
11-22 06:33:21.299 2840 2840 I wm_on_stop_called: [168390208,com.android.launcher3.uioverrides.QuickstepLauncher,STOP_ACTIVITY_ITEM]
11-22 06:33:21.317 1489 2839 D TelephonyRegistry: listen oscl: mHasNotifySubscriptionInfoChangedOccurred==false no callback
11-22 06:33:21.319 13759 13759 I sysui_multi_action: [757,20,758,1,833,0,1089,56]
11-22 06:33:21.334 13759 13759 I sysui_multi_action: [757,1729,758,4,854,isParalleledControllers:false,1089,71]
11-22 06:33:21.530 1489 1634 I wm_destroy_activity: [0,253934145,152,com.android.settings/.applications.InstalledAppDetails,finish-imm:idle]
11-22 06:33:21.530 13759 13759 I wm_on_destroy_called: [253934145,com.android.settings.applications.InstalledAppDetails,performDestroy]
11-22 06:33:21.531 1489 6043 I wm_task_removed: [152,removeChild:removeChild last r=ActivityRecord{f22ba41 u0 com.android.settings/.applications.InstalledAppDetails t-1 f}} in t=Task{b344072 #152 type=standard A=1000:com.android.settings U=0 visible=false mode=fullscreen translucent=true sz=0}]
11-22 06:33:21.531 1489 6043 I wm_task_removed: [152,removeChild]
11-22 06:33:22.183 1489 2012 I input_interaction: Interaction with: a5910c9 com.android.settings/com.android.settings.homepage.SettingsHomepageActivity (server), edge-swipe (server), swipe-up (server), PointerEventDispatcher0 (server),
11-22 06:33:22.202 1489 2839 I wm_task_moved: [1,0,0]
11-22 06:33:22.203 1489 2839 I wm_task_moved: [1,0,6]
11-22 06:33:22.212 2840 2840 I wm_on_restart_called: [168390208,com.android.launcher3.uioverrides.QuickstepLauncher,performRestartActivity]
11-22 06:33:22.246 2840 2840 I wm_on_start_called: [168390208,com.android.launcher3.uioverrides.QuickstepLauncher,handleStartActivity]
11-22 06:33:22.265 1489 1631 I sysui_multi_action: [319,9,322,57,325,12990,757,761,758,9,759,5,806,com.android.launcher3,871,com.android.launcher3.uioverrides.QuickstepLauncher,905,0,1320,8,1321,5]
11-22 06:33:22.448 13759 13759 I view_enqueue_input_event: [Motion - Cancel,com.android.settings/com.android.settings.homepage.SettingsHomepageActivity]
11-22 06:33:22.451 2840 2840 I sysui_latency: [1,73]
11-22 06:33:22.455 1489 1751 I commit_sys_config_file: [settings-1-0,10]
11-22 06:33:22.460 1489 2012 I input_interaction: Interaction with: edge-swipe (server), swipe-up (server), PointerEventDispatcher0 (server),
11-22 06:33:22.473 1489 1636 I input_focus: [Focus request recents_animation_input_consumer,reason=UpdateInputWindows]
11-22 06:33:22.482 1489 2012 I input_focus: [Focus leaving a5910c9 com.android.settings/com.android.settings.homepage.SettingsHomepageActivity (server),reason=NOT_FOCUSABLE]
11-22 06:33:22.483 1489 2012 I input_focus: [Focus entering recents_animation_input_consumer (server),reason=setFocusedWindow]
11-22 06:33:22.562 1489 1648 I sysui_latency: [8,72]
11-22 06:33:23.309 1489 1751 I commit_sys_config_file: [settings-1-0,5]
11-22 06:33:25.410 1489 2012 I input_interaction: Interaction with: 3cc67bf com.android.launcher3/com.android.launcher3.uioverrides.QuickstepLauncher (server), edge-swipe (server), swipe-up (server), PointerEventDispatcher0 (server),
11-22 06:33:26.024 1489 7614 I wm_finish_activity: [0,221202439,147,com.android.settings/.bluetooth.DevicePickerActivity,remove-task]
11-22 06:33:26.026 1489 7614 I wm_destroy_activity: [0,221202439,147,com.android.settings/.bluetooth.DevicePickerActivity,finish-imm:finishIfPossible]
11-22 06:33:26.041 13759 13759 I wm_on_destroy_called: [221202439,com.android.settings.bluetooth.DevicePickerActivity,performDestroy]
11-22 06:33:26.041 1489 1634 I sysui_multi_action: [757,803,799,window_time_0,802,5]
11-22 06:33:26.050 1489 6043 I wm_task_removed: [147,removeChild:removeChild last r=ActivityRecord{d2f4807 u0 com.android.settings/.bluetooth.DevicePickerActivity t-1 f}} in t=Task{c6664ca #147 type=standard A=1002:com.android.bluetooth U=0 visible=false mode=fullscreen translucent=true sz=0}]
11-22 06:33:26.050 1489 6043 I wm_task_removed: [147,removeChild]
11-22 06:33:27.269 1489 1634 I sysui_multi_action: [757,803,799,window_time_0,802,1]
11-22 06:33:27.881 1489 1634 I am_kill : [0,13566,com.android.gallery3d,910,remove task]
11-22 06:33:27.896 1489 1634 I sysui_multi_action: [757,803,799,window_time_0,802,1]
11-22 06:33:27.967 1489 1596 I am_proc_died: [0,13566,com.android.gallery3d,910,18]
11-22 06:33:27.968 1489 1596 I am_uid_stopped: 10069
11-22 06:33:27.974 1489 1634 I am_uid_running: 10069
11-22 06:33:27.976 1489 1634 I am_uid_running: 10034
11-22 06:33:27.977 1489 1634 I am_uid_running: 10068
11-22 06:33:27.998 1489 1651 I am_proc_start: [0,14564,10069,com.android.gallery3d,NULL,]
11-22 06:33:28.014 1489 1651 I am_proc_start: [0,14569,10034,com.microsoft.emmx,NULL,]
11-22 06:33:28.022 1489 1651 I am_proc_start: [0,14577,10068,com.android.calendar,NULL,]
11-22 06:33:28.028 1489 1596 I am_proc_bound: [0,14564,com.android.gallery3d]
11-22 06:33:28.041 1489 3542 I am_proc_bound: [0,14569,com.microsoft.emmx]
11-22 06:33:28.056 1489 6739 I am_proc_bound: [0,14577,com.android.calendar]
11-22 06:33:28.891 1489 1489 I service_manager_stats: [100,75,86446]
11-22 06:33:29.254 1489 5500 I wm_task_moved: [1,1,6]
11-22 06:33:29.258 1489 5500 I wm_focused_root_task: [0,0,1,141,RecentsAnimation.onAnimationFinished()]
11-22 06:33:29.258 13759 13759 I wm_on_top_resumed_lost_called: [116431364,com.android.settings.homepage.SettingsHomepageActivity,topStateChangedWhenResumed]
11-22 06:33:29.263 1489 5500 I wm_pause_activity: [0,116431364,com.android.settings/.homepage.SettingsHomepageActivity,userLeaving=false,pauseBackTasks]
11-22 06:33:29.268 1489 5500 I wm_set_resumed_activity: [0,com.android.launcher3/.uioverrides.QuickstepLauncher,resumeTopActivityInnerLocked]
11-22 06:33:29.271 1489 5500 I wm_resume_activity: [0,168390208,10,com.android.launcher3/.uioverrides.QuickstepLauncher]
11-22 06:33:29.272 1489 5500 I wm_add_to_stopping: [0,116431364,com.android.settings/.homepage.SettingsHomepageActivity,makeInvisible]
11-22 06:33:29.273 2840 2840 I wm_on_resume_called: [168390208,com.android.launcher3.uioverrides.QuickstepLauncher,RESUME_ACTIVITY]
11-22 06:33:29.279 1489 1636 I input_focus: [Focus request 3cc67bf com.android.launcher3/com.android.launcher3.uioverrides.QuickstepLauncher,reason=UpdateInputWindows]
11-22 06:33:29.282 13759 13759 I sysui_multi_action: [757,35,758,2,1089,8211]
11-22 06:33:29.283 1489 2012 I input_focus: [Focus leaving recents_animation_input_consumer (server),reason=NOT_VISIBLE]
11-22 06:33:29.284 13759 13759 I sysui_multi_action: [757,20,758,2,1089,7965]
11-22 06:33:29.286 13759 13759 I wm_on_paused_called: [116431364,com.android.settings.homepage.SettingsHomepageActivity,performPause]
11-22 06:33:29.286 2840 2840 I wm_on_top_resumed_gained_called: [168390208,com.android.launcher3.uioverrides.QuickstepLauncher,topStateChangedWhenResumed]
11-22 06:33:29.287 1489 1634 I sysui_multi_action: [757,803,799,window_time_0,802,1]
11-22 06:33:29.296 1489 3542 I wm_stop_activity: [0,116431364,com.android.settings/.homepage.SettingsHomepageActivity]
11-22 06:33:29.299 1489 2012 I input_focus: [Focus entering 3cc67bf com.android.launcher3/com.android.launcher3.uioverrides.QuickstepLauncher (server),reason=setFocusedWindow]
11-22 06:33:29.300 1489 1634 I sysui_multi_action: [757,803,799,window_time_0,802,0]
11-22 06:33:29.327 13759 13759 I wm_on_stop_called: [116431364,com.android.settings.homepage.SettingsHomepageActivity,STOP_ACTIVITY_ITEM]
11-22 06:33:29.380 1489 5500 I wm_finish_activity: [0,116431364,141,com.android.settings/.homepage.SettingsHomepageActivity,remove-task]
11-22 06:33:29.381 1489 5500 I wm_destroy_activity: [0,116431364,141,com.android.settings/.homepage.SettingsHomepageActivity,finish-imm:finishIfPossible]
11-22 06:33:29.385 1489 1634 I am_kill : [0,13759,com.android.settings,900,remove task]
11-22 06:33:29.389 1489 1634 I sysui_multi_action: [757,803,799,window_time_0,802,0]
11-22 06:33:29.437 1489 1596 I am_proc_died: [0,13759,com.android.settings,900,18]
11-22 06:33:29.444 1489 1596 I wm_task_removed: [141,removeChild:removeChild last r=ActivityRecord{6f09a04 u0 com.android.settings/.homepage.SettingsHomepageActivity t-1 f}} in t=Task{67af3e6 #141 type=standard A=1000:com.android.settings.root U=0 visible=false mode=fullscreen translucent=true sz=0}]
11-22 06:33:29.444 1489 1596 I wm_task_removed: [141,removeChild]
11-22 06:33:29.462 1489 1651 I am_proc_start: [0,14639,1000,com.android.settings,NULL,]
11-22 06:33:29.492 1489 2461 I am_proc_bound: [0,14639,com.android.settings]
11-22 06:33:29.748 1489 2012 I input_interaction: Interaction with: 3cc67bf com.android.launcher3/com.android.launcher3.uioverrides.QuickstepLauncher (server), 6449bab com.android.systemui.ImageWallpaper (server), edge-swipe (server), swipe-up (server), PointerEventDispatcher0 (server),
11-22 06:33:30.304 1489 1634 I am_kill : [0,14459,com.android.deskclock,900,remove task]
11-22 06:33:30.307 1489 1634 I sysui_multi_action: [757,803,799,window_time_0,802,1]
11-22 06:33:30.365 1489 2461 I am_proc_died: [0,14459,com.android.deskclock,900,18]
11-22 06:33:30.366 1489 2461 I am_uid_stopped: 10066
11-22 06:33:30.370 1489 1634 I am_uid_running: 10066
11-22 06:33:30.386 1489 1651 I am_proc_start: [0,14654,10066,com.android.deskclock,NULL,]
11-22 06:33:30.420 1489 2461 I am_proc_bound: [0,14654,com.android.deskclock]
11-22 06:33:33.242 1489 2851 I wm_task_created: [153,-1]
11-22 06:33:33.250 1489 2851 I wm_task_moved: [153,1,6]
11-22 06:33:33.250 1489 2851 I wm_task_to_front: [0,153]
11-22 06:33:33.251 1489 2851 I wm_create_task: [0,153]
11-22 06:33:33.251 1489 2851 I wm_create_activity: [0,96211231,153,com.sohu.inputmethod.sogou.car/.settingsui.SogouSettingsActivity,NULL,NULL,NULL,276856832]
11-22 06:33:33.251 1489 2851 I wm_task_moved: [153,1,6]
11-22 06:33:33.259 1489 1634 I am_uid_running: 10018
11-22 06:33:33.260 2840 2840 I wm_on_top_resumed_lost_called: [168390208,com.android.launcher3.uioverrides.QuickstepLauncher,topStateChangedWhenResumed]
11-22 06:33:33.280 1489 1651 I am_proc_start: [0,14679,10018,com.sohu.inputmethod.sogou.car,top-activity,{com.sohu.inputmethod.sogou.car/com.sohu.inputmethod.sogou.car.settingsui.SogouSettingsActivity}]
11-22 06:33:33.304 1489 2851 I am_proc_bound: [0,14679,com.sohu.inputmethod.sogou.car]
11-22 06:33:33.311 1489 2851 I wm_restart_activity: [0,96211231,153,com.sohu.inputmethod.sogou.car/.settingsui.SogouSettingsActivity]
11-22 06:33:33.314 1489 2851 I wm_set_resumed_activity: [0,com.sohu.inputmethod.sogou.car/.settingsui.SogouSettingsActivity,minimalResumeActivityLocked]
11-22 06:33:33.315 1489 2851 I am_uid_active: 10018
11-22 06:33:33.335 14679 14679 I auditd : type=1400 audit(0.0:1608): avc: denied { read } for comm="ethod.sogou.car" name="filesystems" dev="proc" ino=4026532295 scontext=u:r:priv_app:s0:c512,c768 tcontext=u:object_r:proc_filesystems:s0 tclass=file permissive=0 app=com.sohu.inputmethod.sogou.car
11-22 06:33:33.336 1489 1650 I am_wtf : [0,14679,com.sohu.inputmethod.sogou.car,948485701,SystemConfig,SystemConfig is being accessed by a process other than system_server.]
11-22 06:33:33.363 14679 14679 I auditd : type=1400 audit(0.0:1609): avc: denied { read } for comm="ethod.sogou.car" name="anr" dev="dm-10" ino=34 scontext=u:r:priv_app:s0:c512,c768 tcontext=u:object_r:anr_data_file:s0 tclass=dir permissive=0 app=com.sohu.inputmethod.sogou.car
11-22 06:33:33.416 14679 14679 I wm_on_create_called: [96211231,com.sohu.inputmethod.sogou.car.settingsui.SogouSettingsActivity,performCreate]
11-22 06:33:33.416 14679 14679 I wm_on_start_called: [96211231,com.sohu.inputmethod.sogou.car.settingsui.SogouSettingsActivity,handleStartActivity]
11-22 06:33:33.418 14679 14679 I wm_on_resume_called: [96211231,com.sohu.inputmethod.sogou.car.settingsui.SogouSettingsActivity,RESUME_ACTIVITY]
11-22 06:33:33.428 14679 14679 I wm_on_top_resumed_gained_called: [96211231,com.sohu.inputmethod.sogou.car.settingsui.SogouSettingsActivity,topStateChangedWhenResumed]
11-22 06:33:33.454 1489 1636 I input_focus: [Focus request 443f16e com.sohu.inputmethod.sogou.car/com.sohu.inputmethod.sogou.car.settingsui.SogouSettingsActivity,reason=UpdateInputWindows]
11-22 06:33:33.476 1489 2012 I input_focus: [Focus leaving 3cc67bf com.android.launcher3/com.android.launcher3.uioverrides.QuickstepLauncher (server),reason=Waiting for window because NOT_VISIBLE]
11-22 06:33:33.507 1489 1631 I sysui_multi_action: [319,271,322,271,325,13001,757,761,758,7,759,2,806,com.sohu.inputmethod.sogou.car,871,com.sohu.inputmethod.sogou.car.settingsui.SogouSettingsActivity,904,com.android.launcher3,905,0,945,75,1320,4,1321,2]
11-22 06:33:33.509 1489 1631 I wm_activity_launch_time: [0,96211231,com.sohu.inputmethod.sogou.car/.settingsui.SogouSettingsActivity,271]
11-22 06:33:33.514 1489 2012 I input_focus: [Focus entering 443f16e com.sohu.inputmethod.sogou.car/com.sohu.inputmethod.sogou.car.settingsui.SogouSettingsActivity (server),reason=Window became focusable. Previous reason: NOT_VISIBLE]
11-22 06:33:34.096 1489 2461 I wm_task_created: [154,-1]
11-22 06:33:34.105 1489 2461 I wm_task_moved: [154,1,7]
11-22 06:33:34.105 1489 2461 I wm_task_to_front: [0,154]
11-22 06:33:34.106 1489 2461 I wm_create_task: [0,154]
11-22 06:33:34.106 1489 2461 I wm_create_activity: [0,92581220,154,com.android.music/.MusicBrowserActivity,android.intent.action.MAIN,NULL,NULL,270532608]
11-22 06:33:34.106 14679 14679 I wm_on_top_resumed_lost_called: [96211231,com.sohu.inputmethod.sogou.car.settingsui.SogouSettingsActivity,topStateChangedWhenResumed]
11-22 06:33:34.107 1489 2461 I wm_task_moved: [154,1,7]
11-22 06:33:34.110 1489 2461 I wm_pause_activity: [0,168390208,com.android.launcher3/.uioverrides.QuickstepLauncher,userLeaving=true,pauseBackTasks]
11-22 06:33:34.125 2840 2840 I wm_on_paused_called: [168390208,com.android.launcher3.uioverrides.QuickstepLauncher,performPause]
11-22 06:33:34.129 1489 2461 I wm_add_to_stopping: [0,168390208,com.android.launcher3/.uioverrides.QuickstepLauncher,makeInvisible]
11-22 06:33:34.130 1489 2461 I wm_restart_activity: [0,92581220,154,com.android.music/.MusicBrowserActivity]
11-22 06:33:34.132 1489 2461 I wm_set_resumed_activity: [0,com.android.music/.MusicBrowserActivity,minimalResumeActivityLocked]
11-22 06:33:34.144 1489 1634 I sysui_multi_action: [757,803,799,window_time_0,802,4]
11-22 06:33:34.180 13758 13758 I wm_on_create_called: [92581220,com.android.music.MusicBrowserActivity,performCreate]
11-22 06:33:34.186 13758 13758 I wm_on_start_called: [92581220,com.android.music.MusicBrowserActivity,handleStartActivity]
11-22 06:33:34.187 13758 13758 I wm_on_resume_called: [92581220,com.android.music.MusicBrowserActivity,RESUME_ACTIVITY]
11-22 06:33:34.190 13758 13758 I wm_on_top_resumed_gained_called: [92581220,com.android.music.MusicBrowserActivity,topStateChangedWhenResumed]
11-22 06:33:34.204 1489 1489 I notification_enqueue: [10090,13758,com.android.music,1,NULL,0,Notification(channel=Channel-music shortcut=null contentView=null vibrate=null sound=null defaults=0x0 flags=0x40 color=0x00000000 category=transport actions=4 vis=PRIVATE),1]
11-22 06:33:34.207 1489 1489 I notification_enqueue: [10090,13758,com.android.music,1,NULL,0,Notification(channel=Channel-music shortcut=null contentView=null vibrate=null sound=null defaults=0x0 flags=0x40 color=0x00000000 category=transport actions=4 vis=PRIVATE),1]
11-22 06:33:34.223 1489 1489 I notification_enqueue: [10090,13758,com.android.music,1,NULL,0,Notification(channel=Channel-music shortcut=null contentView=null vibrate=null sound=null defaults=0x0 flags=0x40 color=0x00000000 category=transport actions=4 vis=PRIVATE),1]
11-22 06:33:34.224 1489 1489 I notification_enqueue: [10090,13758,com.android.music,1,NULL,0,Notification(channel=Channel-music shortcut=null contentView=null vibrate=null sound=null defaults=0x0 flags=0x40 color=0x00000000 category=transport actions=4 vis=PRIVATE),1]
11-22 06:33:34.257 1489 1636 I input_focus: [Focus request cd91ea9 com.android.music/com.android.music.MusicBrowserActivity,reason=UpdateInputWindows]
11-22 06:33:34.278 1489 1631 I sysui_multi_action: [319,77,321,73,322,195,325,13002,757,761,758,8,759,1,806,com.android.music,871,com.android.music.MusicBrowserActivity,904,com.android.launcher3,905,0,1320,4,1321,1]
11-22 06:33:34.278 1489 2012 I input_focus: [Focus leaving 443f16e com.sohu.inputmethod.sogou.car/com.sohu.inputmethod.sogou.car.settingsui.SogouSettingsActivity (server),reason=Waiting for window because NOT_VISIBLE]
11-22 06:33:34.278 1489 1631 I wm_activity_launch_time: [0,92581220,com.android.music/.MusicBrowserActivity,195]
11-22 06:33:34.295 1489 2012 I input_focus: [Focus entering cd91ea9 com.android.music/com.android.music.MusicBrowserActivity (server),reason=Window became focusable. Previous reason: NOT_VISIBLE]
11-22 06:33:34.700 1489 1634 I wm_stop_activity: [0,168390208,com.android.launcher3/.uioverrides.QuickstepLauncher]
11-22 06:33:34.729 2840 2840 I wm_on_stop_called: [168390208,com.android.launcher3.uioverrides.QuickstepLauncher,STOP_ACTIVITY_ITEM]
11-22 06:33:35.604 1489 2012 I input_interaction: Interaction with: cd91ea9 com.android.music/com.android.music.MusicBrowserActivity (server), edge-swipe (server), swipe-up (server), PointerEventDispatcher0 (server),
11-22 06:33:35.624 1489 5500 I wm_task_moved: [1,0,0]
11-22 06:33:35.624 1489 5500 I wm_task_moved: [1,0,6]
11-22 06:33:35.654 2840 2840 I wm_on_restart_called: [168390208,com.android.launcher3.uioverrides.QuickstepLauncher,performRestartActivity]
11-22 06:33:35.657 1489 7614 I wm_finish_activity: [0,96211231,153,com.sohu.inputmethod.sogou.car/.settingsui.SogouSettingsActivity,app-request]
11-22 06:33:35.665 1489 7614 I wm_pause_activity: [0,96211231,com.sohu.inputmethod.sogou.car/.settingsui.SogouSettingsActivity,userLeaving=false,finish]
11-22 06:33:35.667 14679 14679 I wm_on_paused_called: [96211231,com.sohu.inputmethod.sogou.car.settingsui.SogouSettingsActivity,performPause]
11-22 06:33:35.674 1489 5500 I wm_destroy_activity: [0,96211231,153,com.sohu.inputmethod.sogou.car/.settingsui.SogouSettingsActivity,finish-imm:completePausedLocked]
11-22 06:33:35.688 1489 1634 I sysui_multi_action: [757,803,799,window_time_0,802,2]
11-22 06:33:35.689 14679 14679 I wm_on_stop_called: [96211231,com.sohu.inputmethod.sogou.car.settingsui.SogouSettingsActivity,LIFECYCLER_STOP_ACTIVITY]
11-22 06:33:35.691 14679 14679 I wm_on_destroy_called: [96211231,com.sohu.inputmethod.sogou.car.settingsui.SogouSettingsActivity,performDestroy]
11-22 06:33:35.699 2840 2840 I wm_on_start_called: [168390208,com.android.launcher3.uioverrides.QuickstepLauncher,handleStartActivity]
11-22 06:33:35.706 1489 5394 I wm_task_removed: [153,removeChild:removeChild last r=ActivityRecord{5bc111f u0 com.sohu.inputmethod.sogou.car/.settingsui.SogouSettingsActivity t-1 f}} in t=Task{4c8dcbe #153 type=standard A=10018:com.sohu.inputmethod.sogou.car U=0 visible=false mode=freeform translucent=true sz=0}]
11-22 06:33:35.706 1489 5394 I wm_task_removed: [153,removeChild]
11-22 06:33:35.720 13758 13758 I view_enqueue_input_event: [Motion - Cancel,com.android.music/com.android.music.MusicBrowserActivity]
11-22 06:33:35.720 2840 2840 I sysui_latency: [1,107]
11-22 06:33:35.720 1489 2012 I input_interaction: Interaction with: edge-swipe (server), swipe-up (server), PointerEventDispatcher0 (server),
11-22 06:33:35.728 1489 1631 I sysui_multi_action: [319,21,322,92,325,13004,757,761,758,9,759,5,806,com.android.launcher3,871,com.android.launcher3.uioverrides.QuickstepLauncher,905,0,1320,8,1321,5]
11-22 06:33:35.728 1489 1636 I input_focus: [Focus request recents_animation_input_consumer,reason=UpdateInputWindows]
11-22 06:33:35.747 1489 2012 I input_focus: [Focus leaving cd91ea9 com.android.music/com.android.music.MusicBrowserActivity (server),reason=NOT_FOCUSABLE]
11-22 06:33:35.747 1489 2012 I input_focus: [Focus entering recents_animation_input_consumer (server),reason=setFocusedWindow]
11-22 06:33:35.904 1489 1751 I commit_sys_config_file: [settings-1-0,7]
11-22 06:33:36.017 1489 1648 I sysui_latency: [8,108]
11-22 06:33:36.603 1489 1751 I commit_sys_config_file: [settings-1-0,11]
11-22 06:33:37.537 1489 2012 I input_interaction: Interaction with: 3cc67bf com.android.launcher3/com.android.launcher3.uioverrides.QuickstepLauncher (server), edge-swipe (server), swipe-up (server), PointerEventDispatcher0 (server),
11-22 06:33:37.685 1489 2461 I wm_task_moved: [1,1,6]
11-22 06:33:37.689 1489 2461 I wm_focused_root_task: [0,0,1,154,RecentsAnimation.onAnimationFinished()]
11-22 06:33:37.689 13758 13758 I wm_on_top_resumed_lost_called: [92581220,com.android.music.MusicBrowserActivity,topStateChangedWhenResumed]
11-22 06:33:37.690 1489 2461 I wm_pause_activity: [0,92581220,com.android.music/.MusicBrowserActivity,userLeaving=false,pauseBackTasks]
11-22 06:33:37.691 1489 2461 I wm_set_resumed_activity: [0,com.android.launcher3/.uioverrides.QuickstepLauncher,resumeTopActivityInnerLocked]
11-22 06:33:37.693 1489 2461 I wm_resume_activity: [0,168390208,10,com.android.launcher3/.uioverrides.QuickstepLauncher]
11-22 06:33:37.693 1489 2461 I wm_add_to_stopping: [0,92581220,com.android.music/.MusicBrowserActivity,makeInvisible]
11-22 06:33:37.707 1489 1636 I input_focus: [Focus request 3cc67bf com.android.launcher3/com.android.launcher3.uioverrides.QuickstepLauncher,reason=UpdateInputWindows]
11-22 06:33:37.711 13758 13758 I wm_on_paused_called: [92581220,com.android.music.MusicBrowserActivity,performPause]
11-22 06:33:37.714 1489 5500 I wm_task_created: [155,-1]
11-22 06:33:37.720 1489 2012 I input_focus: [Focus leaving recents_animation_input_consumer (server),reason=NOT_VISIBLE]
11-22 06:33:37.721 1489 2012 I input_focus: [Focus entering 3cc67bf com.android.launcher3/com.android.launcher3.uioverrides.QuickstepLauncher (server),reason=setFocusedWindow]
11-22 06:33:37.722 1489 5500 I wm_task_moved: [155,1,7]
11-22 06:33:37.722 1489 5500 I wm_task_to_front: [0,155]
11-22 06:33:37.722 1489 5500 I wm_create_task: [0,155]
11-22 06:33:37.722 1489 5500 I wm_create_activity: [0,231639813,155,com.android.settings/.Settings,android.intent.action.MAIN,NULL,NULL,270532608]
11-22 06:33:37.722 1489 5500 I wm_task_moved: [155,1,7]
11-22 06:33:37.730 1489 5500 I wm_pause_activity: [0,168390208,com.android.launcher3/.uioverrides.QuickstepLauncher,userLeaving=true,pauseBackTasks]
11-22 06:33:37.735 1489 1634 I wm_stop_activity: [0,92581220,com.android.music/.MusicBrowserActivity]
11-22 06:33:37.738 1489 1634 I sysui_multi_action: [757,803,799,window_time_0,802,2]
11-22 06:33:37.741 2840 2840 I wm_on_resume_called: [168390208,com.android.launcher3.uioverrides.QuickstepLauncher,RESUME_ACTIVITY]
11-22 06:33:37.744 2840 2840 I wm_on_top_resumed_gained_called: [168390208,com.android.launcher3.uioverrides.QuickstepLauncher,topStateChangedWhenResumed]
11-22 06:33:37.745 2840 2840 I wm_on_top_resumed_lost_called: [168390208,com.android.launcher3.uioverrides.QuickstepLauncher,topStateChangedWhenResumed]
11-22 06:33:37.757 2840 2840 I wm_on_paused_called: [168390208,com.android.launcher3.uioverrides.QuickstepLauncher,performPause]
11-22 06:33:37.759 13758 13758 I wm_on_stop_called: [92581220,com.android.music.MusicBrowserActivity,STOP_ACTIVITY_ITEM]
11-22 06:33:37.759 1489 7614 I wm_add_to_stopping: [0,168390208,com.android.launcher3/.uioverrides.QuickstepLauncher,makeInvisible]
11-22 06:33:37.765 1489 7614 I wm_restart_activity: [0,231639813,155,com.android.settings/.Settings]
11-22 06:33:37.766 1489 7614 I wm_set_resumed_activity: [0,com.android.settings/.Settings,minimalResumeActivityLocked]
11-22 06:33:37.773 1489 1634 I sysui_multi_action: [757,803,799,window_time_0,802,0]
11-22 06:33:37.786 1489 2012 I input_focus: [Focus leaving 3cc67bf com.android.launcher3/com.android.launcher3.uioverrides.QuickstepLauncher (server),reason=NO_WINDOW]
11-22 06:33:37.786 1489 1648 I am_pss : [14340,10033,com.android.musicfx,29283328,23048192,0,152870912,0,19,7]
11-22 06:33:37.799 14639 14639 I wm_on_create_called: [231639813,com.android.settings.Settings,performCreate]
11-22 06:33:37.829 14639 14639 I wm_on_start_called: [231639813,com.android.settings.Settings,handleStartActivity]
11-22 06:33:37.830 14639 14639 I snet_event_log: [120484087,-1,]
11-22 06:33:37.830 14639 14639 I wm_on_resume_called: [231639813,com.android.settings.Settings,RESUME_ACTIVITY]
11-22 06:33:37.832 14639 14639 I sysui_multi_action: [757,35,758,1,833,0,1089,30]
11-22 06:33:37.838 14639 14639 I sysui_multi_action: [757,1729,758,4,854,isParalleledControllers:false,1089,37]
11-22 06:33:37.845 14639 14639 I wm_on_top_resumed_gained_called: [231639813,com.android.settings.Settings,topStateChangedWhenResumed]
11-22 06:33:37.880 1489 1636 I input_focus: [Focus request 59e2886 com.android.settings/com.android.settings.Settings,reason=UpdateInputWindows]
11-22 06:33:37.915 1489 1636 I sysui_multi_action: [324,1,757,1090,758,12,806,com.android.settings,871,com.android.settings.Settings,1091,203]
11-22 06:33:37.920 1489 1631 I sysui_multi_action: [319,79,321,76,322,203,325,13006,757,761,758,8,759,1,806,com.android.settings,871,com.android.settings.Settings,904,com.android.launcher3,905,0,1320,8,1321,5]
11-22 06:33:37.921 1489 1631 I wm_activity_launch_time: [0,231639813,com.android.settings/.Settings,203]
11-22 06:33:37.936 1489 2012 I input_focus: [Focus entering 59e2886 com.android.settings/com.android.settings.Settings (server),reason=Window became focusable. Previous reason: NOT_VISIBLE]
11-22 06:33:37.939 14639 14639 W CarrierConfigManager: Error getting config for subId -1 ICarrierConfigLoader is null
11-22 06:33:37.972 14639 14639 I sysui_multi_action: [757,746,758,1,833,0,1089,41]
11-22 06:33:37.973 1489 7614 D TelephonyRegistry: listen oscl: mHasNotifySubscriptionInfoChangedOccurred==false no callback
11-22 06:33:37.977 1489 7614 D TelephonyRegistry: listen oscl: mHasNotifySubscriptionInfoChangedOccurred==false no callback
11-22 06:33:37.989 14639 14639 I sysui_multi_action: [757,1729,758,4,854,isParalleledControllers:false,1089,58]
11-22 06:33:38.327 1489 1634 I wm_stop_activity: [0,168390208,com.android.launcher3/.uioverrides.QuickstepLauncher]
11-22 06:33:38.360 1489 7614 I wm_task_created: [156,-1]
11-22 06:33:38.369 1489 7614 I wm_task_moved: [156,1,8]
11-22 06:33:38.369 1489 7614 I wm_task_to_front: [0,156]
11-22 06:33:38.370 1489 7614 I wm_create_task: [0,156]
11-22 06:33:38.370 1489 7614 I wm_create_activity: [0,143240912,156,com.sohu.inputmethod.sogou.car/.settingsui.SogouSettingsActivity,NULL,NULL,NULL,276856832]
11-22 06:33:38.370 14639 14639 I wm_on_top_resumed_lost_called: [231639813,com.android.settings.Settings,topStateChangedWhenResumed]
11-22 06:33:38.370 1489 7614 I wm_task_moved: [156,1,8]
11-22 06:33:38.375 1489 7614 I wm_restart_activity: [0,143240912,156,com.sohu.inputmethod.sogou.car/.settingsui.SogouSettingsActivity]
11-22 06:33:38.377 1489 7614 I wm_set_resumed_activity: [0,com.sohu.inputmethod.sogou.car/.settingsui.SogouSettingsActivity,minimalResumeActivityLocked]
11-22 06:33:38.403 2840 2840 I wm_on_stop_called: [168390208,com.android.launcher3.uioverrides.QuickstepLauncher,STOP_ACTIVITY_ITEM]
11-22 06:33:38.404 14679 14679 I wm_on_create_called: [143240912,com.sohu.inputmethod.sogou.car.settingsui.SogouSettingsActivity,performCreate]
11-22 06:33:38.404 14679 14679 I wm_on_start_called: [143240912,com.sohu.inputmethod.sogou.car.settingsui.SogouSettingsActivity,handleStartActivity]
