11-22 07:11:14.259 1489 2012 I input_focus: [Focus leaving f0ae2dd com.android.gallery3d/com.android.gallery3d.app.GalleryActivity (server),reason=Waiting for window because NOT_VISIBLE]
11-22 07:11:14.275 1489 1631 I wm_activity_launch_time: [0,85182725,com.android.gallery3d/.app.MovieActivity,138]
11-22 07:11:14.291 1489 2012 I input_focus: [Focus entering afa5567 com.android.gallery3d/com.android.gallery3d.app.MovieActivity (server),reason=Window became focusable. Previous reason: NOT_VISIBLE]
11-22 07:11:14.404 1489 7595 I snet_event_log: [172655291,-1,]
11-22 07:11:15.341 1489 2012 I input_interaction: Interaction with: afa5567 com.android.gallery3d/com.android.gallery3d.app.MovieActivity (server), edge-swipe (server), swipe-up (server), PointerEventDispatcher0 (server),
11-22 07:11:22.874 1489 7595 I snet_event_log: [172655291,-1,]
11-22 07:11:55.580 1489 2012 I input_interaction: Interaction with: 3cc67bf com.android.launcher3/com.android.launcher3.uioverrides.QuickstepLauncher (server), 6449bab com.android.systemui.ImageWallpaper (server), edge-swipe (server), swipe-up (server), PointerEventDispatcher0 (server),
11-22 07:11:55.682 2840 2840 I view_enqueue_input_event: [Motion - Cancel,com.android.launcher3/com.android.launcher3.uioverrides.QuickstepLauncher]
11-22 07:11:55.684 1489 2012 I input_interaction: Interaction with: edge-swipe (server), swipe-up (server), PointerEventDispatcher0 (server),
11-22 07:11:55.983 1489 5500 I wm_task_moved: [1,1,8]
11-22 07:11:55.985 1489 5500 I wm_set_resumed_activity: [0,com.android.launcher3/.uioverrides.QuickstepLauncher,positionChildAt]
11-22 07:11:55.985 1489 5500 I wm_task_moved: [10,1,2147483647]
11-22 07:11:55.985 1489 5500 I wm_task_to_front: [0,10]
11-22 07:11:55.986 1489 5500 I wm_focused_root_task: [0,0,1,169,bringingFoundTaskToFront]
11-22 07:11:55.986 15162 15162 I wm_on_top_resumed_lost_called: [85182725,com.android.gallery3d.app.MovieActivity,topStateChangedWhenResumed]
11-22 07:11:55.986 1489 5500 I wm_set_resumed_activity: [0,com.android.launcher3/.uioverrides.QuickstepLauncher,bringingFoundTaskToFront]
11-22 07:11:55.987 1489 5500 I wm_new_intent: [0,168390208,10,com.android.launcher3/.uioverrides.QuickstepLauncher,android.intent.action.MAIN,NULL,NULL,268435712]
11-22 07:11:55.987 1489 5500 I wm_task_moved: [1,1,8]
11-22 07:11:55.988 1489 5500 I wm_set_resumed_activity: [0,com.android.launcher3/.uioverrides.QuickstepLauncher,positionChildAt]
11-22 07:11:55.997 1489 1636 I input_focus: [Focus request 3cc67bf com.android.launcher3/com.android.launcher3.uioverrides.QuickstepLauncher,reason=UpdateInputWindows]
11-22 07:11:55.999 2840 2840 I wm_on_paused_called: [168390208,com.android.launcher3.uioverrides.QuickstepLauncher,performPause]
11-22 07:11:56.010 2840 2840 I wm_on_resume_called: [168390208,com.android.launcher3.uioverrides.QuickstepLauncher,LIFECYCLER_RESUME_ACTIVITY]
11-22 07:11:56.011 2840 2840 I wm_on_top_resumed_gained_called: [168390208,com.android.launcher3.uioverrides.QuickstepLauncher,topStateChangedWhenResumed]
11-22 07:11:56.040 1489 2012 I input_focus: [Focus leaving afa5567 com.android.gallery3d/com.android.gallery3d.app.MovieActivity (server),reason=setFocusedWindow]
11-22 07:11:56.041 1489 2012 I input_focus: [Focus entering 3cc67bf com.android.launcher3/com.android.launcher3.uioverrides.QuickstepLauncher (server),reason=setFocusedWindow]
11-22 07:11:56.281 1489 2012 I input_interaction: Interaction with: 3cc67bf com.android.launcher3/com.android.launcher3.uioverrides.QuickstepLauncher (server), 6449bab com.android.systemui.ImageWallpaper (server), edge-swipe (server), swipe-up (server), PointerEventDispatcher0 (server),
11-22 07:11:56.391 2840 2840 I view_enqueue_input_event: [Motion - Cancel,com.android.launcher3/com.android.launcher3.uioverrides.QuickstepLauncher]
11-22 07:11:56.392 1489 2012 I input_interaction: Interaction with: edge-swipe (server), swipe-up (server), PointerEventDispatcher0 (server),
11-22 07:11:56.582 1489 1751 I commit_sys_config_file: [settings-1-0,8]
11-22 07:11:56.826 1489 1751 I commit_sys_config_file: [settings-1-0,4]
11-22 07:11:56.930 1489 2835 I wm_finish_activity: [0,85182725,169,com.android.gallery3d/.app.MovieActivity,app-request]
11-22 07:11:56.946 1489 2835 I wm_pause_activity: [0,85182725,com.android.gallery3d/.app.MovieActivity,userLeaving=false,finish]
11-22 07:11:56.951 1489 2835 I wm_finish_activity: [0,34855851,169,com.android.gallery3d/.app.GalleryActivity,app-request]
11-22 07:11:56.952 1489 2835 I wm_destroy_activity: [0,34855851,169,com.android.gallery3d/.app.GalleryActivity,finish-imm:finishIfPossible]
11-22 07:11:56.961 1489 2012 I input_interaction: Interaction with: 3cc67bf com.android.launcher3/com.android.launcher3.uioverrides.QuickstepLauncher (server), PointerEventDispatcher0 (server),
11-22 07:11:57.025 15162 15162 I wm_on_paused_called: [85182725,com.android.gallery3d.app.MovieActivity,performPause]
11-22 07:11:57.027 1489 2835 I wm_destroy_activity: [0,85182725,169,com.android.gallery3d/.app.MovieActivity,finish-imm:completePausedLocked]
11-22 07:11:57.031 1489 1634 I sysui_multi_action: [757,803,799,window_time_2,802,43]
11-22 07:11:57.038 15162 15162 I wm_on_stop_called: [34855851,com.android.gallery3d.app.GalleryActivity,LIFECYCLER_STOP_ACTIVITY]
11-22 07:11:57.042 15162 15162 I wm_on_destroy_called: [34855851,com.android.gallery3d.app.GalleryActivity,performDestroy]
11-22 07:11:57.064 15162 15162 I wm_on_stop_called: [85182725,com.android.gallery3d.app.MovieActivity,LIFECYCLER_STOP_ACTIVITY]
11-22 07:11:57.065 15162 15162 I wm_on_destroy_called: [85182725,com.android.gallery3d.app.MovieActivity,performDestroy]
11-22 07:11:57.257 1489 1636 I wm_task_removed: [169,removeChild:removeChild last r=ActivityRecord{213dbab u0 com.android.gallery3d/.app.GalleryActivity t-1 f}} in t=Task{e055425 #169 type=standard A=10069:com.android.gallery3d U=0 visible=false mode=freeform translucent=true sz=0}]
11-22 07:11:57.257 1489 1636 I wm_task_removed: [169,removeChild]
11-22 07:11:59.083 1489 2012 I input_interaction: Interaction with: 3cc67bf com.android.launcher3/com.android.launcher3.uioverrides.QuickstepLauncher (server), 6449bab com.android.systemui.ImageWallpaper (server), edge-swipe (server), swipe-up (server), PointerEventDispatcher0 (server),
11-22 07:11:59.235 1489 2835 I wm_task_moved: [1,1,8]
11-22 07:11:59.235 1489 2835 I wm_set_resumed_activity: [0,com.android.launcher3/.uioverrides.QuickstepLauncher,positionChildAt]
11-22 07:11:59.250 1489 2835 I wm_task_moved: [165,1,8]
11-22 07:11:59.250 1489 2835 I wm_task_to_front: [0,165]
11-22 07:11:59.251 1489 2835 I wm_focused_root_task: [0,0,165,1,reuseOrNewTask]
11-22 07:11:59.251 1489 2835 I wm_create_activity: [0,110522872,165,com.android.calendar/.AllInOneActivity,NULL,NULL,NULL,269516800]
11-22 07:11:59.254 1489 2835 I wm_restart_activity: [0,110522872,165,com.android.calendar/.AllInOneActivity]
11-22 07:11:59.256 1489 2835 I wm_set_resumed_activity: [0,com.android.calendar/.AllInOneActivity,minimalResumeActivityLocked]
11-22 07:11:59.261 1489 1634 I am_uid_active: 10068
11-22 07:11:59.265 2840 2840 I wm_on_top_resumed_lost_called: [168390208,com.android.launcher3.uioverrides.QuickstepLauncher,topStateChangedWhenResumed]
11-22 07:11:59.284 1489 7595 I am_uid_running: 10032
11-22 07:11:59.292 1489 1651 I am_proc_start: [0,16557,10032,com.android.providers.calendar,content provider,{com.android.providers.calendar/com.android.providers.calendar.CalendarProvider2}]
11-22 07:11:59.308 16340 16340 I wm_on_create_called: [110522872,com.android.calendar.AllInOneActivity,performCreate]
11-22 07:11:59.313 1489 5500 I am_proc_bound: [0,16557,com.android.providers.calendar]
11-22 07:11:59.317 1489 5500 I am_uid_active: 10032
11-22 07:11:59.323 16340 16340 I wm_on_start_called: [110522872,com.android.calendar.AllInOneActivity,handleStartActivity]
11-22 07:11:59.325 16340 16340 I wm_on_resume_called: [110522872,com.android.calendar.AllInOneActivity,RESUME_ACTIVITY]
11-22 07:11:59.330 16340 16340 I wm_on_top_resumed_gained_called: [110522872,com.android.calendar.AllInOneActivity,topStateChangedWhenResumed]
11-22 07:11:59.347 1489 1636 I input_focus: [Focus request e79e41a com.android.calendar/com.android.calendar.AllInOneActivity,reason=UpdateInputWindows]
11-22 07:11:59.365 1489 2012 I input_focus: [Focus leaving 3cc67bf com.android.launcher3/com.android.launcher3.uioverrides.QuickstepLauncher (server),reason=Waiting for window because NOT_VISIBLE]
11-22 07:11:59.385 1489 1631 I sysui_multi_action: [319,146,322,146,325,15307,757,761,758,8,759,2,806,com.android.calendar,871,com.android.calendar.AllInOneActivity,904,com.android.launcher3,905,0,1320,17,1321,1]
11-22 07:11:59.386 1489 1631 I wm_activity_launch_time: [0,110522872,com.android.calendar/.AllInOneActivity,146]
11-22 07:11:59.397 1489 2012 I input_focus: [Focus entering e79e41a com.android.calendar/com.android.calendar.AllInOneActivity (server),reason=Window became focusable. Previous reason: NOT_VISIBLE]
11-22 07:12:01.113 2840 2840 I view_enqueue_input_event: [Motion - Cancel,com.android.launcher3/com.android.launcher3.uioverrides.QuickstepLauncher]
11-22 07:12:01.124 1489 2012 I input_interaction: Interaction with: edge-swipe (server), swipe-up (server), PointerEventDispatcher0 (server),
11-22 07:12:01.426 1489 5500 I wm_task_moved: [1,1,8]
11-22 07:12:01.428 1489 5500 I wm_set_resumed_activity: [0,com.android.launcher3/.uioverrides.QuickstepLauncher,positionChildAt]
11-22 07:12:01.428 1489 5500 I wm_task_moved: [10,1,2147483647]
11-22 07:12:01.428 1489 5500 I wm_task_to_front: [0,10]
11-22 07:12:01.429 16340 16340 I wm_on_top_resumed_lost_called: [110522872,com.android.calendar.AllInOneActivity,topStateChangedWhenResumed]
11-22 07:12:01.429 1489 5500 I wm_focused_root_task: [0,0,1,165,bringingFoundTaskToFront]
11-22 07:12:01.429 1489 5500 I wm_set_resumed_activity: [0,com.android.launcher3/.uioverrides.QuickstepLauncher,bringingFoundTaskToFront]
11-22 07:12:01.430 1489 5500 I wm_new_intent: [0,168390208,10,com.android.launcher3/.uioverrides.QuickstepLauncher,android.intent.action.MAIN,NULL,NULL,268435712]
11-22 07:12:01.431 1489 5500 I wm_task_moved: [1,1,8]
11-22 07:12:01.431 1489 5500 I wm_set_resumed_activity: [0,com.android.launcher3/.uioverrides.QuickstepLauncher,positionChildAt]
11-22 07:12:01.441 1489 1636 I input_focus: [Focus request 3cc67bf com.android.launcher3/com.android.launcher3.uioverrides.QuickstepLauncher,reason=UpdateInputWindows]
11-22 07:12:01.443 2840 2840 I wm_on_paused_called: [168390208,com.android.launcher3.uioverrides.QuickstepLauncher,performPause]
11-22 07:12:01.447 2840 2840 I wm_on_resume_called: [168390208,com.android.launcher3.uioverrides.QuickstepLauncher,LIFECYCLER_RESUME_ACTIVITY]
11-22 07:12:01.448 2840 2840 I wm_on_top_resumed_gained_called: [168390208,com.android.launcher3.uioverrides.QuickstepLauncher,topStateChangedWhenResumed]
11-22 07:12:01.456 1489 2012 I input_focus: [Focus leaving e79e41a com.android.calendar/com.android.calendar.AllInOneActivity (server),reason=setFocusedWindow]
11-22 07:12:01.456 1489 2012 I input_focus: [Focus entering 3cc67bf com.android.launcher3/com.android.launcher3.uioverrides.QuickstepLauncher (server),reason=setFocusedWindow]
11-22 07:12:02.080 1489 2012 I input_interaction: Interaction with: 3cc67bf com.android.launcher3/com.android.launcher3.uioverrides.QuickstepLauncher (server), 6449bab com.android.systemui.ImageWallpaper (server), edge-swipe (server), swipe-up (server), PointerEventDispatcher0 (server),
11-22 07:12:02.216 2840 2840 I view_enqueue_input_event: [Motion - Cancel,com.android.launcher3/com.android.launcher3.uioverrides.QuickstepLauncher]
11-22 07:12:02.220 1489 2012 I input_interaction: Interaction with: edge-swipe (server), swipe-up (server), PointerEventDispatcher0 (server),
11-22 07:12:02.392 1489 1751 I commit_sys_config_file: [settings-1-0,4]
11-22 07:12:02.810 1489 1751 I commit_sys_config_file: [settings-1-0,4]
11-22 07:12:04.859 1489 2012 I input_interaction: Interaction with: e79e41a com.android.calendar/com.android.calendar.AllInOneActivity (server), edge-swipe (server), swipe-up (server), PointerEventDispatcher0 (server),
11-22 07:12:04.864 1489 1634 I wm_task_moved: [165,1,8]
11-22 07:12:04.864 1489 1634 I wm_task_to_front: [0,165]
11-22 07:12:04.871 2840 2840 I wm_on_top_resumed_lost_called: [168390208,com.android.launcher3.uioverrides.QuickstepLauncher,topStateChangedWhenResumed]
11-22 07:12:04.871 1489 1634 I wm_set_resumed_activity: [0,com.android.calendar/.AllInOneActivity,positionChildAt]
11-22 07:12:04.871 1489 1634 I wm_focused_root_task: [0,0,165,1,setFocusedTask]
11-22 07:12:04.871 1489 1634 I wm_set_resumed_activity: [0,com.android.calendar/.AllInOneActivity,setFocusedTask]
11-22 07:12:04.873 1489 1636 I input_focus: [Focus request e79e41a com.android.calendar/com.android.calendar.AllInOneActivity,reason=UpdateInputWindows]
11-22 07:12:04.888 16340 16340 I wm_on_top_resumed_gained_called: [110522872,com.android.calendar.AllInOneActivity,topStateChangedWhenResumed]
11-22 07:12:04.892 1489 2012 I input_focus: [Focus leaving 3cc67bf com.android.launcher3/com.android.launcher3.uioverrides.QuickstepLauncher (server),reason=setFocusedWindow]
11-22 07:12:04.892 1489 2012 I input_focus: [Focus entering e79e41a com.android.calendar/com.android.calendar.AllInOneActivity (server),reason=setFocusedWindow]
11-22 07:12:05.023 1489 7595 I wm_relaunch_resume_activity: [0,110522872,165,com.android.calendar/.AllInOneActivity]
11-22 07:12:05.023 1489 7595 I wm_add_to_stopping: [0,168390208,com.android.launcher3/.uioverrides.QuickstepLauncher,makeInvisible]
11-22 07:12:05.041 16340 16340 I wm_on_top_resumed_lost_called: [110522872,com.android.calendar.AllInOneActivity,pausing]
11-22 07:12:05.043 16340 16340 I wm_on_paused_called: [110522872,com.android.calendar.AllInOneActivity,performPause]
11-22 07:12:05.043 16340 16340 I wm_on_stop_called: [110522872,com.android.calendar.AllInOneActivity,handleRelaunchActivity]
11-22 07:12:05.044 16340 16340 I wm_on_destroy_called: [110522872,com.android.calendar.AllInOneActivity,performDestroy]
11-22 07:12:05.066 16340 16340 I wm_on_create_called: [110522872,com.android.calendar.AllInOneActivity,performCreate]
11-22 07:12:05.083 16340 16340 I wm_on_start_called: [110522872,com.android.calendar.AllInOneActivity,handleStartActivity]
11-22 07:12:05.087 16340 16340 I wm_on_resume_called: [110522872,com.android.calendar.AllInOneActivity,RESUME_ACTIVITY]
11-22 07:12:05.088 16340 16340 I wm_on_top_resumed_gained_called: [110522872,com.android.calendar.AllInOneActivity,topWhenResuming]
11-22 07:12:05.448 1489 1634 I wm_stop_activity: [0,168390208,com.android.launcher3/.uioverrides.QuickstepLauncher]
11-22 07:12:05.478 2840 2840 I wm_on_paused_called: [168390208,com.android.launcher3.uioverrides.QuickstepLauncher,performPause]
11-22 07:12:05.484 2840 2840 I wm_on_stop_called: [168390208,com.android.launcher3.uioverrides.QuickstepLauncher,STOP_ACTIVITY_ITEM]
11-22 07:12:06.367 1489 2835 I wm_task_moved: [1,0,0]
11-22 07:12:06.367 1489 2835 I wm_task_moved: [1,0,7]
11-22 07:12:06.375 2840 2840 I wm_on_restart_called: [168390208,com.android.launcher3.uioverrides.QuickstepLauncher,performRestartActivity]
11-22 07:12:06.393 2840 2840 I wm_on_start_called: [168390208,com.android.launcher3.uioverrides.QuickstepLauncher,handleStartActivity]
11-22 07:12:06.417 1489 1631 I sysui_multi_action: [319,14,322,42,325,15314,757,761,758,9,759,5,806,com.android.launcher3,871,com.android.launcher3.uioverrides.QuickstepLauncher,905,0,1320,8,1321,5]
11-22 07:12:06.443 16340 16340 I view_enqueue_input_event: [Motion - Cancel,com.android.calendar/com.android.calendar.AllInOneActivity]
11-22 07:12:06.446 2840 2840 I sysui_latency: [1,53]
11-22 07:12:06.455 1489 2012 I input_interaction: Interaction with: edge-swipe (server), swipe-up (server), PointerEventDispatcher0 (server),
11-22 07:12:06.461 1489 1636 I input_focus: [Focus request recents_animation_input_consumer,reason=UpdateInputWindows]
11-22 07:12:06.483 1489 2012 I input_focus: [Focus leaving e79e41a com.android.calendar/com.android.calendar.AllInOneActivity (server),reason=NOT_FOCUSABLE]
11-22 07:12:06.483 1489 2012 I input_focus: [Focus entering recents_animation_input_consumer (server),reason=setFocusedWindow]
11-22 07:12:06.603 1489 1751 I commit_sys_config_file: [settings-1-0,12]
11-22 07:12:06.711 1489 1648 I sysui_latency: [8,54]
11-22 07:12:07.331 1489 1751 I commit_sys_config_file: [settings-1-0,6]
11-22 07:12:09.864 1489 2012 I input_interaction: Interaction with: 3cc67bf com.android.launcher3/com.android.launcher3.uioverrides.QuickstepLauncher (server), edge-swipe (server), swipe-up (server), PointerEventDispatcher0 (server),
11-22 07:12:09.992 1489 1948 I wm_relaunch_activity: [0,212012576,166,com.android.music/.MusicBrowserActivity]
11-22 07:12:09.996 1489 1948 I wm_task_moved: [1,1,8]
11-22 07:12:09.998 1489 1948 I wm_focused_root_task: [0,0,1,165,startActivityFromRecents]
11-22 07:12:09.998 1489 1948 I wm_task_moved: [166,1,8]
11-22 07:12:09.998 1489 1948 I wm_task_to_front: [0,166]
11-22 07:12:09.998 1489 1948 I wm_focused_root_task: [0,0,166,1,moveTaskToFront findTaskToMoveToFront]
11-22 07:12:09.999 1489 1948 I wm_set_resumed_activity: [0,com.android.music/.MusicBrowserActivity,moveTaskToFront findTaskToMoveToFront]
11-22 07:12:10.000 1489 1948 I wm_pause_activity: [0,110522872,com.android.calendar/.AllInOneActivity,userLeaving=true,pauseBackTasks]
11-22 07:12:10.004 16340 16340 I wm_on_top_resumed_lost_called: [110522872,com.android.calendar.AllInOneActivity,topStateChangedWhenResumed]
11-22 07:12:10.018 16340 16340 I wm_on_paused_called: [110522872,com.android.calendar.AllInOneActivity,performPause]
11-22 07:12:10.022 1489 7595 I wm_set_resumed_activity: [0,com.android.music/.MusicBrowserActivity,resumeTopActivityInnerLocked]
11-22 07:12:10.023 1489 7595 I wm_add_to_stopping: [0,110522872,com.android.calendar/.AllInOneActivity,makeInvisible]
11-22 07:12:10.024 15528 15528 I wm_on_destroy_called: [212012576,com.android.music.MusicBrowserActivity,performDestroy]
11-22 07:12:10.024 1489 7595 I wm_resume_activity: [0,212012576,166,com.android.music/.MusicBrowserActivity]
11-22 07:12:10.043 1489 1634 I sysui_multi_action: [757,803,799,window_time_0,802,13]
11-22 07:12:10.062 1489 1648 I am_pss : [16340,10068,com.android.calendar,58633216,53125120,0,175153152,0,2,8]
11-22 07:12:10.070 15528 15528 I wm_on_create_called: [212012576,com.android.music.MusicBrowserActivity,performCreate]
11-22 07:12:10.083 15528 15528 I wm_on_start_called: [212012576,com.android.music.MusicBrowserActivity,handleStartActivity]
11-22 07:12:10.084 15528 15528 I wm_on_resume_called: [212012576,com.android.music.MusicBrowserActivity,LIFECYCLER_RESUME_ACTIVITY]
11-22 07:12:10.086 15528 15528 I wm_on_paused_called: [212012576,com.android.music.MusicBrowserActivity,performPause]
11-22 07:12:10.094 1489 1636 I input_focus: [Focus request 9301c80 com.android.music/com.android.music.MusicBrowserActivity,reason=UpdateInputWindows]
11-22 07:12:10.104 15528 15528 I wm_on_resume_called: [212012576,com.android.music.MusicBrowserActivity,RESUME_ACTIVITY]
11-22 07:12:10.106 15528 15528 I wm_on_top_resumed_gained_called: [212012576,com.android.music.MusicBrowserActivity,topWhenResuming]
11-22 07:12:10.110 1489 1631 I sysui_multi_action: [319,108,322,107,325,15318,757,761,758,9,759,2,806,com.android.music,871,com.android.music.MusicBrowserActivity,904,android,905,0,1320,4,1321,1]
11-22 07:12:10.124 1489 2012 I input_focus: [Focus leaving recents_animation_input_consumer (server),reason=setFocusedWindow]
11-22 07:12:10.124 1489 2012 I input_focus: [Focus entering 9301c80 com.android.music/com.android.music.MusicBrowserActivity (server),reason=setFocusedWindow]
11-22 07:12:10.134 1489 1489 I notification_enqueue: [10090,15528,com.android.music,1,NULL,0,Notification(channel=Channel-music shortcut=null contentView=null vibrate=null sound=null defaults=0x0 flags=0x40 color=0x00000000 category=transport actions=4 vis=PRIVATE),1]
11-22 07:12:10.135 1489 1489 I notification_enqueue: [10090,15528,com.android.music,1,NULL,0,Notification(channel=Channel-music shortcut=null contentView=null vibrate=null sound=null defaults=0x0 flags=0x40 color=0x00000000 category=transport actions=4 vis=PRIVATE),1]
11-22 07:12:10.162 1489 1489 I notification_enqueue: [10090,15528,com.android.music,1,NULL,0,Notification(channel=Channel-music shortcut=null contentView=null vibrate=null sound=null defaults=0x0 flags=0x40 color=0x00000000 category=transport actions=4 vis=PRIVATE),1]
11-22 07:12:10.164 1489 1489 I notification_enqueue: [10090,15528,com.android.music,1,NULL,0,Notification(channel=Channel-music shortcut=null contentView=null vibrate=null sound=null defaults=0x0 flags=0x40 color=0x00000000 category=transport actions=4 vis=PRIVATE),1]
11-22 07:12:10.182 1489 1489 I notification_enqueue: [10090,15528,com.android.music,1,NULL,0,Notification(channel=Channel-music shortcut=null contentView=null vibrate=null sound=null defaults=0x0 flags=0x40 color=0x00000000 category=transport actions=4 vis=PRIVATE),1]
11-22 07:12:10.184 1489 1489 I notification_enqueue: [10090,15528,com.android.music,1,NULL,0,Notification(channel=Channel-music shortcut=null contentView=null vibrate=null sound=null defaults=0x0 flags=0x40 color=0x00000000 category=transport actions=4 vis=PRIVATE),1]
11-22 07:12:10.441 1489 6043 I wm_task_moved: [1,1,8]
11-22 07:12:10.442 1489 6043 I wm_task_moved: [10,1,2147483647]
11-22 07:12:10.442 1489 6043 I wm_task_to_front: [0,10]
11-22 07:12:10.442 1489 6043 I wm_focused_root_task: [0,0,1,166,RecentsAnimation.onAnimationFinished()]
11-22 07:12:10.442 1489 6043 I wm_set_resumed_activity: [0,com.android.launcher3/.uioverrides.QuickstepLauncher,RecentsAnimation.onAnimationFinished()]
11-22 07:12:10.443 1489 6043 I wm_set_resumed_activity: [0,com.android.launcher3/.uioverrides.QuickstepLauncher,resumeTopActivityInnerLocked]
11-22 07:12:10.443 1489 6043 I wm_resume_activity: [0,168390208,10,com.android.launcher3/.uioverrides.QuickstepLauncher]
11-22 07:12:10.448 1489 1634 I wm_stop_activity: [0,110522872,com.android.calendar/.AllInOneActivity]
11-22 07:12:10.451 1489 1636 I input_focus: [Focus request 3cc67bf com.android.launcher3/com.android.launcher3.uioverrides.QuickstepLauncher,reason=UpdateInputWindows]
11-22 07:12:10.452 15528 15528 I wm_on_top_resumed_lost_called: [212012576,com.android.music.MusicBrowserActivity,topStateChangedWhenResumed]
11-22 07:12:10.453 16340 16340 I wm_on_stop_called: [110522872,com.android.calendar.AllInOneActivity,STOP_ACTIVITY_ITEM]
11-22 07:12:10.453 1489 1634 I sysui_multi_action: [757,803,799,window_time_2,802,0]
11-22 07:12:10.455 2840 2840 I wm_on_resume_called: [168390208,com.android.launcher3.uioverrides.QuickstepLauncher,RESUME_ACTIVITY]
11-22 07:12:10.458 1489 2012 I input_focus: [Focus leaving 9301c80 com.android.music/com.android.music.MusicBrowserActivity (server),reason=setFocusedWindow]
11-22 07:12:10.459 1489 2012 I input_focus: [Focus entering 3cc67bf com.android.launcher3/com.android.launcher3.uioverrides.QuickstepLauncher (server),reason=setFocusedWindow]
11-22 07:12:10.460 2840 2840 I wm_on_top_resumed_gained_called: [168390208,com.android.launcher3.uioverrides.QuickstepLauncher,topStateChangedWhenResumed]
11-22 07:12:11.834 1489 2012 I input_interaction: Interaction with: 9301c80 com.android.music/com.android.music.MusicBrowserActivity (server), edge-swipe (server), swipe-up (server), PointerEventDispatcher0 (server),
11-22 07:12:11.836 1489 1634 I wm_task_moved: [166,1,8]
11-22 07:12:11.836 1489 1634 I wm_task_to_front: [0,166]
11-22 07:12:11.850 1489 1634 I wm_set_resumed_activity: [0,com.android.music/.MusicBrowserActivity,positionChildAt]
11-22 07:12:11.850 1489 1634 I wm_focused_root_task: [0,0,166,1,setFocusedTask]
11-22 07:12:11.850 1489 1634 I wm_set_resumed_activity: [0,com.android.music/.MusicBrowserActivity,setFocusedTask]
11-22 07:12:11.862 2840 2840 I wm_on_top_resumed_lost_called: [168390208,com.android.launcher3.uioverrides.QuickstepLauncher,topStateChangedWhenResumed]
11-22 07:12:11.865 1489 1636 I input_focus: [Focus request 9301c80 com.android.music/com.android.music.MusicBrowserActivity,reason=UpdateInputWindows]
11-22 07:12:11.875 15528 15528 I wm_on_top_resumed_gained_called: [212012576,com.android.music.MusicBrowserActivity,topStateChangedWhenResumed]
11-22 07:12:11.878 1489 2012 I input_focus: [Focus leaving 3cc67bf com.android.launcher3/com.android.launcher3.uioverrides.QuickstepLauncher (server),reason=setFocusedWindow]
11-22 07:12:11.879 1489 2012 I input_focus: [Focus entering 9301c80 com.android.music/com.android.music.MusicBrowserActivity (server),reason=setFocusedWindow]
11-22 07:12:11.968 1489 7565 I wm_finish_activity: [0,212012576,166,com.android.music/.MusicBrowserActivity,finish-activity]
11-22 07:12:11.968 1489 7565 I wm_task_moved: [1,1,8]
11-22 07:12:11.970 1489 7565 I wm_set_resumed_activity: [0,com.android.launcher3/.uioverrides.QuickstepLauncher,positionChildAt]
11-22 07:12:11.970 1489 7565 I wm_task_moved: [10,1,2147483647]
11-22 07:12:11.970 1489 7565 I wm_task_to_front: [0,10]
11-22 07:12:11.971 1489 7565 I wm_focused_root_task: [0,0,1,-1,finish-top adjustFocusToNextFocusableTask]
11-22 07:12:11.971 1489 7565 I wm_set_resumed_activity: [0,com.android.launcher3/.uioverrides.QuickstepLauncher,finish-top]
11-22 07:12:11.985 1489 7565 I wm_pause_activity: [0,212012576,com.android.music/.MusicBrowserActivity,userLeaving=false,finish]
11-22 07:12:11.997 1489 1636 I input_focus: [Focus request 3cc67bf com.android.launcher3/com.android.launcher3.uioverrides.QuickstepLauncher,reason=UpdateInputWindows]
11-22 07:12:12.001 15528 15528 I wm_on_top_resumed_lost_called: [212012576,com.android.music.MusicBrowserActivity,topStateChangedWhenResumed]
11-22 07:12:12.008 1489 1634 I sysui_multi_action: [757,803,799,window_time_0,802,2]
11-22 07:12:12.008 15528 15528 I wm_on_paused_called: [212012576,com.android.music.MusicBrowserActivity,performPause]
11-22 07:12:12.008 2840 2840 I wm_on_top_resumed_gained_called: [168390208,com.android.launcher3.uioverrides.QuickstepLauncher,topStateChangedWhenResumed]
11-22 07:12:12.010 1489 7565 I wm_destroy_activity: [0,212012576,166,com.android.music/.MusicBrowserActivity,finish-imm:completePausedLocked]
11-22 07:12:12.026 1489 1634 I sysui_multi_action: [757,803,799,window_time_0,802,0]
11-22 07:12:12.031 1489 2012 I input_focus: [Focus leaving 9301c80 com.android.music/com.android.music.MusicBrowserActivity (server),reason=NO_WINDOW]
11-22 07:12:12.031 1489 2012 I input_focus: [Focus entering 3cc67bf com.android.launcher3/com.android.launcher3.uioverrides.QuickstepLauncher (server),reason=setFocusedWindow]
11-22 07:12:12.049 15528 15528 I wm_on_stop_called: [212012576,com.android.music.MusicBrowserActivity,LIFECYCLER_STOP_ACTIVITY]
11-22 07:12:12.052 15528 15528 I wm_on_destroy_called: [212012576,com.android.music.MusicBrowserActivity,performDestroy]
11-22 07:12:12.310 1489 1636 I wm_task_removed: [166,removeChild:removeChild last r=ActivityRecord{ca30e20 u0 com.android.music/.MusicBrowserActivity t-1 f}} in t=Task{be39923 #166 type=standard A=10090:android.task.music U=0 visible=false mode=freeform translucent=true sz=0}]
11-22 07:12:12.310 1489 1636 I wm_task_removed: [166,removeChild]
11-22 07:12:13.393 1489 2012 I input_interaction: Interaction with: 3cc67bf com.android.launcher3/com.android.launcher3.uioverrides.QuickstepLauncher (server), 6449bab com.android.systemui.ImageWallpaper (server), edge-swipe (server), swipe-up (server), PointerEventDispatcher0 (server),
11-22 07:12:13.577 1489 2012 I input_interaction: Interaction with: edge-swipe (server), swipe-up (server), PointerEventDispatcher0 (server),
11-22 07:12:13.580 2840 2840 I view_enqueue_input_event: [Motion - Cancel,com.android.launcher3/com.android.launcher3.uioverrides.QuickstepLauncher]
11-22 07:12:13.742 1489 1751 I commit_sys_config_file: [settings-1-0,7]
11-22 07:12:14.065 1489 1751 I commit_sys_config_file: [settings-1-0,6]
11-22 07:12:14.816 1489 2012 I input_interaction: Interaction with: 3cc67bf com.android.launcher3/com.android.launcher3.uioverrides.QuickstepLauncher (server), 6449bab com.android.systemui.ImageWallpaper (server), edge-swipe (server), swipe-up (server), PointerEventDispatcher0 (server),
11-22 07:12:16.226 2840 2840 I view_enqueue_input_event: [Motion - Cancel,com.android.launcher3/com.android.launcher3.uioverrides.QuickstepLauncher]
11-22 07:12:16.233 1489 2012 I input_interaction: Interaction with: edge-swipe (server), swipe-up (server), PointerEventDispatcher0 (server),
11-22 07:12:16.412 1489 1751 I commit_sys_config_file: [settings-1-0,8]
11-22 07:12:16.688 1489 1751 I commit_sys_config_file: [settings-1-0,4]
11-22 07:12:17.382 1489 2012 I input_interaction: Interaction with: 3cc67bf com.android.launcher3/com.android.launcher3.uioverrides.QuickstepLauncher (server), 6449bab com.android.systemui.ImageWallpaper (server), edge-swipe (server), swipe-up (server), PointerEventDispatcher0 (server),
11-22 07:12:17.507 1489 6043 I wm_task_created: [170,-1]
11-22 07:12:17.521 1489 6043 I wm_task_moved: [170,1,8]
11-22 07:12:17.521 1489 6043 I wm_task_to_front: [0,170]
11-22 07:12:17.522 1489 6043 I wm_create_task: [0,170]
11-22 07:12:17.522 1489 6043 I wm_create_activity: [0,21607577,170,com.android.deskclock/.DeskClock,NULL,NULL,NULL,268468224]
11-22 07:12:17.522 1489 6043 I wm_task_moved: [170,1,8]
11-22 07:12:17.526 1489 6043 I wm_restart_activity: [0,21607577,170,com.android.deskclock/.DeskClock]
11-22 07:12:17.528 1489 6043 I wm_set_resumed_activity: [0,com.android.deskclock/.DeskClock,minimalResumeActivityLocked]
11-22 07:12:17.535 1489 1634 I am_uid_active: 10066
11-22 07:12:17.542 2840 2840 I wm_on_top_resumed_lost_called: [168390208,com.android.launcher3.uioverrides.QuickstepLauncher,topStateChangedWhenResumed]
11-22 07:12:17.607 1489 5500 I service_manager_stats: [100,79,89470]
11-22 07:12:17.609 1489 5500 I wm_task_moved: [170,1,8]
11-22 07:12:17.609 1489 5500 I wm_set_resumed_activity: [0,com.android.deskclock/.DeskClock,positionChildAt]
11-22 07:12:17.609 1489 5500 I wm_create_activity: [0,238987114,170,com.android.permissioncontroller/.permission.ui.GrantPermissionsActivity,android.content.pm.action.REQUEST_PERMISSIONS,NULL,NULL,8388608]
11-22 07:12:17.612 1489 5500 I wm_pause_activity: [0,21607577,com.android.deskclock/.DeskClock,userLeaving=true,resumeTopActivityInnerLocked]
11-22 07:12:17.617 1489 1634 I am_uid_running: 10094
11-22 07:12:17.626 1489 1651 I am_proc_start: [0,16628,10094,com.android.permissioncontroller,pre-top-activity,{com.android.permissioncontroller/com.android.permissioncontroller.permission.ui.GrantPermissionsActivity}]
11-22 07:12:17.639 16216 16216 I wm_on_create_called: [21607577,com.android.deskclock.DeskClock,performCreate]
11-22 07:12:17.639 1489 5500 I am_proc_bound: [0,16628,com.android.permissioncontroller]
11-22 07:12:17.640 16216 16216 I wm_on_start_called: [21607577,com.android.deskclock.DeskClock,handleStartActivity]
11-22 07:12:17.642 16216 16216 I wm_on_resume_called: [21607577,com.android.deskclock.DeskClock,RESUME_ACTIVITY]
11-22 07:12:17.652 16216 16216 I wm_on_top_resumed_gained_called: [21607577,com.android.deskclock.DeskClock,topStateChangedWhenResumed]
11-22 07:12:17.652 16216 16216 I wm_on_top_resumed_lost_called: [21607577,com.android.deskclock.DeskClock,topStateChangedWhenResumed]
11-22 07:12:17.653 16216 16216 I wm_on_paused_called: [21607577,com.android.deskclock.DeskClock,performPause]
11-22 07:12:17.657 1489 5500 I wm_restart_activity: [0,238987114,170,com.android.permissioncontroller/.permission.ui.GrantPermissionsActivity]
11-22 07:12:17.658 1489 5500 I wm_set_resumed_activity: [0,com.android.permissioncontroller/.permission.ui.GrantPermissionsActivity,minimalResumeActivityLocked]
11-22 07:12:17.658 1489 1634 I am_uid_active: 10094
11-22 07:12:17.662 1489 1634 I sysui_multi_action: [757,803,799,window_time_0,802,6]
11-22 07:12:17.700 16628 16628 I wm_on_create_called: [238987114,com.android.permissioncontroller.permission.ui.GrantPermissionsActivity,performCreate]
11-22 07:12:17.701 16628 16628 I wm_on_start_called: [238987114,com.android.permissioncontroller.permission.ui.GrantPermissionsActivity,handleStartActivity]
11-22 07:12:17.702 16628 16628 I wm_on_resume_called: [238987114,com.android.permissioncontroller.permission.ui.GrantPermissionsActivity,RESUME_ACTIVITY]
11-22 07:12:17.709 16628 16628 I wm_on_top_resumed_gained_called: [238987114,com.android.permissioncontroller.permission.ui.GrantPermissionsActivity,topStateChangedWhenResumed]
11-22 07:12:17.714 1489 6043 I wm_finish_activity: [0,238987114,170,com.android.permissioncontroller/.permission.ui.GrantPermissionsActivity,app-request]
11-22 07:12:17.715 1489 6043 I wm_pause_activity: [0,238987114,com.android.permissioncontroller/.permission.ui.GrantPermissionsActivity,userLeaving=false,finish]
11-22 07:12:17.730 16628 16628 I wm_on_top_resumed_lost_called: [238987114,com.android.permissioncontroller.permission.ui.GrantPermissionsActivity,topStateChangedWhenResumed]
11-22 07:12:17.732 16628 16628 I wm_on_paused_called: [238987114,com.android.permissioncontroller.permission.ui.GrantPermissionsActivity,performPause]
11-22 07:12:17.732 1489 7565 I wm_add_to_stopping: [0,238987114,com.android.permissioncontroller/.permission.ui.GrantPermissionsActivity,completeFinishing]
11-22 07:12:17.734 1489 7565 I wm_set_resumed_activity: [0,com.android.deskclock/.DeskClock,resumeTopActivityInnerLocked]
11-22 07:12:17.735 1489 7565 I wm_resume_activity: [0,21607577,170,com.android.deskclock/.DeskClock]
11-22 07:12:17.737 1489 1636 I input_focus: [Focus request 7dc63d3 com.android.deskclock/com.android.deskclock.DeskClock,reason=UpdateInputWindows]
11-22 07:12:17.738 1489 1634 I sysui_multi_action: [757,803,799,window_time_2,802,0]
11-22 07:12:17.757 1489 2012 I input_focus: [Focus leaving 3cc67bf com.android.launcher3/com.android.launcher3.uioverrides.QuickstepLauncher (server),reason=Waiting for window because NOT_VISIBLE]
11-22 07:12:17.799 16216 16216 I wm_on_activity_result_called: [21607577,com.android.deskclock.DeskClock,ACTIVITY_RESULT]
11-22 07:12:17.799 16216 16216 I wm_on_resume_called: [21607577,com.android.deskclock.DeskClock,RESUME_ACTIVITY]
11-22 07:12:17.801 16216 16216 I wm_on_top_resumed_gained_called: [21607577,com.android.deskclock.DeskClock,topWhenResuming]
11-22 07:12:17.809 1489 2012 I input_focus: [Focus entering 7dc63d3 com.android.deskclock/com.android.deskclock.DeskClock (server),reason=Window became focusable. Previous reason: NOT_VISIBLE]
11-22 07:12:18.082 1489 1634 I wm_destroy_activity: [0,238987114,170,com.android.permissioncontroller/.permission.ui.GrantPermissionsActivity,finish-imm:idle]
11-22 07:12:18.085 16628 16628 I wm_on_stop_called: [238987114,com.android.permissioncontroller.permission.ui.GrantPermissionsActivity,LIFECYCLER_STOP_ACTIVITY]
11-22 07:12:18.087 16628 16628 I wm_on_destroy_called: [238987114,com.android.permissioncontroller.permission.ui.GrantPermissionsActivity,performDestroy]
11-22 07:12:18.974 2840 2840 I view_enqueue_input_event: [Motion - Cancel,com.android.launcher3/com.android.launcher3.uioverrides.QuickstepLauncher]
11-22 07:12:18.980 1489 2012 I input_interaction: Interaction with: edge-swipe (server), swipe-up (server), PointerEventDispatcher0 (server),
11-22 07:12:19.271 1489 6043 I wm_task_moved: [1,1,8]
11-22 07:12:19.273 1489 6043 I wm_set_resumed_activity: [0,com.android.launcher3/.uioverrides.QuickstepLauncher,positionChildAt]
11-22 07:12:19.273 1489 6043 I wm_task_moved: [10,1,2147483647]
11-22 07:12:19.273 1489 6043 I wm_task_to_front: [0,10]
11-22 07:12:19.273 1489 6043 I wm_focused_root_task: [0,0,1,170,bringingFoundTaskToFront]
11-22 07:12:19.273 1489 6043 I wm_set_resumed_activity: [0,com.android.launcher3/.uioverrides.QuickstepLauncher,bringingFoundTaskToFront]
11-22 07:12:19.275 1489 6043 I wm_new_intent: [0,168390208,10,com.android.launcher3/.uioverrides.QuickstepLauncher,android.intent.action.MAIN,NULL,NULL,268435712]
11-22 07:12:19.275 1489 6043 I wm_task_moved: [1,1,8]
11-22 07:12:19.276 1489 6043 I wm_set_resumed_activity: [0,com.android.launcher3/.uioverrides.QuickstepLauncher,positionChildAt]
11-22 07:12:19.276 16216 16216 I wm_on_top_resumed_lost_called: [21607577,com.android.deskclock.DeskClock,topStateChangedWhenResumed]
11-22 07:12:19.285 1489 1636 I input_focus: [Focus request 3cc67bf com.android.launcher3/com.android.launcher3.uioverrides.QuickstepLauncher,reason=UpdateInputWindows]
11-22 07:12:19.294 2840 2840 I wm_on_paused_called: [168390208,com.android.launcher3.uioverrides.QuickstepLauncher,performPause]
11-22 07:12:19.298 2840 2840 I wm_on_resume_called: [168390208,com.android.launcher3.uioverrides.QuickstepLauncher,LIFECYCLER_RESUME_ACTIVITY]
11-22 07:12:19.299 2840 2840 I wm_on_top_resumed_gained_called: [168390208,com.android.launcher3.uioverrides.QuickstepLauncher,topStateChangedWhenResumed]
11-22 07:12:19.315 1489 2012 I input_focus: [Focus leaving 7dc63d3 com.android.deskclock/com.android.deskclock.DeskClock (server),reason=setFocusedWindow]
11-22 07:12:19.315 1489 2012 I input_focus: [Focus entering 3cc67bf com.android.launcher3/com.android.launcher3.uioverrides.QuickstepLauncher (server),reason=setFocusedWindow]
11-22 07:12:19.691 1489 2012 I input_interaction: Interaction with: 3cc67bf com.android.launcher3/com.android.launcher3.uioverrides.QuickstepLauncher (server), 6449bab com.android.systemui.ImageWallpaper (server), edge-swipe (server), swipe-up (server), PointerEventDispatcher0 (server),
11-22 07:12:19.811 2840 2840 I view_enqueue_input_event: [Motion - Cancel,com.android.launcher3/com.android.launcher3.uioverrides.QuickstepLauncher]
11-22 07:12:19.812 1489 2012 I input_interaction: Interaction with: edge-swipe (server), swipe-up (server), PointerEventDispatcher0 (server),
11-22 07:12:20.007 1489 1751 I commit_sys_config_file: [settings-1-0,11]
11-22 07:12:20.205 1489 1751 I commit_sys_config_file: [settings-1-0,5]
11-22 07:12:20.314 1489 2799 I wm_finish_activity: [0,21607577,170,com.android.deskclock/.DeskClock,app-request]
11-22 07:12:20.332 1489 2799 I wm_pause_activity: [0,21607577,com.android.deskclock/.DeskClock,userLeaving=false,finish]
11-22 07:12:20.334 16216 16216 I wm_on_paused_called: [21607577,com.android.deskclock.DeskClock,performPause]
11-22 07:12:20.342 1489 1948 I wm_destroy_activity: [0,21607577,170,com.android.deskclock/.DeskClock,finish-imm:completePausedLocked]
11-22 07:12:20.355 1489 1634 I sysui_multi_action: [757,803,799,window_time_2,802,2]
11-22 07:12:20.362 16216 16216 I wm_on_stop_called: [21607577,com.android.deskclock.DeskClock,LIFECYCLER_STOP_ACTIVITY]
11-22 07:12:20.388 16216 16216 I wm_on_destroy_called: [21607577,com.android.deskclock.DeskClock,performDestroy]
11-22 07:12:20.647 1489 1636 I wm_task_removed: [170,removeChild:removeChild last r=ActivityRecord{149b499 u0 com.android.deskclock/.DeskClock t-1 f}} in t=Task{7e559e0 #170 type=standard A=10066:com.android.deskclock U=0 visible=false mode=freeform translucent=true sz=0}]
11-22 07:12:20.647 1489 1636 I wm_task_removed: [170,removeChild]
11-22 07:12:21.420 1489 2012 I input_interaction: Interaction with: 3cc67bf com.android.launcher3/com.android.launcher3.uioverrides.QuickstepLauncher (server), 6449bab com.android.systemui.ImageWallpaper (server), edge-swipe (server), swipe-up (server), PointerEventDispatcher0 (server),
11-22 07:12:21.509 1489 5500 I wm_task_created: [171,-1]
11-22 07:12:21.513 1489 5500 I wm_task_moved: [171,1,8]
11-22 07:12:21.513 1489 5500 I wm_task_to_front: [0,171]
11-22 07:12:21.514 1489 5500 I wm_create_task: [0,171]
11-22 07:12:21.514 1489 5500 I wm_create_activity: [0,57830057,171,com.android.deskclock/.DeskClock,NULL,NULL,NULL,268468224]
11-22 07:12:21.514 1489 5500 I wm_task_moved: [171,1,8]
11-22 07:12:21.518 1489 5500 I wm_restart_activity: [0,57830057,171,com.android.deskclock/.DeskClock]
11-22 07:12:21.519 1489 5500 I wm_set_resumed_activity: [0,com.android.deskclock/.DeskClock,minimalResumeActivityLocked]
11-22 07:12:21.540 2840 2840 I wm_on_top_resumed_lost_called: [168390208,com.android.launcher3.uioverrides.QuickstepLauncher,topStateChangedWhenResumed]
11-22 07:12:21.556 1489 5500 I wm_task_moved: [171,1,8]
11-22 07:12:21.556 1489 5500 I wm_set_resumed_activity: [0,com.android.deskclock/.DeskClock,positionChildAt]
11-22 07:12:21.556 1489 5500 I wm_create_activity: [0,29535580,171,com.android.permissioncontroller/.permission.ui.GrantPermissionsActivity,android.content.pm.action.REQUEST_PERMISSIONS,NULL,NULL,8388608]
11-22 07:12:21.557 1489 5500 I wm_pause_activity: [0,57830057,com.android.deskclock/.DeskClock,userLeaving=true,resumeTopActivityInnerLocked]
11-22 07:12:21.573 16216 16216 I wm_on_create_called: [57830057,com.android.deskclock.DeskClock,performCreate]
11-22 07:12:21.575 16216 16216 I wm_on_start_called: [57830057,com.android.deskclock.DeskClock,handleStartActivity]
11-22 07:12:21.575 16216 16216 I wm_on_resume_called: [57830057,com.android.deskclock.DeskClock,RESUME_ACTIVITY]
11-22 07:12:21.578 16216 16216 I wm_on_top_resumed_gained_called: [57830057,com.android.deskclock.DeskClock,topStateChangedWhenResumed]
11-22 07:12:21.578 16216 16216 I wm_on_top_resumed_lost_called: [57830057,com.android.deskclock.DeskClock,topStateChangedWhenResumed]
11-22 07:12:21.578 16216 16216 I wm_on_paused_called: [57830057,com.android.deskclock.DeskClock,performPause]
11-22 07:12:21.580 1489 5500 I wm_restart_activity: [0,29535580,171,com.android.permissioncontroller/.permission.ui.GrantPermissionsActivity]
11-22 07:12:21.581 1489 5500 I wm_set_resumed_activity: [0,com.android.permissioncontroller/.permission.ui.GrantPermissionsActivity,minimalResumeActivityLocked]
11-22 07:12:21.583 1489 1634 I sysui_multi_action: [757,803,799,window_time_0,802,2]
11-22 07:12:21.599 16628 16628 I wm_on_create_called: [29535580,com.android.permissioncontroller.permission.ui.GrantPermissionsActivity,performCreate]
11-22 07:12:21.600 16628 16628 I wm_on_start_called: [29535580,com.android.permissioncontroller.permission.ui.GrantPermissionsActivity,handleStartActivity]
11-22 07:12:21.600 16628 16628 I wm_on_resume_called: [29535580,com.android.permissioncontroller.permission.ui.GrantPermissionsActivity,RESUME_ACTIVITY]
11-22 07:12:21.602 16628 16628 I wm_on_top_resumed_gained_called: [29535580,com.android.permissioncontroller.permission.ui.GrantPermissionsActivity,topStateChangedWhenResumed]
11-22 07:12:21.605 1489 5500 I wm_finish_activity: [0,29535580,171,com.android.permissioncontroller/.permission.ui.GrantPermissionsActivity,app-request]
11-22 07:12:21.606 1489 5500 I wm_pause_activity: [0,29535580,com.android.permissioncontroller/.permission.ui.GrantPermissionsActivity,userLeaving=false,finish]
11-22 07:12:21.628 16628 16628 I wm_on_top_resumed_lost_called: [29535580,com.android.permissioncontroller.permission.ui.GrantPermissionsActivity,topStateChangedWhenResumed]
11-22 07:12:21.629 16628 16628 I wm_on_paused_called: [29535580,com.android.permissioncontroller.permission.ui.GrantPermissionsActivity,performPause]
11-22 07:12:21.630 1489 7565 I wm_add_to_stopping: [0,29535580,com.android.permissioncontroller/.permission.ui.GrantPermissionsActivity,completeFinishing]
11-22 07:12:21.632 1489 7565 I wm_set_resumed_activity: [0,com.android.deskclock/.DeskClock,resumeTopActivityInnerLocked]
11-22 07:12:21.633 1489 7565 I wm_resume_activity: [0,57830057,171,com.android.deskclock/.DeskClock]
11-22 07:12:21.636 1489 1636 I input_focus: [Focus request 536893a com.android.deskclock/com.android.deskclock.DeskClock,reason=UpdateInputWindows]
11-22 07:12:21.638 1489 1634 I sysui_multi_action: [757,803,799,window_time_2,802,0]
11-22 07:12:21.651 1489 2012 I input_focus: [Focus leaving 3cc67bf com.android.launcher3/com.android.launcher3.uioverrides.QuickstepLauncher (server),reason=setFocusedWindow]
11-22 07:12:21.651 1489 2012 I input_focus: [Focus entering 536893a com.android.deskclock/com.android.deskclock.DeskClock (server),reason=setFocusedWindow]
11-22 07:12:21.653 16216 16216 I wm_on_activity_result_called: [57830057,com.android.deskclock.DeskClock,ACTIVITY_RESULT]
11-22 07:12:21.654 16216 16216 I wm_on_resume_called: [57830057,com.android.deskclock.DeskClock,RESUME_ACTIVITY]
11-22 07:12:21.655 16216 16216 I wm_on_top_resumed_gained_called: [57830057,com.android.deskclock.DeskClock,topWhenResuming]
11-22 07:12:21.923 1489 1634 I wm_destroy_activity: [0,29535580,171,com.android.permissioncontroller/.permission.ui.GrantPermissionsActivity,finish-imm:idle]
11-22 07:12:21.925 16628 16628 I wm_on_stop_called: [29535580,com.android.permissioncontroller.permission.ui.GrantPermissionsActivity,LIFECYCLER_STOP_ACTIVITY]
11-22 07:12:21.926 16628 16628 I wm_on_destroy_called: [29535580,com.android.permissioncontroller.permission.ui.GrantPermissionsActivity,performDestroy]
11-22 07:12:22.121 1489 2012 I input_interaction: Interaction with: 536893a com.android.deskclock/com.android.deskclock.DeskClock (server), edge-swipe (server), swipe-up (server), PointerEventDispatcher0 (server),
11-22 07:12:23.126 1489 7595 I wm_relaunch_resume_activity: [0,57830057,171,com.android.deskclock/.DeskClock]
11-22 07:12:23.127 1489 7595 I wm_add_to_stopping: [0,168390208,com.android.launcher3/.uioverrides.QuickstepLauncher,makeInvisible]
11-22 07:12:23.137 16216 16216 I wm_on_top_resumed_lost_called: [57830057,com.android.deskclock.DeskClock,pausing]
11-22 07:12:23.139 16216 16216 I wm_on_paused_called: [57830057,com.android.deskclock.DeskClock,performPause]
11-22 07:12:23.141 16216 16216 I wm_on_stop_called: [57830057,com.android.deskclock.DeskClock,handleRelaunchActivity]
11-22 07:12:23.155 16216 16216 I wm_on_destroy_called: [57830057,com.android.deskclock.DeskClock,performDestroy]
11-22 07:12:23.188 1489 7565 I wm_task_moved: [171,1,8]
11-22 07:12:23.189 1489 7565 I wm_set_resumed_activity: [0,com.android.deskclock/.DeskClock,positionChildAt]
11-22 07:12:23.189 1489 7565 I wm_create_activity: [0,52339614,171,com.android.permissioncontroller/.permission.ui.GrantPermissionsActivity,android.content.pm.action.REQUEST_PERMISSIONS,NULL,NULL,8388608]
11-22 07:12:23.189 1489 7565 I wm_pause_activity: [0,168390208,com.android.launcher3/.uioverrides.QuickstepLauncher,userLeaving=true,pauseBackTasks]
11-22 07:12:23.190 2840 2840 I wm_on_paused_called: [168390208,com.android.launcher3.uioverrides.QuickstepLauncher,performPause]
11-22 07:12:23.190 1489 7565 I wm_pause_activity: [0,57830057,com.android.deskclock/.DeskClock,userLeaving=true,resumeTopActivityInnerLocked]
11-22 07:12:23.198 1489 1634 I sysui_multi_action: [757,803,799,window_time_2,802,1]
11-22 07:12:23.209 16216 16216 I wm_on_create_called: [57830057,com.android.deskclock.DeskClock,performCreate]
11-22 07:12:23.233 16216 16216 I wm_on_start_called: [57830057,com.android.deskclock.DeskClock,handleStartActivity]
11-22 07:12:23.233 16216 16216 I wm_on_resume_called: [57830057,com.android.deskclock.DeskClock,RESUME_ACTIVITY]
11-22 07:12:23.235 16216 16216 I wm_on_top_resumed_gained_called: [57830057,com.android.deskclock.DeskClock,topWhenResuming]
11-22 07:12:23.269 16216 16216 I wm_on_top_resumed_lost_called: [57830057,com.android.deskclock.DeskClock,topStateChangedWhenResumed]
11-22 07:12:23.270 16216 16216 I wm_on_paused_called: [57830057,com.android.deskclock.DeskClock,performPause]
11-22 07:12:23.275 1489 7595 I wm_restart_activity: [0,52339614,171,com.android.permissioncontroller/.permission.ui.GrantPermissionsActivity]
11-22 07:12:23.277 1489 7595 I wm_set_resumed_activity: [0,com.android.permissioncontroller/.permission.ui.GrantPermissionsActivity,minimalResumeActivityLocked]
11-22 07:12:23.281 1489 1634 I sysui_multi_action: [757,803,799,window_time_0,802,0]
11-22 07:12:23.300 16628 16628 I wm_on_create_called: [52339614,com.android.permissioncontroller.permission.ui.GrantPermissionsActivity,performCreate]
11-22 07:12:23.301 16628 16628 I wm_on_start_called: [52339614,com.android.permissioncontroller.permission.ui.GrantPermissionsActivity,handleStartActivity]
11-22 07:12:23.301 16628 16628 I wm_on_resume_called: [52339614,com.android.permissioncontroller.permission.ui.GrantPermissionsActivity,RESUME_ACTIVITY]
11-22 07:12:23.303 16628 16628 I wm_on_top_resumed_gained_called: [52339614,com.android.permissioncontroller.permission.ui.GrantPermissionsActivity,topStateChangedWhenResumed]
11-22 07:12:23.314 1489 1636 I input_focus: [Focus request 2ff098b com.android.permissioncontroller/com.android.permissioncontroller.permission.ui.GrantPermissionsActivity,reason=UpdateInputWindows]
11-22 07:12:23.321 1489 1631 I sysui_multi_action: [319,131,322,131,325,15331,757,761,758,8,759,2,806,com.android.permissioncontroller,871,com.android.permissioncontroller.permission.ui.GrantPermissionsActivity,904,com.android.deskclock,905,0,1320,8,1321,5]
11-22 07:12:23.322 1489 1631 I wm_activity_launch_time: [0,52339614,com.android.permissioncontroller/.permission.ui.GrantPermissionsActivity,131]
11-22 07:12:23.322 1489 2012 I input_focus: [Focus leaving 536893a com.android.deskclock/com.android.deskclock.DeskClock (server),reason=Waiting for window because NOT_VISIBLE]
11-22 07:12:23.324 1489 2799 I wm_finish_activity: [0,52339614,171,com.android.permissioncontroller/.permission.ui.GrantPermissionsActivity,app-request]
11-22 07:12:23.324 1489 2799 I wm_pause_activity: [0,52339614,com.android.permissioncontroller/.permission.ui.GrantPermissionsActivity,userLeaving=false,finish]
11-22 07:12:23.326 16628 16628 I wm_on_top_resumed_lost_called: [52339614,com.android.permissioncontroller.permission.ui.GrantPermissionsActivity,topStateChangedWhenResumed]
11-22 07:12:23.327 16628 16628 I wm_on_paused_called: [52339614,com.android.permissioncontroller.permission.ui.GrantPermissionsActivity,performPause]
