11-22 06:54:18.177 1489 1949 I wm_finish_activity: [0,95944700,163,com.android.bluetooth/.opp.BluetoothOppLauncherActivity,app-request]
11-22 06:54:18.177 2358 2358 I wm_on_top_resumed_lost_called: [95944700,com.android.bluetooth.opp.BluetoothOppLauncherActivity,topStateChangedWhenResumed]
11-22 06:54:18.177 2358 2358 I wm_on_paused_called: [95944700,com.android.bluetooth.opp.BluetoothOppLauncherActivity,performPause]
11-22 06:54:18.178 1489 2808 I wm_add_to_stopping: [0,95944700,com.android.bluetooth/.opp.BluetoothOppLauncherActivity,completeFinishing]
11-22 06:54:18.178 1489 2808 I wm_add_to_stopping: [0,55189197,com.android.gallery3d/.app.GalleryActivity,makeInvisible]
11-22 06:54:18.182 1489 2808 I wm_restart_activity: [0,215386071,163,com.android.settings/.bluetooth.DevicePickerActivity]
11-22 06:54:18.184 1489 1648 I am_pss : [15162,10069,com.android.gallery3d,65371136,58937344,0,186097664,0,2,8]
11-22 06:54:18.187 1489 2808 I wm_set_resumed_activity: [0,com.android.settings/.bluetooth.DevicePickerActivity,minimalResumeActivityLocked]
11-22 06:54:18.192 1489 1648 I am_pss : [15567,10034,com.microsoft.emmx,35476480,31731712,0,133165056,0,19,7]
11-22 06:54:18.194 1489 1634 I sysui_multi_action: [757,803,799,window_time_0,802,0]
11-22 06:54:18.199 1489 1648 I am_pss : [15566,10066,com.android.deskclock,9161728,6205440,0,96423936,0,19,6]
11-22 06:54:18.201 1489 2012 I input_focus: [Focus leaving bfd7601 com.android.bluetooth/com.android.bluetooth.opp.BluetoothOppLauncherActivity (server),reason=NO_WINDOW]
11-22 06:54:18.206 1489 1648 I am_pss : [15484,10051,com.thundercomm.screensaver,27351040,21508096,0,143609856,0,19,7]
11-22 06:54:18.223 15178 15178 I wm_on_create_called: [215386071,com.android.settings.bluetooth.DevicePickerActivity,performCreate]
11-22 06:54:18.226 15178 15178 I wm_on_start_called: [215386071,com.android.settings.bluetooth.DevicePickerActivity,handleStartActivity]
11-22 06:54:18.227 15178 15178 I wm_on_resume_called: [215386071,com.android.settings.bluetooth.DevicePickerActivity,RESUME_ACTIVITY]
11-22 06:54:18.227 15178 15178 I sysui_multi_action: [757,25,758,1,833,0,1089,23]
11-22 06:54:18.227 15178 15178 I sysui_multi_action: [757,1729,758,4,854,isParalleledControllers:false,1089,24]
11-22 06:54:18.230 15178 15178 I wm_on_top_resumed_gained_called: [215386071,com.android.settings.bluetooth.DevicePickerActivity,topStateChangedWhenResumed]
11-22 06:54:18.238 1489 1636 I input_focus: [Focus request 17222fd com.android.settings/com.android.settings.bluetooth.DevicePickerActivity,reason=UpdateInputWindows]
11-22 06:54:18.260 1489 1636 I sysui_multi_action: [324,1,757,1090,758,12,806,com.android.settings,871,com.android.settings.bluetooth.DevicePickerActivity,1091,82]
11-22 06:54:18.265 1489 1631 I sysui_multi_action: [319,97,322,82,325,14246,757,761,758,8,759,2,806,com.android.settings,871,com.android.settings.bluetooth.DevicePickerActivity,904,com.android.bluetooth,905,0,1320,8,1321,5]
11-22 06:54:18.266 1489 1631 I wm_activity_launch_time: [0,215386071,com.android.settings/.bluetooth.DevicePickerActivity,82]
11-22 06:54:18.283 1489 2012 I input_focus: [Focus entering 17222fd com.android.settings/com.android.settings.bluetooth.DevicePickerActivity (server),reason=Window became focusable. Previous reason: NOT_VISIBLE]
11-22 06:54:18.638 1489 1634 I wm_stop_activity: [0,55189197,com.android.gallery3d/.app.GalleryActivity]
11-22 06:54:18.639 1489 1634 I wm_destroy_activity: [0,95944700,163,com.android.bluetooth/.opp.BluetoothOppLauncherActivity,finish-imm:idle]
11-22 06:54:18.657 2358 2358 I wm_on_stop_called: [95944700,com.android.bluetooth.opp.BluetoothOppLauncherActivity,LIFECYCLER_STOP_ACTIVITY]
11-22 06:54:18.657 2358 2358 I wm_on_destroy_called: [95944700,com.android.bluetooth.opp.BluetoothOppLauncherActivity,performDestroy]
11-22 06:54:18.681 15162 15162 I wm_on_stop_called: [55189197,com.android.gallery3d.app.GalleryActivity,STOP_ACTIVITY_ITEM]
11-22 06:54:20.469 1489 2012 I input_interaction: Interaction with: 17222fd com.android.settings/com.android.settings.bluetooth.DevicePickerActivity (server), edge-swipe (server), swipe-up (server), PointerEventDispatcher0 (server),
11-22 06:54:20.489 1489 1949 I wm_task_moved: [1,0,0]
11-22 06:54:20.489 1489 1949 I wm_task_moved: [1,0,7]
11-22 06:54:20.500 2840 2840 I wm_on_restart_called: [168390208,com.android.launcher3.uioverrides.QuickstepLauncher,performRestartActivity]
11-22 06:54:20.533 2840 2840 I wm_on_start_called: [168390208,com.android.launcher3.uioverrides.QuickstepLauncher,handleStartActivity]
11-22 06:54:20.551 1489 1631 I sysui_multi_action: [319,13,322,57,325,14249,757,761,758,9,759,5,806,com.android.launcher3,871,com.android.launcher3.uioverrides.QuickstepLauncher,905,0,1320,8,1321,5]
11-22 06:54:20.556 15178 15178 I view_enqueue_input_event: [Motion - Cancel,com.android.settings/com.android.settings.bluetooth.DevicePickerActivity]
11-22 06:54:20.557 2840 2840 I sysui_latency: [1,74]
11-22 06:54:20.563 1489 2012 I input_interaction: Interaction with: edge-swipe (server), swipe-up (server), PointerEventDispatcher0 (server),
11-22 06:54:20.565 1489 1636 I input_focus: [Focus request recents_animation_input_consumer,reason=UpdateInputWindows]
11-22 06:54:20.587 1489 2012 I input_focus: [Focus leaving 17222fd com.android.settings/com.android.settings.bluetooth.DevicePickerActivity (server),reason=NOT_FOCUSABLE]
11-22 06:54:20.588 1489 2012 I input_focus: [Focus entering recents_animation_input_consumer (server),reason=setFocusedWindow]
11-22 06:54:20.736 1489 1751 I commit_sys_config_file: [settings-1-0,5]
11-22 06:54:20.848 1489 1648 I sysui_latency: [8,72]
11-22 06:54:21.455 1489 1751 I commit_sys_config_file: [settings-1-0,7]
11-22 06:54:21.990 1489 2012 I input_interaction: Interaction with: 3cc67bf com.android.launcher3/com.android.launcher3.uioverrides.QuickstepLauncher (server), edge-swipe (server), swipe-up (server), PointerEventDispatcher0 (server),
11-22 06:54:22.377 1489 6061 I wm_task_moved: [1,1,8]
11-22 06:54:22.379 1489 6061 I wm_focused_root_task: [0,0,1,163,RecentsAnimation.onAnimationFinished()]
11-22 06:54:22.380 15178 15178 I wm_on_top_resumed_lost_called: [215386071,com.android.settings.bluetooth.DevicePickerActivity,topStateChangedWhenResumed]
11-22 06:54:22.382 1489 6061 I wm_pause_activity: [0,215386071,com.android.settings/.bluetooth.DevicePickerActivity,userLeaving=false,pauseBackTasks]
11-22 06:54:22.384 1489 6061 I wm_set_resumed_activity: [0,com.android.launcher3/.uioverrides.QuickstepLauncher,resumeTopActivityInnerLocked]
11-22 06:54:22.393 1489 6061 I wm_resume_activity: [0,168390208,10,com.android.launcher3/.uioverrides.QuickstepLauncher]
11-22 06:54:22.393 1489 6061 I wm_add_to_stopping: [0,215386071,com.android.settings/.bluetooth.DevicePickerActivity,makeInvisible]
11-22 06:54:22.399 2840 2840 I wm_on_resume_called: [168390208,com.android.launcher3.uioverrides.QuickstepLauncher,RESUME_ACTIVITY]
11-22 06:54:22.401 1489 1636 I input_focus: [Focus request 3cc67bf com.android.launcher3/com.android.launcher3.uioverrides.QuickstepLauncher,reason=UpdateInputWindows]
11-22 06:54:22.403 15178 15178 I sysui_multi_action: [757,25,758,2,1089,4176]
11-22 06:54:22.403 15178 15178 I wm_on_paused_called: [215386071,com.android.settings.bluetooth.DevicePickerActivity,performPause]
11-22 06:54:22.405 1489 1634 I sysui_multi_action: [757,803,799,window_time_0,802,4]
11-22 06:54:22.409 1489 1634 I wm_stop_activity: [0,215386071,com.android.settings/.bluetooth.DevicePickerActivity]
11-22 06:54:22.410 1489 2012 I input_focus: [Focus leaving recents_animation_input_consumer (server),reason=NOT_VISIBLE]
11-22 06:54:22.410 1489 2012 I input_focus: [Focus entering 3cc67bf com.android.launcher3/com.android.launcher3.uioverrides.QuickstepLauncher (server),reason=setFocusedWindow]
11-22 06:54:22.411 1489 1634 I sysui_multi_action: [757,803,799,window_time_0,802,0]
11-22 06:54:22.415 15178 15178 I wm_on_stop_called: [215386071,com.android.settings.bluetooth.DevicePickerActivity,STOP_ACTIVITY_ITEM]
11-22 06:54:22.417 2840 2840 I wm_on_top_resumed_gained_called: [168390208,com.android.launcher3.uioverrides.QuickstepLauncher,topStateChangedWhenResumed]
11-22 06:54:22.502 1489 1949 I wm_finish_activity: [0,215386071,163,com.android.settings/.bluetooth.DevicePickerActivity,remove-task]
11-22 06:54:22.503 1489 1949 I wm_destroy_activity: [0,215386071,163,com.android.settings/.bluetooth.DevicePickerActivity,finish-imm:finishIfPossible]
11-22 06:54:22.508 1489 1634 I sysui_multi_action: [757,803,799,window_time_0,802,1]
11-22 06:54:22.514 15178 15178 I wm_on_destroy_called: [215386071,com.android.settings.bluetooth.DevicePickerActivity,performDestroy]
11-22 06:54:22.521 1489 1949 I wm_task_removed: [163,removeChild:removeChild last r=ActivityRecord{cd687d7 u0 com.android.settings/.bluetooth.DevicePickerActivity t-1 f}} in t=Task{3eefbdf #163 type=standard A=1002:com.android.bluetooth U=0 visible=false mode=fullscreen translucent=true sz=0}]
11-22 06:54:22.521 1489 1949 I wm_task_removed: [163,removeChild]
11-22 06:54:23.715 1489 1650 I am_uid_idle: 10051
11-22 06:54:23.866 1489 2012 I input_interaction: Interaction with: 3cc67bf com.android.launcher3/com.android.launcher3.uioverrides.QuickstepLauncher (server), 6449bab com.android.systemui.ImageWallpaper (server), edge-swipe (server), swipe-up (server), PointerEventDispatcher0 (server),
11-22 06:54:23.952 1489 6061 I wm_task_moved: [1,1,7]
11-22 06:54:23.953 1489 6061 I wm_set_resumed_activity: [0,com.android.launcher3/.uioverrides.QuickstepLauncher,positionChildAt]
11-22 06:54:23.954 1489 6061 I wm_task_moved: [161,1,7]
11-22 06:54:23.954 1489 6061 I wm_task_to_front: [0,161]
11-22 06:54:23.955 1489 6061 I wm_focused_root_task: [0,0,161,1,moveTaskToFront findTaskToMoveToFront]
11-22 06:54:23.955 1489 6061 I wm_set_resumed_activity: [0,com.android.gallery3d/.app.GalleryActivity,moveTaskToFront findTaskToMoveToFront]
11-22 06:54:23.957 1489 6061 I wm_pause_activity: [0,168390208,com.android.launcher3/.uioverrides.QuickstepLauncher,userLeaving=true,pauseBackTasks]
11-22 06:54:23.963 2840 2840 I wm_on_top_resumed_lost_called: [168390208,com.android.launcher3.uioverrides.QuickstepLauncher,topStateChangedWhenResumed]
11-22 06:54:23.966 2840 2840 I wm_on_paused_called: [168390208,com.android.launcher3.uioverrides.QuickstepLauncher,performPause]
11-22 06:54:23.969 1489 6061 I wm_set_resumed_activity: [0,com.android.gallery3d/.app.GalleryActivity,resumeTopActivityInnerLocked]
11-22 06:54:23.969 1489 6061 I wm_add_to_stopping: [0,168390208,com.android.launcher3/.uioverrides.QuickstepLauncher,makeInvisible]
11-22 06:54:23.973 1489 6061 I wm_resume_activity: [0,55189197,161,com.android.gallery3d/.app.GalleryActivity]
11-22 06:54:23.992 15162 15162 I wm_on_restart_called: [55189197,com.android.gallery3d.app.GalleryActivity,performRestartActivity]
11-22 06:54:23.994 15162 15162 I wm_on_start_called: [55189197,com.android.gallery3d.app.GalleryActivity,handleStartActivity]
11-22 06:54:23.995 1489 2012 I input_focus: [Focus leaving 3cc67bf com.android.launcher3/com.android.launcher3.uioverrides.QuickstepLauncher (server),reason=NO_WINDOW]
11-22 06:54:24.005 15162 15162 I wm_on_resume_called: [55189197,com.android.gallery3d.app.GalleryActivity,RESUME_ACTIVITY]
11-22 06:54:24.005 15162 15162 I wm_on_top_resumed_gained_called: [55189197,com.android.gallery3d.app.GalleryActivity,topWhenResuming]
11-22 06:54:24.013 1489 1634 I sysui_multi_action: [757,803,799,window_time_0,802,1]
11-22 06:54:24.032 1489 1636 I input_focus: [Focus request 7bc8571 com.android.gallery3d/com.android.gallery3d.app.GalleryActivity,reason=UpdateInputWindows]
11-22 06:54:24.033 2375 2375 I sysui_multi_action: [757,111,758,2]
11-22 06:54:24.033 2375 2375 I sysui_multi_action: [757,111,758,2]
11-22 06:54:24.041 1489 1489 I notification_enqueue: [10082,2375,com.android.systemui,2048,NULL,0,Notification(channel=updateNotification shortcut=null contentView=null vibrate=null sound=null defaults=0x0 flags=0x0 color=0x00000000 vis=PRIVATE),1]
11-22 06:54:24.059 2375 2375 I sysui_multi_action: [757,111,758,1]
11-22 06:54:24.059 2375 2375 I sysui_multi_action: [757,126,758,1,759,126,927,0,928,1,1593,0]
11-22 06:54:24.059 2375 2375 I sysui_multi_action: [757,113,758,1,759,113,927,1,928,1,1593,0]
11-22 06:54:24.059 2375 2375 I sysui_multi_action: [757,0,758,1,759,0,927,2,928,0,1593,0]
11-22 06:54:24.059 2375 2375 I sysui_multi_action: [757,0,758,1,759,0,927,3,928,0,1593,0]
11-22 06:54:24.060 2375 2375 I sysui_multi_action: [757,491,758,1,759,491,927,4,928,0,1311,-1,1593,0]
11-22 06:54:24.060 2375 2375 I sysui_multi_action: [757,0,758,1,759,0,927,5,928,0,1593,0]
11-22 06:54:24.060 2375 2375 I sysui_multi_action: [757,114,758,1,759,114,927,6,928,0,1593,0]
11-22 06:54:24.060 2375 2375 I sysui_multi_action: [757,111,758,1]
11-22 06:54:24.060 2375 2375 I sysui_multi_action: [757,126,758,1,759,126,927,0,928,1,1593,0]
11-22 06:54:24.060 2375 2375 I sysui_multi_action: [757,113,758,1,759,113,927,1,928,1,1593,0]
11-22 06:54:24.060 2375 2375 I sysui_multi_action: [757,0,758,1,759,0,927,2,928,0,1593,0]
11-22 06:54:24.060 2375 2375 I sysui_multi_action: [757,0,758,1,759,0,927,3,928,0,1593,0]
11-22 06:54:24.064 1489 1631 I sysui_multi_action: [319,40,321,35,322,100,325,14252,757,761,758,9,759,4,806,com.android.gallery3d,871,com.android.gallery3d.app.GalleryActivity,904,com.android.launcher3,905,0,1320,8,1321,5]
11-22 06:54:24.065 1489 2012 I input_focus: [Focus entering 7bc8571 com.android.gallery3d/com.android.gallery3d.app.GalleryActivity (server),reason=setFocusedWindow]
11-22 06:54:24.360 1489 1634 I wm_stop_activity: [0,168390208,com.android.launcher3/.uioverrides.QuickstepLauncher]
11-22 06:54:24.430 2840 2840 I wm_on_stop_called: [168390208,com.android.launcher3.uioverrides.QuickstepLauncher,STOP_ACTIVITY_ITEM]
11-22 06:54:25.978 1489 2012 I input_interaction: Interaction with: 7bc8571 com.android.gallery3d/com.android.gallery3d.app.GalleryActivity (server), edge-swipe (server), swipe-up (server), PointerEventDispatcher0 (server),
11-22 06:54:25.994 1489 2808 I wm_task_moved: [1,0,0]
11-22 06:54:25.995 1489 2808 I wm_task_moved: [1,0,6]
11-22 06:54:26.017 2840 2840 I wm_on_restart_called: [168390208,com.android.launcher3.uioverrides.QuickstepLauncher,performRestartActivity]
11-22 06:54:26.045 2840 2840 I wm_on_start_called: [168390208,com.android.launcher3.uioverrides.QuickstepLauncher,handleStartActivity]
11-22 06:54:26.074 15162 15162 I view_enqueue_input_event: [Motion - Cancel,com.android.gallery3d/com.android.gallery3d.app.GalleryActivity]
11-22 06:54:26.076 2840 2840 I sysui_latency: [1,80]
11-22 06:54:26.077 1489 2012 I input_interaction: Interaction with: edge-swipe (server), swipe-up (server), PointerEventDispatcher0 (server),
11-22 06:54:26.077 1489 1631 I sysui_multi_action: [319,12,322,69,325,14254,757,761,758,9,759,5,806,com.android.launcher3,871,com.android.launcher3.uioverrides.QuickstepLauncher,905,0,1320,8,1321,5]
11-22 06:54:26.087 1489 1636 I input_focus: [Focus request recents_animation_input_consumer,reason=UpdateInputWindows]
11-22 06:54:26.120 1489 2012 I input_focus: [Focus leaving 7bc8571 com.android.gallery3d/com.android.gallery3d.app.GalleryActivity (server),reason=NOT_FOCUSABLE]
11-22 06:54:26.120 1489 2012 I input_focus: [Focus entering recents_animation_input_consumer (server),reason=setFocusedWindow]
11-22 06:54:26.246 1489 1751 I commit_sys_config_file: [settings-1-0,4]
11-22 06:54:26.365 1489 1648 I sysui_latency: [8,79]
11-22 06:54:27.015 1489 1751 I commit_sys_config_file: [settings-1-0,14]
11-22 06:54:27.399 1489 2012 I input_interaction: Interaction with: 3cc67bf com.android.launcher3/com.android.launcher3.uioverrides.QuickstepLauncher (server), edge-swipe (server), swipe-up (server), PointerEventDispatcher0 (server),
11-22 06:54:27.898 1489 6061 I wm_task_moved: [1,1,7]
11-22 06:54:27.904 1489 6061 I wm_task_moved: [10,1,2147483647]
11-22 06:54:27.904 15162 15162 I wm_on_top_resumed_lost_called: [55189197,com.android.gallery3d.app.GalleryActivity,topStateChangedWhenResumed]
11-22 06:54:27.904 1489 6061 I wm_task_to_front: [0,10]
11-22 06:54:27.905 1489 6061 I wm_focused_root_task: [0,0,1,161,RecentsAnimation.onAnimationFinished()]
11-22 06:54:27.905 1489 6061 I wm_set_resumed_activity: [0,com.android.launcher3/.uioverrides.QuickstepLauncher,RecentsAnimation.onAnimationFinished()]
11-22 06:54:27.909 1489 6061 I wm_pause_activity: [0,55189197,com.android.gallery3d/.app.GalleryActivity,userLeaving=true,pauseBackTasks]
11-22 06:54:27.911 1489 6061 I wm_add_to_stopping: [0,55189197,com.android.gallery3d/.app.GalleryActivity,makeInvisible]
11-22 06:54:27.912 1489 6061 I wm_set_resumed_activity: [0,com.android.launcher3/.uioverrides.QuickstepLauncher,resumeTopActivityInnerLocked]
11-22 06:54:27.915 1489 6061 I wm_resume_activity: [0,168390208,10,com.android.launcher3/.uioverrides.QuickstepLauncher]
11-22 06:54:27.920 2840 2840 I wm_on_resume_called: [168390208,com.android.launcher3.uioverrides.QuickstepLauncher,RESUME_ACTIVITY]
11-22 06:54:27.931 1489 1636 I input_focus: [Focus request 3cc67bf com.android.launcher3/com.android.launcher3.uioverrides.QuickstepLauncher,reason=UpdateInputWindows]
11-22 06:54:27.939 2840 2840 I wm_on_top_resumed_gained_called: [168390208,com.android.launcher3.uioverrides.QuickstepLauncher,topStateChangedWhenResumed]
11-22 06:54:27.940 1489 2012 I input_focus: [Focus leaving recents_animation_input_consumer (server),reason=NOT_VISIBLE]
11-22 06:54:27.943 15162 15162 I wm_on_paused_called: [55189197,com.android.gallery3d.app.GalleryActivity,performPause]
11-22 06:54:27.943 1489 1634 I wm_stop_activity: [0,55189197,com.android.gallery3d/.app.GalleryActivity]
11-22 06:54:27.949 1489 1634 I sysui_multi_action: [757,803,799,window_time_0,802,4]
11-22 06:54:27.960 15162 15162 I wm_on_stop_called: [55189197,com.android.gallery3d.app.GalleryActivity,STOP_ACTIVITY_ITEM]
11-22 06:54:27.961 1489 1634 I sysui_multi_action: [757,803,799,window_time_0,802,0]
11-22 06:54:27.961 1489 2012 I input_focus: [Focus entering 3cc67bf com.android.launcher3/com.android.launcher3.uioverrides.QuickstepLauncher (server),reason=setFocusedWindow]
11-22 06:54:28.320 1489 2012 I input_interaction: Interaction with: 3cc67bf com.android.launcher3/com.android.launcher3.uioverrides.QuickstepLauncher (server), 6449bab com.android.systemui.ImageWallpaper (server), edge-swipe (server), swipe-up (server), PointerEventDispatcher0 (server),
11-22 06:54:28.448 1489 6044 I wm_task_created: [164,-1]
11-22 06:54:28.455 1489 6044 I wm_task_moved: [164,1,8]
11-22 06:54:28.455 1489 6044 I wm_task_to_front: [0,164]
11-22 06:54:28.456 1489 6044 I wm_create_task: [0,164]
11-22 06:54:28.456 1489 6044 I wm_create_activity: [0,51679368,164,com.android.music/.MusicBrowserActivity,android.intent.action.MAIN,NULL,NULL,270532608]
11-22 06:54:28.456 1489 6044 I wm_task_moved: [164,1,8]
11-22 06:54:28.459 1489 6044 I wm_pause_activity: [0,168390208,com.android.launcher3/.uioverrides.QuickstepLauncher,userLeaving=true,pauseBackTasks]
11-22 06:54:28.466 2840 2840 I wm_on_top_resumed_lost_called: [168390208,com.android.launcher3.uioverrides.QuickstepLauncher,topStateChangedWhenResumed]
11-22 06:54:28.466 2840 2840 I wm_on_paused_called: [168390208,com.android.launcher3.uioverrides.QuickstepLauncher,performPause]
11-22 06:54:28.473 1489 6044 I wm_add_to_stopping: [0,168390208,com.android.launcher3/.uioverrides.QuickstepLauncher,makeInvisible]
11-22 06:54:28.475 1489 6044 I wm_restart_activity: [0,51679368,164,com.android.music/.MusicBrowserActivity]
11-22 06:54:28.477 1489 6044 I wm_set_resumed_activity: [0,com.android.music/.MusicBrowserActivity,minimalResumeActivityLocked]
11-22 06:54:28.485 1489 1634 I am_uid_active: 10090
11-22 06:54:28.487 1489 1634 I sysui_multi_action: [757,803,799,window_time_0,802,1]
11-22 06:54:28.507 1489 2012 I input_focus: [Focus leaving 3cc67bf com.android.launcher3/com.android.launcher3.uioverrides.QuickstepLauncher (server),reason=NO_WINDOW]
11-22 06:54:28.537 15528 15528 I wm_on_create_called: [51679368,com.android.music.MusicBrowserActivity,performCreate]
11-22 06:54:28.546 15528 15528 I wm_on_start_called: [51679368,com.android.music.MusicBrowserActivity,handleStartActivity]
11-22 06:54:28.547 15528 15528 I wm_on_resume_called: [51679368,com.android.music.MusicBrowserActivity,RESUME_ACTIVITY]
11-22 06:54:28.553 15528 15528 I wm_on_top_resumed_gained_called: [51679368,com.android.music.MusicBrowserActivity,topStateChangedWhenResumed]
11-22 06:54:28.607 1489 1650 I am_uid_running: 10033
11-22 06:54:28.616 1489 1651 I am_proc_start: [0,15786,10033,com.android.musicfx,broadcast,{com.android.musicfx/com.android.musicfx.ControlPanelReceiver}]
11-22 06:54:28.643 1489 3542 I am_proc_bound: [0,15786,com.android.musicfx]
11-22 06:54:28.650 1489 1949 I sysui_multi_action: [757,856,758,1,806,com.android.music,857,Channel-music,858,2]
11-22 06:54:28.672 1489 1489 I notification_enqueue: [10090,15528,com.android.music,1,NULL,0,Notification(channel=Channel-music shortcut=null contentView=null vibrate=null sound=null defaults=0x0 flags=0x0 color=0x00000000 category=transport actions=4 vis=PRIVATE),0]
11-22 06:54:28.685 1489 1489 I notification_enqueue: [10090,15528,com.android.music,1,NULL,0,Notification(channel=Channel-music shortcut=null contentView=null vibrate=null sound=null defaults=0x0 flags=0x40 color=0x00000000 category=transport actions=4 vis=PRIVATE),0]
11-22 06:54:28.690 1489 1489 I notification_enqueue: [10090,15528,com.android.music,1,NULL,0,Notification(channel=Channel-music shortcut=null contentView=null vibrate=null sound=null defaults=0x0 flags=0x40 color=0x00000000 category=transport actions=4 vis=PRIVATE),0]
11-22 06:54:28.694 1489 1489 I notification_enqueue: [10090,15528,com.android.music,1,NULL,0,Notification(channel=Channel-music shortcut=null contentView=null vibrate=null sound=null defaults=0x0 flags=0x40 color=0x00000000 category=transport actions=4 vis=PRIVATE),0]
11-22 06:54:28.707 1489 1489 I notification_enqueue: [10090,15528,com.android.music,1,NULL,0,Notification(channel=Channel-music shortcut=null contentView=null vibrate=null sound=null defaults=0x0 flags=0x40 color=0x00000000 category=transport actions=4 vis=PRIVATE),0]
11-22 06:54:28.709 1489 1489 I notification_enqueue: [10090,15528,com.android.music,1,NULL,0,Notification(channel=Channel-music shortcut=null contentView=null vibrate=null sound=null defaults=0x0 flags=0x40 color=0x00000000 category=transport actions=4 vis=PRIVATE),0]
11-22 06:54:28.726 1489 1636 I input_focus: [Focus request c0c2aad com.android.music/com.android.music.MusicBrowserActivity,reason=UpdateInputWindows]
11-22 06:54:28.765 1489 1631 I sysui_multi_action: [319,71,321,67,322,312,325,14256,757,761,758,8,759,1,806,com.android.music,871,com.android.music.MusicBrowserActivity,904,com.android.launcher3,905,0,1320,4,1321,1]
11-22 06:54:28.768 1489 1631 I wm_activity_launch_time: [0,51679368,com.android.music/.MusicBrowserActivity,312]
11-22 06:54:28.774 1489 2012 I input_focus: [Focus entering c0c2aad com.android.music/com.android.music.MusicBrowserActivity (server),reason=Window became focusable. Previous reason: NOT_VISIBLE]
11-22 06:54:28.874 1489 1489 I sysui_multi_action: [757,1501,758,1,793,203,794,0,795,203,796,1,806,com.android.music,857,Channel-music,858,2,947,0,1500,0,1641,transport,1688,1,1745,1043716538]
11-22 06:54:28.875 1489 1489 I sysui_multi_action: [757,804,799,note_interruptive,801,0,802,1]
11-22 06:54:28.913 1489 1633 I commit_sys_config_file: [notification-policy,14232185]
11-22 06:54:28.960 1489 1489 I sysui_multi_action: [757,128,758,5,759,8,793,701603,794,0,795,701603,796,1,797,empty_media,806,com.android.systemui,857,empty_media_style_id,858,4,947,0,1500,701400,1641,transport,1688,1,1745,1043716538]
11-22 06:54:28.960 1489 1489 I notification_canceled: [0|com.android.systemui|1|empty_media|10082,8,701603,701603,0,-1,-1,NULL]
11-22 06:54:29.044 1489 1634 I wm_stop_activity: [0,168390208,com.android.launcher3/.uioverrides.QuickstepLauncher]
11-22 06:54:29.067 2840 2840 I wm_on_stop_called: [168390208,com.android.launcher3.uioverrides.QuickstepLauncher,STOP_ACTIVITY_ITEM]
11-22 06:54:30.159 1489 2012 I input_interaction: Interaction with: c0c2aad com.android.music/com.android.music.MusicBrowserActivity (server), edge-swipe (server), swipe-up (server), PointerEventDispatcher0 (server),
11-22 06:54:30.181 1489 1949 I wm_task_moved: [1,0,0]
11-22 06:54:30.182 1489 1949 I wm_task_moved: [1,0,7]
11-22 06:54:30.191 2840 2840 I wm_on_restart_called: [168390208,com.android.launcher3.uioverrides.QuickstepLauncher,performRestartActivity]
11-22 06:54:30.207 2840 2840 I wm_on_start_called: [168390208,com.android.launcher3.uioverrides.QuickstepLauncher,handleStartActivity]
11-22 06:54:30.239 1489 1631 I sysui_multi_action: [319,12,322,45,325,14258,757,761,758,9,759,5,806,com.android.launcher3,871,com.android.launcher3.uioverrides.QuickstepLauncher,905,0,1320,8,1321,5]
11-22 06:54:30.271 15528 15528 I view_enqueue_input_event: [Motion - Cancel,com.android.music/com.android.music.MusicBrowserActivity]
11-22 06:54:30.273 2840 2840 I sysui_latency: [1,60]
11-22 06:54:30.284 1489 2012 I input_interaction: Interaction with: edge-swipe (server), swipe-up (server), PointerEventDispatcher0 (server),
11-22 06:54:30.288 1489 1636 I input_focus: [Focus request recents_animation_input_consumer,reason=UpdateInputWindows]
11-22 06:54:30.314 1489 2012 I input_focus: [Focus leaving c0c2aad com.android.music/com.android.music.MusicBrowserActivity (server),reason=NOT_FOCUSABLE]
11-22 06:54:30.314 1489 2012 I input_focus: [Focus entering recents_animation_input_consumer (server),reason=setFocusedWindow]
11-22 06:54:30.414 1489 1751 I commit_sys_config_file: [settings-1-0,8]
11-22 06:54:30.527 1489 1648 I sysui_latency: [8,61]
11-22 06:54:31.213 1489 1751 I commit_sys_config_file: [settings-1-0,4]
11-22 06:54:32.019 1489 2012 I input_interaction: Interaction with: 3cc67bf com.android.launcher3/com.android.launcher3.uioverrides.QuickstepLauncher (server), edge-swipe (server), swipe-up (server), PointerEventDispatcher0 (server),
11-22 06:54:32.024 1489 1489 I service_manager_stats: [100,94,43712]
11-22 06:54:32.159 1489 1949 I wm_task_moved: [1,1,8]
11-22 06:54:32.161 1489 1949 I wm_focused_root_task: [0,0,1,164,startActivityFromRecents]
11-22 06:54:32.162 1489 1949 I wm_task_moved: [164,1,8]
11-22 06:54:32.162 1489 1949 I wm_set_resumed_activity: [0,com.android.music/.MusicBrowserActivity,positionChildAt]
11-22 06:54:32.162 1489 1949 I wm_focused_root_task: [0,0,164,1,moveTaskToFront findTaskToMoveToFront]
11-22 06:54:32.162 1489 1949 I wm_set_resumed_activity: [0,com.android.music/.MusicBrowserActivity,moveTaskToFront findTaskToMoveToFront]
11-22 06:54:32.164 15528 15528 I wm_on_top_resumed_lost_called: [51679368,com.android.music.MusicBrowserActivity,topStateChangedWhenResumed]
11-22 06:54:32.173 1489 1634 I wm_relaunch_resume_activity: [0,51679368,164,com.android.music/.MusicBrowserActivity]
11-22 06:54:32.225 15528 15528 I wm_on_paused_called: [51679368,com.android.music.MusicBrowserActivity,performPause]
11-22 06:54:32.227 15528 15528 I wm_on_stop_called: [51679368,com.android.music.MusicBrowserActivity,handleRelaunchActivity]
11-22 06:54:32.229 15528 15528 I wm_on_destroy_called: [51679368,com.android.music.MusicBrowserActivity,performDestroy]
11-22 06:54:32.257 15528 15528 I wm_on_create_called: [51679368,com.android.music.MusicBrowserActivity,performCreate]
11-22 06:54:32.267 15528 15528 I wm_on_start_called: [51679368,com.android.music.MusicBrowserActivity,handleStartActivity]
11-22 06:54:32.268 15528 15528 I wm_on_resume_called: [51679368,com.android.music.MusicBrowserActivity,RESUME_ACTIVITY]
11-22 06:54:32.270 15528 15528 I wm_on_top_resumed_gained_called: [51679368,com.android.music.MusicBrowserActivity,topStateChangedWhenResumed]
11-22 06:54:32.305 1489 1489 I notification_enqueue: [10090,15528,com.android.music,1,NULL,0,Notification(channel=Channel-music shortcut=null contentView=null vibrate=null sound=null defaults=0x0 flags=0x40 color=0x00000000 category=transport actions=4 vis=PRIVATE),1]
11-22 06:54:32.311 1489 1489 I notification_enqueue: [10090,15528,com.android.music,1,NULL,0,Notification(channel=Channel-music shortcut=null contentView=null vibrate=null sound=null defaults=0x0 flags=0x40 color=0x00000000 category=transport actions=4 vis=PRIVATE),1]
11-22 06:54:32.328 1489 1489 I notification_enqueue: [10090,15528,com.android.music,1,NULL,0,Notification(channel=Channel-music shortcut=null contentView=null vibrate=null sound=null defaults=0x0 flags=0x40 color=0x00000000 category=transport actions=4 vis=PRIVATE),1]
11-22 06:54:32.336 1489 1489 I notification_enqueue: [10090,15528,com.android.music,1,NULL,0,Notification(channel=Channel-music shortcut=null contentView=null vibrate=null sound=null defaults=0x0 flags=0x40 color=0x00000000 category=transport actions=4 vis=PRIVATE),1]
11-22 06:54:32.346 1489 1489 I notification_enqueue: [10090,15528,com.android.music,1,NULL,0,Notification(channel=Channel-music shortcut=null contentView=null vibrate=null sound=null defaults=0x0 flags=0x40 color=0x00000000 category=transport actions=4 vis=PRIVATE),1]
11-22 06:54:32.351 1489 1489 I notification_enqueue: [10090,15528,com.android.music,1,NULL,0,Notification(channel=Channel-music shortcut=null contentView=null vibrate=null sound=null defaults=0x0 flags=0x40 color=0x00000000 category=transport actions=4 vis=PRIVATE),1]
11-22 06:54:32.550 1489 1597 I wm_task_moved: [1,0,7]
11-22 06:54:32.553 1489 1597 I wm_resume_activity: [0,168390208,10,com.android.launcher3/.uioverrides.QuickstepLauncher]
11-22 06:54:32.559 1489 1636 I input_focus: [Focus request c0c2aad com.android.music/com.android.music.MusicBrowserActivity,reason=UpdateInputWindows]
11-22 06:54:32.569 2840 2840 I wm_on_resume_called: [168390208,com.android.launcher3.uioverrides.QuickstepLauncher,RESUME_ACTIVITY]
11-22 06:54:32.583 1489 2012 I input_focus: [Focus leaving recents_animation_input_consumer (server),reason=NOT_VISIBLE]
11-22 06:54:32.583 1489 2012 I input_focus: [Focus entering c0c2aad com.android.music/com.android.music.MusicBrowserActivity (server),reason=setFocusedWindow]
11-22 06:54:34.273 1489 2012 I input_interaction: Interaction with: c0c2aad com.android.music/com.android.music.MusicBrowserActivity (server), edge-swipe (server), swipe-up (server), PointerEventDispatcher0 (server),
11-22 06:54:34.467 1489 2808 I wm_relaunch_resume_activity: [0,51679368,164,com.android.music/.MusicBrowserActivity]
11-22 06:54:34.468 1489 2808 I wm_add_to_stopping: [0,168390208,com.android.launcher3/.uioverrides.QuickstepLauncher,makeInvisible]
11-22 06:54:34.481 15528 15528 I wm_on_top_resumed_lost_called: [51679368,com.android.music.MusicBrowserActivity,pausing]
11-22 06:54:34.482 15528 15528 I wm_on_paused_called: [51679368,com.android.music.MusicBrowserActivity,performPause]
11-22 06:54:34.489 15528 15528 I wm_on_stop_called: [51679368,com.android.music.MusicBrowserActivity,handleRelaunchActivity]
11-22 06:54:34.493 15528 15528 I wm_on_destroy_called: [51679368,com.android.music.MusicBrowserActivity,performDestroy]
11-22 06:54:34.530 15528 15528 I wm_on_create_called: [51679368,com.android.music.MusicBrowserActivity,performCreate]
11-22 06:54:34.540 15528 15528 I wm_on_start_called: [51679368,com.android.music.MusicBrowserActivity,handleStartActivity]
11-22 06:54:34.541 15528 15528 I wm_on_resume_called: [51679368,com.android.music.MusicBrowserActivity,RESUME_ACTIVITY]
11-22 06:54:34.542 15528 15528 I wm_on_top_resumed_gained_called: [51679368,com.android.music.MusicBrowserActivity,topWhenResuming]
11-22 06:54:34.570 1489 1489 I notification_enqueue: [10090,15528,com.android.music,1,NULL,0,Notification(channel=Channel-music shortcut=null contentView=null vibrate=null sound=null defaults=0x0 flags=0x40 color=0x00000000 category=transport actions=4 vis=PRIVATE),1]
11-22 06:54:34.571 1489 1489 I notification_enqueue: [10090,15528,com.android.music,1,NULL,0,Notification(channel=Channel-music shortcut=null contentView=null vibrate=null sound=null defaults=0x0 flags=0x40 color=0x00000000 category=transport actions=4 vis=PRIVATE),1]
11-22 06:54:34.590 1489 1489 I notification_enqueue: [10090,15528,com.android.music,1,NULL,0,Notification(channel=Channel-music shortcut=null contentView=null vibrate=null sound=null defaults=0x0 flags=0x40 color=0x00000000 category=transport actions=4 vis=PRIVATE),1]
11-22 06:54:34.595 1489 1489 I notification_enqueue: [10090,15528,com.android.music,1,NULL,0,Notification(channel=Channel-music shortcut=null contentView=null vibrate=null sound=null defaults=0x0 flags=0x40 color=0x00000000 category=transport actions=4 vis=PRIVATE),1]
11-22 06:54:34.606 1489 1489 I notification_enqueue: [10090,15528,com.android.music,1,NULL,0,Notification(channel=Channel-music shortcut=null contentView=null vibrate=null sound=null defaults=0x0 flags=0x40 color=0x00000000 category=transport actions=4 vis=PRIVATE),1]
11-22 06:54:34.607 1489 1489 I notification_enqueue: [10090,15528,com.android.music,1,NULL,0,Notification(channel=Channel-music shortcut=null contentView=null vibrate=null sound=null defaults=0x0 flags=0x40 color=0x00000000 category=transport actions=4 vis=PRIVATE),1]
11-22 06:54:34.906 1489 1634 I wm_stop_activity: [0,168390208,com.android.launcher3/.uioverrides.QuickstepLauncher]
11-22 06:54:34.938 2840 2840 I wm_on_paused_called: [168390208,com.android.launcher3.uioverrides.QuickstepLauncher,performPause]
11-22 06:54:34.946 2840 2840 I wm_on_stop_called: [168390208,com.android.launcher3.uioverrides.QuickstepLauncher,STOP_ACTIVITY_ITEM]
11-22 06:54:35.775 1489 2808 I wm_task_moved: [1,0,0]
11-22 06:54:35.776 1489 2808 I wm_task_moved: [1,0,7]
11-22 06:54:35.787 2840 2840 I wm_on_restart_called: [168390208,com.android.launcher3.uioverrides.QuickstepLauncher,performRestartActivity]
11-22 06:54:35.816 2840 2840 I wm_on_start_called: [168390208,com.android.launcher3.uioverrides.QuickstepLauncher,handleStartActivity]
11-22 06:54:35.843 1489 1631 I sysui_multi_action: [319,13,322,55,325,14264,757,761,758,9,759,5,806,com.android.launcher3,871,com.android.launcher3.uioverrides.QuickstepLauncher,905,0,1320,8,1321,5]
11-22 06:54:35.853 15528 15528 I view_enqueue_input_event: [Motion - Cancel,com.android.music/com.android.music.MusicBrowserActivity]
11-22 06:54:35.854 2840 2840 I sysui_latency: [1,66]
11-22 06:54:35.862 1489 1636 I input_focus: [Focus request recents_animation_input_consumer,reason=UpdateInputWindows]
11-22 06:54:35.866 1489 2012 I input_interaction: Interaction with: edge-swipe (server), swipe-up (server), PointerEventDispatcher0 (server),
11-22 06:54:35.890 1489 2012 I input_focus: [Focus leaving c0c2aad com.android.music/com.android.music.MusicBrowserActivity (server),reason=NOT_FOCUSABLE]
11-22 06:54:35.891 1489 2012 I input_focus: [Focus entering recents_animation_input_consumer (server),reason=setFocusedWindow]
11-22 06:54:36.023 1489 1751 I commit_sys_config_file: [settings-1-0,10]
11-22 06:54:36.134 1489 1648 I sysui_latency: [8,65]
11-22 06:54:36.708 1489 1751 I commit_sys_config_file: [settings-1-0,10]
11-22 06:54:37.421 1489 2012 I input_interaction: Interaction with: 3cc67bf com.android.launcher3/com.android.launcher3.uioverrides.QuickstepLauncher (server), edge-swipe (server), swipe-up (server), PointerEventDispatcher0 (server),
11-22 06:54:37.938 1489 2808 I wm_task_moved: [1,0,7]
11-22 06:54:37.939 1489 2808 I wm_add_to_stopping: [0,168390208,com.android.launcher3/.uioverrides.QuickstepLauncher,makeInvisible]
11-22 06:54:37.947 1489 1636 I input_focus: [Focus request c0c2aad com.android.music/com.android.music.MusicBrowserActivity,reason=UpdateInputWindows]
11-22 06:54:37.949 1489 1634 I wm_stop_activity: [0,168390208,com.android.launcher3/.uioverrides.QuickstepLauncher]
11-22 06:54:37.964 1489 2012 I input_focus: [Focus leaving recents_animation_input_consumer (server),reason=NOT_VISIBLE]
11-22 06:54:37.965 1489 2012 I input_focus: [Focus entering c0c2aad com.android.music/com.android.music.MusicBrowserActivity (server),reason=setFocusedWindow]
11-22 06:54:38.003 2840 2840 I wm_on_stop_called: [168390208,com.android.launcher3.uioverrides.QuickstepLauncher,STOP_ACTIVITY_ITEM]
11-22 06:54:39.021 1489 2012 I input_interaction: Interaction with: c0c2aad com.android.music/com.android.music.MusicBrowserActivity (server), edge-swipe (server), swipe-up (server), PointerEventDispatcher0 (server),
11-22 06:54:39.033 1489 3542 I wm_task_moved: [1,0,0]
11-22 06:54:39.033 1489 3542 I wm_task_moved: [1,0,7]
11-22 06:54:39.055 1489 1648 I am_pss : [13650,10063,com.thundercomm.gamemode.provider,8387584,6250496,0,96866304,0,5,10]
11-22 06:54:39.067 2840 2840 I wm_on_restart_called: [168390208,com.android.launcher3.uioverrides.QuickstepLauncher,performRestartActivity]
11-22 06:54:39.085 2840 2840 I wm_on_start_called: [168390208,com.android.launcher3.uioverrides.QuickstepLauncher,handleStartActivity]
11-22 06:54:39.086 15528 15528 I view_enqueue_input_event: [Motion - Cancel,com.android.music/com.android.music.MusicBrowserActivity]
11-22 06:54:39.088 1489 1636 I input_focus: [Focus request recents_animation_input_consumer,reason=UpdateInputWindows]
11-22 06:54:39.092 1489 2012 I input_interaction: Interaction with: edge-swipe (server), swipe-up (server), PointerEventDispatcher0 (server),
11-22 06:54:39.097 2840 2840 I sysui_latency: [1,78]
11-22 06:54:39.098 1489 2012 I input_focus: [Focus leaving c0c2aad com.android.music/com.android.music.MusicBrowserActivity (server),reason=NOT_FOCUSABLE]
11-22 06:54:39.099 1489 2012 I input_focus: [Focus entering recents_animation_input_consumer (server),reason=setFocusedWindow]
11-22 06:54:39.119 1489 1631 I sysui_multi_action: [319,19,322,73,325,14267,757,761,758,9,759,5,806,com.android.launcher3,871,com.android.launcher3.uioverrides.QuickstepLauncher,905,0,1320,8,1321,5]
11-22 06:54:39.290 1489 1751 I commit_sys_config_file: [settings-1-0,8]
11-22 06:54:39.409 1489 1648 I sysui_latency: [8,82]
11-22 06:54:39.999 1489 1751 I commit_sys_config_file: [settings-1-0,5]
11-22 06:54:40.905 1489 2012 I input_interaction: Interaction with: 3cc67bf com.android.launcher3/com.android.launcher3.uioverrides.QuickstepLauncher (server), edge-swipe (server), swipe-up (server), PointerEventDispatcher0 (server),
11-22 06:54:41.086 1489 2808 I wm_relaunch_resume_activity: [0,51679368,164,com.android.music/.MusicBrowserActivity]
11-22 06:54:41.088 1489 2808 I wm_task_moved: [1,1,8]
11-22 06:54:41.088 15528 15528 I wm_on_top_resumed_lost_called: [51679368,com.android.music.MusicBrowserActivity,pausing]
11-22 06:54:41.089 15528 15528 I wm_on_paused_called: [51679368,com.android.music.MusicBrowserActivity,performPause]
11-22 06:54:41.089 1489 2808 I wm_focused_root_task: [0,0,1,164,startActivityFromRecents]
11-22 06:54:41.089 1489 2808 I wm_task_moved: [164,1,8]
11-22 06:54:41.089 1489 2808 I wm_set_resumed_activity: [0,com.android.music/.MusicBrowserActivity,positionChildAt]
11-22 06:54:41.089 1489 2808 I wm_focused_root_task: [0,0,164,1,moveTaskToFront findTaskToMoveToFront]
11-22 06:54:41.089 1489 2808 I wm_set_resumed_activity: [0,com.android.music/.MusicBrowserActivity,moveTaskToFront findTaskToMoveToFront]
11-22 06:54:41.097 15528 15528 I wm_on_stop_called: [51679368,com.android.music.MusicBrowserActivity,handleRelaunchActivity]
11-22 06:54:41.100 15528 15528 I wm_on_destroy_called: [51679368,com.android.music.MusicBrowserActivity,performDestroy]
11-22 06:54:41.117 1489 1648 I am_pss : [15528,10090,com.android.music,77912064,72376320,0,197410816,0,2,10]
11-22 06:54:41.151 15528 15528 I wm_on_create_called: [51679368,com.android.music.MusicBrowserActivity,performCreate]
11-22 06:54:41.161 15528 15528 I wm_on_start_called: [51679368,com.android.music.MusicBrowserActivity,handleStartActivity]
11-22 06:54:41.161 15528 15528 I wm_on_resume_called: [51679368,com.android.music.MusicBrowserActivity,RESUME_ACTIVITY]
11-22 06:54:41.162 15528 15528 I wm_on_top_resumed_gained_called: [51679368,com.android.music.MusicBrowserActivity,topWhenResuming]
11-22 06:54:41.163 15528 15528 I wm_on_top_resumed_lost_called: [51679368,com.android.music.MusicBrowserActivity,topStateChangedWhenResumed]
11-22 06:54:41.187 1489 1489 I notification_enqueue: [10090,15528,com.android.music,1,NULL,0,Notification(channel=Channel-music shortcut=null contentView=null vibrate=null sound=null defaults=0x0 flags=0x40 color=0x00000000 category=transport actions=4 vis=PRIVATE),1]
11-22 06:54:41.190 1489 1489 I notification_enqueue: [10090,15528,com.android.music,1,NULL,0,Notification(channel=Channel-music shortcut=null contentView=null vibrate=null sound=null defaults=0x0 flags=0x40 color=0x00000000 category=transport actions=4 vis=PRIVATE),1]
11-22 06:54:41.209 1489 1489 I notification_enqueue: [10090,15528,com.android.music,1,NULL,0,Notification(channel=Channel-music shortcut=null contentView=null vibrate=null sound=null defaults=0x0 flags=0x40 color=0x00000000 category=transport actions=4 vis=PRIVATE),1]
11-22 06:54:41.213 1489 1489 I notification_enqueue: [10090,15528,com.android.music,1,NULL,0,Notification(channel=Channel-music shortcut=null contentView=null vibrate=null sound=null defaults=0x0 flags=0x40 color=0x00000000 category=transport actions=4 vis=PRIVATE),1]
11-22 06:54:41.223 1489 1489 I notification_enqueue: [10090,15528,com.android.music,1,NULL,0,Notification(channel=Channel-music shortcut=null contentView=null vibrate=null sound=null defaults=0x0 flags=0x40 color=0x00000000 category=transport actions=4 vis=PRIVATE),1]
11-22 06:54:41.226 1489 1489 I notification_enqueue: [10090,15528,com.android.music,1,NULL,0,Notification(channel=Channel-music shortcut=null contentView=null vibrate=null sound=null defaults=0x0 flags=0x40 color=0x00000000 category=transport actions=4 vis=PRIVATE),1]
11-22 06:54:41.251 15528 15528 I wm_on_top_resumed_gained_called: [51679368,com.android.music.MusicBrowserActivity,topStateChangedWhenResumed]
11-22 06:54:41.507 1489 8738 I wm_task_moved: [1,1,8]
11-22 06:54:41.508 1489 8738 I wm_task_moved: [10,1,2147483647]
11-22 06:54:41.508 1489 8738 I wm_task_to_front: [0,10]
11-22 06:54:41.508 1489 8738 I wm_focused_root_task: [0,0,1,164,RecentsAnimation.onAnimationFinished()]
11-22 06:54:41.509 1489 8738 I wm_set_resumed_activity: [0,com.android.launcher3/.uioverrides.QuickstepLauncher,RecentsAnimation.onAnimationFinished()]
11-22 06:54:41.511 1489 8738 I wm_set_resumed_activity: [0,com.android.launcher3/.uioverrides.QuickstepLauncher,resumeTopActivityInnerLocked]
11-22 06:54:41.514 1489 8738 I wm_resume_activity: [0,168390208,10,com.android.launcher3/.uioverrides.QuickstepLauncher]
11-22 06:54:41.524 1489 1636 I input_focus: [Focus request 3cc67bf com.android.launcher3/com.android.launcher3.uioverrides.QuickstepLauncher,reason=UpdateInputWindows]
11-22 06:54:41.524 2840 2840 I wm_on_resume_called: [168390208,com.android.launcher3.uioverrides.QuickstepLauncher,RESUME_ACTIVITY]
11-22 06:54:41.531 1489 1634 I sysui_multi_action: [757,803,799,window_time_0,802,13]
11-22 06:54:41.533 15528 15528 I wm_on_top_resumed_lost_called: [51679368,com.android.music.MusicBrowserActivity,topStateChangedWhenResumed]
11-22 06:54:41.538 1489 2012 I input_focus: [Focus leaving recents_animation_input_consumer (server),reason=NOT_VISIBLE]
11-22 06:54:41.538 1489 2012 I input_focus: [Focus entering 3cc67bf com.android.launcher3/com.android.launcher3.uioverrides.QuickstepLauncher (server),reason=setFocusedWindow]
11-22 06:54:41.538 2840 2840 I wm_on_top_resumed_gained_called: [168390208,com.android.launcher3.uioverrides.QuickstepLauncher,topStateChangedWhenResumed]
11-22 06:54:44.892 1489 2012 I input_interaction: Interaction with: c0c2aad com.android.music/com.android.music.MusicBrowserActivity (server), edge-swipe (server), swipe-up (server), PointerEventDispatcher0 (server),
11-22 06:54:44.897 1489 1634 I wm_task_moved: [164,1,8]
11-22 06:54:44.897 1489 1634 I wm_task_to_front: [0,164]
11-22 06:54:44.904 2840 2840 I wm_on_top_resumed_lost_called: [168390208,com.android.launcher3.uioverrides.QuickstepLauncher,topStateChangedWhenResumed]
11-22 06:54:44.904 1489 1634 I wm_set_resumed_activity: [0,com.android.music/.MusicBrowserActivity,positionChildAt]
11-22 06:54:44.904 1489 1634 I wm_focused_root_task: [0,0,164,1,setFocusedTask]
11-22 06:54:44.904 1489 1634 I wm_set_resumed_activity: [0,com.android.music/.MusicBrowserActivity,setFocusedTask]
11-22 06:54:44.905 1489 1636 I input_focus: [Focus request c0c2aad com.android.music/com.android.music.MusicBrowserActivity,reason=UpdateInputWindows]
11-22 06:54:44.906 15528 15528 I wm_on_top_resumed_gained_called: [51679368,com.android.music.MusicBrowserActivity,topStateChangedWhenResumed]
11-22 06:54:44.948 1489 2012 I input_focus: [Focus leaving 3cc67bf com.android.launcher3/com.android.launcher3.uioverrides.QuickstepLauncher (server),reason=setFocusedWindow]
11-22 06:54:44.948 1489 2012 I input_focus: [Focus entering c0c2aad com.android.music/com.android.music.MusicBrowserActivity (server),reason=setFocusedWindow]
11-22 06:54:47.653 1489 7615 I wm_task_moved: [164,1,8]
11-22 06:54:47.653 1489 7615 I wm_set_resumed_activity: [0,com.android.music/.MusicBrowserActivity,positionChildAt]
11-22 06:54:47.653 1489 7615 I wm_create_activity: [0,110589605,164,com.android.musicfx/.Compatibility$Redirector,android.media.action.DISPLAY_AUDIO_EFFECT_CONTROL_PANEL,NULL,NULL,0]
11-22 06:54:47.656 1489 7615 I wm_pause_activity: [0,51679368,com.android.music/.MusicBrowserActivity,userLeaving=true,resumeTopActivityInnerLocked]
11-22 06:54:47.663 15528 15528 I wm_on_top_resumed_lost_called: [51679368,com.android.music.MusicBrowserActivity,topStateChangedWhenResumed]
11-22 06:54:47.665 15528 15528 I wm_on_paused_called: [51679368,com.android.music.MusicBrowserActivity,performPause]
11-22 06:54:47.668 1489 7615 I wm_restart_activity: [0,110589605,164,com.android.musicfx/.Compatibility$Redirector]
11-22 06:54:47.669 1489 7615 I wm_set_resumed_activity: [0,com.android.musicfx/.Compatibility$Redirector,minimalResumeActivityLocked]
11-22 06:54:47.677 1489 1634 I am_uid_active: 10033
11-22 06:54:47.684 1489 1634 I sysui_multi_action: [757,803,799,window_time_0,802,6]
11-22 06:54:47.695 1489 5394 I wm_task_moved: [164,1,8]
11-22 06:54:47.695 1489 5394 I wm_set_resumed_activity: [0,com.android.musicfx/.Compatibility$Redirector,positionChildAt]
11-22 06:54:47.696 1489 5394 I wm_create_activity: [0,233129030,164,com.android.musicfx/.ActivityMusic,android.media.action.DISPLAY_AUDIO_EFFECT_CONTROL_PANEL,NULL,NULL,33554432]
11-22 06:54:47.696 1489 5394 I wm_pause_activity: [0,110589605,com.android.musicfx/.Compatibility$Redirector,userLeaving=true,resumeTopActivityInnerLocked]
11-22 06:54:47.698 1489 5394 I wm_finish_activity: [0,110589605,164,com.android.musicfx/.Compatibility$Redirector,app-request]
11-22 06:54:47.698 15786 15786 I wm_on_create_called: [110589605,com.android.musicfx.Compatibility$Redirector,performCreate]
11-22 06:54:47.723 1489 8738 I wm_add_to_stopping: [0,110589605,com.android.musicfx/.Compatibility$Redirector,completeFinishing]
11-22 06:54:47.725 1489 8738 I wm_restart_activity: [0,233129030,164,com.android.musicfx/.ActivityMusic]
11-22 06:54:47.726 1489 8738 I wm_set_resumed_activity: [0,com.android.musicfx/.ActivityMusic,minimalResumeActivityLocked]
11-22 06:54:47.729 1489 1634 I sysui_multi_action: [757,803,799,window_time_2,802,0]
11-22 06:54:47.815 15786 15786 I wm_on_create_called: [233129030,com.android.musicfx.ActivityMusic,performCreate]
11-22 06:54:47.815 15786 15786 I wm_on_start_called: [233129030,com.android.musicfx.ActivityMusic,handleStartActivity]
11-22 06:54:47.824 15786 15786 I wm_on_resume_called: [233129030,com.android.musicfx.ActivityMusic,RESUME_ACTIVITY]
11-22 06:54:47.828 15786 15786 I wm_on_top_resumed_gained_called: [233129030,com.android.musicfx.ActivityMusic,topStateChangedWhenResumed]
11-22 06:54:47.848 1489 1636 I input_focus: [Focus request dc86a59 com.android.musicfx/com.android.musicfx.ActivityMusic,reason=UpdateInputWindows]
11-22 06:54:47.870 1489 2012 I input_focus: [Focus leaving c0c2aad com.android.music/com.android.music.MusicBrowserActivity (server),reason=Waiting for window because NOT_VISIBLE]
11-22 06:54:47.886 1489 1631 I sysui_multi_action: [319,252,322,252,325,14276,757,761,758,8,759,2,806,com.android.musicfx,871,com.android.musicfx.ActivityMusic,904,com.android.musicfx,905,0,1320,4,1321,1]
11-22 06:54:47.887 1489 1631 I wm_activity_launch_time: [0,233129030,com.android.musicfx/.ActivityMusic,252]
11-22 06:54:47.893 1489 5394 I wm_destroy_activity: [0,110589605,164,com.android.musicfx/.Compatibility$Redirector,finish-imm:idle]
11-22 06:54:47.893 15786 15786 I wm_on_destroy_called: [110589605,com.android.musicfx.Compatibility$Redirector,performDestroy]
11-22 06:54:47.903 1489 2012 I input_focus: [Focus entering dc86a59 com.android.musicfx/com.android.musicfx.ActivityMusic (server),reason=Window became focusable. Previous reason: NOT_VISIBLE]
11-22 06:55:01.840 1489 2012 I input_interaction: Interaction with: dc86a59 com.android.musicfx/com.android.musicfx.ActivityMusic (server), edge-swipe (server), swipe-up (server), PointerEventDispatcher0 (server),
11-22 06:55:01.961 1489 3542 I wm_finish_activity: [0,233129030,164,com.android.musicfx/.ActivityMusic,finish-activity]
11-22 06:55:01.977 1489 3542 I wm_pause_activity: [0,233129030,com.android.musicfx/.ActivityMusic,userLeaving=false,finish]
11-22 06:55:01.982 1489 3542 I wm_finish_activity: [0,51679368,164,com.android.music/.MusicBrowserActivity,finish-activity]
11-22 06:55:01.982 1489 3542 I wm_task_moved: [1,1,8]
11-22 06:55:01.983 1489 3542 I wm_set_resumed_activity: [0,com.android.launcher3/.uioverrides.QuickstepLauncher,positionChildAt]
11-22 06:55:01.984 1489 3542 I wm_task_moved: [10,1,2147483647]
11-22 06:55:01.984 1489 3542 I wm_task_to_front: [0,10]
