11-22 06:30:34.683 13759 13759 I sysui_multi_action: [757,1729,758,4,854,isParalleledControllers:false,1089,21]
11-22 06:30:34.683 13759 13759 I wm_on_top_resumed_gained_called: [166170195,com.android.settings.bluetooth.DevicePickerActivity,topWhenResuming]
11-22 06:30:35.960 1489 7595 I wm_relaunch_resume_activity: [0,166170195,145,com.android.settings/.bluetooth.DevicePickerActivity]
11-22 06:30:35.973 13759 13759 I wm_on_top_resumed_lost_called: [166170195,com.android.settings.bluetooth.DevicePickerActivity,pausing]
11-22 06:30:35.977 13759 13759 I sysui_multi_action: [757,25,758,2,1089,1291]
11-22 06:30:35.977 13759 13759 I wm_on_paused_called: [166170195,com.android.settings.bluetooth.DevicePickerActivity,performPause]
11-22 06:30:35.983 13759 13759 I wm_on_stop_called: [166170195,com.android.settings.bluetooth.DevicePickerActivity,handleRelaunchActivity]
11-22 06:30:35.992 13759 13759 I wm_on_destroy_called: [166170195,com.android.settings.bluetooth.DevicePickerActivity,performDestroy]
11-22 06:30:36.014 13759 13759 I wm_on_create_called: [166170195,com.android.settings.bluetooth.DevicePickerActivity,performCreate]
11-22 06:30:36.021 13759 13759 I wm_on_start_called: [166170195,com.android.settings.bluetooth.DevicePickerActivity,handleStartActivity]
11-22 06:30:36.023 13759 13759 I wm_on_resume_called: [166170195,com.android.settings.bluetooth.DevicePickerActivity,RESUME_ACTIVITY]
11-22 06:30:36.023 13759 13759 I sysui_multi_action: [757,25,758,1,833,0,1089,20]
11-22 06:30:36.023 13759 13759 I sysui_multi_action: [757,1729,758,4,854,isParalleledControllers:false,1089,20]
11-22 06:30:36.023 13759 13759 I wm_on_top_resumed_gained_called: [166170195,com.android.settings.bluetooth.DevicePickerActivity,topWhenResuming]
11-22 06:30:36.943 1489 7614 I wm_relaunch_resume_activity: [0,166170195,145,com.android.settings/.bluetooth.DevicePickerActivity]
11-22 06:30:36.955 13759 13759 I wm_on_top_resumed_lost_called: [166170195,com.android.settings.bluetooth.DevicePickerActivity,pausing]
11-22 06:30:36.957 13759 13759 I sysui_multi_action: [757,25,758,2,1089,933]
11-22 06:30:36.958 13759 13759 I wm_on_paused_called: [166170195,com.android.settings.bluetooth.DevicePickerActivity,performPause]
11-22 06:30:36.965 13759 13759 I wm_on_stop_called: [166170195,com.android.settings.bluetooth.DevicePickerActivity,handleRelaunchActivity]
11-22 06:30:36.974 13759 13759 I wm_on_destroy_called: [166170195,com.android.settings.bluetooth.DevicePickerActivity,performDestroy]
11-22 06:30:37.004 13759 13759 I wm_on_create_called: [166170195,com.android.settings.bluetooth.DevicePickerActivity,performCreate]
11-22 06:30:37.007 13759 13759 I wm_on_start_called: [166170195,com.android.settings.bluetooth.DevicePickerActivity,handleStartActivity]
11-22 06:30:37.009 13759 13759 I wm_on_resume_called: [166170195,com.android.settings.bluetooth.DevicePickerActivity,RESUME_ACTIVITY]
11-22 06:30:37.009 13759 13759 I sysui_multi_action: [757,25,758,1,833,0,1089,16]
11-22 06:30:37.009 13759 13759 I sysui_multi_action: [757,1729,758,4,854,isParalleledControllers:false,1089,17]
11-22 06:30:37.010 13759 13759 I wm_on_top_resumed_gained_called: [166170195,com.android.settings.bluetooth.DevicePickerActivity,topWhenResuming]
11-22 06:30:37.902 1489 2808 I wm_relaunch_resume_activity: [0,166170195,145,com.android.settings/.bluetooth.DevicePickerActivity]
11-22 06:30:37.920 13759 13759 I wm_on_top_resumed_lost_called: [166170195,com.android.settings.bluetooth.DevicePickerActivity,pausing]
11-22 06:30:37.921 13759 13759 I sysui_multi_action: [757,25,758,2,1089,912]
11-22 06:30:37.922 13759 13759 I wm_on_paused_called: [166170195,com.android.settings.bluetooth.DevicePickerActivity,performPause]
11-22 06:30:37.927 13759 13759 I wm_on_stop_called: [166170195,com.android.settings.bluetooth.DevicePickerActivity,handleRelaunchActivity]
11-22 06:30:37.933 13759 13759 I wm_on_destroy_called: [166170195,com.android.settings.bluetooth.DevicePickerActivity,performDestroy]
11-22 06:30:37.956 13759 13759 I wm_on_create_called: [166170195,com.android.settings.bluetooth.DevicePickerActivity,performCreate]
11-22 06:30:37.962 13759 13759 I wm_on_start_called: [166170195,com.android.settings.bluetooth.DevicePickerActivity,handleStartActivity]
11-22 06:30:37.963 13759 13759 I wm_on_resume_called: [166170195,com.android.settings.bluetooth.DevicePickerActivity,RESUME_ACTIVITY]
11-22 06:30:37.963 13759 13759 I sysui_multi_action: [757,25,758,1,833,0,1089,18]
11-22 06:30:37.963 13759 13759 I sysui_multi_action: [757,1729,758,4,854,isParalleledControllers:false,1089,18]
11-22 06:30:37.963 13759 13759 I wm_on_top_resumed_gained_called: [166170195,com.android.settings.bluetooth.DevicePickerActivity,topWhenResuming]
11-22 06:30:41.036 1489 2808 I wm_finish_activity: [0,166170195,145,com.android.settings/.bluetooth.DevicePickerActivity,finish-activity]
11-22 06:30:41.037 1489 2808 I wm_task_moved: [1,1,7]
11-22 06:30:41.041 1489 2808 I wm_set_resumed_activity: [0,com.android.launcher3/.uioverrides.QuickstepLauncher,positionChildAt]
11-22 06:30:41.041 1489 2808 I wm_task_moved: [10,1,2147483647]
11-22 06:30:41.041 1489 2808 I wm_task_to_front: [0,10]
11-22 06:30:41.042 1489 2808 I wm_focused_root_task: [0,0,1,-1,finish-top adjustFocusToNextFocusableTask]
11-22 06:30:41.042 1489 2808 I wm_set_resumed_activity: [0,com.android.launcher3/.uioverrides.QuickstepLauncher,finish-top]
11-22 06:30:41.049 1489 2808 I wm_pause_activity: [0,166170195,com.android.settings/.bluetooth.DevicePickerActivity,userLeaving=false,finish]
11-22 06:30:41.053 1489 1636 I input_focus: [Focus request 3cc67bf com.android.launcher3/com.android.launcher3.uioverrides.QuickstepLauncher,reason=UpdateInputWindows]
11-22 06:30:41.068 13759 13759 I wm_on_top_resumed_lost_called: [166170195,com.android.settings.bluetooth.DevicePickerActivity,topStateChangedWhenResumed]
11-22 06:30:41.079 1489 1634 I sysui_multi_action: [757,803,799,window_time_2,802,9]
11-22 06:30:41.080 2840 2840 I wm_on_top_resumed_gained_called: [168390208,com.android.launcher3.uioverrides.QuickstepLauncher,topStateChangedWhenResumed]
11-22 06:30:41.080 1489 2012 I input_focus: [Focus leaving aa37087 com.android.settings/com.android.settings.bluetooth.DevicePickerActivity (server),reason=NO_WINDOW]
11-22 06:30:41.080 13759 13759 I sysui_multi_action: [757,25,758,2,1089,3117]
11-22 06:30:41.080 1489 2012 I input_focus: [Focus entering 3cc67bf com.android.launcher3/com.android.launcher3.uioverrides.QuickstepLauncher (server),reason=setFocusedWindow]
11-22 06:30:41.080 13759 13759 I wm_on_paused_called: [166170195,com.android.settings.bluetooth.DevicePickerActivity,performPause]
11-22 06:30:41.082 1489 6707 I wm_destroy_activity: [0,166170195,145,com.android.settings/.bluetooth.DevicePickerActivity,finish-imm:completePausedLocked]
11-22 06:30:41.096 13759 13759 I wm_on_stop_called: [166170195,com.android.settings.bluetooth.DevicePickerActivity,LIFECYCLER_STOP_ACTIVITY]
11-22 06:30:41.097 1489 1634 I sysui_multi_action: [757,803,799,window_time_0,802,0]
11-22 06:30:41.104 13759 13759 I wm_on_destroy_called: [166170195,com.android.settings.bluetooth.DevicePickerActivity,performDestroy]
11-22 06:30:41.377 1489 1636 I wm_task_removed: [145,removeChild:removeChild last r=ActivityRecord{9e78e53 u0 com.android.settings/.bluetooth.DevicePickerActivity t-1 f}} in t=Task{5834c92 #145 type=standard A=1002:com.android.bluetooth U=0 visible=false mode=freeform translucent=true sz=0}]
11-22 06:30:41.377 1489 1636 I wm_task_removed: [145,removeChild]
11-22 06:30:42.100 1489 2012 I input_interaction: Interaction with: 3cc67bf com.android.launcher3/com.android.launcher3.uioverrides.QuickstepLauncher (server), 6449bab com.android.systemui.ImageWallpaper (server), edge-swipe (server), swipe-up (server), PointerEventDispatcher0 (server),
11-22 06:30:43.214 1489 2808 I wm_task_created: [146,-1]
11-22 06:30:43.219 1489 2808 I wm_task_moved: [146,1,7]
11-22 06:30:43.219 1489 2808 I wm_task_to_front: [0,146]
11-22 06:30:43.220 1489 2808 I wm_create_task: [0,146]
11-22 06:30:43.220 1489 2808 I wm_create_activity: [0,66972010,146,com.android.gallery3d/.app.GalleryActivity,NULL,NULL,NULL,268468224]
11-22 06:30:43.220 1489 2808 I wm_task_moved: [146,1,7]
11-22 06:30:43.223 1489 2808 I wm_restart_activity: [0,66972010,146,com.android.gallery3d/.app.GalleryActivity]
11-22 06:30:43.225 1489 2808 I wm_set_resumed_activity: [0,com.android.gallery3d/.app.GalleryActivity,minimalResumeActivityLocked]
11-22 06:30:43.238 2840 2840 I wm_on_top_resumed_lost_called: [168390208,com.android.launcher3.uioverrides.QuickstepLauncher,topStateChangedWhenResumed]
11-22 06:30:43.257 13566 13566 I wm_on_create_called: [66972010,com.android.gallery3d.app.GalleryActivity,performCreate]
11-22 06:30:43.258 13566 13566 I wm_on_start_called: [66972010,com.android.gallery3d.app.GalleryActivity,handleStartActivity]
11-22 06:30:43.259 13566 13566 I wm_on_resume_called: [66972010,com.android.gallery3d.app.GalleryActivity,RESUME_ACTIVITY]
11-22 06:30:43.262 13566 13566 I wm_on_top_resumed_gained_called: [66972010,com.android.gallery3d.app.GalleryActivity,topStateChangedWhenResumed]
11-22 06:30:43.262 1489 1648 I am_pss : [13759,1000,com.android.settings,60489728,47267840,0,191373312,0,2,9]
11-22 06:30:43.269 1489 1636 I input_focus: [Focus request 3822aa4 com.android.gallery3d/com.android.gallery3d.app.GalleryActivity,reason=UpdateInputWindows]
11-22 06:30:43.300 1489 2012 I input_focus: [Focus leaving 3cc67bf com.android.launcher3/com.android.launcher3.uioverrides.QuickstepLauncher (server),reason=Waiting for window because NOT_VISIBLE]
11-22 06:30:43.330 1489 1631 I sysui_multi_action: [319,119,322,118,325,12831,757,761,758,8,759,2,806,com.android.gallery3d,871,com.android.gallery3d.app.GalleryActivity,904,com.android.launcher3,905,0,1320,8,1321,5]
11-22 06:30:43.333 1489 1631 I wm_activity_launch_time: [0,66972010,com.android.gallery3d/.app.GalleryActivity,118]
11-22 06:30:43.336 1489 2012 I input_focus: [Focus entering 3822aa4 com.android.gallery3d/com.android.gallery3d.app.GalleryActivity (server),reason=Window became focusable. Previous reason: NOT_VISIBLE]
11-22 06:30:44.664 1489 2012 I input_interaction: Interaction with: 3822aa4 com.android.gallery3d/com.android.gallery3d.app.GalleryActivity (server), edge-swipe (server), swipe-up (server), PointerEventDispatcher0 (server),
11-22 06:30:46.096 1489 1489 I service_manager_stats: [100,95,51567]
11-22 06:30:48.141 1489 7595 I wm_task_created: [147,-1]
11-22 06:30:48.143 1489 7595 I wm_finish_activity: [0,66972010,146,com.android.gallery3d/.app.GalleryActivity,app-request]
11-22 06:30:48.143 1489 7595 I wm_task_moved: [1,1,8]
11-22 06:30:48.146 1489 7595 I wm_set_resumed_activity: [0,com.android.launcher3/.uioverrides.QuickstepLauncher,positionChildAt]
11-22 06:30:48.146 1489 7595 I wm_task_moved: [10,1,2147483647]
11-22 06:30:48.146 1489 7595 I wm_task_to_front: [0,10]
11-22 06:30:48.146 1489 7595 I wm_focused_root_task: [0,0,1,-1,finish-top adjustFocusToNextFocusableTask]
11-22 06:30:48.146 1489 7595 I wm_set_resumed_activity: [0,com.android.launcher3/.uioverrides.QuickstepLauncher,finish-top]
11-22 06:30:48.169 1489 7595 I wm_pause_activity: [0,66972010,com.android.gallery3d/.app.GalleryActivity,userLeaving=false,finish]
11-22 06:30:48.175 1489 7595 I wm_task_moved: [147,1,8]
11-22 06:30:48.175 1489 7595 I wm_task_to_front: [0,147]
11-22 06:30:48.176 1489 7595 I wm_focused_root_task: [0,0,147,1,reuseOrNewTask]
11-22 06:30:48.176 1489 7595 I wm_create_task: [0,147]
11-22 06:30:48.176 1489 7595 I wm_create_activity: [0,143304251,147,com.android.bluetooth/.opp.BluetoothOppLauncherActivity,android.intent.action.SEND,video/*,NULL,403177473]
11-22 06:30:48.176 1489 7595 I wm_task_moved: [147,1,8]
11-22 06:30:48.184 13566 13566 I wm_on_top_resumed_lost_called: [66972010,com.android.gallery3d.app.GalleryActivity,topStateChangedWhenResumed]
11-22 06:30:48.187 1489 1636 I input_focus: [Focus request 3cc67bf com.android.launcher3/com.android.launcher3.uioverrides.QuickstepLauncher,reason=UpdateInputWindows]
11-22 06:30:48.198 1489 2012 I input_focus: [Focus leaving 3822aa4 com.android.gallery3d/com.android.gallery3d.app.GalleryActivity (server),reason=NO_WINDOW]
11-22 06:30:48.198 1489 2012 I input_focus: [Focus entering 3cc67bf com.android.launcher3/com.android.launcher3.uioverrides.QuickstepLauncher (server),reason=setFocusedWindow]
11-22 06:30:48.234 13566 13566 I wm_on_paused_called: [66972010,com.android.gallery3d.app.GalleryActivity,performPause]
11-22 06:30:48.235 1489 2839 I wm_add_to_stopping: [0,66972010,com.android.gallery3d/.app.GalleryActivity,completeFinishing]
11-22 06:30:48.241 1489 2839 I wm_restart_activity: [0,143304251,147,com.android.bluetooth/.opp.BluetoothOppLauncherActivity]
11-22 06:30:48.242 1489 2839 I wm_set_resumed_activity: [0,com.android.bluetooth/.opp.BluetoothOppLauncherActivity,minimalResumeActivityLocked]
11-22 06:30:48.248 1489 1634 I sysui_multi_action: [757,803,799,window_time_0,802,7]
11-22 06:30:48.254 2358 2358 I wm_on_create_called: [143304251,com.android.bluetooth.opp.BluetoothOppLauncherActivity,performCreate]
11-22 06:30:48.256 2358 2358 I wm_on_start_called: [143304251,com.android.bluetooth.opp.BluetoothOppLauncherActivity,handleStartActivity]
11-22 06:30:48.256 2358 2358 I wm_on_resume_called: [143304251,com.android.bluetooth.opp.BluetoothOppLauncherActivity,RESUME_ACTIVITY]
11-22 06:30:48.258 2358 2358 I wm_on_top_resumed_gained_called: [143304251,com.android.bluetooth.opp.BluetoothOppLauncherActivity,topStateChangedWhenResumed]
11-22 06:30:48.265 1489 1636 I input_focus: [Focus request 69ef6e com.android.bluetooth/com.android.bluetooth.opp.BluetoothOppLauncherActivity,reason=UpdateInputWindows]
11-22 06:30:48.271 1489 2808 I wm_task_moved: [147,1,8]
11-22 06:30:48.271 1489 2808 I wm_set_resumed_activity: [0,com.android.bluetooth/.opp.BluetoothOppLauncherActivity,positionChildAt]
11-22 06:30:48.271 1489 2808 I wm_create_activity: [0,221202439,147,com.android.settings/.bluetooth.DevicePickerActivity,android.bluetooth.devicepicker.action.LAUNCH,NULL,NULL,8388608]
11-22 06:30:48.277 1489 2808 I wm_pause_activity: [0,143304251,com.android.bluetooth/.opp.BluetoothOppLauncherActivity,userLeaving=true,resumeTopActivityInnerLocked]
11-22 06:30:48.287 1489 7595 I wm_finish_activity: [0,143304251,147,com.android.bluetooth/.opp.BluetoothOppLauncherActivity,app-request]
11-22 06:30:48.288 2358 2358 I wm_on_top_resumed_lost_called: [143304251,com.android.bluetooth.opp.BluetoothOppLauncherActivity,topStateChangedWhenResumed]
11-22 06:30:48.291 2358 2358 I wm_on_paused_called: [143304251,com.android.bluetooth.opp.BluetoothOppLauncherActivity,performPause]
11-22 06:30:48.291 1489 7595 I wm_add_to_stopping: [0,143304251,com.android.bluetooth/.opp.BluetoothOppLauncherActivity,completeFinishing]
11-22 06:30:48.293 1489 7595 I wm_restart_activity: [0,221202439,147,com.android.settings/.bluetooth.DevicePickerActivity]
11-22 06:30:48.296 1489 7595 I wm_set_resumed_activity: [0,com.android.settings/.bluetooth.DevicePickerActivity,minimalResumeActivityLocked]
11-22 06:30:48.297 1489 2012 I input_focus: [Focus leaving 3cc67bf com.android.launcher3/com.android.launcher3.uioverrides.QuickstepLauncher (server),reason=Waiting for window because NOT_VISIBLE]
11-22 06:30:48.307 1489 1634 I sysui_multi_action: [757,803,799,window_time_2,802,0]
11-22 06:30:48.325 13759 13759 I wm_on_create_called: [221202439,com.android.settings.bluetooth.DevicePickerActivity,performCreate]
11-22 06:30:48.328 13759 13759 I wm_on_start_called: [221202439,com.android.settings.bluetooth.DevicePickerActivity,handleStartActivity]
11-22 06:30:48.328 13759 13759 I wm_on_resume_called: [221202439,com.android.settings.bluetooth.DevicePickerActivity,RESUME_ACTIVITY]
11-22 06:30:48.328 13759 13759 I sysui_multi_action: [757,25,758,1,833,0,1089,7]
11-22 06:30:48.329 13759 13759 I sysui_multi_action: [757,1729,758,4,854,isParalleledControllers:false,1089,8]
11-22 06:30:48.331 13759 13759 I wm_on_top_resumed_gained_called: [221202439,com.android.settings.bluetooth.DevicePickerActivity,topStateChangedWhenResumed]
11-22 06:30:48.351 1489 1636 I input_focus: [Focus request 55e9515 com.android.settings/com.android.settings.bluetooth.DevicePickerActivity,reason=UpdateInputWindows]
11-22 06:30:48.360 1489 1636 I sysui_multi_action: [324,1,757,1090,758,12,806,com.android.settings,871,com.android.settings.bluetooth.DevicePickerActivity,1091,232]
11-22 06:30:48.373 1489 1631 I sysui_multi_action: [319,233,322,232,325,12836,757,761,758,8,759,2,806,com.android.settings,871,com.android.settings.bluetooth.DevicePickerActivity,904,com.android.bluetooth,905,0,1320,8,1321,5]
11-22 06:30:48.374 1489 1631 I wm_activity_launch_time: [0,221202439,com.android.settings/.bluetooth.DevicePickerActivity,232]
11-22 06:30:48.379 1489 2012 I input_focus: [Focus entering 55e9515 com.android.settings/com.android.settings.bluetooth.DevicePickerActivity (server),reason=Window became focusable. Previous reason: NOT_VISIBLE]
11-22 06:30:48.648 1489 1634 I wm_destroy_activity: [0,143304251,147,com.android.bluetooth/.opp.BluetoothOppLauncherActivity,finish-imm:idle]
11-22 06:30:48.653 2358 2358 I wm_on_stop_called: [143304251,com.android.bluetooth.opp.BluetoothOppLauncherActivity,LIFECYCLER_STOP_ACTIVITY]
11-22 06:30:48.653 2358 2358 I wm_on_destroy_called: [143304251,com.android.bluetooth.opp.BluetoothOppLauncherActivity,performDestroy]
11-22 06:30:48.655 1489 1634 I wm_destroy_activity: [0,66972010,146,com.android.gallery3d/.app.GalleryActivity,finish-imm:idle]
11-22 06:30:48.676 13566 13566 I wm_on_stop_called: [66972010,com.android.gallery3d.app.GalleryActivity,LIFECYCLER_STOP_ACTIVITY]
11-22 06:30:48.683 13566 13566 I wm_on_destroy_called: [66972010,com.android.gallery3d.app.GalleryActivity,performDestroy]
11-22 06:30:48.695 1489 2808 I wm_task_removed: [146,removeChild:removeChild last r=ActivityRecord{3fde96a u0 com.android.gallery3d/.app.GalleryActivity t-1 f}} in t=Task{e830b55 #146 type=standard A=10069:com.android.gallery3d U=0 visible=false mode=freeform translucent=true sz=0}]
11-22 06:30:48.695 1489 2808 I wm_task_removed: [146,removeChild]
11-22 06:30:49.840 1489 2012 I input_interaction: Interaction with: 55e9515 com.android.settings/com.android.settings.bluetooth.DevicePickerActivity (server), edge-swipe (server), swipe-up (server), PointerEventDispatcher0 (server),
11-22 06:30:49.979 1489 8504 I wm_relaunch_resume_activity: [0,221202439,147,com.android.settings/.bluetooth.DevicePickerActivity]
11-22 06:30:49.989 13759 13759 I wm_on_top_resumed_lost_called: [221202439,com.android.settings.bluetooth.DevicePickerActivity,pausing]
11-22 06:30:49.990 13759 13759 I sysui_multi_action: [757,25,758,2,1089,1661]
11-22 06:30:49.990 13759 13759 I wm_on_paused_called: [221202439,com.android.settings.bluetooth.DevicePickerActivity,performPause]
11-22 06:30:49.994 13759 13759 I wm_on_stop_called: [221202439,com.android.settings.bluetooth.DevicePickerActivity,handleRelaunchActivity]
11-22 06:30:49.998 13759 13759 I wm_on_destroy_called: [221202439,com.android.settings.bluetooth.DevicePickerActivity,performDestroy]
11-22 06:30:50.026 13759 13759 I wm_on_create_called: [221202439,com.android.settings.bluetooth.DevicePickerActivity,performCreate]
11-22 06:30:50.030 13759 13759 I wm_on_start_called: [221202439,com.android.settings.bluetooth.DevicePickerActivity,handleStartActivity]
11-22 06:30:50.031 13759 13759 I wm_on_resume_called: [221202439,com.android.settings.bluetooth.DevicePickerActivity,RESUME_ACTIVITY]
11-22 06:30:50.031 13759 13759 I sysui_multi_action: [757,25,758,1,833,0,1089,20]
11-22 06:30:50.032 13759 13759 I sysui_multi_action: [757,1729,758,4,854,isParalleledControllers:false,1089,21]
11-22 06:30:50.032 13759 13759 I wm_on_top_resumed_gained_called: [221202439,com.android.settings.bluetooth.DevicePickerActivity,topWhenResuming]
11-22 06:30:51.046 1489 8504 I wm_relaunch_resume_activity: [0,221202439,147,com.android.settings/.bluetooth.DevicePickerActivity]
11-22 06:30:51.062 13759 13759 I wm_on_top_resumed_lost_called: [221202439,com.android.settings.bluetooth.DevicePickerActivity,pausing]
11-22 06:30:51.063 13759 13759 I sysui_multi_action: [757,25,758,2,1089,1032]
11-22 06:30:51.064 13759 13759 I wm_on_paused_called: [221202439,com.android.settings.bluetooth.DevicePickerActivity,performPause]
11-22 06:30:51.069 13759 13759 I wm_on_stop_called: [221202439,com.android.settings.bluetooth.DevicePickerActivity,handleRelaunchActivity]
11-22 06:30:51.077 13759 13759 I wm_on_destroy_called: [221202439,com.android.settings.bluetooth.DevicePickerActivity,performDestroy]
11-22 06:30:51.102 13759 13759 I wm_on_create_called: [221202439,com.android.settings.bluetooth.DevicePickerActivity,performCreate]
11-22 06:30:51.105 13759 13759 I wm_on_start_called: [221202439,com.android.settings.bluetooth.DevicePickerActivity,handleStartActivity]
11-22 06:30:51.106 13759 13759 I wm_on_resume_called: [221202439,com.android.settings.bluetooth.DevicePickerActivity,RESUME_ACTIVITY]
11-22 06:30:51.106 13759 13759 I sysui_multi_action: [757,25,758,1,833,0,1089,17]
11-22 06:30:51.107 13759 13759 I sysui_multi_action: [757,1729,758,4,854,isParalleledControllers:false,1089,18]
11-22 06:30:51.107 13759 13759 I wm_on_top_resumed_gained_called: [221202439,com.android.settings.bluetooth.DevicePickerActivity,topWhenResuming]
11-22 06:30:52.982 1489 2839 I wm_relaunch_resume_activity: [0,221202439,147,com.android.settings/.bluetooth.DevicePickerActivity]
11-22 06:30:52.982 1489 2839 I wm_add_to_stopping: [0,168390208,com.android.launcher3/.uioverrides.QuickstepLauncher,makeInvisible]
11-22 06:30:52.991 13759 13759 I wm_on_top_resumed_lost_called: [221202439,com.android.settings.bluetooth.DevicePickerActivity,pausing]
11-22 06:30:52.992 13759 13759 I sysui_multi_action: [757,25,758,2,1089,1886]
11-22 06:30:52.992 13759 13759 I wm_on_paused_called: [221202439,com.android.settings.bluetooth.DevicePickerActivity,performPause]
11-22 06:30:52.996 13759 13759 I wm_on_stop_called: [221202439,com.android.settings.bluetooth.DevicePickerActivity,handleRelaunchActivity]
11-22 06:30:53.006 13759 13759 I wm_on_destroy_called: [221202439,com.android.settings.bluetooth.DevicePickerActivity,performDestroy]
11-22 06:30:53.033 13759 13759 I wm_on_create_called: [221202439,com.android.settings.bluetooth.DevicePickerActivity,performCreate]
11-22 06:30:53.037 13759 13759 I wm_on_start_called: [221202439,com.android.settings.bluetooth.DevicePickerActivity,handleStartActivity]
11-22 06:30:53.039 13759 13759 I wm_on_resume_called: [221202439,com.android.settings.bluetooth.DevicePickerActivity,RESUME_ACTIVITY]
11-22 06:30:53.039 13759 13759 I sysui_multi_action: [757,25,758,1,833,0,1089,23]
11-22 06:30:53.039 13759 13759 I sysui_multi_action: [757,1729,758,4,854,isParalleledControllers:false,1089,23]
11-22 06:30:53.039 13759 13759 I wm_on_top_resumed_gained_called: [221202439,com.android.settings.bluetooth.DevicePickerActivity,topWhenResuming]
11-22 06:30:53.392 1489 1634 I wm_stop_activity: [0,168390208,com.android.launcher3/.uioverrides.QuickstepLauncher]
11-22 06:30:53.424 2840 2840 I wm_on_paused_called: [168390208,com.android.launcher3.uioverrides.QuickstepLauncher,performPause]
11-22 06:30:53.428 2840 2840 I wm_on_stop_called: [168390208,com.android.launcher3.uioverrides.QuickstepLauncher,STOP_ACTIVITY_ITEM]
11-22 06:30:54.512 1489 2808 I wm_task_moved: [1,0,0]
11-22 06:30:54.513 1489 2808 I wm_task_moved: [1,0,6]
11-22 06:30:54.546 2840 2840 I wm_on_restart_called: [168390208,com.android.launcher3.uioverrides.QuickstepLauncher,performRestartActivity]
11-22 06:30:54.581 2840 2840 I wm_on_start_called: [168390208,com.android.launcher3.uioverrides.QuickstepLauncher,handleStartActivity]
11-22 06:30:54.611 1489 1631 I sysui_multi_action: [319,20,322,83,325,12843,757,761,758,9,759,5,806,com.android.launcher3,871,com.android.launcher3.uioverrides.QuickstepLauncher,905,0,1320,8,1321,5]
11-22 06:30:54.616 13759 13759 I view_enqueue_input_event: [Motion - Cancel,com.android.settings/com.android.settings.bluetooth.DevicePickerActivity]
11-22 06:30:54.617 2840 2840 I sysui_latency: [1,98]
11-22 06:30:54.623 1489 1636 I input_focus: [Focus request recents_animation_input_consumer,reason=UpdateInputWindows]
11-22 06:30:54.625 1489 2012 I input_interaction: Interaction with: edge-swipe (server), swipe-up (server), PointerEventDispatcher0 (server),
11-22 06:30:54.646 1489 2012 I input_focus: [Focus leaving 55e9515 com.android.settings/com.android.settings.bluetooth.DevicePickerActivity (server),reason=NOT_FOCUSABLE]
11-22 06:30:54.646 1489 2012 I input_focus: [Focus entering recents_animation_input_consumer (server),reason=setFocusedWindow]
11-22 06:30:54.785 1489 1751 I commit_sys_config_file: [settings-1-0,6]
11-22 06:30:54.896 1489 1648 I sysui_latency: [8,100]
11-22 06:30:55.549 1489 1751 I commit_sys_config_file: [settings-1-0,3]
11-22 06:30:56.475 1489 2012 I input_interaction: Interaction with: 3cc67bf com.android.launcher3/com.android.launcher3.uioverrides.QuickstepLauncher (server), edge-swipe (server), swipe-up (server), PointerEventDispatcher0 (server),
11-22 06:30:56.992 1489 2808 I wm_task_moved: [1,0,6]
11-22 06:30:56.993 1489 2808 I wm_add_to_stopping: [0,168390208,com.android.launcher3/.uioverrides.QuickstepLauncher,makeInvisible]
11-22 06:30:57.003 1489 1636 I input_focus: [Focus request 55e9515 com.android.settings/com.android.settings.bluetooth.DevicePickerActivity,reason=UpdateInputWindows]
11-22 06:30:57.004 1489 1634 I wm_stop_activity: [0,168390208,com.android.launcher3/.uioverrides.QuickstepLauncher]
11-22 06:30:57.019 1489 2012 I input_focus: [Focus leaving recents_animation_input_consumer (server),reason=NOT_VISIBLE]
11-22 06:30:57.019 1489 2012 I input_focus: [Focus entering 55e9515 com.android.settings/com.android.settings.bluetooth.DevicePickerActivity (server),reason=setFocusedWindow]
11-22 06:30:57.068 2840 2840 I wm_on_stop_called: [168390208,com.android.launcher3.uioverrides.QuickstepLauncher,STOP_ACTIVITY_ITEM]
11-22 06:30:57.807 1489 2012 I input_interaction: Interaction with: 55e9515 com.android.settings/com.android.settings.bluetooth.DevicePickerActivity (server), edge-swipe (server), swipe-up (server), PointerEventDispatcher0 (server),
11-22 06:30:57.825 1489 7595 I wm_task_moved: [1,0,0]
11-22 06:30:57.825 1489 7595 I wm_task_moved: [1,0,6]
11-22 06:30:57.853 2840 2840 I wm_on_restart_called: [168390208,com.android.launcher3.uioverrides.QuickstepLauncher,performRestartActivity]
11-22 06:30:57.878 2840 2840 I wm_on_start_called: [168390208,com.android.launcher3.uioverrides.QuickstepLauncher,handleStartActivity]
11-22 06:30:57.897 1489 1631 I sysui_multi_action: [319,11,322,66,325,12846,757,761,758,9,759,5,806,com.android.launcher3,871,com.android.launcher3.uioverrides.QuickstepLauncher,905,0,1320,8,1321,5]
11-22 06:30:57.991 13759 13759 I view_enqueue_input_event: [Motion - Cancel,com.android.settings/com.android.settings.bluetooth.DevicePickerActivity]
11-22 06:30:57.992 1489 2012 I input_interaction: Interaction with: edge-swipe (server), swipe-up (server), PointerEventDispatcher0 (server),
11-22 06:30:57.993 2840 2840 I sysui_latency: [1,80]
11-22 06:30:58.011 1489 1636 I input_focus: [Focus request recents_animation_input_consumer,reason=UpdateInputWindows]
11-22 06:30:58.037 1489 2012 I input_focus: [Focus leaving 55e9515 com.android.settings/com.android.settings.bluetooth.DevicePickerActivity (server),reason=NOT_FOCUSABLE]
11-22 06:30:58.037 1489 2012 I input_focus: [Focus entering recents_animation_input_consumer (server),reason=setFocusedWindow]
11-22 06:30:58.080 1489 1751 I commit_sys_config_file: [settings-1-0,4]
11-22 06:30:58.193 1489 1648 I sysui_latency: [8,79]
11-22 06:30:58.882 1489 1751 I commit_sys_config_file: [settings-1-0,5]
11-22 06:30:59.597 1489 2012 I input_interaction: Interaction with: 3cc67bf com.android.launcher3/com.android.launcher3.uioverrides.QuickstepLauncher (server), edge-swipe (server), swipe-up (server), PointerEventDispatcher0 (server),
11-22 06:30:59.721 1489 7595 I wm_task_moved: [1,1,8]
11-22 06:30:59.724 1489 7595 I wm_focused_root_task: [0,0,1,147,startActivityFromRecents]
11-22 06:30:59.726 13759 13759 I wm_on_top_resumed_lost_called: [221202439,com.android.settings.bluetooth.DevicePickerActivity,topStateChangedWhenResumed]
11-22 06:30:59.727 1489 7595 I wm_task_moved: [146,1,8]
11-22 06:30:59.727 1489 7595 I wm_task_to_front: [0,146]
11-22 06:30:59.727 1489 7595 I wm_focused_root_task: [0,0,146,1,reuseOrNewTask]
11-22 06:30:59.727 1489 7595 I wm_create_activity: [0,42438963,146,com.android.gallery3d/.app.GalleryActivity,NULL,NULL,NULL,269516800]
11-22 06:30:59.729 1489 7595 I wm_pause_activity: [0,221202439,com.android.settings/.bluetooth.DevicePickerActivity,userLeaving=true,pauseBackTasks]
11-22 06:30:59.738 1489 1636 I input_focus: [Focus request 3cc67bf com.android.launcher3/com.android.launcher3.uioverrides.QuickstepLauncher,reason=UpdateInputWindows]
11-22 06:30:59.742 13759 13759 I sysui_multi_action: [757,25,758,2,1089,6700]
11-22 06:30:59.744 13759 13759 I wm_on_paused_called: [221202439,com.android.settings.bluetooth.DevicePickerActivity,performPause]
11-22 06:30:59.752 1489 7595 I wm_add_to_stopping: [0,221202439,com.android.settings/.bluetooth.DevicePickerActivity,makeInvisible]
11-22 06:30:59.754 1489 7595 I wm_restart_activity: [0,42438963,146,com.android.gallery3d/.app.GalleryActivity]
11-22 06:30:59.755 1489 7595 I wm_set_resumed_activity: [0,com.android.gallery3d/.app.GalleryActivity,minimalResumeActivityLocked]
11-22 06:30:59.757 1489 2012 I input_focus: [Focus leaving recents_animation_input_consumer (server),reason=setFocusedWindow]
11-22 06:30:59.758 1489 2012 I input_focus: [Focus entering 3cc67bf com.android.launcher3/com.android.launcher3.uioverrides.QuickstepLauncher (server),reason=setFocusedWindow]
11-22 06:30:59.760 1489 1634 I sysui_multi_action: [757,803,799,window_time_2,802,12]
11-22 06:30:59.774 13566 13566 I wm_on_create_called: [42438963,com.android.gallery3d.app.GalleryActivity,performCreate]
11-22 06:30:59.775 13566 13566 I wm_on_start_called: [42438963,com.android.gallery3d.app.GalleryActivity,handleStartActivity]
11-22 06:30:59.776 13566 13566 I wm_on_resume_called: [42438963,com.android.gallery3d.app.GalleryActivity,RESUME_ACTIVITY]
11-22 06:30:59.778 13566 13566 I wm_on_top_resumed_gained_called: [42438963,com.android.gallery3d.app.GalleryActivity,topStateChangedWhenResumed]
11-22 06:30:59.825 1489 1631 I sysui_multi_action: [319,62,321,60,322,94,325,12848,757,761,758,8,759,1,806,com.android.gallery3d,871,com.android.gallery3d.app.GalleryActivity,904,com.android.launcher3,905,0,1320,8,1321,5]
11-22 06:30:59.826 1489 1631 I wm_activity_launch_time: [0,42438963,com.android.gallery3d/.app.GalleryActivity,94]
11-22 06:31:00.162 1489 7614 I wm_task_moved: [1,0,6]
11-22 06:31:00.165 1489 7614 I wm_add_to_stopping: [0,168390208,com.android.launcher3/.uioverrides.QuickstepLauncher,makeInvisible]
11-22 06:31:00.172 1489 1489 I notification_enqueue: [10082,2375,com.android.systemui,2048,NULL,0,Notification(channel=updateNotification shortcut=null contentView=null vibrate=null sound=null defaults=0x0 flags=0x0 color=0x00000000 vis=PRIVATE),1]
11-22 06:31:00.175 2375 2375 I sysui_multi_action: [757,111,758,2]
11-22 06:31:00.177 2375 2375 I sysui_multi_action: [757,111,758,2]
11-22 06:31:00.181 1489 1636 I input_focus: [Focus request 14be5a1 com.android.gallery3d/com.android.gallery3d.app.GalleryActivity,reason=UpdateInputWindows]
11-22 06:31:00.183 1489 1634 I wm_stop_activity: [0,168390208,com.android.launcher3/.uioverrides.QuickstepLauncher]
11-22 06:31:00.183 1489 1634 I wm_stop_activity: [0,221202439,com.android.settings/.bluetooth.DevicePickerActivity]
11-22 06:31:00.204 2375 2375 I sysui_multi_action: [757,111,758,1]
11-22 06:31:00.205 2375 2375 I sysui_multi_action: [757,126,758,1,759,126,927,0,928,1,1593,0]
11-22 06:31:00.205 2375 2375 I sysui_multi_action: [757,113,758,1,759,113,927,1,928,1,1593,0]
11-22 06:31:00.205 2375 2375 I sysui_multi_action: [757,0,758,1,759,0,927,2,928,0,1593,0]
11-22 06:31:00.205 2375 2375 I sysui_multi_action: [757,0,758,1,759,0,927,3,928,0,1593,0]
11-22 06:31:00.205 2375 2375 I sysui_multi_action: [757,491,758,1,759,491,927,4,928,0,1311,-1,1593,0]
11-22 06:31:00.205 2375 2375 I sysui_multi_action: [757,0,758,1,759,0,927,5,928,0,1593,0]
11-22 06:31:00.205 2375 2375 I sysui_multi_action: [757,114,758,1,759,114,927,6,928,0,1593,0]
11-22 06:31:00.205 2375 2375 I sysui_multi_action: [757,111,758,1]
11-22 06:31:00.205 2375 2375 I sysui_multi_action: [757,126,758,1,759,126,927,0,928,1,1593,0]
11-22 06:31:00.205 2375 2375 I sysui_multi_action: [757,113,758,1,759,113,927,1,928,1,1593,0]
11-22 06:31:00.205 2375 2375 I sysui_multi_action: [757,0,758,1,759,0,927,2,928,0,1593,0]
11-22 06:31:00.205 2375 2375 I sysui_multi_action: [757,0,758,1,759,0,927,3,928,0,1593,0]
11-22 06:31:00.210 1489 2012 I input_focus: [Focus leaving 3cc67bf com.android.launcher3/com.android.launcher3.uioverrides.QuickstepLauncher (server),reason=NO_WINDOW]
11-22 06:31:00.211 1489 2012 I input_focus: [Focus entering 14be5a1 com.android.gallery3d/com.android.gallery3d.app.GalleryActivity (server),reason=setFocusedWindow]
11-22 06:31:00.221 13759 13759 I wm_on_stop_called: [221202439,com.android.settings.bluetooth.DevicePickerActivity,STOP_ACTIVITY_ITEM]
11-22 06:31:00.234 2840 2840 I wm_on_stop_called: [168390208,com.android.launcher3.uioverrides.QuickstepLauncher,STOP_ACTIVITY_ITEM]
11-22 06:31:02.441 1489 2012 I input_interaction: Interaction with: 14be5a1 com.android.gallery3d/com.android.gallery3d.app.GalleryActivity (server), edge-swipe (server), swipe-up (server), PointerEventDispatcher0 (server),
11-22 06:31:02.458 1489 7595 I wm_task_moved: [1,0,0]
11-22 06:31:02.459 1489 7595 I wm_task_moved: [1,0,7]
11-22 06:31:02.469 2840 2840 I wm_on_restart_called: [168390208,com.android.launcher3.uioverrides.QuickstepLauncher,performRestartActivity]
11-22 06:31:02.493 2840 2840 I wm_on_start_called: [168390208,com.android.launcher3.uioverrides.QuickstepLauncher,handleStartActivity]
11-22 06:31:02.522 1489 1631 I sysui_multi_action: [319,8,322,50,325,12850,757,761,758,9,759,5,806,com.android.launcher3,871,com.android.launcher3.uioverrides.QuickstepLauncher,905,0,1320,8,1321,5]
11-22 06:31:02.543 13566 13566 I view_enqueue_input_event: [Motion - Cancel,com.android.gallery3d/com.android.gallery3d.app.GalleryActivity]
11-22 06:31:02.545 2840 2840 I sysui_latency: [1,64]
11-22 06:31:02.552 1489 2012 I input_interaction: Interaction with: edge-swipe (server), swipe-up (server), PointerEventDispatcher0 (server),
11-22 06:31:02.563 1489 1636 I input_focus: [Focus request recents_animation_input_consumer,reason=UpdateInputWindows]
11-22 06:31:02.579 1489 2012 I input_focus: [Focus leaving 14be5a1 com.android.gallery3d/com.android.gallery3d.app.GalleryActivity (server),reason=NOT_FOCUSABLE]
11-22 06:31:02.581 1489 2012 I input_focus: [Focus entering recents_animation_input_consumer (server),reason=setFocusedWindow]
11-22 06:31:02.704 1489 1751 I commit_sys_config_file: [settings-1-0,13]
11-22 06:31:02.811 1489 1648 I sysui_latency: [8,63]
11-22 06:31:03.477 1489 1751 I commit_sys_config_file: [settings-1-0,4]
11-22 06:31:04.199 1489 2012 I input_interaction: Interaction with: 3cc67bf com.android.launcher3/com.android.launcher3.uioverrides.QuickstepLauncher (server), edge-swipe (server), swipe-up (server), PointerEventDispatcher0 (server),
11-22 06:31:04.359 1489 2808 I wm_relaunch_resume_activity: [0,42438963,146,com.android.gallery3d/.app.GalleryActivity]
11-22 06:31:04.361 13566 13566 I wm_on_top_resumed_lost_called: [42438963,com.android.gallery3d.app.GalleryActivity,pausing]
11-22 06:31:04.362 1489 2808 I wm_task_moved: [1,1,8]
11-22 06:31:04.364 1489 2808 I wm_focused_root_task: [0,0,1,146,startActivityFromRecents]
11-22 06:31:04.364 1489 2808 I wm_task_moved: [146,1,8]
11-22 06:31:04.365 1489 2808 I wm_set_resumed_activity: [0,com.android.gallery3d/.app.GalleryActivity,positionChildAt]
11-22 06:31:04.365 1489 2808 I wm_focused_root_task: [0,0,146,1,moveTaskToFront findTaskToMoveToFront]
11-22 06:31:04.365 1489 2808 I wm_set_resumed_activity: [0,com.android.gallery3d/.app.GalleryActivity,moveTaskToFront findTaskToMoveToFront]
11-22 06:31:04.371 13566 13566 I wm_on_paused_called: [42438963,com.android.gallery3d.app.GalleryActivity,performPause]
11-22 06:31:04.371 13566 13566 I wm_on_stop_called: [42438963,com.android.gallery3d.app.GalleryActivity,handleRelaunchActivity]
11-22 06:31:04.380 13566 13566 I wm_on_destroy_called: [42438963,com.android.gallery3d.app.GalleryActivity,performDestroy]
11-22 06:31:04.427 13566 13566 I wm_on_create_called: [42438963,com.android.gallery3d.app.GalleryActivity,performCreate]
11-22 06:31:04.429 13566 13566 I wm_on_start_called: [42438963,com.android.gallery3d.app.GalleryActivity,handleStartActivity]
11-22 06:31:04.435 13566 13566 I wm_on_resume_called: [42438963,com.android.gallery3d.app.GalleryActivity,RESUME_ACTIVITY]
11-22 06:31:04.435 13566 13566 I wm_on_top_resumed_gained_called: [42438963,com.android.gallery3d.app.GalleryActivity,topWhenResuming]
11-22 06:31:04.435 13566 13566 I wm_on_top_resumed_lost_called: [42438963,com.android.gallery3d.app.GalleryActivity,topStateChangedWhenResumed]
11-22 06:31:04.451 13566 13566 I wm_on_top_resumed_gained_called: [42438963,com.android.gallery3d.app.GalleryActivity,topStateChangedWhenResumed]
11-22 06:31:04.806 1489 2808 I wm_task_moved: [1,1,8]
11-22 06:31:04.807 1489 2808 I wm_task_moved: [10,1,2147483647]
11-22 06:31:04.807 1489 2808 I wm_task_to_front: [0,10]
11-22 06:31:04.807 1489 2808 I wm_focused_root_task: [0,0,1,146,RecentsAnimation.onAnimationFinished()]
11-22 06:31:04.807 13566 13566 I wm_on_top_resumed_lost_called: [42438963,com.android.gallery3d.app.GalleryActivity,topStateChangedWhenResumed]
11-22 06:31:04.808 1489 2808 I wm_set_resumed_activity: [0,com.android.launcher3/.uioverrides.QuickstepLauncher,RecentsAnimation.onAnimationFinished()]
11-22 06:31:04.811 1489 2808 I wm_set_resumed_activity: [0,com.android.launcher3/.uioverrides.QuickstepLauncher,resumeTopActivityInnerLocked]
11-22 06:31:04.814 1489 2808 I wm_resume_activity: [0,168390208,10,com.android.launcher3/.uioverrides.QuickstepLauncher]
11-22 06:31:04.826 1489 1636 I input_focus: [Focus request 3cc67bf com.android.launcher3/com.android.launcher3.uioverrides.QuickstepLauncher,reason=UpdateInputWindows]
11-22 06:31:04.833 1489 1634 I sysui_multi_action: [757,803,799,window_time_0,802,5]
11-22 06:31:04.842 1489 2012 I input_focus: [Focus leaving recents_animation_input_consumer (server),reason=NOT_VISIBLE]
11-22 06:31:04.843 1489 2012 I input_focus: [Focus entering 3cc67bf com.android.launcher3/com.android.launcher3.uioverrides.QuickstepLauncher (server),reason=setFocusedWindow]
11-22 06:31:04.843 2840 2840 I wm_on_resume_called: [168390208,com.android.launcher3.uioverrides.QuickstepLauncher,RESUME_ACTIVITY]
11-22 06:31:04.844 2840 2840 I wm_on_top_resumed_gained_called: [168390208,com.android.launcher3.uioverrides.QuickstepLauncher,topStateChangedWhenResumed]
11-22 06:31:05.845 1489 2012 I input_interaction: Interaction with: 14be5a1 com.android.gallery3d/com.android.gallery3d.app.GalleryActivity (server), edge-swipe (server), swipe-up (server), PointerEventDispatcher0 (server),
11-22 06:31:05.847 1489 1634 I wm_task_moved: [146,1,8]
11-22 06:31:05.847 1489 1634 I wm_task_to_front: [0,146]
11-22 06:31:05.855 1489 1634 I wm_set_resumed_activity: [0,com.android.gallery3d/.app.GalleryActivity,positionChildAt]
11-22 06:31:05.855 1489 1634 I wm_focused_root_task: [0,0,146,1,setFocusedTask]
11-22 06:31:05.855 1489 1634 I wm_set_resumed_activity: [0,com.android.gallery3d/.app.GalleryActivity,setFocusedTask]
11-22 06:31:05.857 2840 2840 I wm_on_top_resumed_lost_called: [168390208,com.android.launcher3.uioverrides.QuickstepLauncher,topStateChangedWhenResumed]
11-22 06:31:05.858 1489 1636 I input_focus: [Focus request 14be5a1 com.android.gallery3d/com.android.gallery3d.app.GalleryActivity,reason=UpdateInputWindows]
11-22 06:31:05.869 13566 13566 I wm_on_top_resumed_gained_called: [42438963,com.android.gallery3d.app.GalleryActivity,topStateChangedWhenResumed]
11-22 06:31:05.872 1489 2012 I input_focus: [Focus leaving 3cc67bf com.android.launcher3/com.android.launcher3.uioverrides.QuickstepLauncher (server),reason=setFocusedWindow]
11-22 06:31:05.872 1489 2012 I input_focus: [Focus entering 14be5a1 com.android.gallery3d/com.android.gallery3d.app.GalleryActivity (server),reason=setFocusedWindow]
11-22 06:31:06.005 1489 1636 I input_focus: [Focus request db32f PopupWindow:c10c982,reason=UpdateInputWindows]
11-22 06:31:06.041 1489 2012 I input_focus: [Focus leaving 14be5a1 com.android.gallery3d/com.android.gallery3d.app.GalleryActivity (server),reason=Waiting for window because NOT_VISIBLE]
11-22 06:31:06.058 1489 2012 I input_focus: [Focus entering db32f PopupWindow:c10c982 (server),reason=Window became focusable. Previous reason: NOT_VISIBLE]
11-22 06:31:06.853 1489 2012 I input_interaction: Interaction with: db32f PopupWindow:c10c982 (server), edge-swipe (server), swipe-up (server), PointerEventDispatcher0 (server),
11-22 06:31:06.874 1489 1636 I input_focus: [Focus request 14be5a1 com.android.gallery3d/com.android.gallery3d.app.GalleryActivity,reason=UpdateInputWindows]
11-22 06:31:06.910 1489 2012 I input_focus: [Focus entering 14be5a1 com.android.gallery3d/com.android.gallery3d.app.GalleryActivity (server),reason=setFocusedWindow]
11-22 06:31:07.187 1489 2012 I input_interaction: Interaction with: 14be5a1 com.android.gallery3d/com.android.gallery3d.app.GalleryActivity (server), edge-swipe (server), swipe-up (server), PointerEventDispatcher0 (server),
11-22 06:31:10.475 1489 2839 I wm_task_moved: [146,1,8]
11-22 06:31:10.475 1489 2839 I wm_set_resumed_activity: [0,com.android.gallery3d/.app.GalleryActivity,positionChildAt]
11-22 06:31:10.476 1489 2839 I wm_create_activity: [0,265799199,146,com.android.gallery3d/.app.MovieActivity,android.intent.action.VIEW,video/*,content://media/external/video/media/23,0]
11-22 06:31:10.480 1489 2839 I wm_pause_activity: [0,42438963,com.android.gallery3d/.app.GalleryActivity,userLeaving=true,resumeTopActivityInnerLocked]
11-22 06:31:10.487 13566 13566 I wm_on_top_resumed_lost_called: [42438963,com.android.gallery3d.app.GalleryActivity,topStateChangedWhenResumed]
11-22 06:31:10.523 13566 13566 I wm_on_paused_called: [42438963,com.android.gallery3d.app.GalleryActivity,performPause]
11-22 06:31:10.527 1489 2839 I wm_restart_activity: [0,265799199,146,com.android.gallery3d/.app.MovieActivity]
11-22 06:31:10.528 1489 2839 I wm_set_resumed_activity: [0,com.android.gallery3d/.app.MovieActivity,minimalResumeActivityLocked]
11-22 06:31:10.532 1489 1634 I sysui_multi_action: [757,803,799,window_time_0,802,6]
11-22 06:31:10.549 13566 13566 I wm_on_create_called: [265799199,com.android.gallery3d.app.MovieActivity,performCreate]
11-22 06:31:10.552 13566 13566 I wm_on_start_called: [265799199,com.android.gallery3d.app.MovieActivity,handleStartActivity]
11-22 06:31:10.552 13566 13566 I wm_on_resume_called: [265799199,com.android.gallery3d.app.MovieActivity,RESUME_ACTIVITY]
11-22 06:31:10.558 13566 13566 I wm_on_top_resumed_gained_called: [265799199,com.android.gallery3d.app.MovieActivity,topStateChangedWhenResumed]
11-22 06:31:10.568 1489 1636 I input_focus: [Focus request ef759b1 com.android.gallery3d/com.android.gallery3d.app.MovieActivity,reason=UpdateInputWindows]
11-22 06:31:10.585 1489 2012 I input_focus: [Focus leaving 14be5a1 com.android.gallery3d/com.android.gallery3d.app.GalleryActivity (server),reason=Waiting for window because NOT_VISIBLE]
11-22 06:31:10.600 1489 1631 I wm_activity_launch_time: [0,265799199,com.android.gallery3d/.app.MovieActivity,130]
11-22 06:31:10.616 1489 2012 I input_focus: [Focus entering ef759b1 com.android.gallery3d/com.android.gallery3d.app.MovieActivity (server),reason=Window became focusable. Previous reason: NOT_VISIBLE]
11-22 06:31:10.717 1489 7614 I snet_event_log: [172655291,-1,]
11-22 06:31:11.331 1489 2012 I input_interaction: Interaction with: ef759b1 com.android.gallery3d/com.android.gallery3d.app.MovieActivity (server), edge-swipe (server), swipe-up (server), PointerEventDispatcher0 (server),
11-22 06:31:15.820 1489 2839 I wm_task_created: [148,-1]
11-22 06:31:15.822 1489 2839 I wm_finish_activity: [0,265799199,146,com.android.gallery3d/.app.MovieActivity,app-request]
11-22 06:31:15.834 1489 2839 I wm_pause_activity: [0,265799199,com.android.gallery3d/.app.MovieActivity,userLeaving=false,finish]
11-22 06:31:15.843 1489 2839 I wm_task_moved: [148,1,9]
11-22 06:31:15.843 1489 2839 I wm_task_to_front: [0,148]
11-22 06:31:15.843 1489 2839 I wm_create_task: [0,148]
11-22 06:31:15.843 1489 2839 I wm_create_activity: [0,224173661,148,com.android.bluetooth/.opp.BluetoothOppLauncherActivity,android.intent.action.SEND,video/*,NULL,403177473]
11-22 06:31:15.843 1489 2839 I wm_task_moved: [148,1,9]
11-22 06:31:15.865 1489 2012 I input_focus: [Focus leaving ef759b1 com.android.gallery3d/com.android.gallery3d.app.MovieActivity (server),reason=NO_WINDOW]
11-22 06:31:15.869 13566 13566 I wm_on_top_resumed_lost_called: [265799199,com.android.gallery3d.app.MovieActivity,topStateChangedWhenResumed]
11-22 06:31:15.942 13566 13566 I wm_on_paused_called: [265799199,com.android.gallery3d.app.MovieActivity,performPause]
11-22 06:31:15.943 1489 2839 I wm_add_to_stopping: [0,265799199,com.android.gallery3d/.app.MovieActivity,completeFinishing]
11-22 06:31:15.948 1489 2839 I wm_restart_activity: [0,224173661,148,com.android.bluetooth/.opp.BluetoothOppLauncherActivity]
11-22 06:31:15.950 1489 2839 I wm_set_resumed_activity: [0,com.android.bluetooth/.opp.BluetoothOppLauncherActivity,minimalResumeActivityLocked]
11-22 06:31:15.953 1489 2839 I wm_resume_activity: [0,42438963,146,com.android.gallery3d/.app.GalleryActivity]
11-22 06:31:15.963 1489 1634 I sysui_multi_action: [757,803,799,window_time_2,802,5]
11-22 06:31:15.971 2358 2358 I wm_on_create_called: [224173661,com.android.bluetooth.opp.BluetoothOppLauncherActivity,performCreate]
11-22 06:31:15.973 13566 13566 I wm_on_activity_result_called: [42438963,com.android.gallery3d.app.GalleryActivity,ACTIVITY_RESULT]
11-22 06:31:15.974 2358 2358 I wm_on_start_called: [224173661,com.android.bluetooth.opp.BluetoothOppLauncherActivity,handleStartActivity]
11-22 06:31:15.974 2358 2358 I wm_on_resume_called: [224173661,com.android.bluetooth.opp.BluetoothOppLauncherActivity,RESUME_ACTIVITY]
11-22 06:31:15.983 2358 2358 I wm_on_top_resumed_gained_called: [224173661,com.android.bluetooth.opp.BluetoothOppLauncherActivity,topStateChangedWhenResumed]
11-22 06:31:15.986 13566 13566 I wm_on_resume_called: [42438963,com.android.gallery3d.app.GalleryActivity,RESUME_ACTIVITY]
11-22 06:31:15.990 1489 1636 I input_focus: [Focus request 9f2bfff com.android.bluetooth/com.android.bluetooth.opp.BluetoothOppLauncherActivity,reason=UpdateInputWindows]
11-22 06:31:15.993 1489 7595 I wm_task_moved: [148,1,9]
11-22 06:31:15.993 1489 7595 I wm_set_resumed_activity: [0,com.android.bluetooth/.opp.BluetoothOppLauncherActivity,positionChildAt]
11-22 06:31:15.993 1489 7595 I wm_create_activity: [0,167009892,148,com.android.settings/.bluetooth.DevicePickerActivity,android.bluetooth.devicepicker.action.LAUNCH,NULL,NULL,8388608]
11-22 06:31:15.995 1489 7595 I wm_pause_activity: [0,224173661,com.android.bluetooth/.opp.BluetoothOppLauncherActivity,userLeaving=true,resumeTopActivityInnerLocked]
11-22 06:31:16.003 2358 2358 I wm_on_top_resumed_lost_called: [224173661,com.android.bluetooth.opp.BluetoothOppLauncherActivity,topStateChangedWhenResumed]
11-22 06:31:16.005 2358 2358 I wm_on_paused_called: [224173661,com.android.bluetooth.opp.BluetoothOppLauncherActivity,performPause]
11-22 06:31:16.005 1489 8504 I wm_finish_activity: [0,224173661,148,com.android.bluetooth/.opp.BluetoothOppLauncherActivity,app-request]
11-22 06:31:16.005 1489 2808 I wm_add_to_stopping: [0,224173661,com.android.bluetooth/.opp.BluetoothOppLauncherActivity,completeFinishing]
11-22 06:31:16.011 1489 2808 I wm_restart_activity: [0,167009892,148,com.android.settings/.bluetooth.DevicePickerActivity]
11-22 06:31:16.015 1489 2808 I wm_set_resumed_activity: [0,com.android.settings/.bluetooth.DevicePickerActivity,minimalResumeActivityLocked]
11-22 06:31:16.019 1489 1634 I sysui_multi_action: [757,803,799,window_time_2,802,0]
11-22 06:31:16.043 13759 13759 I wm_on_create_called: [167009892,com.android.settings.bluetooth.DevicePickerActivity,performCreate]
11-22 06:31:16.046 13759 13759 I wm_on_start_called: [167009892,com.android.settings.bluetooth.DevicePickerActivity,handleStartActivity]
11-22 06:31:16.047 13759 13759 I wm_on_resume_called: [167009892,com.android.settings.bluetooth.DevicePickerActivity,RESUME_ACTIVITY]
11-22 06:31:16.047 13759 13759 I sysui_multi_action: [757,25,758,1,833,0,1089,10]
11-22 06:31:16.047 13759 13759 I sysui_multi_action: [757,1729,758,4,854,isParalleledControllers:false,1089,10]
11-22 06:31:16.050 13759 13759 I wm_on_top_resumed_gained_called: [167009892,com.android.settings.bluetooth.DevicePickerActivity,topStateChangedWhenResumed]
11-22 06:31:16.068 1489 1636 I input_focus: [Focus request 11195e8 com.android.settings/com.android.settings.bluetooth.DevicePickerActivity,reason=UpdateInputWindows]
11-22 06:31:16.077 1489 1636 I sysui_multi_action: [324,1,757,1090,758,12,806,com.android.settings,871,com.android.settings.bluetooth.DevicePickerActivity,1091,267]
11-22 06:31:16.082 1489 1631 I sysui_multi_action: [319,267,322,267,325,12864,757,761,758,8,759,2,806,com.android.settings,871,com.android.settings.bluetooth.DevicePickerActivity,904,com.android.bluetooth,905,0,1320,8,1321,5]
