11-22 06:59:49.344 1489 1648 I am_pss : [2582,1000,com.thundercomm.microsettings,27491328,17797120,0,128102400,0,0,5]
11-22 06:59:49.350 1489 1648 I am_pss : [2563,1000,com.thundercomm.microservice,9101312,7241728,0,95031296,0,0,5]
11-22 06:59:50.826 1489 2012 I input_interaction: Interaction with: a246f36 com.android.music/com.android.music.VideoBrowserActivity (server), edge-swipe (server), swipe-up (server), PointerEventDispatcher0 (server),
11-22 06:59:51.031 1489 2808 I service_manager_stats: [100,83,241660]
11-22 06:59:51.034 1489 2808 I wm_task_moved: [167,1,9]
11-22 06:59:51.035 1489 2808 I wm_set_resumed_activity: [0,com.android.music/.VideoBrowserActivity,positionChildAt]
11-22 06:59:51.035 1489 2808 I wm_create_activity: [0,17477440,167,com.android.gallery3d/.app.MovieActivity,android.intent.action.VIEW,video/mp4,content://media/external/video/media/23,0]
11-22 06:59:51.038 1489 2808 I wm_pause_activity: [0,197625407,com.android.music/.VideoBrowserActivity,userLeaving=true,resumeTopActivityInnerLocked]
11-22 06:59:51.047 15528 15528 I wm_on_top_resumed_lost_called: [197625407,com.android.music.VideoBrowserActivity,topStateChangedWhenResumed]
11-22 06:59:51.047 15528 15528 I wm_on_paused_called: [197625407,com.android.music.VideoBrowserActivity,performPause]
11-22 06:59:51.050 1489 7615 I wm_restart_activity: [0,17477440,167,com.android.gallery3d/.app.MovieActivity]
11-22 06:59:51.052 1489 7615 I wm_set_resumed_activity: [0,com.android.gallery3d/.app.MovieActivity,minimalResumeActivityLocked]
11-22 06:59:51.064 1489 1634 I sysui_multi_action: [757,803,799,window_time_0,802,25]
11-22 06:59:51.100 15162 15162 I wm_on_create_called: [17477440,com.android.gallery3d.app.MovieActivity,performCreate]
11-22 06:59:51.103 15162 15162 I wm_on_start_called: [17477440,com.android.gallery3d.app.MovieActivity,handleStartActivity]
11-22 06:59:51.103 15162 15162 I wm_on_resume_called: [17477440,com.android.gallery3d.app.MovieActivity,RESUME_ACTIVITY]
11-22 06:59:51.106 15162 15162 I wm_on_top_resumed_gained_called: [17477440,com.android.gallery3d.app.MovieActivity,topStateChangedWhenResumed]
11-22 06:59:51.121 1489 1636 I input_focus: [Focus request 1aa53b1 com.android.gallery3d/com.android.gallery3d.app.MovieActivity,reason=UpdateInputWindows]
11-22 06:59:51.148 1489 2012 I input_focus: [Focus leaving a246f36 com.android.music/com.android.music.VideoBrowserActivity (server),reason=Waiting for window because NOT_VISIBLE]
11-22 06:59:51.160 1489 1631 I sysui_multi_action: [319,133,322,133,325,14579,757,761,758,8,759,2,806,com.android.gallery3d,871,com.android.gallery3d.app.MovieActivity,904,com.android.music,905,0,1320,8,1321,5]
11-22 06:59:51.161 1489 1631 I wm_activity_launch_time: [0,17477440,com.android.gallery3d/.app.MovieActivity,133]
11-22 06:59:51.165 1489 2012 I input_focus: [Focus entering 1aa53b1 com.android.gallery3d/com.android.gallery3d.app.MovieActivity (server),reason=Window became focusable. Previous reason: NOT_VISIBLE]
11-22 06:59:51.260 1489 7614 I snet_event_log: [172655291,-1,]
11-22 06:59:51.968 1489 2012 I input_interaction: Interaction with: 1aa53b1 com.android.gallery3d/com.android.gallery3d.app.MovieActivity (server), edge-swipe (server), swipe-up (server), PointerEventDispatcher0 (server),
11-22 06:59:57.838 1489 5394 I snet_event_log: [172655291,-1,]
11-22 07:00:00.025 1489 1489 I sysui_multi_action: [757,803,799,dnd_mode_0,802,14561639]
11-22 07:00:00.025 1489 1489 I sysui_multi_action: [757,803,799,dnd_rule_count,802,0]
11-22 07:00:00.025 1489 1489 I sysui_multi_action: [757,803,799,dnd_type_0,802,14561639]
11-22 07:00:00.045 1489 1648 I commit_sys_config_file: [procstats,29]
11-22 07:00:00.218 1489 1751 I commit_sys_config_file: [settings-2-0,5]
11-22 07:00:00.231 1489 1751 I commit_sys_config_file: [settings-0-0,4]
11-22 07:00:00.282 1489 1633 I commit_sys_config_file: [notification-policy,14563554]
11-22 07:00:25.633 1489 1650 I am_uid_idle: 10068
11-22 07:00:25.637 1489 1650 I am_uid_idle: 10032
11-22 07:00:48.833 1489 2808 I snet_event_log: [172655291,-1,]
11-22 07:00:49.356 1489 2808 I wm_finish_activity: [0,17477440,167,com.android.gallery3d/.app.MovieActivity,finish-activity]
11-22 07:00:49.364 1489 2808 I wm_pause_activity: [0,17477440,com.android.gallery3d/.app.MovieActivity,userLeaving=false,finish]
11-22 07:00:49.369 1489 2808 I wm_finish_activity: [0,197625407,167,com.android.music/.VideoBrowserActivity,finish-activity]
11-22 07:00:49.370 1489 2808 I wm_task_moved: [1,1,9]
11-22 07:00:49.371 1489 2808 I wm_set_resumed_activity: [0,com.android.launcher3/.uioverrides.QuickstepLauncher,positionChildAt]
11-22 07:00:49.371 1489 2808 I wm_task_moved: [10,1,2147483647]
11-22 07:00:49.371 1489 2808 I wm_task_to_front: [0,10]
11-22 07:00:49.372 1489 2808 I wm_focused_root_task: [0,0,1,-1,finish-top adjustFocusToNextFocusableTask]
11-22 07:00:49.372 1489 2808 I wm_set_resumed_activity: [0,com.android.launcher3/.uioverrides.QuickstepLauncher,finish-top]
11-22 07:00:49.375 1489 2808 I wm_destroy_activity: [0,197625407,167,com.android.music/.VideoBrowserActivity,finish-imm:finishIfPossible]
11-22 07:00:49.384 15528 15528 I wm_on_stop_called: [197625407,com.android.music.VideoBrowserActivity,LIFECYCLER_STOP_ACTIVITY]
11-22 07:00:49.391 1489 1636 I input_focus: [Focus request 3cc67bf com.android.launcher3/com.android.launcher3.uioverrides.QuickstepLauncher,reason=UpdateInputWindows]
11-22 07:00:49.392 15162 15162 I wm_on_top_resumed_lost_called: [17477440,com.android.gallery3d.app.MovieActivity,topStateChangedWhenResumed]
11-22 07:00:49.394 15528 15528 I wm_on_destroy_called: [197625407,com.android.music.VideoBrowserActivity,performDestroy]
11-22 07:00:49.400 1489 1634 I sysui_multi_action: [757,803,799,window_time_2,802,58]
11-22 07:00:49.410 2840 2840 I wm_on_top_resumed_gained_called: [168390208,com.android.launcher3.uioverrides.QuickstepLauncher,topStateChangedWhenResumed]
11-22 07:00:49.410 1489 2012 I input_focus: [Focus leaving 1aa53b1 com.android.gallery3d/com.android.gallery3d.app.MovieActivity (server),reason=NO_WINDOW]
11-22 07:00:49.411 1489 2012 I input_focus: [Focus entering 3cc67bf com.android.launcher3/com.android.launcher3.uioverrides.QuickstepLauncher (server),reason=setFocusedWindow]
11-22 07:00:49.425 1489 1648 I am_pss : [15528,10090,com.android.music,55223296,49954816,0,177872896,0,4,9]
11-22 07:00:49.480 15162 15162 I wm_on_paused_called: [17477440,com.android.gallery3d.app.MovieActivity,performPause]
11-22 07:00:49.481 1489 7614 I wm_destroy_activity: [0,17477440,167,com.android.gallery3d/.app.MovieActivity,finish-imm:completePausedLocked]
11-22 07:00:49.484 1489 1634 I sysui_multi_action: [757,803,799,window_time_0,802,1]
11-22 07:00:49.490 15162 15162 I wm_on_stop_called: [17477440,com.android.gallery3d.app.MovieActivity,LIFECYCLER_STOP_ACTIVITY]
11-22 07:00:49.490 15162 15162 I wm_on_destroy_called: [17477440,com.android.gallery3d.app.MovieActivity,performDestroy]
11-22 07:00:49.672 1489 1636 I wm_task_removed: [167,removeChild:removeChild last r=ActivityRecord{bc7863f u0 com.android.music/.VideoBrowserActivity t-1 f}} in t=Task{ff2725e #167 type=standard A=10090:android.task.video U=0 visible=false mode=freeform translucent=true sz=0}]
11-22 07:00:49.672 1489 1636 I wm_task_removed: [167,removeChild]
11-22 07:00:51.237 1489 2012 I input_interaction: Interaction with: 3cc67bf com.android.launcher3/com.android.launcher3.uioverrides.QuickstepLauncher (server), 6449bab com.android.systemui.ImageWallpaper (server), edge-swipe (server), swipe-up (server), PointerEventDispatcher0 (server),
11-22 07:00:52.348 1489 7614 I wm_task_moved: [161,1,8]
11-22 07:00:52.348 1489 7614 I wm_task_to_front: [0,161]
11-22 07:00:52.350 1489 7614 I wm_focused_root_task: [0,0,161,1,bringingFoundTaskToFront]
11-22 07:00:52.350 1489 7614 I wm_set_resumed_activity: [0,com.android.gallery3d/.app.GalleryActivity,bringingFoundTaskToFront]
11-22 07:00:52.352 1489 7614 I wm_relaunch_resume_activity: [0,170310268,161,com.android.gallery3d/.app.GalleryActivity]
11-22 07:00:52.354 1489 7614 I wm_set_resumed_activity: [0,com.android.gallery3d/.app.GalleryActivity,resumeTopActivityInnerLocked]
11-22 07:00:52.355 1489 7614 I wm_resume_activity: [0,170310268,161,com.android.gallery3d/.app.GalleryActivity]
11-22 07:00:52.356 1489 7614 I wm_finish_activity: [0,170310268,161,com.android.gallery3d/.app.GalleryActivity,clear-task-all]
11-22 07:00:52.357 1489 7614 I wm_pause_activity: [0,170310268,com.android.gallery3d/.app.GalleryActivity,userLeaving=false,finish]
11-22 07:00:52.359 1489 7614 I wm_task_moved: [161,1,8]
11-22 07:00:52.359 1489 7614 I wm_create_activity: [0,226300542,161,com.android.gallery3d/.app.GalleryActivity,NULL,NULL,NULL,272662528]
11-22 07:00:52.372 2840 2840 I wm_on_top_resumed_lost_called: [168390208,com.android.launcher3.uioverrides.QuickstepLauncher,topStateChangedWhenResumed]
11-22 07:00:52.373 15162 15162 I wm_on_destroy_called: [170310268,com.android.gallery3d.app.GalleryActivity,performDestroy]
11-22 07:00:52.397 15162 15162 I wm_on_create_called: [170310268,com.android.gallery3d.app.GalleryActivity,performCreate]
11-22 07:00:52.398 15162 15162 I wm_on_start_called: [170310268,com.android.gallery3d.app.GalleryActivity,handleStartActivity]
11-22 07:00:52.405 15162 15162 I wm_on_resume_called: [170310268,com.android.gallery3d.app.GalleryActivity,RESUME_ACTIVITY]
11-22 07:00:52.406 15162 15162 I wm_on_paused_called: [170310268,com.android.gallery3d.app.GalleryActivity,performPause]
11-22 07:00:52.406 1489 6560 I wm_add_to_stopping: [0,170310268,com.android.gallery3d/.app.GalleryActivity,completeFinishing]
11-22 07:00:52.408 1489 6560 I wm_restart_activity: [0,226300542,161,com.android.gallery3d/.app.GalleryActivity]
11-22 07:00:52.409 1489 6560 I wm_set_resumed_activity: [0,com.android.gallery3d/.app.GalleryActivity,minimalResumeActivityLocked]
11-22 07:00:52.413 1489 1634 I sysui_multi_action: [757,803,799,window_time_0,802,2]
11-22 07:00:52.448 15162 15162 I wm_on_create_called: [226300542,com.android.gallery3d.app.GalleryActivity,performCreate]
11-22 07:00:52.449 15162 15162 I wm_on_start_called: [226300542,com.android.gallery3d.app.GalleryActivity,handleStartActivity]
11-22 07:00:52.451 15162 15162 I wm_on_resume_called: [226300542,com.android.gallery3d.app.GalleryActivity,RESUME_ACTIVITY]
11-22 07:00:52.454 15162 15162 I wm_on_top_resumed_gained_called: [226300542,com.android.gallery3d.app.GalleryActivity,topStateChangedWhenResumed]
11-22 07:00:52.466 1489 1636 I input_focus: [Focus request 61ef356 com.android.gallery3d/com.android.gallery3d.app.GalleryActivity,reason=UpdateInputWindows]
11-22 07:00:52.481 1489 2012 I input_focus: [Focus leaving 3cc67bf com.android.launcher3/com.android.launcher3.uioverrides.QuickstepLauncher (server),reason=Waiting for window because NOT_VISIBLE]
11-22 07:00:52.499 1489 1631 I wm_activity_launch_time: [0,226300542,com.android.gallery3d/.app.GalleryActivity,152]
11-22 07:00:52.513 1489 2012 I input_focus: [Focus entering 61ef356 com.android.gallery3d/com.android.gallery3d.app.GalleryActivity (server),reason=Window became focusable. Previous reason: NOT_VISIBLE]
11-22 07:00:52.784 1489 1634 I wm_destroy_activity: [0,170310268,161,com.android.gallery3d/.app.GalleryActivity,finish-imm:idle]
11-22 07:00:52.787 15162 15162 I wm_on_stop_called: [170310268,com.android.gallery3d.app.GalleryActivity,LIFECYCLER_STOP_ACTIVITY]
11-22 07:00:52.788 15162 15162 I wm_on_destroy_called: [170310268,com.android.gallery3d.app.GalleryActivity,performDestroy]
11-22 07:00:53.678 1489 2012 I input_interaction: Interaction with: 61ef356 com.android.gallery3d/com.android.gallery3d.app.GalleryActivity (server), edge-swipe (server), swipe-up (server), PointerEventDispatcher0 (server),
11-22 07:01:55.669 1489 1650 I am_uid_idle: 10063
11-22 07:02:25.349 1489 2012 I input_interaction: Interaction with: 3cc67bf com.android.launcher3/com.android.launcher3.uioverrides.QuickstepLauncher (server), 6449bab com.android.systemui.ImageWallpaper (server), edge-swipe (server), swipe-up (server), PointerEventDispatcher0 (server),
11-22 07:02:33.439 1489 2012 I input_interaction: Interaction with: 61ef356 com.android.gallery3d/com.android.gallery3d.app.GalleryActivity (server), edge-swipe (server), swipe-up (server), PointerEventDispatcher0 (server),
11-22 07:03:23.830 1489 1752 I am_freeze: [15484,com.thundercomm.screensaver]
11-22 07:03:23.832 1489 1752 I am_kill : [0,15484,com.thundercomm.screensaver,955,Unable to freeze binder interface]
11-22 07:03:23.881 1489 5394 I am_proc_died: [0,15484,com.thundercomm.screensaver,955,19]
11-22 07:03:23.882 1489 5394 I am_uid_stopped: 10051
11-22 07:03:23.895 1489 1648 I am_pss : [15528,10090,com.android.music,55409664,49954816,0,177872896,0,4,9]
11-22 07:03:30.732 1489 1752 I am_freeze: [15566,com.android.deskclock]
11-22 07:03:30.734 1489 1752 I am_freeze: [15567,com.microsoft.emmx]
11-22 07:03:30.735 1489 1752 I am_kill : [0,15566,com.android.deskclock,955,Unable to freeze binder interface]
11-22 07:03:30.736 1489 1752 I am_kill : [0,15567,com.microsoft.emmx,945,Unable to freeze binder interface]
11-22 07:03:30.765 1489 5394 I am_proc_died: [0,15566,com.android.deskclock,955,19]
11-22 07:03:30.766 1489 5394 I am_uid_stopped: 10066
11-22 07:03:30.771 1489 1634 I am_uid_running: 10066
11-22 07:03:30.773 1489 1634 I am_uid_stopped: 10034
11-22 07:03:30.773 1489 1634 I am_uid_running: 10034
11-22 07:03:30.775 1489 2824 I am_proc_died: [0,15567,com.microsoft.emmx,945,19]
11-22 07:03:30.787 1489 1651 I am_proc_start: [0,16216,10066,com.android.deskclock,NULL,]
11-22 07:03:30.802 1489 1651 I am_proc_start: [0,16217,10034,com.microsoft.emmx,NULL,]
11-22 07:03:30.820 1489 2824 I am_proc_bound: [0,16216,com.android.deskclock]
11-22 07:03:30.832 1489 2824 I am_proc_bound: [0,16217,com.microsoft.emmx]
11-22 07:04:27.986 1489 1752 I am_freeze: [15178,com.android.settings]
11-22 07:04:27.988 1489 1752 I am_kill : [0,15178,com.android.settings,910,Unable to freeze binder interface]
11-22 07:04:28.038 1489 5394 I am_proc_died: [0,15178,com.android.settings,910,16]
11-22 07:04:28.054 1489 1648 I am_pss : [16217,10034,com.microsoft.emmx,35899392,32194560,0,133349376,0,19,6]
11-22 07:04:28.061 1489 1648 I am_pss : [16216,10066,com.android.deskclock,9145344,6201344,0,96423936,0,19,6]
11-22 07:04:28.071 1489 1651 I am_proc_start: [0,16276,1000,com.android.settings,NULL,]
11-22 07:04:28.107 1489 5394 I am_proc_bound: [0,16276,com.android.settings]
11-22 07:06:37.994 1489 1752 I am_freeze: [15967,com.android.soundrecorder]
11-22 07:06:37.995 1489 1752 I am_kill : [0,15967,com.android.soundrecorder,955,Unable to freeze binder interface]
11-22 07:06:38.025 1489 5394 I am_proc_died: [0,15967,com.android.soundrecorder,955,19]
11-22 07:06:38.026 1489 5394 I am_uid_stopped: 10060
11-22 07:06:38.033 1489 1634 I am_uid_running: 10060
11-22 07:06:38.043 1489 1648 I am_pss : [15162,10069,com.android.gallery3d,96950272,90673152,0,221384704,0,2,11]
11-22 07:06:38.047 1489 1651 I am_proc_start: [0,16298,10060,com.android.soundrecorder,NULL,]
11-22 07:06:38.054 1489 1648 I am_pss : [15528,10090,com.android.music,55647232,49954816,0,177872896,0,4,9]
11-22 07:06:38.060 1489 1648 I am_pss : [16276,1000,com.android.settings,26802176,24920064,0,111034368,0,19,7]
11-22 07:06:38.067 1489 1648 I am_pss : [16217,10034,com.microsoft.emmx,35842048,32161792,0,133316608,0,19,5]
11-22 07:06:38.073 1489 1648 I am_pss : [16216,10066,com.android.deskclock,9117696,6201344,0,96423936,0,19,5]
11-22 07:06:38.080 1489 1648 I am_pss : [15786,10033,com.android.musicfx,21297152,16424960,0,137199616,0,19,7]
11-22 07:06:38.081 1489 5394 I am_proc_bound: [0,16298,com.android.soundrecorder]
11-22 07:06:38.086 1489 1648 I am_pss : [15468,1000,com.qti.diagservices,5957632,3751936,0,93532160,0,10,5]
11-22 07:08:58.472 1489 1752 I am_freeze: [15786,com.android.musicfx]
11-22 07:08:58.474 1489 1752 I am_kill : [0,15786,com.android.musicfx,955,Unable to freeze binder interface]
11-22 07:08:58.518 1489 7565 I am_proc_died: [0,15786,com.android.musicfx,955,19]
11-22 07:08:58.519 1489 7565 I am_uid_stopped: 10033
11-22 07:08:58.529 1489 1648 I am_pss : [16298,10060,com.android.soundrecorder,5813248,3932160,0,89579520,0,19,6]
11-22 07:08:58.536 1489 1648 I am_pss : [16276,1000,com.android.settings,26829824,24920064,0,111034368,0,19,5]
11-22 07:09:10.554 1489 7565 I wm_finish_activity: [0,226300542,161,com.android.gallery3d/.app.GalleryActivity,finish-activity]
11-22 07:09:10.554 1489 7565 I wm_task_moved: [1,1,8]
11-22 07:09:10.557 1489 7565 I wm_set_resumed_activity: [0,com.android.launcher3/.uioverrides.QuickstepLauncher,positionChildAt]
11-22 07:09:10.557 1489 7565 I wm_task_moved: [10,1,2147483647]
11-22 07:09:10.557 1489 7565 I wm_task_to_front: [0,10]
11-22 07:09:10.558 1489 7565 I wm_focused_root_task: [0,0,1,-1,finish-top adjustFocusToNextFocusableTask]
11-22 07:09:10.558 1489 7565 I wm_set_resumed_activity: [0,com.android.launcher3/.uioverrides.QuickstepLauncher,finish-top]
11-22 07:09:10.565 1489 7565 I wm_pause_activity: [0,226300542,com.android.gallery3d/.app.GalleryActivity,userLeaving=false,finish]
11-22 07:09:10.572 1489 1636 I input_focus: [Focus request 3cc67bf com.android.launcher3/com.android.launcher3.uioverrides.QuickstepLauncher,reason=UpdateInputWindows]
11-22 07:09:10.573 15162 15162 I wm_on_top_resumed_lost_called: [226300542,com.android.gallery3d.app.GalleryActivity,topStateChangedWhenResumed]
11-22 07:09:10.574 2840 2840 I wm_on_top_resumed_gained_called: [168390208,com.android.launcher3.uioverrides.QuickstepLauncher,topStateChangedWhenResumed]
11-22 07:09:10.577 1489 1634 I sysui_multi_action: [757,803,799,window_time_2,802,499]
11-22 07:09:10.603 15162 15162 I wm_on_paused_called: [226300542,com.android.gallery3d.app.GalleryActivity,performPause]
11-22 07:09:10.604 1489 7565 I wm_destroy_activity: [0,226300542,161,com.android.gallery3d/.app.GalleryActivity,finish-imm:completePausedLocked]
11-22 07:09:10.612 1489 1634 I sysui_multi_action: [757,803,799,window_time_0,802,0]
11-22 07:09:10.618 1489 2012 I input_focus: [Focus leaving 61ef356 com.android.gallery3d/com.android.gallery3d.app.GalleryActivity (server),reason=NO_WINDOW]
11-22 07:09:10.618 1489 2012 I input_focus: [Focus entering 3cc67bf com.android.launcher3/com.android.launcher3.uioverrides.QuickstepLauncher (server),reason=setFocusedWindow]
11-22 07:09:10.629 15162 15162 I wm_on_stop_called: [226300542,com.android.gallery3d.app.GalleryActivity,LIFECYCLER_STOP_ACTIVITY]
11-22 07:09:10.633 15162 15162 I wm_on_destroy_called: [226300542,com.android.gallery3d.app.GalleryActivity,performDestroy]
11-22 07:09:10.651 1489 1489 I am_uid_active: 10063
11-22 07:09:10.909 1489 1636 I wm_task_removed: [161,removeChild:removeChild last r=ActivityRecord{d7d127e u0 com.android.gallery3d/.app.GalleryActivity t-1 f}} in t=Task{23bd3e8 #161 type=standard A=10069:com.android.gallery3d U=0 visible=false mode=freeform translucent=true sz=0}]
11-22 07:09:10.909 1489 1636 I wm_task_removed: [161,removeChild]
11-22 07:09:14.281 1489 2012 I input_interaction: Interaction with: 3cc67bf com.android.launcher3/com.android.launcher3.uioverrides.QuickstepLauncher (server), 6449bab com.android.systemui.ImageWallpaper (server), edge-swipe (server), swipe-up (server), PointerEventDispatcher0 (server),
11-22 07:09:15.866 1489 5500 I wm_task_created: [168,-1]
11-22 07:09:15.873 1489 5500 I wm_task_moved: [168,1,8]
11-22 07:09:15.873 1489 5500 I wm_task_to_front: [0,168]
11-22 07:09:15.874 1489 5500 I wm_create_task: [0,168]
11-22 07:09:15.874 1489 5500 I wm_create_activity: [0,205906822,168,com.android.gallery3d/.app.GalleryActivity,NULL,NULL,NULL,268468224]
11-22 07:09:15.874 1489 5500 I wm_task_moved: [168,1,8]
11-22 07:09:15.878 1489 5500 I wm_restart_activity: [0,205906822,168,com.android.gallery3d/.app.GalleryActivity]
11-22 07:09:15.879 1489 5500 I wm_set_resumed_activity: [0,com.android.gallery3d/.app.GalleryActivity,minimalResumeActivityLocked]
11-22 07:09:15.892 2840 2840 I wm_on_top_resumed_lost_called: [168390208,com.android.launcher3.uioverrides.QuickstepLauncher,topStateChangedWhenResumed]
11-22 07:09:15.923 15162 15162 I wm_on_create_called: [205906822,com.android.gallery3d.app.GalleryActivity,performCreate]
11-22 07:09:15.924 15162 15162 I wm_on_start_called: [205906822,com.android.gallery3d.app.GalleryActivity,handleStartActivity]
11-22 07:09:15.926 15162 15162 I wm_on_resume_called: [205906822,com.android.gallery3d.app.GalleryActivity,RESUME_ACTIVITY]
11-22 07:09:15.928 15162 15162 I wm_on_top_resumed_gained_called: [205906822,com.android.gallery3d.app.GalleryActivity,topStateChangedWhenResumed]
11-22 07:09:15.944 1489 1636 I input_focus: [Focus request b93f3e0 com.android.gallery3d/com.android.gallery3d.app.GalleryActivity,reason=UpdateInputWindows]
11-22 07:09:15.972 1489 2012 I input_focus: [Focus leaving 3cc67bf com.android.launcher3/com.android.launcher3.uioverrides.QuickstepLauncher (server),reason=Waiting for window because NOT_VISIBLE]
11-22 07:09:16.018 1489 1631 I sysui_multi_action: [319,150,322,149,325,15144,757,761,758,8,759,2,806,com.android.gallery3d,871,com.android.gallery3d.app.GalleryActivity,904,com.android.launcher3,905,0,1320,8,1321,5]
11-22 07:09:16.024 1489 2012 I input_focus: [Focus entering b93f3e0 com.android.gallery3d/com.android.gallery3d.app.GalleryActivity (server),reason=Window became focusable. Previous reason: NOT_VISIBLE]
11-22 07:09:16.029 1489 1631 I wm_activity_launch_time: [0,205906822,com.android.gallery3d/.app.GalleryActivity,149]
11-22 07:09:16.803 1489 2012 I input_interaction: Interaction with: b93f3e0 com.android.gallery3d/com.android.gallery3d.app.GalleryActivity (server), edge-swipe (server), swipe-up (server), PointerEventDispatcher0 (server),
11-22 07:09:25.642 1489 1752 I am_freeze: [15416,com.android.calendar]
11-22 07:09:25.644 1489 1752 I am_kill : [0,15416,com.android.calendar,900,Unable to freeze binder interface]
11-22 07:09:25.649 1489 1752 I am_freeze: [15875,com.android.providers.calendar]
11-22 07:09:25.651 1489 1752 I am_kill : [0,15875,com.android.providers.calendar,945,Unable to freeze binder interface]
11-22 07:09:25.680 1489 5500 I am_proc_died: [0,15875,com.android.providers.calendar,945,19]
11-22 07:09:25.681 1489 5500 I am_uid_stopped: 10032
11-22 07:09:25.691 1489 1648 I am_pss : [16298,10060,com.android.soundrecorder,5899264,3932160,0,89579520,0,19,6]
11-22 07:09:25.699 1489 6061 I am_proc_died: [0,15416,com.android.calendar,900,18]
11-22 07:09:25.700 1489 6061 I am_uid_stopped: 10068
11-22 07:09:25.705 1489 1634 I am_uid_running: 10068
11-22 07:09:25.720 1489 1651 I am_proc_start: [0,16340,10068,com.android.calendar,NULL,]
11-22 07:09:25.759 1489 6061 I am_proc_bound: [0,16340,com.android.calendar]
11-22 07:10:21.937 1489 1650 I am_uid_idle: 10063
11-22 07:10:33.193 1489 5105 I wm_task_moved: [168,1,8]
11-22 07:10:33.194 1489 5105 I wm_set_resumed_activity: [0,com.android.gallery3d/.app.GalleryActivity,positionChildAt]
11-22 07:10:33.194 1489 5105 I wm_create_activity: [0,136292803,168,com.android.gallery3d/.app.MovieActivity,android.intent.action.VIEW,video/*,content://media/external/video/media/25,0]
11-22 07:10:33.197 1489 5105 I wm_pause_activity: [0,205906822,com.android.gallery3d/.app.GalleryActivity,userLeaving=true,resumeTopActivityInnerLocked]
11-22 07:10:33.203 15162 15162 I wm_on_top_resumed_lost_called: [205906822,com.android.gallery3d.app.GalleryActivity,topStateChangedWhenResumed]
11-22 07:10:33.237 15162 15162 I wm_on_paused_called: [205906822,com.android.gallery3d.app.GalleryActivity,performPause]
11-22 07:10:33.241 1489 7595 I wm_restart_activity: [0,136292803,168,com.android.gallery3d/.app.MovieActivity]
11-22 07:10:33.243 1489 7595 I wm_set_resumed_activity: [0,com.android.gallery3d/.app.MovieActivity,minimalResumeActivityLocked]
11-22 07:10:33.248 1489 1634 I sysui_multi_action: [757,803,799,window_time_0,802,82]
11-22 07:10:33.282 15162 15162 I wm_on_create_called: [136292803,com.android.gallery3d.app.MovieActivity,performCreate]
11-22 07:10:33.287 15162 15162 I wm_on_start_called: [136292803,com.android.gallery3d.app.MovieActivity,handleStartActivity]
11-22 07:10:33.288 15162 15162 I wm_on_resume_called: [136292803,com.android.gallery3d.app.MovieActivity,RESUME_ACTIVITY]
11-22 07:10:33.295 15162 15162 I wm_on_top_resumed_gained_called: [136292803,com.android.gallery3d.app.MovieActivity,topStateChangedWhenResumed]
11-22 07:10:33.310 1489 1636 I input_focus: [Focus request 8308035 com.android.gallery3d/com.android.gallery3d.app.MovieActivity,reason=UpdateInputWindows]
11-22 07:10:33.342 1489 2012 I input_focus: [Focus leaving b93f3e0 com.android.gallery3d/com.android.gallery3d.app.GalleryActivity (server),reason=Waiting for window because NOT_VISIBLE]
11-22 07:10:33.371 1489 1489 I am_uid_active: 10063
11-22 07:10:33.375 1489 1631 I wm_activity_launch_time: [0,136292803,com.android.gallery3d/.app.MovieActivity,185]
11-22 07:10:33.396 1489 2012 I input_focus: [Focus entering 8308035 com.android.gallery3d/com.android.gallery3d.app.MovieActivity (server),reason=Window became focusable. Previous reason: NOT_VISIBLE]
11-22 07:10:33.606 1489 1648 I am_pss : [15528,10090,com.android.music,56302592,49958912,0,177876992,0,4,13]
11-22 07:10:33.614 1489 1648 I am_pss : [16340,10068,com.android.calendar,6369280,3981312,0,92094464,0,19,7]
11-22 07:10:34.363 1489 2012 I input_interaction: Interaction with: 8308035 com.android.gallery3d/com.android.gallery3d.app.MovieActivity (server), edge-swipe (server), swipe-up (server), PointerEventDispatcher0 (server),
11-22 07:10:34.841 1489 1636 I input_focus: [Focus request 956b958 com.android.gallery3d/com.android.gallery3d.app.MovieActivity,reason=UpdateInputWindows]
11-22 07:10:34.866 1489 2012 I input_focus: [Focus entering 956b958 com.android.gallery3d/com.android.gallery3d.app.MovieActivity (server),reason=setFocusedWindow]
11-22 07:10:35.473 1489 2012 I input_interaction: Interaction with: 956b958 com.android.gallery3d/com.android.gallery3d.app.MovieActivity (server), PointerEventDispatcher0 (server),
11-22 07:10:35.830 1489 2012 I input_interaction: Interaction with: 956b958 com.android.gallery3d/com.android.gallery3d.app.MovieActivity (server), edge-swipe (server), swipe-up (server), PointerEventDispatcher0 (server),
11-22 07:10:39.415 1489 6061 I wm_relaunch_resume_activity: [0,136292803,168,com.android.gallery3d/.app.MovieActivity]
11-22 07:10:39.415 1489 6061 I wm_relaunch_activity: [0,205906822,168,com.android.gallery3d/.app.GalleryActivity]
11-22 07:10:39.432 15162 15162 I wm_on_top_resumed_lost_called: [136292803,com.android.gallery3d.app.MovieActivity,pausing]
11-22 07:10:39.465 15162 15162 I wm_on_paused_called: [136292803,com.android.gallery3d.app.MovieActivity,performPause]
11-22 07:10:39.468 15162 15162 I wm_on_stop_called: [136292803,com.android.gallery3d.app.MovieActivity,handleRelaunchActivity]
11-22 07:10:39.470 15162 15162 I wm_on_destroy_called: [136292803,com.android.gallery3d.app.MovieActivity,performDestroy]
11-22 07:10:39.491 15162 15162 I wm_on_create_called: [136292803,com.android.gallery3d.app.MovieActivity,performCreate]
11-22 07:10:39.494 15162 15162 I wm_on_start_called: [136292803,com.android.gallery3d.app.MovieActivity,handleStartActivity]
11-22 07:10:39.500 15162 15162 I wm_on_resume_called: [136292803,com.android.gallery3d.app.MovieActivity,RESUME_ACTIVITY]
11-22 07:10:39.500 15162 15162 I wm_on_top_resumed_gained_called: [136292803,com.android.gallery3d.app.MovieActivity,topWhenResuming]
11-22 07:10:39.502 15162 15162 I wm_on_stop_called: [205906822,com.android.gallery3d.app.GalleryActivity,handleRelaunchActivity]
11-22 07:10:39.503 15162 15162 I wm_on_destroy_called: [205906822,com.android.gallery3d.app.GalleryActivity,performDestroy]
11-22 07:10:39.523 15162 15162 I wm_on_create_called: [205906822,com.android.gallery3d.app.GalleryActivity,performCreate]
11-22 07:10:39.525 15162 15162 I wm_on_start_called: [205906822,com.android.gallery3d.app.GalleryActivity,handleStartActivity]
11-22 07:10:39.530 15162 15162 I wm_on_resume_called: [205906822,com.android.gallery3d.app.GalleryActivity,LIFECYCLER_RESUME_ACTIVITY]
11-22 07:10:39.531 15162 15162 I wm_on_paused_called: [205906822,com.android.gallery3d.app.GalleryActivity,performPause]
11-22 07:10:40.625 1489 5105 I wm_relaunch_resume_activity: [0,136292803,168,com.android.gallery3d/.app.MovieActivity]
11-22 07:10:40.625 1489 5105 I wm_relaunch_activity: [0,205906822,168,com.android.gallery3d/.app.GalleryActivity]
11-22 07:10:40.644 15162 15162 I wm_on_top_resumed_lost_called: [136292803,com.android.gallery3d.app.MovieActivity,pausing]
11-22 07:10:40.682 15162 15162 I wm_on_paused_called: [136292803,com.android.gallery3d.app.MovieActivity,performPause]
11-22 07:10:40.683 15162 15162 I wm_on_stop_called: [136292803,com.android.gallery3d.app.MovieActivity,handleRelaunchActivity]
11-22 07:10:40.684 15162 15162 I wm_on_destroy_called: [136292803,com.android.gallery3d.app.MovieActivity,performDestroy]
11-22 07:10:40.699 15162 15162 I wm_on_create_called: [136292803,com.android.gallery3d.app.MovieActivity,performCreate]
11-22 07:10:40.702 15162 15162 I wm_on_start_called: [136292803,com.android.gallery3d.app.MovieActivity,handleStartActivity]
11-22 07:10:40.707 15162 15162 I wm_on_resume_called: [136292803,com.android.gallery3d.app.MovieActivity,RESUME_ACTIVITY]
11-22 07:10:40.707 15162 15162 I wm_on_top_resumed_gained_called: [136292803,com.android.gallery3d.app.MovieActivity,topWhenResuming]
11-22 07:10:40.708 15162 15162 I wm_on_stop_called: [205906822,com.android.gallery3d.app.GalleryActivity,handleRelaunchActivity]
11-22 07:10:40.710 15162 15162 I wm_on_destroy_called: [205906822,com.android.gallery3d.app.GalleryActivity,performDestroy]
11-22 07:10:40.724 15162 15162 I wm_on_create_called: [205906822,com.android.gallery3d.app.GalleryActivity,performCreate]
11-22 07:10:40.726 15162 15162 I wm_on_start_called: [205906822,com.android.gallery3d.app.GalleryActivity,handleStartActivity]
11-22 07:10:40.733 15162 15162 I wm_on_resume_called: [205906822,com.android.gallery3d.app.GalleryActivity,LIFECYCLER_RESUME_ACTIVITY]
11-22 07:10:40.734 15162 15162 I wm_on_paused_called: [205906822,com.android.gallery3d.app.GalleryActivity,performPause]
11-22 07:10:43.541 1489 5105 I wm_relaunch_resume_activity: [0,136292803,168,com.android.gallery3d/.app.MovieActivity]
11-22 07:10:43.542 2375 2375 I sysui_multi_action: [757,111,758,2]
11-22 07:10:43.542 1489 1489 I notification_enqueue: [10082,2375,com.android.systemui,2048,NULL,0,Notification(channel=updateNotification shortcut=null contentView=null vibrate=null sound=null defaults=0x0 flags=0x0 color=0x00000000 vis=PRIVATE),1]
11-22 07:10:43.542 2375 2375 I sysui_multi_action: [757,111,758,2]
11-22 07:10:43.543 1489 5105 I wm_add_to_stopping: [0,205906822,com.android.gallery3d/.app.GalleryActivity,makeInvisible]
11-22 07:10:43.543 1489 5105 I wm_add_to_stopping: [0,168390208,com.android.launcher3/.uioverrides.QuickstepLauncher,makeInvisible]
11-22 07:10:43.546 1489 1634 I wm_relaunch_activity: [0,205906822,168,com.android.gallery3d/.app.GalleryActivity]
11-22 07:10:43.559 15162 15162 I wm_on_top_resumed_lost_called: [136292803,com.android.gallery3d.app.MovieActivity,pausing]
11-22 07:10:43.566 2375 2375 I sysui_multi_action: [757,111,758,1]
11-22 07:10:43.566 2375 2375 I sysui_multi_action: [757,126,758,1,759,126,927,0,928,1,1593,0]
11-22 07:10:43.566 2375 2375 I sysui_multi_action: [757,113,758,1,759,113,927,1,928,1,1593,0]
11-22 07:10:43.566 2375 2375 I sysui_multi_action: [757,0,758,1,759,0,927,2,928,0,1593,0]
11-22 07:10:43.566 2375 2375 I sysui_multi_action: [757,0,758,1,759,0,927,3,928,0,1593,0]
11-22 07:10:43.567 2375 2375 I sysui_multi_action: [757,491,758,1,759,491,927,4,928,0,1311,-1,1593,0]
11-22 07:10:43.567 2375 2375 I sysui_multi_action: [757,0,758,1,759,0,927,5,928,0,1593,0]
11-22 07:10:43.567 2375 2375 I sysui_multi_action: [757,114,758,1,759,114,927,6,928,0,1593,0]
11-22 07:10:43.567 2375 2375 I sysui_multi_action: [757,111,758,1]
11-22 07:10:43.567 2375 2375 I sysui_multi_action: [757,126,758,1,759,126,927,0,928,1,1593,0]
11-22 07:10:43.567 2375 2375 I sysui_multi_action: [757,113,758,1,759,113,927,1,928,1,1593,0]
11-22 07:10:43.567 2375 2375 I sysui_multi_action: [757,0,758,1,759,0,927,2,928,0,1593,0]
11-22 07:10:43.567 2375 2375 I sysui_multi_action: [757,0,758,1,759,0,927,3,928,0,1593,0]
11-22 07:10:43.595 15162 15162 I wm_on_paused_called: [136292803,com.android.gallery3d.app.MovieActivity,performPause]
11-22 07:10:43.596 15162 15162 I wm_on_stop_called: [136292803,com.android.gallery3d.app.MovieActivity,handleRelaunchActivity]
11-22 07:10:43.597 15162 15162 I wm_on_destroy_called: [136292803,com.android.gallery3d.app.MovieActivity,performDestroy]
11-22 07:10:43.613 15162 15162 I wm_on_create_called: [136292803,com.android.gallery3d.app.MovieActivity,performCreate]
11-22 07:10:43.616 15162 15162 I wm_on_start_called: [136292803,com.android.gallery3d.app.MovieActivity,handleStartActivity]
11-22 07:10:43.620 15162 15162 I wm_on_resume_called: [136292803,com.android.gallery3d.app.MovieActivity,RESUME_ACTIVITY]
11-22 07:10:43.620 15162 15162 I wm_on_top_resumed_gained_called: [136292803,com.android.gallery3d.app.MovieActivity,topWhenResuming]
11-22 07:10:43.669 15162 15162 I wm_on_stop_called: [205906822,com.android.gallery3d.app.GalleryActivity,handleRelaunchActivity]
11-22 07:10:43.674 15162 15162 I wm_on_destroy_called: [205906822,com.android.gallery3d.app.GalleryActivity,performDestroy]
11-22 07:10:43.696 15162 15162 I wm_on_create_called: [205906822,com.android.gallery3d.app.GalleryActivity,performCreate]
11-22 07:10:43.697 15162 15162 I wm_on_start_called: [205906822,com.android.gallery3d.app.GalleryActivity,handleStartActivity]
11-22 07:10:43.702 15162 15162 I wm_on_resume_called: [205906822,com.android.gallery3d.app.GalleryActivity,LIFECYCLER_RESUME_ACTIVITY]
11-22 07:10:43.703 15162 15162 I wm_on_paused_called: [205906822,com.android.gallery3d.app.GalleryActivity,performPause]
11-22 07:10:43.917 1489 1634 I wm_stop_activity: [0,168390208,com.android.launcher3/.uioverrides.QuickstepLauncher]
11-22 07:10:43.939 2840 2840 I wm_on_paused_called: [168390208,com.android.launcher3.uioverrides.QuickstepLauncher,performPause]
11-22 07:10:43.942 2840 2840 I wm_on_stop_called: [168390208,com.android.launcher3.uioverrides.QuickstepLauncher,STOP_ACTIVITY_ITEM]
11-22 07:10:46.259 1489 1948 I wm_task_moved: [1,0,0]
11-22 07:10:46.263 1489 1948 I wm_task_moved: [1,0,7]
11-22 07:10:46.289 2840 2840 I wm_on_restart_called: [168390208,com.android.launcher3.uioverrides.QuickstepLauncher,performRestartActivity]
11-22 07:10:46.300 2840 2840 I wm_on_start_called: [168390208,com.android.launcher3.uioverrides.QuickstepLauncher,handleStartActivity]
11-22 07:10:46.330 15162 15162 I view_enqueue_input_event: [Motion - Cancel,com.android.gallery3d/com.android.gallery3d.app.MovieActivity]
11-22 07:10:46.332 2840 2840 I sysui_latency: [1,101]
11-22 07:10:46.332 1489 1636 I input_focus: [Focus request recents_animation_input_consumer,reason=UpdateInputWindows]
11-22 07:10:46.338 1489 2012 I input_interaction: Interaction with: edge-swipe (server), swipe-up (server), PointerEventDispatcher0 (server),
11-22 07:10:46.339 1489 2012 I input_focus: [Focus leaving 956b958 com.android.gallery3d/com.android.gallery3d.app.MovieActivity (server),reason=NOT_FOCUSABLE]
11-22 07:10:46.339 1489 2012 I input_focus: [Focus entering recents_animation_input_consumer (server),reason=setFocusedWindow]
11-22 07:10:46.344 1489 1631 I sysui_multi_action: [319,19,322,76,325,15234,757,761,758,9,759,5,806,com.android.launcher3,871,com.android.launcher3.uioverrides.QuickstepLauncher,905,0,1320,8,1321,5]
11-22 07:10:46.510 1489 1751 I commit_sys_config_file: [settings-1-0,10]
11-22 07:10:46.636 1489 1648 I sysui_latency: [8,97]
11-22 07:10:47.197 1489 1751 I commit_sys_config_file: [settings-1-0,4]
11-22 07:10:48.133 1489 2012 I input_interaction: Interaction with: 3cc67bf com.android.launcher3/com.android.launcher3.uioverrides.QuickstepLauncher (server), edge-swipe (server), swipe-up (server), PointerEventDispatcher0 (server),
11-22 07:10:48.137 1489 1489 I service_manager_stats: [100,100,657106]
11-22 07:10:48.275 1489 7595 I wm_relaunch_resume_activity: [0,136292803,168,com.android.gallery3d/.app.MovieActivity]
11-22 07:10:48.275 1489 7595 I wm_relaunch_activity: [0,205906822,168,com.android.gallery3d/.app.GalleryActivity]
11-22 07:10:48.276 15162 15162 I wm_on_top_resumed_lost_called: [136292803,com.android.gallery3d.app.MovieActivity,pausing]
11-22 07:10:48.276 1489 7595 I wm_task_moved: [1,1,8]
11-22 07:10:48.278 1489 7595 I wm_focused_root_task: [0,0,1,168,startActivityFromRecents]
11-22 07:10:48.278 1489 7595 I wm_task_moved: [168,1,8]
11-22 07:10:48.278 1489 7595 I wm_set_resumed_activity: [0,com.android.gallery3d/.app.MovieActivity,positionChildAt]
11-22 07:10:48.278 1489 7595 I wm_focused_root_task: [0,0,168,1,moveTaskToFront findTaskToMoveToFront]
11-22 07:10:48.278 1489 7595 I wm_set_resumed_activity: [0,com.android.gallery3d/.app.MovieActivity,moveTaskToFront findTaskToMoveToFront]
11-22 07:10:48.307 15162 15162 I wm_on_paused_called: [136292803,com.android.gallery3d.app.MovieActivity,performPause]
11-22 07:10:48.314 15162 15162 I wm_on_stop_called: [136292803,com.android.gallery3d.app.MovieActivity,handleRelaunchActivity]
11-22 07:10:48.314 15162 15162 I wm_on_destroy_called: [136292803,com.android.gallery3d.app.MovieActivity,performDestroy]
11-22 07:10:48.337 15162 15162 I wm_on_create_called: [136292803,com.android.gallery3d.app.MovieActivity,performCreate]
11-22 07:10:48.340 15162 15162 I wm_on_start_called: [136292803,com.android.gallery3d.app.MovieActivity,handleStartActivity]
11-22 07:10:48.344 15162 15162 I wm_on_resume_called: [136292803,com.android.gallery3d.app.MovieActivity,RESUME_ACTIVITY]
11-22 07:10:48.344 15162 15162 I wm_on_top_resumed_gained_called: [136292803,com.android.gallery3d.app.MovieActivity,topWhenResuming]
11-22 07:10:48.345 15162 15162 I wm_on_stop_called: [205906822,com.android.gallery3d.app.GalleryActivity,handleRelaunchActivity]
11-22 07:10:48.346 15162 15162 I wm_on_destroy_called: [205906822,com.android.gallery3d.app.GalleryActivity,performDestroy]
11-22 07:10:48.355 15162 15162 I wm_on_create_called: [205906822,com.android.gallery3d.app.GalleryActivity,performCreate]
11-22 07:10:48.357 15162 15162 I wm_on_start_called: [205906822,com.android.gallery3d.app.GalleryActivity,handleStartActivity]
11-22 07:10:48.362 15162 15162 I wm_on_resume_called: [205906822,com.android.gallery3d.app.GalleryActivity,LIFECYCLER_RESUME_ACTIVITY]
11-22 07:10:48.362 15162 15162 I wm_on_paused_called: [205906822,com.android.gallery3d.app.GalleryActivity,performPause]
11-22 07:10:48.405 15162 15162 I wm_on_top_resumed_lost_called: [136292803,com.android.gallery3d.app.MovieActivity,topStateChangedWhenResumed]
11-22 07:10:48.415 15162 15162 I wm_on_top_resumed_gained_called: [136292803,com.android.gallery3d.app.MovieActivity,topStateChangedWhenResumed]
11-22 07:10:48.698 1489 7595 I wm_task_moved: [1,1,8]
11-22 07:10:48.698 1489 7595 I wm_task_moved: [10,1,2147483647]
11-22 07:10:48.698 1489 7595 I wm_task_to_front: [0,10]
11-22 07:10:48.698 1489 7595 I wm_focused_root_task: [0,0,1,168,RecentsAnimation.onAnimationFinished()]
11-22 07:10:48.699 15162 15162 I wm_on_top_resumed_lost_called: [136292803,com.android.gallery3d.app.MovieActivity,topStateChangedWhenResumed]
11-22 07:10:48.699 1489 7595 I wm_set_resumed_activity: [0,com.android.launcher3/.uioverrides.QuickstepLauncher,RecentsAnimation.onAnimationFinished()]
11-22 07:10:48.700 1489 7595 I wm_set_resumed_activity: [0,com.android.launcher3/.uioverrides.QuickstepLauncher,resumeTopActivityInnerLocked]
11-22 07:10:48.705 1489 7595 I wm_resume_activity: [0,168390208,10,com.android.launcher3/.uioverrides.QuickstepLauncher]
11-22 07:10:48.720 1489 1636 I input_focus: [Focus request 3cc67bf com.android.launcher3/com.android.launcher3.uioverrides.QuickstepLauncher,reason=UpdateInputWindows]
11-22 07:10:48.728 1489 1634 I sysui_multi_action: [757,803,799,window_time_2,802,16]
11-22 07:10:48.731 2840 2840 I wm_on_resume_called: [168390208,com.android.launcher3.uioverrides.QuickstepLauncher,RESUME_ACTIVITY]
11-22 07:10:48.736 2840 2840 I wm_on_top_resumed_gained_called: [168390208,com.android.launcher3.uioverrides.QuickstepLauncher,topStateChangedWhenResumed]
11-22 07:10:48.745 1489 2012 I input_focus: [Focus leaving recents_animation_input_consumer (server),reason=NOT_VISIBLE]
11-22 07:10:48.746 1489 2012 I input_focus: [Focus entering 3cc67bf com.android.launcher3/com.android.launcher3.uioverrides.QuickstepLauncher (server),reason=setFocusedWindow]
11-22 07:10:49.534 1489 2012 I input_interaction: Interaction with: 956b958 com.android.gallery3d/com.android.gallery3d.app.MovieActivity (server), edge-swipe (server), swipe-up (server), PointerEventDispatcher0 (server),
11-22 07:10:49.537 1489 1634 I wm_task_moved: [168,1,8]
11-22 07:10:49.537 1489 1634 I wm_task_to_front: [0,168]
11-22 07:10:49.541 1489 1634 I wm_set_resumed_activity: [0,com.android.gallery3d/.app.MovieActivity,positionChildAt]
11-22 07:10:49.541 1489 1634 I wm_focused_root_task: [0,0,168,1,setFocusedTask]
11-22 07:10:49.541 1489 1634 I wm_set_resumed_activity: [0,com.android.gallery3d/.app.MovieActivity,setFocusedTask]
11-22 07:10:49.543 1489 1636 I input_focus: [Focus request 956b958 com.android.gallery3d/com.android.gallery3d.app.MovieActivity,reason=UpdateInputWindows]
11-22 07:10:49.544 2840 2840 I wm_on_top_resumed_lost_called: [168390208,com.android.launcher3.uioverrides.QuickstepLauncher,topStateChangedWhenResumed]
11-22 07:10:49.546 15162 15162 I wm_on_top_resumed_gained_called: [136292803,com.android.gallery3d.app.MovieActivity,topStateChangedWhenResumed]
11-22 07:10:49.553 1489 2012 I input_focus: [Focus leaving 3cc67bf com.android.launcher3/com.android.launcher3.uioverrides.QuickstepLauncher (server),reason=setFocusedWindow]
11-22 07:10:49.553 1489 2012 I input_focus: [Focus entering 956b958 com.android.gallery3d/com.android.gallery3d.app.MovieActivity (server),reason=setFocusedWindow]
11-22 07:10:59.637 1489 7595 I wm_finish_activity: [0,136292803,168,com.android.gallery3d/.app.MovieActivity,finish-activity]
11-22 07:10:59.642 1489 7595 I wm_pause_activity: [0,136292803,com.android.gallery3d/.app.MovieActivity,userLeaving=false,finish]
11-22 07:10:59.644 1489 7595 I wm_finish_activity: [0,205906822,168,com.android.gallery3d/.app.GalleryActivity,finish-activity]
11-22 07:10:59.644 1489 7595 I wm_task_moved: [1,1,8]
11-22 07:10:59.645 1489 7595 I wm_set_resumed_activity: [0,com.android.launcher3/.uioverrides.QuickstepLauncher,positionChildAt]
11-22 07:10:59.645 1489 7595 I wm_task_moved: [10,1,2147483647]
11-22 07:10:59.645 1489 7595 I wm_task_to_front: [0,10]
11-22 07:10:59.645 1489 7595 I wm_focused_root_task: [0,0,1,-1,finish-top adjustFocusToNextFocusableTask]
11-22 07:10:59.645 1489 7595 I wm_set_resumed_activity: [0,com.android.launcher3/.uioverrides.QuickstepLauncher,finish-top]
11-22 07:10:59.646 1489 7595 I wm_destroy_activity: [0,205906822,168,com.android.gallery3d/.app.GalleryActivity,finish-imm:finishIfPossible]
11-22 07:10:59.655 15162 15162 I wm_on_top_resumed_lost_called: [136292803,com.android.gallery3d.app.MovieActivity,topStateChangedWhenResumed]
11-22 07:10:59.657 1489 1636 I input_focus: [Focus request 3cc67bf com.android.launcher3/com.android.launcher3.uioverrides.QuickstepLauncher,reason=UpdateInputWindows]
11-22 07:10:59.657 2840 2840 I wm_on_top_resumed_gained_called: [168390208,com.android.launcher3.uioverrides.QuickstepLauncher,topStateChangedWhenResumed]
11-22 07:10:59.662 1489 1634 I sysui_multi_action: [757,803,799,window_time_0,802,11]
11-22 07:10:59.693 1489 2012 I input_focus: [Focus leaving 956b958 com.android.gallery3d/com.android.gallery3d.app.MovieActivity (server),reason=NO_WINDOW]
11-22 07:10:59.693 1489 2012 I input_focus: [Focus entering 3cc67bf com.android.launcher3/com.android.launcher3.uioverrides.QuickstepLauncher (server),reason=setFocusedWindow]
11-22 07:10:59.713 15162 15162 I wm_on_paused_called: [136292803,com.android.gallery3d.app.MovieActivity,performPause]
11-22 07:10:59.715 1489 5105 I wm_destroy_activity: [0,136292803,168,com.android.gallery3d/.app.MovieActivity,finish-imm:completePausedLocked]
11-22 07:10:59.727 15162 15162 I wm_on_stop_called: [205906822,com.android.gallery3d.app.GalleryActivity,LIFECYCLER_STOP_ACTIVITY]
11-22 07:10:59.731 1489 1634 I sysui_multi_action: [757,803,799,window_time_0,802,0]
11-22 07:10:59.734 15162 15162 I wm_on_destroy_called: [205906822,com.android.gallery3d.app.GalleryActivity,performDestroy]
11-22 07:10:59.762 15162 15162 I wm_on_stop_called: [136292803,com.android.gallery3d.app.MovieActivity,LIFECYCLER_STOP_ACTIVITY]
11-22 07:10:59.762 15162 15162 I wm_on_destroy_called: [136292803,com.android.gallery3d.app.MovieActivity,performDestroy]
11-22 07:10:59.937 1489 1636 I wm_task_removed: [168,removeChild:removeChild last r=ActivityRecord{c45e386 u0 com.android.gallery3d/.app.GalleryActivity t-1 f}} in t=Task{ee9ec6b #168 type=standard A=10069:com.android.gallery3d U=0 visible=false mode=freeform translucent=true sz=0}]
11-22 07:10:59.937 1489 1636 I wm_task_removed: [168,removeChild]
11-22 07:11:00.075 1489 2012 I input_interaction: Interaction with: 3cc67bf com.android.launcher3/com.android.launcher3.uioverrides.QuickstepLauncher (server), 6449bab com.android.systemui.ImageWallpaper (server), edge-swipe (server), swipe-up (server), PointerEventDispatcher0 (server),
11-22 07:11:09.421 1489 2835 I wm_task_created: [169,-1]
11-22 07:11:09.431 1489 2835 I wm_task_moved: [169,1,8]
11-22 07:11:09.431 1489 2835 I wm_task_to_front: [0,169]
11-22 07:11:09.432 1489 2835 I wm_create_task: [0,169]
11-22 07:11:09.432 1489 2835 I wm_create_activity: [0,34855851,169,com.android.gallery3d/.app.GalleryActivity,NULL,NULL,NULL,268468224]
11-22 07:11:09.432 1489 2835 I wm_task_moved: [169,1,8]
11-22 07:11:09.437 1489 2835 I wm_restart_activity: [0,34855851,169,com.android.gallery3d/.app.GalleryActivity]
11-22 07:11:09.439 1489 2835 I wm_set_resumed_activity: [0,com.android.gallery3d/.app.GalleryActivity,minimalResumeActivityLocked]
11-22 07:11:09.450 2840 2840 I wm_on_top_resumed_lost_called: [168390208,com.android.launcher3.uioverrides.QuickstepLauncher,topStateChangedWhenResumed]
11-22 07:11:09.475 15162 15162 I wm_on_create_called: [34855851,com.android.gallery3d.app.GalleryActivity,performCreate]
11-22 07:11:09.477 15162 15162 I wm_on_start_called: [34855851,com.android.gallery3d.app.GalleryActivity,handleStartActivity]
11-22 07:11:09.479 15162 15162 I wm_on_resume_called: [34855851,com.android.gallery3d.app.GalleryActivity,RESUME_ACTIVITY]
11-22 07:11:09.481 15162 15162 I wm_on_top_resumed_gained_called: [34855851,com.android.gallery3d.app.GalleryActivity,topStateChangedWhenResumed]
11-22 07:11:09.502 1489 1636 I input_focus: [Focus request f0ae2dd com.android.gallery3d/com.android.gallery3d.app.GalleryActivity,reason=UpdateInputWindows]
11-22 07:11:09.533 1489 2012 I input_focus: [Focus leaving 3cc67bf com.android.launcher3/com.android.launcher3.uioverrides.QuickstepLauncher (server),reason=Waiting for window because NOT_VISIBLE]
11-22 07:11:09.549 1489 1631 I sysui_multi_action: [319,132,322,131,325,15257,757,761,758,8,759,2,806,com.android.gallery3d,871,com.android.gallery3d.app.GalleryActivity,904,com.android.launcher3,905,0,1320,8,1321,5]
11-22 07:11:09.552 1489 1631 I wm_activity_launch_time: [0,34855851,com.android.gallery3d/.app.GalleryActivity,131]
11-22 07:11:09.561 1489 2012 I input_focus: [Focus entering f0ae2dd com.android.gallery3d/com.android.gallery3d.app.GalleryActivity (server),reason=Window became focusable. Previous reason: NOT_VISIBLE]
11-22 07:11:09.640 1489 1648 I am_pss : [16340,10068,com.android.calendar,6369280,3981312,0,92094464,0,19,6]
11-22 07:11:10.370 1489 2012 I input_interaction: Interaction with: f0ae2dd com.android.gallery3d/com.android.gallery3d.app.GalleryActivity (server), edge-swipe (server), swipe-up (server), PointerEventDispatcher0 (server),
11-22 07:11:14.143 1489 1948 I wm_task_moved: [169,1,8]
11-22 07:11:14.143 1489 1948 I wm_set_resumed_activity: [0,com.android.gallery3d/.app.GalleryActivity,positionChildAt]
11-22 07:11:14.143 1489 1948 I wm_create_activity: [0,85182725,169,com.android.gallery3d/.app.MovieActivity,android.intent.action.VIEW,video/*,content://media/external/video/media/23,0]
11-22 07:11:14.145 1489 1948 I wm_pause_activity: [0,34855851,com.android.gallery3d/.app.GalleryActivity,userLeaving=true,resumeTopActivityInnerLocked]
11-22 07:11:14.151 15162 15162 I wm_on_top_resumed_lost_called: [34855851,com.android.gallery3d.app.GalleryActivity,topStateChangedWhenResumed]
11-22 07:11:14.179 15162 15162 I wm_on_paused_called: [34855851,com.android.gallery3d.app.GalleryActivity,performPause]
11-22 07:11:14.182 1489 2835 I wm_restart_activity: [0,85182725,169,com.android.gallery3d/.app.MovieActivity]
11-22 07:11:14.184 1489 2835 I wm_set_resumed_activity: [0,com.android.gallery3d/.app.MovieActivity,minimalResumeActivityLocked]
11-22 07:11:14.187 1489 1634 I sysui_multi_action: [757,803,799,window_time_0,802,14]
11-22 07:11:14.212 15162 15162 I wm_on_create_called: [85182725,com.android.gallery3d.app.MovieActivity,performCreate]
11-22 07:11:14.215 15162 15162 I wm_on_start_called: [85182725,com.android.gallery3d.app.MovieActivity,handleStartActivity]
11-22 07:11:14.215 15162 15162 I wm_on_resume_called: [85182725,com.android.gallery3d.app.MovieActivity,RESUME_ACTIVITY]
11-22 07:11:14.220 15162 15162 I wm_on_top_resumed_gained_called: [85182725,com.android.gallery3d.app.MovieActivity,topStateChangedWhenResumed]
11-22 07:11:14.233 1489 1636 I input_focus: [Focus request afa5567 com.android.gallery3d/com.android.gallery3d.app.MovieActivity,reason=UpdateInputWindows]
