11-22 06:05:34.700 2375 2375 I sysui_multi_action: [757,114,758,1,759,114,927,6,928,0,1593,0]
11-22 06:05:34.700 2375 2375 I sysui_multi_action: [757,111,758,1]
11-22 06:05:34.700 2375 2375 I sysui_multi_action: [757,126,758,1,759,126,927,0,928,1,1593,0]
11-22 06:05:34.700 2375 2375 I sysui_multi_action: [757,113,758,1,759,113,927,1,928,1,1593,0]
11-22 06:05:34.700 2375 2375 I sysui_multi_action: [757,0,758,1,759,0,927,2,928,0,1593,0]
11-22 06:05:34.700 2375 2375 I sysui_multi_action: [757,0,758,1,759,0,927,3,928,0,1593,0]
11-22 06:05:34.710 2375 2375 I sysui_multi_action: [757,111,758,2]
11-22 06:05:34.710 2375 2375 I sysui_multi_action: [757,111,758,2]
11-22 06:05:34.711 1489 1489 I notification_enqueue: [10082,2375,com.android.systemui,2048,NULL,0,Notification(channel=updateNotification shortcut=null contentView=null vibrate=null sound=null defaults=0x0 flags=0x0 color=0x00000000 vis=PRIVATE),1]
11-22 06:05:34.714 2375 2375 I sysui_multi_action: [757,111,758,1]
11-22 06:05:34.714 2375 2375 I sysui_multi_action: [757,126,758,1,759,126,927,0,928,1,1593,0]
11-22 06:05:34.714 2375 2375 I sysui_multi_action: [757,113,758,1,759,113,927,1,928,1,1593,0]
11-22 06:05:34.714 2375 2375 I sysui_multi_action: [757,0,758,1,759,0,927,2,928,0,1593,0]
11-22 06:05:34.714 2375 2375 I sysui_multi_action: [757,0,758,1,759,0,927,3,928,0,1593,0]
11-22 06:05:34.714 2375 2375 I sysui_multi_action: [757,491,758,1,759,491,927,4,928,0,1311,-1,1593,0]
11-22 06:05:34.714 2375 2375 I sysui_multi_action: [757,0,758,1,759,0,927,5,928,0,1593,0]
11-22 06:05:34.714 2375 2375 I sysui_multi_action: [757,114,758,1,759,114,927,6,928,0,1593,0]
11-22 06:05:34.714 2375 2375 I sysui_multi_action: [757,111,758,1]
11-22 06:05:34.714 2375 2375 I sysui_multi_action: [757,126,758,1,759,126,927,0,928,1,1593,0]
11-22 06:05:34.714 2375 2375 I sysui_multi_action: [757,113,758,1,759,113,927,1,928,1,1593,0]
11-22 06:05:34.714 2375 2375 I sysui_multi_action: [757,0,758,1,759,0,927,2,928,0,1593,0]
11-22 06:05:34.714 2375 2375 I sysui_multi_action: [757,0,758,1,759,0,927,3,928,0,1593,0]
11-22 06:05:34.727 2375 2375 I sysui_multi_action: [757,111,758,2]
11-22 06:05:34.727 2375 2375 I sysui_multi_action: [757,111,758,2]
11-22 06:05:34.729 1489 1489 I notification_enqueue: [10082,2375,com.android.systemui,2048,NULL,0,Notification(channel=updateNotification shortcut=null contentView=null vibrate=null sound=null defaults=0x0 flags=0x0 color=0x00000000 vis=PRIVATE),1]
11-22 06:05:34.730 2375 2375 I sysui_multi_action: [757,111,758,1]
11-22 06:05:34.730 2375 2375 I sysui_multi_action: [757,126,758,1,759,126,927,0,928,1,1593,0]
11-22 06:05:34.730 2375 2375 I sysui_multi_action: [757,113,758,1,759,113,927,1,928,1,1593,0]
11-22 06:05:34.730 2375 2375 I sysui_multi_action: [757,0,758,1,759,0,927,2,928,0,1593,0]
11-22 06:05:34.730 2375 2375 I sysui_multi_action: [757,0,758,1,759,0,927,3,928,0,1593,0]
11-22 06:05:34.730 2375 2375 I sysui_multi_action: [757,491,758,1,759,491,927,4,928,0,1311,-1,1593,0]
11-22 06:05:34.730 2375 2375 I sysui_multi_action: [757,0,758,1,759,0,927,5,928,0,1593,0]
11-22 06:05:34.730 2375 2375 I sysui_multi_action: [757,114,758,1,759,114,927,6,928,0,1593,0]
11-22 06:05:34.730 2375 2375 I sysui_multi_action: [757,111,758,1]
11-22 06:05:34.730 2375 2375 I sysui_multi_action: [757,126,758,1,759,126,927,0,928,1,1593,0]
11-22 06:05:34.730 2375 2375 I sysui_multi_action: [757,113,758,1,759,113,927,1,928,1,1593,0]
11-22 06:05:34.730 2375 2375 I sysui_multi_action: [757,0,758,1,759,0,927,2,928,0,1593,0]
11-22 06:05:34.730 2375 2375 I sysui_multi_action: [757,0,758,1,759,0,927,3,928,0,1593,0]
11-22 06:05:34.740 1489 1648 I sysui_latency: [8,49]
11-22 06:05:34.743 2375 2375 I sysui_multi_action: [757,111,758,2]
11-22 06:05:34.743 2375 2375 I sysui_multi_action: [757,111,758,2]
11-22 06:05:34.743 1489 1489 I notification_enqueue: [10082,2375,com.android.systemui,2048,NULL,0,Notification(channel=updateNotification shortcut=null contentView=null vibrate=null sound=null defaults=0x0 flags=0x0 color=0x00000000 vis=PRIVATE),1]
11-22 06:05:34.746 2375 2375 I sysui_multi_action: [757,111,758,1]
11-22 06:05:34.746 2375 2375 I sysui_multi_action: [757,126,758,1,759,126,927,0,928,1,1593,0]
11-22 06:05:34.746 2375 2375 I sysui_multi_action: [757,113,758,1,759,113,927,1,928,1,1593,0]
11-22 06:05:34.746 2375 2375 I sysui_multi_action: [757,0,758,1,759,0,927,2,928,0,1593,0]
11-22 06:05:34.746 2375 2375 I sysui_multi_action: [757,0,758,1,759,0,927,3,928,0,1593,0]
11-22 06:05:34.746 2375 2375 I sysui_multi_action: [757,491,758,1,759,491,927,4,928,0,1311,-1,1593,0]
11-22 06:05:34.747 2375 2375 I sysui_multi_action: [757,0,758,1,759,0,927,5,928,0,1593,0]
11-22 06:05:34.747 2375 2375 I sysui_multi_action: [757,114,758,1,759,114,927,6,928,0,1593,0]
11-22 06:05:34.747 2375 2375 I sysui_multi_action: [757,111,758,1]
11-22 06:05:34.747 2375 2375 I sysui_multi_action: [757,126,758,1,759,126,927,0,928,1,1593,0]
11-22 06:05:34.747 2375 2375 I sysui_multi_action: [757,113,758,1,759,113,927,1,928,1,1593,0]
11-22 06:05:34.747 2375 2375 I sysui_multi_action: [757,0,758,1,759,0,927,2,928,0,1593,0]
11-22 06:05:34.747 2375 2375 I sysui_multi_action: [757,0,758,1,759,0,927,3,928,0,1593,0]
11-22 06:05:34.759 2375 2375 I sysui_multi_action: [757,111,758,2]
11-22 06:05:34.759 2375 2375 I sysui_multi_action: [757,111,758,2]
11-22 06:05:34.760 1489 1489 I notification_enqueue: [10082,2375,com.android.systemui,2048,NULL,0,Notification(channel=updateNotification shortcut=null contentView=null vibrate=null sound=null defaults=0x0 flags=0x0 color=0x00000000 vis=PRIVATE),1]
11-22 06:05:34.763 2375 2375 I sysui_multi_action: [757,111,758,1]
11-22 06:05:34.764 2375 2375 I sysui_multi_action: [757,126,758,1,759,126,927,0,928,1,1593,0]
11-22 06:05:34.764 2375 2375 I sysui_multi_action: [757,113,758,1,759,113,927,1,928,1,1593,0]
11-22 06:05:34.764 2375 2375 I sysui_multi_action: [757,0,758,1,759,0,927,2,928,0,1593,0]
11-22 06:05:34.764 2375 2375 I sysui_multi_action: [757,0,758,1,759,0,927,3,928,0,1593,0]
11-22 06:05:34.764 2375 2375 I sysui_multi_action: [757,491,758,1,759,491,927,4,928,0,1311,-1,1593,0]
11-22 06:05:34.764 2375 2375 I sysui_multi_action: [757,0,758,1,759,0,927,5,928,0,1593,0]
11-22 06:05:34.764 2375 2375 I sysui_multi_action: [757,114,758,1,759,114,927,6,928,0,1593,0]
11-22 06:05:34.764 2375 2375 I sysui_multi_action: [757,111,758,1]
11-22 06:05:34.764 2375 2375 I sysui_multi_action: [757,126,758,1,759,126,927,0,928,1,1593,0]
11-22 06:05:34.764 2375 2375 I sysui_multi_action: [757,113,758,1,759,113,927,1,928,1,1593,0]
11-22 06:05:34.764 2375 2375 I sysui_multi_action: [757,0,758,1,759,0,927,2,928,0,1593,0]
11-22 06:05:34.764 2375 2375 I sysui_multi_action: [757,0,758,1,759,0,927,3,928,0,1593,0]
11-22 06:05:34.781 2375 2375 I sysui_multi_action: [757,111,758,2]
11-22 06:05:34.781 2375 2375 I sysui_multi_action: [757,111,758,2]
11-22 06:05:34.785 2375 2375 I sysui_multi_action: [757,111,758,1]
11-22 06:05:34.785 2375 2375 I sysui_multi_action: [757,126,758,1,759,126,927,0,928,1,1593,0]
11-22 06:05:34.785 2375 2375 I sysui_multi_action: [757,113,758,1,759,113,927,1,928,1,1593,0]
11-22 06:05:34.785 2375 2375 I sysui_multi_action: [757,0,758,1,759,0,927,2,928,0,1593,0]
11-22 06:05:34.785 2375 2375 I sysui_multi_action: [757,0,758,1,759,0,927,3,928,0,1593,0]
11-22 06:05:34.785 2375 2375 I sysui_multi_action: [757,491,758,1,759,491,927,4,928,0,1311,-1,1593,0]
11-22 06:05:34.785 2375 2375 I sysui_multi_action: [757,0,758,1,759,0,927,5,928,0,1593,0]
11-22 06:05:34.785 2375 2375 I sysui_multi_action: [757,114,758,1,759,114,927,6,928,0,1593,0]
11-22 06:05:34.785 2375 2375 I sysui_multi_action: [757,111,758,1]
11-22 06:05:34.785 2375 2375 I sysui_multi_action: [757,126,758,1,759,126,927,0,928,1,1593,0]
11-22 06:05:34.785 2375 2375 I sysui_multi_action: [757,113,758,1,759,113,927,1,928,1,1593,0]
11-22 06:05:34.785 2375 2375 I sysui_multi_action: [757,0,758,1,759,0,927,2,928,0,1593,0]
11-22 06:05:34.786 2375 2375 I sysui_multi_action: [757,0,758,1,759,0,927,3,928,0,1593,0]
11-22 06:05:34.788 1489 1489 I notification_enqueue: [10082,2375,com.android.systemui,2048,NULL,0,Notification(channel=updateNotification shortcut=null contentView=null vibrate=null sound=null defaults=0x0 flags=0x0 color=0x00000000 vis=PRIVATE),1]
11-22 06:05:34.802 2375 2375 I sysui_multi_action: [757,111,758,2]
11-22 06:05:34.802 2375 2375 I sysui_multi_action: [757,111,758,2]
11-22 06:05:34.803 1489 1489 I notification_enqueue: [10082,2375,com.android.systemui,2048,NULL,0,Notification(channel=updateNotification shortcut=null contentView=null vibrate=null sound=null defaults=0x0 flags=0x0 color=0x00000000 vis=PRIVATE),1]
11-22 06:05:34.807 2375 2375 I sysui_multi_action: [757,111,758,1]
11-22 06:05:34.807 2375 2375 I sysui_multi_action: [757,126,758,1,759,126,927,0,928,1,1593,0]
11-22 06:05:34.807 2375 2375 I sysui_multi_action: [757,113,758,1,759,113,927,1,928,1,1593,0]
11-22 06:05:34.807 2375 2375 I sysui_multi_action: [757,0,758,1,759,0,927,2,928,0,1593,0]
11-22 06:05:34.807 2375 2375 I sysui_multi_action: [757,0,758,1,759,0,927,3,928,0,1593,0]
11-22 06:05:34.807 2375 2375 I sysui_multi_action: [757,491,758,1,759,491,927,4,928,0,1311,-1,1593,0]
11-22 06:05:34.807 2375 2375 I sysui_multi_action: [757,0,758,1,759,0,927,5,928,0,1593,0]
11-22 06:05:34.808 2375 2375 I sysui_multi_action: [757,114,758,1,759,114,927,6,928,0,1593,0]
11-22 06:05:34.808 2375 2375 I sysui_multi_action: [757,111,758,1]
11-22 06:05:34.808 2375 2375 I sysui_multi_action: [757,126,758,1,759,126,927,0,928,1,1593,0]
11-22 06:05:34.808 2375 2375 I sysui_multi_action: [757,113,758,1,759,113,927,1,928,1,1593,0]
11-22 06:05:34.808 2375 2375 I sysui_multi_action: [757,0,758,1,759,0,927,2,928,0,1593,0]
11-22 06:05:34.808 2375 2375 I sysui_multi_action: [757,0,758,1,759,0,927,3,928,0,1593,0]
11-22 06:05:34.817 2375 2375 I sysui_multi_action: [757,111,758,2]
11-22 06:05:34.817 2375 2375 I sysui_multi_action: [757,111,758,2]
11-22 06:05:34.817 1489 1489 I notification_enqueue: [10082,2375,com.android.systemui,2048,NULL,0,Notification(channel=updateNotification shortcut=null contentView=null vibrate=null sound=null defaults=0x0 flags=0x0 color=0x00000000 vis=PRIVATE),1]
11-22 06:05:34.821 2375 2375 I sysui_multi_action: [757,111,758,1]
11-22 06:05:34.821 2375 2375 I sysui_multi_action: [757,126,758,1,759,126,927,0,928,1,1593,0]
11-22 06:05:34.822 2375 2375 I sysui_multi_action: [757,113,758,1,759,113,927,1,928,1,1593,0]
11-22 06:05:34.822 2375 2375 I sysui_multi_action: [757,0,758,1,759,0,927,2,928,0,1593,0]
11-22 06:05:34.822 2375 2375 I sysui_multi_action: [757,0,758,1,759,0,927,3,928,0,1593,0]
11-22 06:05:34.822 2375 2375 I sysui_multi_action: [757,491,758,1,759,491,927,4,928,0,1311,-1,1593,0]
11-22 06:05:34.822 2375 2375 I sysui_multi_action: [757,0,758,1,759,0,927,5,928,0,1593,0]
11-22 06:05:34.822 2375 2375 I sysui_multi_action: [757,114,758,1,759,114,927,6,928,0,1593,0]
11-22 06:05:34.822 2375 2375 I sysui_multi_action: [757,111,758,1]
11-22 06:05:34.822 2375 2375 I sysui_multi_action: [757,126,758,1,759,126,927,0,928,1,1593,0]
11-22 06:05:34.822 2375 2375 I sysui_multi_action: [757,113,758,1,759,113,927,1,928,1,1593,0]
11-22 06:05:34.822 2375 2375 I sysui_multi_action: [757,0,758,1,759,0,927,2,928,0,1593,0]
11-22 06:05:34.822 2375 2375 I sysui_multi_action: [757,0,758,1,759,0,927,3,928,0,1593,0]
11-22 06:05:34.834 2375 2375 I sysui_multi_action: [757,111,758,2]
11-22 06:05:34.834 2375 2375 I sysui_multi_action: [757,111,758,2]
11-22 06:05:34.834 1489 1489 I notification_enqueue: [10082,2375,com.android.systemui,2048,NULL,0,Notification(channel=updateNotification shortcut=null contentView=null vibrate=null sound=null defaults=0x0 flags=0x0 color=0x00000000 vis=PRIVATE),1]
11-22 06:05:34.838 2375 2375 I sysui_multi_action: [757,111,758,1]
11-22 06:05:34.838 2375 2375 I sysui_multi_action: [757,126,758,1,759,126,927,0,928,1,1593,0]
11-22 06:05:34.838 2375 2375 I sysui_multi_action: [757,113,758,1,759,113,927,1,928,1,1593,0]
11-22 06:05:34.838 2375 2375 I sysui_multi_action: [757,0,758,1,759,0,927,2,928,0,1593,0]
11-22 06:05:34.838 2375 2375 I sysui_multi_action: [757,0,758,1,759,0,927,3,928,0,1593,0]
11-22 06:05:34.838 2375 2375 I sysui_multi_action: [757,491,758,1,759,491,927,4,928,0,1311,-1,1593,0]
11-22 06:05:34.838 2375 2375 I sysui_multi_action: [757,0,758,1,759,0,927,5,928,0,1593,0]
11-22 06:05:34.838 2375 2375 I sysui_multi_action: [757,114,758,1,759,114,927,6,928,0,1593,0]
11-22 06:05:34.839 2375 2375 I sysui_multi_action: [757,111,758,1]
11-22 06:05:34.839 2375 2375 I sysui_multi_action: [757,126,758,1,759,126,927,0,928,1,1593,0]
11-22 06:05:34.839 2375 2375 I sysui_multi_action: [757,113,758,1,759,113,927,1,928,1,1593,0]
11-22 06:05:34.839 2375 2375 I sysui_multi_action: [757,0,758,1,759,0,927,2,928,0,1593,0]
11-22 06:05:34.839 2375 2375 I sysui_multi_action: [757,0,758,1,759,0,927,3,928,0,1593,0]
11-22 06:05:34.847 2375 2375 I sysui_multi_action: [757,111,758,2]
11-22 06:05:34.847 2375 2375 I sysui_multi_action: [757,111,758,2]
11-22 06:05:34.849 1489 1489 I notification_enqueue: [10082,2375,com.android.systemui,2048,NULL,0,Notification(channel=updateNotification shortcut=null contentView=null vibrate=null sound=null defaults=0x0 flags=0x0 color=0x00000000 vis=PRIVATE),1]
11-22 06:05:34.850 2375 2375 I sysui_multi_action: [757,111,758,1]
11-22 06:05:34.850 2375 2375 I sysui_multi_action: [757,126,758,1,759,126,927,0,928,1,1593,0]
11-22 06:05:34.850 2375 2375 I sysui_multi_action: [757,113,758,1,759,113,927,1,928,1,1593,0]
11-22 06:05:34.850 2375 2375 I sysui_multi_action: [757,0,758,1,759,0,927,2,928,0,1593,0]
11-22 06:05:34.850 2375 2375 I sysui_multi_action: [757,0,758,1,759,0,927,3,928,0,1593,0]
11-22 06:05:34.851 2375 2375 I sysui_multi_action: [757,491,758,1,759,491,927,4,928,0,1311,-1,1593,0]
11-22 06:05:34.851 2375 2375 I sysui_multi_action: [757,0,758,1,759,0,927,5,928,0,1593,0]
11-22 06:05:34.851 2375 2375 I sysui_multi_action: [757,114,758,1,759,114,927,6,928,0,1593,0]
11-22 06:05:34.851 2375 2375 I sysui_multi_action: [757,111,758,1]
11-22 06:05:34.851 2375 2375 I sysui_multi_action: [757,126,758,1,759,126,927,0,928,1,1593,0]
11-22 06:05:34.851 2375 2375 I sysui_multi_action: [757,113,758,1,759,113,927,1,928,1,1593,0]
11-22 06:05:34.851 2375 2375 I sysui_multi_action: [757,0,758,1,759,0,927,2,928,0,1593,0]
11-22 06:05:34.851 2375 2375 I sysui_multi_action: [757,0,758,1,759,0,927,3,928,0,1593,0]
11-22 06:05:34.862 2375 2375 I sysui_multi_action: [757,111,758,2]
11-22 06:05:34.862 2375 2375 I sysui_multi_action: [757,111,758,2]
11-22 06:05:34.862 1489 1489 I notification_enqueue: [10082,2375,com.android.systemui,2048,NULL,0,Notification(channel=updateNotification shortcut=null contentView=null vibrate=null sound=null defaults=0x0 flags=0x0 color=0x00000000 vis=PRIVATE),1]
11-22 06:05:34.864 2375 2375 I sysui_multi_action: [757,111,758,1]
11-22 06:05:34.864 2375 2375 I sysui_multi_action: [757,126,758,1,759,126,927,0,928,1,1593,0]
11-22 06:05:34.864 2375 2375 I sysui_multi_action: [757,113,758,1,759,113,927,1,928,1,1593,0]
11-22 06:05:34.865 2375 2375 I sysui_multi_action: [757,0,758,1,759,0,927,2,928,0,1593,0]
11-22 06:05:34.865 2375 2375 I sysui_multi_action: [757,0,758,1,759,0,927,3,928,0,1593,0]
11-22 06:05:34.865 2375 2375 I sysui_multi_action: [757,491,758,1,759,491,927,4,928,0,1311,-1,1593,0]
11-22 06:05:34.865 2375 2375 I sysui_multi_action: [757,0,758,1,759,0,927,5,928,0,1593,0]
11-22 06:05:34.865 2375 2375 I sysui_multi_action: [757,114,758,1,759,114,927,6,928,0,1593,0]
11-22 06:05:34.865 2375 2375 I sysui_multi_action: [757,111,758,1]
11-22 06:05:34.865 2375 2375 I sysui_multi_action: [757,126,758,1,759,126,927,0,928,1,1593,0]
11-22 06:05:34.865 2375 2375 I sysui_multi_action: [757,113,758,1,759,113,927,1,928,1,1593,0]
11-22 06:05:34.865 2375 2375 I sysui_multi_action: [757,0,758,1,759,0,927,2,928,0,1593,0]
11-22 06:05:34.865 2375 2375 I sysui_multi_action: [757,0,758,1,759,0,927,3,928,0,1593,0]
11-22 06:05:34.878 2375 2375 I sysui_multi_action: [757,111,758,2]
11-22 06:05:34.878 2375 2375 I sysui_multi_action: [757,111,758,2]
11-22 06:05:34.878 1489 1489 I notification_enqueue: [10082,2375,com.android.systemui,2048,NULL,0,Notification(channel=updateNotification shortcut=null contentView=null vibrate=null sound=null defaults=0x0 flags=0x0 color=0x00000000 vis=PRIVATE),1]
11-22 06:05:34.881 2375 2375 I sysui_multi_action: [757,111,758,1]
11-22 06:05:34.881 2375 2375 I sysui_multi_action: [757,126,758,1,759,126,927,0,928,1,1593,0]
11-22 06:05:34.881 2375 2375 I sysui_multi_action: [757,113,758,1,759,113,927,1,928,1,1593,0]
11-22 06:05:34.881 2375 2375 I sysui_multi_action: [757,0,758,1,759,0,927,2,928,0,1593,0]
11-22 06:05:34.881 2375 2375 I sysui_multi_action: [757,0,758,1,759,0,927,3,928,0,1593,0]
11-22 06:05:34.881 2375 2375 I sysui_multi_action: [757,491,758,1,759,491,927,4,928,0,1311,-1,1593,0]
11-22 06:05:34.881 2375 2375 I sysui_multi_action: [757,0,758,1,759,0,927,5,928,0,1593,0]
11-22 06:05:34.882 2375 2375 I sysui_multi_action: [757,114,758,1,759,114,927,6,928,0,1593,0]
11-22 06:05:34.882 2375 2375 I sysui_multi_action: [757,111,758,1]
11-22 06:05:34.882 2375 2375 I sysui_multi_action: [757,126,758,1,759,126,927,0,928,1,1593,0]
11-22 06:05:34.882 2375 2375 I sysui_multi_action: [757,113,758,1,759,113,927,1,928,1,1593,0]
11-22 06:05:34.882 2375 2375 I sysui_multi_action: [757,0,758,1,759,0,927,2,928,0,1593,0]
11-22 06:05:34.882 2375 2375 I sysui_multi_action: [757,0,758,1,759,0,927,3,928,0,1593,0]
11-22 06:05:34.895 1489 1489 I notification_enqueue: [10082,2375,com.android.systemui,2048,NULL,0,Notification(channel=updateNotification shortcut=null contentView=null vibrate=null sound=null defaults=0x0 flags=0x0 color=0x00000000 vis=PRIVATE),1]
11-22 06:05:34.896 2375 2375 I sysui_multi_action: [757,111,758,2]
11-22 06:05:34.896 2375 2375 I sysui_multi_action: [757,111,758,2]
11-22 06:05:34.899 2375 2375 I sysui_multi_action: [757,111,758,1]
11-22 06:05:34.899 2375 2375 I sysui_multi_action: [757,126,758,1,759,126,927,0,928,1,1593,0]
11-22 06:05:34.899 2375 2375 I sysui_multi_action: [757,113,758,1,759,113,927,1,928,1,1593,0]
11-22 06:05:34.899 2375 2375 I sysui_multi_action: [757,0,758,1,759,0,927,2,928,0,1593,0]
11-22 06:05:34.899 2375 2375 I sysui_multi_action: [757,0,758,1,759,0,927,3,928,0,1593,0]
11-22 06:05:34.899 2375 2375 I sysui_multi_action: [757,491,758,1,759,491,927,4,928,0,1311,-1,1593,0]
11-22 06:05:34.899 2375 2375 I sysui_multi_action: [757,0,758,1,759,0,927,5,928,0,1593,0]
11-22 06:05:34.899 2375 2375 I sysui_multi_action: [757,114,758,1,759,114,927,6,928,0,1593,0]
11-22 06:05:34.899 2375 2375 I sysui_multi_action: [757,111,758,1]
11-22 06:05:34.899 2375 2375 I sysui_multi_action: [757,126,758,1,759,126,927,0,928,1,1593,0]
11-22 06:05:34.899 2375 2375 I sysui_multi_action: [757,113,758,1,759,113,927,1,928,1,1593,0]
11-22 06:05:34.899 2375 2375 I sysui_multi_action: [757,0,758,1,759,0,927,2,928,0,1593,0]
11-22 06:05:34.899 2375 2375 I sysui_multi_action: [757,0,758,1,759,0,927,3,928,0,1593,0]
11-22 06:05:34.911 2375 2375 I sysui_multi_action: [757,111,758,2]
11-22 06:05:34.912 2375 2375 I sysui_multi_action: [757,111,758,2]
11-22 06:05:34.914 1489 1489 I notification_enqueue: [10082,2375,com.android.systemui,2048,NULL,0,Notification(channel=updateNotification shortcut=null contentView=null vibrate=null sound=null defaults=0x0 flags=0x0 color=0x00000000 vis=PRIVATE),1]
11-22 06:05:34.915 2375 2375 I sysui_multi_action: [757,111,758,1]
11-22 06:05:34.915 2375 2375 I sysui_multi_action: [757,126,758,1,759,126,927,0,928,1,1593,0]
11-22 06:05:34.915 2375 2375 I sysui_multi_action: [757,113,758,1,759,113,927,1,928,1,1593,0]
11-22 06:05:34.915 2375 2375 I sysui_multi_action: [757,0,758,1,759,0,927,2,928,0,1593,0]
11-22 06:05:34.915 2375 2375 I sysui_multi_action: [757,0,758,1,759,0,927,3,928,0,1593,0]
11-22 06:05:34.915 2375 2375 I sysui_multi_action: [757,491,758,1,759,491,927,4,928,0,1311,-1,1593,0]
11-22 06:05:34.915 2375 2375 I sysui_multi_action: [757,0,758,1,759,0,927,5,928,0,1593,0]
11-22 06:05:34.915 2375 2375 I sysui_multi_action: [757,114,758,1,759,114,927,6,928,0,1593,0]
11-22 06:05:34.915 2375 2375 I sysui_multi_action: [757,111,758,1]
11-22 06:05:34.915 2375 2375 I sysui_multi_action: [757,126,758,1,759,126,927,0,928,1,1593,0]
11-22 06:05:34.915 2375 2375 I sysui_multi_action: [757,113,758,1,759,113,927,1,928,1,1593,0]
11-22 06:05:34.915 2375 2375 I sysui_multi_action: [757,0,758,1,759,0,927,2,928,0,1593,0]
11-22 06:05:34.915 2375 2375 I sysui_multi_action: [757,0,758,1,759,0,927,3,928,0,1593,0]
11-22 06:05:34.931 2375 2375 I sysui_multi_action: [757,111,758,2]
11-22 06:05:34.931 2375 2375 I sysui_multi_action: [757,111,758,2]
11-22 06:05:34.931 1489 1489 I notification_enqueue: [10082,2375,com.android.systemui,2048,NULL,0,Notification(channel=updateNotification shortcut=null contentView=null vibrate=null sound=null defaults=0x0 flags=0x0 color=0x00000000 vis=PRIVATE),1]
11-22 06:05:34.949 2375 2375 I sysui_multi_action: [757,111,758,1]
11-22 06:05:34.949 2375 2375 I sysui_multi_action: [757,126,758,1,759,126,927,0,928,1,1593,0]
11-22 06:05:34.949 2375 2375 I sysui_multi_action: [757,113,758,1,759,113,927,1,928,1,1593,0]
11-22 06:05:34.949 2375 2375 I sysui_multi_action: [757,0,758,1,759,0,927,2,928,0,1593,0]
11-22 06:05:34.949 2375 2375 I sysui_multi_action: [757,0,758,1,759,0,927,3,928,0,1593,0]
11-22 06:05:34.950 2375 2375 I sysui_multi_action: [757,491,758,1,759,491,927,4,928,0,1311,-1,1593,0]
11-22 06:05:34.950 2375 2375 I sysui_multi_action: [757,0,758,1,759,0,927,5,928,0,1593,0]
11-22 06:05:34.950 2375 2375 I sysui_multi_action: [757,114,758,1,759,114,927,6,928,0,1593,0]
11-22 06:05:34.950 2375 2375 I sysui_multi_action: [757,111,758,1]
11-22 06:05:34.950 2375 2375 I sysui_multi_action: [757,126,758,1,759,126,927,0,928,1,1593,0]
11-22 06:05:34.950 2375 2375 I sysui_multi_action: [757,113,758,1,759,113,927,1,928,1,1593,0]
11-22 06:05:34.950 2375 2375 I sysui_multi_action: [757,0,758,1,759,0,927,2,928,0,1593,0]
11-22 06:05:34.950 2375 2375 I sysui_multi_action: [757,0,758,1,759,0,927,3,928,0,1593,0]
11-22 06:05:34.961 2375 2375 I sysui_multi_action: [757,111,758,2]
11-22 06:05:34.961 2375 2375 I sysui_multi_action: [757,111,758,2]
11-22 06:05:34.962 1489 1489 I notification_enqueue: [10082,2375,com.android.systemui,2048,NULL,0,Notification(channel=updateNotification shortcut=null contentView=null vibrate=null sound=null defaults=0x0 flags=0x0 color=0x00000000 vis=PRIVATE),1]
11-22 06:05:34.963 1489 1597 I sysui_multi_action: [757,128,758,2,793,11244514,794,490,795,11244514,796,26,798,0,806,android,857,DEVELOPER_IMPORTANT,858,4,947,0,1395,3,1500,11244311,1688,1]
11-22 06:05:34.963 1489 1597 I notification_visibility: [-1|android|26|null|1000,0,11244514,11244514,0,0]
11-22 06:05:34.963 1489 1597 I sysui_multi_action: [757,128,758,2,793,4045617,794,490,795,4045617,796,4273,798,1,806,com.android.systemui,857,screen_record,858,3,947,0,1395,3,1500,4045415,1688,1,1745,680407814]
11-22 06:05:34.963 1489 1597 I notification_visibility: [0|com.android.systemui|4273|null|10082,0,4045617,4045617,0,1]
11-22 06:05:34.963 1489 1597 I sysui_multi_action: [757,128,758,2,793,11296444,794,490,795,11296444,796,32,798,2,806,android,857,USB,858,1,947,0,1395,3,1500,11296224,1688,1]
11-22 06:05:34.963 1489 1597 I notification_visibility: [-1|android|32|null|1000,0,11296444,11296444,0,2]
11-22 06:05:34.963 1489 2851 I sysui_multi_action: [757,127,758,2]
11-22 06:05:34.965 1489 2851 I notification_panel_hidden:
11-22 06:05:34.969 2375 2375 I sysui_multi_action: [757,111,758,1]
11-22 06:05:34.969 2375 2375 I sysui_multi_action: [757,126,758,1,759,126,927,0,928,1,1593,0]
11-22 06:05:34.969 2375 2375 I sysui_multi_action: [757,113,758,1,759,113,927,1,928,1,1593,0]
11-22 06:05:34.970 2375 2375 I sysui_multi_action: [757,0,758,1,759,0,927,2,928,0,1593,0]
11-22 06:05:34.970 2375 2375 I sysui_multi_action: [757,0,758,1,759,0,927,3,928,0,1593,0]
11-22 06:05:34.970 2375 2375 I sysui_multi_action: [757,491,758,1,759,491,927,4,928,0,1311,-1,1593,0]
11-22 06:05:34.970 2375 2375 I sysui_multi_action: [757,0,758,1,759,0,927,5,928,0,1593,0]
11-22 06:05:34.970 2375 2375 I sysui_multi_action: [757,114,758,1,759,114,927,6,928,0,1593,0]
11-22 06:05:34.970 2375 2375 I sysui_multi_action: [757,111,758,1]
11-22 06:05:34.970 2375 2375 I sysui_multi_action: [757,126,758,1,759,126,927,0,928,1,1593,0]
11-22 06:05:34.970 2375 2375 I sysui_multi_action: [757,113,758,1,759,113,927,1,928,1,1593,0]
11-22 06:05:34.970 2375 2375 I sysui_multi_action: [757,0,758,1,759,0,927,2,928,0,1593,0]
11-22 06:05:34.970 2375 2375 I sysui_multi_action: [757,0,758,1,759,0,927,3,928,0,1593,0]
11-22 06:05:35.175 1489 1597 I wm_task_moved: [1,1,6]
11-22 06:05:35.175 1489 1597 I wm_task_moved: [10,1,2147483647]
11-22 06:05:35.175 1489 1597 I wm_task_to_front: [0,10]
11-22 06:05:35.175 1489 1597 I wm_focused_root_task: [0,0,1,127,RecentsAnimation.onAnimationFinished()]
11-22 06:05:35.176 11450 11450 I wm_on_top_resumed_lost_called: [160619896,com.android.gallery3d.app.GalleryActivity,topStateChangedWhenResumed]
11-22 06:05:35.176 1489 1597 I wm_set_resumed_activity: [0,com.android.launcher3/.uioverrides.QuickstepLauncher,RecentsAnimation.onAnimationFinished()]
11-22 06:05:35.179 1489 1597 I wm_pause_activity: [0,160619896,com.android.gallery3d/.app.GalleryActivity,userLeaving=true,pauseBackTasks]
11-22 06:05:35.180 1489 1597 I wm_add_to_stopping: [0,160619896,com.android.gallery3d/.app.GalleryActivity,makeInvisible]
11-22 06:05:35.181 1489 1597 I wm_set_resumed_activity: [0,com.android.launcher3/.uioverrides.QuickstepLauncher,resumeTopActivityInnerLocked]
11-22 06:05:35.182 1489 1597 I wm_resume_activity: [0,168390208,10,com.android.launcher3/.uioverrides.QuickstepLauncher]
11-22 06:05:35.182 2840 2840 I wm_on_resume_called: [168390208,com.android.launcher3.uioverrides.QuickstepLauncher,RESUME_ACTIVITY]
11-22 06:05:35.190 1489 1636 I input_focus: [Focus request 3cc67bf com.android.launcher3/com.android.launcher3.uioverrides.QuickstepLauncher,reason=UpdateInputWindows]
11-22 06:05:35.193 11450 11450 I wm_on_paused_called: [160619896,com.android.gallery3d.app.GalleryActivity,performPause]
11-22 06:05:35.194 2840 2840 I wm_on_top_resumed_gained_called: [168390208,com.android.launcher3.uioverrides.QuickstepLauncher,topStateChangedWhenResumed]
11-22 06:05:35.195 1489 2012 I input_focus: [Focus entering 3cc67bf com.android.launcher3/com.android.launcher3.uioverrides.QuickstepLauncher (server),reason=setFocusedWindow]
11-22 06:05:35.198 1489 1597 I wm_stop_activity: [0,160619896,com.android.gallery3d/.app.GalleryActivity]
11-22 06:05:35.199 1489 1634 I sysui_multi_action: [757,803,799,window_time_0,802,29]
11-22 06:05:35.208 1489 1634 I sysui_multi_action: [757,803,799,window_time_0,802,0]
11-22 06:05:35.222 1489 1648 I am_pss : [12899,10083,com.qualcomm.qti.qccauthmgr,6379520,4284416,0,95518720,0,19,5]
11-22 06:05:35.227 11450 11450 I wm_on_stop_called: [160619896,com.android.gallery3d.app.GalleryActivity,STOP_ACTIVITY_ITEM]
11-22 06:05:36.617 1489 2012 I input_interaction: Interaction with: 3cc67bf com.android.launcher3/com.android.launcher3.uioverrides.QuickstepLauncher (server), 6449bab com.android.systemui.ImageWallpaper (server), edge-swipe (server), swipe-up (server), PointerEventDispatcher0 (server),
11-22 06:05:37.882 1489 1596 I wm_task_created: [128,-1]
11-22 06:05:37.891 1489 1596 I wm_task_moved: [128,1,7]
11-22 06:05:37.891 1489 1596 I wm_task_to_front: [0,128]
11-22 06:05:37.892 1489 1596 I wm_create_task: [0,128]
11-22 06:05:37.892 1489 1596 I wm_create_activity: [0,163498626,128,com.hht.lebocast/.GuidanceActivity,NULL,NULL,NULL,268468224]
11-22 06:05:37.892 1489 1596 I wm_task_moved: [128,1,7]
11-22 06:05:37.895 1489 1596 I wm_restart_activity: [0,163498626,128,com.hht.lebocast/.GuidanceActivity]
11-22 06:05:37.897 1489 1596 I wm_set_resumed_activity: [0,com.hht.lebocast/.GuidanceActivity,minimalResumeActivityLocked]
11-22 06:05:37.909 2840 2840 I wm_on_top_resumed_lost_called: [168390208,com.android.launcher3.uioverrides.QuickstepLauncher,topStateChangedWhenResumed]
11-22 06:05:37.932 3275 3275 I wm_on_create_called: [163498626,com.hht.lebocast.GuidanceActivity,performCreate]
11-22 06:05:37.933 3275 3275 I wm_on_start_called: [163498626,com.hht.lebocast.GuidanceActivity,handleStartActivity]
11-22 06:05:37.936 3275 3275 I wm_on_resume_called: [163498626,com.hht.lebocast.GuidanceActivity,RESUME_ACTIVITY]
11-22 06:05:37.940 3275 3275 I wm_on_top_resumed_gained_called: [163498626,com.hht.lebocast.GuidanceActivity,topStateChangedWhenResumed]
11-22 06:05:37.959 1489 1636 I input_focus: [Focus request 15727da com.hht.lebocast/com.hht.lebocast.GuidanceActivity,reason=UpdateInputWindows]
11-22 06:05:37.970 1489 1489 I notification_enqueue: [10082,2375,com.android.systemui,2048,NULL,0,Notification(channel=updateNotification shortcut=null contentView=null vibrate=null sound=null defaults=0x0 flags=0x0 color=0x00000000 vis=PRIVATE),1]
11-22 06:05:37.970 2375 2375 I sysui_multi_action: [757,111,758,2]
11-22 06:05:37.971 2375 2375 I sysui_multi_action: [757,111,758,2]
11-22 06:05:37.986 1489 2012 I input_focus: [Focus leaving 3cc67bf com.android.launcher3/com.android.launcher3.uioverrides.QuickstepLauncher (server),reason=Waiting for window because NOT_VISIBLE]
11-22 06:05:37.994 1489 1631 I sysui_multi_action: [319,120,322,119,325,11326,757,761,758,8,759,2,806,com.hht.lebocast,871,com.hht.lebocast.GuidanceActivity,904,com.android.launcher3,905,0,1320,4,1321,2]
11-22 06:05:37.995 1489 1631 I wm_activity_launch_time: [0,163498626,com.hht.lebocast/.GuidanceActivity,119]
11-22 06:05:38.001 2375 2375 I sysui_multi_action: [757,111,758,1]
11-22 06:05:38.001 2375 2375 I sysui_multi_action: [757,126,758,1,759,126,927,0,928,1,1593,0]
11-22 06:05:38.001 2375 2375 I sysui_multi_action: [757,113,758,1,759,113,927,1,928,1,1593,0]
11-22 06:05:38.001 2375 2375 I sysui_multi_action: [757,0,758,1,759,0,927,2,928,0,1593,0]
11-22 06:05:38.001 2375 2375 I sysui_multi_action: [757,0,758,1,759,0,927,3,928,0,1593,0]
11-22 06:05:38.002 1489 2012 I input_focus: [Focus entering 15727da com.hht.lebocast/com.hht.lebocast.GuidanceActivity (server),reason=Window became focusable. Previous reason: NOT_VISIBLE]
11-22 06:05:38.002 2375 2375 I sysui_multi_action: [757,491,758,1,759,491,927,4,928,0,1311,-1,1593,0]
11-22 06:05:38.002 2375 2375 I sysui_multi_action: [757,0,758,1,759,0,927,5,928,0,1593,0]
11-22 06:05:38.002 2375 2375 I sysui_multi_action: [757,114,758,1,759,114,927,6,928,0,1593,0]
11-22 06:05:38.002 2375 2375 I sysui_multi_action: [757,111,758,1]
11-22 06:05:38.002 2375 2375 I sysui_multi_action: [757,126,758,1,759,126,927,0,928,1,1593,0]
11-22 06:05:38.002 2375 2375 I sysui_multi_action: [757,113,758,1,759,113,927,1,928,1,1593,0]
11-22 06:05:38.002 2375 2375 I sysui_multi_action: [757,0,758,1,759,0,927,2,928,0,1593,0]
11-22 06:05:38.002 2375 2375 I sysui_multi_action: [757,0,758,1,759,0,927,3,928,0,1593,0]
11-22 06:05:39.087 1489 2012 I input_interaction: Interaction with: 15727da com.hht.lebocast/com.hht.lebocast.GuidanceActivity (server), edge-swipe (server), swipe-up (server), PointerEventDispatcher0 (server),
11-22 06:05:41.614 1489 1596 I wm_relaunch_resume_activity: [0,163498626,128,com.hht.lebocast/.GuidanceActivity]
11-22 06:05:41.703 3275 3275 I wm_on_top_resumed_lost_called: [163498626,com.hht.lebocast.GuidanceActivity,pausing]
11-22 06:05:41.704 3275 3275 I wm_on_paused_called: [163498626,com.hht.lebocast.GuidanceActivity,performPause]
11-22 06:05:41.704 3275 3275 I wm_on_stop_called: [163498626,com.hht.lebocast.GuidanceActivity,handleRelaunchActivity]
11-22 06:05:41.704 3275 3275 I wm_on_destroy_called: [163498626,com.hht.lebocast.GuidanceActivity,performDestroy]
11-22 06:05:41.716 3275 3275 I wm_on_create_called: [163498626,com.hht.lebocast.GuidanceActivity,performCreate]
11-22 06:05:41.717 3275 3275 I wm_on_start_called: [163498626,com.hht.lebocast.GuidanceActivity,handleStartActivity]
11-22 06:05:41.720 3275 3275 I wm_on_resume_called: [163498626,com.hht.lebocast.GuidanceActivity,RESUME_ACTIVITY]
11-22 06:05:41.720 3275 3275 I wm_on_top_resumed_gained_called: [163498626,com.hht.lebocast.GuidanceActivity,topWhenResuming]
11-22 06:05:42.519 1489 2799 I wm_relaunch_resume_activity: [0,163498626,128,com.hht.lebocast/.GuidanceActivity]
11-22 06:05:42.566 3275 3275 I wm_on_top_resumed_lost_called: [163498626,com.hht.lebocast.GuidanceActivity,pausing]
11-22 06:05:42.566 3275 3275 I wm_on_paused_called: [163498626,com.hht.lebocast.GuidanceActivity,performPause]
11-22 06:05:42.566 3275 3275 I wm_on_stop_called: [163498626,com.hht.lebocast.GuidanceActivity,handleRelaunchActivity]
11-22 06:05:42.567 3275 3275 I wm_on_destroy_called: [163498626,com.hht.lebocast.GuidanceActivity,performDestroy]
11-22 06:05:42.573 3275 3275 I wm_on_create_called: [163498626,com.hht.lebocast.GuidanceActivity,performCreate]
11-22 06:05:42.574 3275 3275 I wm_on_start_called: [163498626,com.hht.lebocast.GuidanceActivity,handleStartActivity]
11-22 06:05:42.575 3275 3275 I wm_on_resume_called: [163498626,com.hht.lebocast.GuidanceActivity,RESUME_ACTIVITY]
11-22 06:05:42.575 3275 3275 I wm_on_top_resumed_gained_called: [163498626,com.hht.lebocast.GuidanceActivity,topWhenResuming]
11-22 06:05:46.289 1489 2808 I wm_finish_activity: [0,163498626,128,com.hht.lebocast/.GuidanceActivity,finish-activity]
11-22 06:05:46.290 1489 2808 I wm_task_moved: [1,1,7]
11-22 06:05:46.293 1489 2808 I wm_set_resumed_activity: [0,com.android.launcher3/.uioverrides.QuickstepLauncher,positionChildAt]
11-22 06:05:46.293 1489 2808 I wm_task_moved: [10,1,2147483647]
11-22 06:05:46.293 1489 2808 I wm_task_to_front: [0,10]
11-22 06:05:46.293 1489 2808 I wm_focused_root_task: [0,0,1,-1,finish-top adjustFocusToNextFocusableTask]
11-22 06:05:46.293 1489 2808 I wm_set_resumed_activity: [0,com.android.launcher3/.uioverrides.QuickstepLauncher,finish-top]
11-22 06:05:46.307 1489 2808 I wm_pause_activity: [0,163498626,com.hht.lebocast/.GuidanceActivity,userLeaving=false,finish]
11-22 06:05:46.314 3275 3275 I wm_on_top_resumed_lost_called: [163498626,com.hht.lebocast.GuidanceActivity,topStateChangedWhenResumed]
11-22 06:05:46.317 1489 1636 I input_focus: [Focus request 3cc67bf com.android.launcher3/com.android.launcher3.uioverrides.QuickstepLauncher,reason=UpdateInputWindows]
11-22 06:05:46.318 3275 3275 I wm_on_paused_called: [163498626,com.hht.lebocast.GuidanceActivity,performPause]
11-22 06:05:46.319 2840 2840 I wm_on_top_resumed_gained_called: [168390208,com.android.launcher3.uioverrides.QuickstepLauncher,topStateChangedWhenResumed]
11-22 06:05:46.322 1489 2799 I wm_destroy_activity: [0,163498626,128,com.hht.lebocast/.GuidanceActivity,finish-imm:completePausedLocked]
11-22 06:05:46.353 1489 1634 I sysui_multi_action: [757,803,799,window_time_0,802,11]
11-22 06:05:46.355 1489 1634 I sysui_multi_action: [757,803,799,window_time_0,802,0]
11-22 06:05:46.355 1489 2012 I input_focus: [Focus leaving 15727da com.hht.lebocast/com.hht.lebocast.GuidanceActivity (server),reason=NO_WINDOW]
11-22 06:05:46.356 1489 2012 I input_focus: [Focus entering 3cc67bf com.android.launcher3/com.android.launcher3.uioverrides.QuickstepLauncher (server),reason=setFocusedWindow]
11-22 06:05:46.373 3275 3275 I wm_on_stop_called: [163498626,com.hht.lebocast.GuidanceActivity,LIFECYCLER_STOP_ACTIVITY]
11-22 06:05:46.373 3275 3275 I wm_on_destroy_called: [163498626,com.hht.lebocast.GuidanceActivity,performDestroy]
11-22 06:05:46.637 1489 1636 I wm_task_removed: [128,removeChild:removeChild last r=ActivityRecord{9beca82 u0 com.hht.lebocast/.GuidanceActivity t-1 f}} in t=Task{c94e1cd #128 type=standard A=10087:com.hht.lebocast U=0 visible=false mode=freeform translucent=true sz=0}]
11-22 06:05:46.637 1489 1636 I wm_task_removed: [128,removeChild]
11-22 06:05:47.291 1489 1650 I am_uid_idle: 10083
11-22 06:05:47.691 1489 2012 I input_interaction: Interaction with: 3cc67bf com.android.launcher3/com.android.launcher3.uioverrides.QuickstepLauncher (server), 6449bab com.android.systemui.ImageWallpaper (server), edge-swipe (server), swipe-up (server), PointerEventDispatcher0 (server),
11-22 06:05:47.803 1489 2799 I wm_task_created: [129,-1]
11-22 06:05:47.808 1489 2799 I wm_task_moved: [129,1,7]
11-22 06:05:47.808 1489 2799 I wm_task_to_front: [0,129]
11-22 06:05:47.809 1489 2799 I wm_create_task: [0,129]
11-22 06:05:47.809 1489 2799 I wm_create_activity: [0,56794148,129,com.android.settings/.Settings,android.intent.action.MAIN,NULL,NULL,270532608]
11-22 06:05:47.809 1489 2799 I wm_task_moved: [129,1,7]
11-22 06:05:47.811 1489 2799 I wm_pause_activity: [0,168390208,com.android.launcher3/.uioverrides.QuickstepLauncher,userLeaving=true,pauseBackTasks]
11-22 06:05:47.818 2840 2840 I wm_on_top_resumed_lost_called: [168390208,com.android.launcher3.uioverrides.QuickstepLauncher,topStateChangedWhenResumed]
11-22 06:05:47.819 2840 2840 I wm_on_paused_called: [168390208,com.android.launcher3.uioverrides.QuickstepLauncher,performPause]
11-22 06:05:47.823 1489 1596 I wm_add_to_stopping: [0,168390208,com.android.launcher3/.uioverrides.QuickstepLauncher,makeInvisible]
11-22 06:05:47.825 1489 1596 I wm_restart_activity: [0,56794148,129,com.android.settings/.Settings]
11-22 06:05:47.826 1489 1596 I wm_set_resumed_activity: [0,com.android.settings/.Settings,minimalResumeActivityLocked]
11-22 06:05:47.840 1489 1634 I sysui_multi_action: [757,803,799,window_time_0,802,2]
11-22 06:05:47.858 1489 2012 I input_focus: [Focus leaving 3cc67bf com.android.launcher3/com.android.launcher3.uioverrides.QuickstepLauncher (server),reason=NO_WINDOW]
11-22 06:05:47.881 1489 1597 I am_uid_active: 10083
11-22 06:05:47.884 13022 13022 I wm_on_create_called: [56794148,com.android.settings.Settings,performCreate]
11-22 06:05:47.912 13022 13022 I wm_on_start_called: [56794148,com.android.settings.Settings,handleStartActivity]
11-22 06:05:47.912 13022 13022 I snet_event_log: [120484087,-1,]
11-22 06:05:47.913 13022 13022 I wm_on_resume_called: [56794148,com.android.settings.Settings,RESUME_ACTIVITY]
11-22 06:05:47.914 13022 13022 I sysui_multi_action: [757,35,758,1,833,0,1089,28]
11-22 06:05:47.919 13022 13022 I sysui_multi_action: [757,1729,758,4,854,isParalleledControllers:false,1089,33]
11-22 06:05:47.930 13022 13022 I wm_on_top_resumed_gained_called: [56794148,com.android.settings.Settings,topStateChangedWhenResumed]
11-22 06:05:47.961 1489 1636 I input_focus: [Focus request 786fc84 com.android.settings/com.android.settings.Settings,reason=UpdateInputWindows]
11-22 06:05:47.994 1489 1636 I sysui_multi_action: [324,1,757,1090,758,12,806,com.android.settings,871,com.android.settings.Settings,1091,196]
11-22 06:05:48.000 1489 1631 I sysui_multi_action: [319,76,321,72,322,196,325,11336,757,761,758,8,759,1,806,com.android.settings,871,com.android.settings.Settings,904,com.android.launcher3,905,0,1320,8,1321,5]
11-22 06:05:48.002 1489 1631 I wm_activity_launch_time: [0,56794148,com.android.settings/.Settings,196]
11-22 06:05:48.009 1489 2012 I input_focus: [Focus entering 786fc84 com.android.settings/com.android.settings.Settings (server),reason=Window became focusable. Previous reason: NOT_VISIBLE]
11-22 06:05:48.045 13022 13022 W CarrierConfigManager: Error getting config for subId -1 ICarrierConfigLoader is null
11-22 06:05:48.087 13022 13022 I sysui_multi_action: [757,746,758,1,833,0,1089,60]
11-22 06:05:48.088 1489 2808 D TelephonyRegistry: listen oscl: mHasNotifySubscriptionInfoChangedOccurred==false no callback
11-22 06:05:48.094 1489 7615 D TelephonyRegistry: listen oscl: mHasNotifySubscriptionInfoChangedOccurred==false no callback
11-22 06:05:48.102 13022 13022 I sysui_multi_action: [757,1729,758,4,854,isParalleledControllers:false,1089,75]
11-22 06:05:48.415 1489 1634 I wm_stop_activity: [0,168390208,com.android.launcher3/.uioverrides.QuickstepLauncher]
11-22 06:05:48.448 2840 2840 I wm_on_stop_called: [168390208,com.android.launcher3.uioverrides.QuickstepLauncher,STOP_ACTIVITY_ITEM]
11-22 06:05:48.941 1489 2012 I input_interaction: Interaction with: 786fc84 com.android.settings/com.android.settings.Settings (server), PointerEventDispatcher0 (server),
11-22 06:05:49.860 1489 2012 I input_interaction: Interaction with: 786fc84 com.android.settings/com.android.settings.Settings (server), edge-swipe (server), swipe-up (server), PointerEventDispatcher0 (server),
11-22 06:05:49.996 13022 13022 I sysui_multi_action: [757,830,758,4,833,0,854,top_level_game,1089,0]
11-22 06:05:50.107 13022 13022 I sysui_multi_action: [757,746,758,2,1089,2020]
11-22 06:05:50.143 13022 13022 I sysui_multi_action: [757,3000,758,1,833,0,1089,18]
11-22 06:05:50.143 13022 13022 I sysui_multi_action: [757,1729,758,4,854,isParalleledControllers:false,1089,18]
11-22 06:05:51.222 13022 13022 I sysui_multi_action: [757,830,758,4,833,0,854,top_level_system,1089,0]
11-22 06:05:51.325 13022 13022 I sysui_multi_action: [757,3000,758,2,1089,1181]
11-22 06:05:51.368 13022 13022 I sysui_multi_action: [757,744,758,1,833,0,1089,35]
11-22 06:05:51.374 13022 13022 I sysui_multi_action: [757,1729,758,4,854,isParalleledControllers:false,1089,42]
11-22 06:05:51.904 1489 2012 I input_interaction: Interaction with: 786fc84 com.android.settings/com.android.settings.Settings (server), PointerEventDispatcher0 (server),
11-22 06:05:52.739 1489 2012 I input_interaction: Interaction with: 786fc84 com.android.settings/com.android.settings.Settings (server), edge-swipe (server), swipe-up (server), PointerEventDispatcher0 (server),
11-22 06:05:52.829 13022 13022 I sysui_multi_action: [757,830,758,4,833,0,854,reset_dashboard,1089,0]
11-22 06:05:52.841 13022 13022 I sysui_multi_action: [757,744,758,2,1089,1473]
11-22 06:05:52.865 13022 13022 I sysui_multi_action: [757,924,758,1,833,0,1089,21]
11-22 06:05:52.866 13022 13022 I sysui_multi_action: [757,1729,758,4,854,isParalleledControllers:false,1089,23]
11-22 06:05:59.596 1489 1650 I am_uid_idle: 10094
11-22 06:06:08.749 1489 1666 I sysui_multi_action: [757,1696,758,6,759,2]
11-22 06:06:08.752 1489 1650 I am_wtf : [0,1489,system_server,-1,DisplayDeviceConfig,requesting nits when no mapping exists.]
11-22 06:06:08.756 1489 1650 I am_wtf : [0,1489,system_server,-1,DisplayDeviceConfig,requesting nits when no mapping exists.]
11-22 06:06:08.769 1489 1650 I am_wtf : [0,1489,system_server,-1,DisplayDeviceConfig,requesting nits when no mapping exists.]
11-22 06:06:08.771 1489 1650 I am_wtf : [0,1489,system_server,-1,DisplayDeviceConfig,requesting nits when no mapping exists.]
11-22 06:06:08.785 1489 1650 I am_wtf : [0,1489,system_server,-1,DisplayDeviceConfig,requesting nits when no mapping exists.]
11-22 06:06:08.787 1489 1650 I am_wtf : [0,1489,system_server,-1,DisplayDeviceConfig,requesting nits when no mapping exists.]
11-22 06:06:08.790 1489 1650 I am_wtf : [0,1489,system_server,-1,DisplayDeviceConfig,requesting nits when no mapping exists.]
11-22 06:06:08.791 1489 1650 I am_wtf : [0,1489,system_server,-1,DisplayDeviceConfig,requesting nits when no mapping exists.]
11-22 06:06:08.805 1489 1650 I am_wtf : [0,1489,system_server,-1,DisplayDeviceConfig,requesting nits when no mapping exists.]
11-22 06:06:08.806 1489 1650 I am_wtf : [0,1489,system_server,-1,DisplayDeviceConfig,requesting nits when no mapping exists.]
11-22 06:06:08.822 1489 1650 I am_wtf : [0,1489,system_server,-1,DisplayDeviceConfig,requesting nits when no mapping exists.]
11-22 06:06:08.823 1489 1650 I am_wtf : [0,1489,system_server,-1,DisplayDeviceConfig,requesting nits when no mapping exists.]
11-22 06:06:08.839 1489 1650 I am_wtf : [0,1489,system_server,-1,DisplayDeviceConfig,requesting nits when no mapping exists.]
11-22 06:06:08.840 1489 1650 I am_wtf : [0,1489,system_server,-1,DisplayDeviceConfig,requesting nits when no mapping exists.]
11-22 06:06:08.856 1489 1650 I am_wtf : [0,1489,system_server,-1,DisplayDeviceConfig,requesting nits when no mapping exists.]
11-22 06:06:08.857 1489 1650 I am_wtf : [0,1489,system_server,-1,DisplayDeviceConfig,requesting nits when no mapping exists.]
11-22 06:06:08.872 1489 1650 I am_wtf : [0,1489,system_server,-1,DisplayDeviceConfig,requesting nits when no mapping exists.]
11-22 06:06:08.873 1489 1650 I am_wtf : [0,1489,system_server,-1,DisplayDeviceConfig,requesting nits when no mapping exists.]
11-22 06:06:08.889 1489 1650 I am_wtf : [0,1489,system_server,-1,DisplayDeviceConfig,requesting nits when no mapping exists.]
11-22 06:06:08.890 1489 1650 I am_wtf : [0,1489,system_server,-1,DisplayDeviceConfig,requesting nits when no mapping exists.]
11-22 06:06:08.906 1489 1650 I am_wtf : [0,1489,system_server,-1,DisplayDeviceConfig,requesting nits when no mapping exists.]
11-22 06:06:08.907 1489 1650 I am_wtf : [0,1489,system_server,-1,DisplayDeviceConfig,requesting nits when no mapping exists.]
11-22 06:06:08.923 1489 1650 I am_wtf : [0,1489,system_server,-1,DisplayDeviceConfig,requesting nits when no mapping exists.]
11-22 06:06:08.923 1489 1650 I am_wtf : [0,1489,system_server,-1,DisplayDeviceConfig,requesting nits when no mapping exists.]
11-22 06:06:08.939 1489 1650 I am_wtf : [0,1489,system_server,-1,DisplayDeviceConfig,requesting nits when no mapping exists.]
11-22 06:06:08.940 1489 1650 I am_wtf : [0,1489,system_server,-1,DisplayDeviceConfig,requesting nits when no mapping exists.]
11-22 06:06:08.956 1489 1650 I am_wtf : [0,1489,system_server,-1,DisplayDeviceConfig,requesting nits when no mapping exists.]
11-22 06:06:08.956 1489 1650 I am_wtf : [0,1489,system_server,-1,DisplayDeviceConfig,requesting nits when no mapping exists.]
11-22 06:06:08.972 1489 1650 I am_wtf : [0,1489,system_server,-1,DisplayDeviceConfig,requesting nits when no mapping exists.]
11-22 06:06:08.974 1489 1650 I am_wtf : [0,1489,system_server,-1,DisplayDeviceConfig,requesting nits when no mapping exists.]
11-22 06:06:08.989 1489 1650 I am_wtf : [0,1489,system_server,-1,DisplayDeviceConfig,requesting nits when no mapping exists.]
11-22 06:06:08.990 1489 1650 I am_wtf : [0,1489,system_server,-1,DisplayDeviceConfig,requesting nits when no mapping exists.]
11-22 06:06:09.006 1489 1650 I am_wtf : [0,1489,system_server,-1,DisplayDeviceConfig,requesting nits when no mapping exists.]
11-22 06:06:09.007 1489 1650 I am_wtf : [0,1489,system_server,-1,DisplayDeviceConfig,requesting nits when no mapping exists.]
11-22 06:06:09.023 1489 1650 I am_wtf : [0,1489,system_server,-1,DisplayDeviceConfig,requesting nits when no mapping exists.]
11-22 06:06:09.024 1489 1650 I am_wtf : [0,1489,system_server,-1,DisplayDeviceConfig,requesting nits when no mapping exists.]
11-22 06:06:09.040 1489 1650 I am_wtf : [0,1489,system_server,-1,DisplayDeviceConfig,requesting nits when no mapping exists.]
11-22 06:06:09.040 1489 1650 I am_wtf : [0,1489,system_server,-1,DisplayDeviceConfig,requesting nits when no mapping exists.]
11-22 06:06:09.056 1489 1650 I am_wtf : [0,1489,system_server,-1,DisplayDeviceConfig,requesting nits when no mapping exists.]
11-22 06:06:09.057 1489 1650 I am_wtf : [0,1489,system_server,-1,DisplayDeviceConfig,requesting nits when no mapping exists.]
11-22 06:06:09.073 1489 1650 I am_wtf : [0,1489,system_server,-1,DisplayDeviceConfig,requesting nits when no mapping exists.]
11-22 06:06:09.074 1489 1650 I am_wtf : [0,1489,system_server,-1,DisplayDeviceConfig,requesting nits when no mapping exists.]
11-22 06:06:09.090 1489 1650 I am_wtf : [0,1489,system_server,-1,DisplayDeviceConfig,requesting nits when no mapping exists.]
11-22 06:06:09.090 1489 1650 I am_wtf : [0,1489,system_server,-1,DisplayDeviceConfig,requesting nits when no mapping exists.]
11-22 06:06:09.106 1489 1650 I am_wtf : [0,1489,system_server,-1,DisplayDeviceConfig,requesting nits when no mapping exists.]
11-22 06:06:09.107 1489 1650 I am_wtf : [0,1489,system_server,-1,DisplayDeviceConfig,requesting nits when no mapping exists.]
11-22 06:06:09.123 1489 1650 I am_wtf : [0,1489,system_server,-1,DisplayDeviceConfig,requesting nits when no mapping exists.]
11-22 06:06:09.124 1489 1650 I am_wtf : [0,1489,system_server,-1,DisplayDeviceConfig,requesting nits when no mapping exists.]
11-22 06:06:09.140 1489 1650 I am_wtf : [0,1489,system_server,-1,DisplayDeviceConfig,requesting nits when no mapping exists.]
11-22 06:06:09.142 1489 1650 I am_wtf : [0,1489,system_server,-1,DisplayDeviceConfig,requesting nits when no mapping exists.]
11-22 06:06:09.157 1489 1650 I am_wtf : [0,1489,system_server,-1,DisplayDeviceConfig,requesting nits when no mapping exists.]
11-22 06:06:09.158 1489 1650 I am_wtf : [0,1489,system_server,-1,DisplayDeviceConfig,requesting nits when no mapping exists.]
11-22 06:06:09.173 1489 1650 I am_wtf : [0,1489,system_server,-1,DisplayDeviceConfig,requesting nits when no mapping exists.]
11-22 06:06:09.174 1489 1650 I am_wtf : [0,1489,system_server,-1,DisplayDeviceConfig,requesting nits when no mapping exists.]
11-22 06:06:09.190 1489 1650 I am_wtf : [0,1489,system_server,-1,DisplayDeviceConfig,requesting nits when no mapping exists.]
11-22 06:06:09.191 1489 1650 I am_wtf : [0,1489,system_server,-1,DisplayDeviceConfig,requesting nits when no mapping exists.]
11-22 06:06:09.192 1489 1650 I service_manager_stats: [100,67,38918]
11-22 06:06:09.206 1489 1650 I am_wtf : [0,1489,system_server,-1,DisplayDeviceConfig,requesting nits when no mapping exists.]
11-22 06:06:09.207 1489 1650 I am_wtf : [0,1489,system_server,-1,DisplayDeviceConfig,requesting nits when no mapping exists.]
11-22 06:06:09.223 1489 1650 I am_wtf : [0,1489,system_server,-1,DisplayDeviceConfig,requesting nits when no mapping exists.]
11-22 06:06:09.224 1489 1650 I am_wtf : [0,1489,system_server,-1,DisplayDeviceConfig,requesting nits when no mapping exists.]
11-22 06:06:09.240 1489 1650 I am_wtf : [0,1489,system_server,-1,DisplayDeviceConfig,requesting nits when no mapping exists.]
11-22 06:06:09.241 1489 1650 I am_wtf : [0,1489,system_server,-1,DisplayDeviceConfig,requesting nits when no mapping exists.]
