11-22 06:06:09.257 1489 1650 I am_wtf : [0,1489,system_server,-1,DisplayDeviceConfig,requesting nits when no mapping exists.]
11-22 06:06:09.258 1489 1650 I am_wtf : [0,1489,system_server,-1,DisplayDeviceConfig,requesting nits when no mapping exists.]
11-22 06:06:09.274 1489 1650 I am_wtf : [0,1489,system_server,-1,DisplayDeviceConfig,requesting nits when no mapping exists.]
11-22 06:06:09.274 1489 1650 I am_wtf : [0,1489,system_server,-1,DisplayDeviceConfig,requesting nits when no mapping exists.]
11-22 06:06:09.290 1489 1650 I am_wtf : [0,1489,system_server,-1,DisplayDeviceConfig,requesting nits when no mapping exists.]
11-22 06:06:09.291 1489 1650 I am_wtf : [0,1489,system_server,-1,DisplayDeviceConfig,requesting nits when no mapping exists.]
11-22 06:06:09.307 1489 1650 I am_wtf : [0,1489,system_server,-1,DisplayDeviceConfig,requesting nits when no mapping exists.]
11-22 06:06:09.307 1489 1650 I am_wtf : [0,1489,system_server,-1,DisplayDeviceConfig,requesting nits when no mapping exists.]
11-22 06:06:09.324 1489 1650 I am_wtf : [0,1489,system_server,-1,DisplayDeviceConfig,requesting nits when no mapping exists.]
11-22 06:06:09.324 1489 1650 I am_wtf : [0,1489,system_server,-1,DisplayDeviceConfig,requesting nits when no mapping exists.]
11-22 06:06:09.340 1489 1650 I am_wtf : [0,1489,system_server,-1,DisplayDeviceConfig,requesting nits when no mapping exists.]
11-22 06:06:09.341 1489 1650 I am_wtf : [0,1489,system_server,-1,DisplayDeviceConfig,requesting nits when no mapping exists.]
11-22 06:06:09.357 1489 1650 I am_wtf : [0,1489,system_server,-1,DisplayDeviceConfig,requesting nits when no mapping exists.]
11-22 06:06:09.358 1489 1650 I am_wtf : [0,1489,system_server,-1,DisplayDeviceConfig,requesting nits when no mapping exists.]
11-22 06:06:09.374 1489 1650 I am_wtf : [0,1489,system_server,-1,DisplayDeviceConfig,requesting nits when no mapping exists.]
11-22 06:06:09.375 1489 1650 I am_wtf : [0,1489,system_server,-1,DisplayDeviceConfig,requesting nits when no mapping exists.]
11-22 06:06:09.391 1489 1650 I am_wtf : [0,1489,system_server,-1,DisplayDeviceConfig,requesting nits when no mapping exists.]
11-22 06:06:09.392 1489 1650 I am_wtf : [0,1489,system_server,-1,DisplayDeviceConfig,requesting nits when no mapping exists.]
11-22 06:06:09.407 1489 1650 I am_wtf : [0,1489,system_server,-1,DisplayDeviceConfig,requesting nits when no mapping exists.]
11-22 06:06:09.409 1489 1650 I am_wtf : [0,1489,system_server,-1,DisplayDeviceConfig,requesting nits when no mapping exists.]
11-22 06:06:09.424 1489 1650 I am_wtf : [0,1489,system_server,-1,DisplayDeviceConfig,requesting nits when no mapping exists.]
11-22 06:06:09.425 1489 1650 I am_wtf : [0,1489,system_server,-1,DisplayDeviceConfig,requesting nits when no mapping exists.]
11-22 06:06:09.441 1489 1650 I am_wtf : [0,1489,system_server,-1,DisplayDeviceConfig,requesting nits when no mapping exists.]
11-22 06:06:09.442 1489 1650 I am_wtf : [0,1489,system_server,-1,DisplayDeviceConfig,requesting nits when no mapping exists.]
11-22 06:06:09.457 1489 1650 I am_wtf : [0,1489,system_server,-1,DisplayDeviceConfig,requesting nits when no mapping exists.]
11-22 06:06:09.458 1489 1650 I am_wtf : [0,1489,system_server,-1,DisplayDeviceConfig,requesting nits when no mapping exists.]
11-22 06:06:09.474 1489 1650 I am_wtf : [0,1489,system_server,-1,DisplayDeviceConfig,requesting nits when no mapping exists.]
11-22 06:06:09.475 1489 1650 I am_wtf : [0,1489,system_server,-1,DisplayDeviceConfig,requesting nits when no mapping exists.]
11-22 06:06:09.490 1489 1650 I am_wtf : [0,1489,system_server,-1,DisplayDeviceConfig,requesting nits when no mapping exists.]
11-22 06:06:09.491 1489 1650 I am_wtf : [0,1489,system_server,-1,DisplayDeviceConfig,requesting nits when no mapping exists.]
11-22 06:06:09.507 1489 1650 I am_wtf : [0,1489,system_server,-1,DisplayDeviceConfig,requesting nits when no mapping exists.]
11-22 06:06:09.508 1489 1650 I am_wtf : [0,1489,system_server,-1,DisplayDeviceConfig,requesting nits when no mapping exists.]
11-22 06:06:09.524 1489 1650 I am_wtf : [0,1489,system_server,-1,DisplayDeviceConfig,requesting nits when no mapping exists.]
11-22 06:06:09.524 1489 1650 I am_wtf : [0,1489,system_server,-1,DisplayDeviceConfig,requesting nits when no mapping exists.]
11-22 06:06:09.541 1489 1650 I am_wtf : [0,1489,system_server,-1,DisplayDeviceConfig,requesting nits when no mapping exists.]
11-22 06:06:09.542 1489 1650 I am_wtf : [0,1489,system_server,-1,DisplayDeviceConfig,requesting nits when no mapping exists.]
11-22 06:06:09.557 1489 1650 I am_wtf : [0,1489,system_server,-1,DisplayDeviceConfig,requesting nits when no mapping exists.]
11-22 06:06:09.558 1489 1650 I am_wtf : [0,1489,system_server,-1,DisplayDeviceConfig,requesting nits when no mapping exists.]
11-22 06:06:09.574 1489 1650 I am_wtf : [0,1489,system_server,-1,DisplayDeviceConfig,requesting nits when no mapping exists.]
11-22 06:06:09.575 1489 1650 I am_wtf : [0,1489,system_server,-1,DisplayDeviceConfig,requesting nits when no mapping exists.]
11-22 06:06:09.592 1489 1650 I am_wtf : [0,1489,system_server,-1,DisplayDeviceConfig,requesting nits when no mapping exists.]
11-22 06:06:09.593 1489 1650 I am_wtf : [0,1489,system_server,-1,DisplayDeviceConfig,requesting nits when no mapping exists.]
11-22 06:06:09.608 1489 1650 I am_wtf : [0,1489,system_server,-1,DisplayDeviceConfig,requesting nits when no mapping exists.]
11-22 06:06:09.609 1489 1650 I am_wtf : [0,1489,system_server,-1,DisplayDeviceConfig,requesting nits when no mapping exists.]
11-22 06:06:09.624 1489 1650 I am_wtf : [0,1489,system_server,-1,DisplayDeviceConfig,requesting nits when no mapping exists.]
11-22 06:06:09.626 1489 1650 I am_wtf : [0,1489,system_server,-1,DisplayDeviceConfig,requesting nits when no mapping exists.]
11-22 06:06:09.641 1489 1650 I am_wtf : [0,1489,system_server,-1,DisplayDeviceConfig,requesting nits when no mapping exists.]
11-22 06:06:09.642 1489 1650 I am_wtf : [0,1489,system_server,-1,DisplayDeviceConfig,requesting nits when no mapping exists.]
11-22 06:06:09.658 1489 1650 I am_wtf : [0,1489,system_server,-1,DisplayDeviceConfig,requesting nits when no mapping exists.]
11-22 06:06:09.659 1489 1650 I am_wtf : [0,1489,system_server,-1,DisplayDeviceConfig,requesting nits when no mapping exists.]
11-22 06:06:09.674 1489 1650 I am_wtf : [0,1489,system_server,-1,DisplayDeviceConfig,requesting nits when no mapping exists.]
11-22 06:06:09.676 1489 1650 I am_wtf : [0,1489,system_server,-1,DisplayDeviceConfig,requesting nits when no mapping exists.]
11-22 06:06:09.692 1489 1650 I am_wtf : [0,1489,system_server,-1,DisplayDeviceConfig,requesting nits when no mapping exists.]
11-22 06:06:09.694 1489 1650 I am_wtf : [0,1489,system_server,-1,DisplayDeviceConfig,requesting nits when no mapping exists.]
11-22 06:06:09.708 1489 1650 I am_wtf : [0,1489,system_server,-1,DisplayDeviceConfig,requesting nits when no mapping exists.]
11-22 06:06:09.710 1489 1650 I am_wtf : [0,1489,system_server,-1,DisplayDeviceConfig,requesting nits when no mapping exists.]
11-22 06:06:12.758 1489 1631 I sysui_multi_action: [757,222,758,1]
11-22 06:06:12.761 1489 1631 I am_uid_active: 10051
11-22 06:06:12.764 1489 1648 I am_pss : [13022,1000,com.android.settings,79437824,69885952,0,211668992,0,2,14]
11-22 06:06:12.778 1489 1597 I wm_task_created: [130,-1]
11-22 06:06:12.781 1489 1597 I wm_task_moved: [130,1,8]
11-22 06:06:12.781 1489 1597 I wm_task_to_front: [0,130]
11-22 06:06:12.782 1489 1597 I wm_create_task: [0,130]
11-22 06:06:12.782 1489 1597 I wm_create_activity: [0,97151663,130,com.thundercomm.screensaver/android.service.dreams.DreamActivity,NULL,NULL,NULL,276824064]
11-22 06:06:12.782 1489 1597 I wm_task_moved: [130,1,8]
11-22 06:06:12.782 13022 13022 I wm_on_top_resumed_lost_called: [56794148,com.android.settings.Settings,topStateChangedWhenResumed]
11-22 06:06:12.783 1489 1597 I wm_pause_activity: [0,56794148,com.android.settings/.Settings,userLeaving=true,pauseBackTasks]
11-22 06:06:12.789 13022 13022 I sysui_multi_action: [757,35,758,2,1089,24875]
11-22 06:06:12.791 13022 13022 I sysui_multi_action: [757,924,758,2,1089,19926]
11-22 06:06:12.791 13022 13022 I wm_on_paused_called: [56794148,com.android.settings.Settings,performPause]
11-22 06:06:12.794 1489 2808 I wm_add_to_stopping: [0,56794148,com.android.settings/.Settings,makeInvisible]
11-22 06:06:12.795 1489 2808 I wm_restart_activity: [0,97151663,130,com.thundercomm.screensaver/android.service.dreams.DreamActivity]
11-22 06:06:12.797 1489 2808 I wm_set_resumed_activity: [0,com.thundercomm.screensaver/android.service.dreams.DreamActivity,minimalResumeActivityLocked]
11-22 06:06:12.804 1489 1634 I sysui_multi_action: [757,803,799,window_time_0,802,25]
11-22 06:06:12.815 10138 10138 I wm_on_create_called: [97151663,android.service.dreams.DreamActivity,performCreate]
11-22 06:06:12.816 10138 10138 I wm_on_start_called: [97151663,android.service.dreams.DreamActivity,handleStartActivity]
11-22 06:06:12.816 10138 10138 I wm_on_resume_called: [97151663,android.service.dreams.DreamActivity,RESUME_ACTIVITY]
11-22 06:06:12.820 1489 2012 I input_focus: [Focus leaving 786fc84 com.android.settings/com.android.settings.Settings (server),reason=NO_WINDOW]
11-22 06:06:12.827 10138 10138 I wm_on_top_resumed_gained_called: [97151663,android.service.dreams.DreamActivity,topStateChangedWhenResumed]
11-22 06:06:12.851 1489 1636 I input_focus: [Focus request 5dd02cb com.thundercomm.screensaver/android.service.dreams.DreamActivity,reason=UpdateInputWindows]
11-22 06:06:12.863 2375 2375 I sysui_multi_action: [757,111,758,2]
11-22 06:06:12.864 2375 2375 I sysui_multi_action: [757,111,758,2]
11-22 06:06:12.864 1489 1489 I notification_enqueue: [10082,2375,com.android.systemui,2048,NULL,0,Notification(channel=updateNotification shortcut=null contentView=null vibrate=null sound=null defaults=0x0 flags=0x0 color=0x00000000 vis=PRIVATE),1]
11-22 06:06:12.884 1489 1666 I sysui_multi_action: [757,1696,758,6,759,3]
11-22 06:06:12.887 2375 2375 I sysui_multi_action: [757,111,758,1]
11-22 06:06:12.887 2375 2375 I sysui_multi_action: [757,126,758,1,759,126,927,0,928,1,1593,0]
11-22 06:06:12.887 2375 2375 I sysui_multi_action: [757,113,758,1,759,113,927,1,928,1,1593,0]
11-22 06:06:12.887 2375 2375 I sysui_multi_action: [757,0,758,1,759,0,927,2,928,0,1593,0]
11-22 06:06:12.887 2375 2375 I sysui_multi_action: [757,0,758,1,759,0,927,3,928,0,1593,0]
11-22 06:06:12.888 2375 2375 I sysui_multi_action: [757,491,758,1,759,491,927,4,928,0,1311,-1,1593,0]
11-22 06:06:12.888 2375 2375 I sysui_multi_action: [757,0,758,1,759,0,927,5,928,0,1593,0]
11-22 06:06:12.888 2375 2375 I sysui_multi_action: [757,114,758,1,759,114,927,6,928,0,1593,0]
11-22 06:06:12.888 2375 2375 I sysui_multi_action: [757,111,758,1]
11-22 06:06:12.888 2375 2375 I sysui_multi_action: [757,126,758,1,759,126,927,0,928,1,1593,0]
11-22 06:06:12.888 2375 2375 I sysui_multi_action: [757,113,758,1,759,113,927,1,928,1,1593,0]
11-22 06:06:12.888 2375 2375 I sysui_multi_action: [757,0,758,1,759,0,927,2,928,0,1593,0]
11-22 06:06:12.888 2375 2375 I sysui_multi_action: [757,0,758,1,759,0,927,3,928,0,1593,0]
11-22 06:06:12.894 1489 1631 I sysui_multi_action: [319,110,322,102,325,11361,757,761,758,8,759,2,806,com.thundercomm.screensaver,871,android.service.dreams.DreamActivity,904,com.thundercomm.screensaver,905,0,1320,4,1321,2]
11-22 06:06:12.895 1489 1631 I wm_activity_launch_time: [0,97151663,com.thundercomm.screensaver/android.service.dreams.DreamActivity,102]
11-22 06:06:12.901 1489 1650 I am_wtf : [0,1489,system_server,-1,DisplayDeviceConfig,requesting nits when no mapping exists.]
11-22 06:06:12.902 1489 2012 I input_focus: [Focus entering 5dd02cb com.thundercomm.screensaver/android.service.dreams.DreamActivity (server),reason=Window became focusable. Previous reason: NOT_VISIBLE]
11-22 06:06:12.905 1489 1650 I am_wtf : [0,1489,system_server,-1,DisplayDeviceConfig,requesting nits when no mapping exists.]
11-22 06:06:12.918 1489 1650 I am_wtf : [0,1489,system_server,-1,DisplayDeviceConfig,requesting nits when no mapping exists.]
11-22 06:06:12.920 1489 1650 I am_wtf : [0,1489,system_server,-1,DisplayDeviceConfig,requesting nits when no mapping exists.]
11-22 06:06:12.937 1489 1650 I am_wtf : [0,1489,system_server,-1,DisplayDeviceConfig,requesting nits when no mapping exists.]
11-22 06:06:12.938 1489 1650 I am_wtf : [0,1489,system_server,-1,DisplayDeviceConfig,requesting nits when no mapping exists.]
11-22 06:06:12.952 1489 1650 I am_wtf : [0,1489,system_server,-1,DisplayDeviceConfig,requesting nits when no mapping exists.]
11-22 06:06:12.954 1489 1650 I am_wtf : [0,1489,system_server,-1,DisplayDeviceConfig,requesting nits when no mapping exists.]
11-22 06:06:12.968 1489 1650 I am_wtf : [0,1489,system_server,-1,DisplayDeviceConfig,requesting nits when no mapping exists.]
11-22 06:06:12.969 1489 1650 I am_wtf : [0,1489,system_server,-1,DisplayDeviceConfig,requesting nits when no mapping exists.]
11-22 06:06:12.986 1489 1650 I am_wtf : [0,1489,system_server,-1,DisplayDeviceConfig,requesting nits when no mapping exists.]
11-22 06:06:12.986 1489 1650 I am_wtf : [0,1489,system_server,-1,DisplayDeviceConfig,requesting nits when no mapping exists.]
11-22 06:06:13.002 1489 1650 I am_wtf : [0,1489,system_server,-1,DisplayDeviceConfig,requesting nits when no mapping exists.]
11-22 06:06:13.007 1489 1650 I am_wtf : [0,1489,system_server,-1,DisplayDeviceConfig,requesting nits when no mapping exists.]
11-22 06:06:13.019 1489 1650 I am_wtf : [0,1489,system_server,-1,DisplayDeviceConfig,requesting nits when no mapping exists.]
11-22 06:06:13.019 1489 1650 I am_wtf : [0,1489,system_server,-1,DisplayDeviceConfig,requesting nits when no mapping exists.]
11-22 06:06:13.036 1489 1650 I am_wtf : [0,1489,system_server,-1,DisplayDeviceConfig,requesting nits when no mapping exists.]
11-22 06:06:13.037 1489 1650 I am_wtf : [0,1489,system_server,-1,DisplayDeviceConfig,requesting nits when no mapping exists.]
11-22 06:06:13.054 1489 1650 I am_wtf : [0,1489,system_server,-1,DisplayDeviceConfig,requesting nits when no mapping exists.]
11-22 06:06:13.055 1489 1650 I am_wtf : [0,1489,system_server,-1,DisplayDeviceConfig,requesting nits when no mapping exists.]
11-22 06:06:13.071 1489 1650 I am_wtf : [0,1489,system_server,-1,DisplayDeviceConfig,requesting nits when no mapping exists.]
11-22 06:06:13.071 1489 1650 I am_wtf : [0,1489,system_server,-1,DisplayDeviceConfig,requesting nits when no mapping exists.]
11-22 06:06:13.085 1489 1650 I am_wtf : [0,1489,system_server,-1,DisplayDeviceConfig,requesting nits when no mapping exists.]
11-22 06:06:13.086 1489 1650 I am_wtf : [0,1489,system_server,-1,DisplayDeviceConfig,requesting nits when no mapping exists.]
11-22 06:06:13.103 1489 1650 I am_wtf : [0,1489,system_server,-1,DisplayDeviceConfig,requesting nits when no mapping exists.]
11-22 06:06:13.103 1489 1650 I am_wtf : [0,1489,system_server,-1,DisplayDeviceConfig,requesting nits when no mapping exists.]
11-22 06:06:13.119 1489 1650 I am_wtf : [0,1489,system_server,-1,DisplayDeviceConfig,requesting nits when no mapping exists.]
11-22 06:06:13.120 1489 1650 I am_wtf : [0,1489,system_server,-1,DisplayDeviceConfig,requesting nits when no mapping exists.]
11-22 06:06:13.136 1489 1650 I am_wtf : [0,1489,system_server,-1,DisplayDeviceConfig,requesting nits when no mapping exists.]
11-22 06:06:13.137 1489 1650 I am_wtf : [0,1489,system_server,-1,DisplayDeviceConfig,requesting nits when no mapping exists.]
11-22 06:06:13.152 1489 1650 I am_wtf : [0,1489,system_server,-1,DisplayDeviceConfig,requesting nits when no mapping exists.]
11-22 06:06:13.153 1489 1650 I am_wtf : [0,1489,system_server,-1,DisplayDeviceConfig,requesting nits when no mapping exists.]
11-22 06:06:13.169 1489 1650 I am_wtf : [0,1489,system_server,-1,DisplayDeviceConfig,requesting nits when no mapping exists.]
11-22 06:06:13.171 1489 1650 I am_wtf : [0,1489,system_server,-1,DisplayDeviceConfig,requesting nits when no mapping exists.]
11-22 06:06:13.185 1489 1650 I am_wtf : [0,1489,system_server,-1,DisplayDeviceConfig,requesting nits when no mapping exists.]
11-22 06:06:13.186 1489 1650 I am_wtf : [0,1489,system_server,-1,DisplayDeviceConfig,requesting nits when no mapping exists.]
11-22 06:06:13.202 1489 1650 I am_wtf : [0,1489,system_server,-1,DisplayDeviceConfig,requesting nits when no mapping exists.]
11-22 06:06:13.204 1489 1650 I am_wtf : [0,1489,system_server,-1,DisplayDeviceConfig,requesting nits when no mapping exists.]
11-22 06:06:13.219 1489 1650 I am_wtf : [0,1489,system_server,-1,DisplayDeviceConfig,requesting nits when no mapping exists.]
11-22 06:06:13.222 1489 1650 I am_wtf : [0,1489,system_server,-1,DisplayDeviceConfig,requesting nits when no mapping exists.]
11-22 06:06:13.237 1489 1650 I am_wtf : [0,1489,system_server,-1,DisplayDeviceConfig,requesting nits when no mapping exists.]
11-22 06:06:13.238 1489 1650 I am_wtf : [0,1489,system_server,-1,DisplayDeviceConfig,requesting nits when no mapping exists.]
11-22 06:06:13.252 1489 1650 I am_wtf : [0,1489,system_server,-1,DisplayDeviceConfig,requesting nits when no mapping exists.]
11-22 06:06:13.254 1489 1650 I am_wtf : [0,1489,system_server,-1,DisplayDeviceConfig,requesting nits when no mapping exists.]
11-22 06:06:13.269 1489 1650 I am_wtf : [0,1489,system_server,-1,DisplayDeviceConfig,requesting nits when no mapping exists.]
11-22 06:06:13.270 1489 1650 I am_wtf : [0,1489,system_server,-1,DisplayDeviceConfig,requesting nits when no mapping exists.]
11-22 06:06:13.287 1489 1650 I am_wtf : [0,1489,system_server,-1,DisplayDeviceConfig,requesting nits when no mapping exists.]
11-22 06:06:13.289 1489 1650 I am_wtf : [0,1489,system_server,-1,DisplayDeviceConfig,requesting nits when no mapping exists.]
11-22 06:06:13.310 1489 1650 I am_wtf : [0,1489,system_server,-1,DisplayDeviceConfig,requesting nits when no mapping exists.]
11-22 06:06:13.311 1489 1650 I am_wtf : [0,1489,system_server,-1,DisplayDeviceConfig,requesting nits when no mapping exists.]
11-22 06:06:13.323 1489 1650 I am_wtf : [0,1489,system_server,-1,DisplayDeviceConfig,requesting nits when no mapping exists.]
11-22 06:06:13.324 1489 1650 I am_wtf : [0,1489,system_server,-1,DisplayDeviceConfig,requesting nits when no mapping exists.]
11-22 06:06:13.336 1489 1650 I am_wtf : [0,1489,system_server,-1,DisplayDeviceConfig,requesting nits when no mapping exists.]
11-22 06:06:13.337 1489 1650 I am_wtf : [0,1489,system_server,-1,DisplayDeviceConfig,requesting nits when no mapping exists.]
11-22 06:06:13.353 1489 1650 I am_wtf : [0,1489,system_server,-1,DisplayDeviceConfig,requesting nits when no mapping exists.]
11-22 06:06:13.354 1489 1650 I am_wtf : [0,1489,system_server,-1,DisplayDeviceConfig,requesting nits when no mapping exists.]
11-22 06:06:13.369 1489 1650 I am_wtf : [0,1489,system_server,-1,DisplayDeviceConfig,requesting nits when no mapping exists.]
11-22 06:06:13.370 1489 1650 I am_wtf : [0,1489,system_server,-1,DisplayDeviceConfig,requesting nits when no mapping exists.]
11-22 06:06:13.387 1489 1650 I am_wtf : [0,1489,system_server,-1,DisplayDeviceConfig,requesting nits when no mapping exists.]
11-22 06:06:13.388 1489 1650 I am_wtf : [0,1489,system_server,-1,DisplayDeviceConfig,requesting nits when no mapping exists.]
11-22 06:06:13.388 1489 1634 I wm_stop_activity: [0,56794148,com.android.settings/.Settings]
11-22 06:06:13.406 1489 1650 I am_wtf : [0,1489,system_server,-1,DisplayDeviceConfig,requesting nits when no mapping exists.]
11-22 06:06:13.407 1489 1650 I am_wtf : [0,1489,system_server,-1,DisplayDeviceConfig,requesting nits when no mapping exists.]
11-22 06:06:13.417 13022 13022 I wm_on_stop_called: [56794148,com.android.settings.Settings,STOP_ACTIVITY_ITEM]
11-22 06:06:13.423 1489 1650 I am_wtf : [0,1489,system_server,-1,DisplayDeviceConfig,requesting nits when no mapping exists.]
11-22 06:06:13.426 1489 1650 I am_wtf : [0,1489,system_server,-1,DisplayDeviceConfig,requesting nits when no mapping exists.]
11-22 06:06:13.436 1489 1650 I am_wtf : [0,1489,system_server,-1,DisplayDeviceConfig,requesting nits when no mapping exists.]
11-22 06:06:13.437 1489 1650 I am_wtf : [0,1489,system_server,-1,DisplayDeviceConfig,requesting nits when no mapping exists.]
11-22 06:06:13.456 1489 1650 I am_wtf : [0,1489,system_server,-1,DisplayDeviceConfig,requesting nits when no mapping exists.]
11-22 06:06:13.458 1489 1650 I am_wtf : [0,1489,system_server,-1,DisplayDeviceConfig,requesting nits when no mapping exists.]
11-22 06:06:13.467 1489 1650 I am_wtf : [0,1489,system_server,-1,DisplayDeviceConfig,requesting nits when no mapping exists.]
11-22 06:06:13.468 1489 1650 I am_wtf : [0,1489,system_server,-1,DisplayDeviceConfig,requesting nits when no mapping exists.]
11-22 06:06:13.483 1489 1650 I am_wtf : [0,1489,system_server,-1,DisplayDeviceConfig,requesting nits when no mapping exists.]
11-22 06:06:13.485 1489 1650 I am_wtf : [0,1489,system_server,-1,DisplayDeviceConfig,requesting nits when no mapping exists.]
11-22 06:06:13.501 1489 1650 I am_wtf : [0,1489,system_server,-1,DisplayDeviceConfig,requesting nits when no mapping exists.]
11-22 06:06:13.502 1489 1650 I am_wtf : [0,1489,system_server,-1,DisplayDeviceConfig,requesting nits when no mapping exists.]
11-22 06:06:13.517 1489 1650 I am_wtf : [0,1489,system_server,-1,DisplayDeviceConfig,requesting nits when no mapping exists.]
11-22 06:06:13.519 1489 1650 I am_wtf : [0,1489,system_server,-1,DisplayDeviceConfig,requesting nits when no mapping exists.]
11-22 06:06:13.534 1489 1650 I am_wtf : [0,1489,system_server,-1,DisplayDeviceConfig,requesting nits when no mapping exists.]
11-22 06:06:13.535 1489 1650 I am_wtf : [0,1489,system_server,-1,DisplayDeviceConfig,requesting nits when no mapping exists.]
11-22 06:06:13.551 1489 1650 I am_wtf : [0,1489,system_server,-1,DisplayDeviceConfig,requesting nits when no mapping exists.]
11-22 06:06:13.553 1489 1650 I am_wtf : [0,1489,system_server,-1,DisplayDeviceConfig,requesting nits when no mapping exists.]
11-22 06:06:13.567 1489 1650 I am_wtf : [0,1489,system_server,-1,DisplayDeviceConfig,requesting nits when no mapping exists.]
11-22 06:06:13.569 1489 1650 I am_wtf : [0,1489,system_server,-1,DisplayDeviceConfig,requesting nits when no mapping exists.]
11-22 06:06:13.584 1489 1650 I am_wtf : [0,1489,system_server,-1,DisplayDeviceConfig,requesting nits when no mapping exists.]
11-22 06:06:13.586 1489 1650 I am_wtf : [0,1489,system_server,-1,DisplayDeviceConfig,requesting nits when no mapping exists.]
11-22 06:06:13.603 1489 1650 I am_wtf : [0,1489,system_server,-1,DisplayDeviceConfig,requesting nits when no mapping exists.]
11-22 06:06:13.605 1489 1650 I am_wtf : [0,1489,system_server,-1,DisplayDeviceConfig,requesting nits when no mapping exists.]
11-22 06:06:13.620 1489 1650 I am_wtf : [0,1489,system_server,-1,DisplayDeviceConfig,requesting nits when no mapping exists.]
11-22 06:06:13.621 1489 1650 I am_wtf : [0,1489,system_server,-1,DisplayDeviceConfig,requesting nits when no mapping exists.]
11-22 06:06:13.635 1489 1650 I am_wtf : [0,1489,system_server,-1,DisplayDeviceConfig,requesting nits when no mapping exists.]
11-22 06:06:13.636 1489 1650 I am_wtf : [0,1489,system_server,-1,DisplayDeviceConfig,requesting nits when no mapping exists.]
11-22 06:06:13.651 1489 1650 I am_wtf : [0,1489,system_server,-1,DisplayDeviceConfig,requesting nits when no mapping exists.]
11-22 06:06:13.653 1489 1650 I am_wtf : [0,1489,system_server,-1,DisplayDeviceConfig,requesting nits when no mapping exists.]
11-22 06:06:13.668 1489 1650 I am_wtf : [0,1489,system_server,-1,DisplayDeviceConfig,requesting nits when no mapping exists.]
11-22 06:06:13.670 1489 1650 I am_wtf : [0,1489,system_server,-1,DisplayDeviceConfig,requesting nits when no mapping exists.]
11-22 06:06:13.685 1489 1650 I am_wtf : [0,1489,system_server,-1,DisplayDeviceConfig,requesting nits when no mapping exists.]
11-22 06:06:13.687 1489 1650 I am_wtf : [0,1489,system_server,-1,DisplayDeviceConfig,requesting nits when no mapping exists.]
11-22 06:06:13.711 1489 1650 I am_wtf : [0,1489,system_server,-1,DisplayDeviceConfig,requesting nits when no mapping exists.]
11-22 06:06:13.712 1489 1650 I am_wtf : [0,1489,system_server,-1,DisplayDeviceConfig,requesting nits when no mapping exists.]
11-22 06:06:13.718 1489 1650 I am_wtf : [0,1489,system_server,-1,DisplayDeviceConfig,requesting nits when no mapping exists.]
11-22 06:06:13.719 1489 1650 I am_wtf : [0,1489,system_server,-1,DisplayDeviceConfig,requesting nits when no mapping exists.]
11-22 06:06:13.734 1489 1650 I am_wtf : [0,1489,system_server,-1,DisplayDeviceConfig,requesting nits when no mapping exists.]
11-22 06:06:13.735 1489 1650 I am_wtf : [0,1489,system_server,-1,DisplayDeviceConfig,requesting nits when no mapping exists.]
11-22 06:06:13.753 1489 1650 I am_wtf : [0,1489,system_server,-1,DisplayDeviceConfig,requesting nits when no mapping exists.]
11-22 06:06:13.755 1489 1650 I am_wtf : [0,1489,system_server,-1,DisplayDeviceConfig,requesting nits when no mapping exists.]
11-22 06:06:13.770 1489 1650 I am_wtf : [0,1489,system_server,-1,DisplayDeviceConfig,requesting nits when no mapping exists.]
11-22 06:06:13.772 1489 1650 I am_wtf : [0,1489,system_server,-1,DisplayDeviceConfig,requesting nits when no mapping exists.]
11-22 06:06:13.793 1489 1650 I am_wtf : [0,1489,system_server,-1,DisplayDeviceConfig,requesting nits when no mapping exists.]
11-22 06:06:13.795 1489 1650 I am_wtf : [0,1489,system_server,-1,DisplayDeviceConfig,requesting nits when no mapping exists.]
11-22 06:06:13.811 1489 1650 I am_wtf : [0,1489,system_server,-1,DisplayDeviceConfig,requesting nits when no mapping exists.]
11-22 06:06:13.815 1489 1650 I am_wtf : [0,1489,system_server,-1,DisplayDeviceConfig,requesting nits when no mapping exists.]
11-22 06:06:13.828 1489 1650 I am_wtf : [0,1489,system_server,-1,DisplayDeviceConfig,requesting nits when no mapping exists.]
11-22 06:06:13.829 1489 1650 I am_wtf : [0,1489,system_server,-1,DisplayDeviceConfig,requesting nits when no mapping exists.]
11-22 06:06:13.846 1489 1650 I am_wtf : [0,1489,system_server,-1,DisplayDeviceConfig,requesting nits when no mapping exists.]
11-22 06:06:13.847 1489 1650 I am_wtf : [0,1489,system_server,-1,DisplayDeviceConfig,requesting nits when no mapping exists.]
11-22 06:06:35.224 1489 1650 I am_uid_idle: 10069
11-22 06:06:53.916 1489 1650 I am_uid_idle: 10083
11-22 06:07:04.711 1489 2012 I input_interaction: Interaction with: 5dd02cb com.thundercomm.screensaver/android.service.dreams.DreamActivity (server), edge-swipe (server), swipe-up (server), PointerEventDispatcher0 (server),
11-22 06:07:04.714 1489 2808 I wm_finish_activity: [0,97151663,130,com.thundercomm.screensaver/android.service.dreams.DreamActivity,finish-activity]
11-22 06:07:04.714 1489 2808 I wm_task_moved: [129,1,7]
11-22 06:07:04.714 1489 2808 I wm_task_to_front: [0,129]
11-22 06:07:04.715 1489 2808 I wm_focused_root_task: [0,0,129,130,finish-top adjustFocusToNextFocusableTask]
11-22 06:07:04.718 1489 2808 I wm_pause_activity: [0,97151663,com.thundercomm.screensaver/android.service.dreams.DreamActivity,userLeaving=false,finish]
11-22 06:07:04.721 1489 1489 I service_manager_stats: [183,121,55529]
11-22 06:07:04.734 10138 10138 I wm_on_top_resumed_lost_called: [97151663,android.service.dreams.DreamActivity,topStateChangedWhenResumed]
11-22 06:07:04.735 1489 1634 I sysui_multi_action: [757,803,799,window_time_0,802,52]
11-22 06:07:04.736 10138 10138 I wm_on_paused_called: [97151663,android.service.dreams.DreamActivity,performPause]
11-22 06:07:04.737 1489 2808 I wm_add_to_stopping: [0,97151663,com.thundercomm.screensaver/android.service.dreams.DreamActivity,completeFinishing]
11-22 06:07:04.745 1489 2808 I wm_set_resumed_activity: [0,com.android.settings/.Settings,resumeTopActivityInnerLocked]
11-22 06:07:04.748 1489 2808 I wm_resume_activity: [0,56794148,129,com.android.settings/.Settings]
11-22 06:07:04.756 10138 10138 I view_enqueue_input_event: [Motion - Cancel,com.thundercomm.screensaver/android.service.dreams.DreamActivity]
11-22 06:07:04.760 1489 2012 I input_focus: [Focus leaving 5dd02cb com.thundercomm.screensaver/android.service.dreams.DreamActivity (server),reason=NO_WINDOW]
11-22 06:07:04.763 1489 1634 I sysui_multi_action: [757,803,799,window_time_0,802,0]
11-22 06:07:04.771 13022 13022 I wm_on_restart_called: [56794148,com.android.settings.Settings,performRestartActivity]
11-22 06:07:04.774 13022 13022 I wm_on_start_called: [56794148,com.android.settings.Settings,handleStartActivity]
11-22 06:07:04.774 13022 13022 I snet_event_log: [120484087,-1,]
11-22 06:07:04.775 13022 13022 I wm_on_resume_called: [56794148,com.android.settings.Settings,RESUME_ACTIVITY]
11-22 06:07:04.775 13022 13022 I sysui_multi_action: [757,35,758,1,833,0,1089,0]
11-22 06:07:04.776 13022 13022 I sysui_multi_action: [757,924,758,1,833,0,1089,0]
11-22 06:07:04.778 13022 13022 I wm_on_top_resumed_gained_called: [56794148,com.android.settings.Settings,topWhenResuming]
11-22 06:07:04.795 1489 1636 I input_focus: [Focus request 786fc84 com.android.settings/com.android.settings.Settings,reason=UpdateInputWindows]
11-22 06:07:04.827 1489 2012 I input_focus: [Focus entering 786fc84 com.android.settings/com.android.settings.Settings (server),reason=Window became focusable. Previous reason: NOT_VISIBLE]
11-22 06:07:05.333 1489 1634 I wm_destroy_activity: [0,97151663,130,com.thundercomm.screensaver/android.service.dreams.DreamActivity,finish-imm:idle]
11-22 06:07:05.368 10138 10138 I wm_on_stop_called: [97151663,android.service.dreams.DreamActivity,LIFECYCLER_STOP_ACTIVITY]
11-22 06:07:05.369 10138 10138 I wm_on_destroy_called: [97151663,android.service.dreams.DreamActivity,performDestroy]
11-22 06:07:05.373 1489 1631 I sysui_multi_action: [757,222,758,2]
11-22 06:07:05.373 1489 1631 I sysui_multi_action: [757,804,799,dreaming_minutes,801,0,802,1]
11-22 06:07:05.386 1489 1597 I wm_task_removed: [130,removeChild:removeChild last r=ActivityRecord{5ca6aaf u0 com.thundercomm.screensaver/android.service.dreams.DreamActivity t-1 f}} in t=Task{2819dd8 #130 type=dream A=10051:android:com.thundercomm.screensaver/dream U=0 visible=false mode=fullscreen translucent=true sz=0}]
11-22 06:07:05.387 1489 1597 I wm_task_removed: [130,removeChild]
11-22 06:07:06.234 1489 2012 I input_interaction: Interaction with: 786fc84 com.android.settings/com.android.settings.Settings (server), edge-swipe (server), swipe-up (server), PointerEventDispatcher0 (server),
11-22 06:07:06.254 1489 1597 I wm_task_moved: [1,0,0]
11-22 06:07:06.255 1489 1597 I wm_task_moved: [1,0,6]
11-22 06:07:06.277 2840 2840 I wm_on_restart_called: [168390208,com.android.launcher3.uioverrides.QuickstepLauncher,performRestartActivity]
11-22 06:07:06.317 2840 2840 I wm_on_start_called: [168390208,com.android.launcher3.uioverrides.QuickstepLauncher,handleStartActivity]
11-22 06:07:06.346 13022 13022 I view_enqueue_input_event: [Motion - Cancel,com.android.settings/com.android.settings.Settings]
11-22 06:07:06.347 2840 2840 I sysui_latency: [1,95]
11-22 06:07:06.353 1489 1636 I input_focus: [Focus request recents_animation_input_consumer,reason=UpdateInputWindows]
11-22 06:07:06.355 1489 1631 I sysui_multi_action: [319,18,322,97,325,11414,757,761,758,9,759,5,806,com.android.launcher3,871,com.android.launcher3.uioverrides.QuickstepLauncher,905,0,1320,8,1321,5]
11-22 06:07:06.357 1489 2012 I input_interaction: Interaction with: edge-swipe (server), swipe-up (server), PointerEventDispatcher0 (server),
11-22 06:07:06.380 1489 2012 I input_focus: [Focus leaving 786fc84 com.android.settings/com.android.settings.Settings (server),reason=NOT_FOCUSABLE]
11-22 06:07:06.380 1489 2012 I input_focus: [Focus entering recents_animation_input_consumer (server),reason=setFocusedWindow]
11-22 06:07:06.524 1489 1751 I commit_sys_config_file: [settings-1-0,10]
11-22 06:07:06.655 1489 1648 I sysui_latency: [8,113]
11-22 06:07:07.060 1489 6043 I wm_task_moved: [1,1,7]
11-22 06:07:07.062 1489 6043 I wm_task_moved: [10,1,2147483647]
11-22 06:07:07.062 1489 6043 I wm_task_to_front: [0,10]
11-22 06:07:07.062 1489 6043 I wm_focused_root_task: [0,0,1,129,RecentsAnimation.onAnimationFinished()]
11-22 06:07:07.063 1489 6043 I wm_set_resumed_activity: [0,com.android.launcher3/.uioverrides.QuickstepLauncher,RecentsAnimation.onAnimationFinished()]
11-22 06:07:07.063 13022 13022 I wm_on_top_resumed_lost_called: [56794148,com.android.settings.Settings,topStateChangedWhenResumed]
11-22 06:07:07.064 1489 6043 I wm_pause_activity: [0,56794148,com.android.settings/.Settings,userLeaving=true,pauseBackTasks]
11-22 06:07:07.066 1489 6043 I wm_add_to_stopping: [0,56794148,com.android.settings/.Settings,makeInvisible]
11-22 06:07:07.066 1489 6043 I wm_set_resumed_activity: [0,com.android.launcher3/.uioverrides.QuickstepLauncher,resumeTopActivityInnerLocked]
11-22 06:07:07.071 1489 6043 I wm_resume_activity: [0,168390208,10,com.android.launcher3/.uioverrides.QuickstepLauncher]
11-22 06:07:07.073 2840 2840 I wm_on_resume_called: [168390208,com.android.launcher3.uioverrides.QuickstepLauncher,RESUME_ACTIVITY]
11-22 06:07:07.085 1489 1636 I input_focus: [Focus request 3cc67bf com.android.launcher3/com.android.launcher3.uioverrides.QuickstepLauncher,reason=UpdateInputWindows]
11-22 06:07:07.086 2840 2840 I wm_on_top_resumed_gained_called: [168390208,com.android.launcher3.uioverrides.QuickstepLauncher,topStateChangedWhenResumed]
11-22 06:07:07.089 13022 13022 I sysui_multi_action: [757,35,758,2,1089,2313]
11-22 06:07:07.089 13022 13022 I sysui_multi_action: [757,924,758,2,1089,2313]
11-22 06:07:07.089 13022 13022 I wm_on_paused_called: [56794148,com.android.settings.Settings,performPause]
11-22 06:07:07.091 1489 1634 I wm_stop_activity: [0,56794148,com.android.settings/.Settings]
11-22 06:07:07.092 1489 1634 I sysui_multi_action: [757,803,799,window_time_0,802,2]
11-22 06:07:07.100 1489 2012 I input_focus: [Focus leaving recents_animation_input_consumer (server),reason=NOT_VISIBLE]
11-22 06:07:07.100 1489 1634 I sysui_multi_action: [757,803,799,window_time_0,802,0]
11-22 06:07:07.100 1489 2012 I input_focus: [Focus entering 3cc67bf com.android.launcher3/com.android.launcher3.uioverrides.QuickstepLauncher (server),reason=setFocusedWindow]
11-22 06:07:07.109 13022 13022 I wm_on_stop_called: [56794148,com.android.settings.Settings,STOP_ACTIVITY_ITEM]
11-22 06:07:07.651 1489 2012 I input_interaction: Interaction with: 3cc67bf com.android.launcher3/com.android.launcher3.uioverrides.QuickstepLauncher (server), 6449bab com.android.systemui.ImageWallpaper (server), edge-swipe (server), swipe-up (server), PointerEventDispatcher0 (server),
11-22 06:07:08.921 1489 6043 I wm_task_created: [131,-1]
11-22 06:07:08.934 1489 6043 I wm_task_moved: [131,1,8]
11-22 06:07:08.934 1489 6043 I wm_task_to_front: [0,131]
11-22 06:07:08.935 1489 6043 I wm_create_task: [0,131]
11-22 06:07:08.935 1489 6043 I wm_create_activity: [0,12416408,131,com.android.soundrecorder/.SoundRecorder,NULL,NULL,NULL,268468224]
11-22 06:07:08.935 1489 6043 I wm_task_moved: [131,1,8]
11-22 06:07:08.944 1489 1634 I am_uid_running: 10060
11-22 06:07:08.951 2840 2840 I wm_on_top_resumed_lost_called: [168390208,com.android.launcher3.uioverrides.QuickstepLauncher,topStateChangedWhenResumed]
11-22 06:07:08.962 1489 1651 I am_proc_start: [0,13160,10060,com.android.soundrecorder,top-activity,{com.android.soundrecorder/com.android.soundrecorder.SoundRecorder}]
11-22 06:07:08.985 1489 6043 I am_proc_bound: [0,13160,com.android.soundrecorder]
11-22 06:07:08.987 1489 6043 I wm_restart_activity: [0,12416408,131,com.android.soundrecorder/.SoundRecorder]
11-22 06:07:08.989 1489 6043 I wm_set_resumed_activity: [0,com.android.soundrecorder/.SoundRecorder,minimalResumeActivityLocked]
11-22 06:07:08.989 1489 6043 I am_uid_active: 10060
11-22 06:07:09.023 13160 13160 I wm_on_create_called: [12416408,com.android.soundrecorder.SoundRecorder,performCreate]
11-22 06:07:09.023 13160 13160 I wm_on_start_called: [12416408,com.android.soundrecorder.SoundRecorder,handleStartActivity]
11-22 06:07:09.026 13160 13160 I wm_on_resume_called: [12416408,com.android.soundrecorder.SoundRecorder,RESUME_ACTIVITY]
11-22 06:07:09.031 13160 13160 I wm_on_top_resumed_gained_called: [12416408,com.android.soundrecorder.SoundRecorder,topStateChangedWhenResumed]
11-22 06:07:09.043 1489 1636 I input_focus: [Focus request 3bdab12 com.android.soundrecorder/com.android.soundrecorder.SoundRecorder,reason=UpdateInputWindows]
11-22 06:07:09.070 1489 2012 I input_focus: [Focus leaving 3cc67bf com.android.launcher3/com.android.launcher3.uioverrides.QuickstepLauncher (server),reason=Waiting for window because NOT_VISIBLE]
11-22 06:07:09.089 1489 1631 I sysui_multi_action: [319,179,322,179,325,11417,757,761,758,7,759,2,806,com.android.soundrecorder,871,com.android.soundrecorder.SoundRecorder,904,com.android.launcher3,905,0,945,80,1320,4,1321,1]
11-22 06:07:09.094 1489 1631 I wm_activity_launch_time: [0,12416408,com.android.soundrecorder/.SoundRecorder,179]
11-22 06:07:09.104 1489 2012 I input_focus: [Focus entering 3bdab12 com.android.soundrecorder/com.android.soundrecorder.SoundRecorder (server),reason=Window became focusable. Previous reason: NOT_VISIBLE]
11-22 06:07:10.218 1489 2012 I input_interaction: Interaction with: 3bdab12 com.android.soundrecorder/com.android.soundrecorder.SoundRecorder (server), edge-swipe (server), swipe-up (server), PointerEventDispatcher0 (server),
11-22 06:07:10.232 1489 1489 I service_manager_slow: [11,phone]
11-22 06:07:10.322 1489 6043 I wm_task_moved: [131,1,8]
11-22 06:07:10.322 1489 6043 I wm_set_resumed_activity: [0,com.android.soundrecorder/.SoundRecorder,positionChildAt]
11-22 06:07:10.322 1489 6043 I wm_create_activity: [0,208101914,131,com.android.soundrecorder/.filelist.FileListActivity,NULL,NULL,NULL,0]
11-22 06:07:10.324 1489 6043 I wm_pause_activity: [0,12416408,com.android.soundrecorder/.SoundRecorder,userLeaving=true,resumeTopActivityInnerLocked]
11-22 06:07:10.331 13160 13160 I wm_on_top_resumed_lost_called: [12416408,com.android.soundrecorder.SoundRecorder,topStateChangedWhenResumed]
11-22 06:07:10.334 13160 13160 I wm_on_paused_called: [12416408,com.android.soundrecorder.SoundRecorder,performPause]
11-22 06:07:10.338 1489 1596 I wm_restart_activity: [0,208101914,131,com.android.soundrecorder/.filelist.FileListActivity]
11-22 06:07:10.340 1489 1596 I wm_set_resumed_activity: [0,com.android.soundrecorder/.filelist.FileListActivity,minimalResumeActivityLocked]
11-22 06:07:10.348 1489 1634 I sysui_multi_action: [757,803,799,window_time_0,802,3]
11-22 06:07:10.382 13160 13160 I wm_on_create_called: [208101914,com.android.soundrecorder.filelist.FileListActivity,performCreate]
11-22 06:07:10.389 13160 13160 I wm_on_start_called: [208101914,com.android.soundrecorder.filelist.FileListActivity,handleStartActivity]
11-22 06:07:10.398 13160 13160 I wm_on_resume_called: [208101914,com.android.soundrecorder.filelist.FileListActivity,RESUME_ACTIVITY]
11-22 06:07:10.401 13160 13160 I wm_on_top_resumed_gained_called: [208101914,com.android.soundrecorder.filelist.FileListActivity,topStateChangedWhenResumed]
11-22 06:07:10.409 1489 1636 I input_focus: [Focus request 63e4727 com.android.soundrecorder/com.android.soundrecorder.filelist.FileListActivity,reason=UpdateInputWindows]
11-22 06:07:10.425 1489 1631 I wm_activity_launch_time: [0,208101914,com.android.soundrecorder/.filelist.FileListActivity,108]
11-22 06:07:10.441 1489 2012 I input_focus: [Focus leaving 3bdab12 com.android.soundrecorder/com.android.soundrecorder.SoundRecorder (server),reason=setFocusedWindow]
11-22 06:07:10.441 1489 2012 I input_focus: [Focus entering 63e4727 com.android.soundrecorder/com.android.soundrecorder.filelist.FileListActivity (server),reason=setFocusedWindow]
11-22 06:07:11.809 1489 2012 I input_interaction: Interaction with: 63e4727 com.android.soundrecorder/com.android.soundrecorder.filelist.FileListActivity (server), edge-swipe (server), swipe-up (server), PointerEventDispatcher0 (server),
11-22 06:07:28.408 1489 1666 I sysui_multi_action: [757,1696,758,6,759,2]
11-22 06:07:28.415 1489 1650 I am_wtf : [0,1489,system_server,-1,DisplayDeviceConfig,requesting nits when no mapping exists.]
11-22 06:07:28.418 1489 1650 I am_wtf : [0,1489,system_server,-1,DisplayDeviceConfig,requesting nits when no mapping exists.]
11-22 06:07:28.430 1489 1650 I am_wtf : [0,1489,system_server,-1,DisplayDeviceConfig,requesting nits when no mapping exists.]
11-22 06:07:28.432 1489 1650 I am_wtf : [0,1489,system_server,-1,DisplayDeviceConfig,requesting nits when no mapping exists.]
11-22 06:07:28.447 1489 1650 I am_wtf : [0,1489,system_server,-1,DisplayDeviceConfig,requesting nits when no mapping exists.]
11-22 06:07:28.448 1489 1650 I am_wtf : [0,1489,system_server,-1,DisplayDeviceConfig,requesting nits when no mapping exists.]
11-22 06:07:28.464 1489 1650 I am_wtf : [0,1489,system_server,-1,DisplayDeviceConfig,requesting nits when no mapping exists.]
11-22 06:07:28.465 1489 1650 I am_wtf : [0,1489,system_server,-1,DisplayDeviceConfig,requesting nits when no mapping exists.]
11-22 06:07:28.480 1489 1650 I am_wtf : [0,1489,system_server,-1,DisplayDeviceConfig,requesting nits when no mapping exists.]
11-22 06:07:28.481 1489 1650 I am_wtf : [0,1489,system_server,-1,DisplayDeviceConfig,requesting nits when no mapping exists.]
11-22 06:07:28.497 1489 1650 I am_wtf : [0,1489,system_server,-1,DisplayDeviceConfig,requesting nits when no mapping exists.]
11-22 06:07:28.498 1489 1650 I am_wtf : [0,1489,system_server,-1,DisplayDeviceConfig,requesting nits when no mapping exists.]
11-22 06:07:28.514 1489 1650 I am_wtf : [0,1489,system_server,-1,DisplayDeviceConfig,requesting nits when no mapping exists.]
11-22 06:07:28.514 1489 1650 I am_wtf : [0,1489,system_server,-1,DisplayDeviceConfig,requesting nits when no mapping exists.]
11-22 06:07:28.530 1489 1650 I am_wtf : [0,1489,system_server,-1,DisplayDeviceConfig,requesting nits when no mapping exists.]
11-22 06:07:28.531 1489 1650 I am_wtf : [0,1489,system_server,-1,DisplayDeviceConfig,requesting nits when no mapping exists.]
11-22 06:07:28.547 1489 1650 I am_wtf : [0,1489,system_server,-1,DisplayDeviceConfig,requesting nits when no mapping exists.]
11-22 06:07:28.549 1489 1650 I am_wtf : [0,1489,system_server,-1,DisplayDeviceConfig,requesting nits when no mapping exists.]
11-22 06:07:28.564 1489 1650 I am_wtf : [0,1489,system_server,-1,DisplayDeviceConfig,requesting nits when no mapping exists.]
11-22 06:07:28.565 1489 1650 I am_wtf : [0,1489,system_server,-1,DisplayDeviceConfig,requesting nits when no mapping exists.]
11-22 06:07:28.581 1489 1650 I am_wtf : [0,1489,system_server,-1,DisplayDeviceConfig,requesting nits when no mapping exists.]
11-22 06:07:28.581 1489 1650 I am_wtf : [0,1489,system_server,-1,DisplayDeviceConfig,requesting nits when no mapping exists.]
11-22 06:07:28.598 1489 1650 I am_wtf : [0,1489,system_server,-1,DisplayDeviceConfig,requesting nits when no mapping exists.]
11-22 06:07:28.598 1489 1650 I am_wtf : [0,1489,system_server,-1,DisplayDeviceConfig,requesting nits when no mapping exists.]
11-22 06:07:28.614 1489 1650 I am_wtf : [0,1489,system_server,-1,DisplayDeviceConfig,requesting nits when no mapping exists.]
11-22 06:07:28.615 1489 1650 I am_wtf : [0,1489,system_server,-1,DisplayDeviceConfig,requesting nits when no mapping exists.]
11-22 06:07:28.630 1489 1650 I am_wtf : [0,1489,system_server,-1,DisplayDeviceConfig,requesting nits when no mapping exists.]
11-22 06:07:28.631 1489 1650 I am_wtf : [0,1489,system_server,-1,DisplayDeviceConfig,requesting nits when no mapping exists.]
11-22 06:07:28.647 1489 1650 I am_wtf : [0,1489,system_server,-1,DisplayDeviceConfig,requesting nits when no mapping exists.]
11-22 06:07:28.648 1489 1650 I am_wtf : [0,1489,system_server,-1,DisplayDeviceConfig,requesting nits when no mapping exists.]
11-22 06:07:28.665 1489 1650 I am_wtf : [0,1489,system_server,-1,DisplayDeviceConfig,requesting nits when no mapping exists.]
11-22 06:07:28.665 1489 1650 I am_wtf : [0,1489,system_server,-1,DisplayDeviceConfig,requesting nits when no mapping exists.]
11-22 06:07:28.681 1489 1650 I am_wtf : [0,1489,system_server,-1,DisplayDeviceConfig,requesting nits when no mapping exists.]
11-22 06:07:28.682 1489 1650 I am_wtf : [0,1489,system_server,-1,DisplayDeviceConfig,requesting nits when no mapping exists.]
11-22 06:07:28.697 1489 1650 I am_wtf : [0,1489,system_server,-1,DisplayDeviceConfig,requesting nits when no mapping exists.]
11-22 06:07:28.698 1489 1650 I am_wtf : [0,1489,system_server,-1,DisplayDeviceConfig,requesting nits when no mapping exists.]
11-22 06:07:28.714 1489 1650 I am_wtf : [0,1489,system_server,-1,DisplayDeviceConfig,requesting nits when no mapping exists.]
11-22 06:07:28.715 1489 1650 I am_wtf : [0,1489,system_server,-1,DisplayDeviceConfig,requesting nits when no mapping exists.]
11-22 06:07:28.731 1489 1650 I am_wtf : [0,1489,system_server,-1,DisplayDeviceConfig,requesting nits when no mapping exists.]
11-22 06:07:28.733 1489 1650 I am_wtf : [0,1489,system_server,-1,DisplayDeviceConfig,requesting nits when no mapping exists.]
11-22 06:07:28.747 1489 1650 I am_wtf : [0,1489,system_server,-1,DisplayDeviceConfig,requesting nits when no mapping exists.]
11-22 06:07:28.749 1489 1650 I am_wtf : [0,1489,system_server,-1,DisplayDeviceConfig,requesting nits when no mapping exists.]
11-22 06:07:28.765 1489 1650 I am_wtf : [0,1489,system_server,-1,DisplayDeviceConfig,requesting nits when no mapping exists.]
11-22 06:07:28.766 1489 1650 I am_wtf : [0,1489,system_server,-1,DisplayDeviceConfig,requesting nits when no mapping exists.]
11-22 06:07:28.781 1489 1650 I am_wtf : [0,1489,system_server,-1,DisplayDeviceConfig,requesting nits when no mapping exists.]
11-22 06:07:28.783 1489 1650 I am_wtf : [0,1489,system_server,-1,DisplayDeviceConfig,requesting nits when no mapping exists.]
11-22 06:07:28.798 1489 1650 I am_wtf : [0,1489,system_server,-1,DisplayDeviceConfig,requesting nits when no mapping exists.]
11-22 06:07:28.799 1489 1650 I am_wtf : [0,1489,system_server,-1,DisplayDeviceConfig,requesting nits when no mapping exists.]
11-22 06:07:28.814 1489 1650 I am_wtf : [0,1489,system_server,-1,DisplayDeviceConfig,requesting nits when no mapping exists.]
11-22 06:07:28.816 1489 1650 I am_wtf : [0,1489,system_server,-1,DisplayDeviceConfig,requesting nits when no mapping exists.]
11-22 06:07:28.831 1489 1650 I am_wtf : [0,1489,system_server,-1,DisplayDeviceConfig,requesting nits when no mapping exists.]
11-22 06:07:28.832 1489 1650 I am_wtf : [0,1489,system_server,-1,DisplayDeviceConfig,requesting nits when no mapping exists.]
11-22 06:07:28.848 1489 1650 I am_wtf : [0,1489,system_server,-1,DisplayDeviceConfig,requesting nits when no mapping exists.]
11-22 06:07:28.850 1489 1650 I am_wtf : [0,1489,system_server,-1,DisplayDeviceConfig,requesting nits when no mapping exists.]
11-22 06:07:28.865 1489 1650 I am_wtf : [0,1489,system_server,-1,DisplayDeviceConfig,requesting nits when no mapping exists.]
11-22 06:07:28.866 1489 1650 I am_wtf : [0,1489,system_server,-1,DisplayDeviceConfig,requesting nits when no mapping exists.]
11-22 06:07:28.881 1489 1650 I am_wtf : [0,1489,system_server,-1,DisplayDeviceConfig,requesting nits when no mapping exists.]
11-22 06:07:28.882 1489 1650 I am_wtf : [0,1489,system_server,-1,DisplayDeviceConfig,requesting nits when no mapping exists.]
11-22 06:07:28.898 1489 1650 I am_wtf : [0,1489,system_server,-1,DisplayDeviceConfig,requesting nits when no mapping exists.]
11-22 06:07:28.898 1489 1650 I am_wtf : [0,1489,system_server,-1,DisplayDeviceConfig,requesting nits when no mapping exists.]
11-22 06:07:28.914 1489 1650 I am_wtf : [0,1489,system_server,-1,DisplayDeviceConfig,requesting nits when no mapping exists.]
11-22 06:07:28.915 1489 1650 I am_wtf : [0,1489,system_server,-1,DisplayDeviceConfig,requesting nits when no mapping exists.]
11-22 06:07:28.931 1489 1650 I am_wtf : [0,1489,system_server,-1,DisplayDeviceConfig,requesting nits when no mapping exists.]
11-22 06:07:28.932 1489 1650 I am_wtf : [0,1489,system_server,-1,DisplayDeviceConfig,requesting nits when no mapping exists.]
11-22 06:07:28.948 1489 1650 I am_wtf : [0,1489,system_server,-1,DisplayDeviceConfig,requesting nits when no mapping exists.]
11-22 06:07:28.949 1489 1650 I am_wtf : [0,1489,system_server,-1,DisplayDeviceConfig,requesting nits when no mapping exists.]
11-22 06:07:28.964 1489 1650 I am_wtf : [0,1489,system_server,-1,DisplayDeviceConfig,requesting nits when no mapping exists.]
11-22 06:07:28.965 1489 1650 I am_wtf : [0,1489,system_server,-1,DisplayDeviceConfig,requesting nits when no mapping exists.]
11-22 06:07:28.982 1489 1650 I am_wtf : [0,1489,system_server,-1,DisplayDeviceConfig,requesting nits when no mapping exists.]
11-22 06:07:28.984 1489 1650 I am_wtf : [0,1489,system_server,-1,DisplayDeviceConfig,requesting nits when no mapping exists.]
11-22 06:07:28.998 1489 1650 I am_wtf : [0,1489,system_server,-1,DisplayDeviceConfig,requesting nits when no mapping exists.]
11-22 06:07:28.999 1489 1650 I am_wtf : [0,1489,system_server,-1,DisplayDeviceConfig,requesting nits when no mapping exists.]
11-22 06:07:29.016 1489 1650 I am_wtf : [0,1489,system_server,-1,DisplayDeviceConfig,requesting nits when no mapping exists.]
11-22 06:07:29.017 1489 1650 I am_wtf : [0,1489,system_server,-1,DisplayDeviceConfig,requesting nits when no mapping exists.]
11-22 06:07:29.018 1489 1650 I service_manager_stats: [100,76,24297]
11-22 06:07:29.032 1489 1650 I am_wtf : [0,1489,system_server,-1,DisplayDeviceConfig,requesting nits when no mapping exists.]
11-22 06:07:29.033 1489 1650 I am_wtf : [0,1489,system_server,-1,DisplayDeviceConfig,requesting nits when no mapping exists.]
11-22 06:07:29.048 1489 1650 I am_wtf : [0,1489,system_server,-1,DisplayDeviceConfig,requesting nits when no mapping exists.]
11-22 06:07:29.049 1489 1650 I am_wtf : [0,1489,system_server,-1,DisplayDeviceConfig,requesting nits when no mapping exists.]
