11-22 08:22:02.013 1489 1636 I input_focus: [Focus request recents_animation_input_consumer,reason=UpdateInputWindows]
11-22 08:22:02.035 0 0 I auditd : type=1400 audit(0.0:5980): avc: denied { kill } for comm="swapper/1" capability=5 scontext=u:r:kernel:s0 tcontext=u:r:kernel:s0 tclass=capability permissive=0
11-22 08:22:02.042 1489 2012 I input_focus: [Focus leaving 781f6f1 com.android.gallery3d/com.android.gallery3d.filtershow.FilterShowActivity (server),reason=NOT_FOCUSABLE]
11-22 08:22:02.042 1489 2012 I input_focus: [Focus entering recents_animation_input_consumer (server),reason=setFocusedWindow]
11-22 08:22:02.166 1489 1751 I commit_sys_config_file: [settings-1-0,10]
11-22 08:22:02.273 1489 1648 I sysui_latency: [8,56]
11-22 08:22:03.035 0 0 I auditd : type=1400 audit(0.0:5981): avc: denied { kill } for comm="swapper/1" capability=5 scontext=u:r:kernel:s0 tcontext=u:r:kernel:s0 tclass=capability permissive=0
11-22 08:22:03.631 1489 7614 I wm_task_moved: [1,0,5]
11-22 08:22:03.635 1489 7614 I wm_add_to_stopping: [0,168390208,com.android.launcher3/.uioverrides.QuickstepLauncher,makeInvisible]
11-22 08:22:03.649 1489 1634 I wm_stop_activity: [0,168390208,com.android.launcher3/.uioverrides.QuickstepLauncher]
11-22 08:22:03.650 1489 1636 I input_focus: [Focus request 781f6f1 com.android.gallery3d/com.android.gallery3d.filtershow.FilterShowActivity,reason=UpdateInputWindows]
11-22 08:22:03.663 1489 2012 I input_focus: [Focus leaving recents_animation_input_consumer (server),reason=NOT_VISIBLE]
11-22 08:22:03.663 1489 2012 I input_focus: [Focus entering 781f6f1 com.android.gallery3d/com.android.gallery3d.filtershow.FilterShowActivity (server),reason=setFocusedWindow]
11-22 08:22:03.666 1489 1648 I am_pss : [22477,10069,com.android.gallery3d,82571264,75104256,0,210415616,0,2,11]
11-22 08:22:03.674 2840 2840 I wm_on_stop_called: [168390208,com.android.launcher3.uioverrides.QuickstepLauncher,STOP_ACTIVITY_ITEM]
11-22 08:22:03.878 1489 1751 I commit_sys_config_file: [settings-1-0,6]
11-22 08:22:04.035 0 0 I auditd : type=1400 audit(0.0:5982): avc: denied { kill } for comm="swapper/1" capability=5 scontext=u:r:kernel:s0 tcontext=u:r:kernel:s0 tclass=capability permissive=0
11-22 08:22:04.065 1489 2012 I input_interaction: Interaction with: Letterbox_left_ActivityRecord{43dc9b9 u0 com.android.gallery3d/.filtershow.FilterShowActivity t228} (server), edge-swipe (server), swipe-up (server), PointerEventDispatcher0 (server),
11-22 08:22:04.076 1489 7614 I wm_task_moved: [1,0,0]
11-22 08:22:04.077 1489 7614 I wm_task_moved: [1,0,5]
11-22 08:22:04.097 2840 2840 I wm_on_restart_called: [168390208,com.android.launcher3.uioverrides.QuickstepLauncher,performRestartActivity]
11-22 08:22:04.111 2840 2840 I wm_on_start_called: [168390208,com.android.launcher3.uioverrides.QuickstepLauncher,handleStartActivity]
11-22 08:22:04.139 1489 1631 I sysui_multi_action: [319,10,322,51,325,19512,757,761,758,9,759,5,806,com.android.launcher3,871,com.android.launcher3.uioverrides.QuickstepLauncher,905,0,1320,8,1321,5]
11-22 08:22:04.198 2840 2840 I sysui_latency: [1,56]
11-22 08:22:04.202 1489 2012 I input_interaction: Interaction with: edge-swipe (server), swipe-up (server), PointerEventDispatcher0 (server),
11-22 08:22:04.204 1489 1636 I input_focus: [Focus request recents_animation_input_consumer,reason=UpdateInputWindows]
11-22 08:22:04.233 1489 2012 I input_focus: [Focus leaving 781f6f1 com.android.gallery3d/com.android.gallery3d.filtershow.FilterShowActivity (server),reason=NOT_FOCUSABLE]
11-22 08:22:04.233 1489 2012 I input_focus: [Focus entering recents_animation_input_consumer (server),reason=setFocusedWindow]
11-22 08:22:04.314 1489 1751 I commit_sys_config_file: [settings-1-0,4]
11-22 08:22:04.430 1489 1648 I sysui_latency: [8,58]
11-22 08:22:04.785 1489 2824 I wm_task_moved: [1,0,5]
11-22 08:22:04.788 1489 2824 I wm_add_to_stopping: [0,168390208,com.android.launcher3/.uioverrides.QuickstepLauncher,makeInvisible]
11-22 08:22:04.795 1489 1636 I input_focus: [Focus request 781f6f1 com.android.gallery3d/com.android.gallery3d.filtershow.FilterShowActivity,reason=UpdateInputWindows]
11-22 08:22:04.796 1489 1634 I wm_stop_activity: [0,168390208,com.android.launcher3/.uioverrides.QuickstepLauncher]
11-22 08:22:04.808 1489 2012 I input_focus: [Focus leaving recents_animation_input_consumer (server),reason=NOT_VISIBLE]
11-22 08:22:04.808 1489 2012 I input_focus: [Focus entering 781f6f1 com.android.gallery3d/com.android.gallery3d.filtershow.FilterShowActivity (server),reason=setFocusedWindow]
11-22 08:22:04.838 2840 2840 I wm_on_stop_called: [168390208,com.android.launcher3.uioverrides.QuickstepLauncher,STOP_ACTIVITY_ITEM]
11-22 08:22:05.035 0 0 I auditd : type=1400 audit(0.0:5983): avc: denied { kill } for comm="swapper/1" capability=5 scontext=u:r:kernel:s0 tcontext=u:r:kernel:s0 tclass=capability permissive=0
11-22 08:22:05.042 1489 1751 I commit_sys_config_file: [settings-1-0,6]
11-22 08:22:05.372 1489 2012 I input_interaction: Interaction with: Letterbox_left_ActivityRecord{43dc9b9 u0 com.android.gallery3d/.filtershow.FilterShowActivity t228} (server), edge-swipe (server), swipe-up (server), PointerEventDispatcher0 (server),
11-22 08:22:05.382 1489 5105 I wm_task_moved: [1,0,0]
11-22 08:22:05.383 1489 5105 I wm_task_moved: [1,0,5]
11-22 08:22:05.399 2840 2840 I wm_on_restart_called: [168390208,com.android.launcher3.uioverrides.QuickstepLauncher,performRestartActivity]
11-22 08:22:05.408 2840 2840 I wm_on_start_called: [168390208,com.android.launcher3.uioverrides.QuickstepLauncher,handleStartActivity]
11-22 08:22:05.436 1489 1631 I sysui_multi_action: [319,9,322,46,325,19513,757,761,758,9,759,5,806,com.android.launcher3,871,com.android.launcher3.uioverrides.QuickstepLauncher,905,0,1320,8,1321,5]
11-22 08:22:05.457 2840 2840 I sysui_latency: [1,52]
11-22 08:22:05.462 1489 2012 I input_interaction: Interaction with: edge-swipe (server), swipe-up (server), PointerEventDispatcher0 (server),
11-22 08:22:05.462 1489 1636 I input_focus: [Focus request recents_animation_input_consumer,reason=UpdateInputWindows]
11-22 08:22:05.483 1489 2012 I input_focus: [Focus leaving 781f6f1 com.android.gallery3d/com.android.gallery3d.filtershow.FilterShowActivity (server),reason=NOT_FOCUSABLE]
11-22 08:22:05.483 1489 2012 I input_focus: [Focus entering recents_animation_input_consumer (server),reason=setFocusedWindow]
11-22 08:22:05.613 1489 1751 I commit_sys_config_file: [settings-1-0,5]
11-22 08:22:05.731 1489 1648 I sysui_latency: [8,53]
11-22 08:22:07.035 0 0 I auditd : type=1400 audit(0.0:5984): avc: denied { kill } for comm="swapper/2" capability=5 scontext=u:r:kernel:s0 tcontext=u:r:kernel:s0 tclass=capability permissive=0
11-22 08:22:07.333 1489 1751 I commit_sys_config_file: [settings-1-0,5]
11-22 08:22:08.035 0 0 I auditd : type=1400 audit(0.0:5985): avc: denied { kill } for comm="swapper/2" capability=5 scontext=u:r:kernel:s0 tcontext=u:r:kernel:s0 tclass=capability permissive=0
11-22 08:22:08.061 1489 2012 I input_interaction: Interaction with: 3cc67bf com.android.launcher3/com.android.launcher3.uioverrides.QuickstepLauncher (server), edge-swipe (server), swipe-up (server), PointerEventDispatcher0 (server),
11-22 08:22:08.496 1489 2824 I wm_task_moved: [1,0,5]
11-22 08:22:08.500 1489 2824 I wm_add_to_stopping: [0,168390208,com.android.launcher3/.uioverrides.QuickstepLauncher,makeInvisible]
11-22 08:22:08.511 1489 1636 I input_focus: [Focus request 781f6f1 com.android.gallery3d/com.android.gallery3d.filtershow.FilterShowActivity,reason=UpdateInputWindows]
11-22 08:22:08.515 1489 1634 I wm_stop_activity: [0,168390208,com.android.launcher3/.uioverrides.QuickstepLauncher]
11-22 08:22:08.525 1489 2012 I input_focus: [Focus leaving recents_animation_input_consumer (server),reason=NOT_VISIBLE]
11-22 08:22:08.525 1489 2012 I input_focus: [Focus entering 781f6f1 com.android.gallery3d/com.android.gallery3d.filtershow.FilterShowActivity (server),reason=setFocusedWindow]
11-22 08:22:08.554 2840 2840 I wm_on_stop_called: [168390208,com.android.launcher3.uioverrides.QuickstepLauncher,STOP_ACTIVITY_ITEM]
11-22 08:22:09.035 0 0 I auditd : type=1400 audit(0.0:5986): avc: denied { kill } for comm="swapper/2" capability=5 scontext=u:r:kernel:s0 tcontext=u:r:kernel:s0 tclass=capability permissive=0
11-22 08:22:09.049 1489 2012 I input_interaction: Interaction with: Letterbox_left_ActivityRecord{43dc9b9 u0 com.android.gallery3d/.filtershow.FilterShowActivity t228} (server), edge-swipe (server), swipe-up (server), PointerEventDispatcher0 (server),
11-22 08:22:09.059 1489 2824 I wm_task_moved: [1,0,0]
11-22 08:22:09.060 1489 2824 I wm_task_moved: [1,0,5]
11-22 08:22:09.068 2840 2840 I wm_on_restart_called: [168390208,com.android.launcher3.uioverrides.QuickstepLauncher,performRestartActivity]
11-22 08:22:09.083 2840 2840 I wm_on_start_called: [168390208,com.android.launcher3.uioverrides.QuickstepLauncher,handleStartActivity]
11-22 08:22:09.106 1489 1631 I sysui_multi_action: [319,10,322,38,325,19517,757,761,758,9,759,5,806,com.android.launcher3,871,com.android.launcher3.uioverrides.QuickstepLauncher,905,0,1320,8,1321,5]
11-22 08:22:09.111 2840 2840 I sysui_latency: [1,44]
11-22 08:22:09.115 1489 1636 I input_focus: [Focus request recents_animation_input_consumer,reason=UpdateInputWindows]
11-22 08:22:09.118 1489 2012 I input_interaction: Interaction with: edge-swipe (server), swipe-up (server), PointerEventDispatcher0 (server),
11-22 08:22:09.142 1489 2012 I input_focus: [Focus leaving 781f6f1 com.android.gallery3d/com.android.gallery3d.filtershow.FilterShowActivity (server),reason=NOT_FOCUSABLE]
11-22 08:22:09.142 1489 2012 I input_focus: [Focus entering recents_animation_input_consumer (server),reason=setFocusedWindow]
11-22 08:22:09.287 1489 1751 I commit_sys_config_file: [settings-1-0,5]
11-22 08:22:09.400 1489 1648 I sysui_latency: [8,45]
11-22 08:22:09.914 1489 6044 I wm_task_moved: [1,0,5]
11-22 08:22:09.916 1489 6044 I wm_add_to_stopping: [0,168390208,com.android.launcher3/.uioverrides.QuickstepLauncher,makeInvisible]
11-22 08:22:09.925 1489 1636 I input_focus: [Focus request 781f6f1 com.android.gallery3d/com.android.gallery3d.filtershow.FilterShowActivity,reason=UpdateInputWindows]
11-22 08:22:09.926 1489 1634 I wm_stop_activity: [0,168390208,com.android.launcher3/.uioverrides.QuickstepLauncher]
11-22 08:22:09.944 1489 2012 I input_focus: [Focus leaving recents_animation_input_consumer (server),reason=NOT_VISIBLE]
11-22 08:22:09.945 1489 2012 I input_focus: [Focus entering 781f6f1 com.android.gallery3d/com.android.gallery3d.filtershow.FilterShowActivity (server),reason=setFocusedWindow]
11-22 08:22:09.948 1489 1648 I am_pss : [22361,1000,android:ui,14139392,8462336,0,122732544,0,19,6]
11-22 08:22:09.959 2840 2840 I wm_on_stop_called: [168390208,com.android.launcher3.uioverrides.QuickstepLauncher,STOP_ACTIVITY_ITEM]
11-22 08:22:10.035 0 0 I auditd : type=1400 audit(0.0:5987): avc: denied { kill } for comm="swapper/2" capability=5 scontext=u:r:kernel:s0 tcontext=u:r:kernel:s0 tclass=capability permissive=0
11-22 08:22:10.158 1489 1751 I commit_sys_config_file: [settings-1-0,7]
11-22 08:22:10.331 1489 2012 I input_interaction: Interaction with: Letterbox_left_ActivityRecord{43dc9b9 u0 com.android.gallery3d/.filtershow.FilterShowActivity t228} (server), edge-swipe (server), swipe-up (server), PointerEventDispatcher0 (server),
11-22 08:22:10.341 1489 6044 I wm_task_moved: [1,0,0]
11-22 08:22:10.342 1489 6044 I wm_task_moved: [1,0,5]
11-22 08:22:10.363 2840 2840 I wm_on_restart_called: [168390208,com.android.launcher3.uioverrides.QuickstepLauncher,performRestartActivity]
11-22 08:22:10.398 2840 2840 I wm_on_start_called: [168390208,com.android.launcher3.uioverrides.QuickstepLauncher,handleStartActivity]
11-22 08:22:10.399 1489 2012 I input_interaction: Interaction with: edge-swipe (server), swipe-up (server), PointerEventDispatcher0 (server),
11-22 08:22:10.401 1489 1636 I input_focus: [Focus request recents_animation_input_consumer,reason=UpdateInputWindows]
11-22 08:22:10.409 2840 2840 I sysui_latency: [1,78]
11-22 08:22:10.414 1489 2012 I input_focus: [Focus leaving 781f6f1 com.android.gallery3d/com.android.gallery3d.filtershow.FilterShowActivity (server),reason=NOT_FOCUSABLE]
11-22 08:22:10.414 1489 2012 I input_focus: [Focus entering recents_animation_input_consumer (server),reason=setFocusedWindow]
11-22 08:22:10.432 1489 1631 I sysui_multi_action: [319,12,322,78,325,19518,757,761,758,9,759,5,806,com.android.launcher3,871,com.android.launcher3.uioverrides.QuickstepLauncher,905,0,1320,8,1321,5]
11-22 08:22:10.601 1489 1751 I commit_sys_config_file: [settings-1-0,4]
11-22 08:22:10.722 1489 1648 I sysui_latency: [8,84]
11-22 08:22:11.790 1489 1751 I commit_sys_config_file: [settings-1-0,5]
11-22 08:22:12.035 0 0 I auditd : type=1400 audit(0.0:5988): avc: denied { kill } for comm="swapper/1" capability=5 scontext=u:r:kernel:s0 tcontext=u:r:kernel:s0 tclass=capability permissive=0
11-22 08:22:12.628 1489 2012 I input_interaction: Interaction with: 3cc67bf com.android.launcher3/com.android.launcher3.uioverrides.QuickstepLauncher (server), edge-swipe (server), swipe-up (server), PointerEventDispatcher0 (server),
11-22 08:22:12.723 1489 6044 I wm_relaunch_resume_activity: [0,71158201,228,com.android.gallery3d/.filtershow.FilterShowActivity]
11-22 08:22:12.724 1489 6044 I wm_relaunch_activity: [0,241565366,228,com.android.gallery3d/.app.GalleryActivity]
11-22 08:22:12.725 22477 22477 I wm_on_top_resumed_lost_called: [71158201,com.android.gallery3d.filtershow.FilterShowActivity,pausing]
11-22 08:22:12.725 1489 6044 I wm_task_moved: [1,1,6]
11-22 08:22:12.726 1489 6044 I wm_focused_root_task: [0,0,1,228,startActivityFromRecents]
11-22 08:22:12.727 1489 6044 I wm_task_moved: [228,1,6]
11-22 08:22:12.727 22477 22477 I wm_on_paused_called: [71158201,com.android.gallery3d.filtershow.FilterShowActivity,performPause]
11-22 08:22:12.727 1489 6044 I wm_set_resumed_activity: [0,com.android.gallery3d/.filtershow.FilterShowActivity,positionChildAt]
11-22 08:22:12.727 1489 6044 I wm_focused_root_task: [0,0,228,1,moveTaskToFront findTaskToMoveToFront]
11-22 08:22:12.727 1489 6044 I wm_set_resumed_activity: [0,com.android.gallery3d/.filtershow.FilterShowActivity,moveTaskToFront findTaskToMoveToFront]
11-22 08:22:12.728 22477 22477 I wm_on_stop_called: [71158201,com.android.gallery3d.filtershow.FilterShowActivity,handleRelaunchActivity]
11-22 08:22:12.745 22477 22477 I wm_on_destroy_called: [71158201,com.android.gallery3d.filtershow.FilterShowActivity,performDestroy]
11-22 08:22:12.787 22477 22477 I wm_on_create_called: [71158201,com.android.gallery3d.filtershow.FilterShowActivity,performCreate]
11-22 08:22:12.792 22477 22477 I wm_on_start_called: [71158201,com.android.gallery3d.filtershow.FilterShowActivity,handleStartActivity]
11-22 08:22:12.802 22477 22477 I wm_on_resume_called: [71158201,com.android.gallery3d.filtershow.FilterShowActivity,RESUME_ACTIVITY]
11-22 08:22:12.803 22477 22477 I wm_on_top_resumed_gained_called: [71158201,com.android.gallery3d.filtershow.FilterShowActivity,topWhenResuming]
11-22 08:22:12.803 22477 22477 I wm_on_stop_called: [241565366,com.android.gallery3d.app.GalleryActivity,handleRelaunchActivity]
11-22 08:22:12.805 22477 22477 I wm_on_destroy_called: [241565366,com.android.gallery3d.app.GalleryActivity,performDestroy]
11-22 08:22:12.814 22477 22477 I wm_on_create_called: [241565366,com.android.gallery3d.app.GalleryActivity,performCreate]
11-22 08:22:12.815 22477 22477 I wm_on_start_called: [241565366,com.android.gallery3d.app.GalleryActivity,handleStartActivity]
11-22 08:22:12.818 22477 22477 I wm_on_resume_called: [241565366,com.android.gallery3d.app.GalleryActivity,LIFECYCLER_RESUME_ACTIVITY]
11-22 08:22:12.819 22477 22477 I wm_on_paused_called: [241565366,com.android.gallery3d.app.GalleryActivity,performPause]
11-22 08:22:12.819 22477 22477 I wm_on_top_resumed_lost_called: [71158201,com.android.gallery3d.filtershow.FilterShowActivity,topStateChangedWhenResumed]
11-22 08:22:12.842 22477 22477 I wm_on_top_resumed_gained_called: [71158201,com.android.gallery3d.filtershow.FilterShowActivity,topStateChangedWhenResumed]
11-22 08:22:13.035 19553 19553 I auditd : type=1400 audit(0.0:5989): avc: denied { kill } for comm="kworker/u16:9" capability=5 scontext=u:r:kernel:s0 tcontext=u:r:kernel:s0 tclass=capability permissive=0
11-22 08:22:13.128 1489 2851 I wm_task_moved: [1,0,5]
11-22 08:22:13.130 1489 2851 I wm_resume_activity: [0,168390208,10,com.android.launcher3/.uioverrides.QuickstepLauncher]
11-22 08:22:13.139 1489 1636 I input_focus: [Focus request 781f6f1 com.android.gallery3d/com.android.gallery3d.filtershow.FilterShowActivity,reason=UpdateInputWindows]
11-22 08:22:13.151 2840 2840 I wm_on_resume_called: [168390208,com.android.launcher3.uioverrides.QuickstepLauncher,RESUME_ACTIVITY]
11-22 08:22:13.152 1489 2012 I input_focus: [Focus leaving recents_animation_input_consumer (server),reason=NOT_VISIBLE]
11-22 08:22:13.153 1489 2012 I input_focus: [Focus entering 781f6f1 com.android.gallery3d/com.android.gallery3d.filtershow.FilterShowActivity (server),reason=setFocusedWindow]
11-22 08:22:14.035 19919 19919 I auditd : type=1400 audit(0.0:5990): avc: denied { kill } for comm="kworker/u16:16" capability=5 scontext=u:r:kernel:s0 tcontext=u:r:kernel:s0 tclass=capability permissive=0
11-22 08:22:15.035 0 0 I auditd : type=1400 audit(0.0:5991): avc: denied { kill } for comm="swapper/2" capability=5 scontext=u:r:kernel:s0 tcontext=u:r:kernel:s0 tclass=capability permissive=0
11-22 08:22:15.561 1489 2012 I input_interaction: Interaction with: 781f6f1 com.android.gallery3d/com.android.gallery3d.filtershow.FilterShowActivity (server), edge-swipe (server), swipe-up (server), PointerEventDispatcher0 (server),
11-22 08:22:16.035 0 0 I auditd : type=1400 audit(0.0:5992): avc: denied { kill } for comm="swapper/2" capability=5 scontext=u:r:kernel:s0 tcontext=u:r:kernel:s0 tclass=capability permissive=0
11-22 08:22:19.035 0 0 I auditd : type=1400 audit(0.0:5993): avc: denied { kill } for comm="swapper/2" capability=5 scontext=u:r:kernel:s0 tcontext=u:r:kernel:s0 tclass=capability permissive=0
11-22 08:22:19.705 22477 22477 I menu_item_selected: [0,撤消]
11-22 08:22:20.035 0 0 I auditd : type=1400 audit(0.0:5994): avc: denied { kill } for comm="swapper/2" capability=5 scontext=u:r:kernel:s0 tcontext=u:r:kernel:s0 tclass=capability permissive=0
11-22 08:22:20.268 22477 22477 I menu_item_selected: [0,撤消]
11-22 08:22:21.035 0 0 I auditd : type=1400 audit(0.0:5995): avc: denied { kill } for comm="swapper/2" capability=5 scontext=u:r:kernel:s0 tcontext=u:r:kernel:s0 tclass=capability permissive=0
11-22 08:22:22.035 0 0 I auditd : type=1400 audit(0.0:5996): avc: denied { kill } for comm="swapper/2" capability=5 scontext=u:r:kernel:s0 tcontext=u:r:kernel:s0 tclass=capability permissive=0
11-22 08:22:22.607 1489 1636 I input_focus: [Focus request e09b6ee PopupWindow:5deeb41,reason=UpdateInputWindows]
11-22 08:22:22.626 1489 2012 I input_focus: [Focus leaving 781f6f1 com.android.gallery3d/com.android.gallery3d.filtershow.FilterShowActivity (server),reason=Waiting for window because NOT_VISIBLE]
11-22 08:22:22.643 1489 2012 I input_focus: [Focus entering e09b6ee PopupWindow:5deeb41 (server),reason=Window became focusable. Previous reason: NOT_VISIBLE]
11-22 08:22:23.035 0 0 I auditd : type=1400 audit(0.0:5997): avc: denied { kill } for comm="swapper/2" capability=5 scontext=u:r:kernel:s0 tcontext=u:r:kernel:s0 tclass=capability permissive=0
11-22 08:22:23.222 1489 1636 I input_focus: [Focus request 781f6f1 com.android.gallery3d/com.android.gallery3d.filtershow.FilterShowActivity,reason=UpdateInputWindows]
11-22 08:22:23.262 1489 2012 I input_focus: [Focus entering 781f6f1 com.android.gallery3d/com.android.gallery3d.filtershow.FilterShowActivity (server),reason=setFocusedWindow]
11-22 08:22:23.311 1489 2851 I wm_finish_activity: [0,71158201,228,com.android.gallery3d/.filtershow.FilterShowActivity,finish-activity]
11-22 08:22:23.331 1489 2851 I wm_pause_activity: [0,71158201,com.android.gallery3d/.filtershow.FilterShowActivity,userLeaving=false,finish]
11-22 08:22:23.335 1489 2851 I wm_finish_activity: [0,241565366,228,com.android.gallery3d/.app.GalleryActivity,finish-activity]
11-22 08:22:23.335 1489 2851 I wm_task_moved: [1,1,6]
11-22 08:22:23.336 1489 2851 I wm_set_resumed_activity: [0,com.android.launcher3/.uioverrides.QuickstepLauncher,positionChildAt]
11-22 08:22:23.336 1489 2851 I wm_task_moved: [10,1,2147483647]
11-22 08:22:23.336 1489 2851 I wm_task_to_front: [0,10]
11-22 08:22:23.336 1489 2851 I wm_focused_root_task: [0,0,1,-1,finish-top adjustFocusToNextFocusableTask]
11-22 08:22:23.336 1489 2851 I wm_set_resumed_activity: [0,com.android.launcher3/.uioverrides.QuickstepLauncher,finish-top]
11-22 08:22:23.338 1489 2851 I wm_destroy_activity: [0,241565366,228,com.android.gallery3d/.app.GalleryActivity,finish-imm:finishIfPossible]
11-22 08:22:23.349 1489 1636 I input_focus: [Focus request 3cc67bf com.android.launcher3/com.android.launcher3.uioverrides.QuickstepLauncher,reason=UpdateInputWindows]
11-22 08:22:23.349 22477 22477 I wm_on_top_resumed_lost_called: [71158201,com.android.gallery3d.filtershow.FilterShowActivity,topStateChangedWhenResumed]
11-22 08:22:23.353 1489 1634 I sysui_multi_action: [757,803,799,window_time_2,802,33]
11-22 08:22:23.355 2840 2840 I wm_on_top_resumed_gained_called: [168390208,com.android.launcher3.uioverrides.QuickstepLauncher,topStateChangedWhenResumed]
11-22 08:22:23.356 22477 22477 I wm_on_paused_called: [71158201,com.android.gallery3d.filtershow.FilterShowActivity,performPause]
11-22 08:22:23.357 1489 7614 I wm_destroy_activity: [0,71158201,228,com.android.gallery3d/.filtershow.FilterShowActivity,finish-imm:completePausedLocked]
11-22 08:22:23.363 1489 1634 I sysui_multi_action: [757,803,799,window_time_0,802,0]
11-22 08:22:23.374 22477 22477 I wm_on_stop_called: [241565366,com.android.gallery3d.app.GalleryActivity,LIFECYCLER_STOP_ACTIVITY]
11-22 08:22:23.378 22477 22477 I wm_on_destroy_called: [241565366,com.android.gallery3d.app.GalleryActivity,performDestroy]
11-22 08:22:23.383 1489 2012 I input_focus: [Focus leaving 781f6f1 com.android.gallery3d/com.android.gallery3d.filtershow.FilterShowActivity (server),reason=NO_WINDOW]
11-22 08:22:23.384 1489 2012 I input_focus: [Focus entering 3cc67bf com.android.launcher3/com.android.launcher3.uioverrides.QuickstepLauncher (server),reason=setFocusedWindow]
11-22 08:22:23.400 22477 22477 I wm_on_stop_called: [71158201,com.android.gallery3d.filtershow.FilterShowActivity,LIFECYCLER_STOP_ACTIVITY]
11-22 08:22:23.406 22477 22477 I wm_on_destroy_called: [71158201,com.android.gallery3d.filtershow.FilterShowActivity,performDestroy]
11-22 08:22:23.642 1489 1636 I wm_task_removed: [228,removeChild:removeChild last r=ActivityRecord{e65feb6 u0 com.android.gallery3d/.app.GalleryActivity t-1 f}} in t=Task{10c3651 #228 type=standard A=10069:com.android.gallery3d U=0 visible=false mode=freeform translucent=true sz=0}]
11-22 08:22:23.642 1489 1636 I wm_task_removed: [228,removeChild]
11-22 08:22:23.860 1489 2012 I input_interaction: Interaction with: 3cc67bf com.android.launcher3/com.android.launcher3.uioverrides.QuickstepLauncher (server), 6449bab com.android.systemui.ImageWallpaper (server), edge-swipe (server), swipe-up (server), PointerEventDispatcher0 (server),
11-22 08:22:23.968 1489 2851 I wm_task_created: [229,-1]
11-22 08:22:23.975 1489 2851 I wm_task_moved: [229,1,6]
11-22 08:22:23.975 1489 2851 I wm_task_to_front: [0,229]
11-22 08:22:23.975 1489 2851 I wm_create_task: [0,229]
11-22 08:22:23.975 1489 2851 I wm_create_activity: [0,93590259,229,com.android.deskclock/.DeskClock,NULL,NULL,NULL,268435456]
11-22 08:22:23.975 1489 2851 I wm_task_moved: [229,1,6]
11-22 08:22:23.979 1489 2851 I wm_pause_activity: [0,168390208,com.android.launcher3/.uioverrides.QuickstepLauncher,userLeaving=true,pauseBackTasks]
11-22 08:22:23.984 2840 2840 I wm_on_top_resumed_lost_called: [168390208,com.android.launcher3.uioverrides.QuickstepLauncher,topStateChangedWhenResumed]
11-22 08:22:23.985 2840 2840 I wm_on_paused_called: [168390208,com.android.launcher3.uioverrides.QuickstepLauncher,performPause]
11-22 08:22:23.987 1489 2799 I wm_add_to_stopping: [0,168390208,com.android.launcher3/.uioverrides.QuickstepLauncher,makeInvisible]
11-22 08:22:23.988 1489 2799 I wm_restart_activity: [0,93590259,229,com.android.deskclock/.DeskClock]
11-22 08:22:23.990 1489 2799 I wm_set_resumed_activity: [0,com.android.deskclock/.DeskClock,minimalResumeActivityLocked]
11-22 08:22:23.995 1489 1634 I am_uid_active: 10066
11-22 08:22:24.005 1489 1634 I sysui_multi_action: [757,803,799,window_time_0,802,1]
11-22 08:22:24.020 1489 1648 I am_pss : [22493,10090,com.android.music,6849536,4722688,0,90157056,0,19,6]
11-22 08:22:24.027 1489 2012 I input_focus: [Focus leaving 3cc67bf com.android.launcher3/com.android.launcher3.uioverrides.QuickstepLauncher (server),reason=NO_WINDOW]
11-22 08:22:24.062 1489 7614 I service_manager_stats: [100,66,53275]
11-22 08:22:24.064 1489 7614 I wm_task_moved: [229,1,6]
11-22 08:22:24.065 1489 7614 I wm_set_resumed_activity: [0,com.android.deskclock/.DeskClock,positionChildAt]
11-22 08:22:24.065 1489 7614 I wm_create_activity: [0,71218962,229,com.android.permissioncontroller/.permission.ui.GrantPermissionsActivity,android.content.pm.action.REQUEST_PERMISSIONS,NULL,NULL,8388608]
11-22 08:22:24.067 1489 7614 I wm_pause_activity: [0,93590259,com.android.deskclock/.DeskClock,userLeaving=true,resumeTopActivityInnerLocked]
11-22 08:22:24.091 21910 21910 I wm_on_create_called: [93590259,com.android.deskclock.DeskClock,performCreate]
11-22 08:22:24.093 21910 21910 I wm_on_start_called: [93590259,com.android.deskclock.DeskClock,handleStartActivity]
11-22 08:22:24.095 21910 21910 I wm_on_resume_called: [93590259,com.android.deskclock.DeskClock,RESUME_ACTIVITY]
11-22 08:22:24.102 21910 21910 I wm_on_top_resumed_gained_called: [93590259,com.android.deskclock.DeskClock,topStateChangedWhenResumed]
11-22 08:22:24.102 21910 21910 I wm_on_top_resumed_lost_called: [93590259,com.android.deskclock.DeskClock,topStateChangedWhenResumed]
11-22 08:22:24.103 21910 21910 I wm_on_paused_called: [93590259,com.android.deskclock.DeskClock,performPause]
11-22 08:22:24.107 1489 2851 I wm_restart_activity: [0,71218962,229,com.android.permissioncontroller/.permission.ui.GrantPermissionsActivity]
11-22 08:22:24.108 1489 2851 I wm_set_resumed_activity: [0,com.android.permissioncontroller/.permission.ui.GrantPermissionsActivity,minimalResumeActivityLocked]
11-22 08:22:24.108 1489 1634 I am_uid_active: 10094
11-22 08:22:24.111 1489 1634 I sysui_multi_action: [757,803,799,window_time_0,802,0]
11-22 08:22:24.141 20344 20344 I wm_on_create_called: [71218962,com.android.permissioncontroller.permission.ui.GrantPermissionsActivity,performCreate]
11-22 08:22:24.142 20344 20344 I wm_on_start_called: [71218962,com.android.permissioncontroller.permission.ui.GrantPermissionsActivity,handleStartActivity]
11-22 08:22:24.143 20344 20344 I wm_on_resume_called: [71218962,com.android.permissioncontroller.permission.ui.GrantPermissionsActivity,RESUME_ACTIVITY]
11-22 08:22:24.145 20344 20344 I wm_on_top_resumed_gained_called: [71218962,com.android.permissioncontroller.permission.ui.GrantPermissionsActivity,topStateChangedWhenResumed]
11-22 08:22:24.149 1489 2824 I wm_finish_activity: [0,71218962,229,com.android.permissioncontroller/.permission.ui.GrantPermissionsActivity,app-request]
11-22 08:22:24.160 1489 2824 I wm_pause_activity: [0,71218962,com.android.permissioncontroller/.permission.ui.GrantPermissionsActivity,userLeaving=false,finish]
11-22 08:22:24.168 20344 20344 I wm_on_top_resumed_lost_called: [71218962,com.android.permissioncontroller.permission.ui.GrantPermissionsActivity,topStateChangedWhenResumed]
11-22 08:22:24.169 20344 20344 I wm_on_paused_called: [71218962,com.android.permissioncontroller.permission.ui.GrantPermissionsActivity,performPause]
11-22 08:22:24.170 1489 7614 I wm_add_to_stopping: [0,71218962,com.android.permissioncontroller/.permission.ui.GrantPermissionsActivity,completeFinishing]
11-22 08:22:24.170 1489 7614 I wm_set_resumed_activity: [0,com.android.deskclock/.DeskClock,resumeTopActivityInnerLocked]
11-22 08:22:24.171 1489 7614 I wm_resume_activity: [0,93590259,229,com.android.deskclock/.DeskClock]
11-22 08:22:24.177 1489 1634 I sysui_multi_action: [757,803,799,window_time_0,802,0]
11-22 08:22:24.214 1489 1636 I input_focus: [Focus request cce4b0c com.android.deskclock/com.android.deskclock.DeskClock,reason=UpdateInputWindows]
11-22 08:22:24.244 21910 21910 I wm_on_activity_result_called: [93590259,com.android.deskclock.DeskClock,ACTIVITY_RESULT]
11-22 08:22:24.244 21910 21910 I wm_on_resume_called: [93590259,com.android.deskclock.DeskClock,RESUME_ACTIVITY]
11-22 08:22:24.246 1489 1631 I sysui_multi_action: [319,74,321,71,322,282,325,19532,757,761,758,8,759,1,806,com.android.permissioncontroller,871,com.android.permissioncontroller.permission.ui.GrantPermissionsActivity,904,com.android.deskclock,905,0,1320,8,1321,5]
11-22 08:22:24.247 21910 21910 I wm_on_top_resumed_gained_called: [93590259,com.android.deskclock.DeskClock,topWhenResuming]
11-22 08:22:24.248 1489 1631 I wm_activity_launch_time: [0,71218962,com.android.permissioncontroller/.permission.ui.GrantPermissionsActivity,282]
11-22 08:22:24.261 1489 2012 I input_focus: [Focus entering cce4b0c com.android.deskclock/com.android.deskclock.DeskClock (server),reason=Window became focusable. Previous reason: NOT_VISIBLE]
11-22 08:22:24.555 1489 1634 I wm_destroy_activity: [0,71218962,229,com.android.permissioncontroller/.permission.ui.GrantPermissionsActivity,finish-imm:idle]
11-22 08:22:24.556 1489 1634 I wm_stop_activity: [0,168390208,com.android.launcher3/.uioverrides.QuickstepLauncher]
11-22 08:22:24.556 20344 20344 I wm_on_stop_called: [71218962,com.android.permissioncontroller.permission.ui.GrantPermissionsActivity,LIFECYCLER_STOP_ACTIVITY]
11-22 08:22:24.557 20344 20344 I wm_on_destroy_called: [71218962,com.android.permissioncontroller.permission.ui.GrantPermissionsActivity,performDestroy]
11-22 08:22:24.606 2840 2840 I wm_on_stop_called: [168390208,com.android.launcher3.uioverrides.QuickstepLauncher,STOP_ACTIVITY_ITEM]
11-22 08:22:24.842 1489 2012 I input_interaction: Interaction with: cce4b0c com.android.deskclock/com.android.deskclock.DeskClock (server), edge-swipe (server), swipe-up (server), PointerEventDispatcher0 (server),
11-22 08:22:24.857 1489 7614 I wm_task_moved: [1,0,0]
11-22 08:22:24.860 1489 7614 I wm_task_moved: [1,0,5]
11-22 08:22:24.881 2840 2840 I wm_on_restart_called: [168390208,com.android.launcher3.uioverrides.QuickstepLauncher,performRestartActivity]
11-22 08:22:24.912 2840 2840 I wm_on_start_called: [168390208,com.android.launcher3.uioverrides.QuickstepLauncher,handleStartActivity]
11-22 08:22:24.931 1489 1631 I sysui_multi_action: [319,10,322,68,325,19533,757,761,758,9,759,5,806,com.android.launcher3,871,com.android.launcher3.uioverrides.QuickstepLauncher,905,0,1320,8,1321,5]
11-22 08:22:25.035 0 0 I auditd : type=1400 audit(0.0:5998): avc: denied { kill } for comm="swapper/2" capability=5 scontext=u:r:kernel:s0 tcontext=u:r:kernel:s0 tclass=capability permissive=0
11-22 08:22:25.042 21910 21910 I view_enqueue_input_event: [Motion - Cancel,com.android.deskclock/com.android.deskclock.DeskClock]
11-22 08:22:25.044 2840 2840 I sysui_latency: [1,80]
11-22 08:22:25.052 1489 1636 I input_focus: [Focus request recents_animation_input_consumer,reason=UpdateInputWindows]
11-22 08:22:25.053 1489 2012 I input_interaction: Interaction with: edge-swipe (server), swipe-up (server), PointerEventDispatcher0 (server),
11-22 08:22:25.081 1489 2012 I input_focus: [Focus leaving cce4b0c com.android.deskclock/com.android.deskclock.DeskClock (server),reason=NOT_FOCUSABLE]
11-22 08:22:25.082 1489 2012 I input_focus: [Focus entering recents_animation_input_consumer (server),reason=setFocusedWindow]
11-22 08:22:25.118 1489 1751 I commit_sys_config_file: [settings-1-0,7]
11-22 08:22:25.227 1489 1648 I sysui_latency: [8,78]
11-22 08:22:25.958 1489 1751 I commit_sys_config_file: [settings-1-0,4]
11-22 08:22:26.035 0 0 I auditd : type=1400 audit(0.0:5999): avc: denied { kill } for comm="swapper/2" capability=5 scontext=u:r:kernel:s0 tcontext=u:r:kernel:s0 tclass=capability permissive=0
11-22 08:22:26.153 1489 2012 I input_interaction: Interaction with: 3cc67bf com.android.launcher3/com.android.launcher3.uioverrides.QuickstepLauncher (server), edge-swipe (server), swipe-up (server), PointerEventDispatcher0 (server),
11-22 08:22:26.736 1489 5105 I wm_task_moved: [1,1,6]
11-22 08:22:26.740 1489 5105 I wm_focused_root_task: [0,0,1,229,RecentsAnimation.onAnimationFinished()]
11-22 08:22:26.741 21910 21910 I wm_on_top_resumed_lost_called: [93590259,com.android.deskclock.DeskClock,topStateChangedWhenResumed]
11-22 08:22:26.742 1489 5105 I wm_pause_activity: [0,93590259,com.android.deskclock/.DeskClock,userLeaving=false,pauseBackTasks]
11-22 08:22:26.745 1489 5105 I wm_set_resumed_activity: [0,com.android.launcher3/.uioverrides.QuickstepLauncher,resumeTopActivityInnerLocked]
11-22 08:22:26.746 1489 5105 I wm_resume_activity: [0,168390208,10,com.android.launcher3/.uioverrides.QuickstepLauncher]
11-22 08:22:26.747 1489 5105 I wm_add_to_stopping: [0,93590259,com.android.deskclock/.DeskClock,makeInvisible]
11-22 08:22:26.749 2840 2840 I wm_on_resume_called: [168390208,com.android.launcher3.uioverrides.QuickstepLauncher,RESUME_ACTIVITY]
11-22 08:22:26.755 1489 1636 I input_focus: [Focus request 3cc67bf com.android.launcher3/com.android.launcher3.uioverrides.QuickstepLauncher,reason=UpdateInputWindows]
11-22 08:22:26.757 1489 1634 I sysui_multi_action: [757,803,799,window_time_0,802,3]
11-22 08:22:26.763 1489 1634 I wm_stop_activity: [0,93590259,com.android.deskclock/.DeskClock]
11-22 08:22:26.764 1489 1634 I sysui_multi_action: [757,803,799,window_time_0,802,0]
11-22 08:22:26.768 1489 2012 I input_focus: [Focus leaving recents_animation_input_consumer (server),reason=NOT_VISIBLE]
11-22 08:22:26.768 21910 21910 I wm_on_paused_called: [93590259,com.android.deskclock.DeskClock,performPause]
11-22 08:22:26.779 21910 21910 I wm_on_stop_called: [93590259,com.android.deskclock.DeskClock,STOP_ACTIVITY_ITEM]
11-22 08:22:26.784 1489 2012 I input_focus: [Focus entering 3cc67bf com.android.launcher3/com.android.launcher3.uioverrides.QuickstepLauncher (server),reason=setFocusedWindow]
11-22 08:22:26.797 2840 2840 I wm_on_top_resumed_gained_called: [168390208,com.android.launcher3.uioverrides.QuickstepLauncher,topStateChangedWhenResumed]
11-22 08:22:26.867 1489 2824 I wm_finish_activity: [0,93590259,229,com.android.deskclock/.DeskClock,remove-task]
11-22 08:22:26.868 1489 2824 I wm_destroy_activity: [0,93590259,229,com.android.deskclock/.DeskClock,finish-imm:finishIfPossible]
11-22 08:22:26.874 1489 1634 I am_kill : [0,21910,com.android.deskclock,900,remove task]
11-22 08:22:26.875 1489 1634 I sysui_multi_action: [757,803,799,window_time_0,802,0]
11-22 08:22:26.923 1489 2851 I am_proc_died: [0,21910,com.android.deskclock,900,18]
11-22 08:22:26.923 1489 2851 I am_uid_stopped: 10066
11-22 08:22:26.925 1489 2851 I wm_task_removed: [229,removeChild:removeChild last r=ActivityRecord{59412f3 u0 com.android.deskclock/.DeskClock t-1 f}} in t=Task{a7ced6b #229 type=standard A=10066:com.android.deskclock U=0 visible=false mode=fullscreen translucent=true sz=0}]
11-22 08:22:26.925 1489 2851 I wm_task_removed: [229,removeChild]
11-22 08:22:26.929 1489 1634 I am_uid_running: 10066
11-22 08:22:26.938 1489 1651 I am_proc_start: [0,22631,10066,com.android.deskclock,NULL,]
11-22 08:22:26.964 1489 2851 I am_proc_bound: [0,22631,com.android.deskclock]
11-22 08:22:27.035 0 0 I auditd : type=1400 audit(0.0:6000): avc: denied { kill } for comm="swapper/2" capability=5 scontext=u:r:kernel:s0 tcontext=u:r:kernel:s0 tclass=capability permissive=0
11-22 08:22:27.237 1489 2012 I input_interaction: Interaction with: 3cc67bf com.android.launcher3/com.android.launcher3.uioverrides.QuickstepLauncher (server), 6449bab com.android.systemui.ImageWallpaper (server), edge-swipe (server), swipe-up (server), PointerEventDispatcher0 (server),
11-22 08:22:27.333 1489 2836 I wm_task_moved: [1,1,6]
11-22 08:22:27.333 1489 2836 I wm_set_resumed_activity: [0,com.android.launcher3/.uioverrides.QuickstepLauncher,positionChildAt]
11-22 08:22:27.343 1489 2836 I wm_task_moved: [228,1,6]
11-22 08:22:27.343 1489 2836 I wm_task_to_front: [0,228]
11-22 08:22:27.343 1489 2836 I wm_focused_root_task: [0,0,228,1,reuseOrNewTask]
11-22 08:22:27.343 1489 2836 I wm_create_activity: [0,5112769,228,com.android.gallery3d/.app.GalleryActivity,NULL,NULL,NULL,269516800]
11-22 08:22:27.345 1489 2836 I wm_pause_activity: [0,168390208,com.android.launcher3/.uioverrides.QuickstepLauncher,userLeaving=true,pauseBackTasks]
11-22 08:22:27.355 2840 2840 I wm_on_top_resumed_lost_called: [168390208,com.android.launcher3.uioverrides.QuickstepLauncher,topStateChangedWhenResumed]
11-22 08:22:27.356 2840 2840 I wm_on_paused_called: [168390208,com.android.launcher3.uioverrides.QuickstepLauncher,performPause]
11-22 08:22:27.367 1489 2836 I wm_add_to_stopping: [0,168390208,com.android.launcher3/.uioverrides.QuickstepLauncher,makeInvisible]
11-22 08:22:27.368 1489 2836 I wm_restart_activity: [0,5112769,228,com.android.gallery3d/.app.GalleryActivity]
11-22 08:22:27.370 1489 2836 I wm_set_resumed_activity: [0,com.android.gallery3d/.app.GalleryActivity,minimalResumeActivityLocked]
11-22 08:22:27.382 1489 1634 I sysui_multi_action: [757,803,799,window_time_0,802,0]
11-22 08:22:27.385 1489 2012 I input_focus: [Focus leaving 3cc67bf com.android.launcher3/com.android.launcher3.uioverrides.QuickstepLauncher (server),reason=NO_WINDOW]
11-22 08:22:27.412 22477 22477 I wm_on_create_called: [5112769,com.android.gallery3d.app.GalleryActivity,performCreate]
11-22 08:22:27.413 22477 22477 I wm_on_start_called: [5112769,com.android.gallery3d.app.GalleryActivity,handleStartActivity]
11-22 08:22:27.416 22477 22477 I wm_on_resume_called: [5112769,com.android.gallery3d.app.GalleryActivity,RESUME_ACTIVITY]
11-22 08:22:27.421 22477 22477 I wm_on_top_resumed_gained_called: [5112769,com.android.gallery3d.app.GalleryActivity,topStateChangedWhenResumed]
11-22 08:22:27.440 1489 1636 I input_focus: [Focus request bde2fd8 com.android.gallery3d/com.android.gallery3d.app.GalleryActivity,reason=UpdateInputWindows]
11-22 08:22:27.445 1489 1489 I notification_enqueue: [10082,2375,com.android.systemui,2048,NULL,0,Notification(channel=updateNotification shortcut=null contentView=null vibrate=null sound=null defaults=0x0 flags=0x0 color=0x00000000 vis=PRIVATE),1]
11-22 08:22:27.445 2375 2375 I sysui_multi_action: [757,111,758,2]
11-22 08:22:27.446 2375 2375 I sysui_multi_action: [757,111,758,2]
11-22 08:22:27.463 2375 2375 I sysui_multi_action: [757,111,758,1]
11-22 08:22:27.464 2375 2375 I sysui_multi_action: [757,126,758,1,759,126,927,0,928,1,1593,0]
11-22 08:22:27.464 2375 2375 I sysui_multi_action: [757,113,758,1,759,113,927,1,928,1,1593,0]
11-22 08:22:27.465 2375 2375 I sysui_multi_action: [757,0,758,1,759,0,927,2,928,0,1593,0]
11-22 08:22:27.465 2375 2375 I sysui_multi_action: [757,0,758,1,759,0,927,3,928,0,1593,0]
11-22 08:22:27.465 2375 2375 I sysui_multi_action: [757,491,758,1,759,491,927,4,928,0,1311,-1,1593,0]
11-22 08:22:27.466 2375 2375 I sysui_multi_action: [757,0,758,1,759,0,927,5,928,0,1593,0]
11-22 08:22:27.466 2375 2375 I sysui_multi_action: [757,114,758,1,759,114,927,6,928,0,1593,0]
11-22 08:22:27.466 2375 2375 I sysui_multi_action: [757,111,758,1]
11-22 08:22:27.466 2375 2375 I sysui_multi_action: [757,126,758,1,759,126,927,0,928,1,1593,0]
11-22 08:22:27.467 2375 2375 I sysui_multi_action: [757,113,758,1,759,113,927,1,928,1,1593,0]
11-22 08:22:27.467 2375 2375 I sysui_multi_action: [757,0,758,1,759,0,927,2,928,0,1593,0]
11-22 08:22:27.467 2375 2375 I sysui_multi_action: [757,0,758,1,759,0,927,3,928,0,1593,0]
11-22 08:22:27.469 1489 2012 I input_focus: [Focus entering bde2fd8 com.android.gallery3d/com.android.gallery3d.app.GalleryActivity (server),reason=setFocusedWindow]
11-22 08:22:27.470 1489 1631 I sysui_multi_action: [319,73,321,71,322,130,325,19535,757,761,758,8,759,1,806,com.android.gallery3d,871,com.android.gallery3d.app.GalleryActivity,904,com.android.launcher3,905,0,1320,8,1321,5]
11-22 08:22:27.471 1489 1631 I wm_activity_launch_time: [0,5112769,com.android.gallery3d/.app.GalleryActivity,130]
11-22 08:22:27.785 1489 1634 I wm_stop_activity: [0,168390208,com.android.launcher3/.uioverrides.QuickstepLauncher]
11-22 08:22:27.864 2840 2840 I wm_on_stop_called: [168390208,com.android.launcher3.uioverrides.QuickstepLauncher,STOP_ACTIVITY_ITEM]
11-22 08:22:28.035 0 0 I auditd : type=1400 audit(0.0:6001): avc: denied { kill } for comm="swapper/2" capability=5 scontext=u:r:kernel:s0 tcontext=u:r:kernel:s0 tclass=capability permissive=0
11-22 08:22:28.348 1489 2012 I input_interaction: Interaction with: bde2fd8 com.android.gallery3d/com.android.gallery3d.app.GalleryActivity (server), edge-swipe (server), swipe-up (server), PointerEventDispatcher0 (server),
11-22 08:22:28.359 1489 3582 I wm_task_moved: [1,0,0]
11-22 08:22:28.360 1489 3582 I wm_task_moved: [1,0,5]
11-22 08:22:28.363 2840 2840 I wm_on_restart_called: [168390208,com.android.launcher3.uioverrides.QuickstepLauncher,performRestartActivity]
11-22 08:22:28.389 2840 2840 I wm_on_start_called: [168390208,com.android.launcher3.uioverrides.QuickstepLauncher,handleStartActivity]
11-22 08:22:28.412 22477 22477 I view_enqueue_input_event: [Motion - Cancel,com.android.gallery3d/com.android.gallery3d.app.GalleryActivity]
11-22 08:22:28.413 2840 2840 I sysui_latency: [1,61]
11-22 08:22:28.416 1489 2012 I input_interaction: Interaction with: edge-swipe (server), swipe-up (server), PointerEventDispatcher0 (server),
11-22 08:22:28.423 1489 1631 I sysui_multi_action: [319,8,322,58,325,19536,757,761,758,9,759,5,806,com.android.launcher3,871,com.android.launcher3.uioverrides.QuickstepLauncher,905,0,1320,8,1321,5]
11-22 08:22:28.425 1489 1636 I input_focus: [Focus request recents_animation_input_consumer,reason=UpdateInputWindows]
11-22 08:22:28.455 1489 2012 I input_focus: [Focus leaving bde2fd8 com.android.gallery3d/com.android.gallery3d.app.GalleryActivity (server),reason=NOT_FOCUSABLE]
11-22 08:22:28.455 1489 2012 I input_focus: [Focus entering recents_animation_input_consumer (server),reason=setFocusedWindow]
11-22 08:22:28.590 1489 1751 I commit_sys_config_file: [settings-1-0,5]
11-22 08:22:28.721 1489 1648 I sysui_latency: [8,65]
11-22 08:22:29.035 0 0 I auditd : type=1400 audit(0.0:6002): avc: denied { kill } for comm="swapper/2" capability=5 scontext=u:r:kernel:s0 tcontext=u:r:kernel:s0 tclass=capability permissive=0
11-22 08:22:29.289 1489 1751 I commit_sys_config_file: [settings-1-0,4]
11-22 08:22:29.736 1489 2012 I input_interaction: Interaction with: 3cc67bf com.android.launcher3/com.android.launcher3.uioverrides.QuickstepLauncher (server), edge-swipe (server), swipe-up (server), PointerEventDispatcher0 (server),
11-22 08:22:30.035 0 0 I auditd : type=1400 audit(0.0:6003): avc: denied { kill } for comm="swapper/2" capability=5 scontext=u:r:kernel:s0 tcontext=u:r:kernel:s0 tclass=capability permissive=0
11-22 08:22:30.193 1489 8738 I wm_task_moved: [1,0,5]
11-22 08:22:30.195 1489 8738 I wm_add_to_stopping: [0,168390208,com.android.launcher3/.uioverrides.QuickstepLauncher,makeInvisible]
11-22 08:22:30.206 1489 1636 I input_focus: [Focus request bde2fd8 com.android.gallery3d/com.android.gallery3d.app.GalleryActivity,reason=UpdateInputWindows]
11-22 08:22:30.209 1489 1634 I wm_stop_activity: [0,168390208,com.android.launcher3/.uioverrides.QuickstepLauncher]
11-22 08:22:30.230 1489 2012 I input_focus: [Focus leaving recents_animation_input_consumer (server),reason=NOT_VISIBLE]
11-22 08:22:30.231 1489 2012 I input_focus: [Focus entering bde2fd8 com.android.gallery3d/com.android.gallery3d.app.GalleryActivity (server),reason=setFocusedWindow]
11-22 08:22:30.233 1489 1648 I am_pss : [22361,1000,android:ui,14131200,8462336,0,122732544,0,19,10]
11-22 08:22:30.260 2840 2840 I wm_on_stop_called: [168390208,com.android.launcher3.uioverrides.QuickstepLauncher,STOP_ACTIVITY_ITEM]
11-22 08:22:30.859 1489 2012 I input_interaction: Interaction with: bde2fd8 com.android.gallery3d/com.android.gallery3d.app.GalleryActivity (server), edge-swipe (server), swipe-up (server), PointerEventDispatcher0 (server),
11-22 08:22:30.870 1489 2851 I wm_task_moved: [1,0,0]
11-22 08:22:30.870 1489 2851 I wm_task_moved: [1,0,5]
11-22 08:22:30.895 22477 22477 I view_enqueue_input_event: [Motion - Cancel,com.android.gallery3d/com.android.gallery3d.app.GalleryActivity]
11-22 08:22:30.896 2840 2840 I wm_on_restart_called: [168390208,com.android.launcher3.uioverrides.QuickstepLauncher,performRestartActivity]
11-22 08:22:30.897 1489 1636 I input_focus: [Focus request recents_animation_input_consumer,reason=UpdateInputWindows]
11-22 08:22:30.902 1489 2012 I input_interaction: Interaction with: edge-swipe (server), swipe-up (server), PointerEventDispatcher0 (server),
11-22 08:22:30.922 2840 2840 I wm_on_start_called: [168390208,com.android.launcher3.uioverrides.QuickstepLauncher,handleStartActivity]
11-22 08:22:30.927 1489 2012 I input_focus: [Focus leaving bde2fd8 com.android.gallery3d/com.android.gallery3d.app.GalleryActivity (server),reason=NOT_FOCUSABLE]
11-22 08:22:30.927 1489 2012 I input_focus: [Focus entering recents_animation_input_consumer (server),reason=setFocusedWindow]
11-22 08:22:30.933 2840 2840 I sysui_latency: [1,73]
11-22 08:22:30.949 1489 1631 I sysui_multi_action: [319,8,322,68,325,19539,757,761,758,9,759,5,806,com.android.launcher3,871,com.android.launcher3.uioverrides.QuickstepLauncher,905,0,1320,8,1321,5]
11-22 08:22:31.035 0 0 I auditd : type=1400 audit(0.0:6004): avc: denied { kill } for comm="swapper/2" capability=5 scontext=u:r:kernel:s0 tcontext=u:r:kernel:s0 tclass=capability permissive=0
11-22 08:22:31.130 1489 1751 I commit_sys_config_file: [settings-1-0,9]
11-22 08:22:31.243 1489 1648 I sysui_latency: [8,75]
11-22 08:22:31.700 1489 1751 I commit_sys_config_file: [settings-1-0,7]
11-22 08:22:32.035 0 0 I auditd : type=1400 audit(0.0:6005): avc: denied { kill } for comm="swapper/2" capability=5 scontext=u:r:kernel:s0 tcontext=u:r:kernel:s0 tclass=capability permissive=0
11-22 08:22:32.149 1489 2012 I input_interaction: Interaction with: 3cc67bf com.android.launcher3/com.android.launcher3.uioverrides.QuickstepLauncher (server), edge-swipe (server), swipe-up (server), PointerEventDispatcher0 (server),
11-22 08:22:32.273 1489 2851 I wm_relaunch_resume_activity: [0,5112769,228,com.android.gallery3d/.app.GalleryActivity]
11-22 08:22:32.274 1489 2851 I wm_task_moved: [1,1,6]
11-22 08:22:32.274 22477 22477 I wm_on_top_resumed_lost_called: [5112769,com.android.gallery3d.app.GalleryActivity,pausing]
11-22 08:22:32.275 1489 2851 I wm_focused_root_task: [0,0,1,228,startActivityFromRecents]
11-22 08:22:32.276 1489 2851 I wm_task_moved: [228,1,6]
11-22 08:22:32.276 1489 2851 I wm_set_resumed_activity: [0,com.android.gallery3d/.app.GalleryActivity,positionChildAt]
11-22 08:22:32.276 1489 2851 I wm_focused_root_task: [0,0,228,1,moveTaskToFront findTaskToMoveToFront]
11-22 08:22:32.276 1489 2851 I wm_set_resumed_activity: [0,com.android.gallery3d/.app.GalleryActivity,moveTaskToFront findTaskToMoveToFront]
11-22 08:22:32.294 22477 22477 I wm_on_paused_called: [5112769,com.android.gallery3d.app.GalleryActivity,performPause]
11-22 08:22:32.294 22477 22477 I wm_on_stop_called: [5112769,com.android.gallery3d.app.GalleryActivity,handleRelaunchActivity]
11-22 08:22:32.296 22477 22477 I wm_on_destroy_called: [5112769,com.android.gallery3d.app.GalleryActivity,performDestroy]
11-22 08:22:32.321 22477 22477 I wm_on_create_called: [5112769,com.android.gallery3d.app.GalleryActivity,performCreate]
11-22 08:22:32.322 22477 22477 I wm_on_start_called: [5112769,com.android.gallery3d.app.GalleryActivity,handleStartActivity]
11-22 08:22:32.328 22477 22477 I wm_on_resume_called: [5112769,com.android.gallery3d.app.GalleryActivity,RESUME_ACTIVITY]
11-22 08:22:32.328 22477 22477 I wm_on_top_resumed_gained_called: [5112769,com.android.gallery3d.app.GalleryActivity,topWhenResuming]
11-22 08:22:32.329 22477 22477 I wm_on_top_resumed_lost_called: [5112769,com.android.gallery3d.app.GalleryActivity,topStateChangedWhenResumed]
11-22 08:22:32.346 22477 22477 I wm_on_top_resumed_gained_called: [5112769,com.android.gallery3d.app.GalleryActivity,topStateChangedWhenResumed]
11-22 08:22:32.729 1489 8738 I wm_task_moved: [1,1,6]
11-22 08:22:32.729 1489 8738 I wm_task_moved: [10,1,2147483647]
11-22 08:22:32.730 1489 8738 I wm_task_to_front: [0,10]
11-22 08:22:32.730 1489 8738 I wm_focused_root_task: [0,0,1,228,RecentsAnimation.onAnimationFinished()]
11-22 08:22:32.730 1489 8738 I wm_set_resumed_activity: [0,com.android.launcher3/.uioverrides.QuickstepLauncher,RecentsAnimation.onAnimationFinished()]
11-22 08:22:32.730 22477 22477 I wm_on_top_resumed_lost_called: [5112769,com.android.gallery3d.app.GalleryActivity,topStateChangedWhenResumed]
11-22 08:22:32.731 1489 8738 I wm_set_resumed_activity: [0,com.android.launcher3/.uioverrides.QuickstepLauncher,resumeTopActivityInnerLocked]
11-22 08:22:32.733 1489 8738 I wm_resume_activity: [0,168390208,10,com.android.launcher3/.uioverrides.QuickstepLauncher]
11-22 08:22:32.742 1489 1636 I input_focus: [Focus request 3cc67bf com.android.launcher3/com.android.launcher3.uioverrides.QuickstepLauncher,reason=UpdateInputWindows]
11-22 08:22:32.749 1489 1634 I sysui_multi_action: [757,803,799,window_time_0,802,6]
11-22 08:22:32.749 1489 2012 I input_focus: [Focus leaving recents_animation_input_consumer (server),reason=NOT_VISIBLE]
