11-22 08:15:58.408 1489 1650 I am_uid_idle: 10083
11-22 08:15:58.959 1489 2012 I input_interaction: Interaction with: 3c07225 com.android.gallery3d/com.android.gallery3d.app.MovieActivity (server), edge-swipe (server), swipe-up (server), PointerEventDispatcher0 (server),
11-22 08:16:00.035 0 0 I auditd : type=1400 audit(0.0:5693): avc: denied { kill } for comm="swapper/0" capability=5 scontext=u:r:kernel:s0 tcontext=u:r:kernel:s0 tclass=capability permissive=0
11-22 08:16:01.041 1489 8738 I wm_relaunch_resume_activity: [0,175999620,219,com.android.gallery3d/.app.MovieActivity]
11-22 08:16:01.041 1489 8738 I wm_add_to_stopping: [0,209961133,com.android.gallery3d/.app.GalleryActivity,makeInvisible]
11-22 08:16:01.041 1489 8738 I wm_add_to_stopping: [0,168390208,com.android.launcher3/.uioverrides.QuickstepLauncher,makeInvisible]
11-22 08:16:01.057 1489 1634 I wm_relaunch_activity: [0,209961133,219,com.android.gallery3d/.app.GalleryActivity]
11-22 08:16:01.058 21003 21003 I wm_on_top_resumed_lost_called: [175999620,com.android.gallery3d.app.MovieActivity,pausing]
11-22 08:16:01.092 1489 1489 I notification_enqueue: [10082,2375,com.android.systemui,2048,NULL,0,Notification(channel=updateNotification shortcut=null contentView=null vibrate=null sound=null defaults=0x0 flags=0x0 color=0x00000000 vis=PRIVATE),1]
11-22 08:16:01.092 2375 2375 I sysui_multi_action: [757,111,758,2]
11-22 08:16:01.092 2375 2375 I sysui_multi_action: [757,111,758,2]
11-22 08:16:01.097 21003 21003 I wm_on_paused_called: [175999620,com.android.gallery3d.app.MovieActivity,performPause]
11-22 08:16:01.098 21003 21003 I wm_on_stop_called: [175999620,com.android.gallery3d.app.MovieActivity,handleRelaunchActivity]
11-22 08:16:01.098 21003 21003 I wm_on_destroy_called: [175999620,com.android.gallery3d.app.MovieActivity,performDestroy]
11-22 08:16:01.108 2375 2375 I sysui_multi_action: [757,111,758,1]
11-22 08:16:01.108 2375 2375 I sysui_multi_action: [757,126,758,1,759,126,927,0,928,0,1593,0]
11-22 08:16:01.108 2375 2375 I sysui_multi_action: [757,113,758,1,759,113,927,1,928,1,1593,0]
11-22 08:16:01.108 2375 2375 I sysui_multi_action: [757,0,758,1,759,0,927,2,928,0,1593,0]
11-22 08:16:01.108 2375 2375 I sysui_multi_action: [757,0,758,1,759,0,927,3,928,0,1593,0]
11-22 08:16:01.109 2375 2375 I sysui_multi_action: [757,491,758,1,759,491,927,4,928,0,1311,-1,1593,0]
11-22 08:16:01.109 2375 2375 I sysui_multi_action: [757,0,758,1,759,0,927,5,928,0,1593,0]
11-22 08:16:01.109 2375 2375 I sysui_multi_action: [757,114,758,1,759,114,927,6,928,0,1593,0]
11-22 08:16:01.109 2375 2375 I sysui_multi_action: [757,111,758,1]
11-22 08:16:01.109 2375 2375 I sysui_multi_action: [757,126,758,1,759,126,927,0,928,0,1593,0]
11-22 08:16:01.109 2375 2375 I sysui_multi_action: [757,113,758,1,759,113,927,1,928,1,1593,0]
11-22 08:16:01.109 2375 2375 I sysui_multi_action: [757,0,758,1,759,0,927,2,928,0,1593,0]
11-22 08:16:01.109 2375 2375 I sysui_multi_action: [757,0,758,1,759,0,927,3,928,0,1593,0]
11-22 08:16:01.115 1489 1648 I am_pss : [21003,10069,com.android.gallery3d,61117440,54738944,0,183451648,0,2,8]
11-22 08:16:01.116 21003 21003 I wm_on_create_called: [175999620,com.android.gallery3d.app.MovieActivity,performCreate]
11-22 08:16:01.117 21003 21003 I wm_on_start_called: [175999620,com.android.gallery3d.app.MovieActivity,handleStartActivity]
11-22 08:16:01.121 21003 21003 I wm_on_resume_called: [175999620,com.android.gallery3d.app.MovieActivity,RESUME_ACTIVITY]
11-22 08:16:01.121 21003 21003 I wm_on_top_resumed_gained_called: [175999620,com.android.gallery3d.app.MovieActivity,topWhenResuming]
11-22 08:16:01.123 21003 21003 I wm_on_stop_called: [209961133,com.android.gallery3d.app.GalleryActivity,handleRelaunchActivity]
11-22 08:16:01.124 21003 21003 I wm_on_destroy_called: [209961133,com.android.gallery3d.app.GalleryActivity,performDestroy]
11-22 08:16:01.134 21003 21003 I wm_on_create_called: [209961133,com.android.gallery3d.app.GalleryActivity,performCreate]
11-22 08:16:01.135 21003 21003 I wm_on_start_called: [209961133,com.android.gallery3d.app.GalleryActivity,handleStartActivity]
11-22 08:16:01.138 21003 21003 I wm_on_resume_called: [209961133,com.android.gallery3d.app.GalleryActivity,LIFECYCLER_RESUME_ACTIVITY]
11-22 08:16:01.138 21003 21003 I wm_on_paused_called: [209961133,com.android.gallery3d.app.GalleryActivity,performPause]
11-22 08:16:01.408 1489 1634 I wm_stop_activity: [0,168390208,com.android.launcher3/.uioverrides.QuickstepLauncher]
11-22 08:16:01.450 2840 2840 I wm_on_paused_called: [168390208,com.android.launcher3.uioverrides.QuickstepLauncher,performPause]
11-22 08:16:01.453 2840 2840 I wm_on_stop_called: [168390208,com.android.launcher3.uioverrides.QuickstepLauncher,STOP_ACTIVITY_ITEM]
11-22 08:16:01.475 1489 1648 I am_pss : [20988,1000,com.android.settings,60845056,48914432,0,201396224,0,15,10]
11-22 08:16:02.035 0 0 I auditd : type=1400 audit(0.0:5694): avc: denied { kill } for comm="swapper/2" capability=5 scontext=u:r:kernel:s0 tcontext=u:r:kernel:s0 tclass=capability permissive=0
11-22 08:16:02.829 1489 2489 I ntp_failure: [time.android.com/2001:4860:4806:c::,java.net.SocketTimeoutException: Poll timed out]
11-22 08:16:03.035 0 0 I auditd : type=1400 audit(0.0:5695): avc: denied { kill } for comm="swapper/2" capability=5 scontext=u:r:kernel:s0 tcontext=u:r:kernel:s0 tclass=capability permissive=0
11-22 08:16:04.401 21003 21003 I menu_item_selected: [0,shiping]
11-22 08:16:04.402 1489 8504 I wm_finish_activity: [0,175999620,219,com.android.gallery3d/.app.MovieActivity,app-request]
11-22 08:16:04.412 1489 8504 I wm_pause_activity: [0,175999620,com.android.gallery3d/.app.MovieActivity,userLeaving=false,finish]
11-22 08:16:04.418 21003 21003 I wm_on_top_resumed_lost_called: [175999620,com.android.gallery3d.app.MovieActivity,topStateChangedWhenResumed]
11-22 08:16:04.449 1489 2012 I input_focus: [Focus leaving 3c07225 com.android.gallery3d/com.android.gallery3d.app.MovieActivity (server),reason=NO_WINDOW]
11-22 08:16:04.469 21003 21003 I wm_on_paused_called: [175999620,com.android.gallery3d.app.MovieActivity,performPause]
11-22 08:16:04.469 1489 8738 I wm_add_to_stopping: [0,175999620,com.android.gallery3d/.app.MovieActivity,completeFinishing]
11-22 08:16:04.471 1489 8738 I wm_set_resumed_activity: [0,com.android.gallery3d/.app.GalleryActivity,resumeTopActivityInnerLocked]
11-22 08:16:04.472 1489 8738 I wm_resume_activity: [0,209961133,219,com.android.gallery3d/.app.GalleryActivity]
11-22 08:16:04.475 1489 1634 I sysui_multi_action: [757,803,799,window_time_2,802,11]
11-22 08:16:04.483 21003 21003 I wm_on_activity_result_called: [209961133,com.android.gallery3d.app.GalleryActivity,ACTIVITY_RESULT]
11-22 08:16:04.489 21003 21003 I wm_on_resume_called: [209961133,com.android.gallery3d.app.GalleryActivity,RESUME_ACTIVITY]
11-22 08:16:04.489 21003 21003 I wm_on_top_resumed_gained_called: [209961133,com.android.gallery3d.app.GalleryActivity,topWhenResuming]
11-22 08:16:04.503 1489 1636 I input_focus: [Focus request 6c4fcf com.android.gallery3d/com.android.gallery3d.app.GalleryActivity,reason=UpdateInputWindows]
11-22 08:16:04.550 1489 2012 I input_focus: [Focus entering 6c4fcf com.android.gallery3d/com.android.gallery3d.app.GalleryActivity (server),reason=Window became focusable. Previous reason: NOT_VISIBLE]
11-22 08:16:04.938 1489 1634 I wm_destroy_activity: [0,175999620,219,com.android.gallery3d/.app.MovieActivity,finish-imm:idle]
11-22 08:16:04.957 21003 21003 I wm_on_stop_called: [175999620,com.android.gallery3d.app.MovieActivity,LIFECYCLER_STOP_ACTIVITY]
11-22 08:16:04.957 21003 21003 I wm_on_destroy_called: [175999620,com.android.gallery3d.app.MovieActivity,performDestroy]
11-22 08:16:05.035 0 0 I auditd : type=1400 audit(0.0:5696): avc: denied { kill } for comm="swapper/1" capability=5 scontext=u:r:kernel:s0 tcontext=u:r:kernel:s0 tclass=capability permissive=0
11-22 08:16:05.840 1489 2012 I input_interaction: Interaction with: 6c4fcf com.android.gallery3d/com.android.gallery3d.app.GalleryActivity (server), edge-swipe (server), swipe-up (server), PointerEventDispatcher0 (server),
11-22 08:16:05.858 1489 8504 I wm_task_moved: [1,0,0]
11-22 08:16:05.859 1489 8504 I wm_task_moved: [1,0,6]
11-22 08:16:05.890 2840 2840 I wm_on_restart_called: [168390208,com.android.launcher3.uioverrides.QuickstepLauncher,performRestartActivity]
11-22 08:16:05.924 2840 2840 I wm_on_start_called: [168390208,com.android.launcher3.uioverrides.QuickstepLauncher,handleStartActivity]
11-22 08:16:05.942 2840 2840 I sysui_latency: [1,94]
11-22 08:16:05.948 1489 1636 I input_focus: [Focus request recents_animation_input_consumer,reason=UpdateInputWindows]
11-22 08:16:05.950 21003 21003 I view_enqueue_input_event: [Motion - Cancel,com.android.gallery3d/com.android.gallery3d.app.GalleryActivity]
11-22 08:16:05.955 1489 1631 I sysui_multi_action: [319,17,322,81,325,19154,757,761,758,9,759,5,806,com.android.launcher3,871,com.android.launcher3.uioverrides.QuickstepLauncher,905,0,1320,8,1321,5]
11-22 08:16:05.961 1489 2012 I input_interaction: Interaction with: edge-swipe (server), swipe-up (server), PointerEventDispatcher0 (server),
11-22 08:16:05.969 1489 2012 I input_focus: [Focus leaving 6c4fcf com.android.gallery3d/com.android.gallery3d.app.GalleryActivity (server),reason=NOT_FOCUSABLE]
11-22 08:16:05.969 1489 2012 I input_focus: [Focus entering recents_animation_input_consumer (server),reason=setFocusedWindow]
11-22 08:16:06.131 1489 1751 I commit_sys_config_file: [settings-1-0,8]
11-22 08:16:06.241 1489 1648 I sysui_latency: [8,95]
11-22 08:16:06.626 1489 6560 I wm_task_moved: [1,1,7]
11-22 08:16:06.630 1489 6560 I wm_task_moved: [10,1,2147483647]
11-22 08:16:06.630 1489 6560 I wm_task_to_front: [0,10]
11-22 08:16:06.630 1489 6560 I wm_focused_root_task: [0,0,1,219,RecentsAnimation.onAnimationFinished()]
11-22 08:16:06.630 21003 21003 I wm_on_top_resumed_lost_called: [209961133,com.android.gallery3d.app.GalleryActivity,topStateChangedWhenResumed]
11-22 08:16:06.630 1489 6560 I wm_set_resumed_activity: [0,com.android.launcher3/.uioverrides.QuickstepLauncher,RecentsAnimation.onAnimationFinished()]
11-22 08:16:06.632 1489 6560 I wm_pause_activity: [0,209961133,com.android.gallery3d/.app.GalleryActivity,userLeaving=true,pauseBackTasks]
11-22 08:16:06.633 1489 6560 I wm_add_to_stopping: [0,209961133,com.android.gallery3d/.app.GalleryActivity,makeInvisible]
11-22 08:16:06.633 1489 6560 I wm_set_resumed_activity: [0,com.android.launcher3/.uioverrides.QuickstepLauncher,resumeTopActivityInnerLocked]
11-22 08:16:06.634 1489 6560 I wm_resume_activity: [0,168390208,10,com.android.launcher3/.uioverrides.QuickstepLauncher]
11-22 08:16:06.635 2840 2840 I wm_on_resume_called: [168390208,com.android.launcher3.uioverrides.QuickstepLauncher,RESUME_ACTIVITY]
11-22 08:16:06.649 1489 1636 I input_focus: [Focus request 3cc67bf com.android.launcher3/com.android.launcher3.uioverrides.QuickstepLauncher,reason=UpdateInputWindows]
11-22 08:16:06.653 1489 2835 I wm_stop_activity: [0,209961133,com.android.gallery3d/.app.GalleryActivity]
11-22 08:16:06.656 1489 2012 I input_focus: [Focus leaving recents_animation_input_consumer (server),reason=NOT_VISIBLE]
11-22 08:16:06.658 2840 2840 I wm_on_top_resumed_gained_called: [168390208,com.android.launcher3.uioverrides.QuickstepLauncher,topStateChangedWhenResumed]
11-22 08:16:06.664 1489 1634 I sysui_multi_action: [757,803,799,window_time_0,802,2]
11-22 08:16:06.666 21003 21003 I wm_on_paused_called: [209961133,com.android.gallery3d.app.GalleryActivity,performPause]
11-22 08:16:06.667 21003 21003 I wm_on_stop_called: [209961133,com.android.gallery3d.app.GalleryActivity,STOP_ACTIVITY_ITEM]
11-22 08:16:06.669 1489 1634 I sysui_multi_action: [757,803,799,window_time_0,802,0]
11-22 08:16:06.672 1489 2012 I input_focus: [Focus entering 3cc67bf com.android.launcher3/com.android.launcher3.uioverrides.QuickstepLauncher (server),reason=setFocusedWindow]
11-22 08:16:06.685 1489 2012 I input_interaction: Interaction with: 3cc67bf com.android.launcher3/com.android.launcher3.uioverrides.QuickstepLauncher (server), 6449bab com.android.systemui.ImageWallpaper (server), edge-swipe (server), swipe-up (server), PointerEventDispatcher0 (server),
11-22 08:16:06.770 1489 2835 I wm_task_moved: [216,1,7]
11-22 08:16:06.770 1489 2835 I wm_task_to_front: [0,216]
11-22 08:16:06.771 1489 2835 I wm_focused_root_task: [0,0,216,1,bringingFoundTaskToFront]
11-22 08:16:06.771 1489 2835 I wm_set_resumed_activity: [0,com.android.settings/.Settings,bringingFoundTaskToFront]
11-22 08:16:06.771 1489 2835 I wm_new_intent: [0,180379116,216,com.android.settings/.Settings,android.intent.action.MAIN,NULL,NULL,270532608]
11-22 08:16:06.771 1489 2835 I wm_pause_activity: [0,168390208,com.android.launcher3/.uioverrides.QuickstepLauncher,userLeaving=true,pauseBackTasks]
11-22 08:16:06.775 2840 2840 I wm_on_top_resumed_lost_called: [168390208,com.android.launcher3.uioverrides.QuickstepLauncher,topStateChangedWhenResumed]
11-22 08:16:06.785 2840 2840 I wm_on_paused_called: [168390208,com.android.launcher3.uioverrides.QuickstepLauncher,performPause]
11-22 08:16:06.787 1489 8504 I wm_set_resumed_activity: [0,com.android.settings/.Settings,resumeTopActivityInnerLocked]
11-22 08:16:06.787 1489 8504 I wm_add_to_stopping: [0,168390208,com.android.launcher3/.uioverrides.QuickstepLauncher,makeInvisible]
11-22 08:16:06.788 1489 8504 I wm_resume_activity: [0,180379116,216,com.android.settings/.Settings]
11-22 08:16:06.791 1489 1634 I sysui_multi_action: [757,803,799,window_time_0,802,0]
11-22 08:16:06.806 20988 20988 I wm_on_restart_called: [180379116,com.android.settings.Settings,performRestartActivity]
11-22 08:16:06.810 1489 2012 I input_focus: [Focus leaving 3cc67bf com.android.launcher3/com.android.launcher3.uioverrides.QuickstepLauncher (server),reason=NO_WINDOW]
11-22 08:16:06.825 20988 20988 I wm_on_start_called: [180379116,com.android.settings.Settings,handleStartActivity]
11-22 08:16:06.826 20988 20988 I snet_event_log: [120484087,-1,]
11-22 08:16:06.826 20988 20988 I wm_on_resume_called: [180379116,com.android.settings.Settings,RESUME_ACTIVITY]
11-22 08:16:06.826 20988 20988 I sysui_multi_action: [757,35,758,1,833,0,1089,0]
11-22 08:16:06.827 20988 20988 I sysui_multi_action: [757,747,758,1,833,0,1089,0]
11-22 08:16:06.828 20988 20988 I wm_on_top_resumed_gained_called: [180379116,com.android.settings.Settings,topWhenResuming]
11-22 08:16:06.837 1489 1636 I input_focus: [Focus request ad9424c com.android.settings/com.android.settings.Settings,reason=UpdateInputWindows]
11-22 08:16:06.851 1489 1631 I sysui_multi_action: [319,24,321,23,322,75,325,19155,757,761,758,9,759,4,806,com.android.settings,871,com.android.settings.Settings,904,com.android.launcher3,905,0,1320,8,1321,5]
11-22 08:16:06.855 1489 2012 I input_focus: [Focus entering ad9424c com.android.settings/com.android.settings.Settings (server),reason=setFocusedWindow]
11-22 08:16:07.035 0 0 I auditd : type=1400 audit(0.0:5697): avc: denied { kill } for comm="swapper/2" capability=5 scontext=u:r:kernel:s0 tcontext=u:r:kernel:s0 tclass=capability permissive=0
11-22 08:16:07.118 1489 2301 I netstats_mobile_sample: [0,0,0,0,0,0,0,0,0,0,0,0,1669076167118]
11-22 08:16:07.119 1489 2301 I netstats_wifi_sample: [28346660,20579,704351,4082,28346660,20579,704351,4082,28723225,21056,576695,3817,1669076167118]
11-22 08:16:07.331 1489 1634 I wm_stop_activity: [0,168390208,com.android.launcher3/.uioverrides.QuickstepLauncher]
11-22 08:16:07.380 2840 2840 I wm_on_stop_called: [168390208,com.android.launcher3.uioverrides.QuickstepLauncher,STOP_ACTIVITY_ITEM]
11-22 08:16:07.837 1489 2489 I ntp_failure: [time.android.com/2001:4860:4806:8::,java.net.SocketTimeoutException: Poll timed out]
11-22 08:16:08.035 288 288 I auditd : type=1400 audit(0.0:5698): avc: denied { kill } for comm="kgsl_worker_thr" capability=5 scontext=u:r:kernel:s0 tcontext=u:r:kernel:s0 tclass=capability permissive=0
11-22 08:16:08.616 1489 2012 I input_interaction: Interaction with: ad9424c com.android.settings/com.android.settings.Settings (server), edge-swipe (server), swipe-up (server), PointerEventDispatcher0 (server),
11-22 08:16:08.732 20988 20988 I sysui_multi_action: [757,830,758,4,833,0,854,top_level_sound,1089,0]
11-22 08:16:08.837 20988 20988 I sysui_multi_action: [757,747,758,2,1089,2009]
11-22 08:16:08.929 20988 20988 I sysui_multi_action: [757,336,758,1,833,0,1089,79]
11-22 08:16:08.934 20988 20988 I sysui_multi_action: [757,1729,758,4,854,isParalleledControllers:false,1089,85]
11-22 08:16:08.959 20988 21493 I service_manager_slow: [13,audio]
11-22 08:16:09.035 0 0 I auditd : type=1400 audit(0.0:5699): avc: denied { kill } for comm="swapper/2" capability=5 scontext=u:r:kernel:s0 tcontext=u:r:kernel:s0 tclass=capability permissive=0
11-22 08:16:10.035 0 0 I auditd : type=1400 audit(0.0:5700): avc: denied { kill } for comm="swapper/2" capability=5 scontext=u:r:kernel:s0 tcontext=u:r:kernel:s0 tclass=capability permissive=0
11-22 08:16:10.107 1489 8504 I volume_changed: [3,19,18,39,com.android.settings]
11-22 08:16:10.126 2375 2723 I sysui_multi_action: [757,210,758,4,759,3]
11-22 08:16:10.145 1489 8504 I volume_changed: [3,18,17,39,com.android.settings]
11-22 08:16:10.185 1489 8504 I volume_changed: [3,17,16,39,com.android.settings]
11-22 08:16:10.214 1489 7595 I volume_changed: [3,16,14,39,com.android.settings]
11-22 08:16:10.392 1489 7595 I volume_changed: [3,14,16,39,com.android.settings]
11-22 08:16:10.419 1489 7595 I volume_changed: [3,16,18,39,com.android.settings]
11-22 08:16:10.445 1489 7595 I volume_changed: [3,18,22,39,com.android.settings]
11-22 08:16:10.466 1489 8738 I volume_changed: [3,22,25,39,com.android.settings]
11-22 08:16:10.492 1489 3542 I volume_changed: [3,25,26,39,com.android.settings]
11-22 08:16:10.562 1489 8738 I volume_changed: [3,26,27,39,com.android.settings]
11-22 08:16:10.620 1489 3582 I volume_changed: [3,27,26,39,com.android.settings]
11-22 08:16:10.853 1489 1751 I commit_sys_config_file: [settings-1-0,3]
11-22 08:16:11.035 0 0 I auditd : type=1400 audit(0.0:5701): avc: denied { kill } for comm="swapper/2" capability=5 scontext=u:r:kernel:s0 tcontext=u:r:kernel:s0 tclass=capability permissive=0
11-22 08:16:12.035 0 0 I auditd : type=1400 audit(0.0:5702): avc: denied { kill } for comm="swapper/2" capability=5 scontext=u:r:kernel:s0 tcontext=u:r:kernel:s0 tclass=capability permissive=0
11-22 08:16:12.846 1489 2489 I ntp_failure: [time.android.com/2001:4860:4806::,java.net.SocketTimeoutException: Poll timed out]
11-22 08:16:13.032 1489 7595 I wm_task_moved: [1,0,0]
11-22 08:16:13.032 1489 7595 I wm_task_moved: [1,0,6]
11-22 08:16:13.045 2840 2840 I wm_on_restart_called: [168390208,com.android.launcher3.uioverrides.QuickstepLauncher,performRestartActivity]
11-22 08:16:13.077 2840 2840 I wm_on_start_called: [168390208,com.android.launcher3.uioverrides.QuickstepLauncher,handleStartActivity]
11-22 08:16:13.111 1489 1631 I sysui_multi_action: [319,13,322,63,325,19161,757,761,758,9,759,5,806,com.android.launcher3,871,com.android.launcher3.uioverrides.QuickstepLauncher,905,0,1320,8,1321,5]
11-22 08:16:13.115 20988 20988 I view_enqueue_input_event: [Motion - Cancel,com.android.settings/com.android.settings.Settings]
11-22 08:16:13.115 2840 2840 I sysui_latency: [1,81]
11-22 08:16:13.119 2375 2723 I sysui_multi_action: [757,210,758,4,759,-1]
11-22 08:16:13.122 1489 1636 I input_focus: [Focus request recents_animation_input_consumer,reason=UpdateInputWindows]
11-22 08:16:13.126 1489 2012 I input_interaction: Interaction with: edge-swipe (server), swipe-up (server), PointerEventDispatcher0 (server),
11-22 08:16:13.153 1489 2012 I input_focus: [Focus leaving ad9424c com.android.settings/com.android.settings.Settings (server),reason=NOT_FOCUSABLE]
11-22 08:16:13.153 1489 2012 I input_focus: [Focus entering recents_animation_input_consumer (server),reason=setFocusedWindow]
11-22 08:16:13.283 1489 1751 I commit_sys_config_file: [settings-1-0,7]
11-22 08:16:13.398 1489 1648 I sysui_latency: [8,82]
11-22 08:16:13.889 1489 7595 I wm_task_moved: [1,1,7]
11-22 08:16:13.891 1489 7595 I wm_task_moved: [10,1,2147483647]
11-22 08:16:13.891 1489 7595 I wm_task_to_front: [0,10]
11-22 08:16:13.892 20988 20988 I wm_on_top_resumed_lost_called: [180379116,com.android.settings.Settings,topStateChangedWhenResumed]
11-22 08:16:13.892 1489 7595 I wm_focused_root_task: [0,0,1,216,RecentsAnimation.onAnimationFinished()]
11-22 08:16:13.892 1489 7595 I wm_set_resumed_activity: [0,com.android.launcher3/.uioverrides.QuickstepLauncher,RecentsAnimation.onAnimationFinished()]
11-22 08:16:13.893 1489 7595 I wm_pause_activity: [0,180379116,com.android.settings/.Settings,userLeaving=true,pauseBackTasks]
11-22 08:16:13.894 1489 7595 I wm_add_to_stopping: [0,180379116,com.android.settings/.Settings,makeInvisible]
11-22 08:16:13.894 1489 7595 I wm_set_resumed_activity: [0,com.android.launcher3/.uioverrides.QuickstepLauncher,resumeTopActivityInnerLocked]
11-22 08:16:13.896 1489 7595 I wm_resume_activity: [0,168390208,10,com.android.launcher3/.uioverrides.QuickstepLauncher]
11-22 08:16:13.897 2840 2840 I wm_on_resume_called: [168390208,com.android.launcher3.uioverrides.QuickstepLauncher,RESUME_ACTIVITY]
11-22 08:16:13.906 1489 1636 I input_focus: [Focus request 3cc67bf com.android.launcher3/com.android.launcher3.uioverrides.QuickstepLauncher,reason=UpdateInputWindows]
11-22 08:16:13.906 1489 2012 I input_focus: [Focus leaving recents_animation_input_consumer (server),reason=NOT_VISIBLE]
11-22 08:16:13.908 2840 2840 I wm_on_top_resumed_gained_called: [168390208,com.android.launcher3.uioverrides.QuickstepLauncher,topStateChangedWhenResumed]
11-22 08:16:13.908 20988 20988 I sysui_multi_action: [757,35,758,2,1089,7082]
11-22 08:16:13.911 20988 20988 I sysui_multi_action: [757,336,758,2,1089,4982]
11-22 08:16:13.911 20988 20988 I wm_on_paused_called: [180379116,com.android.settings.Settings,performPause]
11-22 08:16:13.919 1489 8738 I wm_stop_activity: [0,180379116,com.android.settings/.Settings]
11-22 08:16:13.926 1489 2012 I input_focus: [Focus entering 3cc67bf com.android.launcher3/com.android.launcher3.uioverrides.QuickstepLauncher (server),reason=setFocusedWindow]
11-22 08:16:13.935 1489 1634 I sysui_multi_action: [757,803,799,window_time_0,802,7]
11-22 08:16:13.938 20988 20988 I wm_on_stop_called: [180379116,com.android.settings.Settings,STOP_ACTIVITY_ITEM]
11-22 08:16:13.942 1489 1634 I sysui_multi_action: [757,803,799,window_time_0,802,0]
11-22 08:16:14.035 0 0 I auditd : type=1400 audit(0.0:5703): avc: denied { kill } for comm="swapper/2" capability=5 scontext=u:r:kernel:s0 tcontext=u:r:kernel:s0 tclass=capability permissive=0
11-22 08:16:15.035 0 0 I auditd : type=1400 audit(0.0:5704): avc: denied { kill } for comm="swapper/2" capability=5 scontext=u:r:kernel:s0 tcontext=u:r:kernel:s0 tclass=capability permissive=0
11-22 08:16:16.035 0 0 I auditd : type=1400 audit(0.0:5705): avc: denied { kill } for comm="swapper/2" capability=5 scontext=u:r:kernel:s0 tcontext=u:r:kernel:s0 tclass=capability permissive=0
11-22 08:16:16.097 1489 2012 I input_interaction: Interaction with: 3cc67bf com.android.launcher3/com.android.launcher3.uioverrides.QuickstepLauncher (server), 6449bab com.android.systemui.ImageWallpaper (server), edge-swipe (server), swipe-up (server), PointerEventDispatcher0 (server),
11-22 08:16:17.035 0 0 I auditd : type=1400 audit(0.0:5706): avc: denied { kill } for comm="swapper/2" capability=5 scontext=u:r:kernel:s0 tcontext=u:r:kernel:s0 tclass=capability permissive=0
11-22 08:16:17.118 1489 3542 I wm_task_created: [220,-1]
11-22 08:16:17.131 1489 3542 I wm_task_moved: [220,1,8]
11-22 08:16:17.131 1489 3542 I wm_task_to_front: [0,220]
11-22 08:16:17.131 1489 3542 I wm_create_task: [0,220]
11-22 08:16:17.131 1489 3542 I wm_create_activity: [0,182927618,220,com.android.music/.VideoBrowserActivity,NULL,NULL,NULL,268468224]
11-22 08:16:17.131 1489 3542 I wm_task_moved: [220,1,8]
11-22 08:16:17.135 1489 3542 I wm_restart_activity: [0,182927618,220,com.android.music/.VideoBrowserActivity]
11-22 08:16:17.136 1489 3542 I wm_set_resumed_activity: [0,com.android.music/.VideoBrowserActivity,minimalResumeActivityLocked]
11-22 08:16:17.140 1489 1634 I am_uid_active: 10090
11-22 08:16:17.146 2840 2840 I wm_on_top_resumed_lost_called: [168390208,com.android.launcher3.uioverrides.QuickstepLauncher,topStateChangedWhenResumed]
11-22 08:16:17.184 19812 19812 I wm_on_create_called: [182927618,com.android.music.VideoBrowserActivity,performCreate]
11-22 08:16:17.185 19812 19812 I wm_on_start_called: [182927618,com.android.music.VideoBrowserActivity,handleStartActivity]
11-22 08:16:17.185 19812 19812 I wm_on_resume_called: [182927618,com.android.music.VideoBrowserActivity,RESUME_ACTIVITY]
11-22 08:16:17.190 19812 19812 I wm_on_top_resumed_gained_called: [182927618,com.android.music.VideoBrowserActivity,topStateChangedWhenResumed]
11-22 08:16:17.199 1489 1636 I input_focus: [Focus request ab2fd68 com.android.music/com.android.music.VideoBrowserActivity,reason=UpdateInputWindows]
11-22 08:16:17.230 1489 2012 I input_focus: [Focus leaving 3cc67bf com.android.launcher3/com.android.launcher3.uioverrides.QuickstepLauncher (server),reason=Waiting for window because NOT_VISIBLE]
11-22 08:16:17.234 1489 1631 I sysui_multi_action: [319,125,322,125,325,19165,757,761,758,8,759,2,806,com.android.music,871,com.android.music.VideoBrowserActivity,904,com.android.launcher3,905,0,1320,4,1321,1]
11-22 08:16:17.234 1489 1631 I wm_activity_launch_time: [0,182927618,com.android.music/.VideoBrowserActivity,125]
11-22 08:16:17.247 1489 2012 I input_focus: [Focus entering ab2fd68 com.android.music/com.android.music.VideoBrowserActivity (server),reason=Window became focusable. Previous reason: NOT_VISIBLE]
11-22 08:16:17.857 1489 2489 I ntp_failure: [time.android.com/2001:4860:4806:4::,java.net.SocketTimeoutException: Poll timed out]
11-22 08:16:18.202 1489 2012 I input_interaction: Interaction with: ab2fd68 com.android.music/com.android.music.VideoBrowserActivity (server), edge-swipe (server), swipe-up (server), PointerEventDispatcher0 (server),
11-22 08:16:18.380 1489 7595 I wm_task_moved: [220,1,8]
11-22 08:16:18.382 1489 7595 I wm_set_resumed_activity: [0,com.android.music/.VideoBrowserActivity,positionChildAt]
11-22 08:16:18.382 1489 7595 I wm_create_activity: [0,154196656,220,com.android.gallery3d/.app.MovieActivity,android.intent.action.VIEW,video/mp4,content://media/external/video/media/29,0]
11-22 08:16:18.384 1489 7595 I wm_pause_activity: [0,182927618,com.android.music/.VideoBrowserActivity,userLeaving=true,resumeTopActivityInnerLocked]
11-22 08:16:18.391 19812 19812 I wm_on_top_resumed_lost_called: [182927618,com.android.music.VideoBrowserActivity,topStateChangedWhenResumed]
11-22 08:16:18.393 19812 19812 I wm_on_paused_called: [182927618,com.android.music.VideoBrowserActivity,performPause]
11-22 08:16:18.397 1489 3542 I wm_restart_activity: [0,154196656,220,com.android.gallery3d/.app.MovieActivity]
11-22 08:16:18.400 1489 3542 I wm_set_resumed_activity: [0,com.android.gallery3d/.app.MovieActivity,minimalResumeActivityLocked]
11-22 08:16:18.413 1489 1634 I sysui_multi_action: [757,803,799,window_time_0,802,4]
11-22 08:16:18.445 21003 21003 I wm_on_create_called: [154196656,com.android.gallery3d.app.MovieActivity,performCreate]
11-22 08:16:18.447 21003 21003 I wm_on_start_called: [154196656,com.android.gallery3d.app.MovieActivity,handleStartActivity]
11-22 08:16:18.447 21003 21003 I wm_on_resume_called: [154196656,com.android.gallery3d.app.MovieActivity,RESUME_ACTIVITY]
11-22 08:16:18.452 21003 21003 I wm_on_top_resumed_gained_called: [154196656,com.android.gallery3d.app.MovieActivity,topStateChangedWhenResumed]
11-22 08:16:18.470 1489 1636 I input_focus: [Focus request 3861861 com.android.gallery3d/com.android.gallery3d.app.MovieActivity,reason=UpdateInputWindows]
11-22 08:16:18.485 1489 2012 I input_focus: [Focus leaving ab2fd68 com.android.music/com.android.music.VideoBrowserActivity (server),reason=Waiting for window because NOT_VISIBLE]
11-22 08:16:18.506 1489 1631 I sysui_multi_action: [319,126,322,125,325,19166,757,761,758,8,759,2,806,com.android.gallery3d,871,com.android.gallery3d.app.MovieActivity,904,com.android.music,905,0,1320,8,1321,5]
11-22 08:16:18.515 1489 1631 I wm_activity_launch_time: [0,154196656,com.android.gallery3d/.app.MovieActivity,125]
11-22 08:16:18.518 1489 2012 I input_focus: [Focus entering 3861861 com.android.gallery3d/com.android.gallery3d.app.MovieActivity (server),reason=Window became focusable. Previous reason: NOT_VISIBLE]
11-22 08:16:19.035 0 0 I auditd : type=1400 audit(0.0:5707): avc: denied { kill } for comm="swapper/2" capability=5 scontext=u:r:kernel:s0 tcontext=u:r:kernel:s0 tclass=capability permissive=0
11-22 08:16:20.035 0 0 I auditd : type=1400 audit(0.0:5708): avc: denied { kill } for comm="swapper/2" capability=5 scontext=u:r:kernel:s0 tcontext=u:r:kernel:s0 tclass=capability permissive=0
11-22 08:16:20.136 1489 2012 I input_interaction: Interaction with: 3861861 com.android.gallery3d/com.android.gallery3d.app.MovieActivity (server), edge-swipe (server), swipe-up (server), PointerEventDispatcher0 (server),
11-22 08:16:21.035 0 0 I auditd : type=1400 audit(0.0:5709): avc: denied { kill } for comm="swapper/2" capability=5 scontext=u:r:kernel:s0 tcontext=u:r:kernel:s0 tclass=capability permissive=0
11-22 08:16:21.656 1489 5500 I wm_finish_activity: [0,154196656,220,com.android.gallery3d/.app.MovieActivity,finish-activity]
11-22 08:16:21.672 1489 5500 I wm_pause_activity: [0,154196656,com.android.gallery3d/.app.MovieActivity,userLeaving=false,finish]
11-22 08:16:21.677 1489 5500 I wm_finish_activity: [0,182927618,220,com.android.music/.VideoBrowserActivity,finish-activity]
11-22 08:16:21.677 1489 5500 I wm_task_moved: [1,1,8]
11-22 08:16:21.679 1489 5500 I wm_set_resumed_activity: [0,com.android.launcher3/.uioverrides.QuickstepLauncher,positionChildAt]
11-22 08:16:21.679 1489 5500 I wm_task_moved: [10,1,2147483647]
11-22 08:16:21.680 1489 5500 I wm_task_to_front: [0,10]
11-22 08:16:21.680 1489 5500 I wm_focused_root_task: [0,0,1,-1,finish-top adjustFocusToNextFocusableTask]
11-22 08:16:21.680 1489 5500 I wm_set_resumed_activity: [0,com.android.launcher3/.uioverrides.QuickstepLauncher,finish-top]
11-22 08:16:21.684 1489 5500 I wm_destroy_activity: [0,182927618,220,com.android.music/.VideoBrowserActivity,finish-imm:finishIfPossible]
11-22 08:16:21.698 19812 19812 I wm_on_stop_called: [182927618,com.android.music.VideoBrowserActivity,LIFECYCLER_STOP_ACTIVITY]
11-22 08:16:21.700 21003 21003 I wm_on_top_resumed_lost_called: [154196656,com.android.gallery3d.app.MovieActivity,topStateChangedWhenResumed]
11-22 08:16:21.703 2840 2840 I wm_on_top_resumed_gained_called: [168390208,com.android.launcher3.uioverrides.QuickstepLauncher,topStateChangedWhenResumed]
11-22 08:16:21.705 1489 1636 I input_focus: [Focus request 3cc67bf com.android.launcher3/com.android.launcher3.uioverrides.QuickstepLauncher,reason=UpdateInputWindows]
11-22 08:16:21.714 19812 19812 I wm_on_destroy_called: [182927618,com.android.music.VideoBrowserActivity,performDestroy]
11-22 08:16:21.724 1489 2012 I input_focus: [Focus leaving 3861861 com.android.gallery3d/com.android.gallery3d.app.MovieActivity (server),reason=NO_WINDOW]
11-22 08:16:21.724 1489 2012 I input_focus: [Focus entering 3cc67bf com.android.launcher3/com.android.launcher3.uioverrides.QuickstepLauncher (server),reason=setFocusedWindow]
11-22 08:16:21.731 1489 1634 I sysui_multi_action: [757,803,799,window_time_2,802,4]
11-22 08:16:21.768 21003 21003 I wm_on_paused_called: [154196656,com.android.gallery3d.app.MovieActivity,performPause]
11-22 08:16:21.769 1489 3542 I wm_destroy_activity: [0,154196656,220,com.android.gallery3d/.app.MovieActivity,finish-imm:completePausedLocked]
11-22 08:16:21.770 1489 1634 I sysui_multi_action: [757,803,799,window_time_0,802,0]
11-22 08:16:21.781 21003 21003 I wm_on_stop_called: [154196656,com.android.gallery3d.app.MovieActivity,LIFECYCLER_STOP_ACTIVITY]
11-22 08:16:21.781 21003 21003 I wm_on_destroy_called: [154196656,com.android.gallery3d.app.MovieActivity,performDestroy]
11-22 08:16:21.990 1489 1636 I wm_task_removed: [220,removeChild:removeChild last r=ActivityRecord{ae74102 u0 com.android.music/.VideoBrowserActivity t-1 f}} in t=Task{8d3224d #220 type=standard A=10090:android.task.video U=0 visible=false mode=freeform translucent=true sz=0}]
11-22 08:16:21.990 1489 1636 I wm_task_removed: [220,removeChild]
11-22 08:16:22.035 0 0 I auditd : type=1400 audit(0.0:5710): avc: denied { kill } for comm="swapper/2" capability=5 scontext=u:r:kernel:s0 tcontext=u:r:kernel:s0 tclass=capability permissive=0
11-22 08:16:22.817 1489 2012 I input_interaction: Interaction with: 3cc67bf com.android.launcher3/com.android.launcher3.uioverrides.QuickstepLauncher (server), 6449bab com.android.systemui.ImageWallpaper (server), edge-swipe (server), swipe-up (server), PointerEventDispatcher0 (server),
11-22 08:16:23.035 0 0 I auditd : type=1400 audit(0.0:5711): avc: denied { kill } for comm="swapper/2" capability=5 scontext=u:r:kernel:s0 tcontext=u:r:kernel:s0 tclass=capability permissive=0
11-22 08:16:23.987 1489 8738 I wm_task_created: [221,-1]
11-22 08:16:23.991 1489 8738 I wm_task_moved: [221,1,8]
11-22 08:16:23.992 1489 8738 I wm_task_to_front: [0,221]
11-22 08:16:23.992 1489 8738 I wm_create_task: [0,221]
11-22 08:16:23.992 1489 8738 I wm_create_activity: [0,91253813,221,com.android.music/.VideoBrowserActivity,NULL,NULL,NULL,268468224]
11-22 08:16:23.992 1489 8738 I wm_task_moved: [221,1,8]
11-22 08:16:23.995 1489 8738 I wm_restart_activity: [0,91253813,221,com.android.music/.VideoBrowserActivity]
11-22 08:16:24.004 1489 8738 I wm_set_resumed_activity: [0,com.android.music/.VideoBrowserActivity,minimalResumeActivityLocked]
11-22 08:16:24.024 2840 2840 I wm_on_top_resumed_lost_called: [168390208,com.android.launcher3.uioverrides.QuickstepLauncher,topStateChangedWhenResumed]
11-22 08:16:24.035 0 0 I auditd : type=1400 audit(0.0:5712): avc: denied { kill } for comm="swapper/2" capability=5 scontext=u:r:kernel:s0 tcontext=u:r:kernel:s0 tclass=capability permissive=0
11-22 08:16:24.048 19812 19812 I wm_on_create_called: [91253813,com.android.music.VideoBrowserActivity,performCreate]
11-22 08:16:24.049 19812 19812 I wm_on_start_called: [91253813,com.android.music.VideoBrowserActivity,handleStartActivity]
11-22 08:16:24.050 19812 19812 I wm_on_resume_called: [91253813,com.android.music.VideoBrowserActivity,RESUME_ACTIVITY]
11-22 08:16:24.054 19812 19812 I wm_on_top_resumed_gained_called: [91253813,com.android.music.VideoBrowserActivity,topStateChangedWhenResumed]
11-22 08:16:24.062 1489 1636 I input_focus: [Focus request c384796 com.android.music/com.android.music.VideoBrowserActivity,reason=UpdateInputWindows]
11-22 08:16:24.075 1489 1631 I sysui_multi_action: [319,89,322,89,325,19172,757,761,758,8,759,2,806,com.android.music,871,com.android.music.VideoBrowserActivity,904,com.android.launcher3,905,0,1320,4,1321,1]
11-22 08:16:24.077 1489 1631 I wm_activity_launch_time: [0,91253813,com.android.music/.VideoBrowserActivity,89]
11-22 08:16:24.083 1489 2012 I input_focus: [Focus leaving 3cc67bf com.android.launcher3/com.android.launcher3.uioverrides.QuickstepLauncher (server),reason=setFocusedWindow]
11-22 08:16:24.083 1489 2012 I input_focus: [Focus entering c384796 com.android.music/com.android.music.VideoBrowserActivity (server),reason=setFocusedWindow]
11-22 08:16:24.784 1489 2012 I input_interaction: Interaction with: c384796 com.android.music/com.android.music.VideoBrowserActivity (server), edge-swipe (server), swipe-up (server), PointerEventDispatcher0 (server),
11-22 08:16:24.959 1489 3542 I wm_task_moved: [221,1,8]
11-22 08:16:24.959 1489 3542 I wm_set_resumed_activity: [0,com.android.music/.VideoBrowserActivity,positionChildAt]
11-22 08:16:24.959 1489 3542 I wm_create_activity: [0,255168931,221,com.android.gallery3d/.app.MovieActivity,android.intent.action.VIEW,video/mp4,content://media/external/video/media/23,0]
11-22 08:16:24.961 1489 3542 I wm_pause_activity: [0,91253813,com.android.music/.VideoBrowserActivity,userLeaving=true,resumeTopActivityInnerLocked]
11-22 08:16:24.968 19812 19812 I wm_on_top_resumed_lost_called: [91253813,com.android.music.VideoBrowserActivity,topStateChangedWhenResumed]
11-22 08:16:24.971 19812 19812 I wm_on_paused_called: [91253813,com.android.music.VideoBrowserActivity,performPause]
11-22 08:16:24.975 1489 3542 I wm_restart_activity: [0,255168931,221,com.android.gallery3d/.app.MovieActivity]
11-22 08:16:24.977 1489 3542 I wm_set_resumed_activity: [0,com.android.gallery3d/.app.MovieActivity,minimalResumeActivityLocked]
11-22 08:16:24.988 1489 1634 I sysui_multi_action: [757,803,799,window_time_0,802,3]
11-22 08:16:25.006 21003 21003 I wm_on_create_called: [255168931,com.android.gallery3d.app.MovieActivity,performCreate]
11-22 08:16:25.008 21003 21003 I wm_on_start_called: [255168931,com.android.gallery3d.app.MovieActivity,handleStartActivity]
11-22 08:16:25.008 21003 21003 I wm_on_resume_called: [255168931,com.android.gallery3d.app.MovieActivity,RESUME_ACTIVITY]
11-22 08:16:25.013 21003 21003 I wm_on_top_resumed_gained_called: [255168931,com.android.gallery3d.app.MovieActivity,topStateChangedWhenResumed]
11-22 08:16:25.020 1489 1636 I input_focus: [Focus request ad34191 com.android.gallery3d/com.android.gallery3d.app.MovieActivity,reason=UpdateInputWindows]
11-22 08:16:25.050 1489 2012 I input_focus: [Focus leaving c384796 com.android.music/com.android.music.VideoBrowserActivity (server),reason=Waiting for window because NOT_VISIBLE]
11-22 08:16:25.051 1489 1631 I sysui_multi_action: [319,94,322,92,325,19173,757,761,758,8,759,2,806,com.android.gallery3d,871,com.android.gallery3d.app.MovieActivity,904,com.android.music,905,0,1320,8,1321,5]
11-22 08:16:25.053 1489 1631 I wm_activity_launch_time: [0,255168931,com.android.gallery3d/.app.MovieActivity,92]
11-22 08:16:25.069 1489 2012 I input_focus: [Focus entering ad34191 com.android.gallery3d/com.android.gallery3d.app.MovieActivity (server),reason=Window became focusable. Previous reason: NOT_VISIBLE]
11-22 08:16:25.182 1489 3542 I snet_event_log: [172655291,-1,]
11-22 08:16:26.035 0 0 I auditd : type=1400 audit(0.0:5713): avc: denied { kill } for comm="swapper/2" capability=5 scontext=u:r:kernel:s0 tcontext=u:r:kernel:s0 tclass=capability permissive=0
11-22 08:16:27.035 0 0 I auditd : type=1400 audit(0.0:5714): avc: denied { kill } for comm="swapper/2" capability=5 scontext=u:r:kernel:s0 tcontext=u:r:kernel:s0 tclass=capability permissive=0
11-22 08:16:27.796 1489 2012 I input_interaction: Interaction with: ad34191 com.android.gallery3d/com.android.gallery3d.app.MovieActivity (server), edge-swipe (server), swipe-up (server), PointerEventDispatcher0 (server),
11-22 08:16:27.889 1489 7595 I wm_finish_activity: [0,255168931,221,com.android.gallery3d/.app.MovieActivity,finish-activity]
11-22 08:16:27.921 1489 7595 I wm_pause_activity: [0,255168931,com.android.gallery3d/.app.MovieActivity,userLeaving=false,finish]
11-22 08:16:27.929 1489 7595 I wm_finish_activity: [0,91253813,221,com.android.music/.VideoBrowserActivity,finish-activity]
11-22 08:16:27.929 1489 7595 I wm_task_moved: [1,1,8]
11-22 08:16:27.931 1489 7595 I wm_set_resumed_activity: [0,com.android.launcher3/.uioverrides.QuickstepLauncher,positionChildAt]
11-22 08:16:27.931 1489 7595 I wm_task_moved: [10,1,2147483647]
11-22 08:16:27.931 1489 7595 I wm_task_to_front: [0,10]
11-22 08:16:27.932 1489 7595 I wm_focused_root_task: [0,0,1,-1,finish-top adjustFocusToNextFocusableTask]
11-22 08:16:27.932 1489 7595 I wm_set_resumed_activity: [0,com.android.launcher3/.uioverrides.QuickstepLauncher,finish-top]
11-22 08:16:27.941 1489 7595 I wm_destroy_activity: [0,91253813,221,com.android.music/.VideoBrowserActivity,finish-imm:finishIfPossible]
11-22 08:16:27.945 19812 19812 I wm_on_stop_called: [91253813,com.android.music.VideoBrowserActivity,LIFECYCLER_STOP_ACTIVITY]
11-22 08:16:27.948 19812 19812 I wm_on_destroy_called: [91253813,com.android.music.VideoBrowserActivity,performDestroy]
11-22 08:16:27.952 21003 21003 I wm_on_top_resumed_lost_called: [255168931,com.android.gallery3d.app.MovieActivity,topStateChangedWhenResumed]
11-22 08:16:27.952 1489 1636 I input_focus: [Focus request 3cc67bf com.android.launcher3/com.android.launcher3.uioverrides.QuickstepLauncher,reason=UpdateInputWindows]
11-22 08:16:27.953 2840 2840 I wm_on_top_resumed_gained_called: [168390208,com.android.launcher3.uioverrides.QuickstepLauncher,topStateChangedWhenResumed]
11-22 08:16:27.959 1489 2012 I input_focus: [Focus leaving ad34191 com.android.gallery3d/com.android.gallery3d.app.MovieActivity (server),reason=NO_WINDOW]
11-22 08:16:27.959 1489 2012 I input_focus: [Focus entering 3cc67bf com.android.launcher3/com.android.launcher3.uioverrides.QuickstepLauncher (server),reason=setFocusedWindow]
11-22 08:16:27.967 1489 1634 I sysui_multi_action: [757,803,799,window_time_2,802,3]
11-22 08:16:28.035 0 0 I auditd : type=1400 audit(0.0:5715): avc: denied { kill } for comm="swapper/2" capability=5 scontext=u:r:kernel:s0 tcontext=u:r:kernel:s0 tclass=capability permissive=0
11-22 08:16:28.185 21003 21003 I wm_on_paused_called: [255168931,com.android.gallery3d.app.MovieActivity,performPause]
11-22 08:16:28.188 1489 5500 I wm_destroy_activity: [0,255168931,221,com.android.gallery3d/.app.MovieActivity,finish-imm:completePausedLocked]
11-22 08:16:28.190 1489 1634 I sysui_multi_action: [757,803,799,window_time_0,802,0]
11-22 08:16:28.209 21003 21003 I wm_on_stop_called: [255168931,com.android.gallery3d.app.MovieActivity,LIFECYCLER_STOP_ACTIVITY]
11-22 08:16:28.209 21003 21003 I wm_on_destroy_called: [255168931,com.android.gallery3d.app.MovieActivity,performDestroy]
11-22 08:16:28.238 1489 1636 I wm_task_removed: [221,removeChild:removeChild last r=ActivityRecord{5706c35 u0 com.android.music/.VideoBrowserActivity t-1 f}} in t=Task{d73fe6c #221 type=standard A=10090:android.task.video U=0 visible=false mode=freeform translucent=true sz=0}]
11-22 08:16:28.238 1489 1636 I wm_task_removed: [221,removeChild]
11-22 08:16:29.035 0 0 I auditd : type=1400 audit(0.0:5716): avc: denied { kill } for comm="swapper/2" capability=5 scontext=u:r:kernel:s0 tcontext=u:r:kernel:s0 tclass=capability permissive=0
11-22 08:16:30.035 0 0 I auditd : type=1400 audit(0.0:5717): avc: denied { kill } for comm="swapper/2" capability=5 scontext=u:r:kernel:s0 tcontext=u:r:kernel:s0 tclass=capability permissive=0
11-22 08:16:30.083 1489 2012 I input_interaction: Interaction with: 3cc67bf com.android.launcher3/com.android.launcher3.uioverrides.QuickstepLauncher (server), 6449bab com.android.systemui.ImageWallpaper (server), edge-swipe (server), swipe-up (server), PointerEventDispatcher0 (server),
11-22 08:16:31.035 0 0 I auditd : type=1400 audit(0.0:5718): avc: denied { kill } for comm="swapper/2" capability=5 scontext=u:r:kernel:s0 tcontext=u:r:kernel:s0 tclass=capability permissive=0
11-22 08:16:31.165 1489 3542 I wm_task_moved: [219,1,7]
11-22 08:16:31.165 1489 3542 I wm_task_to_front: [0,219]
11-22 08:16:31.166 1489 3542 I wm_focused_root_task: [0,0,219,1,bringingFoundTaskToFront]
11-22 08:16:31.167 1489 3542 I wm_set_resumed_activity: [0,com.android.gallery3d/.app.GalleryActivity,bringingFoundTaskToFront]
11-22 08:16:31.168 1489 3542 I wm_relaunch_resume_activity: [0,209961133,219,com.android.gallery3d/.app.GalleryActivity]
11-22 08:16:31.170 1489 3542 I wm_set_resumed_activity: [0,com.android.gallery3d/.app.GalleryActivity,resumeTopActivityInnerLocked]
11-22 08:16:31.171 1489 3542 I wm_resume_activity: [0,209961133,219,com.android.gallery3d/.app.GalleryActivity]
11-22 08:16:31.171 1489 3542 I wm_finish_activity: [0,209961133,219,com.android.gallery3d/.app.GalleryActivity,clear-task-all]
11-22 08:16:31.174 1489 3542 I wm_pause_activity: [0,209961133,com.android.gallery3d/.app.GalleryActivity,userLeaving=false,finish]
11-22 08:16:31.176 1489 3542 I wm_task_moved: [219,1,7]
11-22 08:16:31.176 1489 3542 I wm_create_activity: [0,68790441,219,com.android.gallery3d/.app.GalleryActivity,NULL,NULL,NULL,272662528]
11-22 08:16:31.183 21003 21003 I wm_on_destroy_called: [209961133,com.android.gallery3d.app.GalleryActivity,performDestroy]
11-22 08:16:31.195 2840 2840 I wm_on_top_resumed_lost_called: [168390208,com.android.launcher3.uioverrides.QuickstepLauncher,topStateChangedWhenResumed]
11-22 08:16:31.199 21003 21003 I wm_on_create_called: [209961133,com.android.gallery3d.app.GalleryActivity,performCreate]
11-22 08:16:31.201 21003 21003 I wm_on_start_called: [209961133,com.android.gallery3d.app.GalleryActivity,handleStartActivity]
11-22 08:16:31.205 21003 21003 I wm_on_resume_called: [209961133,com.android.gallery3d.app.GalleryActivity,RESUME_ACTIVITY]
11-22 08:16:31.212 21003 21003 I wm_on_paused_called: [209961133,com.android.gallery3d.app.GalleryActivity,performPause]
11-22 08:16:31.212 1489 3582 I wm_add_to_stopping: [0,209961133,com.android.gallery3d/.app.GalleryActivity,completeFinishing]
11-22 08:16:31.213 1489 3582 I wm_restart_activity: [0,68790441,219,com.android.gallery3d/.app.GalleryActivity]
11-22 08:16:31.214 1489 3582 I wm_set_resumed_activity: [0,com.android.gallery3d/.app.GalleryActivity,minimalResumeActivityLocked]
11-22 08:16:31.215 1489 1634 I sysui_multi_action: [757,803,799,window_time_0,802,3]
11-22 08:16:31.247 21003 21003 I wm_on_create_called: [68790441,com.android.gallery3d.app.GalleryActivity,performCreate]
11-22 08:16:31.248 21003 21003 I wm_on_start_called: [68790441,com.android.gallery3d.app.GalleryActivity,handleStartActivity]
11-22 08:16:31.250 21003 21003 I wm_on_resume_called: [68790441,com.android.gallery3d.app.GalleryActivity,RESUME_ACTIVITY]
11-22 08:16:31.252 21003 21003 I wm_on_top_resumed_gained_called: [68790441,com.android.gallery3d.app.GalleryActivity,topStateChangedWhenResumed]
11-22 08:16:31.262 1489 1636 I input_focus: [Focus request f3cc3e1 com.android.gallery3d/com.android.gallery3d.app.GalleryActivity,reason=UpdateInputWindows]
11-22 08:16:31.282 1489 2012 I input_focus: [Focus leaving 3cc67bf com.android.launcher3/com.android.launcher3.uioverrides.QuickstepLauncher (server),reason=Waiting for window because NOT_VISIBLE]
11-22 08:16:31.291 1489 1631 I wm_activity_launch_time: [0,68790441,com.android.gallery3d/.app.GalleryActivity,127]
11-22 08:16:31.297 1489 2012 I input_focus: [Focus entering f3cc3e1 com.android.gallery3d/com.android.gallery3d.app.GalleryActivity (server),reason=Window became focusable. Previous reason: NOT_VISIBLE]
11-22 08:16:31.569 1489 1634 I wm_destroy_activity: [0,209961133,219,com.android.gallery3d/.app.GalleryActivity,finish-imm:idle]
11-22 08:16:31.572 21003 21003 I wm_on_stop_called: [209961133,com.android.gallery3d.app.GalleryActivity,LIFECYCLER_STOP_ACTIVITY]
11-22 08:16:31.573 21003 21003 I wm_on_destroy_called: [209961133,com.android.gallery3d.app.GalleryActivity,performDestroy]
11-22 08:16:32.035 0 0 I auditd : type=1400 audit(0.0:5719): avc: denied { kill } for comm="swapper/2" capability=5 scontext=u:r:kernel:s0 tcontext=u:r:kernel:s0 tclass=capability permissive=0
11-22 08:16:33.035 0 0 I auditd : type=1400 audit(0.0:5720): avc: denied { kill } for comm="swapper/2" capability=5 scontext=u:r:kernel:s0 tcontext=u:r:kernel:s0 tclass=capability permissive=0
11-22 08:16:33.670 1489 2012 I input_interaction: Interaction with: f3cc3e1 com.android.gallery3d/com.android.gallery3d.app.GalleryActivity (server), edge-swipe (server), swipe-up (server), PointerEventDispatcher0 (server),
11-22 08:16:35.035 0 0 I auditd : type=1400 audit(0.0:5721): avc: denied { kill } for comm="swapper/2" capability=5 scontext=u:r:kernel:s0 tcontext=u:r:kernel:s0 tclass=capability permissive=0
11-22 08:16:35.305 1489 2319 I storage_state: [41217664-9172-527a-b3d5-edabb50a7d69,0,0,115594084352,118610538496]
11-22 08:16:36.035 0 0 I auditd : type=1400 audit(0.0:5722): avc: denied { kill } for comm="swapper/2" capability=5 scontext=u:r:kernel:s0 tcontext=u:r:kernel:s0 tclass=capability permissive=0
11-22 08:16:37.035 0 0 I auditd : type=1400 audit(0.0:5723): avc: denied { kill } for comm="swapper/2" capability=5 scontext=u:r:kernel:s0 tcontext=u:r:kernel:s0 tclass=capability permissive=0
11-22 08:16:38.035 0 0 I auditd : type=1400 audit(0.0:5724): avc: denied { kill } for comm="swapper/2" capability=5 scontext=u:r:kernel:s0 tcontext=u:r:kernel:s0 tclass=capability permissive=0
11-22 08:16:38.968 1489 1752 I am_freeze: [19653,com.microsoft.emmx]
11-22 08:16:38.969 1489 7595 I wm_task_moved: [219,1,7]
11-22 08:16:38.969 1489 7595 I wm_set_resumed_activity: [0,com.android.gallery3d/.app.GalleryActivity,positionChildAt]
11-22 08:16:38.969 1489 7595 I wm_create_activity: [0,93629072,219,com.android.gallery3d/.app.MovieActivity,android.intent.action.VIEW,video/*,content://media/external/video/media/23,0]
11-22 08:16:38.970 1489 1752 I am_freeze: [19654,com.android.soundrecorder]
11-22 08:16:38.971 1489 7595 I wm_pause_activity: [0,68790441,com.android.gallery3d/.app.GalleryActivity,userLeaving=true,resumeTopActivityInnerLocked]
11-22 08:16:38.971 1489 1752 I am_kill : [0,19653,com.microsoft.emmx,955,Unable to freeze binder interface]
11-22 08:16:38.974 1489 1752 I am_kill : [0,19654,com.android.soundrecorder,945,Unable to freeze binder interface]
11-22 08:16:38.976 21003 21003 I wm_on_top_resumed_lost_called: [68790441,com.android.gallery3d.app.GalleryActivity,topStateChangedWhenResumed]
11-22 08:16:39.014 21003 21003 I wm_on_paused_called: [68790441,com.android.gallery3d.app.GalleryActivity,performPause]
11-22 08:16:39.020 1489 7595 I wm_restart_activity: [0,93629072,219,com.android.gallery3d/.app.MovieActivity]
11-22 08:16:39.022 1489 7595 I wm_set_resumed_activity: [0,com.android.gallery3d/.app.MovieActivity,minimalResumeActivityLocked]
11-22 08:16:39.025 1489 1634 I sysui_multi_action: [757,803,799,window_time_2,802,8]
