11-22 08:27:32.934 1489 2012 I input_interaction: Interaction with: 8a94fb4 PopupWindow:8d58720 (server), edge-swipe (server), swipe-up (server), PointerEventDispatcher0 (server),
11-22 08:27:33.035 0 0 I auditd : type=1400 audit(0.0:6327): avc: denied { kill } for comm="swapper/1" capability=5 scontext=u:r:kernel:s0 tcontext=u:r:kernel:s0 tclass=capability permissive=0
11-22 08:27:33.096 22908 22908 I menu_item_selected: [0,静音]
11-22 08:27:33.171 1489 1636 I input_focus: [Focus request 48d1376 正在静音,reason=UpdateInputWindows]
11-22 08:27:33.190 1489 2012 I input_focus: [Focus entering 48d1376 正在静音 (server),reason=setFocusedWindow]
11-22 08:27:33.190 1489 2839 I am_crash: [22908,0,com.android.gallery3d,819510341,java.lang.NullPointerException,Can't toast on a thread that has not called Looper.prepare(),Preconditions.java,167]
11-22 08:27:33.196 1489 2839 I wm_finish_activity: [0,223707711,231,com.android.gallery3d/.app.GalleryActivity,force-crash]
11-22 08:27:33.196 1489 2839 I wm_task_moved: [1,1,6]
11-22 08:27:33.197 1489 2839 I wm_task_moved: [10,1,2147483647]
11-22 08:27:33.197 1489 2839 I wm_task_to_front: [0,10]
11-22 08:27:33.197 22908 22908 I wm_on_top_resumed_lost_called: [223707711,com.android.gallery3d.app.GalleryActivity,topStateChangedWhenResumed]
11-22 08:27:33.197 1489 2839 I wm_focused_root_task: [0,0,1,231,finish-top adjustFocusToNextFocusableTask]
11-22 08:27:33.199 1489 2839 I wm_set_resumed_activity: [0,com.android.launcher3/.uioverrides.QuickstepLauncher,finish-top adjustFocusToNextFocusableTask]
11-22 08:27:33.209 1489 2839 I wm_pause_activity: [0,223707711,com.android.gallery3d/.app.GalleryActivity,userLeaving=false,finish]
11-22 08:27:33.217 1489 2839 I sysui_multi_action: [757,316,758,4,759,-1]
11-22 08:27:33.251 1489 7615 I am_proc_died: [0,22908,com.android.gallery3d,0,2]
11-22 08:27:33.275 1489 7615 I am_uid_stopped: 10069
11-22 08:27:33.285 1489 7615 I wm_set_resumed_activity: [0,com.android.launcher3/.uioverrides.QuickstepLauncher,resumeTopActivityInnerLocked]
11-22 08:27:33.286 1489 7615 I wm_resume_activity: [0,168390208,10,com.android.launcher3/.uioverrides.QuickstepLauncher]
11-22 08:27:33.307 2840 2840 I wm_on_restart_called: [168390208,com.android.launcher3.uioverrides.QuickstepLauncher,performRestartActivity]
11-22 08:27:33.307 2840 2840 I wm_on_start_called: [168390208,com.android.launcher3.uioverrides.QuickstepLauncher,handleStartActivity]
11-22 08:27:33.307 2840 2840 I wm_on_resume_called: [168390208,com.android.launcher3.uioverrides.QuickstepLauncher,RESUME_ACTIVITY]
11-22 08:27:33.307 2840 2840 I wm_on_top_resumed_gained_called: [168390208,com.android.launcher3.uioverrides.QuickstepLauncher,topWhenResuming]
11-22 08:27:33.323 1489 1636 I input_focus: [Focus request 3cc67bf com.android.launcher3/com.android.launcher3.uioverrides.QuickstepLauncher,reason=UpdateInputWindows]
11-22 08:27:33.337 1489 2012 I input_focus: [Focus entering 3cc67bf com.android.launcher3/com.android.launcher3.uioverrides.QuickstepLauncher (server),reason=setFocusedWindow]
11-22 08:27:33.455 1489 2012 I input_interaction: Interaction with: 3cc67bf com.android.launcher3/com.android.launcher3.uioverrides.QuickstepLauncher (server), PointerEventDispatcher0 (server),
11-22 08:27:33.522 1489 1636 I wm_task_removed: [231,removeChild:removeChild last r=ActivityRecord{d55823f u0 com.android.gallery3d/.app.GalleryActivity t-1 f}} in t=Task{d6cf4c2 #231 type=standard A=10069:com.android.gallery3d U=0 visible=false mode=fullscreen translucent=true sz=0}]
11-22 08:27:33.522 1489 1636 I wm_task_removed: [231,removeChild]
11-22 08:27:34.035 0 0 I auditd : type=1400 audit(0.0:6328): avc: denied { kill } for comm="swapper/1" capability=5 scontext=u:r:kernel:s0 tcontext=u:r:kernel:s0 tclass=capability permissive=0
11-22 08:27:35.035 0 0 I auditd : type=1400 audit(0.0:6329): avc: denied { kill } for comm="swapper/1" capability=5 scontext=u:r:kernel:s0 tcontext=u:r:kernel:s0 tclass=capability permissive=0
11-22 08:27:35.294 1489 2012 I input_interaction: Interaction with: 3cc67bf com.android.launcher3/com.android.launcher3.uioverrides.QuickstepLauncher (server), 6449bab com.android.systemui.ImageWallpaper (server), edge-swipe (server), swipe-up (server), PointerEventDispatcher0 (server),
11-22 08:27:35.567 1489 1751 I commit_sys_config_file: [settings-1-0,13]
11-22 08:27:36.035 0 0 I auditd : type=1400 audit(0.0:6330): avc: denied { kill } for comm="swapper/1" capability=5 scontext=u:r:kernel:s0 tcontext=u:r:kernel:s0 tclass=capability permissive=0
11-22 08:27:37.037 1489 1751 I commit_sys_config_file: [settings-1-0,5]
11-22 08:27:37.035 0 0 I auditd : type=1400 audit(0.0:6331): avc: denied { kill } for comm="swapper/1" capability=5 scontext=u:r:kernel:s0 tcontext=u:r:kernel:s0 tclass=capability permissive=0
11-22 08:27:38.035 0 0 I auditd : type=1400 audit(0.0:6332): avc: denied { kill } for comm="swapper/1" capability=5 scontext=u:r:kernel:s0 tcontext=u:r:kernel:s0 tclass=capability permissive=0
11-22 08:27:39.035 0 0 I auditd : type=1400 audit(0.0:6333): avc: denied { kill } for comm="swapper/1" capability=5 scontext=u:r:kernel:s0 tcontext=u:r:kernel:s0 tclass=capability permissive=0
11-22 08:27:40.035 0 0 I auditd : type=1400 audit(0.0:6334): avc: denied { kill } for comm="swapper/1" capability=5 scontext=u:r:kernel:s0 tcontext=u:r:kernel:s0 tclass=capability permissive=0
11-22 08:27:41.035 0 0 I auditd : type=1400 audit(0.0:6335): avc: denied { kill } for comm="swapper/1" capability=5 scontext=u:r:kernel:s0 tcontext=u:r:kernel:s0 tclass=capability permissive=0
11-22 08:27:41.395 1489 2836 I wm_task_created: [232,-1]
11-22 08:27:41.401 1489 2836 I wm_task_moved: [232,1,6]
11-22 08:27:41.401 1489 2836 I wm_task_to_front: [0,232]
11-22 08:27:41.401 1489 2836 I wm_create_task: [0,232]
11-22 08:27:41.401 1489 2836 I wm_create_activity: [0,266523661,232,com.android.gallery3d/.app.GalleryActivity,NULL,NULL,NULL,268468224]
11-22 08:27:41.401 1489 2836 I wm_task_moved: [232,1,6]
11-22 08:27:41.410 1489 1634 I am_uid_running: 10069
11-22 08:27:41.412 2840 2840 I wm_on_top_resumed_lost_called: [168390208,com.android.launcher3.uioverrides.QuickstepLauncher,topStateChangedWhenResumed]
11-22 08:27:41.430 1489 1651 I am_proc_start: [0,23031,10069,com.android.gallery3d,top-activity,{com.android.gallery3d/com.android.gallery3d.app.GalleryActivity}]
11-22 08:27:41.462 1489 2836 I am_proc_bound: [0,23031,com.android.gallery3d]
11-22 08:27:41.465 1489 2836 I wm_restart_activity: [0,266523661,232,com.android.gallery3d/.app.GalleryActivity]
11-22 08:27:41.466 1489 2836 I wm_set_resumed_activity: [0,com.android.gallery3d/.app.GalleryActivity,minimalResumeActivityLocked]
11-22 08:27:41.466 1489 2836 I am_uid_active: 10069
11-22 08:27:41.515 23031 23031 I wm_on_create_called: [266523661,com.android.gallery3d.app.GalleryActivity,performCreate]
11-22 08:27:41.516 23031 23031 I wm_on_start_called: [266523661,com.android.gallery3d.app.GalleryActivity,handleStartActivity]
11-22 08:27:41.519 23031 23031 I wm_on_resume_called: [266523661,com.android.gallery3d.app.GalleryActivity,RESUME_ACTIVITY]
11-22 08:27:41.524 23031 23031 I wm_on_top_resumed_gained_called: [266523661,com.android.gallery3d.app.GalleryActivity,topStateChangedWhenResumed]
11-22 08:27:41.547 1489 1636 I input_focus: [Focus request d52dc35 com.android.gallery3d/com.android.gallery3d.app.GalleryActivity,reason=UpdateInputWindows]
11-22 08:27:41.574 1489 2012 I input_focus: [Focus leaving 3cc67bf com.android.launcher3/com.android.launcher3.uioverrides.QuickstepLauncher (server),reason=Waiting for window because NOT_VISIBLE]
11-22 08:27:41.625 1489 2012 I input_focus: [Focus entering d52dc35 com.android.gallery3d/com.android.gallery3d.app.GalleryActivity (server),reason=Window became focusable. Previous reason: NOT_VISIBLE]
11-22 08:27:41.626 1489 1631 I sysui_multi_action: [319,229,322,228,325,19849,757,761,758,7,759,2,806,com.android.gallery3d,871,com.android.gallery3d.app.GalleryActivity,904,com.android.launcher3,905,0,945,74,1320,8,1321,5]
11-22 08:27:41.627 1489 1631 I wm_activity_launch_time: [0,266523661,com.android.gallery3d/.app.GalleryActivity,228]
11-22 08:27:42.035 0 0 I auditd : type=1400 audit(0.0:6336): avc: denied { kill } for comm="swapper/1" capability=5 scontext=u:r:kernel:s0 tcontext=u:r:kernel:s0 tclass=capability permissive=0
11-22 08:27:42.512 1489 2012 I input_interaction: Interaction with: d52dc35 com.android.gallery3d/com.android.gallery3d.app.GalleryActivity (server), edge-swipe (server), swipe-up (server), PointerEventDispatcher0 (server),
11-22 08:27:44.035 0 0 I auditd : type=1400 audit(0.0:6337): avc: denied { kill } for comm="swapper/3" capability=5 scontext=u:r:kernel:s0 tcontext=u:r:kernel:s0 tclass=capability permissive=0
11-22 08:27:45.035 0 0 I auditd : type=1400 audit(0.0:6338): avc: denied { kill } for comm="swapper/3" capability=5 scontext=u:r:kernel:s0 tcontext=u:r:kernel:s0 tclass=capability permissive=0
11-22 08:27:46.035 0 0 I auditd : type=1400 audit(0.0:6339): avc: denied { kill } for comm="swapper/3" capability=5 scontext=u:r:kernel:s0 tcontext=u:r:kernel:s0 tclass=capability permissive=0
11-22 08:27:47.035 0 0 I auditd : type=1400 audit(0.0:6340): avc: denied { kill } for comm="swapper/3" capability=5 scontext=u:r:kernel:s0 tcontext=u:r:kernel:s0 tclass=capability permissive=0
11-22 08:27:47.186 1489 2301 I netstats_mobile_sample: [0,0,0,0,0,0,0,0,0,0,0,0,1669076867185]
11-22 08:27:47.187 1489 2301 I netstats_wifi_sample: [31872158,27465,4410211,11091,31872158,27465,4410211,11091,36825265,30853,2505291,7626,1669076867185]
11-22 08:27:48.035 0 0 I auditd : type=1400 audit(0.0:6341): avc: denied { kill } for comm="swapper/3" capability=5 scontext=u:r:kernel:s0 tcontext=u:r:kernel:s0 tclass=capability permissive=0
11-22 08:27:49.035 0 0 I auditd : type=1400 audit(0.0:6342): avc: denied { kill } for comm="swapper/3" capability=5 scontext=u:r:kernel:s0 tcontext=u:r:kernel:s0 tclass=capability permissive=0
11-22 08:27:50.035 0 0 I auditd : type=1400 audit(0.0:6343): avc: denied { kill } for comm="swapper/3" capability=5 scontext=u:r:kernel:s0 tcontext=u:r:kernel:s0 tclass=capability permissive=0
11-22 08:27:50.101 1489 5500 I wm_task_moved: [232,1,6]
11-22 08:27:50.102 1489 5500 I wm_set_resumed_activity: [0,com.android.gallery3d/.app.GalleryActivity,positionChildAt]
11-22 08:27:50.102 1489 5500 I wm_create_activity: [0,152934120,232,com.android.gallery3d/.app.MovieActivity,android.intent.action.VIEW,video/*,content://media/external/video/media/31,0]
11-22 08:27:50.103 1489 5500 I wm_pause_activity: [0,266523661,com.android.gallery3d/.app.GalleryActivity,userLeaving=true,resumeTopActivityInnerLocked]
11-22 08:27:50.108 23031 23031 I wm_on_top_resumed_lost_called: [266523661,com.android.gallery3d.app.GalleryActivity,topStateChangedWhenResumed]
11-22 08:27:50.138 23031 23031 I wm_on_paused_called: [266523661,com.android.gallery3d.app.GalleryActivity,performPause]
11-22 08:27:50.142 1489 2839 I wm_restart_activity: [0,152934120,232,com.android.gallery3d/.app.MovieActivity]
11-22 08:27:50.144 1489 2839 I wm_set_resumed_activity: [0,com.android.gallery3d/.app.MovieActivity,minimalResumeActivityLocked]
11-22 08:27:50.147 1489 1634 I sysui_multi_action: [757,803,799,window_time_0,802,27]
11-22 08:27:50.178 23031 23031 I wm_on_create_called: [152934120,com.android.gallery3d.app.MovieActivity,performCreate]
11-22 08:27:50.182 23031 23031 I wm_on_start_called: [152934120,com.android.gallery3d.app.MovieActivity,handleStartActivity]
11-22 08:27:50.182 23031 23031 I wm_on_resume_called: [152934120,com.android.gallery3d.app.MovieActivity,RESUME_ACTIVITY]
11-22 08:27:50.188 23031 23031 I wm_on_top_resumed_gained_called: [152934120,com.android.gallery3d.app.MovieActivity,topStateChangedWhenResumed]
11-22 08:27:50.199 1489 1636 I input_focus: [Focus request 58fbc32 com.android.gallery3d/com.android.gallery3d.app.MovieActivity,reason=UpdateInputWindows]
11-22 08:27:50.228 1489 2012 I input_focus: [Focus leaving d52dc35 com.android.gallery3d/com.android.gallery3d.app.GalleryActivity (server),reason=Waiting for window because NOT_VISIBLE]
11-22 08:27:50.237 1489 1631 I wm_activity_launch_time: [0,152934120,com.android.gallery3d/.app.MovieActivity,139]
11-22 08:27:50.246 1489 2012 I input_focus: [Focus entering 58fbc32 com.android.gallery3d/com.android.gallery3d.app.MovieActivity (server),reason=Window became focusable. Previous reason: NOT_VISIBLE]
11-22 08:27:51.035 0 0 I auditd : type=1400 audit(0.0:6344): avc: denied { kill } for comm="swapper/3" capability=5 scontext=u:r:kernel:s0 tcontext=u:r:kernel:s0 tclass=capability permissive=0
11-22 08:27:52.035 0 0 I auditd : type=1400 audit(0.0:6345): avc: denied { kill } for comm="swapper/3" capability=5 scontext=u:r:kernel:s0 tcontext=u:r:kernel:s0 tclass=capability permissive=0
11-22 08:27:52.481 1489 2012 I input_interaction: Interaction with: 58fbc32 com.android.gallery3d/com.android.gallery3d.app.MovieActivity (server), edge-swipe (server), swipe-up (server), PointerEventDispatcher0 (server),
11-22 08:27:52.567 1489 5500 I wm_relaunch_resume_activity: [0,152934120,232,com.android.gallery3d/.app.MovieActivity]
11-22 08:27:52.567 1489 5500 I wm_add_to_stopping: [0,266523661,com.android.gallery3d/.app.GalleryActivity,makeInvisible]
11-22 08:27:52.568 1489 5500 I wm_add_to_stopping: [0,168390208,com.android.launcher3/.uioverrides.QuickstepLauncher,makeInvisible]
11-22 08:27:52.572 1489 1634 I wm_relaunch_activity: [0,266523661,232,com.android.gallery3d/.app.GalleryActivity]
11-22 08:27:52.574 1489 1489 I notification_enqueue: [10082,2375,com.android.systemui,2048,NULL,0,Notification(channel=updateNotification shortcut=null contentView=null vibrate=null sound=null defaults=0x0 flags=0x0 color=0x00000000 vis=PRIVATE),1]
11-22 08:27:52.587 23031 23031 I wm_on_top_resumed_lost_called: [152934120,com.android.gallery3d.app.MovieActivity,pausing]
11-22 08:27:52.574 2375 2375 I sysui_multi_action: [757,111,758,2]
11-22 08:27:52.589 2375 2375 I sysui_multi_action: [757,111,758,2]
11-22 08:27:52.613 2375 2375 I sysui_multi_action: [757,111,758,1]
11-22 08:27:52.613 2375 2375 I sysui_multi_action: [757,126,758,1,759,126,927,0,928,1,1593,0]
11-22 08:27:52.613 2375 2375 I sysui_multi_action: [757,113,758,1,759,113,927,1,928,1,1593,0]
11-22 08:27:52.613 2375 2375 I sysui_multi_action: [757,0,758,1,759,0,927,2,928,0,1593,0]
11-22 08:27:52.613 1489 1648 I am_pss : [23031,10069,com.android.gallery3d,51693568,45629440,0,167448576,0,2,7]
11-22 08:27:52.613 2375 2375 I sysui_multi_action: [757,0,758,1,759,0,927,3,928,0,1593,0]
11-22 08:27:52.614 2375 2375 I sysui_multi_action: [757,491,758,1,759,491,927,4,928,0,1311,-1,1593,0]
11-22 08:27:52.614 2375 2375 I sysui_multi_action: [757,0,758,1,759,0,927,5,928,0,1593,0]
11-22 08:27:52.614 2375 2375 I sysui_multi_action: [757,114,758,1,759,114,927,6,928,0,1593,0]
11-22 08:27:52.614 2375 2375 I sysui_multi_action: [757,111,758,1]
11-22 08:27:52.614 2375 2375 I sysui_multi_action: [757,126,758,1,759,126,927,0,928,1,1593,0]
11-22 08:27:52.614 2375 2375 I sysui_multi_action: [757,113,758,1,759,113,927,1,928,1,1593,0]
11-22 08:27:52.614 2375 2375 I sysui_multi_action: [757,0,758,1,759,0,927,2,928,0,1593,0]
11-22 08:27:52.614 2375 2375 I sysui_multi_action: [757,0,758,1,759,0,927,3,928,0,1593,0]
11-22 08:27:52.645 23031 23031 I wm_on_paused_called: [152934120,com.android.gallery3d.app.MovieActivity,performPause]
11-22 08:27:52.646 23031 23031 I wm_on_stop_called: [152934120,com.android.gallery3d.app.MovieActivity,handleRelaunchActivity]
11-22 08:27:52.647 23031 23031 I wm_on_destroy_called: [152934120,com.android.gallery3d.app.MovieActivity,performDestroy]
11-22 08:27:52.666 23031 23031 I wm_on_create_called: [152934120,com.android.gallery3d.app.MovieActivity,performCreate]
11-22 08:27:52.668 23031 23031 I wm_on_start_called: [152934120,com.android.gallery3d.app.MovieActivity,handleStartActivity]
11-22 08:27:52.673 23031 23031 I wm_on_resume_called: [152934120,com.android.gallery3d.app.MovieActivity,RESUME_ACTIVITY]
11-22 08:27:52.673 23031 23031 I wm_on_top_resumed_gained_called: [152934120,com.android.gallery3d.app.MovieActivity,topWhenResuming]
11-22 08:27:52.708 23031 23031 I wm_on_stop_called: [266523661,com.android.gallery3d.app.GalleryActivity,handleRelaunchActivity]
11-22 08:27:52.710 23031 23031 I wm_on_destroy_called: [266523661,com.android.gallery3d.app.GalleryActivity,performDestroy]
11-22 08:27:52.726 23031 23031 I wm_on_create_called: [266523661,com.android.gallery3d.app.GalleryActivity,performCreate]
11-22 08:27:52.727 23031 23031 I wm_on_start_called: [266523661,com.android.gallery3d.app.GalleryActivity,handleStartActivity]
11-22 08:27:52.731 23031 23031 I wm_on_resume_called: [266523661,com.android.gallery3d.app.GalleryActivity,LIFECYCLER_RESUME_ACTIVITY]
11-22 08:27:52.732 23031 23031 I wm_on_paused_called: [266523661,com.android.gallery3d.app.GalleryActivity,performPause]
11-22 08:27:52.934 1489 1634 I wm_stop_activity: [0,168390208,com.android.launcher3/.uioverrides.QuickstepLauncher]
11-22 08:27:52.960 2840 2840 I wm_on_paused_called: [168390208,com.android.launcher3.uioverrides.QuickstepLauncher,performPause]
11-22 08:27:52.963 2840 2840 I wm_on_stop_called: [168390208,com.android.launcher3.uioverrides.QuickstepLauncher,STOP_ACTIVITY_ITEM]
11-22 08:27:53.035 0 0 I auditd : type=1400 audit(0.0:6346): avc: denied { kill } for comm="swapper/3" capability=5 scontext=u:r:kernel:s0 tcontext=u:r:kernel:s0 tclass=capability permissive=0
11-22 08:27:54.035 0 0 I auditd : type=1400 audit(0.0:6347): avc: denied { kill } for comm="swapper/3" capability=5 scontext=u:r:kernel:s0 tcontext=u:r:kernel:s0 tclass=capability permissive=0
11-22 08:27:55.035 0 0 I auditd : type=1400 audit(0.0:6348): avc: denied { kill } for comm="swapper/3" capability=5 scontext=u:r:kernel:s0 tcontext=u:r:kernel:s0 tclass=capability permissive=0
11-22 08:27:56.035 0 0 I auditd : type=1400 audit(0.0:6349): avc: denied { kill } for comm="swapper/3" capability=5 scontext=u:r:kernel:s0 tcontext=u:r:kernel:s0 tclass=capability permissive=0
11-22 08:27:57.035 0 0 I auditd : type=1400 audit(0.0:6350): avc: denied { kill } for comm="swapper/3" capability=5 scontext=u:r:kernel:s0 tcontext=u:r:kernel:s0 tclass=capability permissive=0
11-22 08:27:57.227 23031 23031 I menu_item_selected: [0,MUTE_20221122_081654]
11-22 08:27:57.228 1489 5500 I wm_finish_activity: [0,152934120,232,com.android.gallery3d/.app.MovieActivity,app-request]
11-22 08:27:57.237 1489 5500 I wm_pause_activity: [0,152934120,com.android.gallery3d/.app.MovieActivity,userLeaving=false,finish]
11-22 08:27:57.240 23031 23031 I wm_on_top_resumed_lost_called: [152934120,com.android.gallery3d.app.MovieActivity,topStateChangedWhenResumed]
11-22 08:27:57.273 1489 2012 I input_focus: [Focus leaving 58fbc32 com.android.gallery3d/com.android.gallery3d.app.MovieActivity (server),reason=NO_WINDOW]
11-22 08:27:57.288 23031 23031 I wm_on_paused_called: [152934120,com.android.gallery3d.app.MovieActivity,performPause]
11-22 08:27:57.289 1489 5500 I wm_add_to_stopping: [0,152934120,com.android.gallery3d/.app.MovieActivity,completeFinishing]
11-22 08:27:57.291 1489 5500 I wm_set_resumed_activity: [0,com.android.gallery3d/.app.GalleryActivity,resumeTopActivityInnerLocked]
11-22 08:27:57.292 1489 5500 I wm_resume_activity: [0,266523661,232,com.android.gallery3d/.app.GalleryActivity]
11-22 08:27:57.295 1489 1634 I sysui_multi_action: [757,803,799,window_time_2,802,7]
11-22 08:27:57.301 23031 23031 I wm_on_activity_result_called: [266523661,com.android.gallery3d.app.GalleryActivity,ACTIVITY_RESULT]
11-22 08:27:57.307 23031 23031 I wm_on_resume_called: [266523661,com.android.gallery3d.app.GalleryActivity,RESUME_ACTIVITY]
11-22 08:27:57.307 23031 23031 I wm_on_top_resumed_gained_called: [266523661,com.android.gallery3d.app.GalleryActivity,topWhenResuming]
11-22 08:27:57.324 1489 1636 I input_focus: [Focus request d52dc35 com.android.gallery3d/com.android.gallery3d.app.GalleryActivity,reason=UpdateInputWindows]
11-22 08:27:57.362 1489 2012 I input_focus: [Focus entering d52dc35 com.android.gallery3d/com.android.gallery3d.app.GalleryActivity (server),reason=Window became focusable. Previous reason: NOT_VISIBLE]
11-22 08:27:57.751 1489 1634 I wm_destroy_activity: [0,152934120,232,com.android.gallery3d/.app.MovieActivity,finish-imm:idle]
11-22 08:27:57.776 23031 23031 I wm_on_stop_called: [152934120,com.android.gallery3d.app.MovieActivity,LIFECYCLER_STOP_ACTIVITY]
11-22 08:27:57.777 23031 23031 I wm_on_destroy_called: [152934120,com.android.gallery3d.app.MovieActivity,performDestroy]
11-22 08:27:58.288 1489 2012 I input_interaction: Interaction with: d52dc35 com.android.gallery3d/com.android.gallery3d.app.GalleryActivity (server), edge-swipe (server), swipe-up (server), PointerEventDispatcher0 (server),
11-22 08:27:59.035 0 0 I auditd : type=1400 audit(0.0:6351): avc: denied { kill } for comm="swapper/3" capability=5 scontext=u:r:kernel:s0 tcontext=u:r:kernel:s0 tclass=capability permissive=0
11-22 08:27:59.093 1489 1636 I input_focus: [Focus request 89a29f PopupWindow:162bb70,reason=UpdateInputWindows]
11-22 08:27:59.118 1489 2012 I input_focus: [Focus leaving d52dc35 com.android.gallery3d/com.android.gallery3d.app.GalleryActivity (server),reason=setFocusedWindow]
11-22 08:27:59.118 1489 2012 I input_focus: [Focus entering 89a29f PopupWindow:162bb70 (server),reason=setFocusedWindow]
11-22 08:27:59.872 1489 2012 I input_interaction: Interaction with: 89a29f PopupWindow:162bb70 (server), edge-swipe (server), swipe-up (server), PointerEventDispatcher0 (server),
11-22 08:27:59.999 23031 23031 I menu_item_selected: [0,静音]
11-22 08:28:00.067 1489 1636 I input_focus: [Focus request ab41669 正在静音,reason=UpdateInputWindows]
11-22 08:28:00.104 1489 2012 I input_focus: [Focus entering ab41669 正在静音 (server),reason=Window became focusable. Previous reason: NOT_VISIBLE]
11-22 08:28:01.035 0 0 I auditd : type=1400 audit(0.0:6352): avc: denied { kill } for comm="swapper/3" capability=5 scontext=u:r:kernel:s0 tcontext=u:r:kernel:s0 tclass=capability permissive=0
11-22 08:28:02.688 1489 1648 I am_pss : [23031,10069,com.android.gallery3d,183837696,173367296,0,306970624,0,2,13]
11-22 08:28:02.699 1489 1636 I input_focus: [Focus request d52dc35 com.android.gallery3d/com.android.gallery3d.app.GalleryActivity,reason=UpdateInputWindows]
11-22 08:28:02.702 1489 7615 I wm_task_moved: [232,1,6]
11-22 08:28:02.702 1489 7615 I wm_set_resumed_activity: [0,com.android.gallery3d/.app.GalleryActivity,positionChildAt]
11-22 08:28:02.702 1489 7615 I wm_create_activity: [0,183912014,232,com.android.gallery3d/.app.MovieActivity,android.intent.action.VIEW,video/*,content://media/external/video/media/34,0]
11-22 08:28:02.704 1489 7615 I wm_pause_activity: [0,266523661,com.android.gallery3d/.app.GalleryActivity,userLeaving=true,resumeTopActivityInnerLocked]
11-22 08:28:02.712 1489 2012 I input_focus: [Focus entering d52dc35 com.android.gallery3d/com.android.gallery3d.app.GalleryActivity (server),reason=setFocusedWindow]
11-22 08:28:02.738 23031 23031 I wm_on_top_resumed_lost_called: [266523661,com.android.gallery3d.app.GalleryActivity,topStateChangedWhenResumed]
11-22 08:28:02.765 23031 23031 I wm_on_paused_called: [266523661,com.android.gallery3d.app.GalleryActivity,performPause]
11-22 08:28:02.766 1489 1596 I wm_add_to_stopping: [0,266523661,com.android.gallery3d/.app.GalleryActivity,makeInvisible]
11-22 08:28:02.767 1489 1596 I wm_restart_activity: [0,183912014,232,com.android.gallery3d/.app.MovieActivity]
11-22 08:28:02.767 1489 1596 I wm_set_resumed_activity: [0,com.android.gallery3d/.app.MovieActivity,minimalResumeActivityLocked]
11-22 08:28:02.770 1489 1634 I sysui_multi_action: [757,803,799,window_time_0,802,6]
11-22 08:28:02.779 23031 23031 I wm_on_create_called: [183912014,com.android.gallery3d.app.MovieActivity,performCreate]
11-22 08:28:02.782 23031 23031 I wm_on_start_called: [183912014,com.android.gallery3d.app.MovieActivity,handleStartActivity]
11-22 08:28:02.782 23031 23031 I wm_on_resume_called: [183912014,com.android.gallery3d.app.MovieActivity,RESUME_ACTIVITY]
11-22 08:28:02.787 1489 1648 I am_pss : [20931,1000,com.qti.diagservices,11223040,1314816,8582144,57208832,0,10,5]
11-22 08:28:02.789 23031 23031 I wm_on_top_resumed_gained_called: [183912014,com.android.gallery3d.app.MovieActivity,topStateChangedWhenResumed]
11-22 08:28:02.790 1489 2012 I input_focus: [Focus leaving d52dc35 com.android.gallery3d/com.android.gallery3d.app.GalleryActivity (server),reason=NO_WINDOW]
11-22 08:28:02.794 1489 1636 I input_focus: [Focus request 6f0e257 com.android.gallery3d/com.android.gallery3d.app.MovieActivity,reason=UpdateInputWindows]
11-22 08:28:02.822 1489 1631 I wm_activity_launch_time: [0,183912014,com.android.gallery3d/.app.MovieActivity,123]
11-22 08:28:02.842 1489 2012 I input_focus: [Focus entering 6f0e257 com.android.gallery3d/com.android.gallery3d.app.MovieActivity (server),reason=Window became focusable. Previous reason: NOT_VISIBLE]
11-22 08:28:03.035 0 0 I auditd : type=1400 audit(0.0:6353): avc: denied { kill } for comm="swapper/0" capability=5 scontext=u:r:kernel:s0 tcontext=u:r:kernel:s0 tclass=capability permissive=0
11-22 08:28:03.213 1489 1634 I wm_stop_activity: [0,266523661,com.android.gallery3d/.app.GalleryActivity]
11-22 08:28:03.231 23031 23031 I wm_on_stop_called: [266523661,com.android.gallery3d.app.GalleryActivity,STOP_ACTIVITY_ITEM]
11-22 08:28:03.494 1489 2012 I input_interaction: Interaction with: 6f0e257 com.android.gallery3d/com.android.gallery3d.app.MovieActivity (server), edge-swipe (server), swipe-up (server), PointerEventDispatcher0 (server),
11-22 08:28:04.494 1489 1596 I wm_task_moved: [1,0,0]
11-22 08:28:04.494 1489 1596 I wm_task_moved: [1,0,5]
11-22 08:28:04.510 2840 2840 I wm_on_restart_called: [168390208,com.android.launcher3.uioverrides.QuickstepLauncher,performRestartActivity]
11-22 08:28:04.537 2840 2840 I wm_on_start_called: [168390208,com.android.launcher3.uioverrides.QuickstepLauncher,handleStartActivity]
11-22 08:28:04.560 1489 1631 I sysui_multi_action: [319,9,322,58,325,19873,757,761,758,9,759,5,806,com.android.launcher3,871,com.android.launcher3.uioverrides.QuickstepLauncher,905,0,1320,8,1321,5]
11-22 08:28:04.595 23031 23031 I view_enqueue_input_event: [Motion - Cancel,com.android.gallery3d/com.android.gallery3d.app.MovieActivity]
11-22 08:28:04.596 2840 2840 I sysui_latency: [1,70]
11-22 08:28:04.602 1489 2012 I input_interaction: Interaction with: edge-swipe (server), swipe-up (server), PointerEventDispatcher0 (server),
11-22 08:28:04.602 1489 1636 I input_focus: [Focus request recents_animation_input_consumer,reason=UpdateInputWindows]
11-22 08:28:04.629 1489 2012 I input_focus: [Focus leaving 6f0e257 com.android.gallery3d/com.android.gallery3d.app.MovieActivity (server),reason=NOT_FOCUSABLE]
11-22 08:28:04.630 1489 2012 I input_focus: [Focus entering recents_animation_input_consumer (server),reason=setFocusedWindow]
11-22 08:28:04.745 1489 1751 I commit_sys_config_file: [settings-1-0,8]
11-22 08:28:04.853 1489 1648 I sysui_latency: [8,71]
11-22 08:28:05.035 0 0 I auditd : type=1400 audit(0.0:6354): avc: denied { kill } for comm="swapper/0" capability=5 scontext=u:r:kernel:s0 tcontext=u:r:kernel:s0 tclass=capability permissive=0
11-22 08:28:05.535 1489 1751 I commit_sys_config_file: [settings-1-0,3]
11-22 08:28:06.035 0 0 I auditd : type=1400 audit(0.0:6355): avc: denied { kill } for comm="swapper/0" capability=5 scontext=u:r:kernel:s0 tcontext=u:r:kernel:s0 tclass=capability permissive=0
11-22 08:28:07.035 352 352 I auditd : type=1400 audit(0.0:6356): avc: denied { kill } for comm="irq/382-atmel_m" capability=5 scontext=u:r:kernel:s0 tcontext=u:r:kernel:s0 tclass=capability permissive=0
11-22 08:28:07.559 1489 2012 I input_interaction: Interaction with: 3cc67bf com.android.launcher3/com.android.launcher3.uioverrides.QuickstepLauncher (server), edge-swipe (server), swipe-up (server), PointerEventDispatcher0 (server),
11-22 08:28:08.006 1489 1596 I wm_task_moved: [1,1,6]
11-22 08:28:08.007 1489 1596 I wm_focused_root_task: [0,0,1,232,RecentsAnimation.onAnimationFinished()]
11-22 08:28:08.008 23031 23031 I wm_on_top_resumed_lost_called: [183912014,com.android.gallery3d.app.MovieActivity,topStateChangedWhenResumed]
11-22 08:28:08.015 1489 1596 I wm_pause_activity: [0,183912014,com.android.gallery3d/.app.MovieActivity,userLeaving=false,pauseBackTasks]
11-22 08:28:08.017 1489 1596 I wm_set_resumed_activity: [0,com.android.launcher3/.uioverrides.QuickstepLauncher,resumeTopActivityInnerLocked]
11-22 08:28:08.020 1489 1596 I wm_resume_activity: [0,168390208,10,com.android.launcher3/.uioverrides.QuickstepLauncher]
11-22 08:28:08.021 1489 1596 I wm_add_to_stopping: [0,183912014,com.android.gallery3d/.app.MovieActivity,makeInvisible]
11-22 08:28:08.025 2840 2840 I wm_on_resume_called: [168390208,com.android.launcher3.uioverrides.QuickstepLauncher,RESUME_ACTIVITY]
11-22 08:28:08.028 1489 1636 I input_focus: [Focus request 3cc67bf com.android.launcher3/com.android.launcher3.uioverrides.QuickstepLauncher,reason=UpdateInputWindows]
11-22 08:28:08.028 1489 1634 I sysui_multi_action: [757,803,799,window_time_0,802,5]
11-22 08:28:08.032 2840 2840 I wm_on_top_resumed_gained_called: [168390208,com.android.launcher3.uioverrides.QuickstepLauncher,topStateChangedWhenResumed]
11-22 08:28:08.037 1489 2012 I input_focus: [Focus leaving recents_animation_input_consumer (server),reason=NOT_VISIBLE]
11-22 08:28:08.037 1489 2012 I input_focus: [Focus entering 3cc67bf com.android.launcher3/com.android.launcher3.uioverrides.QuickstepLauncher (server),reason=setFocusedWindow]
11-22 08:28:08.035 352 352 I auditd : type=1400 audit(0.0:6357): avc: denied { kill } for comm="irq/382-atmel_m" capability=5 scontext=u:r:kernel:s0 tcontext=u:r:kernel:s0 tclass=capability permissive=0
11-22 08:28:08.040 1489 2836 I wm_stop_activity: [0,183912014,com.android.gallery3d/.app.MovieActivity]
11-22 08:28:08.049 1489 1634 I sysui_multi_action: [757,803,799,window_time_0,802,0]
11-22 08:28:08.092 23031 23031 I wm_on_paused_called: [183912014,com.android.gallery3d.app.MovieActivity,performPause]
11-22 08:28:08.103 23031 23031 I wm_on_stop_called: [183912014,com.android.gallery3d.app.MovieActivity,STOP_ACTIVITY_ITEM]
11-22 08:28:08.123 1489 2012 I input_interaction: Interaction with: 3cc67bf com.android.launcher3/com.android.launcher3.uioverrides.QuickstepLauncher (server), 6449bab com.android.systemui.ImageWallpaper (server), edge-swipe (server), swipe-up (server), PointerEventDispatcher0 (server),
11-22 08:28:08.131 1489 7615 I wm_finish_activity: [0,183912014,232,com.android.gallery3d/.app.MovieActivity,recent-task-trimmed]
11-22 08:28:08.131 1489 7615 I wm_destroy_activity: [0,183912014,232,com.android.gallery3d/.app.MovieActivity,finish-imm:finishIfPossible]
11-22 08:28:08.131 1489 7615 I wm_finish_activity: [0,266523661,232,com.android.gallery3d/.app.GalleryActivity,recent-task-trimmed]
11-22 08:28:08.132 1489 7615 I wm_destroy_activity: [0,266523661,232,com.android.gallery3d/.app.GalleryActivity,finish-imm:finishIfPossible]
11-22 08:28:08.135 23031 23031 I wm_on_destroy_called: [183912014,com.android.gallery3d.app.MovieActivity,performDestroy]
11-22 08:28:08.135 1489 1634 I am_kill : [0,23031,com.android.gallery3d,905,remove task]
11-22 08:28:08.136 1489 1634 I sysui_multi_action: [757,803,799,window_time_0,802,0]
11-22 08:28:08.179 1489 1947 I am_proc_died: [0,23031,com.android.gallery3d,905,19]
11-22 08:28:08.183 1489 1947 I am_uid_stopped: 10069
11-22 08:28:08.185 1489 1947 I wm_task_removed: [232,removeChild:removeChild last r=ActivityRecord{af6464e u0 com.android.gallery3d/.app.MovieActivity t-1 f}} in t=Task{d023ea4 #232 type=standard A=10069:com.android.gallery3d U=0 visible=false mode=fullscreen translucent=true sz=0}]
11-22 08:28:08.185 1489 1947 I wm_task_removed: [232,removeChild]
11-22 08:28:08.191 1489 1634 I am_uid_running: 10069
11-22 08:28:08.203 1489 1651 I am_proc_start: [0,23162,10069,com.android.gallery3d,NULL,]
11-22 08:28:08.234 1489 1947 I am_proc_bound: [0,23162,com.android.gallery3d]
11-22 08:28:09.035 0 0 I auditd : type=1400 audit(0.0:6358): avc: denied { kill } for comm="swapper/0" capability=5 scontext=u:r:kernel:s0 tcontext=u:r:kernel:s0 tclass=capability permissive=0
11-22 08:28:10.035 0 0 I auditd : type=1400 audit(0.0:6359): avc: denied { kill } for comm="swapper/0" capability=5 scontext=u:r:kernel:s0 tcontext=u:r:kernel:s0 tclass=capability permissive=0
11-22 08:28:11.035 0 0 I auditd : type=1400 audit(0.0:6360): avc: denied { kill } for comm="swapper/0" capability=5 scontext=u:r:kernel:s0 tcontext=u:r:kernel:s0 tclass=capability permissive=0
11-22 08:28:12.035 0 0 I auditd : type=1400 audit(0.0:6361): avc: denied { kill } for comm="swapper/0" capability=5 scontext=u:r:kernel:s0 tcontext=u:r:kernel:s0 tclass=capability permissive=0
11-22 08:28:13.035 0 0 I auditd : type=1400 audit(0.0:6362): avc: denied { kill } for comm="swapper/0" capability=5 scontext=u:r:kernel:s0 tcontext=u:r:kernel:s0 tclass=capability permissive=0
11-22 08:28:14.035 0 0 I auditd : type=1400 audit(0.0:6363): avc: denied { kill } for comm="swapper/0" capability=5 scontext=u:r:kernel:s0 tcontext=u:r:kernel:s0 tclass=capability permissive=0
11-22 08:28:15.035 0 0 I auditd : type=1400 audit(0.0:6364): avc: denied { kill } for comm="swapper/0" capability=5 scontext=u:r:kernel:s0 tcontext=u:r:kernel:s0 tclass=capability permissive=0
11-22 08:28:16.035 0 0 I auditd : type=1400 audit(0.0:6365): avc: denied { kill } for comm="swapper/0" capability=5 scontext=u:r:kernel:s0 tcontext=u:r:kernel:s0 tclass=capability permissive=0
11-22 08:28:17.035 0 0 I auditd : type=1400 audit(0.0:6366): avc: denied { kill } for comm="swapper/0" capability=5 scontext=u:r:kernel:s0 tcontext=u:r:kernel:s0 tclass=capability permissive=0
11-22 08:28:18.035 0 0 I auditd : type=1400 audit(0.0:6367): avc: denied { kill } for comm="swapper/0" capability=5 scontext=u:r:kernel:s0 tcontext=u:r:kernel:s0 tclass=capability permissive=0
11-22 08:28:19.035 0 0 I auditd : type=1400 audit(0.0:6368): avc: denied { kill } for comm="swapper/0" capability=5 scontext=u:r:kernel:s0 tcontext=u:r:kernel:s0 tclass=capability permissive=0
11-22 08:28:20.035 0 0 I auditd : type=1400 audit(0.0:6369): avc: denied { kill } for comm="swapper/0" capability=5 scontext=u:r:kernel:s0 tcontext=u:r:kernel:s0 tclass=capability permissive=0
11-22 08:28:21.035 0 0 I auditd : type=1400 audit(0.0:6370): avc: denied { kill } for comm="swapper/0" capability=5 scontext=u:r:kernel:s0 tcontext=u:r:kernel:s0 tclass=capability permissive=0
11-22 08:28:22.035 0 0 I auditd : type=1400 audit(0.0:6371): avc: denied { kill } for comm="swapper/0" capability=5 scontext=u:r:kernel:s0 tcontext=u:r:kernel:s0 tclass=capability permissive=0
11-22 08:28:23.035 0 0 I auditd : type=1400 audit(0.0:6372): avc: denied { kill } for comm="swapper/0" capability=5 scontext=u:r:kernel:s0 tcontext=u:r:kernel:s0 tclass=capability permissive=0
11-22 08:28:24.035 0 0 I auditd : type=1400 audit(0.0:6373): avc: denied { kill } for comm="swapper/0" capability=5 scontext=u:r:kernel:s0 tcontext=u:r:kernel:s0 tclass=capability permissive=0
11-22 08:28:25.035 0 0 I auditd : type=1400 audit(0.0:6374): avc: denied { kill } for comm="swapper/0" capability=5 scontext=u:r:kernel:s0 tcontext=u:r:kernel:s0 tclass=capability permissive=0
11-22 08:28:26.035 0 0 I auditd : type=1400 audit(0.0:6375): avc: denied { kill } for comm="swapper/0" capability=5 scontext=u:r:kernel:s0 tcontext=u:r:kernel:s0 tclass=capability permissive=0
11-22 08:28:26.810 1489 1752 I am_freeze: [21970,com.android.calendar]
11-22 08:28:26.811 1489 1752 I am_kill : [0,21970,com.android.calendar,935,Unable to freeze binder interface]
11-22 08:28:26.845 1489 2461 I am_proc_died: [0,21970,com.android.calendar,935,19]
11-22 08:28:26.846 1489 2461 I am_uid_stopped: 10068
11-22 08:28:26.853 1489 1634 I am_uid_running: 10068
11-22 08:28:26.870 1489 1651 I am_proc_start: [0,23178,10068,com.android.calendar,NULL,]
11-22 08:28:26.906 1489 2461 I am_proc_bound: [0,23178,com.android.calendar]
11-22 08:28:27.035 0 0 I auditd : type=1400 audit(0.0:6376): avc: denied { kill } for comm="swapper/0" capability=5 scontext=u:r:kernel:s0 tcontext=u:r:kernel:s0 tclass=capability permissive=0
11-22 08:28:28.035 0 0 I auditd : type=1400 audit(0.0:6377): avc: denied { kill } for comm="swapper/0" capability=5 scontext=u:r:kernel:s0 tcontext=u:r:kernel:s0 tclass=capability permissive=0
11-22 08:28:28.218 2840 2840 I view_enqueue_input_event: [Motion - Cancel,com.android.launcher3/com.android.launcher3.uioverrides.QuickstepLauncher]
11-22 08:28:28.228 1489 2012 I input_interaction: Interaction with: edge-swipe (server), swipe-up (server), PointerEventDispatcher0 (server),
11-22 08:28:28.374 1489 1751 I commit_sys_config_file: [settings-1-0,5]
11-22 08:28:28.827 1489 1751 I commit_sys_config_file: [settings-1-0,5]
11-22 08:28:29.035 0 0 I auditd : type=1400 audit(0.0:6378): avc: denied { kill } for comm="swapper/0" capability=5 scontext=u:r:kernel:s0 tcontext=u:r:kernel:s0 tclass=capability permissive=0
11-22 08:28:30.035 0 0 I auditd : type=1400 audit(0.0:6379): avc: denied { kill } for comm="swapper/0" capability=5 scontext=u:r:kernel:s0 tcontext=u:r:kernel:s0 tclass=capability permissive=0
11-22 08:28:31.035 352 352 I auditd : type=1400 audit(0.0:6380): avc: denied { kill } for comm="irq/382-atmel_m" capability=5 scontext=u:r:kernel:s0 tcontext=u:r:kernel:s0 tclass=capability permissive=0
11-22 08:28:31.168 1489 2012 I input_interaction: Interaction with: 3cc67bf com.android.launcher3/com.android.launcher3.uioverrides.QuickstepLauncher (server), 6449bab com.android.systemui.ImageWallpaper (server), edge-swipe (server), swipe-up (server), PointerEventDispatcher0 (server),
11-22 08:28:31.280 1489 1947 I wm_task_created: [233,-1]
11-22 08:28:31.287 1489 1947 I wm_task_moved: [233,1,6]
11-22 08:28:31.287 1489 1947 I wm_task_to_front: [0,233]
11-22 08:28:31.288 1489 1947 I wm_create_task: [0,233]
11-22 08:28:31.288 1489 1947 I wm_create_activity: [0,267634833,233,com.android.gallery3d/.app.GalleryActivity,android.intent.action.MAIN,NULL,NULL,270532608]
11-22 08:28:31.288 1489 1947 I wm_task_moved: [233,1,6]
11-22 08:28:31.291 1489 1947 I wm_pause_activity: [0,168390208,com.android.launcher3/.uioverrides.QuickstepLauncher,userLeaving=true,pauseBackTasks]
11-22 08:28:31.299 2840 2840 I wm_on_top_resumed_lost_called: [168390208,com.android.launcher3.uioverrides.QuickstepLauncher,topStateChangedWhenResumed]
11-22 08:28:31.311 2840 2840 I wm_on_paused_called: [168390208,com.android.launcher3.uioverrides.QuickstepLauncher,performPause]
11-22 08:28:31.316 1489 6707 I wm_add_to_stopping: [0,168390208,com.android.launcher3/.uioverrides.QuickstepLauncher,makeInvisible]
11-22 08:28:31.317 1489 6707 I wm_restart_activity: [0,267634833,233,com.android.gallery3d/.app.GalleryActivity]
11-22 08:28:31.320 1489 6707 I wm_set_resumed_activity: [0,com.android.gallery3d/.app.GalleryActivity,minimalResumeActivityLocked]
11-22 08:28:31.326 1489 1634 I am_uid_active: 10069
11-22 08:28:31.334 1489 1634 I sysui_multi_action: [757,803,799,window_time_0,802,23]
11-22 08:28:31.342 1489 2012 I input_focus: [Focus leaving 3cc67bf com.android.launcher3/com.android.launcher3.uioverrides.QuickstepLauncher (server),reason=NO_WINDOW]
11-22 08:28:31.368 23162 23162 I wm_on_create_called: [267634833,com.android.gallery3d.app.GalleryActivity,performCreate]
11-22 08:28:31.369 23162 23162 I wm_on_start_called: [267634833,com.android.gallery3d.app.GalleryActivity,handleStartActivity]
11-22 08:28:31.373 23162 23162 I wm_on_resume_called: [267634833,com.android.gallery3d.app.GalleryActivity,RESUME_ACTIVITY]
11-22 08:28:31.378 23162 23162 I wm_on_top_resumed_gained_called: [267634833,com.android.gallery3d.app.GalleryActivity,topStateChangedWhenResumed]
11-22 08:28:31.399 1489 1636 I input_focus: [Focus request 356cf5 com.android.gallery3d/com.android.gallery3d.app.GalleryActivity,reason=UpdateInputWindows]
11-22 08:28:31.405 2375 2375 I sysui_multi_action: [757,111,758,2]
11-22 08:28:31.405 1489 1489 I notification_enqueue: [10082,2375,com.android.systemui,2048,NULL,0,Notification(channel=updateNotification shortcut=null contentView=null vibrate=null sound=null defaults=0x0 flags=0x0 color=0x00000000 vis=PRIVATE),1]
11-22 08:28:31.405 2375 2375 I sysui_multi_action: [757,111,758,2]
11-22 08:28:31.422 2375 2375 I sysui_multi_action: [757,111,758,1]
11-22 08:28:31.423 2375 2375 I sysui_multi_action: [757,126,758,1,759,126,927,0,928,1,1593,0]
11-22 08:28:31.423 2375 2375 I sysui_multi_action: [757,113,758,1,759,113,927,1,928,1,1593,0]
11-22 08:28:31.423 2375 2375 I sysui_multi_action: [757,0,758,1,759,0,927,2,928,0,1593,0]
11-22 08:28:31.423 2375 2375 I sysui_multi_action: [757,0,758,1,759,0,927,3,928,0,1593,0]
11-22 08:28:31.424 2375 2375 I sysui_multi_action: [757,491,758,1,759,491,927,4,928,0,1311,-1,1593,0]
11-22 08:28:31.424 2375 2375 I sysui_multi_action: [757,0,758,1,759,0,927,5,928,0,1593,0]
11-22 08:28:31.424 2375 2375 I sysui_multi_action: [757,114,758,1,759,114,927,6,928,0,1593,0]
11-22 08:28:31.425 2375 2375 I sysui_multi_action: [757,111,758,1]
11-22 08:28:31.425 2375 2375 I sysui_multi_action: [757,126,758,1,759,126,927,0,928,1,1593,0]
11-22 08:28:31.425 2375 2375 I sysui_multi_action: [757,113,758,1,759,113,927,1,928,1,1593,0]
11-22 08:28:31.425 2375 2375 I sysui_multi_action: [757,0,758,1,759,0,927,2,928,0,1593,0]
11-22 08:28:31.425 2375 2375 I sysui_multi_action: [757,0,758,1,759,0,927,3,928,0,1593,0]
11-22 08:28:31.454 1489 1631 I sysui_multi_action: [319,78,321,76,322,172,325,19899,757,761,758,8,759,1,806,com.android.gallery3d,871,com.android.gallery3d.app.GalleryActivity,904,com.android.launcher3,905,0,1320,8,1321,5]
11-22 08:28:31.455 1489 1631 I wm_activity_launch_time: [0,267634833,com.android.gallery3d/.app.GalleryActivity,172]
11-22 08:28:31.460 1489 2012 I input_focus: [Focus entering 356cf5 com.android.gallery3d/com.android.gallery3d.app.GalleryActivity (server),reason=Window became focusable. Previous reason: NOT_VISIBLE]
11-22 08:28:31.887 1489 1634 I wm_stop_activity: [0,168390208,com.android.launcher3/.uioverrides.QuickstepLauncher]
11-22 08:28:31.934 2840 2840 I wm_on_stop_called: [168390208,com.android.launcher3.uioverrides.QuickstepLauncher,STOP_ACTIVITY_ITEM]
11-22 08:28:32.035 0 0 I auditd : type=1400 audit(0.0:6381): avc: denied { kill } for comm="swapper/0" capability=5 scontext=u:r:kernel:s0 tcontext=u:r:kernel:s0 tclass=capability permissive=0
11-22 08:28:32.487 1489 2012 I input_interaction: Interaction with: 356cf5 com.android.gallery3d/com.android.gallery3d.app.GalleryActivity (server), edge-swipe (server), swipe-up (server), PointerEventDispatcher0 (server),
11-22 08:28:32.506 1489 1597 I wm_task_moved: [1,0,0]
11-22 08:28:32.507 1489 1597 I wm_task_moved: [1,0,5]
11-22 08:28:32.548 2840 2840 I wm_on_restart_called: [168390208,com.android.launcher3.uioverrides.QuickstepLauncher,performRestartActivity]
11-22 08:28:32.563 2840 2840 I wm_on_start_called: [168390208,com.android.launcher3.uioverrides.QuickstepLauncher,handleStartActivity]
11-22 08:28:32.589 1489 1631 I sysui_multi_action: [319,19,322,75,325,19901,757,761,758,9,759,5,806,com.android.launcher3,871,com.android.launcher3.uioverrides.QuickstepLauncher,905,0,1320,8,1321,5]
11-22 08:28:32.599 23162 23162 I view_enqueue_input_event: [Motion - Cancel,com.android.gallery3d/com.android.gallery3d.app.GalleryActivity]
11-22 08:28:32.600 2840 2840 I sysui_latency: [1,88]
11-22 08:28:32.606 1489 1636 I input_focus: [Focus request recents_animation_input_consumer,reason=UpdateInputWindows]
11-22 08:28:32.608 1489 2012 I input_interaction: Interaction with: edge-swipe (server), swipe-up (server), PointerEventDispatcher0 (server),
11-22 08:28:32.629 1489 2012 I input_focus: [Focus leaving 356cf5 com.android.gallery3d/com.android.gallery3d.app.GalleryActivity (server),reason=NOT_FOCUSABLE]
11-22 08:28:32.630 1489 2012 I input_focus: [Focus entering recents_animation_input_consumer (server),reason=setFocusedWindow]
11-22 08:28:32.766 1489 1751 I commit_sys_config_file: [settings-1-0,4]
11-22 08:28:32.887 1489 1648 I sysui_latency: [8,88]
11-22 08:28:33.035 0 0 I auditd : type=1400 audit(0.0:6382): avc: denied { kill } for comm="swapper/0" capability=5 scontext=u:r:kernel:s0 tcontext=u:r:kernel:s0 tclass=capability permissive=0
11-22 08:28:33.993 1489 1751 I commit_sys_config_file: [settings-1-0,5]
11-22 08:28:34.035 0 0 I auditd : type=1400 audit(0.0:6383): avc: denied { kill } for comm="swapper/0" capability=5 scontext=u:r:kernel:s0 tcontext=u:r:kernel:s0 tclass=capability permissive=0
11-22 08:28:35.035 0 0 I auditd : type=1400 audit(0.0:6384): avc: denied { kill } for comm="swapper/0" capability=5 scontext=u:r:kernel:s0 tcontext=u:r:kernel:s0 tclass=capability permissive=0
11-22 08:28:35.078 1489 2012 I input_interaction: Interaction with: 3cc67bf com.android.launcher3/com.android.launcher3.uioverrides.QuickstepLauncher (server), edge-swipe (server), swipe-up (server), PointerEventDispatcher0 (server),
11-22 08:28:35.255 1489 1947 I wm_task_moved: [1,1,6]
11-22 08:28:35.258 1489 1947 I wm_focused_root_task: [0,0,1,233,startActivityFromRecents]
11-22 08:28:35.258 23162 23162 I wm_on_top_resumed_lost_called: [267634833,com.android.gallery3d.app.GalleryActivity,topStateChangedWhenResumed]
11-22 08:28:35.259 1489 1947 I wm_task_moved: [233,1,6]
11-22 08:28:35.259 1489 1947 I wm_set_resumed_activity: [0,com.android.gallery3d/.app.GalleryActivity,positionChildAt]
11-22 08:28:35.259 1489 1947 I wm_focused_root_task: [0,0,233,1,moveTaskToFront findTaskToMoveToFront]
11-22 08:28:35.259 1489 1947 I wm_set_resumed_activity: [0,com.android.gallery3d/.app.GalleryActivity,moveTaskToFront findTaskToMoveToFront]
11-22 08:28:35.269 1489 1634 I wm_relaunch_resume_activity: [0,267634833,233,com.android.gallery3d/.app.GalleryActivity]
11-22 08:28:35.313 23162 23162 I wm_on_paused_called: [267634833,com.android.gallery3d.app.GalleryActivity,performPause]
11-22 08:28:35.313 23162 23162 I wm_on_stop_called: [267634833,com.android.gallery3d.app.GalleryActivity,handleRelaunchActivity]
11-22 08:28:35.315 23162 23162 I wm_on_destroy_called: [267634833,com.android.gallery3d.app.GalleryActivity,performDestroy]
11-22 08:28:35.331 23162 23162 I wm_on_create_called: [267634833,com.android.gallery3d.app.GalleryActivity,performCreate]
11-22 08:28:35.332 23162 23162 I wm_on_start_called: [267634833,com.android.gallery3d.app.GalleryActivity,handleStartActivity]
11-22 08:28:35.340 23162 23162 I wm_on_resume_called: [267634833,com.android.gallery3d.app.GalleryActivity,RESUME_ACTIVITY]
11-22 08:28:35.340 23162 23162 I wm_on_top_resumed_gained_called: [267634833,com.android.gallery3d.app.GalleryActivity,topStateChangedWhenResumed]
11-22 08:28:35.718 1489 1597 I wm_task_moved: [1,1,6]
11-22 08:28:35.719 1489 1597 I wm_task_moved: [10,1,2147483647]
11-22 08:28:35.719 1489 1597 I wm_task_to_front: [0,10]
11-22 08:28:35.719 23162 23162 I wm_on_top_resumed_lost_called: [267634833,com.android.gallery3d.app.GalleryActivity,topStateChangedWhenResumed]
11-22 08:28:35.719 1489 1597 I wm_focused_root_task: [0,0,1,233,RecentsAnimation.onAnimationFinished()]
11-22 08:28:35.719 1489 1597 I wm_set_resumed_activity: [0,com.android.launcher3/.uioverrides.QuickstepLauncher,RecentsAnimation.onAnimationFinished()]
11-22 08:28:35.720 1489 1597 I wm_set_resumed_activity: [0,com.android.launcher3/.uioverrides.QuickstepLauncher,resumeTopActivityInnerLocked]
11-22 08:28:35.722 1489 1597 I wm_resume_activity: [0,168390208,10,com.android.launcher3/.uioverrides.QuickstepLauncher]
11-22 08:28:35.729 1489 1636 I input_focus: [Focus request 3cc67bf com.android.launcher3/com.android.launcher3.uioverrides.QuickstepLauncher,reason=UpdateInputWindows]
11-22 08:28:35.738 1489 2012 I input_focus: [Focus leaving recents_animation_input_consumer (server),reason=NOT_VISIBLE]
11-22 08:28:35.738 1489 2012 I input_focus: [Focus entering 3cc67bf com.android.launcher3/com.android.launcher3.uioverrides.QuickstepLauncher (server),reason=setFocusedWindow]
11-22 08:28:35.739 1489 1634 I sysui_multi_action: [757,803,799,window_time_0,802,5]
11-22 08:28:35.756 2840 2840 I wm_on_resume_called: [168390208,com.android.launcher3.uioverrides.QuickstepLauncher,RESUME_ACTIVITY]
11-22 08:28:35.757 2840 2840 I wm_on_top_resumed_gained_called: [168390208,com.android.launcher3.uioverrides.QuickstepLauncher,topStateChangedWhenResumed]
11-22 08:28:36.035 0 0 I auditd : type=1400 audit(0.0:6385): avc: denied { kill } for comm="swapper/0" capability=5 scontext=u:r:kernel:s0 tcontext=u:r:kernel:s0 tclass=capability permissive=0
11-22 08:28:36.090 1489 2319 I storage_state: [41217664-9172-527a-b3d5-edabb50a7d69,0,0,114995666944,118610538496]
11-22 08:28:37.035 352 352 I auditd : type=1400 audit(0.0:6386): avc: denied { kill } for comm="irq/382-atmel_m" capability=5 scontext=u:r:kernel:s0 tcontext=u:r:kernel:s0 tclass=capability permissive=0
11-22 08:28:37.384 1489 2012 I input_interaction: Interaction with: 356cf5 com.android.gallery3d/com.android.gallery3d.app.GalleryActivity (server), edge-swipe (server), swipe-up (server), PointerEventDispatcher0 (server),
11-22 08:28:37.388 1489 1634 I wm_task_moved: [233,1,6]
11-22 08:28:37.388 1489 1634 I wm_task_to_front: [0,233]
11-22 08:28:37.392 2840 2840 I wm_on_top_resumed_lost_called: [168390208,com.android.launcher3.uioverrides.QuickstepLauncher,topStateChangedWhenResumed]
11-22 08:28:37.392 1489 1634 I wm_set_resumed_activity: [0,com.android.gallery3d/.app.GalleryActivity,positionChildAt]
11-22 08:28:37.392 1489 1634 I wm_focused_root_task: [0,0,233,1,setFocusedTask]
11-22 08:28:37.392 1489 1634 I wm_set_resumed_activity: [0,com.android.gallery3d/.app.GalleryActivity,setFocusedTask]
