11-22 08:13:23.264 1489 2012 I input_focus: [Focus entering 5223432 PopupWindow:a30cc62 (server),reason=Window became focusable. Previous reason: NOT_VISIBLE]
11-22 08:13:24.035 352 352 I auditd : type=1400 audit(0.0:5563): avc: denied { kill } for comm="irq/382-atmel_m" capability=5 scontext=u:r:kernel:s0 tcontext=u:r:kernel:s0 tclass=capability permissive=0
11-22 08:13:25.035 0 0 I auditd : type=1400 audit(0.0:5564): avc: denied { kill } for comm="swapper/0" capability=5 scontext=u:r:kernel:s0 tcontext=u:r:kernel:s0 tclass=capability permissive=0
11-22 08:13:25.306 1489 2012 I input_interaction: Interaction with: 5223432 PopupWindow:a30cc62 (server), edge-swipe (server), swipe-up (server), PointerEventDispatcher0 (server),
11-22 08:13:25.447 20499 20499 I menu_item_selected: [0,详细信息]
11-22 08:13:25.505 1489 1636 I input_focus: [Focus request 9fa41fb com.android.gallery3d/com.android.gallery3d.app.GalleryActivity,reason=UpdateInputWindows]
11-22 08:13:25.538 1489 2012 I input_focus: [Focus entering 9fa41fb com.android.gallery3d/com.android.gallery3d.app.GalleryActivity (server),reason=setFocusedWindow]
11-22 08:13:26.035 0 0 I auditd : type=1400 audit(0.0:5565): avc: denied { kill } for comm="swapper/0" capability=5 scontext=u:r:kernel:s0 tcontext=u:r:kernel:s0 tclass=capability permissive=0
11-22 08:13:26.477 1489 2012 I input_interaction: Interaction with: 9fa41fb com.android.gallery3d/com.android.gallery3d.app.GalleryActivity (server), edge-swipe (server), swipe-up (server), PointerEventDispatcher0 (server),
11-22 08:13:26.543 1489 1636 I input_focus: [Focus request 2af6a46 com.android.gallery3d/com.android.gallery3d.app.GalleryActivity,reason=UpdateInputWindows]
11-22 08:13:26.573 1489 2012 I input_focus: [Focus entering 2af6a46 com.android.gallery3d/com.android.gallery3d.app.GalleryActivity (server),reason=setFocusedWindow]
11-22 08:13:27.035 0 0 I auditd : type=1400 audit(0.0:5566): avc: denied { kill } for comm="swapper/0" capability=5 scontext=u:r:kernel:s0 tcontext=u:r:kernel:s0 tclass=capability permissive=0
11-22 08:13:27.316 1489 2012 I input_interaction: Interaction with: 2af6a46 com.android.gallery3d/com.android.gallery3d.app.GalleryActivity (server), edge-swipe (server), swipe-up (server), PointerEventDispatcher0 (server),
11-22 08:13:27.392 20499 20499 I menu_item_selected: [0,Movies]
11-22 08:13:28.035 0 0 I auditd : type=1400 audit(0.0:5567): avc: denied { kill } for comm="swapper/0" capability=5 scontext=u:r:kernel:s0 tcontext=u:r:kernel:s0 tclass=capability permissive=0
11-22 08:13:28.185 20499 20499 I menu_item_selected: [0,Movies]
11-22 08:13:29.035 0 0 I auditd : type=1400 audit(0.0:5568): avc: denied { kill } for comm="swapper/0" capability=5 scontext=u:r:kernel:s0 tcontext=u:r:kernel:s0 tclass=capability permissive=0
11-22 08:13:30.035 0 0 I auditd : type=1400 audit(0.0:5569): avc: denied { kill } for comm="swapper/0" capability=5 scontext=u:r:kernel:s0 tcontext=u:r:kernel:s0 tclass=capability permissive=0
11-22 08:13:31.035 0 0 I auditd : type=1400 audit(0.0:5570): avc: denied { kill } for comm="swapper/0" capability=5 scontext=u:r:kernel:s0 tcontext=u:r:kernel:s0 tclass=capability permissive=0
11-22 08:13:32.035 0 0 I auditd : type=1400 audit(0.0:5571): avc: denied { kill } for comm="swapper/0" capability=5 scontext=u:r:kernel:s0 tcontext=u:r:kernel:s0 tclass=capability permissive=0
11-22 08:13:33.035 1489 1636 I input_focus: [Focus request bd12c78 PopupWindow:94af82a,reason=UpdateInputWindows]
11-22 08:13:33.035 352 352 I auditd : type=1400 audit(0.0:5572): avc: denied { kill } for comm="irq/382-atmel_m" capability=5 scontext=u:r:kernel:s0 tcontext=u:r:kernel:s0 tclass=capability permissive=0
11-22 08:13:33.055 1489 2012 I input_focus: [Focus leaving 2af6a46 com.android.gallery3d/com.android.gallery3d.app.GalleryActivity (server),reason=Waiting for window because NOT_VISIBLE]
11-22 08:13:33.071 1489 2012 I input_focus: [Focus entering bd12c78 PopupWindow:94af82a (server),reason=Window became focusable. Previous reason: NOT_VISIBLE]
11-22 08:13:33.877 1489 2012 I input_interaction: Interaction with: bd12c78 PopupWindow:94af82a (server), edge-swipe (server), swipe-up (server), PointerEventDispatcher0 (server),
11-22 08:13:34.018 20499 20499 I menu_item_selected: [0,静音]
11-22 08:13:34.035 0 0 I auditd : type=1400 audit(0.0:5573): avc: denied { kill } for comm="swapper/0" capability=5 scontext=u:r:kernel:s0 tcontext=u:r:kernel:s0 tclass=capability permissive=0
11-22 08:13:34.069 1489 1636 I input_focus: [Focus request 73f538e 正在静音,reason=UpdateInputWindows]
11-22 08:13:34.094 1489 1949 I am_crash: [20499,0,com.android.gallery3d,819510341,java.lang.NullPointerException,Can't toast on a thread that has not called Looper.prepare(),Preconditions.java,167]
11-22 08:13:34.099 1489 1949 I wm_finish_activity: [0,31372009,210,com.android.gallery3d/.app.GalleryActivity,force-crash]
11-22 08:13:34.100 1489 1949 I wm_task_moved: [1,1,7]
11-22 08:13:34.101 1489 1949 I wm_set_resumed_activity: [0,com.android.launcher3/.uioverrides.QuickstepLauncher,positionChildAt]
11-22 08:13:34.101 1489 1949 I wm_task_moved: [10,1,2147483647]
11-22 08:13:34.101 1489 1949 I wm_task_to_front: [0,10]
11-22 08:13:34.101 1489 1949 I wm_focused_root_task: [0,0,1,-1,finish-top adjustFocusToNextFocusableTask]
11-22 08:13:34.101 20499 20499 I wm_on_top_resumed_lost_called: [31372009,com.android.gallery3d.app.GalleryActivity,topStateChangedWhenResumed]
11-22 08:13:34.101 1489 1949 I wm_set_resumed_activity: [0,com.android.launcher3/.uioverrides.QuickstepLauncher,finish-top]
11-22 08:13:34.107 1489 2012 I input_focus: [Focus entering 73f538e 正在静音 (server),reason=Window became focusable. Previous reason: NOT_VISIBLE]
11-22 08:13:34.109 1489 1949 I wm_pause_activity: [0,31372009,com.android.gallery3d/.app.GalleryActivity,userLeaving=false,finish]
11-22 08:13:34.113 1489 1636 I input_focus: [Focus request 3cc67bf com.android.launcher3/com.android.launcher3.uioverrides.QuickstepLauncher,reason=UpdateInputWindows]
11-22 08:13:34.114 1489 1949 I sysui_multi_action: [757,316,758,4,759,-1]
11-22 08:13:34.119 2840 2840 I wm_on_top_resumed_gained_called: [168390208,com.android.launcher3.uioverrides.QuickstepLauncher,topStateChangedWhenResumed]
11-22 08:13:34.122 1489 2012 I input_focus: [Focus leaving 73f538e 正在静音 (server),reason=NO_WINDOW]
11-22 08:13:34.123 1489 2012 I input_focus: [Focus entering 3cc67bf com.android.launcher3/com.android.launcher3.uioverrides.QuickstepLauncher (server),reason=setFocusedWindow]
11-22 08:13:34.225 1489 2799 I am_proc_died: [0,20499,com.android.gallery3d,0,2]
11-22 08:13:34.242 1489 2799 I am_uid_stopped: 10069
11-22 08:13:34.273 1489 1648 I am_pss : [20344,10094,com.android.permissioncontroller,30156800,23252992,266240,150568960,0,19,8]
11-22 08:13:34.490 1489 1636 I wm_task_removed: [210,removeChild:removeChild last r=ActivityRecord{1deb2e9 u0 com.android.gallery3d/.app.GalleryActivity t-1 f}} in t=Task{ec176e4 #210 type=standard A=10069:com.android.gallery3d U=0 visible=false mode=freeform translucent=true sz=0}]
11-22 08:13:34.490 1489 1636 I wm_task_removed: [210,removeChild]
11-22 08:13:35.035 0 0 I auditd : type=1400 audit(0.0:5574): avc: denied { kill } for comm="swapper/0" capability=5 scontext=u:r:kernel:s0 tcontext=u:r:kernel:s0 tclass=capability permissive=0
11-22 08:13:35.065 1489 2319 I storage_state: [41217664-9172-527a-b3d5-edabb50a7d69,0,0,115661778944,118610538496]
11-22 08:13:36.035 0 0 I auditd : type=1400 audit(0.0:5575): avc: denied { kill } for comm="swapper/0" capability=5 scontext=u:r:kernel:s0 tcontext=u:r:kernel:s0 tclass=capability permissive=0
11-22 08:13:37.035 0 0 I auditd : type=1400 audit(0.0:5576): avc: denied { kill } for comm="swapper/0" capability=5 scontext=u:r:kernel:s0 tcontext=u:r:kernel:s0 tclass=capability permissive=0
11-22 08:13:38.035 0 0 I auditd : type=1400 audit(0.0:5577): avc: denied { kill } for comm="swapper/0" capability=5 scontext=u:r:kernel:s0 tcontext=u:r:kernel:s0 tclass=capability permissive=0
11-22 08:13:38.817 1489 2012 I input_interaction: Interaction with: 3cc67bf com.android.launcher3/com.android.launcher3.uioverrides.QuickstepLauncher (server), 6449bab com.android.systemui.ImageWallpaper (server), edge-swipe (server), swipe-up (server), PointerEventDispatcher0 (server),
11-22 08:13:39.035 0 0 I auditd : type=1400 audit(0.0:5578): avc: denied { kill } for comm="swapper/0" capability=5 scontext=u:r:kernel:s0 tcontext=u:r:kernel:s0 tclass=capability permissive=0
11-22 08:13:40.035 352 352 I auditd : type=1400 audit(0.0:5579): avc: denied { kill } for comm="irq/382-atmel_m" capability=5 scontext=u:r:kernel:s0 tcontext=u:r:kernel:s0 tclass=capability permissive=0
11-22 08:13:40.107 1489 5394 I wm_task_created: [213,-1]
11-22 08:13:40.113 1489 5394 I wm_task_moved: [213,1,7]
11-22 08:13:40.113 1489 5394 I wm_task_to_front: [0,213]
11-22 08:13:40.113 1489 5394 I wm_create_task: [0,213]
11-22 08:13:40.113 1489 5394 I wm_create_activity: [0,190071378,213,com.android.gallery3d/.app.GalleryActivity,NULL,NULL,NULL,268468224]
11-22 08:13:40.114 1489 5394 I wm_task_moved: [213,1,7]
11-22 08:13:40.126 2840 2840 I wm_on_top_resumed_lost_called: [168390208,com.android.launcher3.uioverrides.QuickstepLauncher,topStateChangedWhenResumed]
11-22 08:13:40.128 1489 1634 I am_uid_running: 10069
11-22 08:13:40.158 1489 1651 I am_proc_start: [0,20604,10069,com.android.gallery3d,top-activity,{com.android.gallery3d/com.android.gallery3d.app.GalleryActivity}]
11-22 08:13:40.183 1489 5394 I am_proc_bound: [0,20604,com.android.gallery3d]
11-22 08:13:40.186 1489 5394 I wm_restart_activity: [0,190071378,213,com.android.gallery3d/.app.GalleryActivity]
11-22 08:13:40.186 1489 5394 I wm_set_resumed_activity: [0,com.android.gallery3d/.app.GalleryActivity,minimalResumeActivityLocked]
11-22 08:13:40.187 1489 5394 I am_uid_active: 10069
11-22 08:13:40.234 20604 20604 I wm_on_create_called: [190071378,com.android.gallery3d.app.GalleryActivity,performCreate]
11-22 08:13:40.235 20604 20604 I wm_on_start_called: [190071378,com.android.gallery3d.app.GalleryActivity,handleStartActivity]
11-22 08:13:40.237 20604 20604 I wm_on_resume_called: [190071378,com.android.gallery3d.app.GalleryActivity,RESUME_ACTIVITY]
11-22 08:13:40.242 20604 20604 I wm_on_top_resumed_gained_called: [190071378,com.android.gallery3d.app.GalleryActivity,topStateChangedWhenResumed]
11-22 08:13:40.258 1489 1636 I input_focus: [Focus request e7ff15a com.android.gallery3d/com.android.gallery3d.app.GalleryActivity,reason=UpdateInputWindows]
11-22 08:13:40.287 1489 2012 I input_focus: [Focus leaving 3cc67bf com.android.launcher3/com.android.launcher3.uioverrides.QuickstepLauncher (server),reason=Waiting for window because NOT_VISIBLE]
11-22 08:13:40.345 1489 1631 I sysui_multi_action: [319,240,322,239,325,19008,757,761,758,7,759,2,806,com.android.gallery3d,871,com.android.gallery3d.app.GalleryActivity,904,com.android.launcher3,905,0,945,84,1320,8,1321,5]
11-22 08:13:40.347 1489 1631 I wm_activity_launch_time: [0,190071378,com.android.gallery3d/.app.GalleryActivity,239]
11-22 08:13:40.354 1489 2012 I input_focus: [Focus entering e7ff15a com.android.gallery3d/com.android.gallery3d.app.GalleryActivity (server),reason=Window became focusable. Previous reason: NOT_VISIBLE]
11-22 08:13:41.035 0 0 I auditd : type=1400 audit(0.0:5580): avc: denied { kill } for comm="swapper/0" capability=5 scontext=u:r:kernel:s0 tcontext=u:r:kernel:s0 tclass=capability permissive=0
11-22 08:13:42.035 0 0 I auditd : type=1400 audit(0.0:5581): avc: denied { kill } for comm="swapper/0" capability=5 scontext=u:r:kernel:s0 tcontext=u:r:kernel:s0 tclass=capability permissive=0
11-22 08:13:43.035 0 0 I auditd : type=1400 audit(0.0:5582): avc: denied { kill } for comm="swapper/0" capability=5 scontext=u:r:kernel:s0 tcontext=u:r:kernel:s0 tclass=capability permissive=0
11-22 08:13:43.092 1489 2012 I input_interaction: Interaction with: e7ff15a com.android.gallery3d/com.android.gallery3d.app.GalleryActivity (server), edge-swipe (server), swipe-up (server), PointerEventDispatcher0 (server),
11-22 08:13:43.193 1489 1636 I input_focus: [Focus request fbd9112 PopupWindow:86155c6,reason=UpdateInputWindows]
11-22 08:13:43.213 1489 2012 I input_focus: [Focus leaving e7ff15a com.android.gallery3d/com.android.gallery3d.app.GalleryActivity (server),reason=Waiting for window because NOT_VISIBLE]
11-22 08:13:43.230 1489 2012 I input_focus: [Focus entering fbd9112 PopupWindow:86155c6 (server),reason=Window became focusable. Previous reason: NOT_VISIBLE]
11-22 08:13:44.035 0 0 I auditd : type=1400 audit(0.0:5583): avc: denied { kill } for comm="swapper/0" capability=5 scontext=u:r:kernel:s0 tcontext=u:r:kernel:s0 tclass=capability permissive=0
11-22 08:13:44.210 1489 2012 I input_interaction: Interaction with: fbd9112 PopupWindow:86155c6 (server), edge-swipe (server), swipe-up (server), PointerEventDispatcher0 (server),
11-22 08:13:44.225 1489 1636 I input_focus: [Focus request e7ff15a com.android.gallery3d/com.android.gallery3d.app.GalleryActivity,reason=UpdateInputWindows]
11-22 08:13:44.248 1489 2012 I input_focus: [Focus entering e7ff15a com.android.gallery3d/com.android.gallery3d.app.GalleryActivity (server),reason=setFocusedWindow]
11-22 08:13:44.624 1489 2012 I input_interaction: Interaction with: e7ff15a com.android.gallery3d/com.android.gallery3d.app.GalleryActivity (server), edge-swipe (server), swipe-up (server), PointerEventDispatcher0 (server),
11-22 08:13:45.035 0 0 I auditd : type=1400 audit(0.0:5584): avc: denied { kill } for comm="swapper/0" capability=5 scontext=u:r:kernel:s0 tcontext=u:r:kernel:s0 tclass=capability permissive=0
11-22 08:13:45.731 1489 1636 I input_focus: [Focus request 20862c2 PopupWindow:512ebb0,reason=UpdateInputWindows]
11-22 08:13:45.751 1489 2012 I input_focus: [Focus leaving e7ff15a com.android.gallery3d/com.android.gallery3d.app.GalleryActivity (server),reason=setFocusedWindow]
11-22 08:13:45.751 1489 2012 I input_focus: [Focus entering 20862c2 PopupWindow:512ebb0 (server),reason=setFocusedWindow]
11-22 08:13:46.035 0 0 I auditd : type=1400 audit(0.0:5585): avc: denied { kill } for comm="swapper/0" capability=5 scontext=u:r:kernel:s0 tcontext=u:r:kernel:s0 tclass=capability permissive=0
11-22 08:13:46.785 1489 2012 I input_interaction: Interaction with: 20862c2 PopupWindow:512ebb0 (server), edge-swipe (server), swipe-up (server), PointerEventDispatcher0 (server),
11-22 08:13:46.797 1489 1636 I input_focus: [Focus request e7ff15a com.android.gallery3d/com.android.gallery3d.app.GalleryActivity,reason=UpdateInputWindows]
11-22 08:13:46.819 1489 2012 I input_focus: [Focus entering e7ff15a com.android.gallery3d/com.android.gallery3d.app.GalleryActivity (server),reason=setFocusedWindow]
11-22 08:13:47.035 352 352 I auditd : type=1400 audit(0.0:5586): avc: denied { kill } for comm="irq/382-atmel_m" capability=5 scontext=u:r:kernel:s0 tcontext=u:r:kernel:s0 tclass=capability permissive=0
11-22 08:13:47.286 1489 2012 I input_interaction: Interaction with: e7ff15a com.android.gallery3d/com.android.gallery3d.app.GalleryActivity (server), edge-swipe (server), swipe-up (server), PointerEventDispatcher0 (server),
11-22 08:13:48.035 352 352 I auditd : type=1400 audit(0.0:5587): avc: denied { kill } for comm="irq/382-atmel_m" capability=5 scontext=u:r:kernel:s0 tcontext=u:r:kernel:s0 tclass=capability permissive=0
11-22 08:13:48.283 1489 1636 I input_focus: [Focus request 169496c PopupWindow:1a73532,reason=UpdateInputWindows]
11-22 08:13:48.325 1489 2012 I input_focus: [Focus leaving e7ff15a com.android.gallery3d/com.android.gallery3d.app.GalleryActivity (server),reason=setFocusedWindow]
11-22 08:13:48.326 1489 2012 I input_focus: [Focus entering 169496c PopupWindow:1a73532 (server),reason=setFocusedWindow]
11-22 08:13:49.035 0 0 I auditd : type=1400 audit(0.0:5588): avc: denied { kill } for comm="swapper/0" capability=5 scontext=u:r:kernel:s0 tcontext=u:r:kernel:s0 tclass=capability permissive=0
11-22 08:13:49.359 1489 2012 I input_interaction: Interaction with: 169496c PopupWindow:1a73532 (server), edge-swipe (server), swipe-up (server), PointerEventDispatcher0 (server),
11-22 08:13:49.514 20604 20604 I menu_item_selected: [0,详细信息]
11-22 08:13:49.571 1489 1636 I input_focus: [Focus request fe5d617 com.android.gallery3d/com.android.gallery3d.app.GalleryActivity,reason=UpdateInputWindows]
11-22 08:13:49.611 1489 2012 I input_focus: [Focus entering fe5d617 com.android.gallery3d/com.android.gallery3d.app.GalleryActivity (server),reason=Window became focusable. Previous reason: NOT_VISIBLE]
11-22 08:13:50.035 0 0 I auditd : type=1400 audit(0.0:5589): avc: denied { kill } for comm="swapper/1" capability=5 scontext=u:r:kernel:s0 tcontext=u:r:kernel:s0 tclass=capability permissive=0
11-22 08:13:50.435 1489 2012 I input_interaction: Interaction with: fe5d617 com.android.gallery3d/com.android.gallery3d.app.GalleryActivity (server), edge-swipe (server), swipe-up (server), PointerEventDispatcher0 (server),
11-22 08:13:50.523 1489 1636 I input_focus: [Focus request e7ff15a com.android.gallery3d/com.android.gallery3d.app.GalleryActivity,reason=UpdateInputWindows]
11-22 08:13:50.548 1489 2012 I input_focus: [Focus entering e7ff15a com.android.gallery3d/com.android.gallery3d.app.GalleryActivity (server),reason=setFocusedWindow]
11-22 08:13:50.964 1489 2012 I input_interaction: Interaction with: e7ff15a com.android.gallery3d/com.android.gallery3d.app.GalleryActivity (server), edge-swipe (server), swipe-up (server), PointerEventDispatcher0 (server),
11-22 08:13:51.035 0 0 I auditd : type=1400 audit(0.0:5590): avc: denied { kill } for comm="swapper/1" capability=5 scontext=u:r:kernel:s0 tcontext=u:r:kernel:s0 tclass=capability permissive=0
11-22 08:13:51.058 1489 1636 I input_focus: [Focus request f87572a PopupWindow:75f6530,reason=UpdateInputWindows]
11-22 08:13:51.082 1489 2012 I input_focus: [Focus leaving e7ff15a com.android.gallery3d/com.android.gallery3d.app.GalleryActivity (server),reason=Waiting for window because NOT_VISIBLE]
11-22 08:13:51.097 1489 2012 I input_focus: [Focus entering f87572a PopupWindow:75f6530 (server),reason=Window became focusable. Previous reason: NOT_VISIBLE]
11-22 08:13:52.035 0 0 I auditd : type=1400 audit(0.0:5591): avc: denied { kill } for comm="swapper/1" capability=5 scontext=u:r:kernel:s0 tcontext=u:r:kernel:s0 tclass=capability permissive=0
11-22 08:13:52.040 1489 2012 I input_interaction: Interaction with: f87572a PopupWindow:75f6530 (server), edge-swipe (server), swipe-up (server), PointerEventDispatcher0 (server),
11-22 08:13:52.187 20604 20604 I menu_item_selected: [0,修剪]
11-22 08:13:52.198 1489 5394 I wm_task_moved: [213,1,7]
11-22 08:13:52.198 1489 5394 I wm_set_resumed_activity: [0,com.android.gallery3d/.app.GalleryActivity,positionChildAt]
11-22 08:13:52.198 1489 5394 I wm_create_activity: [0,129999234,213,com.android.gallery3d/.app.TrimVideo,NULL,NULL,content://media/external/video/media/25,0]
11-22 08:13:52.200 1489 5394 I wm_pause_activity: [0,190071378,com.android.gallery3d/.app.GalleryActivity,userLeaving=true,resumeTopActivityInnerLocked]
11-22 08:13:52.220 20604 20604 I wm_on_top_resumed_lost_called: [190071378,com.android.gallery3d.app.GalleryActivity,topStateChangedWhenResumed]
11-22 08:13:52.221 1489 1636 I input_focus: [Focus request e7ff15a com.android.gallery3d/com.android.gallery3d.app.GalleryActivity,reason=UpdateInputWindows]
11-22 08:13:52.255 20604 20604 I wm_on_paused_called: [190071378,com.android.gallery3d.app.GalleryActivity,performPause]
11-22 08:13:52.258 1489 5394 I wm_restart_activity: [0,129999234,213,com.android.gallery3d/.app.TrimVideo]
11-22 08:13:52.260 1489 5394 I wm_set_resumed_activity: [0,com.android.gallery3d/.app.TrimVideo,minimalResumeActivityLocked]
11-22 08:13:52.263 1489 1634 I sysui_multi_action: [757,803,799,window_time_2,802,35]
11-22 08:13:52.269 1489 2012 I input_focus: [Focus entering e7ff15a com.android.gallery3d/com.android.gallery3d.app.GalleryActivity (server),reason=setFocusedWindow]
11-22 08:13:52.273 1489 1648 I am_pss : [20604,10069,com.android.gallery3d,48704512,42536960,0,168030208,0,2,9]
11-22 08:13:52.301 20604 20604 I wm_on_create_called: [129999234,com.android.gallery3d.app.TrimVideo,performCreate]
11-22 08:13:52.302 20604 20604 I wm_on_start_called: [129999234,com.android.gallery3d.app.TrimVideo,handleStartActivity]
11-22 08:13:52.302 20604 20604 I wm_on_resume_called: [129999234,com.android.gallery3d.app.TrimVideo,RESUME_ACTIVITY]
11-22 08:13:52.305 20604 20604 I wm_on_top_resumed_gained_called: [129999234,com.android.gallery3d.app.TrimVideo,topStateChangedWhenResumed]
11-22 08:13:52.313 1489 1636 I input_focus: [Focus request cb2b085 com.android.gallery3d/com.android.gallery3d.app.TrimVideo,reason=UpdateInputWindows]
11-22 08:13:52.334 1489 2012 I input_focus: [Focus leaving e7ff15a com.android.gallery3d/com.android.gallery3d.app.GalleryActivity (server),reason=Waiting for window because NOT_VISIBLE]
11-22 08:13:52.365 1489 1631 I wm_activity_launch_time: [0,129999234,com.android.gallery3d/.app.TrimVideo,173]
11-22 08:13:52.385 1489 2012 I input_focus: [Focus entering cb2b085 com.android.gallery3d/com.android.gallery3d.app.TrimVideo (server),reason=Window became focusable. Previous reason: NOT_VISIBLE]
11-22 08:13:53.035 0 0 I auditd : type=1400 audit(0.0:5592): avc: denied { kill } for comm="swapper/1" capability=5 scontext=u:r:kernel:s0 tcontext=u:r:kernel:s0 tclass=capability permissive=0
11-22 08:13:54.035 0 0 I auditd : type=1400 audit(0.0:5593): avc: denied { kill } for comm="swapper/1" capability=5 scontext=u:r:kernel:s0 tcontext=u:r:kernel:s0 tclass=capability permissive=0
11-22 08:13:54.229 1489 2012 I input_interaction: Interaction with: cb2b085 com.android.gallery3d/com.android.gallery3d.app.TrimVideo (server), edge-swipe (server), swipe-up (server), PointerEventDispatcher0 (server),
11-22 08:13:55.419 1489 1650 I am_uid_idle: 10094
11-22 08:13:56.035 0 0 I auditd : type=1400 audit(0.0:5594): avc: denied { kill } for comm="swapper/1" capability=5 scontext=u:r:kernel:s0 tcontext=u:r:kernel:s0 tclass=capability permissive=0
11-22 08:13:57.035 0 0 I auditd : type=1400 audit(0.0:5595): avc: denied { kill } for comm="swapper/1" capability=5 scontext=u:r:kernel:s0 tcontext=u:r:kernel:s0 tclass=capability permissive=0
11-22 08:13:58.035 0 0 I auditd : type=1400 audit(0.0:5596): avc: denied { kill } for comm="swapper/1" capability=5 scontext=u:r:kernel:s0 tcontext=u:r:kernel:s0 tclass=capability permissive=0
11-22 08:13:59.035 0 0 I auditd : type=1400 audit(0.0:5597): avc: denied { kill } for comm="swapper/1" capability=5 scontext=u:r:kernel:s0 tcontext=u:r:kernel:s0 tclass=capability permissive=0
11-22 08:14:02.035 0 0 I auditd : type=1400 audit(0.0:5598): avc: denied { kill } for comm="swapper/1" capability=5 scontext=u:r:kernel:s0 tcontext=u:r:kernel:s0 tclass=capability permissive=0
11-22 08:14:04.035 0 0 I auditd : type=1400 audit(0.0:5599): avc: denied { kill } for comm="swapper/1" capability=5 scontext=u:r:kernel:s0 tcontext=u:r:kernel:s0 tclass=capability permissive=0
11-22 08:14:05.035 0 0 I auditd : type=1400 audit(0.0:5600): avc: denied { kill } for comm="swapper/1" capability=5 scontext=u:r:kernel:s0 tcontext=u:r:kernel:s0 tclass=capability permissive=0
11-22 08:14:05.799 1489 5394 I wm_finish_activity: [0,129999234,213,com.android.gallery3d/.app.TrimVideo,finish-activity]
11-22 08:14:05.805 1489 5394 I wm_pause_activity: [0,129999234,com.android.gallery3d/.app.TrimVideo,userLeaving=false,finish]
11-22 08:14:05.809 1489 5394 I wm_finish_activity: [0,190071378,213,com.android.gallery3d/.app.GalleryActivity,finish-activity]
11-22 08:14:05.809 1489 5394 I wm_task_moved: [1,1,7]
11-22 08:14:05.810 1489 5394 I wm_set_resumed_activity: [0,com.android.launcher3/.uioverrides.QuickstepLauncher,positionChildAt]
11-22 08:14:05.810 1489 5394 I wm_task_moved: [10,1,2147483647]
11-22 08:14:05.810 1489 5394 I wm_task_to_front: [0,10]
11-22 08:14:05.810 1489 5394 I wm_focused_root_task: [0,0,1,-1,finish-top adjustFocusToNextFocusableTask]
11-22 08:14:05.810 1489 5394 I wm_set_resumed_activity: [0,com.android.launcher3/.uioverrides.QuickstepLauncher,finish-top]
11-22 08:14:05.811 1489 5394 I wm_destroy_activity: [0,190071378,213,com.android.gallery3d/.app.GalleryActivity,finish-imm:finishIfPossible]
11-22 08:14:05.821 1489 1636 I input_focus: [Focus request 3cc67bf com.android.launcher3/com.android.launcher3.uioverrides.QuickstepLauncher,reason=UpdateInputWindows]
11-22 08:14:05.822 20604 20604 I wm_on_top_resumed_lost_called: [129999234,com.android.gallery3d.app.TrimVideo,topStateChangedWhenResumed]
11-22 08:14:05.823 2840 2840 I wm_on_top_resumed_gained_called: [168390208,com.android.launcher3.uioverrides.QuickstepLauncher,topStateChangedWhenResumed]
11-22 08:14:05.838 1489 1634 I sysui_multi_action: [757,803,799,window_time_2,802,14]
11-22 08:14:05.848 1489 2012 I input_focus: [Focus leaving cb2b085 com.android.gallery3d/com.android.gallery3d.app.TrimVideo (server),reason=NO_WINDOW]
11-22 08:14:05.849 1489 2012 I input_focus: [Focus entering 3cc67bf com.android.launcher3/com.android.launcher3.uioverrides.QuickstepLauncher (server),reason=setFocusedWindow]
11-22 08:14:05.862 20604 20604 I wm_on_paused_called: [129999234,com.android.gallery3d.app.TrimVideo,performPause]
11-22 08:14:05.863 1489 2461 I wm_destroy_activity: [0,129999234,213,com.android.gallery3d/.app.TrimVideo,finish-imm:completePausedLocked]
11-22 08:14:05.874 1489 1634 I sysui_multi_action: [757,803,799,window_time_0,802,0]
11-22 08:14:05.880 20604 20604 I wm_on_stop_called: [190071378,com.android.gallery3d.app.GalleryActivity,LIFECYCLER_STOP_ACTIVITY]
11-22 08:14:05.887 20604 20604 I wm_on_destroy_called: [190071378,com.android.gallery3d.app.GalleryActivity,performDestroy]
11-22 08:14:05.905 20604 20604 I wm_on_stop_called: [129999234,com.android.gallery3d.app.TrimVideo,LIFECYCLER_STOP_ACTIVITY]
11-22 08:14:05.906 20604 20604 I wm_on_destroy_called: [129999234,com.android.gallery3d.app.TrimVideo,performDestroy]
11-22 08:14:06.035 0 0 I auditd : type=1400 audit(0.0:5601): avc: denied { kill } for comm="swapper/1" capability=5 scontext=u:r:kernel:s0 tcontext=u:r:kernel:s0 tclass=capability permissive=0
11-22 08:14:06.114 1489 1636 I wm_task_removed: [213,removeChild:removeChild last r=ActivityRecord{b544252 u0 com.android.gallery3d/.app.GalleryActivity t-1 f}} in t=Task{6d916dd #213 type=standard A=10069:com.android.gallery3d U=0 visible=false mode=freeform translucent=true sz=0}]
11-22 08:14:06.114 1489 1636 I wm_task_removed: [213,removeChild]
11-22 08:14:07.035 0 0 I auditd : type=1400 audit(0.0:5602): avc: denied { kill } for comm="swapper/1" capability=5 scontext=u:r:kernel:s0 tcontext=u:r:kernel:s0 tclass=capability permissive=0
11-22 08:14:07.111 1489 2012 I input_interaction: Interaction with: 3cc67bf com.android.launcher3/com.android.launcher3.uioverrides.QuickstepLauncher (server), 6449bab com.android.systemui.ImageWallpaper (server), edge-swipe (server), swipe-up (server), PointerEventDispatcher0 (server),
11-22 08:14:08.100 1489 2461 I wm_task_created: [214,-1]
11-22 08:14:08.104 1489 2461 I wm_task_moved: [214,1,7]
11-22 08:14:08.104 1489 2461 I wm_task_to_front: [0,214]
11-22 08:14:08.104 1489 2461 I wm_create_task: [0,214]
11-22 08:14:08.104 1489 2461 I wm_create_activity: [0,121007762,214,com.android.gallery3d/.app.GalleryActivity,NULL,NULL,NULL,268468224]
11-22 08:14:08.104 1489 2461 I wm_task_moved: [214,1,7]
11-22 08:14:08.113 1489 2461 I wm_restart_activity: [0,121007762,214,com.android.gallery3d/.app.GalleryActivity]
11-22 08:14:08.114 1489 2461 I wm_set_resumed_activity: [0,com.android.gallery3d/.app.GalleryActivity,minimalResumeActivityLocked]
11-22 08:14:08.123 2840 2840 I wm_on_top_resumed_lost_called: [168390208,com.android.launcher3.uioverrides.QuickstepLauncher,topStateChangedWhenResumed]
11-22 08:14:08.145 20604 20604 I wm_on_create_called: [121007762,com.android.gallery3d.app.GalleryActivity,performCreate]
11-22 08:14:08.147 20604 20604 I wm_on_start_called: [121007762,com.android.gallery3d.app.GalleryActivity,handleStartActivity]
11-22 08:14:08.150 20604 20604 I wm_on_resume_called: [121007762,com.android.gallery3d.app.GalleryActivity,RESUME_ACTIVITY]
11-22 08:14:08.153 20604 20604 I wm_on_top_resumed_gained_called: [121007762,com.android.gallery3d.app.GalleryActivity,topStateChangedWhenResumed]
11-22 08:14:08.174 1489 1636 I input_focus: [Focus request 11c468c com.android.gallery3d/com.android.gallery3d.app.GalleryActivity,reason=UpdateInputWindows]
11-22 08:14:08.204 1489 2012 I input_focus: [Focus leaving 3cc67bf com.android.launcher3/com.android.launcher3.uioverrides.QuickstepLauncher (server),reason=Waiting for window because NOT_VISIBLE]
11-22 08:14:08.210 1489 1631 I sysui_multi_action: [319,109,322,109,325,19036,757,761,758,8,759,2,806,com.android.gallery3d,871,com.android.gallery3d.app.GalleryActivity,904,com.android.launcher3,905,0,1320,8,1321,5]
11-22 08:14:08.214 1489 1631 I wm_activity_launch_time: [0,121007762,com.android.gallery3d/.app.GalleryActivity,109]
11-22 08:14:08.220 1489 2012 I input_focus: [Focus entering 11c468c com.android.gallery3d/com.android.gallery3d.app.GalleryActivity (server),reason=Window became focusable. Previous reason: NOT_VISIBLE]
11-22 08:14:08.300 1489 1648 I am_pss : [20344,10094,com.android.permissioncontroller,29768704,23252992,266240,150568960,0,19,7]
11-22 08:14:09.035 0 0 I auditd : type=1400 audit(0.0:5603): avc: denied { kill } for comm="swapper/1" capability=5 scontext=u:r:kernel:s0 tcontext=u:r:kernel:s0 tclass=capability permissive=0
11-22 08:14:09.519 1489 2012 I input_interaction: Interaction with: 11c468c com.android.gallery3d/com.android.gallery3d.app.GalleryActivity (server), edge-swipe (server), swipe-up (server), PointerEventDispatcher0 (server),
11-22 08:14:10.035 0 0 I auditd : type=1400 audit(0.0:5604): avc: denied { kill } for comm="swapper/1" capability=5 scontext=u:r:kernel:s0 tcontext=u:r:kernel:s0 tclass=capability permissive=0
11-22 08:14:11.035 0 0 I auditd : type=1400 audit(0.0:5605): avc: denied { kill } for comm="swapper/1" capability=5 scontext=u:r:kernel:s0 tcontext=u:r:kernel:s0 tclass=capability permissive=0
11-22 08:14:13.035 0 0 I auditd : type=1400 audit(0.0:5606): avc: denied { kill } for comm="swapper/1" capability=5 scontext=u:r:kernel:s0 tcontext=u:r:kernel:s0 tclass=capability permissive=0
11-22 08:14:14.035 0 0 I auditd : type=1400 audit(0.0:5607): avc: denied { kill } for comm="swapper/1" capability=5 scontext=u:r:kernel:s0 tcontext=u:r:kernel:s0 tclass=capability permissive=0
11-22 08:14:14.929 1489 1752 I am_freeze: [18208,com.qti.diagservices]
11-22 08:14:14.930 1489 1752 I am_kill : [0,18208,com.qti.diagservices,975,Unable to freeze binder interface]
11-22 08:14:14.962 1489 2836 I am_proc_died: [0,18208,com.qti.diagservices,975,10]
11-22 08:14:14.963 1489 2836 I am_schedule_service_restart: [0,com.qti.diagservices/.QTIDiagServices,1000]
11-22 08:14:15.035 0 0 I auditd : type=1400 audit(0.0:5608): avc: denied { kill } for comm="swapper/1" capability=5 scontext=u:r:kernel:s0 tcontext=u:r:kernel:s0 tclass=capability permissive=0
11-22 08:14:15.997 1489 1651 I am_proc_start: [0,20931,1000,com.qti.diagservices,service,{com.qti.diagservices/com.qti.diagservices.QTIDiagServices}]
11-22 08:14:16.040 1489 2836 I am_proc_bound: [0,20931,com.qti.diagservices]
11-22 08:14:16.071 20931 20931 I auditd : type=1400 audit(0.0:5609): avc: denied { read write } for comm="ti.diagservices" name="diag" dev="tmpfs" ino=10364 scontext=u:r:system_app:s0 tcontext=u:object_r:vendor_diag_device:s0 tclass=chr_file permissive=0
11-22 08:14:18.035 0 0 I auditd : type=1400 audit(0.0:5610): avc: denied { kill } for comm="swapper/1" capability=5 scontext=u:r:kernel:s0 tcontext=u:r:kernel:s0 tclass=capability permissive=0
11-22 08:14:19.035 0 0 I auditd : type=1400 audit(0.0:5611): avc: denied { kill } for comm="swapper/1" capability=5 scontext=u:r:kernel:s0 tcontext=u:r:kernel:s0 tclass=capability permissive=0
11-22 08:14:20.035 0 0 I auditd : type=1400 audit(0.0:5612): avc: denied { kill } for comm="swapper/1" capability=5 scontext=u:r:kernel:s0 tcontext=u:r:kernel:s0 tclass=capability permissive=0
11-22 08:14:21.035 0 0 I auditd : type=1400 audit(0.0:5613): avc: denied { kill } for comm="swapper/1" capability=5 scontext=u:r:kernel:s0 tcontext=u:r:kernel:s0 tclass=capability permissive=0
11-22 08:14:22.035 0 0 I auditd : type=1400 audit(0.0:5614): avc: denied { kill } for comm="swapper/1" capability=5 scontext=u:r:kernel:s0 tcontext=u:r:kernel:s0 tclass=capability permissive=0
11-22 08:14:23.035 0 0 I auditd : type=1400 audit(0.0:5615): avc: denied { kill } for comm="swapper/1" capability=5 scontext=u:r:kernel:s0 tcontext=u:r:kernel:s0 tclass=capability permissive=0
11-22 08:14:24.035 0 0 I auditd : type=1400 audit(0.0:5616): avc: denied { kill } for comm="swapper/1" capability=5 scontext=u:r:kernel:s0 tcontext=u:r:kernel:s0 tclass=capability permissive=0
11-22 08:14:25.035 0 0 I auditd : type=1400 audit(0.0:5617): avc: denied { kill } for comm="swapper/1" capability=5 scontext=u:r:kernel:s0 tcontext=u:r:kernel:s0 tclass=capability permissive=0
11-22 08:14:26.035 0 0 I auditd : type=1400 audit(0.0:5618): avc: denied { kill } for comm="swapper/1" capability=5 scontext=u:r:kernel:s0 tcontext=u:r:kernel:s0 tclass=capability permissive=0
11-22 08:14:27.035 0 0 I auditd : type=1400 audit(0.0:5619): avc: denied { kill } for comm="swapper/1" capability=5 scontext=u:r:kernel:s0 tcontext=u:r:kernel:s0 tclass=capability permissive=0
11-22 08:14:28.035 0 0 I auditd : type=1400 audit(0.0:5620): avc: denied { kill } for comm="swapper/1" capability=5 scontext=u:r:kernel:s0 tcontext=u:r:kernel:s0 tclass=capability permissive=0
11-22 08:14:29.035 0 0 I auditd : type=1400 audit(0.0:5621): avc: denied { kill } for comm="swapper/1" capability=5 scontext=u:r:kernel:s0 tcontext=u:r:kernel:s0 tclass=capability permissive=0
11-22 08:14:30.035 0 0 I auditd : type=1400 audit(0.0:5622): avc: denied { kill } for comm="swapper/1" capability=5 scontext=u:r:kernel:s0 tcontext=u:r:kernel:s0 tclass=capability permissive=0
11-22 08:14:31.035 0 0 I auditd : type=1400 audit(0.0:5623): avc: denied { kill } for comm="swapper/1" capability=5 scontext=u:r:kernel:s0 tcontext=u:r:kernel:s0 tclass=capability permissive=0
11-22 08:14:32.035 0 0 I auditd : type=1400 audit(0.0:5624): avc: denied { kill } for comm="swapper/1" capability=5 scontext=u:r:kernel:s0 tcontext=u:r:kernel:s0 tclass=capability permissive=0
11-22 08:14:33.035 0 0 I auditd : type=1400 audit(0.0:5625): avc: denied { kill } for comm="swapper/1" capability=5 scontext=u:r:kernel:s0 tcontext=u:r:kernel:s0 tclass=capability permissive=0
11-22 08:14:34.035 0 0 I auditd : type=1400 audit(0.0:5626): avc: denied { kill } for comm="swapper/1" capability=5 scontext=u:r:kernel:s0 tcontext=u:r:kernel:s0 tclass=capability permissive=0
11-22 08:14:34.549 1489 2012 I input_interaction: Interaction with: 3cc67bf com.android.launcher3/com.android.launcher3.uioverrides.QuickstepLauncher (server), 6449bab com.android.systemui.ImageWallpaper (server), edge-swipe (server), swipe-up (server), PointerEventDispatcher0 (server),
11-22 08:14:34.648 1489 5394 I wm_task_moved: [212,1,7]
11-22 08:14:34.648 1489 5394 I wm_task_to_front: [0,212]
11-22 08:14:34.650 1489 5394 I wm_focused_root_task: [0,0,212,214,bringingFoundTaskToFront]
11-22 08:14:34.650 20604 20604 I wm_on_top_resumed_lost_called: [121007762,com.android.gallery3d.app.GalleryActivity,topStateChangedWhenResumed]
11-22 08:14:34.652 1489 5394 I wm_set_resumed_activity: [0,com.android.settings/.homepage.SettingsHomepageActivity,bringingFoundTaskToFront]
11-22 08:14:34.652 1489 5394 I wm_new_intent: [0,109270776,212,com.android.settings/.homepage.SettingsHomepageActivity,android.settings.APPLICATION_DETAILS_SETTINGS,NULL,package:com.android.gallery3d,268435456]
11-22 08:14:34.657 1489 5394 I wm_pause_activity: [0,168390208,com.android.launcher3/.uioverrides.QuickstepLauncher,userLeaving=true,pauseBackTasks]
11-22 08:14:34.668 2840 2840 I wm_on_paused_called: [168390208,com.android.launcher3.uioverrides.QuickstepLauncher,performPause]
11-22 08:14:34.684 1489 2461 I wm_set_resumed_activity: [0,com.android.settings/.homepage.SettingsHomepageActivity,resumeTopActivityInnerLocked]
11-22 08:14:34.684 1489 2461 I wm_add_to_stopping: [0,168390208,com.android.launcher3/.uioverrides.QuickstepLauncher,makeInvisible]
11-22 08:14:34.686 1489 2461 I wm_resume_activity: [0,109270776,212,com.android.settings/.homepage.SettingsHomepageActivity]
11-22 08:14:34.693 1489 1634 I sysui_multi_action: [757,803,799,window_time_0,802,29]
11-22 08:14:34.705 19524 19524 I wm_on_restart_called: [109270776,com.android.settings.homepage.SettingsHomepageActivity,performRestartActivity]
11-22 08:14:34.708 19524 19524 I wm_on_start_called: [109270776,com.android.settings.homepage.SettingsHomepageActivity,handleStartActivity]
11-22 08:14:34.709 19524 19524 I snet_event_log: [120484087,-1,]
11-22 08:14:34.709 19524 19524 I wm_on_resume_called: [109270776,com.android.settings.homepage.SettingsHomepageActivity,RESUME_ACTIVITY]
11-22 08:14:34.709 19524 19524 I sysui_multi_action: [757,35,758,1,833,0,1089,0]
11-22 08:14:34.719 19524 19524 I sysui_multi_action: [757,20,758,1,833,0,1089,0]
11-22 08:14:34.737 1489 5394 I netstats_mobile_sample: [0,0,0,0,0,0,0,0,0,0,0,0,1669076074737]
11-22 08:14:34.738 1489 5394 I netstats_wifi_sample: [1410237,1478,302326,1043,1410237,1478,302326,1043,1562868,1735,250088,927,1669076074737]
11-22 08:14:34.744 19524 19524 I wm_on_top_resumed_gained_called: [109270776,com.android.settings.homepage.SettingsHomepageActivity,topWhenResuming]
11-22 08:14:34.750 1489 1636 I input_focus: [Focus request 616660f com.android.settings/com.android.settings.homepage.SettingsHomepageActivity,reason=UpdateInputWindows]
11-22 08:14:34.759 1489 5394 I am_uid_active: 10094
11-22 08:14:34.762 1489 1631 I sysui_multi_action: [319,56,321,52,322,117,325,19063,757,761,758,9,759,4,806,com.android.settings,871,com.android.settings.homepage.SettingsHomepageActivity,904,com.android.settings,905,0,1320,8,1321,5]
11-22 08:14:34.767 1489 2012 I input_focus: [Focus leaving 11c468c com.android.gallery3d/com.android.gallery3d.app.GalleryActivity (server),reason=setFocusedWindow]
11-22 08:14:34.767 1489 2012 I input_focus: [Focus entering 616660f com.android.settings/com.android.settings.homepage.SettingsHomepageActivity (server),reason=setFocusedWindow]
11-22 08:14:35.035 0 0 I auditd : type=1400 audit(0.0:5627): avc: denied { kill } for comm="swapper/1" capability=5 scontext=u:r:kernel:s0 tcontext=u:r:kernel:s0 tclass=capability permissive=0
11-22 08:14:35.257 1489 1634 I wm_stop_activity: [0,168390208,com.android.launcher3/.uioverrides.QuickstepLauncher]
11-22 08:14:35.300 2840 2840 I wm_on_stop_called: [168390208,com.android.launcher3.uioverrides.QuickstepLauncher,STOP_ACTIVITY_ITEM]
11-22 08:14:36.155 1489 2012 I input_interaction: Interaction with: 11c468c com.android.gallery3d/com.android.gallery3d.app.GalleryActivity (server), edge-swipe (server), swipe-up (server), PointerEventDispatcher0 (server),
11-22 08:14:36.163 1489 1634 I wm_task_moved: [214,1,7]
11-22 08:14:36.163 1489 1634 I wm_task_to_front: [0,214]
11-22 08:14:36.171 19524 19524 I wm_on_top_resumed_lost_called: [109270776,com.android.settings.homepage.SettingsHomepageActivity,topStateChangedWhenResumed]
11-22 08:14:36.177 1489 1634 I wm_set_resumed_activity: [0,com.android.gallery3d/.app.GalleryActivity,positionChildAt]
11-22 08:14:36.177 1489 1634 I wm_focused_root_task: [0,0,214,212,setFocusedTask]
11-22 08:14:36.177 1489 1634 I wm_set_resumed_activity: [0,com.android.gallery3d/.app.GalleryActivity,setFocusedTask]
11-22 08:14:36.178 1489 1636 I input_focus: [Focus request 11c468c com.android.gallery3d/com.android.gallery3d.app.GalleryActivity,reason=UpdateInputWindows]
11-22 08:14:36.182 20604 20604 I wm_on_top_resumed_gained_called: [121007762,com.android.gallery3d.app.GalleryActivity,topStateChangedWhenResumed]
11-22 08:14:36.206 1489 2012 I input_focus: [Focus leaving 616660f com.android.settings/com.android.settings.homepage.SettingsHomepageActivity (server),reason=setFocusedWindow]
11-22 08:14:36.206 1489 2012 I input_focus: [Focus entering 11c468c com.android.gallery3d/com.android.gallery3d.app.GalleryActivity (server),reason=setFocusedWindow]
11-22 08:14:36.262 1489 6043 I wm_finish_activity: [0,121007762,214,com.android.gallery3d/.app.GalleryActivity,finish-activity]
11-22 08:14:36.263 1489 6043 I wm_task_moved: [212,1,7]
11-22 08:14:36.263 1489 6043 I wm_task_to_front: [0,212]
11-22 08:14:36.265 1489 6043 I wm_set_resumed_activity: [0,com.android.settings/.homepage.SettingsHomepageActivity,positionChildAt]
11-22 08:14:36.265 1489 6043 I wm_focused_root_task: [0,0,212,214,finish-top adjustFocusToNextFocusableTask]
11-22 08:14:36.265 1489 6043 I wm_set_resumed_activity: [0,com.android.settings/.homepage.SettingsHomepageActivity,finish-top]
11-22 08:14:36.270 1489 6043 I wm_pause_activity: [0,121007762,com.android.gallery3d/.app.GalleryActivity,userLeaving=false,finish]
11-22 08:14:36.274 20604 20604 I wm_on_top_resumed_lost_called: [121007762,com.android.gallery3d.app.GalleryActivity,topStateChangedWhenResumed]
11-22 08:14:36.277 19524 19524 I wm_on_top_resumed_gained_called: [109270776,com.android.settings.homepage.SettingsHomepageActivity,topStateChangedWhenResumed]
11-22 08:14:36.279 1489 1636 I input_focus: [Focus request 616660f com.android.settings/com.android.settings.homepage.SettingsHomepageActivity,reason=UpdateInputWindows]
11-22 08:14:36.288 1489 1634 I sysui_multi_action: [757,803,799,window_time_0,802,1]
11-22 08:14:36.306 1489 2012 I input_focus: [Focus leaving 11c468c com.android.gallery3d/com.android.gallery3d.app.GalleryActivity (server),reason=NO_WINDOW]
11-22 08:14:36.306 1489 2012 I input_focus: [Focus entering 616660f com.android.settings/com.android.settings.homepage.SettingsHomepageActivity (server),reason=setFocusedWindow]
11-22 08:14:36.318 20604 20604 I wm_on_paused_called: [121007762,com.android.gallery3d.app.GalleryActivity,performPause]
11-22 08:14:36.325 1489 2836 I wm_destroy_activity: [0,121007762,214,com.android.gallery3d/.app.GalleryActivity,finish-imm:completePausedLocked]
11-22 08:14:36.335 1489 1634 I sysui_multi_action: [757,803,799,window_time_0,802,0]
11-22 08:14:36.344 20604 20604 I wm_on_stop_called: [121007762,com.android.gallery3d.app.GalleryActivity,LIFECYCLER_STOP_ACTIVITY]
11-22 08:14:36.347 20604 20604 I wm_on_destroy_called: [121007762,com.android.gallery3d.app.GalleryActivity,performDestroy]
11-22 08:14:36.620 1489 1636 I wm_task_removed: [214,removeChild:removeChild last r=ActivityRecord{7366e92 u0 com.android.gallery3d/.app.GalleryActivity t-1 f}} in t=Task{ff34c1d #214 type=standard A=10069:com.android.gallery3d U=0 visible=false mode=freeform translucent=true sz=0}]
11-22 08:14:36.620 1489 1636 I wm_task_removed: [214,removeChild]
11-22 08:14:36.866 1489 2012 I input_interaction: Interaction with: 616660f com.android.settings/com.android.settings.homepage.SettingsHomepageActivity (server), PointerEventDispatcher0 (server),
11-22 08:14:37.035 0 0 I auditd : type=1400 audit(0.0:5628): avc: denied { kill } for comm="swapper/1" capability=5 scontext=u:r:kernel:s0 tcontext=u:r:kernel:s0 tclass=capability permissive=0
11-22 08:14:37.485 1489 2012 I input_interaction: Interaction with: 616660f com.android.settings/com.android.settings.homepage.SettingsHomepageActivity (server), edge-swipe (server), swipe-up (server), PointerEventDispatcher0 (server),
11-22 08:14:37.596 19524 19524 I sysui_multi_action: [757,830,758,4,833,0,854,top_level_privacy,1089,0]
11-22 08:14:37.702 19524 19524 I sysui_multi_action: [757,20,758,2,1089,2982]
11-22 08:14:37.757 19524 19524 I sysui_multi_action: [757,1587,758,1,833,0,1089,44]
11-22 08:14:37.759 19524 19524 I sysui_multi_action: [757,1729,758,4,854,isParalleledControllers:false,1089,47]
11-22 08:14:39.035 0 0 I auditd : type=1400 audit(0.0:5629): avc: denied { kill } for comm="swapper/1" capability=5 scontext=u:r:kernel:s0 tcontext=u:r:kernel:s0 tclass=capability permissive=0
11-22 08:14:40.035 0 0 I auditd : type=1400 audit(0.0:5630): avc: denied { kill } for comm="swapper/1" capability=5 scontext=u:r:kernel:s0 tcontext=u:r:kernel:s0 tclass=capability permissive=0
11-22 08:14:41.035 0 0 I auditd : type=1400 audit(0.0:5631): avc: denied { kill } for comm="swapper/1" capability=5 scontext=u:r:kernel:s0 tcontext=u:r:kernel:s0 tclass=capability permissive=0
11-22 08:14:41.502 1489 2835 I wm_task_moved: [1,0,0]
11-22 08:14:41.504 1489 2835 I wm_task_moved: [1,0,5]
11-22 08:14:41.532 2840 2840 I wm_on_restart_called: [168390208,com.android.launcher3.uioverrides.QuickstepLauncher,performRestartActivity]
11-22 08:14:41.564 2840 2840 I wm_on_start_called: [168390208,com.android.launcher3.uioverrides.QuickstepLauncher,handleStartActivity]
11-22 08:14:41.587 19524 19524 I view_enqueue_input_event: [Motion - Cancel,com.android.settings/com.android.settings.homepage.SettingsHomepageActivity]
11-22 08:14:41.588 2840 2840 I sysui_latency: [1,86]
11-22 08:14:41.588 1489 1631 I sysui_multi_action: [319,17,322,76,325,19070,757,761,758,9,759,5,806,com.android.launcher3,871,com.android.launcher3.uioverrides.QuickstepLauncher,905,0,1320,8,1321,5]
11-22 08:14:41.593 1489 2012 I input_interaction: Interaction with: edge-swipe (server), swipe-up (server), PointerEventDispatcher0 (server),
11-22 08:14:41.595 1489 1636 I input_focus: [Focus request recents_animation_input_consumer,reason=UpdateInputWindows]
11-22 08:14:41.616 1489 2012 I input_focus: [Focus leaving 616660f com.android.settings/com.android.settings.homepage.SettingsHomepageActivity (server),reason=NOT_FOCUSABLE]
11-22 08:14:41.618 1489 2012 I input_focus: [Focus entering recents_animation_input_consumer (server),reason=setFocusedWindow]
11-22 08:14:41.772 1489 1751 I commit_sys_config_file: [settings-1-0,8]
11-22 08:14:41.880 1489 1648 I sysui_latency: [8,86]
11-22 08:14:42.035 0 0 I auditd : type=1400 audit(0.0:5632): avc: denied { kill } for comm="swapper/1" capability=5 scontext=u:r:kernel:s0 tcontext=u:r:kernel:s0 tclass=capability permissive=0
11-22 08:14:42.330 1489 1949 I wm_task_moved: [1,1,6]
11-22 08:14:42.337 1489 1949 I wm_task_moved: [10,1,2147483647]
11-22 08:14:42.337 1489 1949 I wm_task_to_front: [0,10]
11-22 08:14:42.337 1489 1949 I wm_focused_root_task: [0,0,1,212,RecentsAnimation.onAnimationFinished()]
11-22 08:14:42.338 1489 1949 I wm_set_resumed_activity: [0,com.android.launcher3/.uioverrides.QuickstepLauncher,RecentsAnimation.onAnimationFinished()]
11-22 08:14:42.338 19524 19524 I wm_on_top_resumed_lost_called: [109270776,com.android.settings.homepage.SettingsHomepageActivity,topStateChangedWhenResumed]
11-22 08:14:42.342 1489 1949 I wm_pause_activity: [0,109270776,com.android.settings/.homepage.SettingsHomepageActivity,userLeaving=true,pauseBackTasks]
11-22 08:14:42.342 1489 1949 I wm_add_to_stopping: [0,109270776,com.android.settings/.homepage.SettingsHomepageActivity,makeInvisible]
11-22 08:14:42.343 1489 1949 I wm_set_resumed_activity: [0,com.android.launcher3/.uioverrides.QuickstepLauncher,resumeTopActivityInnerLocked]
11-22 08:14:42.344 1489 1949 I wm_resume_activity: [0,168390208,10,com.android.launcher3/.uioverrides.QuickstepLauncher]
11-22 08:14:42.345 2840 2840 I wm_on_resume_called: [168390208,com.android.launcher3.uioverrides.QuickstepLauncher,RESUME_ACTIVITY]
11-22 08:14:42.348 1489 1636 I input_focus: [Focus request 3cc67bf com.android.launcher3/com.android.launcher3.uioverrides.QuickstepLauncher,reason=UpdateInputWindows]
11-22 08:14:42.351 19524 19524 I sysui_multi_action: [757,35,758,2,1089,7641]
11-22 08:14:42.351 2840 2840 I wm_on_top_resumed_gained_called: [168390208,com.android.launcher3.uioverrides.QuickstepLauncher,topStateChangedWhenResumed]
11-22 08:14:42.351 19524 19524 I sysui_multi_action: [757,1587,758,2,1089,4595]
11-22 08:14:42.351 19524 19524 I wm_on_paused_called: [109270776,com.android.settings.homepage.SettingsHomepageActivity,performPause]
11-22 08:14:42.353 1489 2012 I input_focus: [Focus leaving recents_animation_input_consumer (server),reason=NOT_VISIBLE]
11-22 08:14:42.358 1489 1634 I wm_stop_activity: [0,109270776,com.android.settings/.homepage.SettingsHomepageActivity]
11-22 08:14:42.359 1489 1634 I sysui_multi_action: [757,803,799,window_time_0,802,6]
11-22 08:14:42.366 1489 1634 I sysui_multi_action: [757,803,799,window_time_0,802,0]
11-22 08:14:42.373 1489 2012 I input_focus: [Focus entering 3cc67bf com.android.launcher3/com.android.launcher3.uioverrides.QuickstepLauncher (server),reason=setFocusedWindow]
11-22 08:14:42.383 19524 19524 I wm_on_stop_called: [109270776,com.android.settings.homepage.SettingsHomepageActivity,STOP_ACTIVITY_ITEM]
11-22 08:14:42.391 1489 1648 I am_pss : [20931,1000,com.qti.diagservices,5948416,3743744,0,93302784,0,10,7]
11-22 08:14:43.062 1489 2012 I input_interaction: Interaction with: 3cc67bf com.android.launcher3/com.android.launcher3.uioverrides.QuickstepLauncher (server), 6449bab com.android.systemui.ImageWallpaper (server), edge-swipe (server), swipe-up (server), PointerEventDispatcher0 (server),
11-22 08:14:44.035 0 0 I auditd : type=1400 audit(0.0:5633): avc: denied { kill } for comm="swapper/1" capability=5 scontext=u:r:kernel:s0 tcontext=u:r:kernel:s0 tclass=capability permissive=0
11-22 08:14:44.399 1489 2836 I wm_task_created: [215,-1]
11-22 08:14:44.405 1489 2836 I wm_task_moved: [215,1,7]
11-22 08:14:44.405 1489 2836 I wm_task_to_front: [0,215]
11-22 08:14:44.405 1489 2836 I wm_create_task: [0,215]
11-22 08:14:44.405 1489 2836 I wm_create_activity: [0,258216974,215,com.android.gallery3d/.app.GalleryActivity,NULL,NULL,NULL,268468224]
11-22 08:14:44.405 1489 2836 I wm_task_moved: [215,1,7]
