--------- beginning of radio
11-22 02:57:16.397 1489 1489 D TelephonyRegistry: listen oscl: mHasNotifySubscriptionInfoChangedOccurred==false no callback
11-22 02:57:16.885 1489 1947 D TelephonyRegistry: listen oscl: mHasNotifySubscriptionInfoChangedOccurred==false no callback
11-22 02:57:16.954 1489 2302 D TelephonyRegistry: listen oscl: mHasNotifySubscriptionInfoChangedOccurred==false no callback
11-22 02:57:16.955 1489 2301 D TelephonyRegistry: listen oscl: mHasNotifySubscriptionInfoChangedOccurred==false no callback
11-22 02:57:16.963 1489 1489 D TelephonyRegistry: listen oscl: mHasNotifySubscriptionInfoChangedOccurred==false no callback
11-22 02:57:16.987 1489 1489 D TelephonyRegistry: listen oscl: mHasNotifySubscriptionInfoChangedOccurred==false no callback
11-22 02:57:17.015 1489 1631 W CarrierConfigManager: Error getting config for subId -1 ICarrierConfigLoader is null
11-22 02:57:17.043 1489 1489 D TelephonyRegistry: systemRunning register for intents
11-22 02:57:17.132 1489 1648 D TelephonyRegistry: listen oscl: mHasNotifySubscriptionInfoChangedOccurred==false no callback
11-22 02:57:17.433 2375 2375 W CarrierConfigManager: Error getting config for subId -1 ICarrierConfigLoader is null
11-22 02:57:17.442 1489 1947 D TelephonyRegistry: listen oscl: mHasNotifySubscriptionInfoChangedOccurred==false no callback
11-22 02:57:17.864 1489 1489 D TelephonyRegistry: listen oscl: mHasNotifySubscriptionInfoChangedOccurred==false no callback
11-22 02:57:17.866 1489 1489 W CarrierConfigManager: Error getting config for subId -1 ICarrierConfigLoader is null
11-22 02:57:18.380 1489 1489 D TelephonyRegistry: notifyCellLocationForSubscriber: subId=2147483647 cellIdentity=null
11-22 02:57:18.679 1489 2808 D TelephonyRegistry: listen oscl: mHasNotifySubscriptionInfoChangedOccurred==false no callback
11-22 02:57:18.948 1489 3542 D TelephonyRegistry: listen oscl: mHasNotifySubscriptionInfoChangedOccurred==false no callback
11-22 02:57:19.700 1489 3542 D TelephonyRegistry: listen oscl: mHasNotifySubscriptionInfoChangedOccurred==false no callback
11-22 02:57:20.637 1489 1489 W CarrierConfigManager: Error getting config for subId -1 ICarrierConfigLoader is null
11-22 02:57:20.641 1489 1489 W CarrierConfigManager: Error getting config for subId -1 ICarrierConfigLoader is null
11-22 02:57:21.083 4183 4183 D CAT : BootCompletedReceiver: [ACTION_BOOT_COMPLETED]
11-22 02:57:21.084 4183 4183 D CAT : StkAppService: onCreate()+
11-22 02:57:21.084 4183 4183 D CAT : StkAppService: simCount: 1
11-22 02:57:21.085 4183 4183 D CAT : StkAppService: slotId: 0
11-22 02:57:21.086 4183 4183 D CAT : StkAppService: onStart sim id: 0, op: 5, *****
11-22 02:57:21.086 4183 4183 D CAT : StkAppService: mStkService is: -1
11-22 02:57:21.096 4183 4183 D CAT : StkAppService: onDestroy()
11-22 02:57:58.544 2910 2910 W CarrierConfigManager: Error getting config for subId -1 ICarrierConfigLoader is null
11-22 02:57:58.584 1489 1949 D TelephonyRegistry: listen oscl: mHasNotifySubscriptionInfoChangedOccurred==false no callback
11-22 02:57:58.587 1489 1950 D TelephonyRegistry: listen oscl: mHasNotifySubscriptionInfoChangedOccurred==false no callback
11-22 02:58:01.966 2910 2910 W FeatureConnector: [ImsConnector, 0] connect: not supported.
11-22 02:58:06.773 1489 2824 D TelephonyRegistry: listen oscl: mHasNotifySubscriptionInfoChangedOccurred==false no callback
11-22 02:58:06.774 1489 2824 D TelephonyRegistry: listen oscl: mHasNotifySubscriptionInfoChangedOccurred==false no callback
11-22 02:58:11.750 1489 1949 D TelephonyRegistry: listen oscl: mHasNotifySubscriptionInfoChangedOccurred==false no callback
11-22 02:58:11.756 1489 1949 D TelephonyRegistry: listen oscl: mHasNotifySubscriptionInfoChangedOccurred==false no callback
11-22 03:02:36.423 1489 1597 D TelephonyRegistry: listen oscl: mHasNotifySubscriptionInfoChangedOccurred==false no callback
11-22 03:02:36.426 1489 1950 D TelephonyRegistry: listen oscl: mHasNotifySubscriptionInfoChangedOccurred==false no callback
11-22 03:09:55.020 1489 2824 D TelephonyRegistry: listen oscl: mHasNotifySubscriptionInfoChangedOccurred==false no callback
11-22 03:09:55.024 2375 2375 W CarrierConfigManager: Error getting config for subId -1 ICarrierConfigLoader is null
11-22 03:28:31.178 1489 5500 D TelephonyRegistry: listen oscl: mHasNotifySubscriptionInfoChangedOccurred==false no callback
11-22 04:36:30.689 9512 9512 W CarrierConfigManager: Error getting config for subId -1 ICarrierConfigLoader is null
11-22 04:36:30.721 1489 6043 D TelephonyRegistry: listen oscl: mHasNotifySubscriptionInfoChangedOccurred==false no callback
11-22 04:36:30.728 1489 2461 D TelephonyRegistry: listen oscl: mHasNotifySubscriptionInfoChangedOccurred==false no callback
11-22 04:38:18.639 1489 2461 D TelephonyRegistry: listen oscl: mHasNotifySubscriptionInfoChangedOccurred==false no callback
11-22 04:38:18.645 1489 1950 D TelephonyRegistry: listen oscl: mHasNotifySubscriptionInfoChangedOccurred==false no callback
11-22 04:39:09.920 1489 1949 D TelephonyRegistry: listen oscl: mHasNotifySubscriptionInfoChangedOccurred==false no callback
11-22 04:39:09.923 1489 6043 D TelephonyRegistry: listen oscl: mHasNotifySubscriptionInfoChangedOccurred==false no callback
11-22 05:48:38.581 10312 10312 W CarrierConfigManager: Error getting config for subId -1 ICarrierConfigLoader is null
11-22 05:48:38.611 1489 8738 D TelephonyRegistry: listen oscl: mHasNotifySubscriptionInfoChangedOccurred==false no callback
11-22 05:48:38.615 1489 7615 D TelephonyRegistry: listen oscl: mHasNotifySubscriptionInfoChangedOccurred==false no callback
11-22 05:50:02.459 11466 11466 W CarrierConfigManager: Error getting config for subId -1 ICarrierConfigLoader is null
11-22 05:50:02.505 1489 3582 D TelephonyRegistry: listen oscl: mHasNotifySubscriptionInfoChangedOccurred==false no callback
11-22 05:50:02.510 1489 3582 D TelephonyRegistry: listen oscl: mHasNotifySubscriptionInfoChangedOccurred==false no callback
11-22 05:50:29.568 1489 1949 D TelephonyRegistry: listen oscl: mHasNotifySubscriptionInfoChangedOccurred==false no callback
11-22 05:50:29.576 1489 2461 D TelephonyRegistry: listen oscl: mHasNotifySubscriptionInfoChangedOccurred==false no callback
11-22 05:50:54.254 1489 2836 D TelephonyRegistry: listen oscl: mHasNotifySubscriptionInfoChangedOccurred==false no callback
11-22 06:04:41.366 12255 12255 W CarrierConfigManager: Error getting config for subId -1 ICarrierConfigLoader is null
11-22 06:04:41.392 1489 8738 D TelephonyRegistry: listen oscl: mHasNotifySubscriptionInfoChangedOccurred==false no callback
11-22 06:04:41.395 1489 8738 D TelephonyRegistry: listen oscl: mHasNotifySubscriptionInfoChangedOccurred==false no callback
11-22 06:05:01.209 1489 2839 D TelephonyRegistry: listen oscl: mHasNotifySubscriptionInfoChangedOccurred==false no callback
11-22 06:05:01.212 1489 2839 D TelephonyRegistry: listen oscl: mHasNotifySubscriptionInfoChangedOccurred==false no callback
11-22 06:05:48.045 13022 13022 W CarrierConfigManager: Error getting config for subId -1 ICarrierConfigLoader is null
11-22 06:05:48.088 1489 2808 D TelephonyRegistry: listen oscl: mHasNotifySubscriptionInfoChangedOccurred==false no callback
11-22 06:05:48.094 1489 7615 D TelephonyRegistry: listen oscl: mHasNotifySubscriptionInfoChangedOccurred==false no callback
11-22 06:27:31.650 13759 13759 W CarrierConfigManager: Error getting config for subId -1 ICarrierConfigLoader is null
11-22 06:27:31.684 1489 6707 D TelephonyRegistry: listen oscl: mHasNotifySubscriptionInfoChangedOccurred==false no callback
11-22 06:27:31.690 1489 1596 D TelephonyRegistry: listen oscl: mHasNotifySubscriptionInfoChangedOccurred==false no callback
11-22 06:27:33.499 13759 13759 W FeatureConnector: [ImsConnector, 0] connect: not supported.
11-22 06:33:21.317 1489 2839 D TelephonyRegistry: listen oscl: mHasNotifySubscriptionInfoChangedOccurred==false no callback
11-22 06:33:37.939 14639 14639 W CarrierConfigManager: Error getting config for subId -1 ICarrierConfigLoader is null
11-22 06:33:37.973 1489 7614 D TelephonyRegistry: listen oscl: mHasNotifySubscriptionInfoChangedOccurred==false no callback
11-22 06:33:37.977 1489 7614 D TelephonyRegistry: listen oscl: mHasNotifySubscriptionInfoChangedOccurred==false no callback
11-22 06:36:15.623 15178 15178 W CarrierConfigManager: Error getting config for subId -1 ICarrierConfigLoader is null
11-22 06:36:15.674 1489 2851 D TelephonyRegistry: listen oscl: mHasNotifySubscriptionInfoChangedOccurred==false no callback
11-22 06:36:15.680 1489 2851 D TelephonyRegistry: listen oscl: mHasNotifySubscriptionInfoChangedOccurred==false no callback
11-22 07:16:42.125 16806 16806 W CarrierConfigManager: Error getting config for subId -1 ICarrierConfigLoader is null
11-22 07:16:42.217 1489 1596 D TelephonyRegistry: listen oscl: mHasNotifySubscriptionInfoChangedOccurred==false no callback
11-22 07:16:42.221 1489 3542 D TelephonyRegistry: listen oscl: mHasNotifySubscriptionInfoChangedOccurred==false no callback
11-22 07:16:44.055 16806 16806 W CarrierConfigManager: Error getting config for subId -1 ICarrierConfigLoader is null
11-22 07:16:44.099 1489 3582 D TelephonyRegistry: listen oscl: mHasNotifySubscriptionInfoChangedOccurred==false no callback
11-22 07:16:44.103 1489 5500 D TelephonyRegistry: listen oscl: mHasNotifySubscriptionInfoChangedOccurred==false no callback
11-22 07:16:46.069 1489 5500 D TelephonyRegistry: listen oscl: mHasNotifySubscriptionInfoChangedOccurred==false no callback
11-22 07:16:46.073 1489 7565 D TelephonyRegistry: listen oscl: mHasNotifySubscriptionInfoChangedOccurred==false no callback
11-22 07:16:53.959 1489 5500 D TelephonyRegistry: listen oscl: mHasNotifySubscriptionInfoChangedOccurred==false no callback
11-22 07:16:53.961 2375 2375 W CarrierConfigManager: Error getting config for subId -1 ICarrierConfigLoader is null
11-22 07:17:28.153 1489 6560 D TelephonyRegistry: listen oscl: mHasNotifySubscriptionInfoChangedOccurred==false no callback
11-22 07:17:28.159 2375 2375 W CarrierConfigManager: Error getting config for subId -1 ICarrierConfigLoader is null
11-22 07:39:03.783 17928 17928 W CarrierConfigManager: Error getting config for subId -1 ICarrierConfigLoader is null
11-22 07:39:03.824 1489 1948 D TelephonyRegistry: listen oscl: mHasNotifySubscriptionInfoChangedOccurred==false no callback
11-22 07:39:03.828 1489 6560 D TelephonyRegistry: listen oscl: mHasNotifySubscriptionInfoChangedOccurred==false no callback
11-22 07:39:06.484 17928 17928 W FeatureConnector: [ImsConnector, 0] connect: not supported.
11-22 07:50:32.423 17928 17928 W FeatureConnector: [ImsConnector, 0] connect: not supported. --------- beginning of events
11-22 08:09:56.456 19796 19796 I wm_on_create_called: [178167516,com.android.gallery3d.app.GalleryActivity,performCreate]
11-22 08:09:56.457 19796 19796 I wm_on_start_called: [178167516,com.android.gallery3d.app.GalleryActivity,handleStartActivity]
11-22 08:09:56.460 19796 19796 I wm_on_resume_called: [178167516,com.android.gallery3d.app.GalleryActivity,RESUME_ACTIVITY]
11-22 08:09:56.471 19796 19796 I wm_on_top_resumed_gained_called: [178167516,com.android.gallery3d.app.GalleryActivity,topStateChangedWhenResumed]
11-22 08:09:56.479 1489 1636 I input_focus: [Focus request 7f226a com.android.gallery3d/com.android.gallery3d.app.GalleryActivity,reason=UpdateInputWindows]
11-22 08:09:56.499 1489 2012 I input_focus: [Focus leaving 3cc67bf com.android.launcher3/com.android.launcher3.uioverrides.QuickstepLauncher (server),reason=Waiting for window because NOT_VISIBLE]
11-22 08:09:56.556 1489 1631 I sysui_multi_action: [319,162,322,162,325,18784,757,761,758,8,759,2,806,com.android.gallery3d,871,com.android.gallery3d.app.GalleryActivity,904,com.android.launcher3,905,0,1320,8,1321,5]
11-22 08:09:56.557 1489 1631 I wm_activity_launch_time: [0,178167516,com.android.gallery3d/.app.GalleryActivity,162]
11-22 08:09:56.566 1489 2012 I input_focus: [Focus entering 7f226a com.android.gallery3d/com.android.gallery3d.app.GalleryActivity (server),reason=Window became focusable. Previous reason: NOT_VISIBLE]
11-22 08:09:57.035 0 0 I auditd : type=1400 audit(0.0:5301): avc: denied { kill } for comm="swapper/3" capability=5 scontext=u:r:kernel:s0 tcontext=u:r:kernel:s0 tclass=capability permissive=0
11-22 08:09:57.811 1489 2012 I input_interaction: Interaction with: 7f226a com.android.gallery3d/com.android.gallery3d.app.GalleryActivity (server), edge-swipe (server), swipe-up (server), PointerEventDispatcher0 (server),
11-22 08:09:58.035 288 288 I auditd : type=1400 audit(0.0:5302): avc: denied { kill } for comm="kgsl_worker_thr" capability=5 scontext=u:r:kernel:s0 tcontext=u:r:kernel:s0 tclass=capability permissive=0
11-22 08:09:59.035 0 0 I auditd : type=1400 audit(0.0:5303): avc: denied { kill } for comm="swapper/3" capability=5 scontext=u:r:kernel:s0 tcontext=u:r:kernel:s0 tclass=capability permissive=0
11-22 08:10:01.035 0 0 I auditd : type=1400 audit(0.0:5304): avc: denied { kill } for comm="swapper/3" capability=5 scontext=u:r:kernel:s0 tcontext=u:r:kernel:s0 tclass=capability permissive=0
11-22 08:10:01.263 1489 2836 I wm_relaunch_resume_activity: [0,178167516,205,com.android.gallery3d/.app.GalleryActivity]
11-22 08:10:01.264 1489 2836 I wm_add_to_stopping: [0,168390208,com.android.launcher3/.uioverrides.QuickstepLauncher,makeInvisible]
11-22 08:10:01.283 19796 19796 I wm_on_top_resumed_lost_called: [178167516,com.android.gallery3d.app.GalleryActivity,pausing]
11-22 08:10:01.307 19796 19796 I wm_on_paused_called: [178167516,com.android.gallery3d.app.GalleryActivity,performPause]
11-22 08:10:01.307 19796 19796 I wm_on_stop_called: [178167516,com.android.gallery3d.app.GalleryActivity,handleRelaunchActivity]
11-22 08:10:01.311 19796 19796 I wm_on_destroy_called: [178167516,com.android.gallery3d.app.GalleryActivity,performDestroy]
11-22 08:10:01.335 19796 19796 I wm_on_create_called: [178167516,com.android.gallery3d.app.GalleryActivity,performCreate]
11-22 08:10:01.337 19796 19796 I wm_on_start_called: [178167516,com.android.gallery3d.app.GalleryActivity,handleStartActivity]
11-22 08:10:01.341 19796 19796 I wm_on_resume_called: [178167516,com.android.gallery3d.app.GalleryActivity,RESUME_ACTIVITY]
11-22 08:10:01.341 19796 19796 I wm_on_top_resumed_gained_called: [178167516,com.android.gallery3d.app.GalleryActivity,topWhenResuming]
11-22 08:10:01.351 2375 2375 I sysui_multi_action: [757,111,758,2]
11-22 08:10:01.351 1489 1489 I notification_enqueue: [10082,2375,com.android.systemui,2048,NULL,0,Notification(channel=updateNotification shortcut=null contentView=null vibrate=null sound=null defaults=0x0 flags=0x0 color=0x00000000 vis=PRIVATE),1]
11-22 08:10:01.351 2375 2375 I sysui_multi_action: [757,111,758,2]
11-22 08:10:01.366 2375 2375 I sysui_multi_action: [757,111,758,1]
11-22 08:10:01.367 2375 2375 I sysui_multi_action: [757,126,758,1,759,126,927,0,928,0,1593,0]
11-22 08:10:01.367 2375 2375 I sysui_multi_action: [757,113,758,1,759,113,927,1,928,1,1593,0]
11-22 08:10:01.367 2375 2375 I sysui_multi_action: [757,0,758,1,759,0,927,2,928,0,1593,0]
11-22 08:10:01.367 2375 2375 I sysui_multi_action: [757,0,758,1,759,0,927,3,928,0,1593,0]
11-22 08:10:01.368 2375 2375 I sysui_multi_action: [757,491,758,1,759,491,927,4,928,0,1311,-1,1593,0]
11-22 08:10:01.368 2375 2375 I sysui_multi_action: [757,0,758,1,759,0,927,5,928,0,1593,0]
11-22 08:10:01.368 2375 2375 I sysui_multi_action: [757,114,758,1,759,114,927,6,928,0,1593,0]
11-22 08:10:01.368 2375 2375 I sysui_multi_action: [757,111,758,1]
11-22 08:10:01.368 2375 2375 I sysui_multi_action: [757,126,758,1,759,126,927,0,928,0,1593,0]
11-22 08:10:01.368 2375 2375 I sysui_multi_action: [757,113,758,1,759,113,927,1,928,1,1593,0]
11-22 08:10:01.369 2375 2375 I sysui_multi_action: [757,0,758,1,759,0,927,2,928,0,1593,0]
11-22 08:10:01.369 2375 2375 I sysui_multi_action: [757,0,758,1,759,0,927,3,928,0,1593,0]
11-22 08:10:01.729 1489 1634 I wm_stop_activity: [0,168390208,com.android.launcher3/.uioverrides.QuickstepLauncher]
11-22 08:10:01.730 2840 2840 I wm_on_paused_called: [168390208,com.android.launcher3.uioverrides.QuickstepLauncher,performPause]
11-22 08:10:01.734 2840 2840 I wm_on_stop_called: [168390208,com.android.launcher3.uioverrides.QuickstepLauncher,STOP_ACTIVITY_ITEM]
11-22 08:10:02.035 0 0 I auditd : type=1400 audit(0.0:5305): avc: denied { kill } for comm="swapper/3" capability=5 scontext=u:r:kernel:s0 tcontext=u:r:kernel:s0 tclass=capability permissive=0
11-22 08:10:03.035 0 0 I auditd : type=1400 audit(0.0:5306): avc: denied { kill } for comm="swapper/3" capability=5 scontext=u:r:kernel:s0 tcontext=u:r:kernel:s0 tclass=capability permissive=0
11-22 08:10:04.708 1489 8738 I wm_task_moved: [205,1,6]
11-22 08:10:04.708 1489 8738 I wm_set_resumed_activity: [0,com.android.gallery3d/.app.GalleryActivity,positionChildAt]
11-22 08:10:04.709 1489 8738 I wm_create_activity: [0,82754193,205,com.android.gallery3d/.app.MovieActivity,android.intent.action.VIEW,video/*,content://media/external/video/media/25,0]
11-22 08:10:04.711 1489 8738 I wm_pause_activity: [0,178167516,com.android.gallery3d/.app.GalleryActivity,userLeaving=true,resumeTopActivityInnerLocked]
11-22 08:10:04.716 19796 19796 I wm_on_top_resumed_lost_called: [178167516,com.android.gallery3d.app.GalleryActivity,topStateChangedWhenResumed]
11-22 08:10:04.746 19796 19796 I wm_on_paused_called: [178167516,com.android.gallery3d.app.GalleryActivity,performPause]
11-22 08:10:04.749 1489 1949 I wm_add_to_stopping: [0,178167516,com.android.gallery3d/.app.GalleryActivity,makeInvisible]
11-22 08:10:04.752 1489 1949 I wm_restart_activity: [0,82754193,205,com.android.gallery3d/.app.MovieActivity]
11-22 08:10:04.754 1489 1949 I wm_set_resumed_activity: [0,com.android.gallery3d/.app.MovieActivity,minimalResumeActivityLocked]
11-22 08:10:04.762 1489 1634 I sysui_multi_action: [757,803,799,window_time_0,802,11]
11-22 08:10:04.772 1489 1648 I am_pss : [19728,10068,com.android.calendar,6794240,4808704,0,92119040,0,19,5]
11-22 08:10:04.786 19796 19796 I wm_on_create_called: [82754193,com.android.gallery3d.app.MovieActivity,performCreate]
11-22 08:10:04.789 19796 19796 I wm_on_start_called: [82754193,com.android.gallery3d.app.MovieActivity,handleStartActivity]
11-22 08:10:04.789 19796 19796 I wm_on_resume_called: [82754193,com.android.gallery3d.app.MovieActivity,RESUME_ACTIVITY]
11-22 08:10:04.789 1489 2012 I input_focus: [Focus leaving 7f226a com.android.gallery3d/com.android.gallery3d.app.GalleryActivity (server),reason=NO_WINDOW]
11-22 08:10:04.794 19796 19796 I wm_on_top_resumed_gained_called: [82754193,com.android.gallery3d.app.MovieActivity,topStateChangedWhenResumed]
11-22 08:10:04.801 1489 1636 I input_focus: [Focus request 755da93 com.android.gallery3d/com.android.gallery3d.app.MovieActivity,reason=UpdateInputWindows]
11-22 08:10:04.844 1489 1631 I wm_activity_launch_time: [0,82754193,com.android.gallery3d/.app.MovieActivity,149]
11-22 08:10:04.853 1489 2012 I input_focus: [Focus entering 755da93 com.android.gallery3d/com.android.gallery3d.app.MovieActivity (server),reason=Window became focusable. Previous reason: NOT_VISIBLE]
11-22 08:10:05.242 1489 1634 I wm_stop_activity: [0,178167516,com.android.gallery3d/.app.GalleryActivity]
11-22 08:10:05.248 19796 19796 I wm_on_stop_called: [178167516,com.android.gallery3d.app.GalleryActivity,STOP_ACTIVITY_ITEM]
11-22 08:10:05.989 1489 2012 I input_interaction: Interaction with: 755da93 com.android.gallery3d/com.android.gallery3d.app.MovieActivity (server), edge-swipe (server), swipe-up (server), PointerEventDispatcher0 (server),
11-22 08:10:06.035 0 0 I auditd : type=1400 audit(0.0:5307): avc: denied { kill } for comm="swapper/2" capability=5 scontext=u:r:kernel:s0 tcontext=u:r:kernel:s0 tclass=capability permissive=0
11-22 08:10:06.207 1489 1636 I input_focus: [Focus request a0c03fc com.android.gallery3d/com.android.gallery3d.app.MovieActivity,reason=UpdateInputWindows]
11-22 08:10:06.241 1489 2012 I input_focus: [Focus entering a0c03fc com.android.gallery3d/com.android.gallery3d.app.MovieActivity (server),reason=setFocusedWindow]
11-22 08:10:06.884 1489 2012 I input_interaction: Interaction with: a0c03fc com.android.gallery3d/com.android.gallery3d.app.MovieActivity (server), edge-swipe (server), swipe-up (server), PointerEventDispatcher0 (server),
11-22 08:10:07.035 0 0 I auditd : type=1400 audit(0.0:5308): avc: denied { kill } for comm="swapper/2" capability=5 scontext=u:r:kernel:s0 tcontext=u:r:kernel:s0 tclass=capability permissive=0
11-22 08:10:08.035 0 0 I auditd : type=1400 audit(0.0:5309): avc: denied { kill } for comm="swapper/2" capability=5 scontext=u:r:kernel:s0 tcontext=u:r:kernel:s0 tclass=capability permissive=0
11-22 08:10:08.775 1489 1597 I wm_task_moved: [1,0,0]
11-22 08:10:08.775 1489 1597 I wm_task_moved: [1,0,5]
11-22 08:10:08.791 2840 2840 I wm_on_restart_called: [168390208,com.android.launcher3.uioverrides.QuickstepLauncher,performRestartActivity]
11-22 08:10:08.803 2840 2840 I wm_on_start_called: [168390208,com.android.launcher3.uioverrides.QuickstepLauncher,handleStartActivity]
11-22 08:10:08.830 1489 1631 I sysui_multi_action: [319,14,322,48,325,18797,757,761,758,9,759,5,806,com.android.launcher3,871,com.android.launcher3.uioverrides.QuickstepLauncher,905,0,1320,8,1321,5]
11-22 08:10:08.863 19796 19796 I view_enqueue_input_event: [Motion - Cancel,com.android.gallery3d/com.android.gallery3d.app.MovieActivity]
11-22 08:10:08.864 2840 2840 I sysui_latency: [1,58]
11-22 08:10:08.869 1489 1636 I input_focus: [Focus request recents_animation_input_consumer,reason=UpdateInputWindows]
11-22 08:10:08.880 1489 2012 I input_interaction: Interaction with: edge-swipe (server), swipe-up (server), PointerEventDispatcher0 (server),
11-22 08:10:08.895 1489 2012 I input_focus: [Focus leaving a0c03fc com.android.gallery3d/com.android.gallery3d.app.MovieActivity (server),reason=NOT_FOCUSABLE]
11-22 08:10:08.895 1489 2012 I input_focus: [Focus entering recents_animation_input_consumer (server),reason=setFocusedWindow]
11-22 08:10:09.006 1489 1751 I commit_sys_config_file: [settings-1-0,3]
11-22 08:10:09.035 0 0 I auditd : type=1400 audit(0.0:5310): avc: denied { kill } for comm="swapper/2" capability=5 scontext=u:r:kernel:s0 tcontext=u:r:kernel:s0 tclass=capability permissive=0
11-22 08:10:09.123 1489 1648 I sysui_latency: [8,55]
11-22 08:10:09.769 1489 1751 I commit_sys_config_file: [settings-1-0,4]
11-22 08:10:10.035 0 0 I auditd : type=1400 audit(0.0:5311): avc: denied { kill } for comm="swapper/2" capability=5 scontext=u:r:kernel:s0 tcontext=u:r:kernel:s0 tclass=capability permissive=0
11-22 08:10:10.431 1489 2012 I input_interaction: Interaction with: 3cc67bf com.android.launcher3/com.android.launcher3.uioverrides.QuickstepLauncher (server), edge-swipe (server), swipe-up (server), PointerEventDispatcher0 (server),
11-22 08:10:10.882 1489 2824 I wm_task_moved: [1,1,6]
11-22 08:10:10.884 1489 2824 I wm_focused_root_task: [0,0,1,205,RecentsAnimation.onAnimationFinished()]
11-22 08:10:10.884 19796 19796 I wm_on_top_resumed_lost_called: [82754193,com.android.gallery3d.app.MovieActivity,topStateChangedWhenResumed]
11-22 08:10:10.885 1489 2824 I wm_pause_activity: [0,82754193,com.android.gallery3d/.app.MovieActivity,userLeaving=false,pauseBackTasks]
11-22 08:10:10.886 1489 2824 I wm_set_resumed_activity: [0,com.android.launcher3/.uioverrides.QuickstepLauncher,resumeTopActivityInnerLocked]
11-22 08:10:10.887 1489 2824 I wm_resume_activity: [0,168390208,10,com.android.launcher3/.uioverrides.QuickstepLauncher]
11-22 08:10:10.887 1489 2824 I wm_add_to_stopping: [0,82754193,com.android.gallery3d/.app.MovieActivity,makeInvisible]
11-22 08:10:10.895 1489 1636 I input_focus: [Focus request 3cc67bf com.android.launcher3/com.android.launcher3.uioverrides.QuickstepLauncher,reason=UpdateInputWindows]
11-22 08:10:10.896 2840 2840 I wm_on_resume_called: [168390208,com.android.launcher3.uioverrides.QuickstepLauncher,RESUME_ACTIVITY]
11-22 08:10:10.897 1489 1634 I sysui_multi_action: [757,803,799,window_time_0,802,6]
11-22 08:10:10.897 2840 2840 I wm_on_top_resumed_gained_called: [168390208,com.android.launcher3.uioverrides.QuickstepLauncher,topStateChangedWhenResumed]
11-22 08:10:10.900 1489 1634 I wm_stop_activity: [0,82754193,com.android.gallery3d/.app.MovieActivity]
11-22 08:10:10.902 1489 1634 I sysui_multi_action: [757,803,799,window_time_0,802,0]
11-22 08:10:10.905 1489 2012 I input_focus: [Focus leaving recents_animation_input_consumer (server),reason=NOT_VISIBLE]
11-22 08:10:10.917 1489 2012 I input_focus: [Focus entering 3cc67bf com.android.launcher3/com.android.launcher3.uioverrides.QuickstepLauncher (server),reason=setFocusedWindow]
11-22 08:10:10.919 19796 19796 I wm_on_paused_called: [82754193,com.android.gallery3d.app.MovieActivity,performPause]
11-22 08:10:10.942 19796 19796 I wm_on_stop_called: [82754193,com.android.gallery3d.app.MovieActivity,STOP_ACTIVITY_ITEM]
11-22 08:10:10.997 1489 8738 I wm_finish_activity: [0,82754193,205,com.android.gallery3d/.app.MovieActivity,remove-task]
11-22 08:10:10.998 1489 8738 I wm_destroy_activity: [0,82754193,205,com.android.gallery3d/.app.MovieActivity,finish-imm:finishIfPossible]
11-22 08:10:10.999 1489 8738 I wm_finish_activity: [0,178167516,205,com.android.gallery3d/.app.GalleryActivity,remove-task]
11-22 08:10:10.999 1489 8738 I wm_destroy_activity: [0,178167516,205,com.android.gallery3d/.app.GalleryActivity,finish-imm:finishIfPossible]
11-22 08:10:10.999 19796 19796 I wm_on_destroy_called: [82754193,com.android.gallery3d.app.MovieActivity,performDestroy]
11-22 08:10:11.006 1489 1634 I am_kill : [0,19796,com.android.gallery3d,905,remove task]
11-22 08:10:11.011 1489 1634 I sysui_multi_action: [757,803,799,window_time_0,802,0]
11-22 08:10:11.035 0 0 I auditd : type=1400 audit(0.0:5312): avc: denied { kill } for comm="swapper/2" capability=5 scontext=u:r:kernel:s0 tcontext=u:r:kernel:s0 tclass=capability permissive=0
11-22 08:10:11.066 1489 2824 I am_proc_died: [0,19796,com.android.gallery3d,905,19]
11-22 08:10:11.069 1489 2824 I am_uid_stopped: 10069
11-22 08:10:11.070 1489 2824 I wm_task_removed: [205,removeChild:removeChild last r=ActivityRecord{a9e9edc u0 com.android.gallery3d/.app.GalleryActivity t-1 f}} in t=Task{ddc474f #205 type=standard A=10069:com.android.gallery3d U=0 visible=false mode=fullscreen translucent=true sz=0}]
11-22 08:10:11.070 1489 2824 I wm_task_removed: [205,removeChild]
11-22 08:10:11.076 1489 1634 I am_uid_running: 10069
11-22 08:10:11.085 1489 1651 I am_proc_start: [0,19920,10069,com.android.gallery3d,NULL,]
11-22 08:10:11.117 1489 6560 I am_proc_bound: [0,19920,com.android.gallery3d]
11-22 08:10:12.035 0 0 I auditd : type=1400 audit(0.0:5313): avc: denied { kill } for comm="swapper/2" capability=5 scontext=u:r:kernel:s0 tcontext=u:r:kernel:s0 tclass=capability permissive=0
11-22 08:10:12.525 1489 2012 I input_interaction: Interaction with: 3cc67bf com.android.launcher3/com.android.launcher3.uioverrides.QuickstepLauncher (server), 6449bab com.android.systemui.ImageWallpaper (server), edge-swipe (server), swipe-up (server), PointerEventDispatcher0 (server),
11-22 08:10:14.035 0 0 I auditd : type=1400 audit(0.0:5314): avc: denied { kill } for comm="swapper/2" capability=5 scontext=u:r:kernel:s0 tcontext=u:r:kernel:s0 tclass=capability permissive=0
11-22 08:10:15.035 0 0 I auditd : type=1400 audit(0.0:5315): avc: denied { kill } for comm="swapper/2" capability=5 scontext=u:r:kernel:s0 tcontext=u:r:kernel:s0 tclass=capability permissive=0
11-22 08:10:16.035 0 0 I auditd : type=1400 audit(0.0:5316): avc: denied { kill } for comm="swapper/2" capability=5 scontext=u:r:kernel:s0 tcontext=u:r:kernel:s0 tclass=capability permissive=0
11-22 08:10:16.210 1489 2836 I wm_task_created: [206,-1]
11-22 08:10:16.214 1489 2836 I wm_task_moved: [206,1,6]
11-22 08:10:16.214 1489 2836 I wm_task_to_front: [0,206]
11-22 08:10:16.214 1489 2836 I wm_create_task: [0,206]
11-22 08:10:16.214 1489 2836 I wm_create_activity: [0,111081011,206,com.android.gallery3d/.app.GalleryActivity,NULL,NULL,NULL,268468224]
11-22 08:10:16.215 1489 2836 I wm_task_moved: [206,1,6]
11-22 08:10:16.218 1489 2836 I wm_restart_activity: [0,111081011,206,com.android.gallery3d/.app.GalleryActivity]
11-22 08:10:16.219 1489 2836 I wm_set_resumed_activity: [0,com.android.gallery3d/.app.GalleryActivity,minimalResumeActivityLocked]
11-22 08:10:16.222 1489 1634 I am_uid_active: 10069
11-22 08:10:16.231 2840 2840 I wm_on_top_resumed_lost_called: [168390208,com.android.launcher3.uioverrides.QuickstepLauncher,topStateChangedWhenResumed]
11-22 08:10:16.285 19920 19920 I wm_on_create_called: [111081011,com.android.gallery3d.app.GalleryActivity,performCreate]
11-22 08:10:16.286 19920 19920 I wm_on_start_called: [111081011,com.android.gallery3d.app.GalleryActivity,handleStartActivity]
11-22 08:10:16.291 19920 19920 I wm_on_resume_called: [111081011,com.android.gallery3d.app.GalleryActivity,RESUME_ACTIVITY]
11-22 08:10:16.296 19920 19920 I wm_on_top_resumed_gained_called: [111081011,com.android.gallery3d.app.GalleryActivity,topStateChangedWhenResumed]
11-22 08:10:16.321 1489 1636 I input_focus: [Focus request 3a54d9 com.android.gallery3d/com.android.gallery3d.app.GalleryActivity,reason=UpdateInputWindows]
11-22 08:10:16.347 1489 2012 I input_focus: [Focus leaving 3cc67bf com.android.launcher3/com.android.launcher3.uioverrides.QuickstepLauncher (server),reason=Waiting for window because NOT_VISIBLE]
11-22 08:10:16.411 1489 1631 I sysui_multi_action: [319,196,322,195,325,18804,757,761,758,8,759,2,806,com.android.gallery3d,871,com.android.gallery3d.app.GalleryActivity,904,com.android.launcher3,905,0,1320,8,1321,5]
11-22 08:10:16.413 1489 1631 I wm_activity_launch_time: [0,111081011,com.android.gallery3d/.app.GalleryActivity,195]
11-22 08:10:16.414 1489 2012 I input_focus: [Focus entering 3a54d9 com.android.gallery3d/com.android.gallery3d.app.GalleryActivity (server),reason=Window became focusable. Previous reason: NOT_VISIBLE]
11-22 08:10:16.439 1489 1648 I am_pss : [19812,10090,com.android.music,6907904,4784128,0,91500544,0,19,6]
11-22 08:10:17.035 0 0 I auditd : type=1400 audit(0.0:5317): avc: denied { kill } for comm="swapper/2" capability=5 scontext=u:r:kernel:s0 tcontext=u:r:kernel:s0 tclass=capability permissive=0
11-22 08:10:18.035 0 0 I auditd : type=1400 audit(0.0:5318): avc: denied { kill } for comm="swapper/2" capability=5 scontext=u:r:kernel:s0 tcontext=u:r:kernel:s0 tclass=capability permissive=0
11-22 08:10:18.966 1489 2012 I input_interaction: Interaction with: 3a54d9 com.android.gallery3d/com.android.gallery3d.app.GalleryActivity (server), edge-swipe (server), swipe-up (server), PointerEventDispatcher0 (server),
11-22 08:10:19.035 0 0 I auditd : type=1400 audit(0.0:5319): avc: denied { kill } for comm="swapper/2" capability=5 scontext=u:r:kernel:s0 tcontext=u:r:kernel:s0 tclass=capability permissive=0
11-22 08:10:20.035 0 0 I auditd : type=1400 audit(0.0:5320): avc: denied { kill } for comm="swapper/2" capability=5 scontext=u:r:kernel:s0 tcontext=u:r:kernel:s0 tclass=capability permissive=0
11-22 08:10:21.035 288 288 I auditd : type=1400 audit(0.0:5321): avc: denied { kill } for comm="kgsl_worker_thr" capability=5 scontext=u:r:kernel:s0 tcontext=u:r:kernel:s0 tclass=capability permissive=0
11-22 08:10:21.885 1489 2836 I wm_task_moved: [206,1,6]
11-22 08:10:21.886 1489 2836 I wm_set_resumed_activity: [0,com.android.gallery3d/.app.GalleryActivity,positionChildAt]
11-22 08:10:21.886 1489 2836 I wm_create_activity: [0,223024719,206,com.android.gallery3d/.app.MovieActivity,android.intent.action.VIEW,video/*,content://media/external/video/media/28,0]
11-22 08:10:21.888 1489 2836 I wm_pause_activity: [0,111081011,com.android.gallery3d/.app.GalleryActivity,userLeaving=true,resumeTopActivityInnerLocked]
11-22 08:10:21.894 19920 19920 I wm_on_top_resumed_lost_called: [111081011,com.android.gallery3d.app.GalleryActivity,topStateChangedWhenResumed]
11-22 08:10:21.920 19920 19920 I wm_on_paused_called: [111081011,com.android.gallery3d.app.GalleryActivity,performPause]
11-22 08:10:21.925 1489 6043 I wm_restart_activity: [0,223024719,206,com.android.gallery3d/.app.MovieActivity]
11-22 08:10:21.927 1489 6043 I wm_set_resumed_activity: [0,com.android.gallery3d/.app.MovieActivity,minimalResumeActivityLocked]
11-22 08:10:21.931 1489 1634 I sysui_multi_action: [757,803,799,window_time_0,802,11]
11-22 08:10:21.963 19920 19920 I wm_on_create_called: [223024719,com.android.gallery3d.app.MovieActivity,performCreate]
11-22 08:10:21.967 19920 19920 I wm_on_start_called: [223024719,com.android.gallery3d.app.MovieActivity,handleStartActivity]
11-22 08:10:21.967 19920 19920 I wm_on_resume_called: [223024719,com.android.gallery3d.app.MovieActivity,RESUME_ACTIVITY]
11-22 08:10:21.973 19920 19920 I wm_on_top_resumed_gained_called: [223024719,com.android.gallery3d.app.MovieActivity,topStateChangedWhenResumed]
11-22 08:10:21.982 1489 1636 I input_focus: [Focus request da0a861 com.android.gallery3d/com.android.gallery3d.app.MovieActivity,reason=UpdateInputWindows]
11-22 08:10:21.995 1489 2012 I input_focus: [Focus leaving 3a54d9 com.android.gallery3d/com.android.gallery3d.app.GalleryActivity (server),reason=Waiting for window because NOT_VISIBLE]
11-22 08:10:22.034 1489 1631 I wm_activity_launch_time: [0,223024719,com.android.gallery3d/.app.MovieActivity,154]
11-22 08:10:22.045 1489 2012 I input_focus: [Focus entering da0a861 com.android.gallery3d/com.android.gallery3d.app.MovieActivity (server),reason=Window became focusable. Previous reason: NOT_VISIBLE]
11-22 08:10:22.944 1489 2012 I input_interaction: Interaction with: da0a861 com.android.gallery3d/com.android.gallery3d.app.MovieActivity (server), edge-swipe (server), swipe-up (server), PointerEventDispatcher0 (server),
11-22 08:10:23.035 0 0 I auditd : type=1400 audit(0.0:5322): avc: denied { kill } for comm="swapper/2" capability=5 scontext=u:r:kernel:s0 tcontext=u:r:kernel:s0 tclass=capability permissive=0
11-22 08:10:24.035 0 0 I auditd : type=1400 audit(0.0:5323): avc: denied { kill } for comm="swapper/2" capability=5 scontext=u:r:kernel:s0 tcontext=u:r:kernel:s0 tclass=capability permissive=0
11-22 08:10:25.035 0 0 I auditd : type=1400 audit(0.0:5324): avc: denied { kill } for comm="swapper/2" capability=5 scontext=u:r:kernel:s0 tcontext=u:r:kernel:s0 tclass=capability permissive=0
11-22 08:10:26.035 0 0 I auditd : type=1400 audit(0.0:5325): avc: denied { kill } for comm="swapper/2" capability=5 scontext=u:r:kernel:s0 tcontext=u:r:kernel:s0 tclass=capability permissive=0
11-22 08:10:26.960 1489 6560 I wm_finish_activity: [0,223024719,206,com.android.gallery3d/.app.MovieActivity,app-request]
11-22 08:10:26.971 1489 6560 I wm_pause_activity: [0,223024719,com.android.gallery3d/.app.MovieActivity,userLeaving=false,finish]
11-22 08:10:26.980 19920 19920 I wm_on_top_resumed_lost_called: [223024719,com.android.gallery3d.app.MovieActivity,topStateChangedWhenResumed]
11-22 08:10:27.005 1489 2012 I input_focus: [Focus leaving da0a861 com.android.gallery3d/com.android.gallery3d.app.MovieActivity (server),reason=NO_WINDOW]
11-22 08:10:27.035 0 0 I auditd : type=1400 audit(0.0:5326): avc: denied { kill } for comm="swapper/2" capability=5 scontext=u:r:kernel:s0 tcontext=u:r:kernel:s0 tclass=capability permissive=0
11-22 08:10:27.047 19920 19920 I wm_on_paused_called: [223024719,com.android.gallery3d.app.MovieActivity,performPause]
11-22 08:10:27.049 1489 2836 I wm_set_resumed_activity: [0,com.android.gallery3d/.app.GalleryActivity,resumeTopActivityInnerLocked]
11-22 08:10:27.051 1489 2836 I wm_resume_activity: [0,111081011,206,com.android.gallery3d/.app.GalleryActivity]
11-22 08:10:27.059 1489 1636 I input_focus: [Focus request 3a54d9 com.android.gallery3d/com.android.gallery3d.app.GalleryActivity,reason=UpdateInputWindows]
11-22 08:10:27.059 1489 1634 I sysui_multi_action: [757,803,799,window_time_2,802,5]
11-22 08:10:27.061 1489 1648 I am_pss : [19920,10069,com.android.gallery3d,51710976,44761088,0,171614208,0,2,7]
11-22 08:10:27.063 19920 19920 I wm_on_activity_result_called: [111081011,com.android.gallery3d.app.GalleryActivity,ACTIVITY_RESULT]
11-22 08:10:27.072 19920 19920 I wm_on_resume_called: [111081011,com.android.gallery3d.app.GalleryActivity,RESUME_ACTIVITY]
11-22 08:10:27.072 19920 19920 I wm_on_top_resumed_gained_called: [111081011,com.android.gallery3d.app.GalleryActivity,topWhenResuming]
11-22 08:10:27.072 1489 2012 I input_focus: [Focus entering 3a54d9 com.android.gallery3d/com.android.gallery3d.app.GalleryActivity (server),reason=setFocusedWindow]
11-22 08:10:27.343 1489 1634 I wm_destroy_activity: [0,223024719,206,com.android.gallery3d/.app.MovieActivity,finish-transit]
11-22 08:10:27.382 19920 19920 I wm_on_stop_called: [223024719,com.android.gallery3d.app.MovieActivity,LIFECYCLER_STOP_ACTIVITY]
11-22 08:10:27.384 19920 19920 I wm_on_destroy_called: [223024719,com.android.gallery3d.app.MovieActivity,performDestroy]
11-22 08:10:27.855 1489 2012 I input_interaction: Interaction with: 3a54d9 com.android.gallery3d/com.android.gallery3d.app.GalleryActivity (server), edge-swipe (server), swipe-up (server), PointerEventDispatcher0 (server),
11-22 08:10:27.975 1489 6043 I wm_task_moved: [206,1,6]
11-22 08:10:27.976 1489 6043 I wm_set_resumed_activity: [0,com.android.gallery3d/.app.GalleryActivity,positionChildAt]
11-22 08:10:27.976 1489 6043 I wm_create_activity: [0,243455258,206,com.android.gallery3d/.app.MovieActivity,android.intent.action.VIEW,video/*,content://media/external/video/media/28,0]
11-22 08:10:27.977 1489 6043 I wm_pause_activity: [0,111081011,com.android.gallery3d/.app.GalleryActivity,userLeaving=true,resumeTopActivityInnerLocked]
11-22 08:10:27.981 19920 19920 I wm_on_top_resumed_lost_called: [111081011,com.android.gallery3d.app.GalleryActivity,topStateChangedWhenResumed]
11-22 08:10:27.989 19920 19920 I wm_on_paused_called: [111081011,com.android.gallery3d.app.GalleryActivity,performPause]
11-22 08:10:27.995 1489 2836 I wm_restart_activity: [0,243455258,206,com.android.gallery3d/.app.MovieActivity]
11-22 08:10:27.999 1489 2836 I wm_set_resumed_activity: [0,com.android.gallery3d/.app.MovieActivity,minimalResumeActivityLocked]
11-22 08:10:28.006 1489 1634 I sysui_multi_action: [757,803,799,window_time_2,802,1]
11-22 08:10:28.021 19920 19920 I wm_on_create_called: [243455258,com.android.gallery3d.app.MovieActivity,performCreate]
11-22 08:10:28.024 19920 19920 I wm_on_start_called: [243455258,com.android.gallery3d.app.MovieActivity,handleStartActivity]
11-22 08:10:28.024 19920 19920 I wm_on_resume_called: [243455258,com.android.gallery3d.app.MovieActivity,RESUME_ACTIVITY]
11-22 08:10:28.028 19920 19920 I wm_on_top_resumed_gained_called: [243455258,com.android.gallery3d.app.MovieActivity,topStateChangedWhenResumed]
11-22 08:10:28.036 1489 1636 I input_focus: [Focus request 62438d4 com.android.gallery3d/com.android.gallery3d.app.MovieActivity,reason=UpdateInputWindows]
11-22 08:10:28.035 0 0 I auditd : type=1400 audit(0.0:5327): avc: denied { kill } for comm="swapper/2" capability=5 scontext=u:r:kernel:s0 tcontext=u:r:kernel:s0 tclass=capability permissive=0
11-22 08:10:28.065 1489 2012 I input_focus: [Focus leaving 3a54d9 com.android.gallery3d/com.android.gallery3d.app.GalleryActivity (server),reason=Waiting for window because NOT_VISIBLE]
11-22 08:10:28.081 1489 1631 I wm_activity_launch_time: [0,243455258,com.android.gallery3d/.app.MovieActivity,107]
11-22 08:10:28.098 1489 2012 I input_focus: [Focus entering 62438d4 com.android.gallery3d/com.android.gallery3d.app.MovieActivity (server),reason=Window became focusable. Previous reason: NOT_VISIBLE]
11-22 08:10:28.900 1489 2012 I input_interaction: Interaction with: 62438d4 com.android.gallery3d/com.android.gallery3d.app.MovieActivity (server), edge-swipe (server), swipe-up (server), PointerEventDispatcher0 (server),
11-22 08:10:29.035 0 0 I auditd : type=1400 audit(0.0:5328): avc: denied { kill } for comm="swapper/2" capability=5 scontext=u:r:kernel:s0 tcontext=u:r:kernel:s0 tclass=capability permissive=0
11-22 08:10:30.035 0 0 I auditd : type=1400 audit(0.0:5329): avc: denied { kill } for comm="swapper/2" capability=5 scontext=u:r:kernel:s0 tcontext=u:r:kernel:s0 tclass=capability permissive=0
11-22 08:10:30.676 1489 8738 I wm_finish_activity: [0,243455258,206,com.android.gallery3d/.app.MovieActivity,finish-activity]
11-22 08:10:30.690 1489 8738 I wm_pause_activity: [0,243455258,com.android.gallery3d/.app.MovieActivity,userLeaving=false,finish]
11-22 08:10:30.694 1489 8738 I wm_finish_activity: [0,111081011,206,com.android.gallery3d/.app.GalleryActivity,finish-activity]
11-22 08:10:30.694 1489 8738 I wm_task_moved: [1,1,6]
11-22 08:10:30.695 1489 8738 I wm_set_resumed_activity: [0,com.android.launcher3/.uioverrides.QuickstepLauncher,positionChildAt]
11-22 08:10:30.695 1489 8738 I wm_task_moved: [10,1,2147483647]
11-22 08:10:30.695 1489 8738 I wm_task_to_front: [0,10]
11-22 08:10:30.696 1489 8738 I wm_focused_root_task: [0,0,1,-1,finish-top adjustFocusToNextFocusableTask]
11-22 08:10:30.696 1489 8738 I wm_set_resumed_activity: [0,com.android.launcher3/.uioverrides.QuickstepLauncher,finish-top]
11-22 08:10:30.697 1489 8738 I wm_destroy_activity: [0,111081011,206,com.android.gallery3d/.app.GalleryActivity,finish-imm:finishIfPossible]
11-22 08:10:30.710 1489 1636 I input_focus: [Focus request 3cc67bf com.android.launcher3/com.android.launcher3.uioverrides.QuickstepLauncher,reason=UpdateInputWindows]
11-22 08:10:30.710 19920 19920 I wm_on_top_resumed_lost_called: [243455258,com.android.gallery3d.app.MovieActivity,topStateChangedWhenResumed]
11-22 08:10:30.714 2840 2840 I wm_on_top_resumed_gained_called: [168390208,com.android.launcher3.uioverrides.QuickstepLauncher,topStateChangedWhenResumed]
11-22 08:10:30.718 1489 1634 I sysui_multi_action: [757,803,799,window_time_2,802,3]
11-22 08:10:30.732 1489 2012 I input_focus: [Focus leaving 62438d4 com.android.gallery3d/com.android.gallery3d.app.MovieActivity (server),reason=NO_WINDOW]
11-22 08:10:30.732 1489 2012 I input_focus: [Focus entering 3cc67bf com.android.launcher3/com.android.launcher3.uioverrides.QuickstepLauncher (server),reason=setFocusedWindow]
11-22 08:10:30.780 19920 19920 I wm_on_paused_called: [243455258,com.android.gallery3d.app.MovieActivity,performPause]
11-22 08:10:30.782 1489 8738 I wm_destroy_activity: [0,243455258,206,com.android.gallery3d/.app.MovieActivity,finish-imm:completePausedLocked]
11-22 08:10:30.790 19920 19920 I wm_on_stop_called: [111081011,com.android.gallery3d.app.GalleryActivity,LIFECYCLER_STOP_ACTIVITY]
11-22 08:10:30.797 1489 1634 I sysui_multi_action: [757,803,799,window_time_0,802,0]
11-22 08:10:30.801 19920 19920 I wm_on_destroy_called: [111081011,com.android.gallery3d.app.GalleryActivity,performDestroy]
11-22 08:10:30.835 19920 19920 I wm_on_stop_called: [243455258,com.android.gallery3d.app.MovieActivity,LIFECYCLER_STOP_ACTIVITY]
11-22 08:10:30.835 19920 19920 I wm_on_destroy_called: [243455258,com.android.gallery3d.app.MovieActivity,performDestroy]
11-22 08:10:30.997 1489 1636 I wm_task_removed: [206,removeChild:removeChild last r=ActivityRecord{69ef633 u0 com.android.gallery3d/.app.GalleryActivity t-1 f}} in t=Task{a0a99a2 #206 type=standard A=10069:com.android.gallery3d U=0 visible=false mode=freeform translucent=true sz=0}]
11-22 08:10:30.997 1489 1636 I wm_task_removed: [206,removeChild]
11-22 08:10:31.035 0 0 I auditd : type=1400 audit(0.0:5330): avc: denied { kill } for comm="swapper/2" capability=5 scontext=u:r:kernel:s0 tcontext=u:r:kernel:s0 tclass=capability permissive=0
11-22 08:10:32.035 0 0 I auditd : type=1400 audit(0.0:5331): avc: denied { kill } for comm="swapper/2" capability=5 scontext=u:r:kernel:s0 tcontext=u:r:kernel:s0 tclass=capability permissive=0
11-22 08:10:33.035 0 0 I auditd : type=1400 audit(0.0:5332): avc: denied { kill } for comm="swapper/2" capability=5 scontext=u:r:kernel:s0 tcontext=u:r:kernel:s0 tclass=capability permissive=0
11-22 08:10:33.780 1489 2012 I input_interaction: Interaction with: 3cc67bf com.android.launcher3/com.android.launcher3.uioverrides.QuickstepLauncher (server), 6449bab com.android.systemui.ImageWallpaper (server), edge-swipe (server), swipe-up (server), PointerEventDispatcher0 (server),
11-22 08:10:34.972 1489 7615 I wm_task_created: [207,-1]
11-22 08:10:34.977 1489 7615 I wm_task_moved: [207,1,6]
11-22 08:10:34.977 1489 7615 I wm_task_to_front: [0,207]
11-22 08:10:34.978 1489 7615 I wm_create_task: [0,207]
11-22 08:10:34.978 1489 7615 I wm_create_activity: [0,247517028,207,com.android.gallery3d/.app.GalleryActivity,NULL,NULL,NULL,268468224]
11-22 08:10:34.978 1489 7615 I wm_task_moved: [207,1,6]
11-22 08:10:34.982 1489 7615 I wm_restart_activity: [0,247517028,207,com.android.gallery3d/.app.GalleryActivity]
11-22 08:10:34.983 1489 7615 I wm_set_resumed_activity: [0,com.android.gallery3d/.app.GalleryActivity,minimalResumeActivityLocked]
11-22 08:10:35.001 2840 2840 I wm_on_top_resumed_lost_called: [168390208,com.android.launcher3.uioverrides.QuickstepLauncher,topStateChangedWhenResumed]
11-22 08:10:35.015 19920 19920 I wm_on_create_called: [247517028,com.android.gallery3d.app.GalleryActivity,performCreate]
11-22 08:10:35.017 19920 19920 I wm_on_start_called: [247517028,com.android.gallery3d.app.GalleryActivity,handleStartActivity]
11-22 08:10:35.021 19920 19920 I wm_on_resume_called: [247517028,com.android.gallery3d.app.GalleryActivity,RESUME_ACTIVITY]
11-22 08:10:35.023 19920 19920 I wm_on_top_resumed_gained_called: [247517028,com.android.gallery3d.app.GalleryActivity,topStateChangedWhenResumed]
11-22 08:10:35.036 1489 1636 I input_focus: [Focus request 813d0ce com.android.gallery3d/com.android.gallery3d.app.GalleryActivity,reason=UpdateInputWindows]
11-22 08:10:35.035 0 0 I auditd : type=1400 audit(0.0:5333): avc: denied { kill } for comm="swapper/2" capability=5 scontext=u:r:kernel:s0 tcontext=u:r:kernel:s0 tclass=capability permissive=0
11-22 08:10:35.059 1489 2012 I input_focus: [Focus leaving 3cc67bf com.android.launcher3/com.android.launcher3.uioverrides.QuickstepLauncher (server),reason=Waiting for window because NOT_VISIBLE]
11-22 08:10:35.086 1489 1631 I sysui_multi_action: [319,110,322,110,325,18823,757,761,758,8,759,2,806,com.android.gallery3d,871,com.android.gallery3d.app.GalleryActivity,904,com.android.launcher3,905,0,1320,8,1321,5]
11-22 08:10:35.087 1489 1631 I wm_activity_launch_time: [0,247517028,com.android.gallery3d/.app.GalleryActivity,110]
11-22 08:10:35.092 1489 2012 I input_focus: [Focus entering 813d0ce com.android.gallery3d/com.android.gallery3d.app.GalleryActivity (server),reason=Window became focusable. Previous reason: NOT_VISIBLE]
11-22 08:10:36.035 0 0 I auditd : type=1400 audit(0.0:5334): avc: denied { kill } for comm="swapper/2" capability=5 scontext=u:r:kernel:s0 tcontext=u:r:kernel:s0 tclass=capability permissive=0
11-22 08:10:37.035 0 0 I auditd : type=1400 audit(0.0:5335): avc: denied { kill } for comm="swapper/2" capability=5 scontext=u:r:kernel:s0 tcontext=u:r:kernel:s0 tclass=capability permissive=0
11-22 08:10:37.972 1489 2012 I input_interaction: Interaction with: 813d0ce com.android.gallery3d/com.android.gallery3d.app.GalleryActivity (server), edge-swipe (server), swipe-up (server), PointerEventDispatcher0 (server),
11-22 08:10:38.035 0 0 I auditd : type=1400 audit(0.0:5336): avc: denied { kill } for comm="swapper/2" capability=5 scontext=u:r:kernel:s0 tcontext=u:r:kernel:s0 tclass=capability permissive=0
11-22 08:10:39.035 0 0 I auditd : type=1400 audit(0.0:5337): avc: denied { kill } for comm="swapper/2" capability=5 scontext=u:r:kernel:s0 tcontext=u:r:kernel:s0 tclass=capability permissive=0
11-22 08:10:40.035 0 0 I auditd : type=1400 audit(0.0:5338): avc: denied { kill } for comm="swapper/2" capability=5 scontext=u:r:kernel:s0 tcontext=u:r:kernel:s0 tclass=capability permissive=0
11-22 08:10:41.035 0 0 I auditd : type=1400 audit(0.0:5339): avc: denied { kill } for comm="swapper/2" capability=5 scontext=u:r:kernel:s0 tcontext=u:r:kernel:s0 tclass=capability permissive=0
11-22 08:10:41.479 19920 19920 I menu_item_selected: [0,Movies]
11-22 08:10:43.035 0 0 I auditd : type=1400 audit(0.0:5340): avc: denied { kill } for comm="swapper/2" capability=5 scontext=u:r:kernel:s0 tcontext=u:r:kernel:s0 tclass=capability permissive=0
11-22 08:10:43.574 19920 19920 I menu_item_selected: [0,Movies]
11-22 08:10:44.035 0 0 I auditd : type=1400 audit(0.0:5341): avc: denied { kill } for comm="swapper/2" capability=5 scontext=u:r:kernel:s0 tcontext=u:r:kernel:s0 tclass=capability permissive=0
11-22 08:10:45.035 0 0 I auditd : type=1400 audit(0.0:5342): avc: denied { kill } for comm="swapper/2" capability=5 scontext=u:r:kernel:s0 tcontext=u:r:kernel:s0 tclass=capability permissive=0
11-22 08:10:46.035 0 0 I auditd : type=1400 audit(0.0:5343): avc: denied { kill } for comm="swapper/2" capability=5 scontext=u:r:kernel:s0 tcontext=u:r:kernel:s0 tclass=capability permissive=0
11-22 08:10:47.035 0 0 I auditd : type=1400 audit(0.0:5344): avc: denied { kill } for comm="swapper/2" capability=5 scontext=u:r:kernel:s0 tcontext=u:r:kernel:s0 tclass=capability permissive=0
11-22 08:10:47.797 1489 6043 I wm_task_created: [208,-1]
11-22 08:10:47.800 1489 6043 I wm_finish_activity: [0,247517028,207,com.android.gallery3d/.app.GalleryActivity,app-request]
11-22 08:10:47.800 1489 6043 I wm_task_moved: [1,1,7]
11-22 08:10:47.803 1489 6043 I wm_set_resumed_activity: [0,com.android.launcher3/.uioverrides.QuickstepLauncher,positionChildAt]
11-22 08:10:47.803 1489 6043 I wm_task_moved: [10,1,2147483647]
11-22 08:10:47.803 1489 6043 I wm_task_to_front: [0,10]
11-22 08:10:47.803 1489 6043 I wm_focused_root_task: [0,0,1,-1,finish-top adjustFocusToNextFocusableTask]
11-22 08:10:47.803 1489 6043 I wm_set_resumed_activity: [0,com.android.launcher3/.uioverrides.QuickstepLauncher,finish-top]
11-22 08:10:47.824 1489 6043 I wm_pause_activity: [0,247517028,com.android.gallery3d/.app.GalleryActivity,userLeaving=false,finish]
