11-22 08:29:45.598 23257 23257 I wm_on_stop_called: [38610811,com.android.settings.bluetooth.DevicePickerActivity,handleRelaunchActivity]
11-22 08:29:45.606 23257 23257 I wm_on_destroy_called: [38610811,com.android.settings.bluetooth.DevicePickerActivity,performDestroy]
11-22 08:29:45.629 23257 23257 I wm_on_create_called: [38610811,com.android.settings.bluetooth.DevicePickerActivity,performCreate]
11-22 08:29:45.637 23257 23257 I wm_on_start_called: [38610811,com.android.settings.bluetooth.DevicePickerActivity,handleStartActivity]
11-22 08:29:45.639 23257 23257 I wm_on_resume_called: [38610811,com.android.settings.bluetooth.DevicePickerActivity,RESUME_ACTIVITY]
11-22 08:29:45.639 23257 23257 I sysui_multi_action: [757,25,758,1,833,0,1089,22]
11-22 08:29:45.640 23257 23257 I sysui_multi_action: [757,1729,758,4,854,isParalleledControllers:false,1089,23]
11-22 08:29:45.640 23257 23257 I wm_on_top_resumed_gained_called: [38610811,com.android.settings.bluetooth.DevicePickerActivity,topWhenResuming]
11-22 08:29:46.035 0 0 I auditd : type=1400 audit(0.0:6454): avc: denied { kill } for comm="swapper/0" capability=5 scontext=u:r:kernel:s0 tcontext=u:r:kernel:s0 tclass=capability permissive=0
11-22 08:29:48.035 0 0 I auditd : type=1400 audit(0.0:6455): avc: denied { kill } for comm="swapper/0" capability=5 scontext=u:r:kernel:s0 tcontext=u:r:kernel:s0 tclass=capability permissive=0
11-22 08:29:49.035 0 0 I auditd : type=1400 audit(0.0:6456): avc: denied { kill } for comm="swapper/0" capability=5 scontext=u:r:kernel:s0 tcontext=u:r:kernel:s0 tclass=capability permissive=0
11-22 08:29:50.035 0 0 I auditd : type=1400 audit(0.0:6457): avc: denied { kill } for comm="swapper/0" capability=5 scontext=u:r:kernel:s0 tcontext=u:r:kernel:s0 tclass=capability permissive=0
11-22 08:29:51.035 0 0 I auditd : type=1400 audit(0.0:6458): avc: denied { kill } for comm="swapper/0" capability=5 scontext=u:r:kernel:s0 tcontext=u:r:kernel:s0 tclass=capability permissive=0
11-22 08:29:52.035 0 0 I auditd : type=1400 audit(0.0:6459): avc: denied { kill } for comm="swapper/0" capability=5 scontext=u:r:kernel:s0 tcontext=u:r:kernel:s0 tclass=capability permissive=0
11-22 08:29:53.612 1489 1597 I wm_relaunch_resume_activity: [0,38610811,235,com.android.settings/.bluetooth.DevicePickerActivity]
11-22 08:29:53.612 1489 1597 I wm_add_to_stopping: [0,67542740,com.android.settings/.Settings,makeInvisible]
11-22 08:29:53.627 23257 23257 I wm_on_top_resumed_lost_called: [38610811,com.android.settings.bluetooth.DevicePickerActivity,pausing]
11-22 08:29:53.628 23257 23257 I sysui_multi_action: [757,25,758,2,1089,7988]
11-22 08:29:53.629 23257 23257 I wm_on_paused_called: [38610811,com.android.settings.bluetooth.DevicePickerActivity,performPause]
11-22 08:29:53.633 23257 23257 I wm_on_stop_called: [38610811,com.android.settings.bluetooth.DevicePickerActivity,handleRelaunchActivity]
11-22 08:29:53.643 23257 23257 I wm_on_destroy_called: [38610811,com.android.settings.bluetooth.DevicePickerActivity,performDestroy]
11-22 08:29:53.650 1489 1648 I am_pss : [23257,1000,com.android.settings,93380608,86441984,0,214683648,0,2,9]
11-22 08:29:53.673 23257 23257 I wm_on_create_called: [38610811,com.android.settings.bluetooth.DevicePickerActivity,performCreate]
11-22 08:29:53.683 23257 23257 I wm_on_start_called: [38610811,com.android.settings.bluetooth.DevicePickerActivity,handleStartActivity]
11-22 08:29:53.686 23257 23257 I wm_on_resume_called: [38610811,com.android.settings.bluetooth.DevicePickerActivity,RESUME_ACTIVITY]
11-22 08:29:53.686 23257 23257 I sysui_multi_action: [757,25,758,1,833,0,1089,28]
11-22 08:29:53.686 23257 23257 I sysui_multi_action: [757,1729,758,4,854,isParalleledControllers:false,1089,28]
11-22 08:29:53.687 23257 23257 I wm_on_top_resumed_gained_called: [38610811,com.android.settings.bluetooth.DevicePickerActivity,topWhenResuming]
11-22 08:29:54.035 0 0 I auditd : type=1400 audit(0.0:6460): avc: denied { kill } for comm="swapper/0" capability=5 scontext=u:r:kernel:s0 tcontext=u:r:kernel:s0 tclass=capability permissive=0
11-22 08:29:54.045 1489 1634 I wm_stop_activity: [0,67542740,com.android.settings/.Settings]
11-22 08:29:54.067 23257 23257 I sysui_multi_action: [757,35,758,2,1089,24235]
11-22 08:29:54.068 23257 23257 I sysui_multi_action: [757,40,758,2,1089,19792]
11-22 08:29:54.068 23257 23257 I wm_on_paused_called: [67542740,com.android.settings.Settings,performPause]
11-22 08:29:54.071 23257 23257 I wm_on_stop_called: [67542740,com.android.settings.Settings,STOP_ACTIVITY_ITEM]
11-22 08:29:55.035 352 352 I auditd : type=1400 audit(0.0:6461): avc: denied { kill } for comm="irq/382-atmel_m" capability=5 scontext=u:r:kernel:s0 tcontext=u:r:kernel:s0 tclass=capability permissive=0
11-22 08:29:56.035 0 0 I auditd : type=1400 audit(0.0:6462): avc: denied { kill } for comm="swapper/0" capability=5 scontext=u:r:kernel:s0 tcontext=u:r:kernel:s0 tclass=capability permissive=0
11-22 08:29:57.035 352 352 I auditd : type=1400 audit(0.0:6463): avc: denied { kill } for comm="irq/382-atmel_m" capability=5 scontext=u:r:kernel:s0 tcontext=u:r:kernel:s0 tclass=capability permissive=0
11-22 08:29:58.035 0 0 I auditd : type=1400 audit(0.0:6464): avc: denied { kill } for comm="swapper/0" capability=5 scontext=u:r:kernel:s0 tcontext=u:r:kernel:s0 tclass=capability permissive=0
11-22 08:29:59.035 18514 18514 I auditd : type=1400 audit(0.0:6465): avc: denied { kill } for comm="kworker/u16:0" capability=5 scontext=u:r:kernel:s0 tcontext=u:r:kernel:s0 tclass=capability permissive=0
11-22 08:30:00.035 0 0 I auditd : type=1400 audit(0.0:6466): avc: denied { kill } for comm="swapper/0" capability=5 scontext=u:r:kernel:s0 tcontext=u:r:kernel:s0 tclass=capability permissive=0
11-22 08:30:01.035 19791 19791 I auditd : type=1400 audit(0.0:6467): avc: denied { kill } for comm="kworker/u16:15" capability=5 scontext=u:r:kernel:s0 tcontext=u:r:kernel:s0 tclass=capability permissive=0
11-22 08:30:02.035 0 0 I auditd : type=1400 audit(0.0:6468): avc: denied { kill } for comm="swapper/0" capability=5 scontext=u:r:kernel:s0 tcontext=u:r:kernel:s0 tclass=capability permissive=0
11-22 08:30:03.035 0 0 I auditd : type=1400 audit(0.0:6469): avc: denied { kill } for comm="swapper/0" capability=5 scontext=u:r:kernel:s0 tcontext=u:r:kernel:s0 tclass=capability permissive=0
11-22 08:30:04.035 0 0 I auditd : type=1400 audit(0.0:6470): avc: denied { kill } for comm="swapper/0" capability=5 scontext=u:r:kernel:s0 tcontext=u:r:kernel:s0 tclass=capability permissive=0
11-22 08:30:05.035 9 9 I auditd : type=1400 audit(0.0:6471): avc: denied { kill } for comm="ksoftirqd/0" capability=5 scontext=u:r:kernel:s0 tcontext=u:r:kernel:s0 tclass=capability permissive=0
11-22 08:30:07.035 0 0 I auditd : type=1400 audit(0.0:6472): avc: denied { kill } for comm="swapper/2" capability=5 scontext=u:r:kernel:s0 tcontext=u:r:kernel:s0 tclass=capability permissive=0
11-22 08:30:08.035 0 0 I auditd : type=1400 audit(0.0:6473): avc: denied { kill } for comm="swapper/2" capability=5 scontext=u:r:kernel:s0 tcontext=u:r:kernel:s0 tclass=capability permissive=0
11-22 08:30:09.035 0 0 I auditd : type=1400 audit(0.0:6474): avc: denied { kill } for comm="swapper/2" capability=5 scontext=u:r:kernel:s0 tcontext=u:r:kernel:s0 tclass=capability permissive=0
11-22 08:30:10.035 0 0 I auditd : type=1400 audit(0.0:6475): avc: denied { kill } for comm="swapper/2" capability=5 scontext=u:r:kernel:s0 tcontext=u:r:kernel:s0 tclass=capability permissive=0
11-22 08:30:10.172 1489 1597 I wm_task_moved: [1,0,0]
11-22 08:30:10.173 1489 1597 I wm_task_moved: [1,0,6]
11-22 08:30:10.204 2840 2840 I wm_on_restart_called: [168390208,com.android.launcher3.uioverrides.QuickstepLauncher,performRestartActivity]
11-22 08:30:10.236 2840 2840 I wm_on_start_called: [168390208,com.android.launcher3.uioverrides.QuickstepLauncher,handleStartActivity]
11-22 08:30:10.266 1489 1631 I sysui_multi_action: [319,25,322,84,325,19998,757,761,758,9,759,5,806,com.android.launcher3,871,com.android.launcher3.uioverrides.QuickstepLauncher,905,0,1320,8,1321,5]
11-22 08:30:10.311 23257 23257 I view_enqueue_input_event: [Motion - Cancel,com.android.settings/com.android.settings.bluetooth.DevicePickerActivity]
11-22 08:30:10.313 2840 2840 I sysui_latency: [1,98]
11-22 08:30:10.327 1489 2012 I input_interaction: Interaction with: edge-swipe (server), swipe-up (server), PointerEventDispatcher0 (server),
11-22 08:30:10.328 1489 1636 I input_focus: [Focus request recents_animation_input_consumer,reason=UpdateInputWindows]
11-22 08:30:10.367 1489 2012 I input_focus: [Focus leaving 76690d com.android.settings/com.android.settings.bluetooth.DevicePickerActivity (server),reason=NOT_FOCUSABLE]
11-22 08:30:10.367 1489 2012 I input_focus: [Focus entering recents_animation_input_consumer (server),reason=setFocusedWindow]
11-22 08:30:10.439 1489 1751 I commit_sys_config_file: [settings-1-0,5]
11-22 08:30:10.558 1489 1648 I sysui_latency: [8,101]
11-22 08:30:10.987 1489 2012 I input_interaction: Interaction with: recents_animation_input_consumer (server), PointerEventDispatcher0 (server),
11-22 08:30:11.035 19791 19791 I auditd : type=1400 audit(0.0:6476): avc: denied { kill } for comm="kworker/u16:15" capability=5 scontext=u:r:kernel:s0 tcontext=u:r:kernel:s0 tclass=capability permissive=0
11-22 08:30:11.242 1489 1751 I commit_sys_config_file: [settings-1-0,8]
11-22 08:30:12.035 0 0 I auditd : type=1400 audit(0.0:6477): avc: denied { kill } for comm="swapper/2" capability=5 scontext=u:r:kernel:s0 tcontext=u:r:kernel:s0 tclass=capability permissive=0
11-22 08:30:12.113 1489 2012 I input_interaction: Interaction with: 3cc67bf com.android.launcher3/com.android.launcher3.uioverrides.QuickstepLauncher (server), edge-swipe (server), swipe-up (server), PointerEventDispatcher0 (server),
11-22 08:30:12.227 1489 1489 I service_manager_stats: [100,73,89650]
11-22 08:30:12.708 1489 2461 I wm_task_moved: [1,1,7]
11-22 08:30:12.710 1489 2461 I wm_focused_root_task: [0,0,1,235,RecentsAnimation.onAnimationFinished()]
11-22 08:30:12.710 23257 23257 I wm_on_top_resumed_lost_called: [38610811,com.android.settings.bluetooth.DevicePickerActivity,topStateChangedWhenResumed]
11-22 08:30:12.711 1489 2461 I wm_pause_activity: [0,38610811,com.android.settings/.bluetooth.DevicePickerActivity,userLeaving=false,pauseBackTasks]
11-22 08:30:12.713 1489 2461 I wm_set_resumed_activity: [0,com.android.launcher3/.uioverrides.QuickstepLauncher,resumeTopActivityInnerLocked]
11-22 08:30:12.716 1489 2461 I wm_resume_activity: [0,168390208,10,com.android.launcher3/.uioverrides.QuickstepLauncher]
11-22 08:30:12.717 1489 2461 I wm_add_to_stopping: [0,38610811,com.android.settings/.bluetooth.DevicePickerActivity,makeInvisible]
11-22 08:30:12.728 1489 1636 I input_focus: [Focus request 3cc67bf com.android.launcher3/com.android.launcher3.uioverrides.QuickstepLauncher,reason=UpdateInputWindows]
11-22 08:30:12.731 2840 2840 I wm_on_resume_called: [168390208,com.android.launcher3.uioverrides.QuickstepLauncher,RESUME_ACTIVITY]
11-22 08:30:12.732 1489 1634 I sysui_multi_action: [757,803,799,window_time_2,802,30]
11-22 08:30:12.736 1489 1634 I wm_stop_activity: [0,38610811,com.android.settings/.bluetooth.DevicePickerActivity]
11-22 08:30:12.736 1489 1634 I sysui_multi_action: [757,803,799,window_time_0,802,0]
11-22 08:30:12.738 1489 2012 I input_focus: [Focus leaving recents_animation_input_consumer (server),reason=NOT_VISIBLE]
11-22 08:30:12.738 1489 2012 I input_focus: [Focus entering 3cc67bf com.android.launcher3/com.android.launcher3.uioverrides.QuickstepLauncher (server),reason=setFocusedWindow]
11-22 08:30:12.740 2840 2840 I wm_on_top_resumed_gained_called: [168390208,com.android.launcher3.uioverrides.QuickstepLauncher,topStateChangedWhenResumed]
11-22 08:30:12.747 23257 23257 I sysui_multi_action: [757,25,758,2,1089,19061]
11-22 08:30:12.747 23257 23257 I wm_on_paused_called: [38610811,com.android.settings.bluetooth.DevicePickerActivity,performPause]
11-22 08:30:12.755 1489 1648 I am_pss : [23162,10069,com.android.gallery3d,32377856,26808320,0,148443136,0,18,8]
11-22 08:30:12.765 23257 23257 I wm_on_stop_called: [38610811,com.android.settings.bluetooth.DevicePickerActivity,STOP_ACTIVITY_ITEM]
11-22 08:30:12.771 1489 1648 I am_pss : [23283,10083,com.qualcomm.qti.qccauthmgr,6420480,4259840,0,93736960,0,19,7]
11-22 08:30:12.833 1489 1947 I wm_finish_activity: [0,38610811,235,com.android.settings/.bluetooth.DevicePickerActivity,remove-task]
11-22 08:30:12.833 1489 1947 I wm_destroy_activity: [0,38610811,235,com.android.settings/.bluetooth.DevicePickerActivity,finish-imm:finishIfPossible]
11-22 08:30:12.838 1489 1634 I sysui_multi_action: [757,803,799,window_time_0,802,0]
11-22 08:30:12.843 23257 23257 I wm_on_destroy_called: [38610811,com.android.settings.bluetooth.DevicePickerActivity,performDestroy]
11-22 08:30:12.849 1489 1597 I wm_task_removed: [235,removeChild:removeChild last r=ActivityRecord{24d277b u0 com.android.settings/.bluetooth.DevicePickerActivity t-1 f}} in t=Task{2f6eb49 #235 type=standard A=1002:com.android.bluetooth U=0 visible=false mode=fullscreen translucent=true sz=0}]
11-22 08:30:12.849 1489 1597 I wm_task_removed: [235,removeChild]
11-22 08:30:13.035 0 0 I auditd : type=1400 audit(0.0:6478): avc: denied { kill } for comm="swapper/2" capability=5 scontext=u:r:kernel:s0 tcontext=u:r:kernel:s0 tclass=capability permissive=0
11-22 08:30:13.796 1489 2012 I input_interaction: Interaction with: 3cc67bf com.android.launcher3/com.android.launcher3.uioverrides.QuickstepLauncher (server), 6449bab com.android.systemui.ImageWallpaper (server), edge-swipe (server), swipe-up (server), PointerEventDispatcher0 (server),
11-22 08:30:13.903 1489 1597 I wm_task_moved: [1,1,7]
11-22 08:30:13.903 1489 1597 I wm_set_resumed_activity: [0,com.android.launcher3/.uioverrides.QuickstepLauncher,positionChildAt]
11-22 08:30:13.916 1489 1597 I wm_task_moved: [233,1,7]
11-22 08:30:13.916 1489 1597 I wm_task_to_front: [0,233]
11-22 08:30:13.917 1489 1597 I wm_focused_root_task: [0,0,233,1,reuseOrNewTask]
11-22 08:30:13.917 1489 1597 I wm_create_activity: [0,90255150,233,com.android.gallery3d/.app.GalleryActivity,android.intent.action.MAIN,NULL,NULL,271581184]
11-22 08:30:13.922 1489 1597 I wm_pause_activity: [0,168390208,com.android.launcher3/.uioverrides.QuickstepLauncher,userLeaving=true,pauseBackTasks]
11-22 08:30:13.928 2840 2840 I wm_on_top_resumed_lost_called: [168390208,com.android.launcher3.uioverrides.QuickstepLauncher,topStateChangedWhenResumed]
11-22 08:30:13.933 2840 2840 I wm_on_paused_called: [168390208,com.android.launcher3.uioverrides.QuickstepLauncher,performPause]
11-22 08:30:13.937 1489 1947 I wm_add_to_stopping: [0,168390208,com.android.launcher3/.uioverrides.QuickstepLauncher,makeInvisible]
11-22 08:30:13.938 1489 1947 I wm_restart_activity: [0,90255150,233,com.android.gallery3d/.app.GalleryActivity]
11-22 08:30:13.940 1489 1947 I wm_set_resumed_activity: [0,com.android.gallery3d/.app.GalleryActivity,minimalResumeActivityLocked]
11-22 08:30:13.950 1489 1634 I sysui_multi_action: [757,803,799,window_time_0,802,1]
11-22 08:30:13.956 1489 2012 I input_focus: [Focus leaving 3cc67bf com.android.launcher3/com.android.launcher3.uioverrides.QuickstepLauncher (server),reason=NO_WINDOW]
11-22 08:30:13.966 23162 23162 I wm_on_create_called: [90255150,com.android.gallery3d.app.GalleryActivity,performCreate]
11-22 08:30:13.968 23162 23162 I wm_on_start_called: [90255150,com.android.gallery3d.app.GalleryActivity,handleStartActivity]
11-22 08:30:13.972 23162 23162 I wm_on_resume_called: [90255150,com.android.gallery3d.app.GalleryActivity,RESUME_ACTIVITY]
11-22 08:30:13.978 23162 23162 I wm_on_top_resumed_gained_called: [90255150,com.android.gallery3d.app.GalleryActivity,topStateChangedWhenResumed]
11-22 08:30:13.994 1489 1636 I input_focus: [Focus request 9f32319 com.android.gallery3d/com.android.gallery3d.app.GalleryActivity,reason=UpdateInputWindows]
11-22 08:30:14.003 2375 2375 I sysui_multi_action: [757,111,758,2]
11-22 08:30:14.003 1489 1489 I notification_enqueue: [10082,2375,com.android.systemui,2048,NULL,0,Notification(channel=updateNotification shortcut=null contentView=null vibrate=null sound=null defaults=0x0 flags=0x0 color=0x00000000 vis=PRIVATE),1]
11-22 08:30:14.004 2375 2375 I sysui_multi_action: [757,111,758,2]
11-22 08:30:14.026 1489 1631 I sysui_multi_action: [319,62,321,59,322,116,325,20002,757,761,758,8,759,1,806,com.android.gallery3d,871,com.android.gallery3d.app.GalleryActivity,904,com.android.launcher3,905,0,1320,8,1321,5]
11-22 08:30:14.027 1489 2012 I input_focus: [Focus entering 9f32319 com.android.gallery3d/com.android.gallery3d.app.GalleryActivity (server),reason=setFocusedWindow]
11-22 08:30:14.027 1489 1631 I wm_activity_launch_time: [0,90255150,com.android.gallery3d/.app.GalleryActivity,116]
11-22 08:30:14.035 288 288 I auditd : type=1400 audit(0.0:6479): avc: denied { kill } for comm="kgsl_worker_thr" capability=5 scontext=u:r:kernel:s0 tcontext=u:r:kernel:s0 tclass=capability permissive=0
11-22 08:30:14.039 2375 2375 I sysui_multi_action: [757,111,758,1]
11-22 08:30:14.039 2375 2375 I sysui_multi_action: [757,126,758,1,759,126,927,0,928,1,1593,0]
11-22 08:30:14.039 2375 2375 I sysui_multi_action: [757,113,758,1,759,113,927,1,928,1,1593,0]
11-22 08:30:14.040 2375 2375 I sysui_multi_action: [757,0,758,1,759,0,927,2,928,0,1593,0]
11-22 08:30:14.040 2375 2375 I sysui_multi_action: [757,0,758,1,759,0,927,3,928,0,1593,0]
11-22 08:30:14.040 2375 2375 I sysui_multi_action: [757,491,758,1,759,491,927,4,928,0,1311,-1,1593,0]
11-22 08:30:14.041 2375 2375 I sysui_multi_action: [757,0,758,1,759,0,927,5,928,0,1593,0]
11-22 08:30:14.041 2375 2375 I sysui_multi_action: [757,114,758,1,759,114,927,6,928,0,1593,0]
11-22 08:30:14.041 2375 2375 I sysui_multi_action: [757,111,758,1]
11-22 08:30:14.041 2375 2375 I sysui_multi_action: [757,126,758,1,759,126,927,0,928,1,1593,0]
11-22 08:30:14.041 2375 2375 I sysui_multi_action: [757,113,758,1,759,113,927,1,928,1,1593,0]
11-22 08:30:14.042 2375 2375 I sysui_multi_action: [757,0,758,1,759,0,927,2,928,0,1593,0]
11-22 08:30:14.042 2375 2375 I sysui_multi_action: [757,0,758,1,759,0,927,3,928,0,1593,0]
11-22 08:30:14.343 1489 1634 I wm_stop_activity: [0,168390208,com.android.launcher3/.uioverrides.QuickstepLauncher]
11-22 08:30:14.420 2840 2840 I wm_on_stop_called: [168390208,com.android.launcher3.uioverrides.QuickstepLauncher,STOP_ACTIVITY_ITEM]
11-22 08:30:15.035 0 0 I auditd : type=1400 audit(0.0:6480): avc: denied { kill } for comm="swapper/2" capability=5 scontext=u:r:kernel:s0 tcontext=u:r:kernel:s0 tclass=capability permissive=0
11-22 08:30:15.900 1489 2012 I input_interaction: Interaction with: 9f32319 com.android.gallery3d/com.android.gallery3d.app.GalleryActivity (server), edge-swipe (server), swipe-up (server), PointerEventDispatcher0 (server),
11-22 08:30:16.035 0 0 I auditd : type=1400 audit(0.0:6481): avc: denied { kill } for comm="swapper/2" capability=5 scontext=u:r:kernel:s0 tcontext=u:r:kernel:s0 tclass=capability permissive=0
11-22 08:30:17.035 0 0 I auditd : type=1400 audit(0.0:6482): avc: denied { kill } for comm="swapper/2" capability=5 scontext=u:r:kernel:s0 tcontext=u:r:kernel:s0 tclass=capability permissive=0
11-22 08:30:18.035 0 0 I auditd : type=1400 audit(0.0:6483): avc: denied { kill } for comm="swapper/2" capability=5 scontext=u:r:kernel:s0 tcontext=u:r:kernel:s0 tclass=capability permissive=0
11-22 08:30:19.035 0 0 I auditd : type=1400 audit(0.0:6484): avc: denied { kill } for comm="swapper/2" capability=5 scontext=u:r:kernel:s0 tcontext=u:r:kernel:s0 tclass=capability permissive=0
11-22 08:30:19.670 1489 1947 I wm_task_created: [236,-1]
11-22 08:30:19.680 1489 1947 I wm_task_moved: [236,1,8]
11-22 08:30:19.680 1489 1947 I wm_task_to_front: [0,236]
11-22 08:30:19.682 1489 1947 I wm_create_task: [0,236]
11-22 08:30:19.682 1489 1947 I wm_create_activity: [0,55822011,236,com.android.bluetooth/.opp.BluetoothOppLauncherActivity,android.intent.action.SEND,video/*,NULL,403177473]
11-22 08:30:19.682 1489 1947 I wm_task_moved: [236,1,8]
11-22 08:30:19.685 1489 1947 I wm_pause_activity: [0,90255150,com.android.gallery3d/.app.GalleryActivity,userLeaving=true,pauseBackTasks]
11-22 08:30:19.693 23162 23162 I wm_on_top_resumed_lost_called: [90255150,com.android.gallery3d.app.GalleryActivity,topStateChangedWhenResumed]
11-22 08:30:19.723 23162 23162 I wm_on_paused_called: [90255150,com.android.gallery3d.app.GalleryActivity,performPause]
11-22 08:30:19.726 1489 6707 I wm_restart_activity: [0,55822011,236,com.android.bluetooth/.opp.BluetoothOppLauncherActivity]
11-22 08:30:19.729 1489 6707 I wm_set_resumed_activity: [0,com.android.bluetooth/.opp.BluetoothOppLauncherActivity,minimalResumeActivityLocked]
11-22 08:30:19.752 1489 1634 I sysui_multi_action: [757,803,799,window_time_0,802,6]
11-22 08:30:19.753 2358 2358 I wm_on_create_called: [55822011,com.android.bluetooth.opp.BluetoothOppLauncherActivity,performCreate]
11-22 08:30:19.757 2358 2358 I wm_on_start_called: [55822011,com.android.bluetooth.opp.BluetoothOppLauncherActivity,handleStartActivity]
11-22 08:30:19.757 2358 2358 I wm_on_resume_called: [55822011,com.android.bluetooth.opp.BluetoothOppLauncherActivity,RESUME_ACTIVITY]
11-22 08:30:19.767 2358 2358 I wm_on_top_resumed_gained_called: [55822011,com.android.bluetooth.opp.BluetoothOppLauncherActivity,topStateChangedWhenResumed]
11-22 08:30:19.771 1489 6707 I wm_task_moved: [236,1,8]
11-22 08:30:19.771 1489 6707 I wm_set_resumed_activity: [0,com.android.bluetooth/.opp.BluetoothOppLauncherActivity,positionChildAt]
11-22 08:30:19.771 1489 6707 I wm_create_activity: [0,219970409,236,com.android.settings/.bluetooth.DevicePickerActivity,android.bluetooth.devicepicker.action.LAUNCH,NULL,NULL,8388608]
11-22 08:30:19.775 1489 6707 I wm_pause_activity: [0,55822011,com.android.bluetooth/.opp.BluetoothOppLauncherActivity,userLeaving=true,resumeTopActivityInnerLocked]
11-22 08:30:19.782 1489 1636 I input_focus: [Focus request d208984 com.android.bluetooth/com.android.bluetooth.opp.BluetoothOppLauncherActivity,reason=UpdateInputWindows]
11-22 08:30:19.783 1489 6707 I wm_finish_activity: [0,55822011,236,com.android.bluetooth/.opp.BluetoothOppLauncherActivity,app-request]
11-22 08:30:19.786 2358 2358 I wm_on_top_resumed_lost_called: [55822011,com.android.bluetooth.opp.BluetoothOppLauncherActivity,topStateChangedWhenResumed]
11-22 08:30:19.787 2358 2358 I wm_on_paused_called: [55822011,com.android.bluetooth.opp.BluetoothOppLauncherActivity,performPause]
11-22 08:30:19.790 1489 2461 I wm_add_to_stopping: [0,55822011,com.android.bluetooth/.opp.BluetoothOppLauncherActivity,completeFinishing]
11-22 08:30:19.795 1489 2461 I wm_add_to_stopping: [0,90255150,com.android.gallery3d/.app.GalleryActivity,makeInvisible]
11-22 08:30:19.797 1489 2461 I wm_restart_activity: [0,219970409,236,com.android.settings/.bluetooth.DevicePickerActivity]
11-22 08:30:19.802 1489 2461 I wm_set_resumed_activity: [0,com.android.settings/.bluetooth.DevicePickerActivity,minimalResumeActivityLocked]
11-22 08:30:19.803 1489 2012 I input_focus: [Focus leaving 9f32319 com.android.gallery3d/com.android.gallery3d.app.GalleryActivity (server),reason=Waiting for window because NOT_VISIBLE]
11-22 08:30:19.810 1489 1634 I wm_destroy_activity: [0,55822011,236,com.android.bluetooth/.opp.BluetoothOppLauncherActivity,finish-imm:idle]
11-22 08:30:19.810 1489 1634 I sysui_multi_action: [757,803,799,window_time_0,802,0]
11-22 08:30:19.813 2358 2358 I wm_on_stop_called: [55822011,com.android.bluetooth.opp.BluetoothOppLauncherActivity,LIFECYCLER_STOP_ACTIVITY]
11-22 08:30:19.822 2358 2358 I wm_on_destroy_called: [55822011,com.android.bluetooth.opp.BluetoothOppLauncherActivity,performDestroy]
11-22 08:30:19.828 23257 23257 I wm_on_create_called: [219970409,com.android.settings.bluetooth.DevicePickerActivity,performCreate]
11-22 08:30:19.833 23257 23257 I wm_on_start_called: [219970409,com.android.settings.bluetooth.DevicePickerActivity,handleStartActivity]
11-22 08:30:19.833 23257 23257 I wm_on_resume_called: [219970409,com.android.settings.bluetooth.DevicePickerActivity,RESUME_ACTIVITY]
11-22 08:30:19.834 23257 23257 I sysui_multi_action: [757,25,758,1,833,0,1089,15]
11-22 08:30:19.834 23257 23257 I sysui_multi_action: [757,1729,758,4,854,isParalleledControllers:false,1089,15]
11-22 08:30:19.836 23257 23257 I wm_on_top_resumed_gained_called: [219970409,com.android.settings.bluetooth.DevicePickerActivity,topStateChangedWhenResumed]
11-22 08:30:19.856 1489 1636 I input_focus: [Focus request df82e23 com.android.settings/com.android.settings.bluetooth.DevicePickerActivity,reason=UpdateInputWindows]
11-22 08:30:19.872 1489 1636 I sysui_multi_action: [324,1,757,1090,758,12,806,com.android.settings,871,com.android.settings.bluetooth.DevicePickerActivity,1091,210]
11-22 08:30:19.881 1489 1631 I sysui_multi_action: [319,218,322,210,325,20008,757,761,758,8,759,2,806,com.android.settings,871,com.android.settings.bluetooth.DevicePickerActivity,904,com.android.bluetooth,905,0,1320,8,1321,5]
11-22 08:30:19.882 1489 1631 I wm_activity_launch_time: [0,219970409,com.android.settings/.bluetooth.DevicePickerActivity,210]
11-22 08:30:19.888 1489 2012 I input_focus: [Focus entering df82e23 com.android.settings/com.android.settings.bluetooth.DevicePickerActivity (server),reason=Window became focusable. Previous reason: NOT_VISIBLE]
11-22 08:30:20.035 0 0 I auditd : type=1400 audit(0.0:6485): avc: denied { kill } for comm="swapper/2" capability=5 scontext=u:r:kernel:s0 tcontext=u:r:kernel:s0 tclass=capability permissive=0
11-22 08:30:20.361 1489 1634 I wm_stop_activity: [0,90255150,com.android.gallery3d/.app.GalleryActivity]
11-22 08:30:20.388 23162 23162 I wm_on_stop_called: [90255150,com.android.gallery3d.app.GalleryActivity,STOP_ACTIVITY_ITEM]
11-22 08:30:22.035 0 0 I auditd : type=1400 audit(0.0:6486): avc: denied { kill } for comm="swapper/2" capability=5 scontext=u:r:kernel:s0 tcontext=u:r:kernel:s0 tclass=capability permissive=0
11-22 08:30:23.035 0 0 I auditd : type=1400 audit(0.0:6487): avc: denied { kill } for comm="swapper/2" capability=5 scontext=u:r:kernel:s0 tcontext=u:r:kernel:s0 tclass=capability permissive=0
11-22 08:30:24.035 0 0 I auditd : type=1400 audit(0.0:6488): avc: denied { kill } for comm="swapper/2" capability=5 scontext=u:r:kernel:s0 tcontext=u:r:kernel:s0 tclass=capability permissive=0
11-22 08:30:26.035 0 0 I auditd : type=1400 audit(0.0:6489): avc: denied { kill } for comm="swapper/2" capability=5 scontext=u:r:kernel:s0 tcontext=u:r:kernel:s0 tclass=capability permissive=0
11-22 08:30:28.035 0 0 I auditd : type=1400 audit(0.0:6490): avc: denied { kill } for comm="swapper/1" capability=5 scontext=u:r:kernel:s0 tcontext=u:r:kernel:s0 tclass=capability permissive=0
11-22 08:30:29.616 1489 2301 I netstats_mobile_sample: [0,0,0,0,0,0,0,0,0,0,0,0,1669077029616]
11-22 08:30:29.617 1489 2301 I netstats_wifi_sample: [32672251,29048,5230392,12605,32672251,29048,5230392,12605,38701148,33424,2917032,8410,1669077029616]
11-22 08:30:31.035 0 0 I auditd : type=1400 audit(0.0:6491): avc: denied { kill } for comm="swapper/1" capability=5 scontext=u:r:kernel:s0 tcontext=u:r:kernel:s0 tclass=capability permissive=0
11-22 08:30:33.035 0 0 I auditd : type=1400 audit(0.0:6492): avc: denied { kill } for comm="swapper/1" capability=5 scontext=u:r:kernel:s0 tcontext=u:r:kernel:s0 tclass=capability permissive=0
11-22 08:30:34.035 0 0 I auditd : type=1400 audit(0.0:6493): avc: denied { kill } for comm="swapper/1" capability=5 scontext=u:r:kernel:s0 tcontext=u:r:kernel:s0 tclass=capability permissive=0
11-22 08:30:35.035 0 0 I auditd : type=1400 audit(0.0:6494): avc: denied { kill } for comm="swapper/1" capability=5 scontext=u:r:kernel:s0 tcontext=u:r:kernel:s0 tclass=capability permissive=0
11-22 08:30:35.899 1489 1650 I am_uid_idle: 10083
11-22 08:30:37.035 0 0 I auditd : type=1400 audit(0.0:6495): avc: denied { kill } for comm="swapper/1" capability=5 scontext=u:r:kernel:s0 tcontext=u:r:kernel:s0 tclass=capability permissive=0
11-22 08:30:39.035 0 0 I auditd : type=1400 audit(0.0:6496): avc: denied { kill } for comm="swapper/1" capability=5 scontext=u:r:kernel:s0 tcontext=u:r:kernel:s0 tclass=capability permissive=0
11-22 08:30:42.035 0 0 I auditd : type=1400 audit(0.0:6497): avc: denied { kill } for comm="swapper/1" capability=5 scontext=u:r:kernel:s0 tcontext=u:r:kernel:s0 tclass=capability permissive=0
11-22 08:30:43.035 0 0 I auditd : type=1400 audit(0.0:6498): avc: denied { kill } for comm="swapper/1" capability=5 scontext=u:r:kernel:s0 tcontext=u:r:kernel:s0 tclass=capability permissive=0
11-22 08:30:44.035 19553 19553 I auditd : type=1400 audit(0.0:6499): avc: denied { kill } for comm="kworker/u16:9" capability=5 scontext=u:r:kernel:s0 tcontext=u:r:kernel:s0 tclass=capability permissive=0
11-22 08:30:45.035 0 0 I auditd : type=1400 audit(0.0:6500): avc: denied { kill } for comm="swapper/1" capability=5 scontext=u:r:kernel:s0 tcontext=u:r:kernel:s0 tclass=capability permissive=0
11-22 08:30:46.035 758 758 I auditd : type=1400 audit(0.0:6501): avc: denied { kill } for comm="crtc_commit:125" capability=5 scontext=u:r:kernel:s0 tcontext=u:r:kernel:s0 tclass=capability permissive=0
11-22 08:30:47.035 0 0 I auditd : type=1400 audit(0.0:6502): avc: denied { kill } for comm="swapper/1" capability=5 scontext=u:r:kernel:s0 tcontext=u:r:kernel:s0 tclass=capability permissive=0
11-22 08:30:48.035 0 0 I auditd : type=1400 audit(0.0:6503): avc: denied { kill } for comm="swapper/1" capability=5 scontext=u:r:kernel:s0 tcontext=u:r:kernel:s0 tclass=capability permissive=0
11-22 08:30:49.035 0 0 I auditd : type=1400 audit(0.0:6504): avc: denied { kill } for comm="swapper/1" capability=5 scontext=u:r:kernel:s0 tcontext=u:r:kernel:s0 tclass=capability permissive=0
11-22 08:30:52.035 0 0 I auditd : type=1400 audit(0.0:6505): avc: denied { kill } for comm="swapper/1" capability=5 scontext=u:r:kernel:s0 tcontext=u:r:kernel:s0 tclass=capability permissive=0
11-22 08:30:53.035 0 0 I auditd : type=1400 audit(0.0:6506): avc: denied { kill } for comm="swapper/1" capability=5 scontext=u:r:kernel:s0 tcontext=u:r:kernel:s0 tclass=capability permissive=0
11-22 08:30:54.035 0 0 I auditd : type=1400 audit(0.0:6507): avc: denied { kill } for comm="swapper/1" capability=5 scontext=u:r:kernel:s0 tcontext=u:r:kernel:s0 tclass=capability permissive=0
11-22 08:30:57.035 0 0 I auditd : type=1400 audit(0.0:6508): avc: denied { kill } for comm="swapper/1" capability=5 scontext=u:r:kernel:s0 tcontext=u:r:kernel:s0 tclass=capability permissive=0
11-22 08:30:58.035 0 0 I auditd : type=1400 audit(0.0:6509): avc: denied { kill } for comm="swapper/1" capability=5 scontext=u:r:kernel:s0 tcontext=u:r:kernel:s0 tclass=capability permissive=0
11-22 08:30:59.035 0 0 I auditd : type=1400 audit(0.0:6510): avc: denied { kill } for comm="swapper/1" capability=5 scontext=u:r:kernel:s0 tcontext=u:r:kernel:s0 tclass=capability permissive=0
11-22 08:31:03.035 0 0 I auditd : type=1400 audit(0.0:6511): avc: denied { kill } for comm="swapper/1" capability=5 scontext=u:r:kernel:s0 tcontext=u:r:kernel:s0 tclass=capability permissive=0
11-22 08:31:05.035 0 0 I auditd : type=1400 audit(0.0:6512): avc: denied { kill } for comm="swapper/1" capability=5 scontext=u:r:kernel:s0 tcontext=u:r:kernel:s0 tclass=capability permissive=0
11-22 08:31:07.035 0 0 I auditd : type=1400 audit(0.0:6513): avc: denied { kill } for comm="swapper/1" capability=5 scontext=u:r:kernel:s0 tcontext=u:r:kernel:s0 tclass=capability permissive=0
11-22 08:31:10.035 0 0 I auditd : type=1400 audit(0.0:6514): avc: denied { kill } for comm="swapper/1" capability=5 scontext=u:r:kernel:s0 tcontext=u:r:kernel:s0 tclass=capability permissive=0
11-22 08:31:11.035 0 0 I auditd : type=1400 audit(0.0:6515): avc: denied { kill } for comm="swapper/1" capability=5 scontext=u:r:kernel:s0 tcontext=u:r:kernel:s0 tclass=capability permissive=0
11-22 08:31:12.035 0 0 I auditd : type=1400 audit(0.0:6516): avc: denied { kill } for comm="swapper/1" capability=5 scontext=u:r:kernel:s0 tcontext=u:r:kernel:s0 tclass=capability permissive=0
11-22 08:31:16.035 352 352 I auditd : type=1400 audit(0.0:6517): avc: denied { kill } for comm="irq/382-atmel_m" capability=5 scontext=u:r:kernel:s0 tcontext=u:r:kernel:s0 tclass=capability permissive=0
11-22 08:31:17.035 0 0 I auditd : type=1400 audit(0.0:6518): avc: denied { kill } for comm="swapper/0" capability=5 scontext=u:r:kernel:s0 tcontext=u:r:kernel:s0 tclass=capability permissive=0
11-22 08:31:18.035 288 288 I auditd : type=1400 audit(0.0:6519): avc: denied { kill } for comm="kgsl_worker_thr" capability=5 scontext=u:r:kernel:s0 tcontext=u:r:kernel:s0 tclass=capability permissive=0
11-22 08:31:19.035 0 0 I auditd : type=1400 audit(0.0:6520): avc: denied { kill } for comm="swapper/0" capability=5 scontext=u:r:kernel:s0 tcontext=u:r:kernel:s0 tclass=capability permissive=0
11-22 08:31:20.035 0 0 I auditd : type=1400 audit(0.0:6521): avc: denied { kill } for comm="swapper/3" capability=5 scontext=u:r:kernel:s0 tcontext=u:r:kernel:s0 tclass=capability permissive=0
11-22 08:31:20.370 1489 1650 I am_uid_idle: 10069
11-22 08:31:21.035 0 0 I auditd : type=1400 audit(0.0:6522): avc: denied { kill } for comm="swapper/3" capability=5 scontext=u:r:kernel:s0 tcontext=u:r:kernel:s0 tclass=capability permissive=0
11-22 08:31:24.035 0 0 I auditd : type=1400 audit(0.0:6523): avc: denied { kill } for comm="swapper/2" capability=5 scontext=u:r:kernel:s0 tcontext=u:r:kernel:s0 tclass=capability permissive=0
11-22 08:31:26.035 0 0 I auditd : type=1400 audit(0.0:6524): avc: denied { kill } for comm="swapper/2" capability=5 scontext=u:r:kernel:s0 tcontext=u:r:kernel:s0 tclass=capability permissive=0
11-22 08:31:26.431 1489 1650 I am_uid_idle: 10063
11-22 08:31:27.035 0 0 I auditd : type=1400 audit(0.0:6525): avc: denied { kill } for comm="swapper/2" capability=5 scontext=u:r:kernel:s0 tcontext=u:r:kernel:s0 tclass=capability permissive=0
11-22 08:31:29.857 1489 2012 I input_interaction: Interaction with: df82e23 com.android.settings/com.android.settings.bluetooth.DevicePickerActivity (server), edge-swipe (server), swipe-up (server), PointerEventDispatcher0 (server),
11-22 08:31:29.884 1489 7614 I wm_task_moved: [1,0,0]
11-22 08:31:29.884 1489 7614 I wm_task_moved: [1,0,7]
11-22 08:31:29.907 2840 2840 I wm_on_restart_called: [168390208,com.android.launcher3.uioverrides.QuickstepLauncher,performRestartActivity]
11-22 08:31:29.921 1489 1489 I am_uid_active: 10063
11-22 08:31:29.933 2840 2840 I wm_on_start_called: [168390208,com.android.launcher3.uioverrides.QuickstepLauncher,handleStartActivity]
11-22 08:31:29.960 1489 1631 I sysui_multi_action: [319,13,322,64,325,20078,757,761,758,9,759,5,806,com.android.launcher3,871,com.android.launcher3.uioverrides.QuickstepLauncher,905,0,1320,8,1321,5]
11-22 08:31:30.035 0 0 I auditd : type=1400 audit(0.0:6526): avc: denied { kill } for comm="swapper/2" capability=5 scontext=u:r:kernel:s0 tcontext=u:r:kernel:s0 tclass=capability permissive=0
11-22 08:31:30.136 1489 1751 I commit_sys_config_file: [settings-1-0,4]
11-22 08:31:30.172 2840 2840 I sysui_latency: [1,88]
11-22 08:31:30.176 23257 23257 I view_enqueue_input_event: [Motion - Cancel,com.android.settings/com.android.settings.bluetooth.DevicePickerActivity]
11-22 08:31:30.187 1489 1636 I input_focus: [Focus request recents_animation_input_consumer,reason=UpdateInputWindows]
11-22 08:31:30.189 1489 2012 I input_interaction: Interaction with: edge-swipe (server), swipe-up (server), PointerEventDispatcher0 (server),
11-22 08:31:30.225 1489 2012 I input_focus: [Focus leaving df82e23 com.android.settings/com.android.settings.bluetooth.DevicePickerActivity (server),reason=NOT_FOCUSABLE]
11-22 08:31:30.226 1489 2012 I input_focus: [Focus entering recents_animation_input_consumer (server),reason=setFocusedWindow]
11-22 08:31:30.251 1489 1648 I sysui_latency: [8,83]
11-22 08:31:31.157 1489 1751 I commit_sys_config_file: [settings-1-0,5]
11-22 08:31:32.019 1489 2012 I input_interaction: Interaction with: 3cc67bf com.android.launcher3/com.android.launcher3.uioverrides.QuickstepLauncher (server), edge-swipe (server), swipe-up (server), PointerEventDispatcher0 (server),
11-22 08:31:32.035 0 0 I auditd : type=1400 audit(0.0:6527): avc: denied { kill } for comm="swapper/2" capability=5 scontext=u:r:kernel:s0 tcontext=u:r:kernel:s0 tclass=capability permissive=0
11-22 08:31:33.760 1489 6560 I wm_task_moved: [1,1,8]
11-22 08:31:33.765 1489 6560 I wm_focused_root_task: [0,0,1,236,startActivityFromRecents]
11-22 08:31:33.765 1489 6560 I wm_task_moved: [233,1,8]
11-22 08:31:33.765 1489 6560 I wm_task_to_front: [0,233]
11-22 08:31:33.765 1489 6560 I wm_focused_root_task: [0,0,233,1,moveTaskToFront findTaskToMoveToFront]
11-22 08:31:33.766 1489 6560 I wm_set_resumed_activity: [0,com.android.gallery3d/.app.GalleryActivity,moveTaskToFront findTaskToMoveToFront]
11-22 08:31:33.768 1489 6560 I wm_pause_activity: [0,219970409,com.android.settings/.bluetooth.DevicePickerActivity,userLeaving=true,pauseBackTasks]
11-22 08:31:33.771 23257 23257 I wm_on_top_resumed_lost_called: [219970409,com.android.settings.bluetooth.DevicePickerActivity,topStateChangedWhenResumed]
11-22 08:31:33.781 23257 23257 I sysui_multi_action: [757,25,758,2,1089,73945]
11-22 08:31:33.782 23257 23257 I wm_on_paused_called: [219970409,com.android.settings.bluetooth.DevicePickerActivity,performPause]
11-22 08:31:33.790 1489 6560 I wm_set_resumed_activity: [0,com.android.gallery3d/.app.GalleryActivity,resumeTopActivityInnerLocked]
11-22 08:31:33.790 1489 6560 I wm_add_to_stopping: [0,219970409,com.android.settings/.bluetooth.DevicePickerActivity,makeInvisible]
11-22 08:31:33.792 1489 6560 I wm_resume_activity: [0,90255150,233,com.android.gallery3d/.app.GalleryActivity]
11-22 08:31:33.797 1489 1634 I am_uid_active: 10069
11-22 08:31:33.818 23162 23162 I wm_on_restart_called: [90255150,com.android.gallery3d.app.GalleryActivity,performRestartActivity]
11-22 08:31:33.819 23162 23162 I wm_on_start_called: [90255150,com.android.gallery3d.app.GalleryActivity,handleStartActivity]
11-22 08:31:33.820 1489 1634 I sysui_multi_action: [757,803,799,window_time_0,802,74]
11-22 08:31:33.823 23162 23162 I wm_on_resume_called: [90255150,com.android.gallery3d.app.GalleryActivity,RESUME_ACTIVITY]
11-22 08:31:33.823 23162 23162 I wm_on_top_resumed_gained_called: [90255150,com.android.gallery3d.app.GalleryActivity,topWhenResuming]
11-22 08:31:33.842 1489 1648 I am_pss : [23283,10083,com.qualcomm.qti.qccauthmgr,6420480,4259840,0,93736960,0,19,6]
11-22 08:31:33.871 1489 1631 I sysui_multi_action: [319,46,321,42,322,101,325,20082,757,761,758,9,759,4,806,com.android.gallery3d,871,com.android.gallery3d.app.GalleryActivity,904,com.android.launcher3,905,0,1320,8,1321,5]
11-22 08:31:34.035 0 0 I auditd : type=1400 audit(0.0:6528): avc: denied { kill } for comm="swapper/2" capability=5 scontext=u:r:kernel:s0 tcontext=u:r:kernel:s0 tclass=capability permissive=0
11-22 08:31:34.144 1489 1489 I notification_enqueue: [10082,2375,com.android.systemui,2048,NULL,0,Notification(channel=updateNotification shortcut=null contentView=null vibrate=null sound=null defaults=0x0 flags=0x0 color=0x00000000 vis=PRIVATE),1]
11-22 08:31:34.148 2375 2375 I sysui_multi_action: [757,111,758,2]
11-22 08:31:34.149 2375 2375 I sysui_multi_action: [757,111,758,2]
11-22 08:31:34.169 2375 2375 I sysui_multi_action: [757,111,758,1]
11-22 08:31:34.170 2375 2375 I sysui_multi_action: [757,126,758,1,759,126,927,0,928,1,1593,0]
11-22 08:31:34.170 2375 2375 I sysui_multi_action: [757,113,758,1,759,113,927,1,928,1,1593,0]
11-22 08:31:34.170 2375 2375 I sysui_multi_action: [757,0,758,1,759,0,927,2,928,0,1593,0]
11-22 08:31:34.170 2375 2375 I sysui_multi_action: [757,0,758,1,759,0,927,3,928,0,1593,0]
11-22 08:31:34.171 2375 2375 I sysui_multi_action: [757,491,758,1,759,491,927,4,928,0,1311,-1,1593,0]
11-22 08:31:34.171 2375 2375 I sysui_multi_action: [757,0,758,1,759,0,927,5,928,0,1593,0]
11-22 08:31:34.171 2375 2375 I sysui_multi_action: [757,114,758,1,759,114,927,6,928,0,1593,0]
11-22 08:31:34.171 2375 2375 I sysui_multi_action: [757,111,758,1]
11-22 08:31:34.172 2375 2375 I sysui_multi_action: [757,126,758,1,759,126,927,0,928,1,1593,0]
11-22 08:31:34.172 2375 2375 I sysui_multi_action: [757,113,758,1,759,113,927,1,928,1,1593,0]
11-22 08:31:34.172 2375 2375 I sysui_multi_action: [757,0,758,1,759,0,927,2,928,0,1593,0]
11-22 08:31:34.172 2375 2375 I sysui_multi_action: [757,0,758,1,759,0,927,3,928,0,1593,0]
11-22 08:31:34.177 1489 6560 I wm_task_moved: [1,0,7]
11-22 08:31:34.178 1489 6560 I wm_add_to_stopping: [0,168390208,com.android.launcher3/.uioverrides.QuickstepLauncher,makeInvisible]
11-22 08:31:34.184 1489 1634 I wm_stop_activity: [0,168390208,com.android.launcher3/.uioverrides.QuickstepLauncher]
11-22 08:31:34.184 1489 1634 I wm_stop_activity: [0,219970409,com.android.settings/.bluetooth.DevicePickerActivity]
11-22 08:31:34.186 1489 1636 I input_focus: [Focus request 9f32319 com.android.gallery3d/com.android.gallery3d.app.GalleryActivity,reason=UpdateInputWindows]
11-22 08:31:34.201 1489 2012 I input_focus: [Focus leaving recents_animation_input_consumer (server),reason=NOT_VISIBLE]
11-22 08:31:34.201 1489 2012 I input_focus: [Focus entering 9f32319 com.android.gallery3d/com.android.gallery3d.app.GalleryActivity (server),reason=setFocusedWindow]
11-22 08:31:34.227 23257 23257 I wm_on_stop_called: [219970409,com.android.settings.bluetooth.DevicePickerActivity,STOP_ACTIVITY_ITEM]
11-22 08:31:34.256 2840 2840 I wm_on_stop_called: [168390208,com.android.launcher3.uioverrides.QuickstepLauncher,STOP_ACTIVITY_ITEM]
11-22 08:31:35.035 0 0 I auditd : type=1400 audit(0.0:6529): avc: denied { kill } for comm="swapper/2" capability=5 scontext=u:r:kernel:s0 tcontext=u:r:kernel:s0 tclass=capability permissive=0
11-22 08:31:35.299 1489 2012 I input_interaction: Interaction with: 9f32319 com.android.gallery3d/com.android.gallery3d.app.GalleryActivity (server), edge-swipe (server), swipe-up (server), PointerEventDispatcher0 (server),
11-22 08:31:35.434 1489 7614 I wm_task_created: [237,-1]
11-22 08:31:35.440 1489 7614 I wm_task_moved: [237,1,9]
11-22 08:31:35.440 1489 7614 I wm_task_to_front: [0,237]
11-22 08:31:35.442 1489 7614 I wm_create_task: [0,237]
11-22 08:31:35.442 1489 7614 I wm_create_activity: [0,33090308,237,com.android.bluetooth/.opp.BluetoothOppLauncherActivity,android.intent.action.SEND,video/*,NULL,403177473]
11-22 08:31:35.442 1489 7614 I wm_task_moved: [237,1,9]
11-22 08:31:35.444 1489 7614 I wm_pause_activity: [0,90255150,com.android.gallery3d/.app.GalleryActivity,userLeaving=true,pauseBackTasks]
11-22 08:31:35.450 23162 23162 I wm_on_top_resumed_lost_called: [90255150,com.android.gallery3d.app.GalleryActivity,topStateChangedWhenResumed]
11-22 08:31:35.472 23162 23162 I wm_on_paused_called: [90255150,com.android.gallery3d.app.GalleryActivity,performPause]
11-22 08:31:35.475 1489 6560 I wm_restart_activity: [0,33090308,237,com.android.bluetooth/.opp.BluetoothOppLauncherActivity]
11-22 08:31:35.477 1489 6560 I wm_set_resumed_activity: [0,com.android.bluetooth/.opp.BluetoothOppLauncherActivity,minimalResumeActivityLocked]
11-22 08:31:35.482 1489 1634 I sysui_multi_action: [757,803,799,window_time_0,802,2]
11-22 08:31:35.489 2358 2358 I wm_on_create_called: [33090308,com.android.bluetooth.opp.BluetoothOppLauncherActivity,performCreate]
11-22 08:31:35.492 2358 2358 I wm_on_start_called: [33090308,com.android.bluetooth.opp.BluetoothOppLauncherActivity,handleStartActivity]
11-22 08:31:35.492 2358 2358 I wm_on_resume_called: [33090308,com.android.bluetooth.opp.BluetoothOppLauncherActivity,RESUME_ACTIVITY]
11-22 08:31:35.496 2358 2358 I wm_on_top_resumed_gained_called: [33090308,com.android.bluetooth.opp.BluetoothOppLauncherActivity,topStateChangedWhenResumed]
11-22 08:31:35.510 1489 1636 I input_focus: [Focus request e9bb370 com.android.bluetooth/com.android.bluetooth.opp.BluetoothOppLauncherActivity,reason=UpdateInputWindows]
11-22 08:31:35.514 1489 6560 I wm_task_moved: [237,1,9]
11-22 08:31:35.515 1489 6560 I wm_set_resumed_activity: [0,com.android.bluetooth/.opp.BluetoothOppLauncherActivity,positionChildAt]
11-22 08:31:35.515 1489 6560 I wm_create_activity: [0,152384555,237,com.android.settings/.bluetooth.DevicePickerActivity,android.bluetooth.devicepicker.action.LAUNCH,NULL,NULL,8388608]
11-22 08:31:35.517 1489 6560 I wm_pause_activity: [0,33090308,com.android.bluetooth/.opp.BluetoothOppLauncherActivity,userLeaving=true,resumeTopActivityInnerLocked]
11-22 08:31:35.521 1489 6560 I wm_finish_activity: [0,33090308,237,com.android.bluetooth/.opp.BluetoothOppLauncherActivity,app-request]
11-22 08:31:35.526 2358 2358 I wm_on_top_resumed_lost_called: [33090308,com.android.bluetooth.opp.BluetoothOppLauncherActivity,topStateChangedWhenResumed]
11-22 08:31:35.526 2358 2358 I wm_on_paused_called: [33090308,com.android.bluetooth.opp.BluetoothOppLauncherActivity,performPause]
11-22 08:31:35.526 1489 1597 I wm_add_to_stopping: [0,33090308,com.android.bluetooth/.opp.BluetoothOppLauncherActivity,completeFinishing]
11-22 08:31:35.527 1489 1597 I wm_add_to_stopping: [0,90255150,com.android.gallery3d/.app.GalleryActivity,makeInvisible]
11-22 08:31:35.528 1489 1597 I wm_restart_activity: [0,152384555,237,com.android.settings/.bluetooth.DevicePickerActivity]
11-22 08:31:35.529 1489 1597 I wm_set_resumed_activity: [0,com.android.settings/.bluetooth.DevicePickerActivity,minimalResumeActivityLocked]
11-22 08:31:35.533 1489 1634 I wm_destroy_activity: [0,33090308,237,com.android.bluetooth/.opp.BluetoothOppLauncherActivity,finish-imm:idle]
11-22 08:31:35.535 2358 2358 I wm_on_stop_called: [33090308,com.android.bluetooth.opp.BluetoothOppLauncherActivity,LIFECYCLER_STOP_ACTIVITY]
11-22 08:31:35.536 1489 2012 I input_focus: [Focus leaving 9f32319 com.android.gallery3d/com.android.gallery3d.app.GalleryActivity (server),reason=Waiting for window because NOT_VISIBLE]
11-22 08:31:35.539 2358 2358 I wm_on_destroy_called: [33090308,com.android.bluetooth.opp.BluetoothOppLauncherActivity,performDestroy]
11-22 08:31:35.540 1489 1634 I sysui_multi_action: [757,803,799,window_time_0,802,0]
11-22 08:31:35.550 23257 23257 I wm_on_create_called: [152384555,com.android.settings.bluetooth.DevicePickerActivity,performCreate]
11-22 08:31:35.557 23257 23257 I wm_on_start_called: [152384555,com.android.settings.bluetooth.DevicePickerActivity,handleStartActivity]
11-22 08:31:35.558 23257 23257 I wm_on_resume_called: [152384555,com.android.settings.bluetooth.DevicePickerActivity,RESUME_ACTIVITY]
11-22 08:31:35.558 23257 23257 I sysui_multi_action: [757,25,758,1,833,0,1089,15]
11-22 08:31:35.558 23257 23257 I sysui_multi_action: [757,1729,758,4,854,isParalleledControllers:false,1089,15]
11-22 08:31:35.560 23257 23257 I wm_on_top_resumed_gained_called: [152384555,com.android.settings.bluetooth.DevicePickerActivity,topStateChangedWhenResumed]
11-22 08:31:35.572 1489 1636 I input_focus: [Focus request 67d3515 com.android.settings/com.android.settings.bluetooth.DevicePickerActivity,reason=UpdateInputWindows]
11-22 08:31:35.585 1489 1636 I sysui_multi_action: [324,1,757,1090,758,12,806,com.android.settings,871,com.android.settings.bluetooth.DevicePickerActivity,1091,158]
11-22 08:31:35.589 1489 1631 I sysui_multi_action: [319,165,322,158,325,20083,757,761,758,8,759,2,806,com.android.settings,871,com.android.settings.bluetooth.DevicePickerActivity,904,com.android.bluetooth,905,0,1320,8,1321,5]
11-22 08:31:35.589 1489 1631 I wm_activity_launch_time: [0,152384555,com.android.settings/.bluetooth.DevicePickerActivity,158]
11-22 08:31:35.603 1489 2012 I input_focus: [Focus entering 67d3515 com.android.settings/com.android.settings.bluetooth.DevicePickerActivity (server),reason=Window became focusable. Previous reason: NOT_VISIBLE]
11-22 08:31:36.071 1489 1634 I wm_stop_activity: [0,90255150,com.android.gallery3d/.app.GalleryActivity]
11-22 08:31:36.097 23162 23162 I wm_on_stop_called: [90255150,com.android.gallery3d.app.GalleryActivity,STOP_ACTIVITY_ITEM]
11-22 08:31:36.973 1489 2012 I input_interaction: Interaction with: 67d3515 com.android.settings/com.android.settings.bluetooth.DevicePickerActivity (server), edge-swipe (server), swipe-up (server), PointerEventDispatcher0 (server),
11-22 08:31:36.994 1489 1597 I wm_task_moved: [1,0,0]
11-22 08:31:36.995 1489 1597 I wm_task_moved: [1,0,8]
11-22 08:31:37.010 2840 2840 I wm_on_restart_called: [168390208,com.android.launcher3.uioverrides.QuickstepLauncher,performRestartActivity]
11-22 08:31:37.029 2840 2840 I wm_on_start_called: [168390208,com.android.launcher3.uioverrides.QuickstepLauncher,handleStartActivity]
11-22 08:31:37.043 2840 2840 I sysui_latency: [1,68]
11-22 08:31:37.045 1489 2012 I input_interaction: Interaction with: edge-swipe (server), swipe-up (server), PointerEventDispatcher0 (server),
11-22 08:31:37.046 23257 23257 I view_enqueue_input_event: [Motion - Cancel,com.android.settings/com.android.settings.bluetooth.DevicePickerActivity]
11-22 08:31:37.049 1489 1636 I input_focus: [Focus request recents_animation_input_consumer,reason=UpdateInputWindows]
11-22 08:31:37.051 1489 1631 I sysui_multi_action: [319,15,322,52,325,20085,757,761,758,9,759,5,806,com.android.launcher3,871,com.android.launcher3.uioverrides.QuickstepLauncher,905,0,1320,8,1321,5]
11-22 08:31:37.072 1489 2012 I input_focus: [Focus leaving 67d3515 com.android.settings/com.android.settings.bluetooth.DevicePickerActivity (server),reason=NOT_FOCUSABLE]
11-22 08:31:37.072 1489 2012 I input_focus: [Focus entering recents_animation_input_consumer (server),reason=setFocusedWindow]
11-22 08:31:37.232 1489 1751 I commit_sys_config_file: [settings-1-0,3]
11-22 08:31:37.348 1489 1648 I sysui_latency: [8,69]
11-22 08:31:37.937 1489 1751 I commit_sys_config_file: [settings-1-0,3]
