11-22 08:21:17.046 1489 6043 I wm_relaunch_resume_activity: [0,235620809,227,com.android.gallery3d/.filtershow.FilterShowActivity]
11-22 08:21:17.047 1489 6043 I wm_add_to_stopping: [0,55818356,com.android.gallery3d/.app.GalleryActivity,makeInvisible]
11-22 08:21:17.048 1489 6043 I wm_add_to_stopping: [0,168390208,com.android.launcher3/.uioverrides.QuickstepLauncher,makeInvisible]
11-22 08:21:17.053 1489 1634 I wm_relaunch_activity: [0,55818356,227,com.android.gallery3d/.app.GalleryActivity]
11-22 08:21:17.076 22219 22219 I wm_on_top_resumed_lost_called: [235620809,com.android.gallery3d.filtershow.FilterShowActivity,pausing]
11-22 08:21:17.077 22219 22219 I wm_on_paused_called: [235620809,com.android.gallery3d.filtershow.FilterShowActivity,performPause]
11-22 08:21:17.078 22219 22219 I wm_on_stop_called: [235620809,com.android.gallery3d.filtershow.FilterShowActivity,handleRelaunchActivity]
11-22 08:21:17.083 22219 22219 I wm_on_destroy_called: [235620809,com.android.gallery3d.filtershow.FilterShowActivity,performDestroy]
11-22 08:21:17.097 22219 22219 I wm_on_create_called: [235620809,com.android.gallery3d.filtershow.FilterShowActivity,performCreate]
11-22 08:21:17.102 22219 22219 I wm_on_start_called: [235620809,com.android.gallery3d.filtershow.FilterShowActivity,handleStartActivity]
11-22 08:21:17.112 22219 22219 I wm_on_resume_called: [235620809,com.android.gallery3d.filtershow.FilterShowActivity,RESUME_ACTIVITY]
11-22 08:21:17.113 22219 22219 I wm_on_top_resumed_gained_called: [235620809,com.android.gallery3d.filtershow.FilterShowActivity,topWhenResuming]
11-22 08:21:17.127 22219 22219 I wm_on_stop_called: [55818356,com.android.gallery3d.app.GalleryActivity,handleRelaunchActivity]
11-22 08:21:17.128 22219 22219 I wm_on_destroy_called: [55818356,com.android.gallery3d.app.GalleryActivity,performDestroy]
11-22 08:21:17.145 22219 22219 I wm_on_create_called: [55818356,com.android.gallery3d.app.GalleryActivity,performCreate]
11-22 08:21:17.146 22219 22219 I wm_on_start_called: [55818356,com.android.gallery3d.app.GalleryActivity,handleStartActivity]
11-22 08:21:17.150 22219 22219 I wm_on_resume_called: [55818356,com.android.gallery3d.app.GalleryActivity,LIFECYCLER_RESUME_ACTIVITY]
11-22 08:21:17.150 22219 22219 I wm_on_paused_called: [55818356,com.android.gallery3d.app.GalleryActivity,performPause]
11-22 08:21:17.403 1489 1634 I wm_stop_activity: [0,168390208,com.android.launcher3/.uioverrides.QuickstepLauncher]
11-22 08:21:17.429 2840 2840 I wm_on_paused_called: [168390208,com.android.launcher3.uioverrides.QuickstepLauncher,performPause]
11-22 08:21:17.435 2840 2840 I wm_on_stop_called: [168390208,com.android.launcher3.uioverrides.QuickstepLauncher,STOP_ACTIVITY_ITEM]
11-22 08:21:18.035 0 0 I auditd : type=1400 audit(0.0:5948): avc: denied { kill } for comm="swapper/3" capability=5 scontext=u:r:kernel:s0 tcontext=u:r:kernel:s0 tclass=capability permissive=0
11-22 08:21:18.132 1489 2012 I input_interaction: Interaction with: Letterbox_left_ActivityRecord{e0b49c9 u0 com.android.gallery3d/.filtershow.FilterShowActivity t227} (server), edge-swipe (server), swipe-up (server), PointerEventDispatcher0 (server),
11-22 08:21:18.571 1489 6560 I wm_task_moved: [1,0,0]
11-22 08:21:18.572 1489 6560 I wm_task_moved: [1,0,5]
11-22 08:21:18.585 1489 2012 I input_interaction: Interaction with: edge-swipe (server), swipe-up (server), PointerEventDispatcher0 (server),
11-22 08:21:18.595 1489 1636 I input_focus: [Focus request recents_animation_input_consumer,reason=UpdateInputWindows]
11-22 08:21:18.598 2840 2840 I wm_on_restart_called: [168390208,com.android.launcher3.uioverrides.QuickstepLauncher,performRestartActivity]
11-22 08:21:18.604 1489 2012 I input_focus: [Focus leaving 48a33a6 com.android.gallery3d/com.android.gallery3d.filtershow.FilterShowActivity (server),reason=NOT_FOCUSABLE]
11-22 08:21:18.604 1489 2012 I input_focus: [Focus entering recents_animation_input_consumer (server),reason=setFocusedWindow]
11-22 08:21:18.618 2840 2840 I wm_on_start_called: [168390208,com.android.launcher3.uioverrides.QuickstepLauncher,handleStartActivity]
11-22 08:21:18.626 2840 2840 I sysui_latency: [1,67]
11-22 08:21:18.635 1489 1631 I sysui_multi_action: [319,9,322,59,325,19467,757,761,758,9,759,5,806,com.android.launcher3,871,com.android.launcher3.uioverrides.QuickstepLauncher,905,0,1320,8,1321,5]
11-22 08:21:18.823 1489 1751 I commit_sys_config_file: [settings-1-0,6]
11-22 08:21:18.932 1489 1648 I sysui_latency: [8,68]
11-22 08:21:19.495 1489 1751 I commit_sys_config_file: [settings-1-0,6]
11-22 08:21:19.938 1489 2012 I input_interaction: Interaction with: 3cc67bf com.android.launcher3/com.android.launcher3.uioverrides.QuickstepLauncher (server), edge-swipe (server), swipe-up (server), PointerEventDispatcher0 (server),
11-22 08:21:20.385 1489 6560 I wm_task_moved: [1,0,5]
11-22 08:21:20.390 1489 6560 I wm_add_to_stopping: [0,168390208,com.android.launcher3/.uioverrides.QuickstepLauncher,makeInvisible]
11-22 08:21:20.399 1489 1636 I input_focus: [Focus request 48a33a6 com.android.gallery3d/com.android.gallery3d.filtershow.FilterShowActivity,reason=UpdateInputWindows]
11-22 08:21:20.401 1489 1634 I wm_stop_activity: [0,168390208,com.android.launcher3/.uioverrides.QuickstepLauncher]
11-22 08:21:20.426 1489 2012 I input_focus: [Focus leaving recents_animation_input_consumer (server),reason=NOT_VISIBLE]
11-22 08:21:20.426 1489 2012 I input_focus: [Focus entering 48a33a6 com.android.gallery3d/com.android.gallery3d.filtershow.FilterShowActivity (server),reason=setFocusedWindow]
11-22 08:21:20.452 2840 2840 I wm_on_stop_called: [168390208,com.android.launcher3.uioverrides.QuickstepLauncher,STOP_ACTIVITY_ITEM]
11-22 08:21:21.035 0 0 I auditd : type=1400 audit(0.0:5949): avc: denied { kill } for comm="swapper/3" capability=5 scontext=u:r:kernel:s0 tcontext=u:r:kernel:s0 tclass=capability permissive=0
11-22 08:21:22.035 0 0 I auditd : type=1400 audit(0.0:5950): avc: denied { kill } for comm="swapper/3" capability=5 scontext=u:r:kernel:s0 tcontext=u:r:kernel:s0 tclass=capability permissive=0
11-22 08:21:22.838 1489 2012 I input_interaction: Interaction with: Letterbox_left_ActivityRecord{e0b49c9 u0 com.android.gallery3d/.filtershow.FilterShowActivity t227} (server), edge-swipe (server), swipe-up (server), PointerEventDispatcher0 (server),
11-22 08:21:23.035 0 0 I auditd : type=1400 audit(0.0:5951): avc: denied { kill } for comm="swapper/3" capability=5 scontext=u:r:kernel:s0 tcontext=u:r:kernel:s0 tclass=capability permissive=0
11-22 08:21:23.562 1489 2012 I input_interaction: Interaction with: 48a33a6 com.android.gallery3d/com.android.gallery3d.filtershow.FilterShowActivity (server), edge-swipe (server), swipe-up (server), PointerEventDispatcher0 (server),
11-22 08:21:24.035 0 0 I auditd : type=1400 audit(0.0:5952): avc: denied { kill } for comm="swapper/3" capability=5 scontext=u:r:kernel:s0 tcontext=u:r:kernel:s0 tclass=capability permissive=0
11-22 08:21:24.600 1489 2012 I input_interaction: Interaction with: Letterbox_left_ActivityRecord{e0b49c9 u0 com.android.gallery3d/.filtershow.FilterShowActivity t227} (server), edge-swipe (server), swipe-up (server), PointerEventDispatcher0 (server),
11-22 08:21:25.035 18606 18606 I auditd : type=1400 audit(0.0:5953): avc: denied { kill } for comm="kworker/u17:5" capability=5 scontext=u:r:kernel:s0 tcontext=u:r:kernel:s0 tclass=capability permissive=0
11-22 08:21:25.176 1489 2012 I input_interaction: Interaction with: 48a33a6 com.android.gallery3d/com.android.gallery3d.filtershow.FilterShowActivity (server), edge-swipe (server), swipe-up (server), PointerEventDispatcher0 (server),
11-22 08:21:25.852 1489 2012 I input_interaction: Interaction with: Letterbox_right_ActivityRecord{e0b49c9 u0 com.android.gallery3d/.filtershow.FilterShowActivity t227} (server), edge-swipe (server), swipe-up (server), PointerEventDispatcher0 (server),
11-22 08:21:25.907 1489 2012 I input_interaction: Interaction with: Letterbox_right_ActivityRecord{e0b49c9 u0 com.android.gallery3d/.filtershow.FilterShowActivity t227} (server), 48a33a6 com.android.gallery3d/com.android.gallery3d.filtershow.FilterShowActivity (server), edge-swipe (server), swipe-up (server), PointerEventDispatcher0 (server),
11-22 08:21:25.914 1489 2012 I input_interaction: Interaction with: 48a33a6 com.android.gallery3d/com.android.gallery3d.filtershow.FilterShowActivity (server), edge-swipe (server), swipe-up (server), PointerEventDispatcher0 (server),
11-22 08:21:26.568 1489 2012 I input_interaction: Interaction with: Letterbox_right_ActivityRecord{e0b49c9 u0 com.android.gallery3d/.filtershow.FilterShowActivity t227} (server), edge-swipe (server), swipe-up (server), PointerEventDispatcher0 (server),
11-22 08:21:26.657 1489 2012 I input_interaction: Interaction with: edge-swipe (server), swipe-up (server), PointerEventDispatcher0 (server),
11-22 08:21:26.832 1489 6560 I sysui_multi_action: [757,803,799,key_back_press,802,1]
11-22 08:21:26.836 1489 2012 I input_interaction: Interaction with: 48a33a6 com.android.gallery3d/com.android.gallery3d.filtershow.FilterShowActivity (server), PointerEventDispatcher0 (server),
11-22 08:21:26.840 1489 6560 I wm_finish_activity: [0,235620809,227,com.android.gallery3d/.filtershow.FilterShowActivity,app-request]
11-22 08:21:26.854 1489 6560 I wm_pause_activity: [0,235620809,com.android.gallery3d/.filtershow.FilterShowActivity,userLeaving=false,finish]
11-22 08:21:26.857 22219 22219 I wm_on_top_resumed_lost_called: [235620809,com.android.gallery3d.filtershow.FilterShowActivity,topStateChangedWhenResumed]
11-22 08:21:26.859 22219 22219 I wm_on_paused_called: [235620809,com.android.gallery3d.filtershow.FilterShowActivity,performPause]
11-22 08:21:26.860 1489 6560 I wm_add_to_stopping: [0,235620809,com.android.gallery3d/.filtershow.FilterShowActivity,completeFinishing]
11-22 08:21:26.863 1489 6560 I wm_set_resumed_activity: [0,com.android.gallery3d/.app.GalleryActivity,resumeTopActivityInnerLocked]
11-22 08:21:26.865 1489 6560 I wm_resume_activity: [0,55818356,227,com.android.gallery3d/.app.GalleryActivity]
11-22 08:21:26.869 1489 1634 I sysui_multi_action: [757,803,799,window_time_2,802,15]
11-22 08:21:26.869 22219 22219 I wm_on_activity_result_called: [55818356,com.android.gallery3d.app.GalleryActivity,ACTIVITY_RESULT]
11-22 08:21:26.876 1489 2012 I input_focus: [Focus leaving 48a33a6 com.android.gallery3d/com.android.gallery3d.filtershow.FilterShowActivity (server),reason=NO_WINDOW]
11-22 08:21:26.878 22219 22219 I wm_on_resume_called: [55818356,com.android.gallery3d.app.GalleryActivity,RESUME_ACTIVITY]
11-22 08:21:26.878 22219 22219 I wm_on_top_resumed_gained_called: [55818356,com.android.gallery3d.app.GalleryActivity,topWhenResuming]
11-22 08:21:26.902 1489 1636 I input_focus: [Focus request 21993f com.android.gallery3d/com.android.gallery3d.app.GalleryActivity,reason=UpdateInputWindows]
11-22 08:21:26.910 1489 1489 I notification_enqueue: [10082,2375,com.android.systemui,2048,NULL,0,Notification(channel=updateNotification shortcut=null contentView=null vibrate=null sound=null defaults=0x0 flags=0x0 color=0x00000000 vis=PRIVATE),1]
11-22 08:21:26.911 2375 2375 I sysui_multi_action: [757,111,758,2]
11-22 08:21:26.913 2375 2375 I sysui_multi_action: [757,111,758,2]
11-22 08:21:26.930 2375 2375 I sysui_multi_action: [757,111,758,1]
11-22 08:21:26.930 2375 2375 I sysui_multi_action: [757,126,758,1,759,126,927,0,928,1,1593,0]
11-22 08:21:26.931 2375 2375 I sysui_multi_action: [757,113,758,1,759,113,927,1,928,1,1593,0]
11-22 08:21:26.931 2375 2375 I sysui_multi_action: [757,0,758,1,759,0,927,2,928,0,1593,0]
11-22 08:21:26.931 2375 2375 I sysui_multi_action: [757,0,758,1,759,0,927,3,928,0,1593,0]
11-22 08:21:26.932 2375 2375 I sysui_multi_action: [757,491,758,1,759,491,927,4,928,0,1311,-1,1593,0]
11-22 08:21:26.933 2375 2375 I sysui_multi_action: [757,0,758,1,759,0,927,5,928,0,1593,0]
11-22 08:21:26.933 2375 2375 I sysui_multi_action: [757,114,758,1,759,114,927,6,928,0,1593,0]
11-22 08:21:26.934 2375 2375 I sysui_multi_action: [757,111,758,1]
11-22 08:21:26.934 2375 2375 I sysui_multi_action: [757,126,758,1,759,126,927,0,928,1,1593,0]
11-22 08:21:26.935 2375 2375 I sysui_multi_action: [757,113,758,1,759,113,927,1,928,1,1593,0]
11-22 08:21:26.935 2375 2375 I sysui_multi_action: [757,0,758,1,759,0,927,2,928,0,1593,0]
11-22 08:21:26.935 2375 2375 I sysui_multi_action: [757,0,758,1,759,0,927,3,928,0,1593,0]
11-22 08:21:26.942 1489 2012 I input_focus: [Focus entering 21993f com.android.gallery3d/com.android.gallery3d.app.GalleryActivity (server),reason=Window became focusable. Previous reason: NOT_VISIBLE]
11-22 08:21:27.068 1489 2012 I input_interaction: Interaction with: 21993f com.android.gallery3d/com.android.gallery3d.app.GalleryActivity (server), edge-swipe (server), swipe-up (server), PointerEventDispatcher0 (server),
11-22 08:21:27.131 1489 2012 I input_interaction: Interaction with: edge-swipe (server), swipe-up (server), PointerEventDispatcher0 (server),
11-22 08:21:27.136 22219 22219 I view_enqueue_input_event: [Motion - Cancel,com.android.gallery3d/com.android.gallery3d.app.GalleryActivity]
11-22 08:21:27.168 1489 5105 I sysui_multi_action: [757,803,799,key_back_press,802,1]
11-22 08:21:27.170 1489 2012 I input_interaction: Interaction with: 21993f com.android.gallery3d/com.android.gallery3d.app.GalleryActivity (server), PointerEventDispatcher0 (server),
11-22 08:21:27.199 1489 2012 I input_interaction: Interaction with: Letterbox_right_ActivityRecord{e0b49c9 u0 com.android.gallery3d/.filtershow.FilterShowActivity t227} (server), edge-swipe (server), swipe-up (server), PointerEventDispatcher0 (server),
11-22 08:21:27.326 1489 1634 I wm_destroy_activity: [0,235620809,227,com.android.gallery3d/.filtershow.FilterShowActivity,finish-imm:idle]
11-22 08:21:27.345 22219 22219 I wm_on_stop_called: [235620809,com.android.gallery3d.filtershow.FilterShowActivity,LIFECYCLER_STOP_ACTIVITY]
11-22 08:21:27.347 22219 22219 I wm_on_destroy_called: [235620809,com.android.gallery3d.filtershow.FilterShowActivity,performDestroy]
11-22 08:21:29.035 0 0 I auditd : type=1400 audit(0.0:5954): avc: denied { kill } for comm="swapper/3" capability=5 scontext=u:r:kernel:s0 tcontext=u:r:kernel:s0 tclass=capability permissive=0
11-22 08:21:29.041 1489 2012 I input_interaction: Interaction with: 21993f com.android.gallery3d/com.android.gallery3d.app.GalleryActivity (server), edge-swipe (server), swipe-up (server), PointerEventDispatcher0 (server),
11-22 08:21:30.035 0 0 I auditd : type=1400 audit(0.0:5955): avc: denied { kill } for comm="swapper/3" capability=5 scontext=u:r:kernel:s0 tcontext=u:r:kernel:s0 tclass=capability permissive=0
11-22 08:21:30.319 1489 6560 I wm_task_moved: [1,0,0]
11-22 08:21:30.319 1489 6560 I wm_task_moved: [1,0,5]
11-22 08:21:30.333 2840 2840 I wm_on_restart_called: [168390208,com.android.launcher3.uioverrides.QuickstepLauncher,performRestartActivity]
11-22 08:21:30.364 2840 2840 I wm_on_start_called: [168390208,com.android.launcher3.uioverrides.QuickstepLauncher,handleStartActivity]
11-22 08:21:30.365 22219 22219 I view_enqueue_input_event: [Motion - Cancel,com.android.gallery3d/com.android.gallery3d.app.GalleryActivity]
11-22 08:21:30.366 1489 1636 I input_focus: [Focus request recents_animation_input_consumer,reason=UpdateInputWindows]
11-22 08:21:30.369 1489 2012 I input_interaction: Interaction with: edge-swipe (server), swipe-up (server), PointerEventDispatcher0 (server),
11-22 08:21:30.372 2840 2840 I sysui_latency: [1,66]
11-22 08:21:30.382 1489 1631 I sysui_multi_action: [319,7,322,57,325,19478,757,761,758,9,759,5,806,com.android.launcher3,871,com.android.launcher3.uioverrides.QuickstepLauncher,905,0,1320,8,1321,5]
11-22 08:21:30.383 1489 2012 I input_focus: [Focus leaving 21993f com.android.gallery3d/com.android.gallery3d.app.GalleryActivity (server),reason=NOT_FOCUSABLE]
11-22 08:21:30.383 1489 2012 I input_focus: [Focus entering recents_animation_input_consumer (server),reason=setFocusedWindow]
11-22 08:21:30.572 1489 1751 I commit_sys_config_file: [settings-1-0,8]
11-22 08:21:30.677 1489 1648 I sysui_latency: [8,65]
11-22 08:21:30.787 1489 1489 I service_manager_stats: [100,89,57662]
11-22 08:21:30.840 1489 1489 I notification_enqueue: [10082,2375,com.android.systemui,2048,NULL,0,Notification(channel=updateNotification shortcut=null contentView=null vibrate=null sound=null defaults=0x0 flags=0x0 color=0x00000000 vis=PRIVATE),1]
11-22 08:21:30.842 2375 2375 I sysui_multi_action: [757,111,758,2]
11-22 08:21:30.842 2375 2375 I sysui_multi_action: [757,111,758,2]
11-22 08:21:30.855 2375 2375 I sysui_multi_action: [757,111,758,1]
11-22 08:21:30.856 2375 2375 I sysui_multi_action: [757,126,758,1,759,126,927,0,928,1,1593,0]
11-22 08:21:30.856 2375 2375 I sysui_multi_action: [757,113,758,1,759,113,927,1,928,1,1593,0]
11-22 08:21:30.856 2375 2375 I sysui_multi_action: [757,0,758,1,759,0,927,2,928,0,1593,0]
11-22 08:21:30.857 2375 2375 I sysui_multi_action: [757,0,758,1,759,0,927,3,928,0,1593,0]
11-22 08:21:30.857 2375 2375 I sysui_multi_action: [757,491,758,1,759,491,927,4,928,0,1311,-1,1593,0]
11-22 08:21:30.857 2375 2375 I sysui_multi_action: [757,0,758,1,759,0,927,5,928,0,1593,0]
11-22 08:21:30.857 2375 2375 I sysui_multi_action: [757,114,758,1,759,114,927,6,928,0,1593,0]
11-22 08:21:30.858 2375 2375 I sysui_multi_action: [757,111,758,1]
11-22 08:21:30.858 2375 2375 I sysui_multi_action: [757,126,758,1,759,126,927,0,928,1,1593,0]
11-22 08:21:30.858 2375 2375 I sysui_multi_action: [757,113,758,1,759,113,927,1,928,1,1593,0]
11-22 08:21:30.858 2375 2375 I sysui_multi_action: [757,0,758,1,759,0,927,2,928,0,1593,0]
11-22 08:21:30.858 2375 2375 I sysui_multi_action: [757,0,758,1,759,0,927,3,928,0,1593,0]
11-22 08:21:31.024 1489 5105 I wm_task_moved: [1,0,5]
11-22 08:21:31.025 1489 5105 I wm_add_to_stopping: [0,168390208,com.android.launcher3/.uioverrides.QuickstepLauncher,makeInvisible]
11-22 08:21:31.029 1489 1636 I input_focus: [Focus request 21993f com.android.gallery3d/com.android.gallery3d.app.GalleryActivity,reason=UpdateInputWindows]
11-22 08:21:31.031 1489 1634 I wm_stop_activity: [0,168390208,com.android.launcher3/.uioverrides.QuickstepLauncher]
11-22 08:21:31.053 1489 2012 I input_focus: [Focus leaving recents_animation_input_consumer (server),reason=NOT_VISIBLE]
11-22 08:21:31.053 1489 2012 I input_focus: [Focus entering 21993f com.android.gallery3d/com.android.gallery3d.app.GalleryActivity (server),reason=setFocusedWindow]
11-22 08:21:31.077 2840 2840 I wm_on_stop_called: [168390208,com.android.launcher3.uioverrides.QuickstepLauncher,STOP_ACTIVITY_ITEM]
11-22 08:21:31.270 1489 1751 I commit_sys_config_file: [settings-1-0,4]
11-22 08:21:31.958 1489 2012 I input_interaction: Interaction with: 21993f com.android.gallery3d/com.android.gallery3d.app.GalleryActivity (server), edge-swipe (server), swipe-up (server), PointerEventDispatcher0 (server),
11-22 08:21:32.035 0 0 I auditd : type=1400 audit(0.0:5956): avc: denied { kill } for comm="swapper/3" capability=5 scontext=u:r:kernel:s0 tcontext=u:r:kernel:s0 tclass=capability permissive=0
11-22 08:21:32.066 1489 1636 I input_focus: [Focus request d1e309 PopupWindow:5e19053,reason=UpdateInputWindows]
11-22 08:21:32.089 1489 2012 I input_focus: [Focus leaving 21993f com.android.gallery3d/com.android.gallery3d.app.GalleryActivity (server),reason=setFocusedWindow]
11-22 08:21:32.090 1489 2012 I input_focus: [Focus entering d1e309 PopupWindow:5e19053 (server),reason=setFocusedWindow]
11-22 08:21:33.035 0 0 I auditd : type=1400 audit(0.0:5957): avc: denied { kill } for comm="swapper/3" capability=5 scontext=u:r:kernel:s0 tcontext=u:r:kernel:s0 tclass=capability permissive=0
11-22 08:21:33.454 1489 2012 I input_interaction: Interaction with: d1e309 PopupWindow:5e19053 (server), edge-swipe (server), swipe-up (server), PointerEventDispatcher0 (server),
11-22 08:21:33.608 22219 22219 I menu_item_selected: [0,编辑]
11-22 08:21:33.629 1489 2808 I wm_task_moved: [227,1,6]
11-22 08:21:33.629 1489 2808 I wm_set_resumed_activity: [0,com.android.gallery3d/.app.GalleryActivity,positionChildAt]
11-22 08:21:33.630 1489 2808 I wm_create_activity: [0,255191421,227,android/com.android.internal.app.ChooserActivity,android.intent.action.CHOOSER,NULL,NULL,8388609]
11-22 08:21:33.632 1489 2808 I wm_pause_activity: [0,55818356,com.android.gallery3d/.app.GalleryActivity,userLeaving=true,resumeTopActivityInnerLocked]
11-22 08:21:33.657 22219 22219 I wm_on_top_resumed_lost_called: [55818356,com.android.gallery3d.app.GalleryActivity,topStateChangedWhenResumed]
11-22 08:21:33.660 1489 1636 I input_focus: [Focus request 21993f com.android.gallery3d/com.android.gallery3d.app.GalleryActivity,reason=UpdateInputWindows]
11-22 08:21:33.689 1489 2012 I input_focus: [Focus entering 21993f com.android.gallery3d/com.android.gallery3d.app.GalleryActivity (server),reason=setFocusedWindow]
11-22 08:21:33.712 22219 22219 I wm_on_paused_called: [55818356,com.android.gallery3d.app.GalleryActivity,performPause]
11-22 08:21:33.715 1489 5105 I wm_restart_activity: [0,255191421,227,android/com.android.internal.app.ChooserActivity]
11-22 08:21:33.717 1489 5105 I wm_set_resumed_activity: [0,android/com.android.internal.app.ChooserActivity,minimalResumeActivityLocked]
11-22 08:21:33.725 1489 1634 I sysui_multi_action: [757,803,799,window_time_0,802,7]
11-22 08:21:33.742 1489 5105 I wm_task_moved: [227,1,6]
11-22 08:21:33.742 1489 5105 I wm_set_resumed_activity: [0,android/com.android.internal.app.ChooserActivity,positionChildAt]
11-22 08:21:33.742 1489 5105 I wm_create_activity: [0,74498136,227,com.android.gallery3d/.filtershow.FilterShowActivity,action_nextgen_edit,image/jpeg,content://media/external/images/media/22,50331649]
11-22 08:21:33.743 1489 5105 I wm_pause_activity: [0,255191421,android/com.android.internal.app.ChooserActivity,userLeaving=true,resumeTopActivityInnerLocked]
11-22 08:21:33.745 1489 1950 I wm_finish_activity: [0,255191421,227,android/com.android.internal.app.ChooserActivity,app-request]
11-22 08:21:33.745 22361 22361 I sysui_multi_action: [757,214,758,4,759,1,1649,image/jpeg,1653,22]
11-22 08:21:33.745 22361 22361 I wm_on_create_called: [255191421,com.android.internal.app.ChooserActivity,performCreate]
11-22 08:21:33.749 1489 5105 I wm_add_to_stopping: [0,255191421,android/com.android.internal.app.ChooserActivity,completeFinishing]
11-22 08:21:33.750 1489 5105 I wm_add_to_stopping: [0,55818356,com.android.gallery3d/.app.GalleryActivity,makeInvisible]
11-22 08:21:33.751 1489 5105 I wm_restart_activity: [0,74498136,227,com.android.gallery3d/.filtershow.FilterShowActivity]
11-22 08:21:33.751 1489 5105 I wm_set_resumed_activity: [0,com.android.gallery3d/.filtershow.FilterShowActivity,minimalResumeActivityLocked]
11-22 08:21:33.753 1489 1634 I wm_destroy_activity: [0,255191421,227,android/com.android.internal.app.ChooserActivity,finish-imm:idle]
11-22 08:21:33.753 1489 1634 I sysui_multi_action: [757,803,799,window_time_0,802,0]
11-22 08:21:33.756 22361 22361 I wm_on_destroy_called: [255191421,com.android.internal.app.ChooserActivity,performDestroy]
11-22 08:21:33.769 22219 22219 I wm_on_create_called: [74498136,com.android.gallery3d.filtershow.FilterShowActivity,performCreate]
11-22 08:21:33.770 22219 22219 I wm_on_start_called: [74498136,com.android.gallery3d.filtershow.FilterShowActivity,handleStartActivity]
11-22 08:21:33.770 22219 22219 I wm_on_resume_called: [74498136,com.android.gallery3d.filtershow.FilterShowActivity,RESUME_ACTIVITY]
11-22 08:21:33.774 22219 22219 I wm_on_top_resumed_gained_called: [74498136,com.android.gallery3d.filtershow.FilterShowActivity,topStateChangedWhenResumed]
11-22 08:21:33.774 1489 2012 I input_focus: [Focus leaving 21993f com.android.gallery3d/com.android.gallery3d.app.GalleryActivity (server),reason=NO_WINDOW]
11-22 08:21:33.781 1489 1636 I input_focus: [Focus request 24999e9 com.android.gallery3d/com.android.gallery3d.filtershow.FilterShowActivity,reason=UpdateInputWindows]
11-22 08:21:33.796 1489 1631 I sysui_multi_action: [319,178,322,178,325,19482,757,761,758,8,759,2,806,com.android.gallery3d,871,com.android.gallery3d.filtershow.FilterShowActivity,904,com.android.gallery3d,905,0,1320,8,1321,5]
11-22 08:21:33.797 1489 1631 I wm_activity_launch_time: [0,74498136,com.android.gallery3d/.filtershow.FilterShowActivity,178]
11-22 08:21:33.809 1489 2012 I input_focus: [Focus entering 24999e9 com.android.gallery3d/com.android.gallery3d.filtershow.FilterShowActivity (server),reason=setFocusedWindow]
11-22 08:21:34.312 1489 1634 I wm_stop_activity: [0,55818356,com.android.gallery3d/.app.GalleryActivity]
11-22 08:21:34.330 22219 22219 I wm_on_stop_called: [55818356,com.android.gallery3d.app.GalleryActivity,STOP_ACTIVITY_ITEM]
11-22 08:21:35.035 0 0 I auditd : type=1400 audit(0.0:5958): avc: denied { kill } for comm="swapper/3" capability=5 scontext=u:r:kernel:s0 tcontext=u:r:kernel:s0 tclass=capability permissive=0
11-22 08:21:35.896 1489 2012 I input_interaction: Interaction with: 24999e9 com.android.gallery3d/com.android.gallery3d.filtershow.FilterShowActivity (server), edge-swipe (server), swipe-up (server), PointerEventDispatcher0 (server),
11-22 08:21:36.035 0 0 I auditd : type=1400 audit(0.0:5959): avc: denied { kill } for comm="swapper/3" capability=5 scontext=u:r:kernel:s0 tcontext=u:r:kernel:s0 tclass=capability permissive=0
11-22 08:21:36.603 1489 5105 I wm_task_moved: [1,0,0]
11-22 08:21:36.604 1489 5105 I wm_task_moved: [1,0,5]
11-22 08:21:36.632 2840 2840 I wm_on_restart_called: [168390208,com.android.launcher3.uioverrides.QuickstepLauncher,performRestartActivity]
11-22 08:21:36.649 2840 2840 I wm_on_start_called: [168390208,com.android.launcher3.uioverrides.QuickstepLauncher,handleStartActivity]
11-22 08:21:36.650 22219 22219 I view_enqueue_input_event: [Motion - Cancel,com.android.gallery3d/com.android.gallery3d.filtershow.FilterShowActivity]
11-22 08:21:36.652 1489 2012 I input_interaction: Interaction with: edge-swipe (server), swipe-up (server), PointerEventDispatcher0 (server),
11-22 08:21:36.652 1489 1636 I input_focus: [Focus request recents_animation_input_consumer,reason=UpdateInputWindows]
11-22 08:21:36.660 2840 2840 I sysui_latency: [1,71]
11-22 08:21:36.666 1489 2012 I input_focus: [Focus leaving 24999e9 com.android.gallery3d/com.android.gallery3d.filtershow.FilterShowActivity (server),reason=NOT_FOCUSABLE]
11-22 08:21:36.666 1489 2012 I input_focus: [Focus entering recents_animation_input_consumer (server),reason=setFocusedWindow]
11-22 08:21:36.675 1489 1631 I sysui_multi_action: [319,12,322,64,325,19485,757,761,758,9,759,5,806,com.android.launcher3,871,com.android.launcher3.uioverrides.QuickstepLauncher,905,0,1320,8,1321,5]
11-22 08:21:36.851 1489 1751 I commit_sys_config_file: [settings-1-0,4]
11-22 08:21:36.968 1489 1648 I sysui_latency: [8,73]
11-22 08:21:37.035 0 0 I auditd : type=1400 audit(0.0:5960): avc: denied { kill } for comm="swapper/3" capability=5 scontext=u:r:kernel:s0 tcontext=u:r:kernel:s0 tclass=capability permissive=0
11-22 08:21:37.623 1489 1751 I commit_sys_config_file: [settings-1-0,4]
11-22 08:21:38.035 0 0 I auditd : type=1400 audit(0.0:5961): avc: denied { kill } for comm="swapper/3" capability=5 scontext=u:r:kernel:s0 tcontext=u:r:kernel:s0 tclass=capability permissive=0
11-22 08:21:38.378 1489 2012 I input_interaction: Interaction with: 3cc67bf com.android.launcher3/com.android.launcher3.uioverrides.QuickstepLauncher (server), edge-swipe (server), swipe-up (server), PointerEventDispatcher0 (server),
11-22 08:21:39.054 1489 6560 I wm_task_moved: [1,1,6]
11-22 08:21:39.056 22219 22219 I wm_on_top_resumed_lost_called: [74498136,com.android.gallery3d.filtershow.FilterShowActivity,topStateChangedWhenResumed]
11-22 08:21:39.056 1489 6560 I wm_focused_root_task: [0,0,1,227,RecentsAnimation.onAnimationFinished()]
11-22 08:21:39.058 1489 6560 I wm_pause_activity: [0,74498136,com.android.gallery3d/.filtershow.FilterShowActivity,userLeaving=false,pauseBackTasks]
11-22 08:21:39.061 1489 6560 I wm_set_resumed_activity: [0,com.android.launcher3/.uioverrides.QuickstepLauncher,resumeTopActivityInnerLocked]
11-22 08:21:39.066 1489 6560 I wm_resume_activity: [0,168390208,10,com.android.launcher3/.uioverrides.QuickstepLauncher]
11-22 08:21:39.067 1489 6560 I wm_add_to_stopping: [0,74498136,com.android.gallery3d/.filtershow.FilterShowActivity,makeInvisible]
11-22 08:21:39.068 2840 2840 I wm_on_resume_called: [168390208,com.android.launcher3.uioverrides.QuickstepLauncher,RESUME_ACTIVITY]
11-22 08:21:39.075 1489 1636 I input_focus: [Focus request 3cc67bf com.android.launcher3/com.android.launcher3.uioverrides.QuickstepLauncher,reason=UpdateInputWindows]
11-22 08:21:39.077 22219 22219 I wm_on_paused_called: [74498136,com.android.gallery3d.filtershow.FilterShowActivity,performPause]
11-22 08:21:39.087 1489 1634 I sysui_multi_action: [757,803,799,window_time_0,802,5]
11-22 08:21:39.087 1489 2012 I input_focus: [Focus leaving recents_animation_input_consumer (server),reason=NOT_VISIBLE]
11-22 08:21:39.089 2840 2840 I wm_on_top_resumed_gained_called: [168390208,com.android.launcher3.uioverrides.QuickstepLauncher,topStateChangedWhenResumed]
11-22 08:21:39.095 1489 1634 I wm_stop_activity: [0,74498136,com.android.gallery3d/.filtershow.FilterShowActivity]
11-22 08:21:39.095 1489 1634 I sysui_multi_action: [757,803,799,window_time_0,802,0]
11-22 08:21:39.096 22219 22219 I wm_on_stop_called: [74498136,com.android.gallery3d.filtershow.FilterShowActivity,STOP_ACTIVITY_ITEM]
11-22 08:21:39.103 1489 2012 I input_focus: [Focus entering 3cc67bf com.android.launcher3/com.android.launcher3.uioverrides.QuickstepLauncher (server),reason=setFocusedWindow]
11-22 08:21:39.177 1489 2808 I wm_finish_activity: [0,74498136,227,com.android.gallery3d/.filtershow.FilterShowActivity,remove-task]
11-22 08:21:39.178 1489 2808 I wm_destroy_activity: [0,74498136,227,com.android.gallery3d/.filtershow.FilterShowActivity,finish-imm:finishIfPossible]
11-22 08:21:39.179 1489 2808 I wm_finish_activity: [0,55818356,227,com.android.gallery3d/.app.GalleryActivity,remove-task]
11-22 08:21:39.180 1489 2808 I wm_destroy_activity: [0,55818356,227,com.android.gallery3d/.app.GalleryActivity,finish-imm:finishIfPossible]
11-22 08:21:39.185 1489 1634 I am_kill : [0,22219,com.android.gallery3d,0,remove task]
11-22 08:21:39.186 1489 1634 I sysui_multi_action: [757,803,799,window_time_0,802,0]
11-22 08:21:39.271 1489 5105 I am_proc_died: [0,22219,com.android.gallery3d,0,10]
11-22 08:21:39.277 1489 5105 I am_uid_stopped: 10069
11-22 08:21:39.279 1489 5105 I wm_task_removed: [227,removeChild:removeChild last r=ActivityRecord{470c058 u0 com.android.gallery3d/.filtershow.FilterShowActivity t-1 f}} in t=Task{4f8d061 #227 type=standard A=10069:com.android.gallery3d U=0 visible=false mode=fullscreen translucent=true sz=0}]
11-22 08:21:39.280 1489 5105 I wm_task_removed: [227,removeChild]
11-22 08:21:39.285 1489 1634 I am_uid_running: 10069
11-22 08:21:39.292 1489 1651 I am_proc_start: [0,22477,10069,com.android.gallery3d,NULL,]
11-22 08:21:39.315 1489 5105 I am_proc_bound: [0,22477,com.android.gallery3d]
11-22 08:21:39.490 1489 2012 I input_interaction: Interaction with: 3cc67bf com.android.launcher3/com.android.launcher3.uioverrides.QuickstepLauncher (server), 6449bab com.android.systemui.ImageWallpaper (server), edge-swipe (server), swipe-up (server), PointerEventDispatcher0 (server),
11-22 08:21:40.035 0 0 I auditd : type=1400 audit(0.0:5962): avc: denied { kill } for comm="swapper/1" capability=5 scontext=u:r:kernel:s0 tcontext=u:r:kernel:s0 tclass=capability permissive=0
11-22 08:21:40.095 1489 1634 I am_kill : [0,22065,com.android.music,900,remove task]
11-22 08:21:40.099 1489 1634 I sysui_multi_action: [757,803,799,window_time_0,802,1]
11-22 08:21:40.130 1489 2851 I am_proc_died: [0,22065,com.android.music,900,18]
11-22 08:21:40.131 1489 2851 I am_uid_stopped: 10090
11-22 08:21:40.138 1489 1634 I am_uid_running: 10090
11-22 08:21:40.149 1489 1651 I am_proc_start: [0,22493,10090,com.android.music,NULL,]
11-22 08:21:40.184 1489 2851 I am_proc_bound: [0,22493,com.android.music]
11-22 08:21:41.035 0 0 I auditd : type=1400 audit(0.0:5963): avc: denied { kill } for comm="swapper/1" capability=5 scontext=u:r:kernel:s0 tcontext=u:r:kernel:s0 tclass=capability permissive=0
11-22 08:21:42.578 1489 2824 I wm_task_created: [228,-1]
11-22 08:21:42.581 1489 2824 I wm_task_moved: [228,1,6]
11-22 08:21:42.581 1489 2824 I wm_task_to_front: [0,228]
11-22 08:21:42.582 1489 2824 I wm_create_task: [0,228]
11-22 08:21:42.582 1489 2824 I wm_create_activity: [0,241565366,228,com.android.gallery3d/.app.GalleryActivity,NULL,NULL,NULL,268468224]
11-22 08:21:42.582 1489 2824 I wm_task_moved: [228,1,6]
11-22 08:21:42.585 1489 2824 I wm_restart_activity: [0,241565366,228,com.android.gallery3d/.app.GalleryActivity]
11-22 08:21:42.587 1489 2824 I wm_set_resumed_activity: [0,com.android.gallery3d/.app.GalleryActivity,minimalResumeActivityLocked]
11-22 08:21:42.592 1489 1634 I am_uid_active: 10069
11-22 08:21:42.596 2840 2840 I wm_on_top_resumed_lost_called: [168390208,com.android.launcher3.uioverrides.QuickstepLauncher,topStateChangedWhenResumed]
11-22 08:21:42.657 22477 22477 I wm_on_create_called: [241565366,com.android.gallery3d.app.GalleryActivity,performCreate]
11-22 08:21:42.659 22477 22477 I wm_on_start_called: [241565366,com.android.gallery3d.app.GalleryActivity,handleStartActivity]
11-22 08:21:42.662 22477 22477 I wm_on_resume_called: [241565366,com.android.gallery3d.app.GalleryActivity,RESUME_ACTIVITY]
11-22 08:21:42.669 22477 22477 I wm_on_top_resumed_gained_called: [241565366,com.android.gallery3d.app.GalleryActivity,topStateChangedWhenResumed]
11-22 08:21:42.684 1489 1636 I input_focus: [Focus request 8e58554 com.android.gallery3d/com.android.gallery3d.app.GalleryActivity,reason=UpdateInputWindows]
11-22 08:21:42.712 1489 2012 I input_focus: [Focus leaving 3cc67bf com.android.launcher3/com.android.launcher3.uioverrides.QuickstepLauncher (server),reason=Waiting for window because NOT_VISIBLE]
11-22 08:21:42.751 1489 1631 I sysui_multi_action: [319,173,322,172,325,19491,757,761,758,8,759,2,806,com.android.gallery3d,871,com.android.gallery3d.app.GalleryActivity,904,com.android.launcher3,905,0,1320,8,1321,5]
11-22 08:21:42.757 1489 1631 I wm_activity_launch_time: [0,241565366,com.android.gallery3d/.app.GalleryActivity,172]
11-22 08:21:42.762 1489 2012 I input_focus: [Focus entering 8e58554 com.android.gallery3d/com.android.gallery3d.app.GalleryActivity (server),reason=Window became focusable. Previous reason: NOT_VISIBLE]
11-22 08:21:43.035 0 0 I auditd : type=1400 audit(0.0:5964): avc: denied { kill } for comm="swapper/1" capability=5 scontext=u:r:kernel:s0 tcontext=u:r:kernel:s0 tclass=capability permissive=0
11-22 08:21:43.820 1489 2012 I input_interaction: Interaction with: 8e58554 com.android.gallery3d/com.android.gallery3d.app.GalleryActivity (server), edge-swipe (server), swipe-up (server), PointerEventDispatcher0 (server),
11-22 08:21:44.035 0 0 I auditd : type=1400 audit(0.0:5965): avc: denied { kill } for comm="swapper/1" capability=5 scontext=u:r:kernel:s0 tcontext=u:r:kernel:s0 tclass=capability permissive=0
11-22 08:21:45.035 0 0 I auditd : type=1400 audit(0.0:5966): avc: denied { kill } for comm="swapper/1" capability=5 scontext=u:r:kernel:s0 tcontext=u:r:kernel:s0 tclass=capability permissive=0
11-22 08:21:46.035 0 0 I auditd : type=1400 audit(0.0:5967): avc: denied { kill } for comm="swapper/1" capability=5 scontext=u:r:kernel:s0 tcontext=u:r:kernel:s0 tclass=capability permissive=0
11-22 08:21:48.035 0 0 I auditd : type=1400 audit(0.0:5968): avc: denied { kill } for comm="swapper/1" capability=5 scontext=u:r:kernel:s0 tcontext=u:r:kernel:s0 tclass=capability permissive=0
11-22 08:21:48.473 1489 1636 I input_focus: [Focus request 3a13013 PopupWindow:6bcd177,reason=UpdateInputWindows]
11-22 08:21:48.499 1489 2012 I input_focus: [Focus leaving 8e58554 com.android.gallery3d/com.android.gallery3d.app.GalleryActivity (server),reason=setFocusedWindow]
11-22 08:21:48.499 1489 2012 I input_focus: [Focus entering 3a13013 PopupWindow:6bcd177 (server),reason=setFocusedWindow]
11-22 08:21:49.035 0 0 I auditd : type=1400 audit(0.0:5969): avc: denied { kill } for comm="swapper/1" capability=5 scontext=u:r:kernel:s0 tcontext=u:r:kernel:s0 tclass=capability permissive=0
11-22 08:21:49.355 1489 2012 I input_interaction: Interaction with: 3a13013 PopupWindow:6bcd177 (server), edge-swipe (server), swipe-up (server), PointerEventDispatcher0 (server),
11-22 08:21:49.482 22477 22477 I menu_item_selected: [0,编辑]
11-22 08:21:49.500 1489 5105 I wm_task_moved: [228,1,6]
11-22 08:21:49.501 1489 5105 I wm_set_resumed_activity: [0,com.android.gallery3d/.app.GalleryActivity,positionChildAt]
11-22 08:21:49.501 1489 5105 I wm_create_activity: [0,266943336,228,android/com.android.internal.app.ChooserActivity,android.intent.action.CHOOSER,NULL,NULL,8388609]
11-22 08:21:49.502 1489 5105 I wm_pause_activity: [0,241565366,com.android.gallery3d/.app.GalleryActivity,userLeaving=true,resumeTopActivityInnerLocked]
11-22 08:21:49.521 22477 22477 I wm_on_top_resumed_lost_called: [241565366,com.android.gallery3d.app.GalleryActivity,topStateChangedWhenResumed]
11-22 08:21:49.522 1489 1636 I input_focus: [Focus request 8e58554 com.android.gallery3d/com.android.gallery3d.app.GalleryActivity,reason=UpdateInputWindows]
11-22 08:21:49.556 1489 2012 I input_focus: [Focus entering 8e58554 com.android.gallery3d/com.android.gallery3d.app.GalleryActivity (server),reason=setFocusedWindow]
11-22 08:21:49.576 22477 22477 I wm_on_paused_called: [241565366,com.android.gallery3d.app.GalleryActivity,performPause]
11-22 08:21:49.579 1489 2851 I wm_restart_activity: [0,266943336,228,android/com.android.internal.app.ChooserActivity]
11-22 08:21:49.581 1489 2851 I wm_set_resumed_activity: [0,android/com.android.internal.app.ChooserActivity,minimalResumeActivityLocked]
11-22 08:21:49.588 1489 1634 I sysui_multi_action: [757,803,799,window_time_0,802,10]
11-22 08:21:49.623 1489 2824 I wm_task_moved: [228,1,6]
11-22 08:21:49.623 1489 2824 I wm_set_resumed_activity: [0,android/com.android.internal.app.ChooserActivity,positionChildAt]
11-22 08:21:49.623 1489 2824 I wm_create_activity: [0,71158201,228,com.android.gallery3d/.filtershow.FilterShowActivity,action_nextgen_edit,image/jpeg,content://media/external/images/media/22,50331649]
11-22 08:21:49.624 1489 2824 I wm_pause_activity: [0,266943336,android/com.android.internal.app.ChooserActivity,userLeaving=true,resumeTopActivityInnerLocked]
11-22 08:21:49.628 1489 2824 I wm_finish_activity: [0,266943336,228,android/com.android.internal.app.ChooserActivity,app-request]
11-22 08:21:49.628 22361 22361 I sysui_multi_action: [757,214,758,4,759,1,1649,image/jpeg,1653,40]
11-22 08:21:49.629 22361 22361 I wm_on_create_called: [266943336,com.android.internal.app.ChooserActivity,performCreate]
11-22 08:21:49.633 1489 5105 I wm_add_to_stopping: [0,266943336,android/com.android.internal.app.ChooserActivity,completeFinishing]
11-22 08:21:49.636 1489 5105 I wm_restart_activity: [0,71158201,228,com.android.gallery3d/.filtershow.FilterShowActivity]
11-22 08:21:49.636 1489 5105 I wm_set_resumed_activity: [0,com.android.gallery3d/.filtershow.FilterShowActivity,minimalResumeActivityLocked]
11-22 08:21:49.639 1489 1634 I sysui_multi_action: [757,803,799,window_time_2,802,0]
11-22 08:21:49.657 22477 22477 I wm_on_create_called: [71158201,com.android.gallery3d.filtershow.FilterShowActivity,performCreate]
11-22 08:21:49.658 22477 22477 I wm_on_start_called: [71158201,com.android.gallery3d.filtershow.FilterShowActivity,handleStartActivity]
11-22 08:21:49.658 22477 22477 I wm_on_resume_called: [71158201,com.android.gallery3d.filtershow.FilterShowActivity,RESUME_ACTIVITY]
11-22 08:21:49.661 22477 22477 I wm_on_top_resumed_gained_called: [71158201,com.android.gallery3d.filtershow.FilterShowActivity,topStateChangedWhenResumed]
11-22 08:21:49.664 1489 1636 I input_focus: [Focus request 781f6f1 com.android.gallery3d/com.android.gallery3d.filtershow.FilterShowActivity,reason=UpdateInputWindows]
11-22 08:21:49.677 1489 1631 I sysui_multi_action: [319,184,322,183,325,19498,757,761,758,8,759,2,806,com.android.gallery3d,871,com.android.gallery3d.filtershow.FilterShowActivity,904,com.android.gallery3d,905,0,1320,8,1321,5]
11-22 08:21:49.680 1489 1631 I wm_activity_launch_time: [0,71158201,com.android.gallery3d/.filtershow.FilterShowActivity,183]
11-22 08:21:49.680 1489 2012 I input_focus: [Focus leaving 8e58554 com.android.gallery3d/com.android.gallery3d.app.GalleryActivity (server),reason=setFocusedWindow]
11-22 08:21:49.680 1489 2012 I input_focus: [Focus entering 781f6f1 com.android.gallery3d/com.android.gallery3d.filtershow.FilterShowActivity (server),reason=setFocusedWindow]
11-22 08:21:49.854 1489 2851 I wm_destroy_activity: [0,266943336,228,android/com.android.internal.app.ChooserActivity,finish-imm:idle]
11-22 08:21:49.855 22361 22361 I wm_on_destroy_called: [266943336,com.android.internal.app.ChooserActivity,performDestroy]
11-22 08:21:50.035 0 0 I auditd : type=1400 audit(0.0:5970): avc: denied { kill } for comm="swapper/1" capability=5 scontext=u:r:kernel:s0 tcontext=u:r:kernel:s0 tclass=capability permissive=0
11-22 08:21:51.035 0 0 I auditd : type=1400 audit(0.0:5971): avc: denied { kill } for comm="swapper/1" capability=5 scontext=u:r:kernel:s0 tcontext=u:r:kernel:s0 tclass=capability permissive=0
11-22 08:21:51.790 1489 2012 I input_interaction: Interaction with: 781f6f1 com.android.gallery3d/com.android.gallery3d.filtershow.FilterShowActivity (server), edge-swipe (server), swipe-up (server), PointerEventDispatcher0 (server),
11-22 08:21:52.035 0 0 I auditd : type=1400 audit(0.0:5972): avc: denied { kill } for comm="swapper/1" capability=5 scontext=u:r:kernel:s0 tcontext=u:r:kernel:s0 tclass=capability permissive=0
11-22 08:21:52.886 1489 7614 I wm_relaunch_resume_activity: [0,71158201,228,com.android.gallery3d/.filtershow.FilterShowActivity]
11-22 08:21:52.887 1489 7614 I wm_add_to_stopping: [0,241565366,com.android.gallery3d/.app.GalleryActivity,makeInvisible]
11-22 08:21:52.887 1489 7614 I wm_add_to_stopping: [0,168390208,com.android.launcher3/.uioverrides.QuickstepLauncher,makeInvisible]
11-22 08:21:52.892 1489 1634 I wm_relaunch_activity: [0,241565366,228,com.android.gallery3d/.app.GalleryActivity]
11-22 08:21:52.907 22477 22477 I wm_on_top_resumed_lost_called: [71158201,com.android.gallery3d.filtershow.FilterShowActivity,pausing]
11-22 08:21:52.929 1489 1648 I am_pss : [22477,10069,com.android.gallery3d,121926656,115376128,0,243961856,0,2,13]
11-22 08:21:52.934 22477 22477 I wm_on_paused_called: [71158201,com.android.gallery3d.filtershow.FilterShowActivity,performPause]
11-22 08:21:52.935 22477 22477 I wm_on_stop_called: [71158201,com.android.gallery3d.filtershow.FilterShowActivity,handleRelaunchActivity]
11-22 08:21:52.942 22477 22477 I wm_on_destroy_called: [71158201,com.android.gallery3d.filtershow.FilterShowActivity,performDestroy]
11-22 08:21:52.969 22477 22477 I wm_on_create_called: [71158201,com.android.gallery3d.filtershow.FilterShowActivity,performCreate]
11-22 08:21:52.982 22477 22477 I wm_on_start_called: [71158201,com.android.gallery3d.filtershow.FilterShowActivity,handleStartActivity]
11-22 08:21:52.994 22477 22477 I wm_on_resume_called: [71158201,com.android.gallery3d.filtershow.FilterShowActivity,RESUME_ACTIVITY]
11-22 08:21:52.994 22477 22477 I wm_on_top_resumed_gained_called: [71158201,com.android.gallery3d.filtershow.FilterShowActivity,topWhenResuming]
11-22 08:21:53.012 22477 22477 I wm_on_stop_called: [241565366,com.android.gallery3d.app.GalleryActivity,handleRelaunchActivity]
11-22 08:21:53.015 22477 22477 I wm_on_destroy_called: [241565366,com.android.gallery3d.app.GalleryActivity,performDestroy]
11-22 08:21:53.032 22477 22477 I wm_on_create_called: [241565366,com.android.gallery3d.app.GalleryActivity,performCreate]
11-22 08:21:53.033 22477 22477 I wm_on_start_called: [241565366,com.android.gallery3d.app.GalleryActivity,handleStartActivity]
11-22 08:21:53.036 22477 22477 I wm_on_resume_called: [241565366,com.android.gallery3d.app.GalleryActivity,LIFECYCLER_RESUME_ACTIVITY]
11-22 08:21:53.036 22477 22477 I wm_on_paused_called: [241565366,com.android.gallery3d.app.GalleryActivity,performPause]
11-22 08:21:53.035 0 0 I auditd : type=1400 audit(0.0:5973): avc: denied { kill } for comm="swapper/1" capability=5 scontext=u:r:kernel:s0 tcontext=u:r:kernel:s0 tclass=capability permissive=0
11-22 08:21:53.254 1489 1634 I wm_stop_activity: [0,168390208,com.android.launcher3/.uioverrides.QuickstepLauncher]
11-22 08:21:53.277 2840 2840 I wm_on_paused_called: [168390208,com.android.launcher3.uioverrides.QuickstepLauncher,performPause]
11-22 08:21:53.279 2840 2840 I wm_on_stop_called: [168390208,com.android.launcher3.uioverrides.QuickstepLauncher,STOP_ACTIVITY_ITEM]
11-22 08:21:54.035 0 0 I auditd : type=1400 audit(0.0:5974): avc: denied { kill } for comm="swapper/1" capability=5 scontext=u:r:kernel:s0 tcontext=u:r:kernel:s0 tclass=capability permissive=0
11-22 08:21:55.035 0 0 I auditd : type=1400 audit(0.0:5975): avc: denied { kill } for comm="swapper/1" capability=5 scontext=u:r:kernel:s0 tcontext=u:r:kernel:s0 tclass=capability permissive=0
11-22 08:21:56.035 0 0 I auditd : type=1400 audit(0.0:5976): avc: denied { kill } for comm="swapper/1" capability=5 scontext=u:r:kernel:s0 tcontext=u:r:kernel:s0 tclass=capability permissive=0
11-22 08:21:57.035 0 0 I auditd : type=1400 audit(0.0:5977): avc: denied { kill } for comm="swapper/1" capability=5 scontext=u:r:kernel:s0 tcontext=u:r:kernel:s0 tclass=capability permissive=0
11-22 08:21:59.035 0 0 I auditd : type=1400 audit(0.0:5978): avc: denied { kill } for comm="swapper/1" capability=5 scontext=u:r:kernel:s0 tcontext=u:r:kernel:s0 tclass=capability permissive=0
11-22 08:21:59.076 1489 2012 I input_interaction: Interaction with: Letterbox_left_ActivityRecord{43dc9b9 u0 com.android.gallery3d/.filtershow.FilterShowActivity t228} (server), edge-swipe (server), swipe-up (server), PointerEventDispatcher0 (server),
11-22 08:21:59.090 1489 2824 I wm_task_moved: [1,0,0]
11-22 08:21:59.091 1489 2824 I wm_task_moved: [1,0,5]
11-22 08:21:59.123 2840 2840 I wm_on_restart_called: [168390208,com.android.launcher3.uioverrides.QuickstepLauncher,performRestartActivity]
11-22 08:21:59.145 2840 2840 I wm_on_start_called: [168390208,com.android.launcher3.uioverrides.QuickstepLauncher,handleStartActivity]
11-22 08:21:59.164 1489 1631 I sysui_multi_action: [319,12,322,67,325,19507,757,761,758,9,759,5,806,com.android.launcher3,871,com.android.launcher3.uioverrides.QuickstepLauncher,905,0,1320,8,1321,5]
11-22 08:21:59.194 2840 2840 I sysui_latency: [1,77]
11-22 08:21:59.199 1489 2012 I input_interaction: Interaction with: edge-swipe (server), swipe-up (server), PointerEventDispatcher0 (server),
11-22 08:21:59.200 1489 1636 I input_focus: [Focus request recents_animation_input_consumer,reason=UpdateInputWindows]
11-22 08:21:59.238 1489 2012 I input_focus: [Focus leaving 781f6f1 com.android.gallery3d/com.android.gallery3d.filtershow.FilterShowActivity (server),reason=NOT_FOCUSABLE]
11-22 08:21:59.239 1489 2012 I input_focus: [Focus entering recents_animation_input_consumer (server),reason=setFocusedWindow]
11-22 08:21:59.348 1489 1751 I commit_sys_config_file: [settings-1-0,4]
11-22 08:21:59.459 1489 1648 I sysui_latency: [8,78]
11-22 08:22:00.035 0 0 I auditd : type=1400 audit(0.0:5979): avc: denied { kill } for comm="swapper/1" capability=5 scontext=u:r:kernel:s0 tcontext=u:r:kernel:s0 tclass=capability permissive=0
11-22 08:22:00.194 1489 1751 I commit_sys_config_file: [settings-1-0,5]
11-22 08:22:00.745 1489 2012 I input_interaction: Interaction with: 3cc67bf com.android.launcher3/com.android.launcher3.uioverrides.QuickstepLauncher (server), edge-swipe (server), swipe-up (server), PointerEventDispatcher0 (server),
11-22 08:22:01.209 1489 7614 I wm_task_moved: [1,0,5]
11-22 08:22:01.210 1489 7614 I wm_add_to_stopping: [0,168390208,com.android.launcher3/.uioverrides.QuickstepLauncher,makeInvisible]
11-22 08:22:01.225 1489 1636 I input_focus: [Focus request 781f6f1 com.android.gallery3d/com.android.gallery3d.filtershow.FilterShowActivity,reason=UpdateInputWindows]
11-22 08:22:01.229 1489 1634 I wm_stop_activity: [0,168390208,com.android.launcher3/.uioverrides.QuickstepLauncher]
11-22 08:22:01.240 1489 2012 I input_focus: [Focus leaving recents_animation_input_consumer (server),reason=NOT_VISIBLE]
11-22 08:22:01.241 1489 2012 I input_focus: [Focus entering 781f6f1 com.android.gallery3d/com.android.gallery3d.filtershow.FilterShowActivity (server),reason=setFocusedWindow]
11-22 08:22:01.259 2840 2840 I wm_on_stop_called: [168390208,com.android.launcher3.uioverrides.QuickstepLauncher,STOP_ACTIVITY_ITEM]
11-22 08:22:01.262 1489 1648 I am_pss : [22493,10090,com.android.music,6893568,4722688,0,90157056,0,19,5]
11-22 08:22:01.909 1489 2012 I input_interaction: Interaction with: Letterbox_left_ActivityRecord{43dc9b9 u0 com.android.gallery3d/.filtershow.FilterShowActivity t228} (server), edge-swipe (server), swipe-up (server), PointerEventDispatcher0 (server),
11-22 08:22:01.920 1489 7614 I wm_task_moved: [1,0,0]
11-22 08:22:01.921 1489 7614 I wm_task_moved: [1,0,5]
11-22 08:22:01.943 2840 2840 I wm_on_restart_called: [168390208,com.android.launcher3.uioverrides.QuickstepLauncher,performRestartActivity]
11-22 08:22:01.957 2840 2840 I wm_on_start_called: [168390208,com.android.launcher3.uioverrides.QuickstepLauncher,handleStartActivity]
11-22 08:22:01.979 1489 1631 I sysui_multi_action: [319,11,322,50,325,19510,757,761,758,9,759,5,806,com.android.launcher3,871,com.android.launcher3.uioverrides.QuickstepLauncher,905,0,1320,8,1321,5]
11-22 08:22:02.006 2840 2840 I sysui_latency: [1,57]
11-22 08:22:02.011 1489 2012 I input_interaction: Interaction with: edge-swipe (server), swipe-up (server), PointerEventDispatcher0 (server),
