11-22 08:34:44.035 0 0 I auditd : type=1400 audit(0.0:6693): avc: denied { kill } for comm="swapper/3" capability=5 scontext=u:r:kernel:s0 tcontext=u:r:kernel:s0 tclass=capability permissive=0
11-22 08:34:45.035 0 0 I auditd : type=1400 audit(0.0:6694): avc: denied { kill } for comm="swapper/3" capability=5 scontext=u:r:kernel:s0 tcontext=u:r:kernel:s0 tclass=capability permissive=0
11-22 08:34:46.035 0 0 I auditd : type=1400 audit(0.0:6695): avc: denied { kill } for comm="swapper/3" capability=5 scontext=u:r:kernel:s0 tcontext=u:r:kernel:s0 tclass=capability permissive=0
11-22 08:34:47.035 0 0 I auditd : type=1400 audit(0.0:6696): avc: denied { kill } for comm="swapper/3" capability=5 scontext=u:r:kernel:s0 tcontext=u:r:kernel:s0 tclass=capability permissive=0
11-22 08:34:48.035 0 0 I auditd : type=1400 audit(0.0:6697): avc: denied { kill } for comm="swapper/3" capability=5 scontext=u:r:kernel:s0 tcontext=u:r:kernel:s0 tclass=capability permissive=0
11-22 08:34:49.035 0 0 I auditd : type=1400 audit(0.0:6698): avc: denied { kill } for comm="swapper/3" capability=5 scontext=u:r:kernel:s0 tcontext=u:r:kernel:s0 tclass=capability permissive=0
11-22 08:34:50.035 0 0 I auditd : type=1400 audit(0.0:6699): avc: denied { kill } for comm="swapper/3" capability=5 scontext=u:r:kernel:s0 tcontext=u:r:kernel:s0 tclass=capability permissive=0
11-22 08:34:51.035 0 0 I auditd : type=1400 audit(0.0:6700): avc: denied { kill } for comm="swapper/3" capability=5 scontext=u:r:kernel:s0 tcontext=u:r:kernel:s0 tclass=capability permissive=0
11-22 08:34:52.035 0 0 I auditd : type=1400 audit(0.0:6701): avc: denied { kill } for comm="swapper/3" capability=5 scontext=u:r:kernel:s0 tcontext=u:r:kernel:s0 tclass=capability permissive=0
11-22 08:34:53.035 0 0 I auditd : type=1400 audit(0.0:6702): avc: denied { kill } for comm="swapper/3" capability=5 scontext=u:r:kernel:s0 tcontext=u:r:kernel:s0 tclass=capability permissive=0
11-22 08:34:54.035 0 0 I auditd : type=1400 audit(0.0:6703): avc: denied { kill } for comm="swapper/3" capability=5 scontext=u:r:kernel:s0 tcontext=u:r:kernel:s0 tclass=capability permissive=0
11-22 08:34:55.035 0 0 I auditd : type=1400 audit(0.0:6704): avc: denied { kill } for comm="swapper/3" capability=5 scontext=u:r:kernel:s0 tcontext=u:r:kernel:s0 tclass=capability permissive=0
11-22 08:34:56.035 0 0 I auditd : type=1400 audit(0.0:6705): avc: denied { kill } for comm="swapper/3" capability=5 scontext=u:r:kernel:s0 tcontext=u:r:kernel:s0 tclass=capability permissive=0
11-22 08:34:56.104 1489 1650 I am_uid_idle: 10063
11-22 08:34:57.035 0 0 I auditd : type=1400 audit(0.0:6706): avc: denied { kill } for comm="swapper/3" capability=5 scontext=u:r:kernel:s0 tcontext=u:r:kernel:s0 tclass=capability permissive=0
11-22 08:34:58.035 0 0 I auditd : type=1400 audit(0.0:6707): avc: denied { kill } for comm="swapper/3" capability=5 scontext=u:r:kernel:s0 tcontext=u:r:kernel:s0 tclass=capability permissive=0
11-22 08:34:59.035 0 0 I auditd : type=1400 audit(0.0:6708): avc: denied { kill } for comm="swapper/3" capability=5 scontext=u:r:kernel:s0 tcontext=u:r:kernel:s0 tclass=capability permissive=0
11-22 08:35:00.035 0 0 I auditd : type=1400 audit(0.0:6709): avc: denied { kill } for comm="swapper/3" capability=5 scontext=u:r:kernel:s0 tcontext=u:r:kernel:s0 tclass=capability permissive=0
11-22 08:35:01.035 0 0 I auditd : type=1400 audit(0.0:6710): avc: denied { kill } for comm="swapper/3" capability=5 scontext=u:r:kernel:s0 tcontext=u:r:kernel:s0 tclass=capability permissive=0
11-22 08:35:02.035 0 0 I auditd : type=1400 audit(0.0:6711): avc: denied { kill } for comm="swapper/3" capability=5 scontext=u:r:kernel:s0 tcontext=u:r:kernel:s0 tclass=capability permissive=0
11-22 08:35:03.035 0 0 I auditd : type=1400 audit(0.0:6712): avc: denied { kill } for comm="swapper/3" capability=5 scontext=u:r:kernel:s0 tcontext=u:r:kernel:s0 tclass=capability permissive=0
11-22 08:35:04.035 0 0 I auditd : type=1400 audit(0.0:6713): avc: denied { kill } for comm="swapper/3" capability=5 scontext=u:r:kernel:s0 tcontext=u:r:kernel:s0 tclass=capability permissive=0
11-22 08:35:05.035 0 0 I auditd : type=1400 audit(0.0:6714): avc: denied { kill } for comm="swapper/3" capability=5 scontext=u:r:kernel:s0 tcontext=u:r:kernel:s0 tclass=capability permissive=0
11-22 08:35:06.035 0 0 I auditd : type=1400 audit(0.0:6715): avc: denied { kill } for comm="swapper/3" capability=5 scontext=u:r:kernel:s0 tcontext=u:r:kernel:s0 tclass=capability permissive=0
11-22 08:35:07.035 0 0 I auditd : type=1400 audit(0.0:6716): avc: denied { kill } for comm="swapper/3" capability=5 scontext=u:r:kernel:s0 tcontext=u:r:kernel:s0 tclass=capability permissive=0
11-22 08:35:08.035 0 0 I auditd : type=1400 audit(0.0:6717): avc: denied { kill } for comm="swapper/3" capability=5 scontext=u:r:kernel:s0 tcontext=u:r:kernel:s0 tclass=capability permissive=0
11-22 08:35:09.035 0 0 I auditd : type=1400 audit(0.0:6718): avc: denied { kill } for comm="swapper/3" capability=5 scontext=u:r:kernel:s0 tcontext=u:r:kernel:s0 tclass=capability permissive=0
11-22 08:35:10.035 0 0 I auditd : type=1400 audit(0.0:6719): avc: denied { kill } for comm="swapper/3" capability=5 scontext=u:r:kernel:s0 tcontext=u:r:kernel:s0 tclass=capability permissive=0
11-22 08:35:11.035 0 0 I auditd : type=1400 audit(0.0:6720): avc: denied { kill } for comm="swapper/3" capability=5 scontext=u:r:kernel:s0 tcontext=u:r:kernel:s0 tclass=capability permissive=0
11-22 08:35:12.035 0 0 I auditd : type=1400 audit(0.0:6721): avc: denied { kill } for comm="swapper/3" capability=5 scontext=u:r:kernel:s0 tcontext=u:r:kernel:s0 tclass=capability permissive=0
11-22 08:35:13.035 0 0 I auditd : type=1400 audit(0.0:6722): avc: denied { kill } for comm="swapper/3" capability=5 scontext=u:r:kernel:s0 tcontext=u:r:kernel:s0 tclass=capability permissive=0
11-22 08:35:14.035 0 0 I auditd : type=1400 audit(0.0:6723): avc: denied { kill } for comm="swapper/3" capability=5 scontext=u:r:kernel:s0 tcontext=u:r:kernel:s0 tclass=capability permissive=0
11-22 08:35:15.035 0 0 I auditd : type=1400 audit(0.0:6724): avc: denied { kill } for comm="swapper/3" capability=5 scontext=u:r:kernel:s0 tcontext=u:r:kernel:s0 tclass=capability permissive=0
11-22 08:35:16.035 0 0 I auditd : type=1400 audit(0.0:6725): avc: denied { kill } for comm="swapper/3" capability=5 scontext=u:r:kernel:s0 tcontext=u:r:kernel:s0 tclass=capability permissive=0
11-22 08:35:17.035 0 0 I auditd : type=1400 audit(0.0:6726): avc: denied { kill } for comm="swapper/3" capability=5 scontext=u:r:kernel:s0 tcontext=u:r:kernel:s0 tclass=capability permissive=0
11-22 08:35:18.035 0 0 I auditd : type=1400 audit(0.0:6727): avc: denied { kill } for comm="swapper/3" capability=5 scontext=u:r:kernel:s0 tcontext=u:r:kernel:s0 tclass=capability permissive=0
11-22 08:35:19.035 0 0 I auditd : type=1400 audit(0.0:6728): avc: denied { kill } for comm="swapper/3" capability=5 scontext=u:r:kernel:s0 tcontext=u:r:kernel:s0 tclass=capability permissive=0
11-22 08:35:20.035 0 0 I auditd : type=1400 audit(0.0:6729): avc: denied { kill } for comm="swapper/3" capability=5 scontext=u:r:kernel:s0 tcontext=u:r:kernel:s0 tclass=capability permissive=0
11-22 08:35:21.035 0 0 I auditd : type=1400 audit(0.0:6730): avc: denied { kill } for comm="swapper/3" capability=5 scontext=u:r:kernel:s0 tcontext=u:r:kernel:s0 tclass=capability permissive=0
11-22 08:35:22.035 0 0 I auditd : type=1400 audit(0.0:6731): avc: denied { kill } for comm="swapper/3" capability=5 scontext=u:r:kernel:s0 tcontext=u:r:kernel:s0 tclass=capability permissive=0
11-22 08:35:24.035 0 0 I auditd : type=1400 audit(0.0:6732): avc: denied { kill } for comm="swapper/3" capability=5 scontext=u:r:kernel:s0 tcontext=u:r:kernel:s0 tclass=capability permissive=0
11-22 08:35:25.035 0 0 I auditd : type=1400 audit(0.0:6733): avc: denied { kill } for comm="swapper/3" capability=5 scontext=u:r:kernel:s0 tcontext=u:r:kernel:s0 tclass=capability permissive=0
11-22 08:35:26.035 0 0 I auditd : type=1400 audit(0.0:6734): avc: denied { kill } for comm="swapper/3" capability=5 scontext=u:r:kernel:s0 tcontext=u:r:kernel:s0 tclass=capability permissive=0
11-22 08:35:27.035 0 0 I auditd : type=1400 audit(0.0:6735): avc: denied { kill } for comm="swapper/3" capability=5 scontext=u:r:kernel:s0 tcontext=u:r:kernel:s0 tclass=capability permissive=0
11-22 08:35:28.035 0 0 I auditd : type=1400 audit(0.0:6736): avc: denied { kill } for comm="swapper/3" capability=5 scontext=u:r:kernel:s0 tcontext=u:r:kernel:s0 tclass=capability permissive=0
11-22 08:35:29.035 0 0 I auditd : type=1400 audit(0.0:6737): avc: denied { kill } for comm="swapper/3" capability=5 scontext=u:r:kernel:s0 tcontext=u:r:kernel:s0 tclass=capability permissive=0
11-22 08:35:30.035 0 0 I auditd : type=1400 audit(0.0:6738): avc: denied { kill } for comm="swapper/3" capability=5 scontext=u:r:kernel:s0 tcontext=u:r:kernel:s0 tclass=capability permissive=0
11-22 08:35:31.035 0 0 I auditd : type=1400 audit(0.0:6739): avc: denied { kill } for comm="swapper/3" capability=5 scontext=u:r:kernel:s0 tcontext=u:r:kernel:s0 tclass=capability permissive=0
11-22 08:35:32.035 0 0 I auditd : type=1400 audit(0.0:6740): avc: denied { kill } for comm="swapper/3" capability=5 scontext=u:r:kernel:s0 tcontext=u:r:kernel:s0 tclass=capability permissive=0
11-22 08:35:33.035 0 0 I auditd : type=1400 audit(0.0:6741): avc: denied { kill } for comm="swapper/3" capability=5 scontext=u:r:kernel:s0 tcontext=u:r:kernel:s0 tclass=capability permissive=0
11-22 08:35:34.035 0 0 I auditd : type=1400 audit(0.0:6742): avc: denied { kill } for comm="swapper/3" capability=5 scontext=u:r:kernel:s0 tcontext=u:r:kernel:s0 tclass=capability permissive=0
11-22 08:35:35.035 0 0 I auditd : type=1400 audit(0.0:6743): avc: denied { kill } for comm="swapper/3" capability=5 scontext=u:r:kernel:s0 tcontext=u:r:kernel:s0 tclass=capability permissive=0
11-22 08:35:36.035 0 0 I auditd : type=1400 audit(0.0:6744): avc: denied { kill } for comm="swapper/3" capability=5 scontext=u:r:kernel:s0 tcontext=u:r:kernel:s0 tclass=capability permissive=0
11-22 08:35:37.035 0 0 I auditd : type=1400 audit(0.0:6745): avc: denied { kill } for comm="swapper/3" capability=5 scontext=u:r:kernel:s0 tcontext=u:r:kernel:s0 tclass=capability permissive=0
11-22 08:35:38.035 0 0 I auditd : type=1400 audit(0.0:6746): avc: denied { kill } for comm="swapper/3" capability=5 scontext=u:r:kernel:s0 tcontext=u:r:kernel:s0 tclass=capability permissive=0
11-22 08:35:39.035 0 0 I auditd : type=1400 audit(0.0:6747): avc: denied { kill } for comm="swapper/3" capability=5 scontext=u:r:kernel:s0 tcontext=u:r:kernel:s0 tclass=capability permissive=0
11-22 08:35:40.035 0 0 I auditd : type=1400 audit(0.0:6748): avc: denied { kill } for comm="swapper/3" capability=5 scontext=u:r:kernel:s0 tcontext=u:r:kernel:s0 tclass=capability permissive=0
11-22 08:35:41.035 0 0 I auditd : type=1400 audit(0.0:6749): avc: denied { kill } for comm="swapper/3" capability=5 scontext=u:r:kernel:s0 tcontext=u:r:kernel:s0 tclass=capability permissive=0
11-22 08:35:42.035 0 0 I auditd : type=1400 audit(0.0:6750): avc: denied { kill } for comm="swapper/3" capability=5 scontext=u:r:kernel:s0 tcontext=u:r:kernel:s0 tclass=capability permissive=0
11-22 08:35:43.035 0 0 I auditd : type=1400 audit(0.0:6751): avc: denied { kill } for comm="swapper/3" capability=5 scontext=u:r:kernel:s0 tcontext=u:r:kernel:s0 tclass=capability permissive=0
11-22 08:35:44.035 0 0 I auditd : type=1400 audit(0.0:6752): avc: denied { kill } for comm="swapper/3" capability=5 scontext=u:r:kernel:s0 tcontext=u:r:kernel:s0 tclass=capability permissive=0
11-22 08:35:45.035 0 0 I auditd : type=1400 audit(0.0:6753): avc: denied { kill } for comm="swapper/3" capability=5 scontext=u:r:kernel:s0 tcontext=u:r:kernel:s0 tclass=capability permissive=0
11-22 08:35:46.035 0 0 I auditd : type=1400 audit(0.0:6754): avc: denied { kill } for comm="swapper/3" capability=5 scontext=u:r:kernel:s0 tcontext=u:r:kernel:s0 tclass=capability permissive=0
11-22 08:35:47.035 0 0 I auditd : type=1400 audit(0.0:6755): avc: denied { kill } for comm="swapper/3" capability=5 scontext=u:r:kernel:s0 tcontext=u:r:kernel:s0 tclass=capability permissive=0
11-22 08:35:48.035 0 0 I auditd : type=1400 audit(0.0:6756): avc: denied { kill } for comm="swapper/3" capability=5 scontext=u:r:kernel:s0 tcontext=u:r:kernel:s0 tclass=capability permissive=0
11-22 08:35:49.035 0 0 I auditd : type=1400 audit(0.0:6757): avc: denied { kill } for comm="swapper/3" capability=5 scontext=u:r:kernel:s0 tcontext=u:r:kernel:s0 tclass=capability permissive=0
11-22 08:35:50.035 0 0 I auditd : type=1400 audit(0.0:6758): avc: denied { kill } for comm="swapper/3" capability=5 scontext=u:r:kernel:s0 tcontext=u:r:kernel:s0 tclass=capability permissive=0
11-22 08:35:51.035 0 0 I auditd : type=1400 audit(0.0:6759): avc: denied { kill } for comm="swapper/3" capability=5 scontext=u:r:kernel:s0 tcontext=u:r:kernel:s0 tclass=capability permissive=0
11-22 08:35:52.035 0 0 I auditd : type=1400 audit(0.0:6760): avc: denied { kill } for comm="swapper/3" capability=5 scontext=u:r:kernel:s0 tcontext=u:r:kernel:s0 tclass=capability permissive=0
11-22 08:35:53.035 0 0 I auditd : type=1400 audit(0.0:6761): avc: denied { kill } for comm="swapper/3" capability=5 scontext=u:r:kernel:s0 tcontext=u:r:kernel:s0 tclass=capability permissive=0
11-22 08:35:53.643 1489 2301 I netstats_mobile_sample: [0,0,0,0,0,0,0,0,0,0,0,0,1669077353643]
11-22 08:35:53.643 1489 2301 I netstats_wifi_sample: [34292976,32129,6869421,15663,34292976,32129,6869421,15663,42374202,37801,3741849,10010,1669077353643]
11-22 08:35:54.035 0 0 I auditd : type=1400 audit(0.0:6762): avc: denied { kill } for comm="swapper/3" capability=5 scontext=u:r:kernel:s0 tcontext=u:r:kernel:s0 tclass=capability permissive=0
11-22 08:35:55.035 0 0 I auditd : type=1400 audit(0.0:6763): avc: denied { kill } for comm="swapper/3" capability=5 scontext=u:r:kernel:s0 tcontext=u:r:kernel:s0 tclass=capability permissive=0
11-22 08:35:56.035 0 0 I auditd : type=1400 audit(0.0:6764): avc: denied { kill } for comm="swapper/3" capability=5 scontext=u:r:kernel:s0 tcontext=u:r:kernel:s0 tclass=capability permissive=0
11-22 08:35:57.035 0 0 I auditd : type=1400 audit(0.0:6765): avc: denied { kill } for comm="swapper/3" capability=5 scontext=u:r:kernel:s0 tcontext=u:r:kernel:s0 tclass=capability permissive=0
11-22 08:35:58.035 0 0 I auditd : type=1400 audit(0.0:6766): avc: denied { kill } for comm="swapper/3" capability=5 scontext=u:r:kernel:s0 tcontext=u:r:kernel:s0 tclass=capability permissive=0
11-22 08:36:00.035 0 0 I auditd : type=1400 audit(0.0:6767): avc: denied { kill } for comm="swapper/3" capability=5 scontext=u:r:kernel:s0 tcontext=u:r:kernel:s0 tclass=capability permissive=0
11-22 08:36:01.035 0 0 I auditd : type=1400 audit(0.0:6768): avc: denied { kill } for comm="swapper/3" capability=5 scontext=u:r:kernel:s0 tcontext=u:r:kernel:s0 tclass=capability permissive=0
11-22 08:36:02.035 0 0 I auditd : type=1400 audit(0.0:6769): avc: denied { kill } for comm="swapper/3" capability=5 scontext=u:r:kernel:s0 tcontext=u:r:kernel:s0 tclass=capability permissive=0
11-22 08:36:03.035 0 0 I auditd : type=1400 audit(0.0:6770): avc: denied { kill } for comm="swapper/3" capability=5 scontext=u:r:kernel:s0 tcontext=u:r:kernel:s0 tclass=capability permissive=0
11-22 08:36:04.035 0 0 I auditd : type=1400 audit(0.0:6771): avc: denied { kill } for comm="swapper/3" capability=5 scontext=u:r:kernel:s0 tcontext=u:r:kernel:s0 tclass=capability permissive=0
11-22 08:36:06.035 0 0 I auditd : type=1400 audit(0.0:6772): avc: denied { kill } for comm="swapper/3" capability=5 scontext=u:r:kernel:s0 tcontext=u:r:kernel:s0 tclass=capability permissive=0
11-22 08:36:07.035 0 0 I auditd : type=1400 audit(0.0:6773): avc: denied { kill } for comm="swapper/3" capability=5 scontext=u:r:kernel:s0 tcontext=u:r:kernel:s0 tclass=capability permissive=0
11-22 08:36:08.035 0 0 I auditd : type=1400 audit(0.0:6774): avc: denied { kill } for comm="swapper/3" capability=5 scontext=u:r:kernel:s0 tcontext=u:r:kernel:s0 tclass=capability permissive=0
11-22 08:36:09.035 0 0 I auditd : type=1400 audit(0.0:6775): avc: denied { kill } for comm="swapper/3" capability=5 scontext=u:r:kernel:s0 tcontext=u:r:kernel:s0 tclass=capability permissive=0
11-22 08:36:10.035 0 0 I auditd : type=1400 audit(0.0:6776): avc: denied { kill } for comm="swapper/3" capability=5 scontext=u:r:kernel:s0 tcontext=u:r:kernel:s0 tclass=capability permissive=0
11-22 08:36:11.035 0 0 I auditd : type=1400 audit(0.0:6777): avc: denied { kill } for comm="swapper/3" capability=5 scontext=u:r:kernel:s0 tcontext=u:r:kernel:s0 tclass=capability permissive=0
11-22 08:36:12.035 0 0 I auditd : type=1400 audit(0.0:6778): avc: denied { kill } for comm="swapper/3" capability=5 scontext=u:r:kernel:s0 tcontext=u:r:kernel:s0 tclass=capability permissive=0
11-22 08:36:13.035 0 0 I auditd : type=1400 audit(0.0:6779): avc: denied { kill } for comm="swapper/3" capability=5 scontext=u:r:kernel:s0 tcontext=u:r:kernel:s0 tclass=capability permissive=0
11-22 08:36:14.035 0 0 I auditd : type=1400 audit(0.0:6780): avc: denied { kill } for comm="swapper/3" capability=5 scontext=u:r:kernel:s0 tcontext=u:r:kernel:s0 tclass=capability permissive=0
11-22 08:36:15.035 0 0 I auditd : type=1400 audit(0.0:6781): avc: denied { kill } for comm="swapper/3" capability=5 scontext=u:r:kernel:s0 tcontext=u:r:kernel:s0 tclass=capability permissive=0
11-22 08:36:16.035 0 0 I auditd : type=1400 audit(0.0:6782): avc: denied { kill } for comm="swapper/3" capability=5 scontext=u:r:kernel:s0 tcontext=u:r:kernel:s0 tclass=capability permissive=0
11-22 08:36:17.035 0 0 I auditd : type=1400 audit(0.0:6783): avc: denied { kill } for comm="swapper/3" capability=5 scontext=u:r:kernel:s0 tcontext=u:r:kernel:s0 tclass=capability permissive=0
11-22 08:36:18.035 0 0 I auditd : type=1400 audit(0.0:6784): avc: denied { kill } for comm="swapper/3" capability=5 scontext=u:r:kernel:s0 tcontext=u:r:kernel:s0 tclass=capability permissive=0
11-22 08:36:19.035 0 0 I auditd : type=1400 audit(0.0:6785): avc: denied { kill } for comm="swapper/3" capability=5 scontext=u:r:kernel:s0 tcontext=u:r:kernel:s0 tclass=capability permissive=0
11-22 08:36:20.035 0 0 I auditd : type=1400 audit(0.0:6786): avc: denied { kill } for comm="swapper/3" capability=5 scontext=u:r:kernel:s0 tcontext=u:r:kernel:s0 tclass=capability permissive=0
11-22 08:36:21.035 0 0 I auditd : type=1400 audit(0.0:6787): avc: denied { kill } for comm="swapper/3" capability=5 scontext=u:r:kernel:s0 tcontext=u:r:kernel:s0 tclass=capability permissive=0
11-22 08:36:22.035 0 0 I auditd : type=1400 audit(0.0:6788): avc: denied { kill } for comm="swapper/3" capability=5 scontext=u:r:kernel:s0 tcontext=u:r:kernel:s0 tclass=capability permissive=0
11-22 08:36:23.035 0 0 I auditd : type=1400 audit(0.0:6789): avc: denied { kill } for comm="swapper/3" capability=5 scontext=u:r:kernel:s0 tcontext=u:r:kernel:s0 tclass=capability permissive=0
11-22 08:36:24.035 0 0 I auditd : type=1400 audit(0.0:6790): avc: denied { kill } for comm="swapper/3" capability=5 scontext=u:r:kernel:s0 tcontext=u:r:kernel:s0 tclass=capability permissive=0
11-22 08:36:25.035 0 0 I auditd : type=1400 audit(0.0:6791): avc: denied { kill } for comm="swapper/3" capability=5 scontext=u:r:kernel:s0 tcontext=u:r:kernel:s0 tclass=capability permissive=0
11-22 08:36:26.035 0 0 I auditd : type=1400 audit(0.0:6792): avc: denied { kill } for comm="swapper/3" capability=5 scontext=u:r:kernel:s0 tcontext=u:r:kernel:s0 tclass=capability permissive=0
11-22 08:36:27.035 0 0 I auditd : type=1400 audit(0.0:6793): avc: denied { kill } for comm="swapper/3" capability=5 scontext=u:r:kernel:s0 tcontext=u:r:kernel:s0 tclass=capability permissive=0
11-22 08:36:28.035 0 0 I auditd : type=1400 audit(0.0:6794): avc: denied { kill } for comm="swapper/3" capability=5 scontext=u:r:kernel:s0 tcontext=u:r:kernel:s0 tclass=capability permissive=0
11-22 08:36:29.035 0 0 I auditd : type=1400 audit(0.0:6795): avc: denied { kill } for comm="swapper/3" capability=5 scontext=u:r:kernel:s0 tcontext=u:r:kernel:s0 tclass=capability permissive=0
11-22 08:36:30.035 0 0 I auditd : type=1400 audit(0.0:6796): avc: denied { kill } for comm="swapper/3" capability=5 scontext=u:r:kernel:s0 tcontext=u:r:kernel:s0 tclass=capability permissive=0
11-22 08:36:31.035 0 0 I auditd : type=1400 audit(0.0:6797): avc: denied { kill } for comm="swapper/3" capability=5 scontext=u:r:kernel:s0 tcontext=u:r:kernel:s0 tclass=capability permissive=0
11-22 08:36:32.035 0 0 I auditd : type=1400 audit(0.0:6798): avc: denied { kill } for comm="swapper/3" capability=5 scontext=u:r:kernel:s0 tcontext=u:r:kernel:s0 tclass=capability permissive=0
11-22 08:36:33.035 0 0 I auditd : type=1400 audit(0.0:6799): avc: denied { kill } for comm="swapper/3" capability=5 scontext=u:r:kernel:s0 tcontext=u:r:kernel:s0 tclass=capability permissive=0
11-22 08:36:34.035 0 0 I auditd : type=1400 audit(0.0:6800): avc: denied { kill } for comm="swapper/3" capability=5 scontext=u:r:kernel:s0 tcontext=u:r:kernel:s0 tclass=capability permissive=0
11-22 08:36:35.035 0 0 I auditd : type=1400 audit(0.0:6801): avc: denied { kill } for comm="swapper/3" capability=5 scontext=u:r:kernel:s0 tcontext=u:r:kernel:s0 tclass=capability permissive=0
11-22 08:36:36.035 0 0 I auditd : type=1400 audit(0.0:6802): avc: denied { kill } for comm="swapper/3" capability=5 scontext=u:r:kernel:s0 tcontext=u:r:kernel:s0 tclass=capability permissive=0
11-22 08:36:37.035 0 0 I auditd : type=1400 audit(0.0:6803): avc: denied { kill } for comm="swapper/3" capability=5 scontext=u:r:kernel:s0 tcontext=u:r:kernel:s0 tclass=capability permissive=0
11-22 08:36:38.035 0 0 I auditd : type=1400 audit(0.0:6804): avc: denied { kill } for comm="swapper/3" capability=5 scontext=u:r:kernel:s0 tcontext=u:r:kernel:s0 tclass=capability permissive=0
11-22 08:36:39.035 0 0 I auditd : type=1400 audit(0.0:6805): avc: denied { kill } for comm="swapper/3" capability=5 scontext=u:r:kernel:s0 tcontext=u:r:kernel:s0 tclass=capability permissive=0
11-22 08:36:39.277 1489 1752 I am_freeze: [22733,com.microsoft.emmx]
11-22 08:36:39.279 1489 1752 I am_freeze: [22734,com.android.soundrecorder]
11-22 08:36:39.281 1489 1752 I am_kill : [0,22733,com.microsoft.emmx,935,Unable to freeze binder interface]
11-22 08:36:39.284 1489 1752 I am_kill : [0,22734,com.android.soundrecorder,935,Unable to freeze binder interface]
11-22 08:36:39.317 1489 2799 I am_proc_died: [0,22734,com.android.soundrecorder,935,19]
11-22 08:36:39.318 1489 2799 I am_uid_stopped: 10060
11-22 08:36:39.321 1489 6707 I am_proc_died: [0,22733,com.microsoft.emmx,935,19]
11-22 08:36:39.321 1489 6707 I am_uid_stopped: 10034
11-22 08:36:39.325 1489 1634 I am_uid_running: 10034
11-22 08:36:39.326 1489 1634 I am_uid_running: 10060
11-22 08:36:39.333 1489 1648 I am_pss : [23822,10069,com.android.gallery3d,128637952,122163200,0,244056064,0,2,9]
11-22 08:36:39.341 1489 1651 I am_proc_start: [0,23933,10034,com.microsoft.emmx,NULL,]
11-22 08:36:39.358 1489 1651 I am_proc_start: [0,23934,10060,com.android.soundrecorder,NULL,]
11-22 08:36:39.371 1489 2799 I am_proc_bound: [0,23933,com.microsoft.emmx]
11-22 08:36:39.380 1489 2799 I am_proc_bound: [0,23934,com.android.soundrecorder]
11-22 08:36:40.035 0 0 I auditd : type=1400 audit(0.0:6806): avc: denied { kill } for comm="swapper/3" capability=5 scontext=u:r:kernel:s0 tcontext=u:r:kernel:s0 tclass=capability permissive=0
11-22 08:36:41.035 0 0 I auditd : type=1400 audit(0.0:6807): avc: denied { kill } for comm="swapper/3" capability=5 scontext=u:r:kernel:s0 tcontext=u:r:kernel:s0 tclass=capability permissive=0
11-22 08:36:42.035 0 0 I auditd : type=1400 audit(0.0:6808): avc: denied { kill } for comm="swapper/3" capability=5 scontext=u:r:kernel:s0 tcontext=u:r:kernel:s0 tclass=capability permissive=0
11-22 08:36:43.035 0 0 I auditd : type=1400 audit(0.0:6809): avc: denied { kill } for comm="swapper/3" capability=5 scontext=u:r:kernel:s0 tcontext=u:r:kernel:s0 tclass=capability permissive=0
11-22 08:36:44.035 0 0 I auditd : type=1400 audit(0.0:6810): avc: denied { kill } for comm="swapper/3" capability=5 scontext=u:r:kernel:s0 tcontext=u:r:kernel:s0 tclass=capability permissive=0
11-22 08:36:45.035 0 0 I auditd : type=1400 audit(0.0:6811): avc: denied { kill } for comm="swapper/3" capability=5 scontext=u:r:kernel:s0 tcontext=u:r:kernel:s0 tclass=capability permissive=0
11-22 08:36:46.035 0 0 I auditd : type=1400 audit(0.0:6812): avc: denied { kill } for comm="swapper/3" capability=5 scontext=u:r:kernel:s0 tcontext=u:r:kernel:s0 tclass=capability permissive=0
11-22 08:36:47.035 0 0 I auditd : type=1400 audit(0.0:6813): avc: denied { kill } for comm="swapper/3" capability=5 scontext=u:r:kernel:s0 tcontext=u:r:kernel:s0 tclass=capability permissive=0
11-22 08:36:48.035 0 0 I auditd : type=1400 audit(0.0:6814): avc: denied { kill } for comm="swapper/3" capability=5 scontext=u:r:kernel:s0 tcontext=u:r:kernel:s0 tclass=capability permissive=0
11-22 08:36:49.035 0 0 I auditd : type=1400 audit(0.0:6815): avc: denied { kill } for comm="swapper/3" capability=5 scontext=u:r:kernel:s0 tcontext=u:r:kernel:s0 tclass=capability permissive=0
11-22 08:36:50.035 0 0 I auditd : type=1400 audit(0.0:6816): avc: denied { kill } for comm="swapper/3" capability=5 scontext=u:r:kernel:s0 tcontext=u:r:kernel:s0 tclass=capability permissive=0
11-22 08:36:51.035 0 0 I auditd : type=1400 audit(0.0:6817): avc: denied { kill } for comm="swapper/3" capability=5 scontext=u:r:kernel:s0 tcontext=u:r:kernel:s0 tclass=capability permissive=0
11-22 08:36:52.035 0 0 I auditd : type=1400 audit(0.0:6818): avc: denied { kill } for comm="swapper/3" capability=5 scontext=u:r:kernel:s0 tcontext=u:r:kernel:s0 tclass=capability permissive=0
11-22 08:36:53.035 0 0 I auditd : type=1400 audit(0.0:6819): avc: denied { kill } for comm="swapper/3" capability=5 scontext=u:r:kernel:s0 tcontext=u:r:kernel:s0 tclass=capability permissive=0
11-22 08:36:54.035 0 0 I auditd : type=1400 audit(0.0:6820): avc: denied { kill } for comm="swapper/3" capability=5 scontext=u:r:kernel:s0 tcontext=u:r:kernel:s0 tclass=capability permissive=0
11-22 08:36:55.035 0 0 I auditd : type=1400 audit(0.0:6821): avc: denied { kill } for comm="swapper/3" capability=5 scontext=u:r:kernel:s0 tcontext=u:r:kernel:s0 tclass=capability permissive=0
11-22 08:36:56.035 0 0 I auditd : type=1400 audit(0.0:6822): avc: denied { kill } for comm="swapper/3" capability=5 scontext=u:r:kernel:s0 tcontext=u:r:kernel:s0 tclass=capability permissive=0
11-22 08:36:57.035 0 0 I auditd : type=1400 audit(0.0:6823): avc: denied { kill } for comm="swapper/3" capability=5 scontext=u:r:kernel:s0 tcontext=u:r:kernel:s0 tclass=capability permissive=0
11-22 08:36:58.035 0 0 I auditd : type=1400 audit(0.0:6824): avc: denied { kill } for comm="swapper/3" capability=5 scontext=u:r:kernel:s0 tcontext=u:r:kernel:s0 tclass=capability permissive=0
11-22 08:37:00.035 0 0 I auditd : type=1400 audit(0.0:6825): avc: denied { kill } for comm="swapper/3" capability=5 scontext=u:r:kernel:s0 tcontext=u:r:kernel:s0 tclass=capability permissive=0
11-22 08:37:01.035 0 0 I auditd : type=1400 audit(0.0:6826): avc: denied { kill } for comm="swapper/3" capability=5 scontext=u:r:kernel:s0 tcontext=u:r:kernel:s0 tclass=capability permissive=0
11-22 08:37:03.035 0 0 I auditd : type=1400 audit(0.0:6827): avc: denied { kill } for comm="swapper/3" capability=5 scontext=u:r:kernel:s0 tcontext=u:r:kernel:s0 tclass=capability permissive=0
11-22 08:37:04.035 0 0 I auditd : type=1400 audit(0.0:6828): avc: denied { kill } for comm="swapper/3" capability=5 scontext=u:r:kernel:s0 tcontext=u:r:kernel:s0 tclass=capability permissive=0
11-22 08:37:05.035 0 0 I auditd : type=1400 audit(0.0:6829): avc: denied { kill } for comm="swapper/3" capability=5 scontext=u:r:kernel:s0 tcontext=u:r:kernel:s0 tclass=capability permissive=0
11-22 08:37:06.035 0 0 I auditd : type=1400 audit(0.0:6830): avc: denied { kill } for comm="swapper/3" capability=5 scontext=u:r:kernel:s0 tcontext=u:r:kernel:s0 tclass=capability permissive=0
11-22 08:37:07.035 0 0 I auditd : type=1400 audit(0.0:6831): avc: denied { kill } for comm="swapper/3" capability=5 scontext=u:r:kernel:s0 tcontext=u:r:kernel:s0 tclass=capability permissive=0
11-22 08:37:08.035 0 0 I auditd : type=1400 audit(0.0:6832): avc: denied { kill } for comm="swapper/3" capability=5 scontext=u:r:kernel:s0 tcontext=u:r:kernel:s0 tclass=capability permissive=0
11-22 08:37:09.035 0 0 I auditd : type=1400 audit(0.0:6833): avc: denied { kill } for comm="swapper/3" capability=5 scontext=u:r:kernel:s0 tcontext=u:r:kernel:s0 tclass=capability permissive=0
11-22 08:37:10.035 0 0 I auditd : type=1400 audit(0.0:6834): avc: denied { kill } for comm="swapper/3" capability=5 scontext=u:r:kernel:s0 tcontext=u:r:kernel:s0 tclass=capability permissive=0
11-22 08:37:11.035 0 0 I auditd : type=1400 audit(0.0:6835): avc: denied { kill } for comm="swapper/3" capability=5 scontext=u:r:kernel:s0 tcontext=u:r:kernel:s0 tclass=capability permissive=0
11-22 08:37:12.035 0 0 I auditd : type=1400 audit(0.0:6836): avc: denied { kill } for comm="swapper/3" capability=5 scontext=u:r:kernel:s0 tcontext=u:r:kernel:s0 tclass=capability permissive=0
11-22 08:37:13.035 0 0 I auditd : type=1400 audit(0.0:6837): avc: denied { kill } for comm="swapper/3" capability=5 scontext=u:r:kernel:s0 tcontext=u:r:kernel:s0 tclass=capability permissive=0
11-22 08:37:14.035 0 0 I auditd : type=1400 audit(0.0:6838): avc: denied { kill } for comm="swapper/3" capability=5 scontext=u:r:kernel:s0 tcontext=u:r:kernel:s0 tclass=capability permissive=0
11-22 08:37:15.035 0 0 I auditd : type=1400 audit(0.0:6839): avc: denied { kill } for comm="swapper/3" capability=5 scontext=u:r:kernel:s0 tcontext=u:r:kernel:s0 tclass=capability permissive=0
11-22 08:37:16.035 0 0 I auditd : type=1400 audit(0.0:6840): avc: denied { kill } for comm="swapper/3" capability=5 scontext=u:r:kernel:s0 tcontext=u:r:kernel:s0 tclass=capability permissive=0
11-22 08:37:17.035 0 0 I auditd : type=1400 audit(0.0:6841): avc: denied { kill } for comm="swapper/3" capability=5 scontext=u:r:kernel:s0 tcontext=u:r:kernel:s0 tclass=capability permissive=0
11-22 08:37:18.035 0 0 I auditd : type=1400 audit(0.0:6842): avc: denied { kill } for comm="swapper/3" capability=5 scontext=u:r:kernel:s0 tcontext=u:r:kernel:s0 tclass=capability permissive=0
11-22 08:37:19.035 0 0 I auditd : type=1400 audit(0.0:6843): avc: denied { kill } for comm="swapper/3" capability=5 scontext=u:r:kernel:s0 tcontext=u:r:kernel:s0 tclass=capability permissive=0
11-22 08:37:20.035 0 0 I auditd : type=1400 audit(0.0:6844): avc: denied { kill } for comm="swapper/3" capability=5 scontext=u:r:kernel:s0 tcontext=u:r:kernel:s0 tclass=capability permissive=0
11-22 08:37:21.035 0 0 I auditd : type=1400 audit(0.0:6845): avc: denied { kill } for comm="swapper/3" capability=5 scontext=u:r:kernel:s0 tcontext=u:r:kernel:s0 tclass=capability permissive=0
11-22 08:37:22.035 0 0 I auditd : type=1400 audit(0.0:6846): avc: denied { kill } for comm="swapper/3" capability=5 scontext=u:r:kernel:s0 tcontext=u:r:kernel:s0 tclass=capability permissive=0
11-22 08:37:23.035 0 0 I auditd : type=1400 audit(0.0:6847): avc: denied { kill } for comm="swapper/3" capability=5 scontext=u:r:kernel:s0 tcontext=u:r:kernel:s0 tclass=capability permissive=0
11-22 08:37:24.035 0 0 I auditd : type=1400 audit(0.0:6848): avc: denied { kill } for comm="swapper/3" capability=5 scontext=u:r:kernel:s0 tcontext=u:r:kernel:s0 tclass=capability permissive=0
11-22 08:37:25.035 0 0 I auditd : type=1400 audit(0.0:6849): avc: denied { kill } for comm="swapper/3" capability=5 scontext=u:r:kernel:s0 tcontext=u:r:kernel:s0 tclass=capability permissive=0
11-22 08:37:26.035 0 0 I auditd : type=1400 audit(0.0:6850): avc: denied { kill } for comm="swapper/3" capability=5 scontext=u:r:kernel:s0 tcontext=u:r:kernel:s0 tclass=capability permissive=0
11-22 08:37:27.035 0 0 I auditd : type=1400 audit(0.0:6851): avc: denied { kill } for comm="swapper/3" capability=5 scontext=u:r:kernel:s0 tcontext=u:r:kernel:s0 tclass=capability permissive=0
11-22 08:37:28.035 0 0 I auditd : type=1400 audit(0.0:6852): avc: denied { kill } for comm="swapper/3" capability=5 scontext=u:r:kernel:s0 tcontext=u:r:kernel:s0 tclass=capability permissive=0
11-22 08:37:29.035 0 0 I auditd : type=1400 audit(0.0:6853): avc: denied { kill } for comm="swapper/3" capability=5 scontext=u:r:kernel:s0 tcontext=u:r:kernel:s0 tclass=capability permissive=0
11-22 08:37:30.035 0 0 I auditd : type=1400 audit(0.0:6854): avc: denied { kill } for comm="swapper/3" capability=5 scontext=u:r:kernel:s0 tcontext=u:r:kernel:s0 tclass=capability permissive=0
11-22 08:37:31.035 0 0 I auditd : type=1400 audit(0.0:6855): avc: denied { kill } for comm="swapper/3" capability=5 scontext=u:r:kernel:s0 tcontext=u:r:kernel:s0 tclass=capability permissive=0
11-22 08:37:32.035 0 0 I auditd : type=1400 audit(0.0:6856): avc: denied { kill } for comm="swapper/3" capability=5 scontext=u:r:kernel:s0 tcontext=u:r:kernel:s0 tclass=capability permissive=0
11-22 08:37:33.035 0 0 I auditd : type=1400 audit(0.0:6857): avc: denied { kill } for comm="swapper/3" capability=5 scontext=u:r:kernel:s0 tcontext=u:r:kernel:s0 tclass=capability permissive=0
11-22 08:37:34.035 0 0 I auditd : type=1400 audit(0.0:6858): avc: denied { kill } for comm="swapper/3" capability=5 scontext=u:r:kernel:s0 tcontext=u:r:kernel:s0 tclass=capability permissive=0
11-22 08:37:36.035 0 0 I auditd : type=1400 audit(0.0:6859): avc: denied { kill } for comm="swapper/3" capability=5 scontext=u:r:kernel:s0 tcontext=u:r:kernel:s0 tclass=capability permissive=0
11-22 08:37:37.035 0 0 I auditd : type=1400 audit(0.0:6860): avc: denied { kill } for comm="swapper/3" capability=5 scontext=u:r:kernel:s0 tcontext=u:r:kernel:s0 tclass=capability permissive=0
11-22 08:37:38.035 0 0 I auditd : type=1400 audit(0.0:6861): avc: denied { kill } for comm="swapper/3" capability=5 scontext=u:r:kernel:s0 tcontext=u:r:kernel:s0 tclass=capability permissive=0
11-22 08:37:39.035 0 0 I auditd : type=1400 audit(0.0:6862): avc: denied { kill } for comm="swapper/3" capability=5 scontext=u:r:kernel:s0 tcontext=u:r:kernel:s0 tclass=capability permissive=0
11-22 08:37:40.035 0 0 I auditd : type=1400 audit(0.0:6863): avc: denied { kill } for comm="swapper/3" capability=5 scontext=u:r:kernel:s0 tcontext=u:r:kernel:s0 tclass=capability permissive=0
11-22 08:37:41.035 0 0 I auditd : type=1400 audit(0.0:6864): avc: denied { kill } for comm="swapper/3" capability=5 scontext=u:r:kernel:s0 tcontext=u:r:kernel:s0 tclass=capability permissive=0
11-22 08:37:42.035 0 0 I auditd : type=1400 audit(0.0:6865): avc: denied { kill } for comm="swapper/3" capability=5 scontext=u:r:kernel:s0 tcontext=u:r:kernel:s0 tclass=capability permissive=0
11-22 08:37:43.035 0 0 I auditd : type=1400 audit(0.0:6866): avc: denied { kill } for comm="swapper/3" capability=5 scontext=u:r:kernel:s0 tcontext=u:r:kernel:s0 tclass=capability permissive=0
11-22 08:37:45.035 0 0 I auditd : type=1400 audit(0.0:6867): avc: denied { kill } for comm="swapper/3" capability=5 scontext=u:r:kernel:s0 tcontext=u:r:kernel:s0 tclass=capability permissive=0
11-22 08:37:46.035 0 0 I auditd : type=1400 audit(0.0:6868): avc: denied { kill } for comm="swapper/3" capability=5 scontext=u:r:kernel:s0 tcontext=u:r:kernel:s0 tclass=capability permissive=0
11-22 08:37:47.035 0 0 I auditd : type=1400 audit(0.0:6869): avc: denied { kill } for comm="swapper/3" capability=5 scontext=u:r:kernel:s0 tcontext=u:r:kernel:s0 tclass=capability permissive=0
11-22 08:37:48.035 0 0 I auditd : type=1400 audit(0.0:6870): avc: denied { kill } for comm="swapper/3" capability=5 scontext=u:r:kernel:s0 tcontext=u:r:kernel:s0 tclass=capability permissive=0
11-22 08:37:49.035 0 0 I auditd : type=1400 audit(0.0:6871): avc: denied { kill } for comm="swapper/3" capability=5 scontext=u:r:kernel:s0 tcontext=u:r:kernel:s0 tclass=capability permissive=0
11-22 08:37:50.035 0 0 I auditd : type=1400 audit(0.0:6872): avc: denied { kill } for comm="swapper/3" capability=5 scontext=u:r:kernel:s0 tcontext=u:r:kernel:s0 tclass=capability permissive=0
11-22 08:37:51.035 0 0 I auditd : type=1400 audit(0.0:6873): avc: denied { kill } for comm="swapper/3" capability=5 scontext=u:r:kernel:s0 tcontext=u:r:kernel:s0 tclass=capability permissive=0
11-22 08:37:52.035 0 0 I auditd : type=1400 audit(0.0:6874): avc: denied { kill } for comm="swapper/3" capability=5 scontext=u:r:kernel:s0 tcontext=u:r:kernel:s0 tclass=capability permissive=0
11-22 08:37:53.035 0 0 I auditd : type=1400 audit(0.0:6875): avc: denied { kill } for comm="swapper/3" capability=5 scontext=u:r:kernel:s0 tcontext=u:r:kernel:s0 tclass=capability permissive=0
11-22 08:37:54.035 0 0 I auditd : type=1400 audit(0.0:6876): avc: denied { kill } for comm="swapper/3" capability=5 scontext=u:r:kernel:s0 tcontext=u:r:kernel:s0 tclass=capability permissive=0
11-22 08:37:55.035 0 0 I auditd : type=1400 audit(0.0:6877): avc: denied { kill } for comm="swapper/3" capability=5 scontext=u:r:kernel:s0 tcontext=u:r:kernel:s0 tclass=capability permissive=0
11-22 08:37:56.035 0 0 I auditd : type=1400 audit(0.0:6878): avc: denied { kill } for comm="swapper/3" capability=5 scontext=u:r:kernel:s0 tcontext=u:r:kernel:s0 tclass=capability permissive=0
11-22 08:37:57.035 0 0 I auditd : type=1400 audit(0.0:6879): avc: denied { kill } for comm="swapper/3" capability=5 scontext=u:r:kernel:s0 tcontext=u:r:kernel:s0 tclass=capability permissive=0
11-22 08:37:58.035 0 0 I auditd : type=1400 audit(0.0:6880): avc: denied { kill } for comm="swapper/3" capability=5 scontext=u:r:kernel:s0 tcontext=u:r:kernel:s0 tclass=capability permissive=0
11-22 08:37:59.035 0 0 I auditd : type=1400 audit(0.0:6881): avc: denied { kill } for comm="swapper/3" capability=5 scontext=u:r:kernel:s0 tcontext=u:r:kernel:s0 tclass=capability permissive=0
11-22 08:38:01.035 0 0 I auditd : type=1400 audit(0.0:6882): avc: denied { kill } for comm="swapper/3" capability=5 scontext=u:r:kernel:s0 tcontext=u:r:kernel:s0 tclass=capability permissive=0
11-22 08:38:02.035 0 0 I auditd : type=1400 audit(0.0:6883): avc: denied { kill } for comm="swapper/3" capability=5 scontext=u:r:kernel:s0 tcontext=u:r:kernel:s0 tclass=capability permissive=0
11-22 08:38:03.035 0 0 I auditd : type=1400 audit(0.0:6884): avc: denied { kill } for comm="swapper/3" capability=5 scontext=u:r:kernel:s0 tcontext=u:r:kernel:s0 tclass=capability permissive=0
11-22 08:38:04.035 0 0 I auditd : type=1400 audit(0.0:6885): avc: denied { kill } for comm="swapper/3" capability=5 scontext=u:r:kernel:s0 tcontext=u:r:kernel:s0 tclass=capability permissive=0
11-22 08:38:05.035 0 0 I auditd : type=1400 audit(0.0:6886): avc: denied { kill } for comm="swapper/3" capability=5 scontext=u:r:kernel:s0 tcontext=u:r:kernel:s0 tclass=capability permissive=0
11-22 08:38:07.035 0 0 I auditd : type=1400 audit(0.0:6887): avc: denied { kill } for comm="swapper/3" capability=5 scontext=u:r:kernel:s0 tcontext=u:r:kernel:s0 tclass=capability permissive=0
11-22 08:38:08.035 0 0 I auditd : type=1400 audit(0.0:6888): avc: denied { kill } for comm="swapper/3" capability=5 scontext=u:r:kernel:s0 tcontext=u:r:kernel:s0 tclass=capability permissive=0
11-22 08:38:09.035 0 0 I auditd : type=1400 audit(0.0:6889): avc: denied { kill } for comm="swapper/3" capability=5 scontext=u:r:kernel:s0 tcontext=u:r:kernel:s0 tclass=capability permissive=0
11-22 08:38:10.035 0 0 I auditd : type=1400 audit(0.0:6890): avc: denied { kill } for comm="swapper/3" capability=5 scontext=u:r:kernel:s0 tcontext=u:r:kernel:s0 tclass=capability permissive=0
11-22 08:38:11.035 0 0 I auditd : type=1400 audit(0.0:6891): avc: denied { kill } for comm="swapper/3" capability=5 scontext=u:r:kernel:s0 tcontext=u:r:kernel:s0 tclass=capability permissive=0
11-22 08:38:12.035 0 0 I auditd : type=1400 audit(0.0:6892): avc: denied { kill } for comm="swapper/3" capability=5 scontext=u:r:kernel:s0 tcontext=u:r:kernel:s0 tclass=capability permissive=0
11-22 08:38:13.035 0 0 I auditd : type=1400 audit(0.0:6893): avc: denied { kill } for comm="swapper/3" capability=5 scontext=u:r:kernel:s0 tcontext=u:r:kernel:s0 tclass=capability permissive=0
11-22 08:38:14.035 0 0 I auditd : type=1400 audit(0.0:6894): avc: denied { kill } for comm="swapper/3" capability=5 scontext=u:r:kernel:s0 tcontext=u:r:kernel:s0 tclass=capability permissive=0
11-22 08:38:15.035 0 0 I auditd : type=1400 audit(0.0:6895): avc: denied { kill } for comm="swapper/3" capability=5 scontext=u:r:kernel:s0 tcontext=u:r:kernel:s0 tclass=capability permissive=0
11-22 08:38:16.035 0 0 I auditd : type=1400 audit(0.0:6896): avc: denied { kill } for comm="swapper/3" capability=5 scontext=u:r:kernel:s0 tcontext=u:r:kernel:s0 tclass=capability permissive=0
11-22 08:38:17.035 0 0 I auditd : type=1400 audit(0.0:6897): avc: denied { kill } for comm="swapper/3" capability=5 scontext=u:r:kernel:s0 tcontext=u:r:kernel:s0 tclass=capability permissive=0
11-22 08:38:18.035 0 0 I auditd : type=1400 audit(0.0:6898): avc: denied { kill } for comm="swapper/3" capability=5 scontext=u:r:kernel:s0 tcontext=u:r:kernel:s0 tclass=capability permissive=0
11-22 08:38:19.035 0 0 I auditd : type=1400 audit(0.0:6899): avc: denied { kill } for comm="swapper/3" capability=5 scontext=u:r:kernel:s0 tcontext=u:r:kernel:s0 tclass=capability permissive=0
11-22 08:38:20.035 0 0 I auditd : type=1400 audit(0.0:6900): avc: denied { kill } for comm="swapper/3" capability=5 scontext=u:r:kernel:s0 tcontext=u:r:kernel:s0 tclass=capability permissive=0
11-22 08:38:21.035 0 0 I auditd : type=1400 audit(0.0:6901): avc: denied { kill } for comm="swapper/3" capability=5 scontext=u:r:kernel:s0 tcontext=u:r:kernel:s0 tclass=capability permissive=0
11-22 08:38:22.035 0 0 I auditd : type=1400 audit(0.0:6902): avc: denied { kill } for comm="swapper/3" capability=5 scontext=u:r:kernel:s0 tcontext=u:r:kernel:s0 tclass=capability permissive=0
11-22 08:38:23.035 0 0 I auditd : type=1400 audit(0.0:6903): avc: denied { kill } for comm="swapper/3" capability=5 scontext=u:r:kernel:s0 tcontext=u:r:kernel:s0 tclass=capability permissive=0
11-22 08:38:24.035 0 0 I auditd : type=1400 audit(0.0:6904): avc: denied { kill } for comm="swapper/3" capability=5 scontext=u:r:kernel:s0 tcontext=u:r:kernel:s0 tclass=capability permissive=0
11-22 08:38:25.035 0 0 I auditd : type=1400 audit(0.0:6905): avc: denied { kill } for comm="swapper/3" capability=5 scontext=u:r:kernel:s0 tcontext=u:r:kernel:s0 tclass=capability permissive=0
11-22 08:38:26.035 0 0 I auditd : type=1400 audit(0.0:6906): avc: denied { kill } for comm="swapper/3" capability=5 scontext=u:r:kernel:s0 tcontext=u:r:kernel:s0 tclass=capability permissive=0
11-22 08:38:26.954 1489 1752 I am_freeze: [23178,com.android.calendar]
11-22 08:38:26.955 1489 1752 I am_kill : [0,23178,com.android.calendar,955,Unable to freeze binder interface]
11-22 08:38:26.982 1489 2799 I am_proc_died: [0,23178,com.android.calendar,955,19]
11-22 08:38:26.983 1489 2799 I am_uid_stopped: 10068
11-22 08:38:26.989 1489 1634 I am_uid_running: 10068
11-22 08:38:26.998 1489 1648 I am_pss : [23822,10069,com.android.gallery3d,128563200,122163200,0,244056064,0,2,11]
11-22 08:38:27.004 1489 1648 I am_pss : [23934,10060,com.android.soundrecorder,5865472,3899392,0,88399872,0,19,4]
11-22 08:38:27.005 1489 1651 I am_proc_start: [0,23998,10068,com.android.calendar,NULL,]
11-22 08:38:27.012 1489 1648 I am_pss : [23933,10034,com.microsoft.emmx,32501760,28876800,0,128249856,0,19,6]
11-22 08:38:27.035 0 0 I auditd : type=1400 audit(0.0:6907): avc: denied { kill } for comm="swapper/3" capability=5 scontext=u:r:kernel:s0 tcontext=u:r:kernel:s0 tclass=capability permissive=0
11-22 08:38:27.039 1489 2799 I am_proc_bound: [0,23998,com.android.calendar]
11-22 08:38:28.035 0 0 I auditd : type=1400 audit(0.0:6908): avc: denied { kill } for comm="swapper/3" capability=5 scontext=u:r:kernel:s0 tcontext=u:r:kernel:s0 tclass=capability permissive=0
11-22 08:38:29.035 0 0 I auditd : type=1400 audit(0.0:6909): avc: denied { kill } for comm="swapper/3" capability=5 scontext=u:r:kernel:s0 tcontext=u:r:kernel:s0 tclass=capability permissive=0
11-22 08:38:30.035 0 0 I auditd : type=1400 audit(0.0:6910): avc: denied { kill } for comm="swapper/3" capability=5 scontext=u:r:kernel:s0 tcontext=u:r:kernel:s0 tclass=capability permissive=0
11-22 08:38:31.035 0 0 I auditd : type=1400 audit(0.0:6911): avc: denied { kill } for comm="swapper/3" capability=5 scontext=u:r:kernel:s0 tcontext=u:r:kernel:s0 tclass=capability permissive=0
11-22 08:38:32.035 0 0 I auditd : type=1400 audit(0.0:6912): avc: denied { kill } for comm="swapper/3" capability=5 scontext=u:r:kernel:s0 tcontext=u:r:kernel:s0 tclass=capability permissive=0
11-22 08:38:33.035 0 0 I auditd : type=1400 audit(0.0:6913): avc: denied { kill } for comm="swapper/3" capability=5 scontext=u:r:kernel:s0 tcontext=u:r:kernel:s0 tclass=capability permissive=0
11-22 08:38:34.035 0 0 I auditd : type=1400 audit(0.0:6914): avc: denied { kill } for comm="swapper/3" capability=5 scontext=u:r:kernel:s0 tcontext=u:r:kernel:s0 tclass=capability permissive=0
11-22 08:38:36.023 1489 2301 I netstats_mobile_sample: [0,0,0,0,0,0,0,0,0,0,0,0,1669077516023]
11-22 08:38:36.023 1489 2301 I netstats_wifi_sample: [35109776,33661,7686312,17179,35109776,33661,7686312,17179,44196303,39960,4152968,10798,1669077516023]
11-22 08:38:36.035 0 0 I auditd : type=1400 audit(0.0:6915): avc: denied { kill } for comm="swapper/3" capability=5 scontext=u:r:kernel:s0 tcontext=u:r:kernel:s0 tclass=capability permissive=0
11-22 08:38:37.035 0 0 I auditd : type=1400 audit(0.0:6916): avc: denied { kill } for comm="swapper/3" capability=5 scontext=u:r:kernel:s0 tcontext=u:r:kernel:s0 tclass=capability permissive=0
11-22 08:38:38.035 0 0 I auditd : type=1400 audit(0.0:6917): avc: denied { kill } for comm="swapper/3" capability=5 scontext=u:r:kernel:s0 tcontext=u:r:kernel:s0 tclass=capability permissive=0
11-22 08:38:39.035 0 0 I auditd : type=1400 audit(0.0:6918): avc: denied { kill } for comm="swapper/3" capability=5 scontext=u:r:kernel:s0 tcontext=u:r:kernel:s0 tclass=capability permissive=0
11-22 08:38:40.035 0 0 I auditd : type=1400 audit(0.0:6919): avc: denied { kill } for comm="swapper/3" capability=5 scontext=u:r:kernel:s0 tcontext=u:r:kernel:s0 tclass=capability permissive=0
11-22 08:38:41.035 0 0 I auditd : type=1400 audit(0.0:6920): avc: denied { kill } for comm="swapper/3" capability=5 scontext=u:r:kernel:s0 tcontext=u:r:kernel:s0 tclass=capability permissive=0
11-22 08:38:42.035 0 0 I auditd : type=1400 audit(0.0:6921): avc: denied { kill } for comm="swapper/3" capability=5 scontext=u:r:kernel:s0 tcontext=u:r:kernel:s0 tclass=capability permissive=0
11-22 08:38:43.035 0 0 I auditd : type=1400 audit(0.0:6922): avc: denied { kill } for comm="swapper/3" capability=5 scontext=u:r:kernel:s0 tcontext=u:r:kernel:s0 tclass=capability permissive=0
11-22 08:38:44.035 0 0 I auditd : type=1400 audit(0.0:6923): avc: denied { kill } for comm="swapper/3" capability=5 scontext=u:r:kernel:s0 tcontext=u:r:kernel:s0 tclass=capability permissive=0
11-22 08:38:45.035 0 0 I auditd : type=1400 audit(0.0:6924): avc: denied { kill } for comm="swapper/3" capability=5 scontext=u:r:kernel:s0 tcontext=u:r:kernel:s0 tclass=capability permissive=0
11-22 08:38:46.035 0 0 I auditd : type=1400 audit(0.0:6925): avc: denied { kill } for comm="swapper/3" capability=5 scontext=u:r:kernel:s0 tcontext=u:r:kernel:s0 tclass=capability permissive=0
11-22 08:38:47.035 0 0 I auditd : type=1400 audit(0.0:6926): avc: denied { kill } for comm="swapper/3" capability=5 scontext=u:r:kernel:s0 tcontext=u:r:kernel:s0 tclass=capability permissive=0
11-22 08:38:48.035 0 0 I auditd : type=1400 audit(0.0:6927): avc: denied { kill } for comm="swapper/3" capability=5 scontext=u:r:kernel:s0 tcontext=u:r:kernel:s0 tclass=capability permissive=0
11-22 08:38:49.035 0 0 I auditd : type=1400 audit(0.0:6928): avc: denied { kill } for comm="swapper/3" capability=5 scontext=u:r:kernel:s0 tcontext=u:r:kernel:s0 tclass=capability permissive=0
11-22 08:38:50.035 0 0 I auditd : type=1400 audit(0.0:6929): avc: denied { kill } for comm="swapper/3" capability=5 scontext=u:r:kernel:s0 tcontext=u:r:kernel:s0 tclass=capability permissive=0
11-22 08:38:51.035 0 0 I auditd : type=1400 audit(0.0:6930): avc: denied { kill } for comm="swapper/3" capability=5 scontext=u:r:kernel:s0 tcontext=u:r:kernel:s0 tclass=capability permissive=0
11-22 08:38:52.035 0 0 I auditd : type=1400 audit(0.0:6931): avc: denied { kill } for comm="swapper/3" capability=5 scontext=u:r:kernel:s0 tcontext=u:r:kernel:s0 tclass=capability permissive=0
11-22 08:38:53.035 0 0 I auditd : type=1400 audit(0.0:6932): avc: denied { kill } for comm="swapper/3" capability=5 scontext=u:r:kernel:s0 tcontext=u:r:kernel:s0 tclass=capability permissive=0
11-22 08:38:54.035 0 0 I auditd : type=1400 audit(0.0:6933): avc: denied { kill } for comm="swapper/3" capability=5 scontext=u:r:kernel:s0 tcontext=u:r:kernel:s0 tclass=capability permissive=0
11-22 08:38:55.035 0 0 I auditd : type=1400 audit(0.0:6934): avc: denied { kill } for comm="swapper/3" capability=5 scontext=u:r:kernel:s0 tcontext=u:r:kernel:s0 tclass=capability permissive=0
11-22 08:38:56.035 0 0 I auditd : type=1400 audit(0.0:6935): avc: denied { kill } for comm="swapper/3" capability=5 scontext=u:r:kernel:s0 tcontext=u:r:kernel:s0 tclass=capability permissive=0
11-22 08:38:57.035 0 0 I auditd : type=1400 audit(0.0:6936): avc: denied { kill } for comm="swapper/3" capability=5 scontext=u:r:kernel:s0 tcontext=u:r:kernel:s0 tclass=capability permissive=0
11-22 08:38:58.035 0 0 I auditd : type=1400 audit(0.0:6937): avc: denied { kill } for comm="swapper/3" capability=5 scontext=u:r:kernel:s0 tcontext=u:r:kernel:s0 tclass=capability permissive=0
