11-22 08:19:04.035 0 0 I auditd : type=1400 audit(0.0:5836): avc: denied { kill } for comm="swapper/1" capability=5 scontext=u:r:kernel:s0 tcontext=u:r:kernel:s0 tclass=capability permissive=0
11-22 08:19:04.069 22049 22049 I menu_item_selected: [0,Movies]
11-22 08:19:08.035 0 0 I auditd : type=1400 audit(0.0:5837): avc: denied { kill } for comm="swapper/0" capability=5 scontext=u:r:kernel:s0 tcontext=u:r:kernel:s0 tclass=capability permissive=0
11-22 08:19:08.626 22049 22049 I menu_item_selected: [0,Movies]
11-22 08:19:09.035 0 0 I auditd : type=1400 audit(0.0:5838): avc: denied { kill } for comm="swapper/0" capability=5 scontext=u:r:kernel:s0 tcontext=u:r:kernel:s0 tclass=capability permissive=0
11-22 08:19:10.035 0 0 I auditd : type=1400 audit(0.0:5839): avc: denied { kill } for comm="swapper/0" capability=5 scontext=u:r:kernel:s0 tcontext=u:r:kernel:s0 tclass=capability permissive=0
11-22 08:19:11.035 0 0 I auditd : type=1400 audit(0.0:5840): avc: denied { kill } for comm="swapper/0" capability=5 scontext=u:r:kernel:s0 tcontext=u:r:kernel:s0 tclass=capability permissive=0
11-22 08:19:12.035 0 0 I auditd : type=1400 audit(0.0:5841): avc: denied { kill } for comm="swapper/0" capability=5 scontext=u:r:kernel:s0 tcontext=u:r:kernel:s0 tclass=capability permissive=0
11-22 08:19:12.483 1489 1636 I input_focus: [Focus request f54a24a PopupWindow:8d58720,reason=UpdateInputWindows]
11-22 08:19:12.507 1489 2012 I input_focus: [Focus leaving 78b84a9 com.android.gallery3d/com.android.gallery3d.app.GalleryActivity (server),reason=Waiting for window because NOT_VISIBLE]
11-22 08:19:12.537 1489 2012 I input_focus: [Focus entering f54a24a PopupWindow:8d58720 (server),reason=Window became focusable. Previous reason: NOT_VISIBLE]
11-22 08:19:13.035 0 0 I auditd : type=1400 audit(0.0:5842): avc: denied { kill } for comm="swapper/0" capability=5 scontext=u:r:kernel:s0 tcontext=u:r:kernel:s0 tclass=capability permissive=0
11-22 08:19:13.632 1489 2012 I input_interaction: Interaction with: f54a24a PopupWindow:8d58720 (server), edge-swipe (server), swipe-up (server), PointerEventDispatcher0 (server),
11-22 08:19:13.795 22049 22049 I menu_item_selected: [0,静音]
11-22 08:19:13.862 1489 1636 I input_focus: [Focus request ed47cf0 正在静音,reason=UpdateInputWindows]
11-22 08:19:13.877 1489 6739 I am_crash: [22049,0,com.android.gallery3d,819510341,java.lang.NullPointerException,Can't toast on a thread that has not called Looper.prepare(),Preconditions.java,167]
11-22 08:19:13.886 1489 6739 I wm_finish_activity: [0,223156611,224,com.android.gallery3d/.app.GalleryActivity,force-crash]
11-22 08:19:13.886 1489 6739 I wm_task_moved: [1,1,6]
11-22 08:19:13.888 1489 6739 I wm_set_resumed_activity: [0,com.android.launcher3/.uioverrides.QuickstepLauncher,positionChildAt]
11-22 08:19:13.888 1489 6739 I wm_task_moved: [10,1,2147483647]
11-22 08:19:13.888 1489 6739 I wm_task_to_front: [0,10]
11-22 08:19:13.888 1489 6739 I wm_focused_root_task: [0,0,1,-1,finish-top adjustFocusToNextFocusableTask]
11-22 08:19:13.888 1489 6739 I wm_set_resumed_activity: [0,com.android.launcher3/.uioverrides.QuickstepLauncher,finish-top]
11-22 08:19:13.889 22049 22049 I wm_on_top_resumed_lost_called: [223156611,com.android.gallery3d.app.GalleryActivity,topStateChangedWhenResumed]
11-22 08:19:13.891 1489 2012 I input_focus: [Focus entering ed47cf0 正在静音 (server),reason=Window became focusable. Previous reason: NOT_VISIBLE]
11-22 08:19:13.906 1489 6739 I wm_pause_activity: [0,223156611,com.android.gallery3d/.app.GalleryActivity,userLeaving=false,finish]
11-22 08:19:13.912 1489 1636 I input_focus: [Focus request 3cc67bf com.android.launcher3/com.android.launcher3.uioverrides.QuickstepLauncher,reason=UpdateInputWindows]
11-22 08:19:13.913 2840 2840 I wm_on_top_resumed_gained_called: [168390208,com.android.launcher3.uioverrides.QuickstepLauncher,topStateChangedWhenResumed]
11-22 08:19:13.928 1489 6739 I sysui_multi_action: [757,316,758,4,759,-1]
11-22 08:19:13.932 1489 2012 I input_focus: [Focus leaving ed47cf0 正在静音 (server),reason=NO_WINDOW]
11-22 08:19:13.932 1489 2012 I input_focus: [Focus entering 3cc67bf com.android.launcher3/com.android.launcher3.uioverrides.QuickstepLauncher (server),reason=setFocusedWindow]
11-22 08:19:13.978 1489 6560 I am_proc_died: [0,22049,com.android.gallery3d,0,2]
11-22 08:19:13.991 1489 6560 I am_uid_stopped: 10069
11-22 08:19:14.035 0 0 I auditd : type=1400 audit(0.0:5843): avc: denied { kill } for comm="swapper/0" capability=5 scontext=u:r:kernel:s0 tcontext=u:r:kernel:s0 tclass=capability permissive=0
11-22 08:19:14.223 1489 1636 I wm_task_removed: [224,removeChild:removeChild last r=ActivityRecord{d4d1983 u0 com.android.gallery3d/.app.GalleryActivity t-1 f}} in t=Task{bf8f832 #224 type=standard A=10069:com.android.gallery3d U=0 visible=false mode=freeform translucent=true sz=0}]
11-22 08:19:14.223 1489 1636 I wm_task_removed: [224,removeChild]
11-22 08:19:15.035 0 0 I auditd : type=1400 audit(0.0:5844): avc: denied { kill } for comm="swapper/0" capability=5 scontext=u:r:kernel:s0 tcontext=u:r:kernel:s0 tclass=capability permissive=0
11-22 08:19:16.035 0 0 I auditd : type=1400 audit(0.0:5845): avc: denied { kill } for comm="swapper/0" capability=5 scontext=u:r:kernel:s0 tcontext=u:r:kernel:s0 tclass=capability permissive=0
11-22 08:19:17.035 0 0 I auditd : type=1400 audit(0.0:5846): avc: denied { kill } for comm="swapper/0" capability=5 scontext=u:r:kernel:s0 tcontext=u:r:kernel:s0 tclass=capability permissive=0
11-22 08:19:17.649 1489 2012 I input_interaction: Interaction with: 3cc67bf com.android.launcher3/com.android.launcher3.uioverrides.QuickstepLauncher (server), 6449bab com.android.systemui.ImageWallpaper (server), edge-swipe (server), swipe-up (server), PointerEventDispatcher0 (server),
11-22 08:19:18.035 9 9 I auditd : type=1400 audit(0.0:5847): avc: denied { kill } for comm="ksoftirqd/0" capability=5 scontext=u:r:kernel:s0 tcontext=u:r:kernel:s0 tclass=capability permissive=0
11-22 08:19:18.986 1489 6560 I wm_task_created: [225,-1]
11-22 08:19:18.991 1489 6560 I wm_task_moved: [225,1,6]
11-22 08:19:18.991 1489 6560 I wm_task_to_front: [0,225]
11-22 08:19:18.991 1489 6560 I wm_create_task: [0,225]
11-22 08:19:18.991 1489 6560 I wm_create_activity: [0,211195668,225,com.android.music/.VideoBrowserActivity,NULL,NULL,NULL,268468224]
11-22 08:19:18.991 1489 6560 I wm_task_moved: [225,1,6]
11-22 08:19:18.995 1489 6560 I wm_restart_activity: [0,211195668,225,com.android.music/.VideoBrowserActivity]
11-22 08:19:18.997 1489 6560 I wm_set_resumed_activity: [0,com.android.music/.VideoBrowserActivity,minimalResumeActivityLocked]
11-22 08:19:19.003 1489 1634 I am_uid_active: 10090
11-22 08:19:19.007 2840 2840 I wm_on_top_resumed_lost_called: [168390208,com.android.launcher3.uioverrides.QuickstepLauncher,topStateChangedWhenResumed]
11-22 08:19:19.055 22065 22065 I wm_on_create_called: [211195668,com.android.music.VideoBrowserActivity,performCreate]
11-22 08:19:19.055 22065 22065 I wm_on_start_called: [211195668,com.android.music.VideoBrowserActivity,handleStartActivity]
11-22 08:19:19.056 22065 22065 I wm_on_resume_called: [211195668,com.android.music.VideoBrowserActivity,RESUME_ACTIVITY]
11-22 08:19:19.061 22065 22065 I wm_on_top_resumed_gained_called: [211195668,com.android.music.VideoBrowserActivity,topStateChangedWhenResumed]
11-22 08:19:19.069 1489 1636 I input_focus: [Focus request b1aa90a com.android.music/com.android.music.VideoBrowserActivity,reason=UpdateInputWindows]
11-22 08:19:19.101 1489 2012 I input_focus: [Focus leaving 3cc67bf com.android.launcher3/com.android.launcher3.uioverrides.QuickstepLauncher (server),reason=Waiting for window because NOT_VISIBLE]
11-22 08:19:19.113 1489 1631 I sysui_multi_action: [319,128,322,128,325,19347,757,761,758,8,759,2,806,com.android.music,871,com.android.music.VideoBrowserActivity,904,com.android.launcher3,905,0,1320,4,1321,1]
11-22 08:19:19.116 1489 1631 I wm_activity_launch_time: [0,211195668,com.android.music/.VideoBrowserActivity,128]
11-22 08:19:19.118 1489 2012 I input_focus: [Focus entering b1aa90a com.android.music/com.android.music.VideoBrowserActivity (server),reason=Window became focusable. Previous reason: NOT_VISIBLE]
11-22 08:19:19.140 1489 1648 I am_pss : [22081,1000,com.android.settings,13665280,10330112,0,98955264,0,19,5]
11-22 08:19:19.147 1489 1648 I am_pss : [21970,10068,com.android.calendar,6800384,4694016,0,90812416,0,19,5]
11-22 08:19:20.035 0 0 I auditd : type=1400 audit(0.0:5848): avc: denied { kill } for comm="swapper/2" capability=5 scontext=u:r:kernel:s0 tcontext=u:r:kernel:s0 tclass=capability permissive=0
11-22 08:19:20.551 1489 2012 I input_interaction: Interaction with: b1aa90a com.android.music/com.android.music.VideoBrowserActivity (server), edge-swipe (server), swipe-up (server), PointerEventDispatcher0 (server),
11-22 08:19:20.639 1489 6560 I wm_finish_activity: [0,211195668,225,com.android.music/.VideoBrowserActivity,finish-activity]
11-22 08:19:20.639 1489 6560 I wm_task_moved: [1,1,6]
11-22 08:19:20.641 1489 6560 I wm_set_resumed_activity: [0,com.android.launcher3/.uioverrides.QuickstepLauncher,positionChildAt]
11-22 08:19:20.641 1489 6560 I wm_task_moved: [10,1,2147483647]
11-22 08:19:20.641 1489 6560 I wm_task_to_front: [0,10]
11-22 08:19:20.642 1489 6560 I wm_focused_root_task: [0,0,1,-1,finish-top adjustFocusToNextFocusableTask]
11-22 08:19:20.642 1489 6560 I wm_set_resumed_activity: [0,com.android.launcher3/.uioverrides.QuickstepLauncher,finish-top]
11-22 08:19:20.651 1489 6560 I wm_pause_activity: [0,211195668,com.android.music/.VideoBrowserActivity,userLeaving=false,finish]
11-22 08:19:20.656 1489 1636 I input_focus: [Focus request 3cc67bf com.android.launcher3/com.android.launcher3.uioverrides.QuickstepLauncher,reason=UpdateInputWindows]
11-22 08:19:20.657 22065 22065 I wm_on_top_resumed_lost_called: [211195668,com.android.music.VideoBrowserActivity,topStateChangedWhenResumed]
11-22 08:19:20.660 1489 1634 I sysui_multi_action: [757,803,799,window_time_0,802,24]
11-22 08:19:20.663 2840 2840 I wm_on_top_resumed_gained_called: [168390208,com.android.launcher3.uioverrides.QuickstepLauncher,topStateChangedWhenResumed]
11-22 08:19:20.664 22065 22065 I wm_on_paused_called: [211195668,com.android.music.VideoBrowserActivity,performPause]
11-22 08:19:20.666 1489 5105 I wm_destroy_activity: [0,211195668,225,com.android.music/.VideoBrowserActivity,finish-imm:completePausedLocked]
11-22 08:19:20.673 1489 2012 I input_focus: [Focus leaving b1aa90a com.android.music/com.android.music.VideoBrowserActivity (server),reason=NO_WINDOW]
11-22 08:19:20.674 1489 2012 I input_focus: [Focus entering 3cc67bf com.android.launcher3/com.android.launcher3.uioverrides.QuickstepLauncher (server),reason=setFocusedWindow]
11-22 08:19:20.687 1489 1634 I sysui_multi_action: [757,803,799,window_time_0,802,0]
11-22 08:19:20.693 22065 22065 I wm_on_stop_called: [211195668,com.android.music.VideoBrowserActivity,LIFECYCLER_STOP_ACTIVITY]
11-22 08:19:20.703 22065 22065 I wm_on_destroy_called: [211195668,com.android.music.VideoBrowserActivity,performDestroy]
11-22 08:19:20.970 1489 1636 I wm_task_removed: [225,removeChild:removeChild last r=ActivityRecord{c969714 u0 com.android.music/.VideoBrowserActivity t-1 f}} in t=Task{12bf881 #225 type=standard A=10090:android.task.video U=0 visible=false mode=freeform translucent=true sz=0}]
11-22 08:19:20.970 1489 1636 I wm_task_removed: [225,removeChild]
11-22 08:19:21.035 0 0 I auditd : type=1400 audit(0.0:5849): avc: denied { kill } for comm="swapper/2" capability=5 scontext=u:r:kernel:s0 tcontext=u:r:kernel:s0 tclass=capability permissive=0
11-22 08:19:22.035 0 0 I auditd : type=1400 audit(0.0:5850): avc: denied { kill } for comm="swapper/2" capability=5 scontext=u:r:kernel:s0 tcontext=u:r:kernel:s0 tclass=capability permissive=0
11-22 08:19:23.035 0 0 I auditd : type=1400 audit(0.0:5851): avc: denied { kill } for comm="swapper/2" capability=5 scontext=u:r:kernel:s0 tcontext=u:r:kernel:s0 tclass=capability permissive=0
11-22 08:19:24.035 0 0 I auditd : type=1400 audit(0.0:5852): avc: denied { kill } for comm="swapper/2" capability=5 scontext=u:r:kernel:s0 tcontext=u:r:kernel:s0 tclass=capability permissive=0
11-22 08:19:25.035 0 0 I auditd : type=1400 audit(0.0:5853): avc: denied { kill } for comm="swapper/2" capability=5 scontext=u:r:kernel:s0 tcontext=u:r:kernel:s0 tclass=capability permissive=0
11-22 08:19:26.035 0 0 I auditd : type=1400 audit(0.0:5854): avc: denied { kill } for comm="swapper/2" capability=5 scontext=u:r:kernel:s0 tcontext=u:r:kernel:s0 tclass=capability permissive=0
11-22 08:19:27.035 0 0 I auditd : type=1400 audit(0.0:5855): avc: denied { kill } for comm="swapper/2" capability=5 scontext=u:r:kernel:s0 tcontext=u:r:kernel:s0 tclass=capability permissive=0
11-22 08:19:28.035 0 0 I auditd : type=1400 audit(0.0:5856): avc: denied { kill } for comm="swapper/2" capability=5 scontext=u:r:kernel:s0 tcontext=u:r:kernel:s0 tclass=capability permissive=0
11-22 08:19:29.035 0 0 I auditd : type=1400 audit(0.0:5857): avc: denied { kill } for comm="swapper/2" capability=5 scontext=u:r:kernel:s0 tcontext=u:r:kernel:s0 tclass=capability permissive=0
11-22 08:19:31.035 0 0 I auditd : type=1400 audit(0.0:5858): avc: denied { kill } for comm="swapper/2" capability=5 scontext=u:r:kernel:s0 tcontext=u:r:kernel:s0 tclass=capability permissive=0
11-22 08:19:32.035 0 0 I auditd : type=1400 audit(0.0:5859): avc: denied { kill } for comm="swapper/2" capability=5 scontext=u:r:kernel:s0 tcontext=u:r:kernel:s0 tclass=capability permissive=0
11-22 08:19:33.035 0 0 I auditd : type=1400 audit(0.0:5860): avc: denied { kill } for comm="swapper/2" capability=5 scontext=u:r:kernel:s0 tcontext=u:r:kernel:s0 tclass=capability permissive=0
11-22 08:19:34.035 0 0 I auditd : type=1400 audit(0.0:5861): avc: denied { kill } for comm="swapper/2" capability=5 scontext=u:r:kernel:s0 tcontext=u:r:kernel:s0 tclass=capability permissive=0
11-22 08:19:35.035 0 0 I auditd : type=1400 audit(0.0:5862): avc: denied { kill } for comm="swapper/2" capability=5 scontext=u:r:kernel:s0 tcontext=u:r:kernel:s0 tclass=capability permissive=0
11-22 08:19:36.035 0 0 I auditd : type=1400 audit(0.0:5863): avc: denied { kill } for comm="swapper/2" capability=5 scontext=u:r:kernel:s0 tcontext=u:r:kernel:s0 tclass=capability permissive=0
11-22 08:19:37.035 0 0 I auditd : type=1400 audit(0.0:5864): avc: denied { kill } for comm="swapper/2" capability=5 scontext=u:r:kernel:s0 tcontext=u:r:kernel:s0 tclass=capability permissive=0
11-22 08:19:38.035 0 0 I auditd : type=1400 audit(0.0:5865): avc: denied { kill } for comm="swapper/2" capability=5 scontext=u:r:kernel:s0 tcontext=u:r:kernel:s0 tclass=capability permissive=0
11-22 08:19:40.035 0 0 I auditd : type=1400 audit(0.0:5866): avc: denied { kill } for comm="swapper/2" capability=5 scontext=u:r:kernel:s0 tcontext=u:r:kernel:s0 tclass=capability permissive=0
11-22 08:19:41.035 0 0 I auditd : type=1400 audit(0.0:5867): avc: denied { kill } for comm="swapper/2" capability=5 scontext=u:r:kernel:s0 tcontext=u:r:kernel:s0 tclass=capability permissive=0
11-22 08:19:42.035 0 0 I auditd : type=1400 audit(0.0:5868): avc: denied { kill } for comm="swapper/2" capability=5 scontext=u:r:kernel:s0 tcontext=u:r:kernel:s0 tclass=capability permissive=0
11-22 08:19:42.211 1489 2489 I ntp_failure: [time.android.com/216.239.35.4,java.net.SocketTimeoutException: Poll timed out]
11-22 08:19:43.035 0 0 I auditd : type=1400 audit(0.0:5869): avc: denied { kill } for comm="swapper/2" capability=5 scontext=u:r:kernel:s0 tcontext=u:r:kernel:s0 tclass=capability permissive=0
11-22 08:19:44.035 0 0 I auditd : type=1400 audit(0.0:5870): avc: denied { kill } for comm="swapper/2" capability=5 scontext=u:r:kernel:s0 tcontext=u:r:kernel:s0 tclass=capability permissive=0
11-22 08:19:45.035 0 0 I auditd : type=1400 audit(0.0:5871): avc: denied { kill } for comm="swapper/2" capability=5 scontext=u:r:kernel:s0 tcontext=u:r:kernel:s0 tclass=capability permissive=0
11-22 08:19:46.035 0 0 I auditd : type=1400 audit(0.0:5872): avc: denied { kill } for comm="swapper/2" capability=5 scontext=u:r:kernel:s0 tcontext=u:r:kernel:s0 tclass=capability permissive=0
11-22 08:19:47.035 0 0 I auditd : type=1400 audit(0.0:5873): avc: denied { kill } for comm="swapper/2" capability=5 scontext=u:r:kernel:s0 tcontext=u:r:kernel:s0 tclass=capability permissive=0
11-22 08:19:47.216 1489 2489 I ntp_failure: [time.android.com/216.239.35.0,java.net.SocketTimeoutException: Poll timed out]
11-22 08:19:48.035 0 0 I auditd : type=1400 audit(0.0:5874): avc: denied { kill } for comm="swapper/2" capability=5 scontext=u:r:kernel:s0 tcontext=u:r:kernel:s0 tclass=capability permissive=0
11-22 08:19:49.035 0 0 I auditd : type=1400 audit(0.0:5875): avc: denied { kill } for comm="swapper/2" capability=5 scontext=u:r:kernel:s0 tcontext=u:r:kernel:s0 tclass=capability permissive=0
11-22 08:19:50.035 0 0 I auditd : type=1400 audit(0.0:5876): avc: denied { kill } for comm="swapper/2" capability=5 scontext=u:r:kernel:s0 tcontext=u:r:kernel:s0 tclass=capability permissive=0
11-22 08:19:51.035 0 0 I auditd : type=1400 audit(0.0:5877): avc: denied { kill } for comm="swapper/2" capability=5 scontext=u:r:kernel:s0 tcontext=u:r:kernel:s0 tclass=capability permissive=0
11-22 08:19:52.035 0 0 I auditd : type=1400 audit(0.0:5878): avc: denied { kill } for comm="swapper/1" capability=5 scontext=u:r:kernel:s0 tcontext=u:r:kernel:s0 tclass=capability permissive=0
11-22 08:19:52.224 1489 2489 I ntp_failure: [time.android.com/216.239.35.8,java.net.SocketTimeoutException: Poll timed out]
11-22 08:19:54.035 0 0 I auditd : type=1400 audit(0.0:5879): avc: denied { kill } for comm="swapper/1" capability=5 scontext=u:r:kernel:s0 tcontext=u:r:kernel:s0 tclass=capability permissive=0
11-22 08:19:55.035 0 0 I auditd : type=1400 audit(0.0:5880): avc: denied { kill } for comm="swapper/1" capability=5 scontext=u:r:kernel:s0 tcontext=u:r:kernel:s0 tclass=capability permissive=0
11-22 08:19:56.035 0 0 I auditd : type=1400 audit(0.0:5881): avc: denied { kill } for comm="swapper/1" capability=5 scontext=u:r:kernel:s0 tcontext=u:r:kernel:s0 tclass=capability permissive=0
11-22 08:19:57.035 0 0 I auditd : type=1400 audit(0.0:5882): avc: denied { kill } for comm="swapper/1" capability=5 scontext=u:r:kernel:s0 tcontext=u:r:kernel:s0 tclass=capability permissive=0
11-22 08:19:57.233 1489 2489 I ntp_failure: [time.android.com/216.239.35.12,java.net.SocketTimeoutException: Poll timed out]
11-22 08:19:58.035 0 0 I auditd : type=1400 audit(0.0:5883): avc: denied { kill } for comm="swapper/1" capability=5 scontext=u:r:kernel:s0 tcontext=u:r:kernel:s0 tclass=capability permissive=0
11-22 08:19:59.035 0 0 I auditd : type=1400 audit(0.0:5884): avc: denied { kill } for comm="swapper/1" capability=5 scontext=u:r:kernel:s0 tcontext=u:r:kernel:s0 tclass=capability permissive=0
11-22 08:20:00.035 0 0 I auditd : type=1400 audit(0.0:5885): avc: denied { kill } for comm="swapper/1" capability=5 scontext=u:r:kernel:s0 tcontext=u:r:kernel:s0 tclass=capability permissive=0
11-22 08:20:01.035 0 0 I auditd : type=1400 audit(0.0:5886): avc: denied { kill } for comm="swapper/1" capability=5 scontext=u:r:kernel:s0 tcontext=u:r:kernel:s0 tclass=capability permissive=0
11-22 08:20:02.035 0 0 I auditd : type=1400 audit(0.0:5887): avc: denied { kill } for comm="swapper/1" capability=5 scontext=u:r:kernel:s0 tcontext=u:r:kernel:s0 tclass=capability permissive=0
11-22 08:20:02.242 1489 2489 I ntp_failure: [time.android.com/2001:4860:4806:4::,java.net.SocketTimeoutException: Poll timed out]
11-22 08:20:03.035 0 0 I auditd : type=1400 audit(0.0:5888): avc: denied { kill } for comm="swapper/1" capability=5 scontext=u:r:kernel:s0 tcontext=u:r:kernel:s0 tclass=capability permissive=0
11-22 08:20:04.035 0 0 I auditd : type=1400 audit(0.0:5889): avc: denied { kill } for comm="swapper/1" capability=5 scontext=u:r:kernel:s0 tcontext=u:r:kernel:s0 tclass=capability permissive=0
11-22 08:20:05.035 0 0 I auditd : type=1400 audit(0.0:5890): avc: denied { kill } for comm="swapper/1" capability=5 scontext=u:r:kernel:s0 tcontext=u:r:kernel:s0 tclass=capability permissive=0
11-22 08:20:06.035 0 0 I auditd : type=1400 audit(0.0:5891): avc: denied { kill } for comm="swapper/1" capability=5 scontext=u:r:kernel:s0 tcontext=u:r:kernel:s0 tclass=capability permissive=0
11-22 08:20:07.035 0 0 I auditd : type=1400 audit(0.0:5892): avc: denied { kill } for comm="swapper/1" capability=5 scontext=u:r:kernel:s0 tcontext=u:r:kernel:s0 tclass=capability permissive=0
11-22 08:20:07.251 1489 2489 I ntp_failure: [time.android.com/2001:4860:4806::,java.net.SocketTimeoutException: Poll timed out]
11-22 08:20:08.035 0 0 I auditd : type=1400 audit(0.0:5893): avc: denied { kill } for comm="swapper/1" capability=5 scontext=u:r:kernel:s0 tcontext=u:r:kernel:s0 tclass=capability permissive=0
11-22 08:20:09.035 0 0 I auditd : type=1400 audit(0.0:5894): avc: denied { kill } for comm="swapper/1" capability=5 scontext=u:r:kernel:s0 tcontext=u:r:kernel:s0 tclass=capability permissive=0
11-22 08:20:10.035 0 0 I auditd : type=1400 audit(0.0:5895): avc: denied { kill } for comm="swapper/1" capability=5 scontext=u:r:kernel:s0 tcontext=u:r:kernel:s0 tclass=capability permissive=0
11-22 08:20:11.035 0 0 I auditd : type=1400 audit(0.0:5896): avc: denied { kill } for comm="swapper/1" capability=5 scontext=u:r:kernel:s0 tcontext=u:r:kernel:s0 tclass=capability permissive=0
11-22 08:20:12.035 0 0 I auditd : type=1400 audit(0.0:5897): avc: denied { kill } for comm="swapper/1" capability=5 scontext=u:r:kernel:s0 tcontext=u:r:kernel:s0 tclass=capability permissive=0
11-22 08:20:12.256 1489 2489 I ntp_failure: [time.android.com/2001:4860:4806:8::,java.net.SocketTimeoutException: Poll timed out]
11-22 08:20:12.958 1489 2012 I input_interaction: Interaction with: 55d8f3c StatusBar (server), edge-swipe (server), swipe-up (server), PointerEventDispatcher0 (server),
11-22 08:20:12.967 2375 2375 I sysui_multi_action: [757,803,799,panel_open,802,1]
11-22 08:20:12.970 2375 2375 I sysui_multi_action: [757,1328,758,4,1326,45,1327,4,1329,0]
11-22 08:20:13.035 0 0 I auditd : type=1400 audit(0.0:5898): avc: denied { kill } for comm="swapper/1" capability=5 scontext=u:r:kernel:s0 tcontext=u:r:kernel:s0 tclass=capability permissive=0
11-22 08:20:13.053 1489 5105 I sysui_multi_action: [757,127,758,1]
11-22 08:20:13.054 1489 5105 I sysui_multi_action: [757,804,799,note_load,801,3,802,1]
11-22 08:20:13.054 1489 5105 I notification_panel_revealed: 3
11-22 08:20:13.064 2375 2375 I sysui_multi_action: [757,111,758,2]
11-22 08:20:13.064 2375 2375 I sysui_multi_action: [757,111,758,2]
11-22 08:20:13.065 1489 1489 I notification_enqueue: [10082,2375,com.android.systemui,2048,NULL,0,Notification(channel=updateNotification shortcut=null contentView=null vibrate=null sound=null defaults=0x0 flags=0x0 color=0x00000000 vis=PRIVATE),1]
11-22 08:20:13.079 1489 1636 I input_focus: [Focus request 8f06d3 NotificationShade,reason=UpdateInputWindows]
11-22 08:20:13.087 2375 2375 I sysui_multi_action: [757,111,758,1]
11-22 08:20:13.087 2375 2375 I sysui_multi_action: [757,126,758,1,759,126,927,0,928,0,1593,0]
11-22 08:20:13.087 2375 2375 I sysui_multi_action: [757,113,758,1,759,113,927,1,928,1,1593,0]
11-22 08:20:13.088 2375 2375 I sysui_multi_action: [757,0,758,1,759,0,927,2,928,0,1593,0]
11-22 08:20:13.088 2375 2375 I sysui_multi_action: [757,0,758,1,759,0,927,3,928,0,1593,0]
11-22 08:20:13.088 2375 2375 I sysui_multi_action: [757,491,758,1,759,491,927,4,928,0,1311,-1,1593,0]
11-22 08:20:13.088 2375 2375 I sysui_multi_action: [757,0,758,1,759,0,927,5,928,0,1593,0]
11-22 08:20:13.088 2375 2375 I sysui_multi_action: [757,114,758,1,759,114,927,6,928,0,1593,0]
11-22 08:20:13.088 2375 2375 I sysui_multi_action: [757,111,758,1]
11-22 08:20:13.089 2375 2375 I sysui_multi_action: [757,126,758,1,759,126,927,0,928,0,1593,0]
11-22 08:20:13.089 2375 2375 I sysui_multi_action: [757,113,758,1,759,113,927,1,928,1,1593,0]
11-22 08:20:13.089 2375 2375 I sysui_multi_action: [757,0,758,1,759,0,927,2,928,0,1593,0]
11-22 08:20:13.089 2375 2375 I sysui_multi_action: [757,0,758,1,759,0,927,3,928,0,1593,0]
11-22 08:20:13.101 2375 2375 I sysui_multi_action: [757,111,758,2]
11-22 08:20:13.101 2375 2375 I sysui_multi_action: [757,111,758,2]
11-22 08:20:13.102 1489 1489 I notification_enqueue: [10082,2375,com.android.systemui,2048,NULL,0,Notification(channel=updateNotification shortcut=null contentView=null vibrate=null sound=null defaults=0x0 flags=0x0 color=0x00000000 vis=PRIVATE),1]
11-22 08:20:13.106 2375 2375 I sysui_multi_action: [757,111,758,1]
11-22 08:20:13.106 1489 2012 I input_focus: [Focus leaving 3cc67bf com.android.launcher3/com.android.launcher3.uioverrides.QuickstepLauncher (server),reason=setFocusedWindow]
11-22 08:20:13.106 1489 2012 I input_focus: [Focus entering 8f06d3 NotificationShade (server),reason=setFocusedWindow]
11-22 08:20:13.106 2375 2375 I sysui_multi_action: [757,126,758,1,759,126,927,0,928,1,1593,0]
11-22 08:20:13.106 2375 2375 I sysui_multi_action: [757,113,758,1,759,113,927,1,928,1,1593,0]
11-22 08:20:13.106 2375 2375 I sysui_multi_action: [757,0,758,1,759,0,927,2,928,0,1593,0]
11-22 08:20:13.106 2375 2375 I sysui_multi_action: [757,0,758,1,759,0,927,3,928,0,1593,0]
11-22 08:20:13.107 2375 2375 I sysui_multi_action: [757,491,758,1,759,491,927,4,928,0,1311,-1,1593,0]
11-22 08:20:13.107 2375 2375 I sysui_multi_action: [757,0,758,1,759,0,927,5,928,0,1593,0]
11-22 08:20:13.107 2375 2375 I sysui_multi_action: [757,114,758,1,759,114,927,6,928,0,1593,0]
11-22 08:20:13.107 2375 2375 I sysui_multi_action: [757,111,758,1]
11-22 08:20:13.107 2375 2375 I sysui_multi_action: [757,126,758,1,759,126,927,0,928,1,1593,0]
11-22 08:20:13.107 2375 2375 I sysui_multi_action: [757,113,758,1,759,113,927,1,928,1,1593,0]
11-22 08:20:13.107 2375 2375 I sysui_multi_action: [757,0,758,1,759,0,927,2,928,0,1593,0]
11-22 08:20:13.107 2375 2375 I sysui_multi_action: [757,0,758,1,759,0,927,3,928,0,1593,0]
11-22 08:20:13.117 2375 2375 I sysui_multi_action: [757,111,758,2]
11-22 08:20:13.118 2375 2375 I sysui_multi_action: [757,111,758,2]
11-22 08:20:13.118 1489 1489 I notification_enqueue: [10082,2375,com.android.systemui,2048,NULL,0,Notification(channel=updateNotification shortcut=null contentView=null vibrate=null sound=null defaults=0x0 flags=0x0 color=0x00000000 vis=PRIVATE),1]
11-22 08:20:13.133 2375 2375 I sysui_multi_action: [757,111,758,1]
11-22 08:20:13.133 2375 2375 I sysui_multi_action: [757,126,758,1,759,126,927,0,928,1,1593,0]
11-22 08:20:13.133 2375 2375 I sysui_multi_action: [757,113,758,1,759,113,927,1,928,1,1593,0]
11-22 08:20:13.133 2375 2375 I sysui_multi_action: [757,0,758,1,759,0,927,2,928,0,1593,0]
11-22 08:20:13.133 2375 2375 I sysui_multi_action: [757,0,758,1,759,0,927,3,928,0,1593,0]
11-22 08:20:13.133 2375 2375 I sysui_multi_action: [757,491,758,1,759,491,927,4,928,0,1311,-1,1593,0]
11-22 08:20:13.133 2375 2375 I sysui_multi_action: [757,0,758,1,759,0,927,5,928,0,1593,0]
11-22 08:20:13.134 2375 2375 I sysui_multi_action: [757,114,758,1,759,114,927,6,928,0,1593,0]
11-22 08:20:13.134 2375 2375 I sysui_multi_action: [757,111,758,1]
11-22 08:20:13.134 2375 2375 I sysui_multi_action: [757,126,758,1,759,126,927,0,928,1,1593,0]
11-22 08:20:13.134 2375 2375 I sysui_multi_action: [757,113,758,1,759,113,927,1,928,1,1593,0]
11-22 08:20:13.134 2375 2375 I sysui_multi_action: [757,0,758,1,759,0,927,2,928,0,1593,0]
11-22 08:20:13.134 2375 2375 I sysui_multi_action: [757,0,758,1,759,0,927,3,928,0,1593,0]
11-22 08:20:13.615 1489 5105 I sysui_multi_action: [757,128,758,1,793,19323166,794,0,795,19323166,796,26,798,0,806,android,857,DEVELOPER_IMPORTANT,858,4,947,0,1395,3,1500,19322963,1688,1]
11-22 08:20:13.615 1489 5105 I sysui_multi_action: [757,804,799,note_freshness,801,19323166,802,1]
11-22 08:20:13.615 1489 5105 I notification_visibility: [-1|android|26|null|1000,1,19323166,19323166,0,0]
11-22 08:20:13.615 1489 5105 I sysui_multi_action: [757,128,758,1,793,2982812,794,0,795,2982812,796,4273,798,1,806,com.android.systemui,857,screen_record,858,3,947,0,1395,3,1500,2982610,1688,1,1745,680407814]
11-22 08:20:13.616 1489 5105 I sysui_multi_action: [757,804,799,note_freshness,801,2982812,802,1]
11-22 08:20:13.616 1489 5105 I notification_visibility: [0|com.android.systemui|4273|null|10082,1,2982812,2982812,0,1]
11-22 08:20:13.616 1489 5105 I sysui_multi_action: [757,128,758,1,793,19375097,794,0,795,19375097,796,32,798,2,806,android,857,USB,858,1,947,0,1395,3,1500,19374877,1688,1]
11-22 08:20:13.616 1489 5105 I sysui_multi_action: [757,804,799,note_freshness,801,19375097,802,1]
11-22 08:20:13.616 1489 5105 I notification_visibility: [-1|android|32|null|1000,1,19375097,19375097,0,2]
11-22 08:20:15.035 0 0 I auditd : type=1400 audit(0.0:5899): avc: denied { kill } for comm="swapper/1" capability=5 scontext=u:r:kernel:s0 tcontext=u:r:kernel:s0 tclass=capability permissive=0
11-22 08:20:16.035 0 0 I auditd : type=1400 audit(0.0:5900): avc: denied { kill } for comm="swapper/1" capability=5 scontext=u:r:kernel:s0 tcontext=u:r:kernel:s0 tclass=capability permissive=0
11-22 08:20:17.265 1489 2489 I ntp_failure: [time.android.com/2001:4860:4806:c::,java.net.SocketTimeoutException: Poll timed out]
11-22 08:20:17.298 1489 2012 I input_interaction: Interaction with: 8f06d3 NotificationShade (server), edge-swipe (server), swipe-up (server), PointerEventDispatcher0 (server),
11-22 08:20:18.035 0 0 I auditd : type=1400 audit(0.0:5901): avc: denied { kill } for comm="swapper/1" capability=5 scontext=u:r:kernel:s0 tcontext=u:r:kernel:s0 tclass=capability permissive=0
11-22 08:20:18.405 2375 2375 I sysui_multi_action: [757,803,799,notification_dismissed,802,1]
11-22 08:20:18.417 1489 1489 I sysui_multi_action: [757,804,799,note_dismiss_longevity,801,49,802,1]
11-22 08:20:18.417 1489 1489 I sysui_multi_action: [757,128,758,5,759,2,793,2987614,794,4802,795,2987614,796,4273,798,3,806,com.android.systemui,857,screen_record,858,3,947,0,1395,3,1500,2987412,1688,1,1745,680407814]
11-22 08:20:18.417 1489 1489 I notification_canceled: [0|com.android.systemui|4273|null|10082,2,2987614,2987614,4802,3,3,NULL]
11-22 08:20:19.035 0 0 I auditd : type=1400 audit(0.0:5902): avc: denied { kill } for comm="swapper/1" capability=5 scontext=u:r:kernel:s0 tcontext=u:r:kernel:s0 tclass=capability permissive=0
11-22 08:20:20.035 0 0 I auditd : type=1400 audit(0.0:5903): avc: denied { kill } for comm="swapper/1" capability=5 scontext=u:r:kernel:s0 tcontext=u:r:kernel:s0 tclass=capability permissive=0
11-22 08:20:20.673 1489 1650 I am_uid_idle: 10090
11-22 08:20:21.035 0 0 I auditd : type=1400 audit(0.0:5904): avc: denied { kill } for comm="swapper/1" capability=5 scontext=u:r:kernel:s0 tcontext=u:r:kernel:s0 tclass=capability permissive=0
11-22 08:20:22.035 0 0 I auditd : type=1400 audit(0.0:5905): avc: denied { kill } for comm="swapper/1" capability=5 scontext=u:r:kernel:s0 tcontext=u:r:kernel:s0 tclass=capability permissive=0
11-22 08:20:22.185 2375 2375 I sysui_multi_action: [757,111,758,2]
11-22 08:20:22.185 1489 1489 I notification_enqueue: [10082,2375,com.android.systemui,2048,NULL,0,Notification(channel=updateNotification shortcut=null contentView=null vibrate=null sound=null defaults=0x0 flags=0x0 color=0x00000000 vis=PRIVATE),1]
11-22 08:20:22.185 2375 2375 I sysui_multi_action: [757,111,758,2]
11-22 08:20:22.196 2375 2375 I sysui_multi_action: [757,111,758,1]
11-22 08:20:22.197 2375 2375 I sysui_multi_action: [757,126,758,1,759,126,927,0,928,1,1593,1]
11-22 08:20:22.197 2375 2375 I sysui_multi_action: [757,113,758,1,759,113,927,1,928,1,1593,1]
11-22 08:20:22.197 2375 2375 I sysui_multi_action: [757,0,758,1,759,0,927,2,928,0,1593,1]
11-22 08:20:22.197 2375 2375 I sysui_multi_action: [757,0,758,1,759,0,927,3,928,0,1593,1]
11-22 08:20:22.198 2375 2375 I sysui_multi_action: [757,491,758,1,759,491,927,4,928,0,1311,-1,1593,0]
11-22 08:20:22.198 2375 2375 I sysui_multi_action: [757,0,758,1,759,0,927,5,928,0,1593,0]
11-22 08:20:22.198 2375 2375 I sysui_multi_action: [757,114,758,1,759,114,927,6,928,0,1593,0]
11-22 08:20:22.199 2375 2375 I sysui_multi_action: [757,111,758,1]
11-22 08:20:22.199 2375 2375 I sysui_multi_action: [757,126,758,1,759,126,927,0,928,1,1593,1]
11-22 08:20:22.199 2375 2375 I sysui_multi_action: [757,113,758,1,759,113,927,1,928,1,1593,1]
11-22 08:20:22.200 2375 2375 I sysui_multi_action: [757,0,758,1,759,0,927,2,928,0,1593,1]
11-22 08:20:22.200 2375 2375 I sysui_multi_action: [757,0,758,1,759,0,927,3,928,0,1593,1]
11-22 08:20:22.214 2375 2375 I sysui_multi_action: [757,111,758,2]
11-22 08:20:22.214 1489 1489 I notification_enqueue: [10082,2375,com.android.systemui,2048,NULL,0,Notification(channel=updateNotification shortcut=null contentView=null vibrate=null sound=null defaults=0x0 flags=0x0 color=0x00000000 vis=PRIVATE),1]
11-22 08:20:22.215 2375 2375 I sysui_multi_action: [757,111,758,2]
11-22 08:20:22.222 2375 2375 I sysui_multi_action: [757,111,758,1]
11-22 08:20:22.222 2375 2375 I sysui_multi_action: [757,126,758,1,759,126,927,0,928,1,1593,1]
11-22 08:20:22.222 2375 2375 I sysui_multi_action: [757,113,758,1,759,113,927,1,928,1,1593,1]
11-22 08:20:22.222 2375 2375 I sysui_multi_action: [757,0,758,1,759,0,927,2,928,0,1593,1]
11-22 08:20:22.223 2375 2375 I sysui_multi_action: [757,0,758,1,759,0,927,3,928,0,1593,1]
11-22 08:20:22.223 2375 2375 I sysui_multi_action: [757,491,758,1,759,491,927,4,928,0,1311,-1,1593,0]
11-22 08:20:22.223 2375 2375 I sysui_multi_action: [757,0,758,1,759,0,927,5,928,0,1593,0]
11-22 08:20:22.223 2375 2375 I sysui_multi_action: [757,114,758,1,759,114,927,6,928,0,1593,0]
11-22 08:20:22.224 2375 2375 I sysui_multi_action: [757,111,758,1]
11-22 08:20:22.224 2375 2375 I sysui_multi_action: [757,126,758,1,759,126,927,0,928,1,1593,1]
11-22 08:20:22.224 2375 2375 I sysui_multi_action: [757,113,758,1,759,113,927,1,928,1,1593,1]
11-22 08:20:22.224 2375 2375 I sysui_multi_action: [757,0,758,1,759,0,927,2,928,0,1593,1]
11-22 08:20:22.224 2375 2375 I sysui_multi_action: [757,0,758,1,759,0,927,3,928,0,1593,1]
11-22 08:20:22.234 2375 2375 I sysui_multi_action: [757,111,758,2]
11-22 08:20:22.234 1489 1489 I notification_enqueue: [10082,2375,com.android.systemui,2048,NULL,0,Notification(channel=updateNotification shortcut=null contentView=null vibrate=null sound=null defaults=0x0 flags=0x0 color=0x00000000 vis=PRIVATE),1]
11-22 08:20:22.234 2375 2375 I sysui_multi_action: [757,111,758,2]
11-22 08:20:22.237 2375 2375 I sysui_multi_action: [757,111,758,1]
11-22 08:20:22.237 2375 2375 I sysui_multi_action: [757,126,758,1,759,126,927,0,928,1,1593,1]
11-22 08:20:22.237 2375 2375 I sysui_multi_action: [757,113,758,1,759,113,927,1,928,1,1593,1]
11-22 08:20:22.237 2375 2375 I sysui_multi_action: [757,0,758,1,759,0,927,2,928,0,1593,1]
11-22 08:20:22.237 2375 2375 I sysui_multi_action: [757,0,758,1,759,0,927,3,928,0,1593,1]
11-22 08:20:22.238 2375 2375 I sysui_multi_action: [757,491,758,1,759,491,927,4,928,0,1311,-1,1593,0]
11-22 08:20:22.238 2375 2375 I sysui_multi_action: [757,0,758,1,759,0,927,5,928,0,1593,0]
11-22 08:20:22.238 2375 2375 I sysui_multi_action: [757,114,758,1,759,114,927,6,928,0,1593,0]
11-22 08:20:22.238 2375 2375 I sysui_multi_action: [757,111,758,1]
11-22 08:20:22.238 2375 2375 I sysui_multi_action: [757,126,758,1,759,126,927,0,928,1,1593,1]
11-22 08:20:22.238 2375 2375 I sysui_multi_action: [757,113,758,1,759,113,927,1,928,1,1593,1]
11-22 08:20:22.238 2375 2375 I sysui_multi_action: [757,0,758,1,759,0,927,2,928,0,1593,1]
11-22 08:20:22.238 2375 2375 I sysui_multi_action: [757,0,758,1,759,0,927,3,928,0,1593,1]
11-22 08:20:22.251 2375 2375 I sysui_multi_action: [757,111,758,2]
11-22 08:20:22.251 2375 2375 I sysui_multi_action: [757,111,758,2]
11-22 08:20:22.251 1489 1489 I notification_enqueue: [10082,2375,com.android.systemui,2048,NULL,0,Notification(channel=updateNotification shortcut=null contentView=null vibrate=null sound=null defaults=0x0 flags=0x0 color=0x00000000 vis=PRIVATE),1]
11-22 08:20:22.254 2375 2375 I sysui_multi_action: [757,111,758,1]
11-22 08:20:22.254 2375 2375 I sysui_multi_action: [757,126,758,1,759,126,927,0,928,1,1593,0]
11-22 08:20:22.254 2375 2375 I sysui_multi_action: [757,113,758,1,759,113,927,1,928,1,1593,0]
11-22 08:20:22.254 2375 2375 I sysui_multi_action: [757,0,758,1,759,0,927,2,928,0,1593,0]
11-22 08:20:22.254 2375 2375 I sysui_multi_action: [757,0,758,1,759,0,927,3,928,0,1593,0]
11-22 08:20:22.254 2375 2375 I sysui_multi_action: [757,491,758,1,759,491,927,4,928,0,1311,-1,1593,0]
11-22 08:20:22.254 2375 2375 I sysui_multi_action: [757,0,758,1,759,0,927,5,928,0,1593,0]
11-22 08:20:22.254 2375 2375 I sysui_multi_action: [757,114,758,1,759,114,927,6,928,0,1593,0]
11-22 08:20:22.254 2375 2375 I sysui_multi_action: [757,111,758,1]
11-22 08:20:22.254 2375 2375 I sysui_multi_action: [757,126,758,1,759,126,927,0,928,1,1593,0]
11-22 08:20:22.255 2375 2375 I sysui_multi_action: [757,113,758,1,759,113,927,1,928,1,1593,0]
11-22 08:20:22.255 2375 2375 I sysui_multi_action: [757,0,758,1,759,0,927,2,928,0,1593,0]
11-22 08:20:22.255 2375 2375 I sysui_multi_action: [757,0,758,1,759,0,927,3,928,0,1593,0]
11-22 08:20:22.266 2375 2375 I sysui_multi_action: [757,111,758,2]
11-22 08:20:22.266 1489 1489 I notification_enqueue: [10082,2375,com.android.systemui,2048,NULL,0,Notification(channel=updateNotification shortcut=null contentView=null vibrate=null sound=null defaults=0x0 flags=0x0 color=0x00000000 vis=PRIVATE),1]
11-22 08:20:22.266 2375 2375 I sysui_multi_action: [757,111,758,2]
11-22 08:20:22.269 2375 2375 I sysui_multi_action: [757,111,758,1]
11-22 08:20:22.270 2375 2375 I sysui_multi_action: [757,126,758,1,759,126,927,0,928,1,1593,1]
11-22 08:20:22.270 2375 2375 I sysui_multi_action: [757,113,758,1,759,113,927,1,928,1,1593,1]
11-22 08:20:22.270 2375 2375 I sysui_multi_action: [757,0,758,1,759,0,927,2,928,0,1593,1]
11-22 08:20:22.270 2375 2375 I sysui_multi_action: [757,0,758,1,759,0,927,3,928,0,1593,1]
11-22 08:20:22.270 2375 2375 I sysui_multi_action: [757,491,758,1,759,491,927,4,928,0,1311,-1,1593,1]
11-22 08:20:22.270 2375 2375 I sysui_multi_action: [757,0,758,1,759,0,927,5,928,0,1593,1]
11-22 08:20:22.270 2375 2375 I sysui_multi_action: [757,114,758,1,759,114,927,6,928,0,1593,1]
11-22 08:20:22.270 2375 2375 I sysui_multi_action: [757,111,758,1]
11-22 08:20:22.270 2375 2375 I sysui_multi_action: [757,126,758,1,759,126,927,0,928,1,1593,1]
11-22 08:20:22.270 2375 2375 I sysui_multi_action: [757,113,758,1,759,113,927,1,928,1,1593,1]
11-22 08:20:22.270 2375 2375 I sysui_multi_action: [757,0,758,1,759,0,927,2,928,0,1593,1]
11-22 08:20:22.270 2375 2375 I sysui_multi_action: [757,0,758,1,759,0,927,3,928,0,1593,1]
11-22 08:20:22.283 2375 2375 I sysui_multi_action: [757,111,758,2]
11-22 08:20:22.283 1489 1489 I notification_enqueue: [10082,2375,com.android.systemui,2048,NULL,0,Notification(channel=updateNotification shortcut=null contentView=null vibrate=null sound=null defaults=0x0 flags=0x0 color=0x00000000 vis=PRIVATE),1]
11-22 08:20:22.283 2375 2375 I sysui_multi_action: [757,111,758,2]
11-22 08:20:22.287 2375 2375 I sysui_multi_action: [757,111,758,1]
11-22 08:20:22.287 2375 2375 I sysui_multi_action: [757,126,758,1,759,126,927,0,928,1,1593,1]
11-22 08:20:22.288 2375 2375 I sysui_multi_action: [757,113,758,1,759,113,927,1,928,1,1593,1]
11-22 08:20:22.288 2375 2375 I sysui_multi_action: [757,0,758,1,759,0,927,2,928,0,1593,1]
11-22 08:20:22.288 2375 2375 I sysui_multi_action: [757,0,758,1,759,0,927,3,928,0,1593,1]
11-22 08:20:22.288 2375 2375 I sysui_multi_action: [757,491,758,1,759,491,927,4,928,0,1311,-1,1593,1]
11-22 08:20:22.288 2375 2375 I sysui_multi_action: [757,0,758,1,759,0,927,5,928,0,1593,1]
11-22 08:20:22.288 2375 2375 I sysui_multi_action: [757,114,758,1,759,114,927,6,928,0,1593,1]
11-22 08:20:22.288 2375 2375 I sysui_multi_action: [757,111,758,1]
11-22 08:20:22.288 2375 2375 I sysui_multi_action: [757,126,758,1,759,126,927,0,928,1,1593,1]
11-22 08:20:22.289 2375 2375 I sysui_multi_action: [757,113,758,1,759,113,927,1,928,1,1593,1]
11-22 08:20:22.289 2375 2375 I sysui_multi_action: [757,0,758,1,759,0,927,2,928,0,1593,1]
11-22 08:20:22.289 2375 2375 I sysui_multi_action: [757,0,758,1,759,0,927,3,928,0,1593,1]
11-22 08:20:22.300 2375 2375 I sysui_multi_action: [757,111,758,2]
11-22 08:20:22.300 1489 1489 I notification_enqueue: [10082,2375,com.android.systemui,2048,NULL,0,Notification(channel=updateNotification shortcut=null contentView=null vibrate=null sound=null defaults=0x0 flags=0x0 color=0x00000000 vis=PRIVATE),1]
11-22 08:20:22.300 2375 2375 I sysui_multi_action: [757,111,758,2]
11-22 08:20:22.304 2375 2375 I sysui_multi_action: [757,111,758,1]
11-22 08:20:22.304 2375 2375 I sysui_multi_action: [757,126,758,1,759,126,927,0,928,1,1593,1]
11-22 08:20:22.304 2375 2375 I sysui_multi_action: [757,113,758,1,759,113,927,1,928,1,1593,1]
11-22 08:20:22.304 2375 2375 I sysui_multi_action: [757,0,758,1,759,0,927,2,928,0,1593,1]
11-22 08:20:22.304 2375 2375 I sysui_multi_action: [757,0,758,1,759,0,927,3,928,0,1593,1]
11-22 08:20:22.304 2375 2375 I sysui_multi_action: [757,491,758,1,759,491,927,4,928,0,1311,-1,1593,1]
11-22 08:20:22.304 2375 2375 I sysui_multi_action: [757,0,758,1,759,0,927,5,928,0,1593,1]
11-22 08:20:22.304 2375 2375 I sysui_multi_action: [757,114,758,1,759,114,927,6,928,0,1593,1]
11-22 08:20:22.305 2375 2375 I sysui_multi_action: [757,111,758,1]
11-22 08:20:22.305 2375 2375 I sysui_multi_action: [757,126,758,1,759,126,927,0,928,1,1593,1]
11-22 08:20:22.305 2375 2375 I sysui_multi_action: [757,113,758,1,759,113,927,1,928,1,1593,1]
11-22 08:20:22.305 2375 2375 I sysui_multi_action: [757,0,758,1,759,0,927,2,928,0,1593,1]
11-22 08:20:22.305 2375 2375 I sysui_multi_action: [757,0,758,1,759,0,927,3,928,0,1593,1]
11-22 08:20:22.315 2375 2375 I sysui_multi_action: [757,111,758,2]
11-22 08:20:22.316 2375 2375 I sysui_multi_action: [757,111,758,2]
11-22 08:20:22.318 1489 1489 I notification_enqueue: [10082,2375,com.android.systemui,2048,NULL,0,Notification(channel=updateNotification shortcut=null contentView=null vibrate=null sound=null defaults=0x0 flags=0x0 color=0x00000000 vis=PRIVATE),1]
11-22 08:20:22.319 2375 2375 I sysui_multi_action: [757,111,758,1]
11-22 08:20:22.319 2375 2375 I sysui_multi_action: [757,126,758,1,759,126,927,0,928,1,1593,1]
11-22 08:20:22.319 2375 2375 I sysui_multi_action: [757,113,758,1,759,113,927,1,928,1,1593,1]
11-22 08:20:22.319 2375 2375 I sysui_multi_action: [757,0,758,1,759,0,927,2,928,0,1593,1]
11-22 08:20:22.319 2375 2375 I sysui_multi_action: [757,0,758,1,759,0,927,3,928,0,1593,1]
11-22 08:20:22.320 2375 2375 I sysui_multi_action: [757,491,758,1,759,491,927,4,928,0,1311,-1,1593,1]
11-22 08:20:22.320 2375 2375 I sysui_multi_action: [757,0,758,1,759,0,927,5,928,0,1593,1]
11-22 08:20:22.320 2375 2375 I sysui_multi_action: [757,114,758,1,759,114,927,6,928,0,1593,1]
11-22 08:20:22.320 2375 2375 I sysui_multi_action: [757,111,758,1]
11-22 08:20:22.320 2375 2375 I sysui_multi_action: [757,126,758,1,759,126,927,0,928,1,1593,1]
11-22 08:20:22.320 2375 2375 I sysui_multi_action: [757,113,758,1,759,113,927,1,928,1,1593,1]
11-22 08:20:22.320 2375 2375 I sysui_multi_action: [757,0,758,1,759,0,927,2,928,0,1593,1]
11-22 08:20:22.320 2375 2375 I sysui_multi_action: [757,0,758,1,759,0,927,3,928,0,1593,1]
11-22 08:20:22.333 2375 2375 I sysui_multi_action: [757,111,758,2]
11-22 08:20:22.333 2375 2375 I sysui_multi_action: [757,111,758,2]
11-22 08:20:22.333 1489 1489 I notification_enqueue: [10082,2375,com.android.systemui,2048,NULL,0,Notification(channel=updateNotification shortcut=null contentView=null vibrate=null sound=null defaults=0x0 flags=0x0 color=0x00000000 vis=PRIVATE),1]
11-22 08:20:22.336 2375 2375 I sysui_multi_action: [757,111,758,1]
11-22 08:20:22.336 2375 2375 I sysui_multi_action: [757,126,758,1,759,126,927,0,928,1,1593,1]
11-22 08:20:22.336 2375 2375 I sysui_multi_action: [757,113,758,1,759,113,927,1,928,1,1593,1]
11-22 08:20:22.336 2375 2375 I sysui_multi_action: [757,0,758,1,759,0,927,2,928,0,1593,1]
11-22 08:20:22.336 2375 2375 I sysui_multi_action: [757,0,758,1,759,0,927,3,928,0,1593,1]
11-22 08:20:22.336 2375 2375 I sysui_multi_action: [757,491,758,1,759,491,927,4,928,0,1311,-1,1593,1]
11-22 08:20:22.337 2375 2375 I sysui_multi_action: [757,0,758,1,759,0,927,5,928,0,1593,1]
11-22 08:20:22.337 2375 2375 I sysui_multi_action: [757,114,758,1,759,114,927,6,928,0,1593,1]
11-22 08:20:22.337 2375 2375 I sysui_multi_action: [757,111,758,1]
11-22 08:20:22.337 2375 2375 I sysui_multi_action: [757,126,758,1,759,126,927,0,928,1,1593,1]
11-22 08:20:22.337 2375 2375 I sysui_multi_action: [757,113,758,1,759,113,927,1,928,1,1593,1]
11-22 08:20:22.337 2375 2375 I sysui_multi_action: [757,0,758,1,759,0,927,2,928,0,1593,1]
11-22 08:20:22.337 2375 2375 I sysui_multi_action: [757,0,758,1,759,0,927,3,928,0,1593,1]
11-22 08:20:22.349 2375 2375 I sysui_multi_action: [757,111,758,2]
11-22 08:20:22.349 1489 1489 I notification_enqueue: [10082,2375,com.android.systemui,2048,NULL,0,Notification(channel=updateNotification shortcut=null contentView=null vibrate=null sound=null defaults=0x0 flags=0x0 color=0x00000000 vis=PRIVATE),1]
11-22 08:20:22.349 2375 2375 I sysui_multi_action: [757,111,758,2]
11-22 08:20:22.353 2375 2375 I sysui_multi_action: [757,111,758,1]
11-22 08:20:22.353 2375 2375 I sysui_multi_action: [757,126,758,1,759,126,927,0,928,1,1593,1]
11-22 08:20:22.353 2375 2375 I sysui_multi_action: [757,113,758,1,759,113,927,1,928,1,1593,1]
11-22 08:20:22.353 2375 2375 I sysui_multi_action: [757,0,758,1,759,0,927,2,928,0,1593,1]
11-22 08:20:22.353 2375 2375 I sysui_multi_action: [757,0,758,1,759,0,927,3,928,0,1593,1]
11-22 08:20:22.354 2375 2375 I sysui_multi_action: [757,491,758,1,759,491,927,4,928,0,1311,-1,1593,1]
11-22 08:20:22.354 2375 2375 I sysui_multi_action: [757,0,758,1,759,0,927,5,928,0,1593,1]
11-22 08:20:22.354 2375 2375 I sysui_multi_action: [757,114,758,1,759,114,927,6,928,0,1593,1]
11-22 08:20:22.354 2375 2375 I sysui_multi_action: [757,111,758,1]
11-22 08:20:22.354 2375 2375 I sysui_multi_action: [757,126,758,1,759,126,927,0,928,1,1593,1]
11-22 08:20:22.354 2375 2375 I sysui_multi_action: [757,113,758,1,759,113,927,1,928,1,1593,1]
11-22 08:20:22.354 2375 2375 I sysui_multi_action: [757,0,758,1,759,0,927,2,928,0,1593,1]
11-22 08:20:22.354 2375 2375 I sysui_multi_action: [757,0,758,1,759,0,927,3,928,0,1593,1]
11-22 08:20:22.367 2375 2375 I sysui_multi_action: [757,111,758,2]
11-22 08:20:22.367 1489 1489 I notification_enqueue: [10082,2375,com.android.systemui,2048,NULL,0,Notification(channel=updateNotification shortcut=null contentView=null vibrate=null sound=null defaults=0x0 flags=0x0 color=0x00000000 vis=PRIVATE),1]
11-22 08:20:22.367 2375 2375 I sysui_multi_action: [757,111,758,2]
11-22 08:20:22.370 2375 2375 I sysui_multi_action: [757,111,758,1]
11-22 08:20:22.371 2375 2375 I sysui_multi_action: [757,126,758,1,759,126,927,0,928,1,1593,1]
11-22 08:20:22.371 2375 2375 I sysui_multi_action: [757,113,758,1,759,113,927,1,928,1,1593,1]
11-22 08:20:22.371 2375 2375 I sysui_multi_action: [757,0,758,1,759,0,927,2,928,0,1593,1]
11-22 08:20:22.371 2375 2375 I sysui_multi_action: [757,0,758,1,759,0,927,3,928,0,1593,1]
11-22 08:20:22.371 2375 2375 I sysui_multi_action: [757,491,758,1,759,491,927,4,928,0,1311,-1,1593,1]
11-22 08:20:22.371 2375 2375 I sysui_multi_action: [757,0,758,1,759,0,927,5,928,0,1593,1]
11-22 08:20:22.371 2375 2375 I sysui_multi_action: [757,114,758,1,759,114,927,6,928,0,1593,1]
11-22 08:20:22.371 2375 2375 I sysui_multi_action: [757,111,758,1]
11-22 08:20:22.371 2375 2375 I sysui_multi_action: [757,126,758,1,759,126,927,0,928,1,1593,1]
11-22 08:20:22.371 2375 2375 I sysui_multi_action: [757,113,758,1,759,113,927,1,928,1,1593,1]
11-22 08:20:22.372 2375 2375 I sysui_multi_action: [757,0,758,1,759,0,927,2,928,0,1593,1]
11-22 08:20:22.372 2375 2375 I sysui_multi_action: [757,0,758,1,759,0,927,3,928,0,1593,1]
11-22 08:20:22.384 2375 2375 I sysui_multi_action: [757,111,758,2]
11-22 08:20:22.384 2375 2375 I sysui_multi_action: [757,111,758,2]
11-22 08:20:22.384 1489 1489 I notification_enqueue: [10082,2375,com.android.systemui,2048,NULL,0,Notification(channel=updateNotification shortcut=null contentView=null vibrate=null sound=null defaults=0x0 flags=0x0 color=0x00000000 vis=PRIVATE),1]
11-22 08:20:22.388 2375 2375 I sysui_multi_action: [757,111,758,1]
11-22 08:20:22.388 2375 2375 I sysui_multi_action: [757,126,758,1,759,126,927,0,928,1,1593,1]
11-22 08:20:22.388 2375 2375 I sysui_multi_action: [757,113,758,1,759,113,927,1,928,1,1593,1]
11-22 08:20:22.388 2375 2375 I sysui_multi_action: [757,0,758,1,759,0,927,2,928,0,1593,1]
11-22 08:20:22.389 2375 2375 I sysui_multi_action: [757,0,758,1,759,0,927,3,928,0,1593,1]
11-22 08:20:22.389 2375 2375 I sysui_multi_action: [757,491,758,1,759,491,927,4,928,0,1311,-1,1593,1]
11-22 08:20:22.389 2375 2375 I sysui_multi_action: [757,0,758,1,759,0,927,5,928,0,1593,1]
11-22 08:20:22.389 2375 2375 I sysui_multi_action: [757,114,758,1,759,114,927,6,928,0,1593,1]
11-22 08:20:22.389 2375 2375 I sysui_multi_action: [757,111,758,1]
11-22 08:20:22.389 2375 2375 I sysui_multi_action: [757,126,758,1,759,126,927,0,928,1,1593,1]
11-22 08:20:22.389 2375 2375 I sysui_multi_action: [757,113,758,1,759,113,927,1,928,1,1593,1]
11-22 08:20:22.389 2375 2375 I sysui_multi_action: [757,0,758,1,759,0,927,2,928,0,1593,1]
11-22 08:20:22.389 2375 2375 I sysui_multi_action: [757,0,758,1,759,0,927,3,928,0,1593,1]
11-22 08:20:22.401 2375 2375 I sysui_multi_action: [757,111,758,2]
11-22 08:20:22.401 1489 1489 I notification_enqueue: [10082,2375,com.android.systemui,2048,NULL,0,Notification(channel=updateNotification shortcut=null contentView=null vibrate=null sound=null defaults=0x0 flags=0x0 color=0x00000000 vis=PRIVATE),1]
11-22 08:20:22.401 2375 2375 I sysui_multi_action: [757,111,758,2]
11-22 08:20:22.405 2375 2375 I sysui_multi_action: [757,111,758,1]
