11-22 08:16:39.030 1489 7595 I am_proc_died: [0,19653,com.microsoft.emmx,955,19]
11-22 08:16:39.031 1489 7595 I am_uid_stopped: 10034
11-22 08:16:39.035 0 0 I auditd : type=1400 audit(0.0:5725): avc: denied { kill } for comm="swapper/2" capability=5 scontext=u:r:kernel:s0 tcontext=u:r:kernel:s0 tclass=capability permissive=0
11-22 08:16:39.048 21003 21003 I wm_on_create_called: [93629072,com.android.gallery3d.app.MovieActivity,performCreate]
11-22 08:16:39.051 21003 21003 I wm_on_start_called: [93629072,com.android.gallery3d.app.MovieActivity,handleStartActivity]
11-22 08:16:39.051 21003 21003 I wm_on_resume_called: [93629072,com.android.gallery3d.app.MovieActivity,RESUME_ACTIVITY]
11-22 08:16:39.056 21003 21003 I wm_on_top_resumed_gained_called: [93629072,com.android.gallery3d.app.MovieActivity,topStateChangedWhenResumed]
11-22 08:16:39.058 1489 7595 I am_proc_died: [0,19654,com.android.soundrecorder,945,19]
11-22 08:16:39.063 1489 7595 I am_uid_stopped: 10060
11-22 08:16:39.064 1489 1636 I input_focus: [Focus request bca9e66 com.android.gallery3d/com.android.gallery3d.app.MovieActivity,reason=UpdateInputWindows]
11-22 08:16:39.070 1489 1634 I am_uid_running: 10034
11-22 08:16:39.071 1489 1634 I am_uid_running: 10060
11-22 08:16:39.079 1489 1651 I am_proc_start: [0,21621,10034,com.microsoft.emmx,NULL,]
11-22 08:16:39.084 1489 2012 I input_focus: [Focus leaving f3cc3e1 com.android.gallery3d/com.android.gallery3d.app.GalleryActivity (server),reason=Waiting for window because NOT_VISIBLE]
11-22 08:16:39.087 1489 1651 I am_proc_start: [0,21623,10060,com.android.soundrecorder,NULL,]
11-22 08:16:39.102 1489 7595 I am_proc_bound: [0,21621,com.microsoft.emmx]
11-22 08:16:39.112 1489 1631 I wm_activity_launch_time: [0,93629072,com.android.gallery3d/.app.MovieActivity,149]
11-22 08:16:39.118 1489 2012 I input_focus: [Focus entering bca9e66 com.android.gallery3d/com.android.gallery3d.app.MovieActivity (server),reason=Window became focusable. Previous reason: NOT_VISIBLE]
11-22 08:16:39.121 1489 8504 I am_proc_bound: [0,21623,com.android.soundrecorder]
11-22 08:16:39.241 1489 5500 I snet_event_log: [172655291,-1,]
11-22 08:16:40.035 0 0 I auditd : type=1400 audit(0.0:5726): avc: denied { kill } for comm="swapper/2" capability=5 scontext=u:r:kernel:s0 tcontext=u:r:kernel:s0 tclass=capability permissive=0
11-22 08:16:41.209 1489 2012 I input_interaction: Interaction with: bca9e66 com.android.gallery3d/com.android.gallery3d.app.MovieActivity (server), edge-swipe (server), swipe-up (server), PointerEventDispatcher0 (server),
11-22 08:16:42.035 0 0 I auditd : type=1400 audit(0.0:5727): avc: denied { kill } for comm="swapper/2" capability=5 scontext=u:r:kernel:s0 tcontext=u:r:kernel:s0 tclass=capability permissive=0
11-22 08:16:45.035 288 288 I auditd : type=1400 audit(0.0:5728): avc: denied { kill } for comm="kgsl_worker_thr" capability=5 scontext=u:r:kernel:s0 tcontext=u:r:kernel:s0 tclass=capability permissive=0
11-22 08:16:47.035 0 0 I auditd : type=1400 audit(0.0:5729): avc: denied { kill } for comm="swapper/3" capability=5 scontext=u:r:kernel:s0 tcontext=u:r:kernel:s0 tclass=capability permissive=0
11-22 08:16:48.035 0 0 I auditd : type=1400 audit(0.0:5730): avc: denied { kill } for comm="swapper/3" capability=5 scontext=u:r:kernel:s0 tcontext=u:r:kernel:s0 tclass=capability permissive=0
11-22 08:16:49.004 1489 8504 I snet_event_log: [172655291,-1,]
11-22 08:16:49.035 0 0 I auditd : type=1400 audit(0.0:5731): avc: denied { kill } for comm="swapper/3" capability=5 scontext=u:r:kernel:s0 tcontext=u:r:kernel:s0 tclass=capability permissive=0
11-22 08:16:50.551 21003 21003 I menu_item_selected: [0,Food]
11-22 08:16:50.552 1489 5500 I wm_finish_activity: [0,93629072,219,com.android.gallery3d/.app.MovieActivity,app-request]
11-22 08:16:50.574 1489 5500 I wm_pause_activity: [0,93629072,com.android.gallery3d/.app.MovieActivity,userLeaving=false,finish]
11-22 08:16:50.579 21003 21003 I wm_on_top_resumed_lost_called: [93629072,com.android.gallery3d.app.MovieActivity,topStateChangedWhenResumed]
11-22 08:16:50.599 1489 2012 I input_focus: [Focus leaving bca9e66 com.android.gallery3d/com.android.gallery3d.app.MovieActivity (server),reason=NO_WINDOW]
11-22 08:16:50.785 21003 21003 I wm_on_paused_called: [93629072,com.android.gallery3d.app.MovieActivity,performPause]
11-22 08:16:50.789 1489 5500 I wm_set_resumed_activity: [0,com.android.gallery3d/.app.GalleryActivity,resumeTopActivityInnerLocked]
11-22 08:16:50.791 1489 5500 I wm_resume_activity: [0,68790441,219,com.android.gallery3d/.app.GalleryActivity]
11-22 08:16:50.799 1489 1636 I input_focus: [Focus request f3cc3e1 com.android.gallery3d/com.android.gallery3d.app.GalleryActivity,reason=UpdateInputWindows]
11-22 08:16:50.799 1489 1634 I sysui_multi_action: [757,803,799,window_time_2,802,12]
11-22 08:16:50.805 21003 21003 I wm_on_activity_result_called: [68790441,com.android.gallery3d.app.GalleryActivity,ACTIVITY_RESULT]
11-22 08:16:50.811 1489 2012 I input_focus: [Focus entering f3cc3e1 com.android.gallery3d/com.android.gallery3d.app.GalleryActivity (server),reason=setFocusedWindow]
11-22 08:16:50.815 21003 21003 I wm_on_resume_called: [68790441,com.android.gallery3d.app.GalleryActivity,RESUME_ACTIVITY]
11-22 08:16:50.815 21003 21003 I wm_on_top_resumed_gained_called: [68790441,com.android.gallery3d.app.GalleryActivity,topWhenResuming]
11-22 08:16:51.035 0 0 I auditd : type=1400 audit(0.0:5732): avc: denied { kill } for comm="swapper/3" capability=5 scontext=u:r:kernel:s0 tcontext=u:r:kernel:s0 tclass=capability permissive=0
11-22 08:16:51.068 1489 5500 I wm_destroy_activity: [0,93629072,219,com.android.gallery3d/.app.MovieActivity,finish-idle]
11-22 08:16:51.090 21003 21003 I wm_on_stop_called: [93629072,com.android.gallery3d.app.MovieActivity,LIFECYCLER_STOP_ACTIVITY]
11-22 08:16:51.090 21003 21003 I wm_on_destroy_called: [93629072,com.android.gallery3d.app.MovieActivity,performDestroy]
11-22 08:16:52.035 0 0 I auditd : type=1400 audit(0.0:5733): avc: denied { kill } for comm="swapper/3" capability=5 scontext=u:r:kernel:s0 tcontext=u:r:kernel:s0 tclass=capability permissive=0
11-22 08:16:52.410 1489 2012 I input_interaction: Interaction with: f3cc3e1 com.android.gallery3d/com.android.gallery3d.app.GalleryActivity (server), edge-swipe (server), swipe-up (server), PointerEventDispatcher0 (server),
11-22 08:16:52.563 1489 1636 I input_focus: [Focus request ad4ec77 PopupWindow:d0cc951,reason=UpdateInputWindows]
11-22 08:16:52.570 1489 2012 I input_focus: [Focus leaving f3cc3e1 com.android.gallery3d/com.android.gallery3d.app.GalleryActivity (server),reason=Waiting for window because NOT_VISIBLE]
11-22 08:16:52.600 1489 2012 I input_focus: [Focus entering ad4ec77 PopupWindow:d0cc951 (server),reason=Window became focusable. Previous reason: NOT_VISIBLE]
11-22 08:16:53.035 0 0 I auditd : type=1400 audit(0.0:5734): avc: denied { kill } for comm="swapper/3" capability=5 scontext=u:r:kernel:s0 tcontext=u:r:kernel:s0 tclass=capability permissive=0
11-22 08:16:53.940 1489 2012 I input_interaction: Interaction with: ad4ec77 PopupWindow:d0cc951 (server), edge-swipe (server), swipe-up (server), PointerEventDispatcher0 (server),
11-22 08:16:54.035 19558 19558 I auditd : type=1400 audit(0.0:5735): avc: denied { kill } for comm="kworker/u16:10" capability=5 scontext=u:r:kernel:s0 tcontext=u:r:kernel:s0 tclass=capability permissive=0
11-22 08:16:54.071 1489 1489 I service_manager_stats: [100,98,69556]
11-22 08:16:54.139 21003 21003 I menu_item_selected: [0,静音]
11-22 08:16:54.196 1489 1636 I input_focus: [Focus request 8d8d068 正在静音,reason=UpdateInputWindows]
11-22 08:16:54.221 1489 2012 I input_focus: [Focus entering 8d8d068 正在静音 (server),reason=setFocusedWindow]
11-22 08:16:56.783 1489 1636 I input_focus: [Focus request f3cc3e1 com.android.gallery3d/com.android.gallery3d.app.GalleryActivity,reason=UpdateInputWindows]
11-22 08:16:56.788 1489 8504 I wm_task_moved: [219,1,7]
11-22 08:16:56.788 1489 8504 I wm_set_resumed_activity: [0,com.android.gallery3d/.app.GalleryActivity,positionChildAt]
11-22 08:16:56.788 1489 8504 I wm_create_activity: [0,232969551,219,com.android.gallery3d/.app.MovieActivity,android.intent.action.VIEW,video/*,content://media/external/video/media/31,0]
11-22 08:16:56.790 1489 8504 I wm_pause_activity: [0,68790441,com.android.gallery3d/.app.GalleryActivity,userLeaving=true,resumeTopActivityInnerLocked]
11-22 08:16:56.812 1489 2012 I input_focus: [Focus entering f3cc3e1 com.android.gallery3d/com.android.gallery3d.app.GalleryActivity (server),reason=setFocusedWindow]
11-22 08:16:56.823 21003 21003 I wm_on_top_resumed_lost_called: [68790441,com.android.gallery3d.app.GalleryActivity,topStateChangedWhenResumed]
11-22 08:16:56.849 21003 21003 I wm_on_paused_called: [68790441,com.android.gallery3d.app.GalleryActivity,performPause]
11-22 08:16:56.851 1489 5500 I wm_restart_activity: [0,232969551,219,com.android.gallery3d/.app.MovieActivity]
11-22 08:16:56.851 1489 5500 I wm_set_resumed_activity: [0,com.android.gallery3d/.app.MovieActivity,minimalResumeActivityLocked]
11-22 08:16:56.854 1489 1634 I sysui_multi_action: [757,803,799,window_time_2,802,6]
11-22 08:16:56.868 21003 21003 I wm_on_create_called: [232969551,com.android.gallery3d.app.MovieActivity,performCreate]
11-22 08:16:56.870 21003 21003 I wm_on_start_called: [232969551,com.android.gallery3d.app.MovieActivity,handleStartActivity]
11-22 08:16:56.870 21003 21003 I wm_on_resume_called: [232969551,com.android.gallery3d.app.MovieActivity,RESUME_ACTIVITY]
11-22 08:16:56.874 21003 21003 I wm_on_top_resumed_gained_called: [232969551,com.android.gallery3d.app.MovieActivity,topStateChangedWhenResumed]
11-22 08:16:56.879 1489 1636 I input_focus: [Focus request 764eb0d com.android.gallery3d/com.android.gallery3d.app.MovieActivity,reason=UpdateInputWindows]
11-22 08:16:56.897 1489 2012 I input_focus: [Focus leaving f3cc3e1 com.android.gallery3d/com.android.gallery3d.app.GalleryActivity (server),reason=Waiting for window because NOT_VISIBLE]
11-22 08:16:56.906 1489 1631 I wm_activity_launch_time: [0,232969551,com.android.gallery3d/.app.MovieActivity,121]
11-22 08:16:56.927 1489 2012 I input_focus: [Focus entering 764eb0d com.android.gallery3d/com.android.gallery3d.app.MovieActivity (server),reason=Window became focusable. Previous reason: NOT_VISIBLE]
11-22 08:16:57.035 0 0 I auditd : type=1400 audit(0.0:5736): avc: denied { kill } for comm="swapper/3" capability=5 scontext=u:r:kernel:s0 tcontext=u:r:kernel:s0 tclass=capability permissive=0
11-22 08:16:58.035 0 0 I auditd : type=1400 audit(0.0:5737): avc: denied { kill } for comm="swapper/3" capability=5 scontext=u:r:kernel:s0 tcontext=u:r:kernel:s0 tclass=capability permissive=0
11-22 08:17:00.520 1489 2012 I input_interaction: Interaction with: 764eb0d com.android.gallery3d/com.android.gallery3d.app.MovieActivity (server), edge-swipe (server), swipe-up (server), PointerEventDispatcher0 (server),
11-22 08:17:03.035 0 0 I auditd : type=1400 audit(0.0:5738): avc: denied { kill } for comm="swapper/1" capability=5 scontext=u:r:kernel:s0 tcontext=u:r:kernel:s0 tclass=capability permissive=0
11-22 08:17:04.035 0 0 I auditd : type=1400 audit(0.0:5739): avc: denied { kill } for comm="swapper/1" capability=5 scontext=u:r:kernel:s0 tcontext=u:r:kernel:s0 tclass=capability permissive=0
11-22 08:17:05.035 0 0 I auditd : type=1400 audit(0.0:5740): avc: denied { kill } for comm="swapper/1" capability=5 scontext=u:r:kernel:s0 tcontext=u:r:kernel:s0 tclass=capability permissive=0
11-22 08:17:06.035 18636 18636 I auditd : type=1400 audit(0.0:5741): avc: denied { kill } for comm="kworker/u16:12" capability=5 scontext=u:r:kernel:s0 tcontext=u:r:kernel:s0 tclass=capability permissive=0
11-22 08:17:07.035 0 0 I auditd : type=1400 audit(0.0:5742): avc: denied { kill } for comm="swapper/1" capability=5 scontext=u:r:kernel:s0 tcontext=u:r:kernel:s0 tclass=capability permissive=0
11-22 08:17:08.035 0 0 I auditd : type=1400 audit(0.0:5743): avc: denied { kill } for comm="swapper/1" capability=5 scontext=u:r:kernel:s0 tcontext=u:r:kernel:s0 tclass=capability permissive=0
11-22 08:17:09.105 21003 21003 I menu_item_selected: [0,MUTE_20221122_081654.mp4]
11-22 08:17:09.112 1489 8504 I wm_task_moved: [219,1,7]
11-22 08:17:09.112 1489 8504 I wm_set_resumed_activity: [0,com.android.gallery3d/.app.MovieActivity,positionChildAt]
11-22 08:17:09.112 1489 8504 I wm_create_activity: [0,109063601,219,com.android.gallery3d/.app.GalleryActivity,NULL,NULL,NULL,0]
11-22 08:17:09.114 1489 8504 I wm_pause_activity: [0,232969551,com.android.gallery3d/.app.MovieActivity,userLeaving=true,resumeTopActivityInnerLocked]
11-22 08:17:09.123 1489 2835 I wm_finish_activity: [0,232969551,219,com.android.gallery3d/.app.MovieActivity,app-request]
11-22 08:17:09.125 21003 21003 I wm_on_top_resumed_lost_called: [232969551,com.android.gallery3d.app.MovieActivity,topStateChangedWhenResumed]
11-22 08:17:09.186 21003 21003 I wm_on_paused_called: [232969551,com.android.gallery3d.app.MovieActivity,performPause]
11-22 08:17:09.187 1489 2835 I wm_add_to_stopping: [0,232969551,com.android.gallery3d/.app.MovieActivity,completeFinishing]
11-22 08:17:09.192 1489 2835 I wm_restart_activity: [0,109063601,219,com.android.gallery3d/.app.GalleryActivity]
11-22 08:17:09.193 1489 2835 I wm_set_resumed_activity: [0,com.android.gallery3d/.app.GalleryActivity,minimalResumeActivityLocked]
11-22 08:17:09.200 1489 1634 I sysui_multi_action: [757,803,799,window_time_2,802,12]
11-22 08:17:09.206 1489 2012 I input_focus: [Focus leaving 764eb0d com.android.gallery3d/com.android.gallery3d.app.MovieActivity (server),reason=NO_WINDOW]
11-22 08:17:09.223 21003 21003 I wm_on_create_called: [109063601,com.android.gallery3d.app.GalleryActivity,performCreate]
11-22 08:17:09.225 21003 21003 I wm_on_start_called: [109063601,com.android.gallery3d.app.GalleryActivity,handleStartActivity]
11-22 08:17:09.229 21003 21003 I wm_on_resume_called: [109063601,com.android.gallery3d.app.GalleryActivity,RESUME_ACTIVITY]
11-22 08:17:09.232 21003 21003 I wm_on_top_resumed_gained_called: [109063601,com.android.gallery3d.app.GalleryActivity,topStateChangedWhenResumed]
11-22 08:17:09.240 1489 1636 I input_focus: [Focus request b6eb4b3 com.android.gallery3d/com.android.gallery3d.app.GalleryActivity,reason=UpdateInputWindows]
11-22 08:17:09.275 1489 1631 I wm_activity_launch_time: [0,109063601,com.android.gallery3d/.app.GalleryActivity,168]
11-22 08:17:09.295 1489 2012 I input_focus: [Focus entering b6eb4b3 com.android.gallery3d/com.android.gallery3d.app.GalleryActivity (server),reason=Window became focusable. Previous reason: NOT_VISIBLE]
11-22 08:17:09.332 1489 1648 I am_pss : [21623,10060,com.android.soundrecorder,7881728,2686976,4058112,57102336,0,19,5]
11-22 08:17:09.340 1489 1648 I am_pss : [21621,10034,com.microsoft.emmx,38680576,31506432,4291584,105140224,0,19,7]
11-22 08:17:09.561 1489 1634 I wm_destroy_activity: [0,232969551,219,com.android.gallery3d/.app.MovieActivity,finish-imm:idle]
11-22 08:17:09.580 21003 21003 I wm_on_stop_called: [232969551,com.android.gallery3d.app.MovieActivity,LIFECYCLER_STOP_ACTIVITY]
11-22 08:17:09.581 21003 21003 I wm_on_destroy_called: [232969551,com.android.gallery3d.app.MovieActivity,performDestroy]
11-22 08:17:10.035 0 0 I auditd : type=1400 audit(0.0:5744): avc: denied { kill } for comm="swapper/1" capability=5 scontext=u:r:kernel:s0 tcontext=u:r:kernel:s0 tclass=capability permissive=0
11-22 08:17:10.681 1489 2012 I input_interaction: Interaction with: b6eb4b3 com.android.gallery3d/com.android.gallery3d.app.GalleryActivity (server), edge-swipe (server), swipe-up (server), PointerEventDispatcher0 (server),
11-22 08:17:12.035 0 0 I auditd : type=1400 audit(0.0:5745): avc: denied { kill } for comm="swapper/2" capability=5 scontext=u:r:kernel:s0 tcontext=u:r:kernel:s0 tclass=capability permissive=0
11-22 08:17:12.741 1489 2012 I input_interaction: Interaction with: b6eb4b3 com.android.gallery3d/com.android.gallery3d.app.GalleryActivity (server), PointerEventDispatcher0 (server),
11-22 08:17:13.035 0 0 I auditd : type=1400 audit(0.0:5746): avc: denied { kill } for comm="swapper/2" capability=5 scontext=u:r:kernel:s0 tcontext=u:r:kernel:s0 tclass=capability permissive=0
11-22 08:17:13.746 1489 2012 I input_interaction: Interaction with: b6eb4b3 com.android.gallery3d/com.android.gallery3d.app.GalleryActivity (server), edge-swipe (server), swipe-up (server), PointerEventDispatcher0 (server),
11-22 08:17:14.035 0 0 I auditd : type=1400 audit(0.0:5747): avc: denied { kill } for comm="swapper/2" capability=5 scontext=u:r:kernel:s0 tcontext=u:r:kernel:s0 tclass=capability permissive=0
11-22 08:17:15.035 0 0 I auditd : type=1400 audit(0.0:5748): avc: denied { kill } for comm="swapper/2" capability=5 scontext=u:r:kernel:s0 tcontext=u:r:kernel:s0 tclass=capability permissive=0
11-22 08:17:15.528 1489 7595 I wm_task_moved: [219,1,7]
11-22 08:17:15.528 1489 7595 I wm_set_resumed_activity: [0,com.android.gallery3d/.app.GalleryActivity,positionChildAt]
11-22 08:17:15.528 1489 7595 I wm_create_activity: [0,242845697,219,com.android.gallery3d/.app.MovieActivity,android.intent.action.VIEW,video/*,content://media/external/video/media/30,0]
11-22 08:17:15.531 1489 7595 I wm_pause_activity: [0,109063601,com.android.gallery3d/.app.GalleryActivity,userLeaving=true,resumeTopActivityInnerLocked]
11-22 08:17:15.540 21003 21003 I wm_on_top_resumed_lost_called: [109063601,com.android.gallery3d.app.GalleryActivity,topStateChangedWhenResumed]
11-22 08:17:15.578 21003 21003 I wm_on_paused_called: [109063601,com.android.gallery3d.app.GalleryActivity,performPause]
11-22 08:17:15.581 1489 2835 I wm_restart_activity: [0,242845697,219,com.android.gallery3d/.app.MovieActivity]
11-22 08:17:15.583 1489 2835 I wm_set_resumed_activity: [0,com.android.gallery3d/.app.MovieActivity,minimalResumeActivityLocked]
11-22 08:17:15.586 1489 1634 I sysui_multi_action: [757,803,799,window_time_2,802,7]
11-22 08:17:15.603 21003 21003 I wm_on_create_called: [242845697,com.android.gallery3d.app.MovieActivity,performCreate]
11-22 08:17:15.609 21003 21003 I wm_on_start_called: [242845697,com.android.gallery3d.app.MovieActivity,handleStartActivity]
11-22 08:17:15.610 21003 21003 I wm_on_resume_called: [242845697,com.android.gallery3d.app.MovieActivity,RESUME_ACTIVITY]
11-22 08:17:15.617 21003 21003 I wm_on_top_resumed_gained_called: [242845697,com.android.gallery3d.app.MovieActivity,topStateChangedWhenResumed]
11-22 08:17:15.625 1489 1636 I input_focus: [Focus request 768bc83 com.android.gallery3d/com.android.gallery3d.app.MovieActivity,reason=UpdateInputWindows]
11-22 08:17:15.656 1489 1631 I wm_activity_launch_time: [0,242845697,com.android.gallery3d/.app.MovieActivity,134]
11-22 08:17:15.659 1489 2012 I input_focus: [Focus leaving b6eb4b3 com.android.gallery3d/com.android.gallery3d.app.GalleryActivity (server),reason=Waiting for window because NOT_VISIBLE]
11-22 08:17:15.674 1489 2012 I input_focus: [Focus entering 768bc83 com.android.gallery3d/com.android.gallery3d.app.MovieActivity (server),reason=Window became focusable. Previous reason: NOT_VISIBLE]
11-22 08:17:15.826 1489 7595 I snet_event_log: [172655291,-1,]
11-22 08:17:16.035 0 0 I auditd : type=1400 audit(0.0:5749): avc: denied { kill } for comm="swapper/2" capability=5 scontext=u:r:kernel:s0 tcontext=u:r:kernel:s0 tclass=capability permissive=0
11-22 08:17:16.960 1489 2012 I input_interaction: Interaction with: 768bc83 com.android.gallery3d/com.android.gallery3d.app.MovieActivity (server), edge-swipe (server), swipe-up (server), PointerEventDispatcher0 (server),
11-22 08:17:17.739 1489 7595 I snet_event_log: [172655291,-1,]
11-22 08:17:18.548 21003 21003 I menu_item_selected: [0,TRIM_20221122_081309]
11-22 08:17:18.549 1489 7595 I wm_finish_activity: [0,242845697,219,com.android.gallery3d/.app.MovieActivity,app-request]
11-22 08:17:18.556 1489 7595 I wm_pause_activity: [0,242845697,com.android.gallery3d/.app.MovieActivity,userLeaving=false,finish]
11-22 08:17:18.561 21003 21003 I wm_on_top_resumed_lost_called: [242845697,com.android.gallery3d.app.MovieActivity,topStateChangedWhenResumed]
11-22 08:17:18.580 1489 2012 I input_focus: [Focus leaving 768bc83 com.android.gallery3d/com.android.gallery3d.app.MovieActivity (server),reason=NO_WINDOW]
11-22 08:17:18.673 21003 21003 I wm_on_paused_called: [242845697,com.android.gallery3d.app.MovieActivity,performPause]
11-22 08:17:18.677 1489 5500 I wm_set_resumed_activity: [0,com.android.gallery3d/.app.GalleryActivity,resumeTopActivityInnerLocked]
11-22 08:17:18.679 1489 5500 I wm_resume_activity: [0,109063601,219,com.android.gallery3d/.app.GalleryActivity]
11-22 08:17:18.687 1489 1636 I input_focus: [Focus request b6eb4b3 com.android.gallery3d/com.android.gallery3d.app.GalleryActivity,reason=UpdateInputWindows]
11-22 08:17:18.687 1489 1634 I sysui_multi_action: [757,803,799,window_time_2,802,3]
11-22 08:17:18.688 21003 21003 I wm_on_activity_result_called: [109063601,com.android.gallery3d.app.GalleryActivity,ACTIVITY_RESULT]
11-22 08:17:18.699 21003 21003 I wm_on_resume_called: [109063601,com.android.gallery3d.app.GalleryActivity,RESUME_ACTIVITY]
11-22 08:17:18.707 21003 21003 I wm_on_top_resumed_gained_called: [109063601,com.android.gallery3d.app.GalleryActivity,topWhenResuming]
11-22 08:17:18.714 1489 2012 I input_focus: [Focus entering b6eb4b3 com.android.gallery3d/com.android.gallery3d.app.GalleryActivity (server),reason=setFocusedWindow]
11-22 08:17:18.964 1489 1634 I wm_destroy_activity: [0,242845697,219,com.android.gallery3d/.app.MovieActivity,finish-transit]
11-22 08:17:19.028 21003 21003 I wm_on_stop_called: [242845697,com.android.gallery3d.app.MovieActivity,LIFECYCLER_STOP_ACTIVITY]
11-22 08:17:19.029 21003 21003 I wm_on_destroy_called: [242845697,com.android.gallery3d.app.MovieActivity,performDestroy]
11-22 08:17:20.035 0 0 I auditd : type=1400 audit(0.0:5750): avc: denied { kill } for comm="swapper/3" capability=5 scontext=u:r:kernel:s0 tcontext=u:r:kernel:s0 tclass=capability permissive=0
11-22 08:17:20.161 1489 2012 I input_interaction: Interaction with: b6eb4b3 com.android.gallery3d/com.android.gallery3d.app.GalleryActivity (server), edge-swipe (server), swipe-up (server), PointerEventDispatcher0 (server),
11-22 08:17:20.284 21003 21003 I menu_item_selected: [0,test]
11-22 08:17:21.035 288 288 I auditd : type=1400 audit(0.0:5751): avc: denied { kill } for comm="kgsl_worker_thr" capability=5 scontext=u:r:kernel:s0 tcontext=u:r:kernel:s0 tclass=capability permissive=0
11-22 08:17:22.035 0 0 I auditd : type=1400 audit(0.0:5752): avc: denied { kill } for comm="swapper/3" capability=5 scontext=u:r:kernel:s0 tcontext=u:r:kernel:s0 tclass=capability permissive=0
11-22 08:17:23.035 0 0 I auditd : type=1400 audit(0.0:5753): avc: denied { kill } for comm="swapper/3" capability=5 scontext=u:r:kernel:s0 tcontext=u:r:kernel:s0 tclass=capability permissive=0
11-22 08:17:24.035 0 0 I auditd : type=1400 audit(0.0:5754): avc: denied { kill } for comm="swapper/3" capability=5 scontext=u:r:kernel:s0 tcontext=u:r:kernel:s0 tclass=capability permissive=0
11-22 08:17:26.035 0 0 I auditd : type=1400 audit(0.0:5755): avc: denied { kill } for comm="swapper/3" capability=5 scontext=u:r:kernel:s0 tcontext=u:r:kernel:s0 tclass=capability permissive=0
11-22 08:17:26.066 1489 5500 I wm_task_moved: [219,1,7]
11-22 08:17:26.066 1489 5500 I wm_set_resumed_activity: [0,com.android.gallery3d/.app.GalleryActivity,positionChildAt]
11-22 08:17:26.066 1489 5500 I wm_create_activity: [0,233469426,219,com.android.gallery3d/.app.MovieActivity,android.intent.action.VIEW,video/*,content://media/external/video/media/23,0]
11-22 08:17:26.069 1489 5500 I wm_pause_activity: [0,109063601,com.android.gallery3d/.app.GalleryActivity,userLeaving=true,resumeTopActivityInnerLocked]
11-22 08:17:26.077 21003 21003 I wm_on_top_resumed_lost_called: [109063601,com.android.gallery3d.app.GalleryActivity,topStateChangedWhenResumed]
11-22 08:17:26.115 21003 21003 I wm_on_paused_called: [109063601,com.android.gallery3d.app.GalleryActivity,performPause]
11-22 08:17:26.120 1489 7595 I wm_restart_activity: [0,233469426,219,com.android.gallery3d/.app.MovieActivity]
11-22 08:17:26.122 1489 7595 I wm_set_resumed_activity: [0,com.android.gallery3d/.app.MovieActivity,minimalResumeActivityLocked]
11-22 08:17:26.126 1489 1634 I sysui_multi_action: [757,803,799,window_time_2,802,7]
11-22 08:17:26.138 1489 1648 I am_pss : [21003,10069,com.android.gallery3d,69225472,62853120,0,190197760,0,2,9]
11-22 08:17:26.153 21003 21003 I wm_on_create_called: [233469426,com.android.gallery3d.app.MovieActivity,performCreate]
11-22 08:17:26.156 21003 21003 I wm_on_start_called: [233469426,com.android.gallery3d.app.MovieActivity,handleStartActivity]
11-22 08:17:26.156 21003 21003 I wm_on_resume_called: [233469426,com.android.gallery3d.app.MovieActivity,RESUME_ACTIVITY]
11-22 08:17:26.161 21003 21003 I wm_on_top_resumed_gained_called: [233469426,com.android.gallery3d.app.MovieActivity,topStateChangedWhenResumed]
11-22 08:17:26.173 1489 1636 I input_focus: [Focus request b3912ec com.android.gallery3d/com.android.gallery3d.app.MovieActivity,reason=UpdateInputWindows]
11-22 08:17:26.196 1489 2012 I input_focus: [Focus leaving b6eb4b3 com.android.gallery3d/com.android.gallery3d.app.GalleryActivity (server),reason=Waiting for window because NOT_VISIBLE]
11-22 08:17:26.215 1489 1631 I wm_activity_launch_time: [0,233469426,com.android.gallery3d/.app.MovieActivity,155]
11-22 08:17:26.229 1489 2012 I input_focus: [Focus entering b3912ec com.android.gallery3d/com.android.gallery3d.app.MovieActivity (server),reason=Window became focusable. Previous reason: NOT_VISIBLE]
11-22 08:17:26.343 1489 8504 I snet_event_log: [172655291,-1,]
11-22 08:17:27.122 1489 2012 I input_interaction: Interaction with: b3912ec com.android.gallery3d/com.android.gallery3d.app.MovieActivity (server), edge-swipe (server), swipe-up (server), PointerEventDispatcher0 (server),
11-22 08:17:27.136 1489 1489 I service_manager_slow: [10,phone]
11-22 08:17:27.964 1489 1650 I am_uid_idle: 10090
11-22 08:17:30.079 21003 21003 I menu_item_selected: [0,Food]
11-22 08:17:30.081 1489 2835 I wm_finish_activity: [0,233469426,219,com.android.gallery3d/.app.MovieActivity,app-request]
11-22 08:17:30.089 1489 2835 I wm_pause_activity: [0,233469426,com.android.gallery3d/.app.MovieActivity,userLeaving=false,finish]
11-22 08:17:30.094 21003 21003 I wm_on_top_resumed_lost_called: [233469426,com.android.gallery3d.app.MovieActivity,topStateChangedWhenResumed]
11-22 08:17:30.112 1489 2012 I input_focus: [Focus leaving b3912ec com.android.gallery3d/com.android.gallery3d.app.MovieActivity (server),reason=NO_WINDOW]
11-22 08:17:30.287 21003 21003 I wm_on_paused_called: [233469426,com.android.gallery3d.app.MovieActivity,performPause]
11-22 08:17:30.292 1489 3542 I wm_set_resumed_activity: [0,com.android.gallery3d/.app.GalleryActivity,resumeTopActivityInnerLocked]
11-22 08:17:30.294 1489 3542 I wm_resume_activity: [0,109063601,219,com.android.gallery3d/.app.GalleryActivity]
11-22 08:17:30.301 1489 1636 I input_focus: [Focus request b6eb4b3 com.android.gallery3d/com.android.gallery3d.app.GalleryActivity,reason=UpdateInputWindows]
11-22 08:17:30.301 1489 1634 I sysui_multi_action: [757,803,799,window_time_2,802,4]
11-22 08:17:30.307 21003 21003 I wm_on_activity_result_called: [109063601,com.android.gallery3d.app.GalleryActivity,ACTIVITY_RESULT]
11-22 08:17:30.318 21003 21003 I wm_on_resume_called: [109063601,com.android.gallery3d.app.GalleryActivity,RESUME_ACTIVITY]
11-22 08:17:30.318 21003 21003 I wm_on_top_resumed_gained_called: [109063601,com.android.gallery3d.app.GalleryActivity,topWhenResuming]
11-22 08:17:30.329 1489 2012 I input_focus: [Focus entering b6eb4b3 com.android.gallery3d/com.android.gallery3d.app.GalleryActivity (server),reason=setFocusedWindow]
11-22 08:17:30.577 1489 1634 I wm_destroy_activity: [0,233469426,219,com.android.gallery3d/.app.MovieActivity,finish-transit]
11-22 08:17:30.632 21003 21003 I wm_on_stop_called: [233469426,com.android.gallery3d.app.MovieActivity,LIFECYCLER_STOP_ACTIVITY]
11-22 08:17:30.633 21003 21003 I wm_on_destroy_called: [233469426,com.android.gallery3d.app.MovieActivity,performDestroy]
11-22 08:17:30.654 1489 1648 I am_pss : [21623,10060,com.android.soundrecorder,7717888,1458176,5186560,53653504,0,19,6]
11-22 08:17:30.663 1489 1648 I am_pss : [21621,10034,com.microsoft.emmx,33916928,25194496,5901312,96317440,0,19,6]
11-22 08:17:31.035 0 0 I auditd : type=1400 audit(0.0:5756): avc: denied { kill } for comm="swapper/3" capability=5 scontext=u:r:kernel:s0 tcontext=u:r:kernel:s0 tclass=capability permissive=0
11-22 08:17:31.405 1489 2012 I input_interaction: Interaction with: b6eb4b3 com.android.gallery3d/com.android.gallery3d.app.GalleryActivity (server), edge-swipe (server), swipe-up (server), PointerEventDispatcher0 (server),
11-22 08:17:31.543 21003 21003 I menu_item_selected: [0,test]
11-22 08:17:33.035 0 0 I auditd : type=1400 audit(0.0:5757): avc: denied { kill } for comm="swapper/3" capability=5 scontext=u:r:kernel:s0 tcontext=u:r:kernel:s0 tclass=capability permissive=0
11-22 08:17:34.035 0 0 I auditd : type=1400 audit(0.0:5758): avc: denied { kill } for comm="swapper/3" capability=5 scontext=u:r:kernel:s0 tcontext=u:r:kernel:s0 tclass=capability permissive=0
11-22 08:17:35.035 0 0 I auditd : type=1400 audit(0.0:5759): avc: denied { kill } for comm="swapper/3" capability=5 scontext=u:r:kernel:s0 tcontext=u:r:kernel:s0 tclass=capability permissive=0
11-22 08:17:35.405 1489 2319 I storage_state: [41217664-9172-527a-b3d5-edabb50a7d69,0,0,115311427584,118610538496]
11-22 08:17:36.035 0 0 I auditd : type=1400 audit(0.0:5760): avc: denied { kill } for comm="swapper/3" capability=5 scontext=u:r:kernel:s0 tcontext=u:r:kernel:s0 tclass=capability permissive=0
11-22 08:17:36.343 1489 5500 I wm_task_moved: [219,1,7]
11-22 08:17:36.343 1489 5500 I wm_set_resumed_activity: [0,com.android.gallery3d/.app.GalleryActivity,positionChildAt]
11-22 08:17:36.344 1489 5500 I wm_create_activity: [0,19233663,219,com.android.gallery3d/.app.MovieActivity,android.intent.action.VIEW,video/*,content://media/external/video/media/31,0]
11-22 08:17:36.346 1489 5500 I wm_pause_activity: [0,109063601,com.android.gallery3d/.app.GalleryActivity,userLeaving=true,resumeTopActivityInnerLocked]
11-22 08:17:36.354 21003 21003 I wm_on_top_resumed_lost_called: [109063601,com.android.gallery3d.app.GalleryActivity,topStateChangedWhenResumed]
11-22 08:17:36.400 21003 21003 I wm_on_paused_called: [109063601,com.android.gallery3d.app.GalleryActivity,performPause]
11-22 08:17:36.404 1489 2835 I wm_restart_activity: [0,19233663,219,com.android.gallery3d/.app.MovieActivity]
11-22 08:17:36.405 1489 2835 I wm_set_resumed_activity: [0,com.android.gallery3d/.app.MovieActivity,minimalResumeActivityLocked]
11-22 08:17:36.409 1489 1634 I sysui_multi_action: [757,803,799,window_time_2,802,6]
11-22 08:17:36.425 21003 21003 I wm_on_create_called: [19233663,com.android.gallery3d.app.MovieActivity,performCreate]
11-22 08:17:36.428 21003 21003 I wm_on_start_called: [19233663,com.android.gallery3d.app.MovieActivity,handleStartActivity]
11-22 08:17:36.429 21003 21003 I wm_on_resume_called: [19233663,com.android.gallery3d.app.MovieActivity,RESUME_ACTIVITY]
11-22 08:17:36.434 21003 21003 I wm_on_top_resumed_gained_called: [19233663,com.android.gallery3d.app.MovieActivity,topStateChangedWhenResumed]
11-22 08:17:36.445 1489 1636 I input_focus: [Focus request ab06411 com.android.gallery3d/com.android.gallery3d.app.MovieActivity,reason=UpdateInputWindows]
11-22 08:17:36.470 1489 2012 I input_focus: [Focus leaving b6eb4b3 com.android.gallery3d/com.android.gallery3d.app.GalleryActivity (server),reason=Waiting for window because NOT_VISIBLE]
11-22 08:17:36.501 1489 1631 I wm_activity_launch_time: [0,19233663,com.android.gallery3d/.app.MovieActivity,163]
11-22 08:17:36.522 1489 2012 I input_focus: [Focus entering ab06411 com.android.gallery3d/com.android.gallery3d.app.MovieActivity (server),reason=Window became focusable. Previous reason: NOT_VISIBLE]
11-22 08:17:37.846 1489 2012 I input_interaction: Interaction with: ab06411 com.android.gallery3d/com.android.gallery3d.app.MovieActivity (server), edge-swipe (server), swipe-up (server), PointerEventDispatcher0 (server),
11-22 08:17:38.035 0 0 I auditd : type=1400 audit(0.0:5761): avc: denied { kill } for comm="swapper/3" capability=5 scontext=u:r:kernel:s0 tcontext=u:r:kernel:s0 tclass=capability permissive=0
11-22 08:17:39.035 0 0 I auditd : type=1400 audit(0.0:5762): avc: denied { kill } for comm="swapper/3" capability=5 scontext=u:r:kernel:s0 tcontext=u:r:kernel:s0 tclass=capability permissive=0
11-22 08:17:40.035 0 0 I auditd : type=1400 audit(0.0:5763): avc: denied { kill } for comm="swapper/3" capability=5 scontext=u:r:kernel:s0 tcontext=u:r:kernel:s0 tclass=capability permissive=0
11-22 08:17:41.035 0 0 I auditd : type=1400 audit(0.0:5764): avc: denied { kill } for comm="swapper/3" capability=5 scontext=u:r:kernel:s0 tcontext=u:r:kernel:s0 tclass=capability permissive=0
11-22 08:17:43.398 21003 21003 I menu_item_selected: [0,MUTE_20221122_081654]
11-22 08:17:43.399 1489 2835 I wm_finish_activity: [0,19233663,219,com.android.gallery3d/.app.MovieActivity,app-request]
11-22 08:17:43.413 1489 2835 I wm_pause_activity: [0,19233663,com.android.gallery3d/.app.MovieActivity,userLeaving=false,finish]
11-22 08:17:43.419 21003 21003 I wm_on_top_resumed_lost_called: [19233663,com.android.gallery3d.app.MovieActivity,topStateChangedWhenResumed]
11-22 08:17:43.439 1489 2012 I input_focus: [Focus leaving ab06411 com.android.gallery3d/com.android.gallery3d.app.MovieActivity (server),reason=NO_WINDOW]
11-22 08:17:43.472 21003 21003 I wm_on_paused_called: [19233663,com.android.gallery3d.app.MovieActivity,performPause]
11-22 08:17:43.476 1489 2835 I wm_set_resumed_activity: [0,com.android.gallery3d/.app.GalleryActivity,resumeTopActivityInnerLocked]
11-22 08:17:43.477 1489 2835 I wm_resume_activity: [0,109063601,219,com.android.gallery3d/.app.GalleryActivity]
11-22 08:17:43.484 1489 1636 I input_focus: [Focus request b6eb4b3 com.android.gallery3d/com.android.gallery3d.app.GalleryActivity,reason=UpdateInputWindows]
11-22 08:17:43.484 1489 1634 I sysui_multi_action: [757,803,799,window_time_2,802,8]
11-22 08:17:43.492 21003 21003 I wm_on_activity_result_called: [109063601,com.android.gallery3d.app.GalleryActivity,ACTIVITY_RESULT]
11-22 08:17:43.500 21003 21003 I wm_on_resume_called: [109063601,com.android.gallery3d.app.GalleryActivity,RESUME_ACTIVITY]
11-22 08:17:43.500 21003 21003 I wm_on_top_resumed_gained_called: [109063601,com.android.gallery3d.app.GalleryActivity,topWhenResuming]
11-22 08:17:43.503 1489 2012 I input_focus: [Focus entering b6eb4b3 com.android.gallery3d/com.android.gallery3d.app.GalleryActivity (server),reason=setFocusedWindow]
11-22 08:17:43.758 1489 1634 I wm_destroy_activity: [0,19233663,219,com.android.gallery3d/.app.MovieActivity,finish-transit]
11-22 08:17:43.815 21003 21003 I wm_on_stop_called: [19233663,com.android.gallery3d.app.MovieActivity,LIFECYCLER_STOP_ACTIVITY]
11-22 08:17:43.815 21003 21003 I wm_on_destroy_called: [19233663,com.android.gallery3d.app.MovieActivity,performDestroy]
11-22 08:17:44.035 0 0 I auditd : type=1400 audit(0.0:5765): avc: denied { kill } for comm="swapper/3" capability=5 scontext=u:r:kernel:s0 tcontext=u:r:kernel:s0 tclass=capability permissive=0
11-22 08:17:45.035 0 0 I auditd : type=1400 audit(0.0:5766): avc: denied { kill } for comm="swapper/3" capability=5 scontext=u:r:kernel:s0 tcontext=u:r:kernel:s0 tclass=capability permissive=0
11-22 08:17:45.060 1489 2012 I input_interaction: Interaction with: b6eb4b3 com.android.gallery3d/com.android.gallery3d.app.GalleryActivity (server), edge-swipe (server), swipe-up (server), PointerEventDispatcher0 (server),
11-22 08:17:45.220 1489 1636 I input_focus: [Focus request b86a55f PopupWindow:cd14b8c,reason=UpdateInputWindows]
11-22 08:17:45.246 1489 2012 I input_focus: [Focus leaving b6eb4b3 com.android.gallery3d/com.android.gallery3d.app.GalleryActivity (server),reason=Waiting for window because NOT_VISIBLE]
11-22 08:17:45.262 1489 2012 I input_focus: [Focus entering b86a55f PopupWindow:cd14b8c (server),reason=Window became focusable. Previous reason: NOT_VISIBLE]
11-22 08:17:46.035 0 0 I auditd : type=1400 audit(0.0:5767): avc: denied { kill } for comm="swapper/3" capability=5 scontext=u:r:kernel:s0 tcontext=u:r:kernel:s0 tclass=capability permissive=0
11-22 08:17:46.890 1489 2012 I input_interaction: Interaction with: b86a55f PopupWindow:cd14b8c (server), edge-swipe (server), swipe-up (server), PointerEventDispatcher0 (server),
11-22 08:17:47.081 21003 21003 I menu_item_selected: [0,静音]
11-22 08:17:47.147 1489 1636 I input_focus: [Focus request 59cc0b0 正在静音,reason=UpdateInputWindows]
11-22 08:17:47.182 1489 2012 I input_focus: [Focus entering 59cc0b0 正在静音 (server),reason=Window became focusable. Previous reason: NOT_VISIBLE]
11-22 08:17:49.711 1489 1636 I input_focus: [Focus request b6eb4b3 com.android.gallery3d/com.android.gallery3d.app.GalleryActivity,reason=UpdateInputWindows]
11-22 08:17:49.714 1489 8504 I wm_task_moved: [219,1,7]
11-22 08:17:49.714 1489 8504 I wm_set_resumed_activity: [0,com.android.gallery3d/.app.GalleryActivity,positionChildAt]
11-22 08:17:49.714 1489 8504 I wm_create_activity: [0,172297270,219,com.android.gallery3d/.app.MovieActivity,android.intent.action.VIEW,video/*,content://media/external/video/media/32,0]
11-22 08:17:49.715 1489 8504 I wm_pause_activity: [0,109063601,com.android.gallery3d/.app.GalleryActivity,userLeaving=true,resumeTopActivityInnerLocked]
11-22 08:17:49.721 1489 2012 I input_focus: [Focus entering b6eb4b3 com.android.gallery3d/com.android.gallery3d.app.GalleryActivity (server),reason=setFocusedWindow]
11-22 08:17:49.741 21003 21003 I wm_on_top_resumed_lost_called: [109063601,com.android.gallery3d.app.GalleryActivity,topStateChangedWhenResumed]
11-22 08:17:49.766 21003 21003 I wm_on_paused_called: [109063601,com.android.gallery3d.app.GalleryActivity,performPause]
11-22 08:17:49.771 1489 3542 I wm_restart_activity: [0,172297270,219,com.android.gallery3d/.app.MovieActivity]
11-22 08:17:49.772 1489 3542 I wm_set_resumed_activity: [0,com.android.gallery3d/.app.MovieActivity,minimalResumeActivityLocked]
11-22 08:17:49.776 1489 1634 I sysui_multi_action: [757,803,799,window_time_2,802,6]
11-22 08:17:49.787 21003 21003 I wm_on_create_called: [172297270,com.android.gallery3d.app.MovieActivity,performCreate]
11-22 08:17:49.789 21003 21003 I wm_on_start_called: [172297270,com.android.gallery3d.app.MovieActivity,handleStartActivity]
11-22 08:17:49.789 21003 21003 I wm_on_resume_called: [172297270,com.android.gallery3d.app.MovieActivity,RESUME_ACTIVITY]
11-22 08:17:49.795 21003 21003 I wm_on_top_resumed_gained_called: [172297270,com.android.gallery3d.app.MovieActivity,topStateChangedWhenResumed]
11-22 08:17:49.803 1489 1636 I input_focus: [Focus request 8b0c46c com.android.gallery3d/com.android.gallery3d.app.MovieActivity,reason=UpdateInputWindows]
11-22 08:17:49.820 1489 1631 I wm_activity_launch_time: [0,172297270,com.android.gallery3d/.app.MovieActivity,108]
11-22 08:17:49.839 1489 2012 I input_focus: [Focus leaving b6eb4b3 com.android.gallery3d/com.android.gallery3d.app.GalleryActivity (server),reason=setFocusedWindow]
11-22 08:17:49.839 1489 2012 I input_focus: [Focus entering 8b0c46c com.android.gallery3d/com.android.gallery3d.app.MovieActivity (server),reason=setFocusedWindow]
11-22 08:17:51.035 352 352 I auditd : type=1400 audit(0.0:5768): avc: denied { kill } for comm="irq/382-atmel_m" capability=5 scontext=u:r:kernel:s0 tcontext=u:r:kernel:s0 tclass=capability permissive=0
11-22 08:17:52.035 352 352 I auditd : type=1400 audit(0.0:5769): avc: denied { kill } for comm="irq/382-atmel_m" capability=5 scontext=u:r:kernel:s0 tcontext=u:r:kernel:s0 tclass=capability permissive=0
11-22 08:17:52.922 1489 2012 I input_interaction: Interaction with: 8b0c46c com.android.gallery3d/com.android.gallery3d.app.MovieActivity (server), edge-swipe (server), swipe-up (server), PointerEventDispatcher0 (server),
11-22 08:17:53.035 0 0 I auditd : type=1400 audit(0.0:5770): avc: denied { kill } for comm="swapper/0" capability=5 scontext=u:r:kernel:s0 tcontext=u:r:kernel:s0 tclass=capability permissive=0
11-22 08:17:53.058 1489 3582 I wm_finish_activity: [0,172297270,219,com.android.gallery3d/.app.MovieActivity,finish-activity]
11-22 08:17:53.091 1489 3582 I wm_pause_activity: [0,172297270,com.android.gallery3d/.app.MovieActivity,userLeaving=false,finish]
11-22 08:17:53.096 1489 3582 I wm_finish_activity: [0,109063601,219,com.android.gallery3d/.app.GalleryActivity,finish-activity]
11-22 08:17:53.098 1489 3582 I wm_destroy_activity: [0,109063601,219,com.android.gallery3d/.app.GalleryActivity,finish-imm:finishIfPossible]
11-22 08:17:53.110 1489 3582 I wm_finish_activity: [0,68790441,219,com.android.gallery3d/.app.GalleryActivity,finish-activity]
11-22 08:17:53.110 1489 3582 I wm_task_moved: [1,1,7]
11-22 08:17:53.112 1489 3582 I wm_set_resumed_activity: [0,com.android.launcher3/.uioverrides.QuickstepLauncher,positionChildAt]
11-22 08:17:53.112 1489 3582 I wm_task_moved: [10,1,2147483647]
11-22 08:17:53.112 1489 3582 I wm_task_to_front: [0,10]
11-22 08:17:53.112 1489 3582 I wm_focused_root_task: [0,0,1,-1,finish-top adjustFocusToNextFocusableTask]
11-22 08:17:53.112 1489 3582 I wm_set_resumed_activity: [0,com.android.launcher3/.uioverrides.QuickstepLauncher,finish-top]
11-22 08:17:53.113 1489 3582 I wm_destroy_activity: [0,68790441,219,com.android.gallery3d/.app.GalleryActivity,finish-imm:finishIfPossible]
11-22 08:17:53.121 21003 21003 I wm_on_top_resumed_lost_called: [172297270,com.android.gallery3d.app.MovieActivity,topStateChangedWhenResumed]
11-22 08:17:53.124 1489 1636 I input_focus: [Focus request 3cc67bf com.android.launcher3/com.android.launcher3.uioverrides.QuickstepLauncher,reason=UpdateInputWindows]
11-22 08:17:53.129 2840 2840 I wm_on_top_resumed_gained_called: [168390208,com.android.launcher3.uioverrides.QuickstepLauncher,topStateChangedWhenResumed]
11-22 08:17:53.136 1489 1634 I sysui_multi_action: [757,803,799,window_time_2,802,3]
11-22 08:17:53.144 1489 2012 I input_focus: [Focus leaving 8b0c46c com.android.gallery3d/com.android.gallery3d.app.MovieActivity (server),reason=NO_WINDOW]
11-22 08:17:53.146 1489 2012 I input_focus: [Focus entering 3cc67bf com.android.launcher3/com.android.launcher3.uioverrides.QuickstepLauncher (server),reason=setFocusedWindow]
11-22 08:17:53.184 21003 21003 I wm_on_paused_called: [172297270,com.android.gallery3d.app.MovieActivity,performPause]
11-22 08:17:53.185 1489 8504 I wm_destroy_activity: [0,172297270,219,com.android.gallery3d/.app.MovieActivity,finish-imm:completePausedLocked]
11-22 08:17:53.199 1489 1634 I sysui_multi_action: [757,803,799,window_time_0,802,0]
11-22 08:17:53.200 21003 21003 I wm_on_stop_called: [109063601,com.android.gallery3d.app.GalleryActivity,LIFECYCLER_STOP_ACTIVITY]
11-22 08:17:53.202 21003 21003 I wm_on_destroy_called: [109063601,com.android.gallery3d.app.GalleryActivity,performDestroy]
11-22 08:17:53.214 21003 21003 I wm_on_stop_called: [68790441,com.android.gallery3d.app.GalleryActivity,LIFECYCLER_STOP_ACTIVITY]
11-22 08:17:53.217 21003 21003 I wm_on_destroy_called: [68790441,com.android.gallery3d.app.GalleryActivity,performDestroy]
11-22 08:17:53.239 21003 21003 I wm_on_stop_called: [172297270,com.android.gallery3d.app.MovieActivity,LIFECYCLER_STOP_ACTIVITY]
11-22 08:17:53.240 21003 21003 I wm_on_destroy_called: [172297270,com.android.gallery3d.app.MovieActivity,performDestroy]
11-22 08:17:53.409 1489 1636 I wm_task_removed: [219,removeChild:removeChild last r=ActivityRecord{419a8a9 u0 com.android.gallery3d/.app.GalleryActivity t-1 f}} in t=Task{15679c4 #219 type=standard A=10069:com.android.gallery3d U=0 visible=false mode=freeform translucent=true sz=0}]
11-22 08:17:53.409 1489 1636 I wm_task_removed: [219,removeChild]
11-22 08:17:54.035 0 0 I auditd : type=1400 audit(0.0:5771): avc: denied { kill } for comm="swapper/0" capability=5 scontext=u:r:kernel:s0 tcontext=u:r:kernel:s0 tclass=capability permissive=0
11-22 08:17:55.035 0 0 I auditd : type=1400 audit(0.0:5772): avc: denied { kill } for comm="swapper/0" capability=5 scontext=u:r:kernel:s0 tcontext=u:r:kernel:s0 tclass=capability permissive=0
11-22 08:17:56.035 352 352 I auditd : type=1400 audit(0.0:5773): avc: denied { kill } for comm="irq/382-atmel_m" capability=5 scontext=u:r:kernel:s0 tcontext=u:r:kernel:s0 tclass=capability permissive=0
11-22 08:17:56.656 1489 1752 I am_freeze: [19711,com.android.deskclock]
11-22 08:17:56.657 1489 1752 I am_kill : [0,19711,com.android.deskclock,955,Unable to freeze binder interface]
11-22 08:17:56.693 1489 3542 I am_proc_died: [0,19711,com.android.deskclock,955,19]
11-22 08:17:56.694 1489 3542 I am_uid_stopped: 10066
11-22 08:17:56.702 1489 1634 I am_uid_running: 10066
11-22 08:17:56.728 1489 1651 I am_proc_start: [0,21910,10066,com.android.deskclock,NULL,]
11-22 08:17:56.772 1489 3542 I am_proc_bound: [0,21910,com.android.deskclock]
11-22 08:17:57.035 0 0 I auditd : type=1400 audit(0.0:5774): avc: denied { kill } for comm="swapper/0" capability=5 scontext=u:r:kernel:s0 tcontext=u:r:kernel:s0 tclass=capability permissive=0
11-22 08:17:57.156 1489 2489 I ntp_failure: [time.android.com/216.239.35.12,java.net.SocketTimeoutException: Poll timed out]
11-22 08:17:57.289 1489 2012 I input_interaction: Interaction with: 3cc67bf com.android.launcher3/com.android.launcher3.uioverrides.QuickstepLauncher (server), 6449bab com.android.systemui.ImageWallpaper (server), edge-swipe (server), swipe-up (server), PointerEventDispatcher0 (server),
11-22 08:17:58.035 352 352 I auditd : type=1400 audit(0.0:5775): avc: denied { kill } for comm="irq/382-atmel_m" capability=5 scontext=u:r:kernel:s0 tcontext=u:r:kernel:s0 tclass=capability permissive=0
11-22 08:17:58.563 1489 5500 I wm_task_created: [222,-1]
11-22 08:17:58.568 1489 5500 I wm_task_moved: [222,1,7]
11-22 08:17:58.568 1489 5500 I wm_task_to_front: [0,222]
11-22 08:17:58.569 1489 5500 I wm_create_task: [0,222]
11-22 08:17:58.569 1489 5500 I wm_create_activity: [0,215823757,222,com.android.music/.VideoBrowserActivity,NULL,NULL,NULL,268468224]
11-22 08:17:58.569 1489 5500 I wm_task_moved: [222,1,7]
11-22 08:17:58.572 1489 5500 I wm_restart_activity: [0,215823757,222,com.android.music/.VideoBrowserActivity]
11-22 08:17:58.577 1489 5500 I wm_set_resumed_activity: [0,com.android.music/.VideoBrowserActivity,minimalResumeActivityLocked]
11-22 08:17:58.582 1489 1634 I am_uid_active: 10090
11-22 08:17:58.593 2840 2840 I wm_on_top_resumed_lost_called: [168390208,com.android.launcher3.uioverrides.QuickstepLauncher,topStateChangedWhenResumed]
11-22 08:17:58.620 19812 19812 I wm_on_create_called: [215823757,com.android.music.VideoBrowserActivity,performCreate]
11-22 08:17:58.620 19812 19812 I wm_on_start_called: [215823757,com.android.music.VideoBrowserActivity,handleStartActivity]
11-22 08:17:58.621 19812 19812 I wm_on_resume_called: [215823757,com.android.music.VideoBrowserActivity,RESUME_ACTIVITY]
11-22 08:17:58.623 19812 19812 I wm_on_top_resumed_gained_called: [215823757,com.android.music.VideoBrowserActivity,topStateChangedWhenResumed]
11-22 08:17:58.629 1489 1636 I input_focus: [Focus request 21d018e com.android.music/com.android.music.VideoBrowserActivity,reason=UpdateInputWindows]
11-22 08:17:58.644 1489 1631 I sysui_multi_action: [319,89,322,89,325,19267,757,761,758,8,759,2,806,com.android.music,871,com.android.music.VideoBrowserActivity,904,com.android.launcher3,905,0,1320,4,1321,1]
11-22 08:17:58.646 1489 2012 I input_focus: [Focus leaving 3cc67bf com.android.launcher3/com.android.launcher3.uioverrides.QuickstepLauncher (server),reason=Waiting for window because NOT_VISIBLE]
11-22 08:17:58.647 1489 1631 I wm_activity_launch_time: [0,215823757,com.android.music/.VideoBrowserActivity,89]
11-22 08:17:58.657 1489 2012 I input_focus: [Focus entering 21d018e com.android.music/com.android.music.VideoBrowserActivity (server),reason=Window became focusable. Previous reason: NOT_VISIBLE]
11-22 08:17:59.035 0 0 I auditd : type=1400 audit(0.0:5776): avc: denied { kill } for comm="swapper/0" capability=5 scontext=u:r:kernel:s0 tcontext=u:r:kernel:s0 tclass=capability permissive=0
11-22 08:18:00.035 0 0 I auditd : type=1400 audit(0.0:5777): avc: denied { kill } for comm="swapper/0" capability=5 scontext=u:r:kernel:s0 tcontext=u:r:kernel:s0 tclass=capability permissive=0
11-22 08:18:01.035 0 0 I auditd : type=1400 audit(0.0:5778): avc: denied { kill } for comm="swapper/0" capability=5 scontext=u:r:kernel:s0 tcontext=u:r:kernel:s0 tclass=capability permissive=0
11-22 08:18:01.170 1489 2012 I input_interaction: Interaction with: 21d018e com.android.music/com.android.music.VideoBrowserActivity (server), edge-swipe (server), swipe-up (server), PointerEventDispatcher0 (server),
11-22 08:18:01.680 19812 19812 I menu_opened: 1
11-22 08:18:01.753 1489 1636 I input_focus: [Focus request 7541031 PopupWindow:1e05623,reason=UpdateInputWindows]
11-22 08:18:01.782 1489 2012 I input_focus: [Focus leaving 21d018e com.android.music/com.android.music.VideoBrowserActivity (server),reason=Waiting for window because NOT_VISIBLE]
11-22 08:18:01.801 1489 2012 I input_focus: [Focus entering 7541031 PopupWindow:1e05623 (server),reason=Window became focusable. Previous reason: NOT_VISIBLE]
11-22 08:18:02.165 1489 2489 I ntp_failure: [time.android.com/216.239.35.0,java.net.SocketTimeoutException: Poll timed out]
11-22 08:18:03.035 0 0 I auditd : type=1400 audit(0.0:5779): avc: denied { kill } for comm="swapper/0" capability=5 scontext=u:r:kernel:s0 tcontext=u:r:kernel:s0 tclass=capability permissive=0
11-22 08:18:04.035 0 0 I auditd : type=1400 audit(0.0:5780): avc: denied { kill } for comm="swapper/0" capability=5 scontext=u:r:kernel:s0 tcontext=u:r:kernel:s0 tclass=capability permissive=0
