11-22 08:59:11.451 2840 3564 E FrameEvents: updateAcquireFence: Did not find frame.
11-22 08:59:11.493 874 874 D vendor.qti.vibrator: Vibrator perform effect 5
11-22 08:59:11.514 874 874 D vendor.qti.vibrator: Vibrator on for timeoutMs: 21
11-22 08:59:11.514 874 24603 D vendor.qti.vibrator: Starting on on another thread
11-22 08:59:11.535 874 24603 D vendor.qti.vibrator: Notifying on complete
11-22 08:59:11.536 874 874 D vendor.qti.vibrator: QTI Vibrator off
11-22 08:59:11.709 2840 2840 D FlingToDeleteHelper: isFlingToDelete = false
11-22 08:59:11.811 2840 2840 D HotseatController: adjustPadding: height=800,size=3
11-22 08:59:11.813 2840 2840 W View : requestLayout() improperly called by com.android.launcher3.views.NoInsetView{b86ee7 V.ED..... ......I. 2218,0-2560,1080 #7f09007c app:id/bg_hotseat} during layout: running second layout pass
11-22 08:59:12.035 0 0 I auditd : type=1400 audit(0.0:8156): avc: denied { kill } for comm="swapper/3" capability=5 scontext=u:r:kernel:s0 tcontext=u:r:kernel:s0 tclass=capability permissive=0
11-22 08:59:12.035 0 0 W swapper/3: type=1400 audit(0.0:8156): avc: denied { kill } for capability=5 scontext=u:r:kernel:s0 tcontext=u:r:kernel:s0 tclass=capability permissive=0
11-22 08:59:12.111 1218 4889 I OMX-VENC: venc_dev: stats: avg. fps 45.14, bitrate 1210841 --------- beginning of system
11-22 08:59:12.217 1489 2808 I ActivityTaskManager: START u0 {flg=0x10008000 cmp=com.android.gallery3d/.app.GalleryActivity} from uid 10074
11-22 08:59:12.217 1489 1634 I EventSequenceValidator: inc AccIntentStartedEvents to 2
11-22 08:59:12.221 1489 2808 E ANDR-PERF-JNI: com_qualcomm_qtiperformance_native_perf_io_prefetch_start
11-22 08:59:12.223 1489 2808 I wm_task_created: [243,-1]
11-22 08:59:12.223 1489 2808 W ActivityTaskManager: Can't find TaskDisplayArea to determine support for multi window. Task id=243 attached=false
11-22 08:59:12.225 1489 2808 D FreeFormWindowHelper: Add freeform task=Task{75db6d5 #243 type=standard ?? U=0 visible=false mode=freeform translucent=true sz=0}
11-22 08:59:12.227 1489 2808 I wm_task_moved: [243,1,7]
11-22 08:59:12.227 1489 2808 I wm_task_to_front: [0,243]
11-22 08:59:12.228 1489 2808 I wm_create_task: [0,243]
11-22 08:59:12.228 1489 2808 I wm_create_activity: [0,240774890,243,com.android.gallery3d/.app.GalleryActivity,NULL,NULL,NULL,268468224]
11-22 08:59:12.228 1489 2808 I wm_task_moved: [243,1,7]
11-22 08:59:12.228 1489 2808 D CompatibilityInfo: mCompatibilityFlags - 4
11-22 08:59:12.228 1489 2808 D CompatibilityInfo: applicationDensity - 240
11-22 08:59:12.228 1489 2808 D CompatibilityInfo: applicationScale - 1.0
11-22 08:59:12.229 1489 2808 I ActivityTaskManager: FOREGROUND_APPLICATION_CHANGED to com.android.gallery3d.app.GalleryActivity
11-22 08:59:12.229 1489 2808 I ActivityTaskManager: The Process com.android.gallery3d Already Exists in BG. So sending its PID: 24515
11-22 08:59:12.230 861 3696 E ANDR-IOP: io prefetch is disabled
11-22 08:59:12.231 1489 2808 I wm_restart_activity: [0,240774890,243,com.android.gallery3d/.app.GalleryActivity]
11-22 08:59:12.231 1489 2808 D CompatibilityInfo: mCompatibilityFlags - 4
11-22 08:59:12.231 1489 2808 D CompatibilityInfo: applicationDensity - 240
11-22 08:59:12.231 1489 2808 D CompatibilityInfo: applicationScale - 1.0
11-22 08:59:12.232 1489 2808 I wm_set_resumed_activity: [0,com.android.gallery3d/.app.GalleryActivity,minimalResumeActivityLocked]
11-22 08:59:12.236 1489 1634 I am_uid_active: 10069
11-22 08:59:12.237 2840 2840 D StateManager: goToState: Normal
11-22 08:59:12.245 2840 2840 I wm_on_top_resumed_lost_called: [168390208,com.android.launcher3.uioverrides.QuickstepLauncher,topStateChangedWhenResumed]
11-22 08:59:12.248 1489 2808 W ServiceManager: Permission failure: android.permission.HIGH_SAMPLING_RATE_SENSORS from uid=10069 pid=24515
11-22 08:59:12.250 1489 2808 D CompatibilityInfo: mCompatibilityFlags - 4
11-22 08:59:12.250 1489 2808 D CompatibilityInfo: applicationDensity - 240
11-22 08:59:12.250 1489 2808 D CompatibilityInfo: applicationScale - 1.0
11-22 08:59:12.255 4283 4633 I GameMode_ActivityMonitoringService: onForegroundActivitiesChanged uid 10069 pid 24515 fg true
11-22 08:59:12.259 4283 4303 I GameMode_ActivityMonitoringService: Updating top task to: TaskInfoContainer [topActivity=ComponentInfo{com.android.gallery3d/com.android.gallery3d.app.GalleryActivity}, taskId=243, stackId=243, userId=0, displayId=0, position=7
11-22 08:59:12.259 4283 4303 I GameMode_ActivityMonitoringService: Notifying about top task: TaskInfoContainer [topActivity=ComponentInfo{com.android.gallery3d/com.android.gallery3d.app.GalleryActivity}, taskId=243, stackId=243, userId=0, displayId=0, position=7
11-22 08:59:12.260 4283 4303 E GameMode_ActivityMonitoringService: onActivityLaunch:com.android.gallery3d
11-22 08:59:12.260 4283 4303 V GameMode_GameTypeUtils: judge isGame:com.android.gallery3d
11-22 08:59:12.260 4283 4303 V GameMode_GpuUtils: fps:60
11-22 08:59:12.262 4283 4303 D GameMode_GameModeActionUtils: Show GameMode entry by service!
11-22 08:59:12.263 4283 4303 W ContextImpl: Calling a method in the system process without a qualified user: android.app.ContextImpl.startService:1816 android.content.ContextWrapper.startService:774 com.thundercomm.gamemode.ingame.services.GameModeActionUtils.startGameModeService:93 com.thundercomm.gamemode.ingame.services.GameModeActionUtils.startGameModeEntry:21 com.thundercomm.gamemode.ingame.services.ActivityMonitoringService$1.onActivityLaunch:127
11-22 08:59:12.264 4283 4303 D GameModeIF_GameModeSettings: getUriFor setting_content_uri_root = content://com.thundercomm.gamemode.api/gamemode_settings , name = gamemode_isgaming
11-22 08:59:12.265 4283 4283 D GameMode_GameModeService: type=hide_entry
11-22 08:59:12.268 1489 1489 I GameModeConfig: Current uri is uri = content://com.thundercomm.gamemode.api/gamemode_settings/gamemode_isgaming
11-22 08:59:12.268 1489 1489 D GameModeIF_GameModeSettings: getUriFor setting_content_uri_root = content://com.thundercomm.gamemode.api/gamemode_settings , name = gamemode_isgaming
11-22 08:59:12.268 4283 4303 D GameModeIF_GameModeSettings: gamemode_isgaming set to 0
11-22 08:59:12.273 1489 1489 I GameModeConfig: isGameModeOn = false
11-22 08:59:12.274 1489 1489 I GameModeConfig: isGameModeOn = false
11-22 08:59:12.274 1489 1489 I GameModeConfig: isDisableVoice = true
11-22 08:59:12.277 4283 4283 D GameMode_GameSettingsObserver: Game Data change!!!! uri = content://com.thundercomm.gamemode.api/gamemode_settings/gamemode_isgaming
11-22 08:59:12.277 4283 4283 D GameModeIF_GameModeSettings: getUriFor setting_content_uri_root = content://com.thundercomm.gamemode.api/gamemode_settings , name = gamemode_isgaming
11-22 08:59:12.277 24515 24515 V StateManager: startState class com.android.gallery3d.app.AlbumSetPage
11-22 08:59:12.279 4283 4283 D GameMode_GameModeService: updateGlobalSettings = gamemode_isgaming
11-22 08:59:12.281 24515 24515 I wm_on_create_called: [240774890,com.android.gallery3d.app.GalleryActivity,performCreate]
11-22 08:59:12.283 24515 24515 I wm_on_start_called: [240774890,com.android.gallery3d.app.GalleryActivity,handleStartActivity]
11-22 08:59:12.285 24515 24515 D Gallery.MultiSetSync: onSyncDone: **** #pending=1
11-22 08:59:12.285 24515 24515 D Gallery.MultiSetSync: request sync: ****
11-22 08:59:12.285 24515 24515 D Gallery.MultiSetSync: onSyncDone: ****** #pending=0
11-22 08:59:12.285 24515 24515 D Gallery.MultiSetSync: request sync: ******
11-22 08:59:12.286 24515 24515 W OrientationEventListener: Cannot detect sensors. Not enabled
11-22 08:59:12.286 24515 24515 I wm_on_resume_called: [240774890,com.android.gallery3d.app.GalleryActivity,RESUME_ACTIVITY]
11-22 08:59:12.292 24515 24515 I wm_on_top_resumed_gained_called: [240774890,com.android.gallery3d.app.GalleryActivity,topStateChangedWhenResumed]
11-22 08:59:12.296 647 661 I mpu_uart: [MSG-P:R]:recv sync frame timeout
11-22 08:59:12.299 1489 2839 W WindowManager: updateScale0.7996942
11-22 08:59:12.302 1489 1636 I input_focus: [Focus request ae9d266 com.android.gallery3d/com.android.gallery3d.app.GalleryActivity,reason=UpdateInputWindows]
11-22 08:59:12.304 24515 24605 I AdrenoGLES-0: QUALCOMM build : 47421dbee6, I139f36ad46
11-22 08:59:12.304 24515 24605 I AdrenoGLES-0: Build Date : 02/18/22
11-22 08:59:12.304 24515 24605 I AdrenoGLES-0: OpenGL ES Shader Compiler Version: EV031.32.02.17
11-22 08:59:12.304 24515 24605 I AdrenoGLES-0: Local Branch :
11-22 08:59:12.304 24515 24605 I AdrenoGLES-0: Remote Branch :
11-22 08:59:12.304 24515 24605 I AdrenoGLES-0: Remote Branch :
11-22 08:59:12.304 24515 24605 I AdrenoGLES-0: Reconstruct Branch :
11-22 08:59:12.304 24515 24605 I AdrenoGLES-0: Build Config : S P 10.0.7 AArch64
11-22 08:59:12.304 24515 24605 I AdrenoGLES-0: Driver Path : /vendor/lib64/egl/libGLESv2_adreno.so
11-22 08:59:12.304 502 502 I hwservicemanager: getTransport: Cannot find entry android.hardware.graphics.mapper@4.0::IMapper/default in either framework or device VINTF manifest.
11-22 08:59:12.307 24515 24605 I AdrenoGLES-0: PFP: 0x016dd093, ME: 0x00000000
11-22 08:59:12.313 24515 24605 D libEGL : MSAA-->msaa:0 gamemode:0 4x_msaa:0
11-22 08:59:12.313 24515 24608 D libEGL : MSAA-->msaa:0 gamemode:0 4x_msaa:0
11-22 08:59:12.313 24515 24605 D libEGL : MSAA-->msaa:0 gamemode:0 4x_msaa:0
11-22 08:59:12.313 24515 24608 D libEGL : MSAA-->msaa:0 gamemode:0 4x_msaa:0
11-22 08:59:12.313 24515 24605 D libEGL : MSAA-->msaa:0 gamemode:0 4x_msaa:0
11-22 08:59:12.315 24515 24608 D hw-ProcessState: Binder ioctl to enable oneway spam detection failed: Invalid argument
11-22 08:59:12.320 24515 24608 I GLRootView: onSurfaceChanged: 654x1160, gl10: com.google.android.gles_jni.GLImpl@c5a2deb
11-22 08:59:12.320 24515 24608 I GLRootView: layout content pane 654x1160 (compensation 0)
11-22 08:59:12.320 502 502 I hwservicemanager: getTransport: Cannot find entry android.hardware.graphics.mapper@4.0::IMapper/default in either framework or device VINTF manifest.
11-22 08:59:12.321 24515 24608 I Gralloc4: mapper 4.x is not supported
11-22 08:59:12.321 843 1051 I SDM : HWCDisplay::GetColorModeCount: Supported color mode count = 1
11-22 08:59:12.321 843 1051 I SDM : HWCDisplay::GetColorModes: Color mode = 0 is supported
11-22 08:59:12.321 1006 3643 E HWComposer: getSupportedContentTypes: getSupportedContentTypes failed for display 4630946816427681409: Unsupported (8)
11-22 08:59:12.323 502 502 I hwservicemanager: getTransport: Cannot find entry android.hardware.graphics.allocator@4.0::IAllocator/default in either framework or device VINTF manifest.
11-22 08:59:12.323 24515 24605 W Gralloc4: allocator 4.x is not supported
11-22 08:59:12.332 1489 2012 I input_focus: [Focus leaving 3cc67bf com.android.launcher3/com.android.launcher3.uioverrides.QuickstepLauncher (server),reason=Waiting for window because NOT_VISIBLE]
11-22 08:59:12.350 647 662 I mpu_uart: [MSG-P:RECV]:No message received in 1000 ms
11-22 08:59:12.357 24515 24608 I GLRootView: onSurfaceChanged: 654x1092, gl10: com.google.android.gles_jni.GLImpl@c5a2deb
11-22 08:59:12.357 24515 24608 I GLRootView: layout content pane 654x1092 (compensation 0)
11-22 08:59:12.364 1489 1636 W WindowManager: updateScale0.7996942
11-22 08:59:12.367 1489 1636 W WindowManager: updateScale0.7996942
11-22 08:59:12.368 1489 1636 W WindowManager: updateScale0.7996942
11-22 08:59:12.369 1489 1634 I EventSequenceValidator: dec AccIntentStartedEvents to 1
11-22 08:59:12.374 1489 1631 I sysui_multi_action: [319,150,322,150,325,21740,757,761,758,8,759,2,806,com.android.gallery3d,871,com.android.gallery3d.app.GalleryActivity,904,com.android.launcher3,905,0,1320,8,1321,5]
11-22 08:59:12.377 1489 1631 I wm_activity_launch_time: [0,240774890,com.android.gallery3d/.app.GalleryActivity,150]
11-22 08:59:12.378 1489 1631 I ActivityTaskManager: Displayed com.android.gallery3d/.app.GalleryActivity: +150ms
11-22 08:59:12.382 1489 2012 I input_focus: [Focus entering ae9d266 com.android.gallery3d/com.android.gallery3d.app.GalleryActivity (server),reason=Window became focusable. Previous reason: NOT_VISIBLE]
11-22 08:59:12.384 3470 11494 W MediaProvider: Recovered abusive '0,64' from 'content://media/external/images/media?limit=0%2C64'
11-22 08:59:12.390 3470 11494 W MediaProvider: Recovered abusive '0,64' from 'content://media/external/video/media?limit=0%2C64'
11-22 08:59:12.417 1489 1648 I am_pss : [24539,10083,com.qualcomm.qti.qccauthmgr,6340608,4255744,0,93700096,0,19,5]
11-22 08:59:12.435 3470 10603 W MediaProvider: Recovered abusive '0,64' from 'content://media/external/images/media?limit=0%2C64'
11-22 08:59:12.439 3470 14388 W MediaProvider: Recovered abusive '0,64' from 'content://media/external/video/media?limit=0%2C64'
11-22 08:59:12.651 1489 1636 W WindowManager: updateScale0.7996942
11-22 08:59:13.035 0 0 I auditd : type=1400 audit(0.0:8157): avc: denied { kill } for comm="swapper/3" capability=5 scontext=u:r:kernel:s0 tcontext=u:r:kernel:s0 tclass=capability permissive=0
11-22 08:59:13.035 0 0 W swapper/3: type=1400 audit(0.0:8157): avc: denied { kill } for capability=5 scontext=u:r:kernel:s0 tcontext=u:r:kernel:s0 tclass=capability permissive=0
11-22 08:59:13.176 1218 4889 I OMX-VENC: venc_dev: stats: avg. fps 40.39, bitrate 1274723
11-22 08:59:13.350 647 662 I mpu_uart: [MSG-P:RECV]:No message received in 1000 ms
11-22 08:59:13.877 1489 2012 I input_interaction: Interaction with: ae9d266 com.android.gallery3d/com.android.gallery3d.app.GalleryActivity (server), edge-swipe (server), swipe-up (server), PointerEventDispatcher0 (server),
11-22 08:59:14.035 0 0 I auditd : type=1400 audit(0.0:8158): avc: denied { kill } for comm="swapper/3" capability=5 scontext=u:r:kernel:s0 tcontext=u:r:kernel:s0 tclass=capability permissive=0
11-22 08:59:14.035 0 0 W swapper/3: type=1400 audit(0.0:8158): avc: denied { kill } for capability=5 scontext=u:r:kernel:s0 tcontext=u:r:kernel:s0 tclass=capability permissive=0
11-22 08:59:14.237 1218 4889 I OMX-VENC: venc_dev: stats: avg. fps 10.36, bitrate 267223
11-22 08:59:14.350 647 662 I mpu_uart: [MSG-P:RECV]:No message received in 1000 ms
11-22 08:59:15.035 0 0 I auditd : type=1400 audit(0.0:8159): avc: denied { kill } for comm="swapper/3" capability=5 scontext=u:r:kernel:s0 tcontext=u:r:kernel:s0 tclass=capability permissive=0
11-22 08:59:15.035 0 0 W swapper/3: type=1400 audit(0.0:8159): avc: denied { kill } for capability=5 scontext=u:r:kernel:s0 tcontext=u:r:kernel:s0 tclass=capability permissive=0
11-22 08:59:15.241 1489 3837 E TaskPersister: File error accessing recents directory (directory doesn't exist?).
11-22 08:59:15.298 1218 4889 I OMX-VENC: venc_dev: stats: avg. fps 15.09, bitrate 370810
11-22 08:59:15.300 647 661 I mpu_uart: [MSG-P:R]:recv sync frame timeout
11-22 08:59:15.351 647 662 I mpu_uart: [MSG-P:RECV]:No message received in 1000 ms
11-22 08:59:15.937 1489 1489 I service_manager_stats: [100,78,918240]
11-22 08:59:16.035 0 0 I auditd : type=1400 audit(0.0:8160): avc: denied { kill } for comm="swapper/3" capability=5 scontext=u:r:kernel:s0 tcontext=u:r:kernel:s0 tclass=capability permissive=0
11-22 08:59:16.035 0 0 W swapper/3: type=1400 audit(0.0:8160): avc: denied { kill } for capability=5 scontext=u:r:kernel:s0 tcontext=u:r:kernel:s0 tclass=capability permissive=0
11-22 08:59:16.332 1218 4889 I OMX-VENC: venc_dev: stats: avg. fps 18.37, bitrate 453242
11-22 08:59:16.351 647 662 I mpu_uart: [MSG-P:RECV]:No message received in 1000 ms
11-22 08:59:17.035 0 0 I auditd : type=1400 audit(0.0:8161): avc: denied { kill } for comm="swapper/3" capability=5 scontext=u:r:kernel:s0 tcontext=u:r:kernel:s0 tclass=capability permissive=0
11-22 08:59:17.035 0 0 W swapper/3: type=1400 audit(0.0:8161): avc: denied { kill } for capability=5 scontext=u:r:kernel:s0 tcontext=u:r:kernel:s0 tclass=capability permissive=0
11-22 08:59:17.352 647 662 I mpu_uart: [MSG-P:RECV]:No message received in 1000 ms
11-22 08:59:17.371 1218 4889 I OMX-VENC: venc_dev: stats: avg. fps 11.55, bitrate 277342
11-22 08:59:17.432 24515 24515 I view_enqueue_input_event: [Motion - Cancel,com.android.gallery3d/com.android.gallery3d.app.GalleryActivity]
11-22 08:59:17.455 1489 2012 I input_interaction: Interaction with: WindowManager (server), edge-swipe (server), swipe-up (server), PointerEventDispatcher0 (server),
11-22 08:59:17.462 1489 1636 D FreeFormWindowHelper: refreshTipWindow windowDragBounds:Rect(2, 72 - 525, 1000)
11-22 08:59:17.464 1489 1636 W WindowManager: updateScale0.7996942
11-22 08:59:17.528 1489 1636 D FreeFormWindowHelper: refreshTipWindow windowDragBounds:Rect(5, 72 - 528, 1000)
11-22 08:59:17.531 1489 1636 W WindowManager: updateScale0.7996942
11-22 08:59:17.554 1489 6707 W WindowManager: updateScale0.7996942
11-22 08:59:17.611 1489 1636 D FreeFormWindowHelper: refreshTipWindow windowDragBounds:Rect(7, 72 - 530, 1000)
11-22 08:59:17.614 1489 1636 W WindowManager: updateScale0.7996942
11-22 08:59:17.628 1489 1636 D FreeFormWindowHelper: refreshTipWindow windowDragBounds:Rect(9, 72 - 532, 1000)
11-22 08:59:17.630 1489 1636 W WindowManager: updateScale0.7996942
11-22 08:59:17.635 1489 6044 W WindowManager: updateScale0.7996942
11-22 08:59:17.678 1489 1636 D FreeFormWindowHelper: refreshTipWindow windowDragBounds:Rect(12, 72 - 535, 1000)
11-22 08:59:17.682 1489 1636 W WindowManager: updateScale0.7996942
11-22 08:59:17.695 1489 1636 D FreeFormWindowHelper: refreshTipWindow windowDragBounds:Rect(14, 72 - 537, 1000)
11-22 08:59:17.697 1489 6044 W WindowManager: updateScale0.7996942
11-22 08:59:17.701 1489 1636 W WindowManager: updateScale0.7996942
11-22 08:59:17.912 1489 1636 D FreeFormWindowHelper: refreshTipWindow windowDragBounds:Rect(16, 72 - 539, 1000)
11-22 08:59:17.914 1489 1636 W WindowManager: updateScale0.7996942
11-22 08:59:18.046 1489 1636 D FreeFormWindowHelper: refreshTipWindow windowDragBounds:Rect(24, 72 - 547, 1000)
11-22 08:59:18.048 1489 1636 W WindowManager: updateScale0.7996942
11-22 08:59:18.062 1489 1636 D FreeFormWindowHelper: refreshTipWindow windowDragBounds:Rect(26, 74 - 549, 1002)
11-22 08:59:18.064 1489 1636 W WindowManager: updateScale0.7996942
11-22 08:59:18.081 1489 6707 W WindowManager: updateScale0.7996942
11-22 08:59:18.095 1489 1636 D FreeFormWindowHelper: refreshTipWindow windowDragBounds:Rect(57, 78 - 580, 1006)
11-22 08:59:18.097 1489 1636 W WindowManager: updateScale0.7996942
11-22 08:59:18.113 1489 1636 D FreeFormWindowHelper: refreshTipWindow windowDragBounds:Rect(177, 96 - 700, 1024)
11-22 08:59:18.114 1489 1636 W WindowManager: updateScale0.7996942
11-22 08:59:18.129 1489 1636 D FreeFormWindowHelper: refreshTipWindow windowDragBounds:Rect(380, 124 - 903, 1052)
11-22 08:59:18.130 1489 1636 W WindowManager: updateScale0.7996942
11-22 08:59:18.148 1489 1636 D FreeFormWindowHelper: refreshTipWindow windowDragBounds:Rect(560, 135 - 1083, 1063)
11-22 08:59:18.149 1489 1636 W WindowManager: updateScale0.7996942
11-22 08:59:18.161 1489 6707 W WindowManager: updateScale0.7996942
11-22 08:59:18.163 1489 1636 D FreeFormWindowHelper: refreshTipWindow windowDragBounds:Rect(658, 138 - 1181, 1066)
11-22 08:59:18.165 1489 1636 W WindowManager: updateScale0.7996942
11-22 08:59:18.175 1489 2808 W WindowManager: updateScale0.7996942
11-22 08:59:18.179 1489 1636 D FreeFormWindowHelper: refreshTipWindow windowDragBounds:Rect(695, 138 - 1218, 1066)
11-22 08:59:18.181 1489 1636 W WindowManager: updateScale0.7996942
11-22 08:59:18.192 1489 2808 W WindowManager: updateScale0.7996942
11-22 08:59:18.208 1489 6707 W WindowManager: updateScale0.7996942
11-22 08:59:18.213 1489 1636 D FreeFormWindowHelper: refreshTipWindow windowDragBounds:Rect(743, 138 - 1266, 1066)
11-22 08:59:18.215 1489 1636 W WindowManager: updateScale0.7996942
11-22 08:59:18.229 1489 6707 W WindowManager: updateScale0.7996942
11-22 08:59:18.231 1489 1636 D FreeFormWindowHelper: refreshTipWindow windowDragBounds:Rect(755, 138 - 1278, 1066)
11-22 08:59:18.233 1489 1636 W WindowManager: updateScale0.7996942
11-22 08:59:18.246 1489 1636 D FreeFormWindowHelper: refreshTipWindow windowDragBounds:Rect(799, 138 - 1322, 1066)
11-22 08:59:18.247 1489 1636 W WindowManager: updateScale0.7996942
11-22 08:59:18.263 1489 1636 D FreeFormWindowHelper: refreshTipWindow windowDragBounds:Rect(817, 138 - 1340, 1066)
11-22 08:59:18.264 1489 1636 W WindowManager: updateScale0.7996942
11-22 08:59:18.279 1489 6044 W WindowManager: updateScale0.7996942
11-22 08:59:18.281 1489 1636 D FreeFormWindowHelper: refreshTipWindow windowDragBounds:Rect(856, 141 - 1379, 1069)
11-22 08:59:18.283 1489 1636 W WindowManager: updateScale0.7996942
11-22 08:59:18.296 1489 1636 D FreeFormWindowHelper: refreshTipWindow windowDragBounds:Rect(893, 141 - 1416, 1069)
11-22 08:59:18.297 1489 1636 W WindowManager: updateScale0.7996942
11-22 08:59:18.302 647 661 I mpu_uart: [MSG-P:R]:recv sync frame timeout
11-22 08:59:18.312 1489 6044 W WindowManager: updateScale0.7996942
11-22 08:59:18.314 1489 1636 D FreeFormWindowHelper: refreshTipWindow windowDragBounds:Rect(951, 141 - 1474, 1069)
11-22 08:59:18.315 1489 1636 W WindowManager: updateScale0.7996942
11-22 08:59:18.319 24515 24608 I GLRootView: onSurfaceChanged: 654x1093, gl10: com.google.android.gles_jni.GLImpl@c5a2deb
11-22 08:59:18.319 24515 24608 I GLRootView: layout content pane 654x1093 (compensation 0)
11-22 08:59:18.329 1489 6044 W WindowManager: updateScale0.7996942
11-22 08:59:18.330 1489 1636 D FreeFormWindowHelper: refreshTipWindow windowDragBounds:Rect(980, 141 - 1503, 1069)
11-22 08:59:18.332 1489 1636 W WindowManager: updateScale0.7996942
11-22 08:59:18.346 1489 1636 D FreeFormWindowHelper: refreshTipWindow windowDragBounds:Rect(1065, 143 - 1588, 1071)
11-22 08:59:18.347 1489 1636 W WindowManager: updateScale0.7996942
11-22 08:59:18.352 647 662 I mpu_uart: [MSG-P:RECV]:No message received in 1000 ms
11-22 08:59:18.364 1489 1636 D FreeFormWindowHelper: refreshTipWindow windowDragBounds:Rect(1117, 143 - 1640, 1071)
11-22 08:59:18.367 1489 1636 W WindowManager: updateScale0.7996942
11-22 08:59:18.375 1218 4889 I OMX-VENC: venc_dev: stats: avg. fps 33.85, bitrate 1171542
11-22 08:59:18.379 1489 6707 W WindowManager: updateScale0.7996942
11-22 08:59:18.381 1489 1636 D FreeFormWindowHelper: refreshTipWindow windowDragBounds:Rect(1153, 143 - 1676, 1071)
11-22 08:59:18.382 1489 1636 W WindowManager: updateScale0.7996942
11-22 08:59:18.388 24515 24608 I GLRootView: onSurfaceChanged: 654x1092, gl10: com.google.android.gles_jni.GLImpl@c5a2deb
11-22 08:59:18.389 24515 24608 I GLRootView: layout content pane 654x1092 (compensation 0)
11-22 08:59:18.392 1489 2808 W WindowManager: updateScale0.7996942
11-22 08:59:18.396 1489 1636 D FreeFormWindowHelper: refreshTipWindow windowDragBounds:Rect(1195, 143 - 1718, 1071)
11-22 08:59:18.398 1489 1636 W WindowManager: updateScale0.7996942
11-22 08:59:18.409 1489 2808 W WindowManager: updateScale0.7996942
11-22 08:59:18.413 1489 1636 D FreeFormWindowHelper: refreshTipWindow windowDragBounds:Rect(1209, 143 - 1732, 1071)
11-22 08:59:18.414 1489 1636 W WindowManager: updateScale0.7996942
11-22 08:59:18.425 1489 2808 W WindowManager: updateScale0.7996942
11-22 08:59:18.430 1489 1636 D FreeFormWindowHelper: refreshTipWindow windowDragBounds:Rect(1227, 139 - 1750, 1067)
11-22 08:59:18.431 1489 1636 W WindowManager: updateScale0.7996942
11-22 08:59:18.442 1489 2808 W WindowManager: updateScale0.7996942
11-22 08:59:18.446 1489 1636 D FreeFormWindowHelper: refreshTipWindow windowDragBounds:Rect(1233, 138 - 1756, 1066)
11-22 08:59:18.448 1489 1636 W WindowManager: updateScale0.7996942
11-22 08:59:18.459 1489 2808 W WindowManager: updateScale0.7996942
11-22 08:59:18.463 1489 1636 D FreeFormWindowHelper: refreshTipWindow windowDragBounds:Rect(1256, 138 - 1779, 1066)
11-22 08:59:18.465 1489 1636 W WindowManager: updateScale0.7996942
11-22 08:59:18.475 1489 6044 W WindowManager: updateScale0.7996942
11-22 08:59:18.480 1489 1636 D FreeFormWindowHelper: refreshTipWindow windowDragBounds:Rect(1288, 138 - 1811, 1066)
11-22 08:59:18.482 1489 1636 W WindowManager: updateScale0.7996942
11-22 08:59:18.492 1489 2808 W WindowManager: updateScale0.7996942
11-22 08:59:18.496 1489 1636 D FreeFormWindowHelper: refreshTipWindow windowDragBounds:Rect(1325, 138 - 1848, 1066)
11-22 08:59:18.498 1489 1636 W WindowManager: updateScale0.7996942
11-22 08:59:18.509 1489 2808 W WindowManager: updateScale0.7996942
11-22 08:59:18.513 1489 1636 D FreeFormWindowHelper: refreshTipWindow windowDragBounds:Rect(1377, 138 - 1900, 1066)
11-22 08:59:18.515 1489 1636 W WindowManager: updateScale0.7996942
11-22 08:59:18.526 1489 2808 W WindowManager: updateScale0.7996942
11-22 08:59:18.530 1489 1636 D FreeFormWindowHelper: refreshTipWindow windowDragBounds:Rect(1401, 136 - 1924, 1064)
11-22 08:59:18.532 1489 1636 W WindowManager: updateScale0.7996942
11-22 08:59:18.542 1489 2808 W WindowManager: updateScale0.7996942
11-22 08:59:18.547 1489 1636 D FreeFormWindowHelper: refreshTipWindow windowDragBounds:Rect(1425, 133 - 1948, 1061)
11-22 08:59:18.549 1489 1636 W WindowManager: updateScale0.7996942
11-22 08:59:18.554 24515 24608 I GLRootView: onSurfaceChanged: 654x1093, gl10: com.google.android.gles_jni.GLImpl@c5a2deb
11-22 08:59:18.554 24515 24608 I GLRootView: layout content pane 654x1093 (compensation 0)
11-22 08:59:18.560 1489 2808 W WindowManager: updateScale0.7996942
11-22 08:59:18.576 1489 2839 W WindowManager: updateScale0.7996942
11-22 08:59:18.580 1489 1636 D FreeFormWindowHelper: refreshTipWindow windowDragBounds:Rect(1439, 131 - 1962, 1059)
11-22 08:59:18.581 1489 1636 W WindowManager: updateScale0.7996942
11-22 08:59:18.595 1489 2839 W WindowManager: updateScale0.7996942
11-22 08:59:18.601 1489 1636 D FreeFormWindowHelper: refreshTipWindow windowDragBounds:Rect(1441, 131 - 1964, 1059)
11-22 08:59:18.603 1489 1636 W WindowManager: updateScale0.7996942
11-22 08:59:18.607 24515 24608 I GLRootView: onSurfaceChanged: 654x1092, gl10: com.google.android.gles_jni.GLImpl@c5a2deb
11-22 08:59:18.607 24515 24608 I GLRootView: layout content pane 654x1092 (compensation 0)
11-22 08:59:18.630 1489 1636 D FreeFormWindowHelper: refreshTipWindow windowDragBounds:Rect(1452, 131 - 1975, 1059)
11-22 08:59:18.632 1489 1636 W WindowManager: updateScale0.7996942
11-22 08:59:18.646 1489 2839 W WindowManager: updateScale0.7996942
11-22 08:59:18.648 1489 1636 D FreeFormWindowHelper: refreshTipWindow windowDragBounds:Rect(1461, 129 - 1984, 1057)
11-22 08:59:18.651 1489 1636 W WindowManager: updateScale0.7996942
11-22 08:59:18.663 1489 1636 D FreeFormWindowHelper: refreshTipWindow windowDragBounds:Rect(1468, 129 - 1991, 1057)
11-22 08:59:18.665 1489 1636 W WindowManager: updateScale0.7996942
11-22 08:59:18.679 1489 6044 W WindowManager: updateScale0.7996942
11-22 08:59:18.681 1489 1636 D FreeFormWindowHelper: refreshTipWindow windowDragBounds:Rect(1481, 126 - 2004, 1054)
11-22 08:59:18.683 1489 1636 W WindowManager: updateScale0.7996942
11-22 08:59:18.688 24515 24608 I GLRootView: onSurfaceChanged: 654x1093, gl10: com.google.android.gles_jni.GLImpl@c5a2deb
11-22 08:59:18.688 24515 24608 I GLRootView: layout content pane 654x1093 (compensation 0)
11-22 08:59:18.712 1489 2839 W WindowManager: updateScale0.7996942
11-22 08:59:18.714 1489 1636 D FreeFormWindowHelper: refreshTipWindow windowDragBounds:Rect(1522, 124 - 2045, 1052)
11-22 08:59:18.715 1489 1636 W WindowManager: updateScale0.7996942
11-22 08:59:18.720 24515 24608 I GLRootView: onSurfaceChanged: 654x1092, gl10: com.google.android.gles_jni.GLImpl@c5a2deb
11-22 08:59:18.720 24515 24608 I GLRootView: layout content pane 654x1092 (compensation 0)
11-22 08:59:18.725 24515 24528 E BLASTBufferQueue: [ViewRootImpl[GalleryActivity]#0](f:0,a:2) rejecting buffer:active_size=654x1160, requested_size=654x1160 buffer{size=654x1161 transform=0}
11-22 08:59:18.730 1489 2839 W WindowManager: updateScale0.7996942
11-22 08:59:18.732 1489 1636 D FreeFormWindowHelper: refreshTipWindow windowDragBounds:Rect(1529, 124 - 2052, 1052)
11-22 08:59:18.734 1489 1636 W WindowManager: updateScale0.7996942
11-22 08:59:18.738 24515 24608 I GLRootView: onSurfaceChanged: 654x1093, gl10: com.google.android.gles_jni.GLImpl@c5a2deb
11-22 08:59:18.738 24515 24608 I GLRootView: layout content pane 654x1093 (compensation 0)
11-22 08:59:18.747 1489 1636 D FreeFormWindowHelper: refreshTipWindow windowDragBounds:Rect(1531, 124 - 2054, 1052)
11-22 08:59:18.748 1489 1636 W WindowManager: updateScale0.7996942
11-22 08:59:18.751 24515 24528 E BLASTBufferQueue: [SurfaceView[com.android.gallery3d/com.android.gallery3d.app.GalleryActivity]#1](f:3,a:2) rejecting buffer:active_size=654x1093, requested_size=654x1093 buffer{size=654x1092 transform=0}
11-22 08:59:18.752 24515 24528 E BLASTBufferQueue: [SurfaceView[com.android.gallery3d/com.android.gallery3d.app.GalleryActivity]#1](f:2,a:2) rejecting buffer:active_size=654x1093, requested_size=654x1093 buffer{size=654x1092 transform=0}
11-22 08:59:18.752 24515 24528 E BLASTBufferQueue: [SurfaceView[com.android.gallery3d/com.android.gallery3d.app.GalleryActivity]#1](f:1,a:2) rejecting buffer:active_size=654x1093, requested_size=654x1093 buffer{size=654x1092 transform=0}
11-22 08:59:18.781 1489 1636 D FreeFormWindowHelper: refreshTipWindow windowDragBounds:Rect(1539, 122 - 2062, 1050)
11-22 08:59:18.782 1489 1636 W WindowManager: updateScale0.7996942
11-22 08:59:18.797 1489 1636 D FreeFormWindowHelper: refreshTipWindow windowDragBounds:Rect(1550, 122 - 2073, 1050)
11-22 08:59:18.798 1489 1636 W WindowManager: updateScale0.7996942
11-22 08:59:18.814 1489 1636 D FreeFormWindowHelper: refreshTipWindow windowDragBounds:Rect(1553, 122 - 2076, 1050)
11-22 08:59:18.815 1489 1636 W WindowManager: updateScale0.7996942
11-22 08:59:18.831 1489 1636 D FreeFormWindowHelper: refreshTipWindow windowDragBounds:Rect(1559, 122 - 2082, 1050)
11-22 08:59:18.832 1489 1636 W WindowManager: updateScale0.7996942
11-22 08:59:18.856 1489 6044 W WindowManager: updateScale0.7996942
11-22 08:59:18.868 24515 24608 I GLRootView: onSurfaceChanged: 654x1092, gl10: com.google.android.gles_jni.GLImpl@c5a2deb
11-22 08:59:18.868 24515 24608 I GLRootView: layout content pane 654x1092 (compensation 0)
11-22 08:59:18.987 1489 1636 D WindowManager: updateWindowDragBounds: mIsSwipeYfalse
11-22 08:59:18.987 1489 1636 D WindowManager: updateWindowDragBounds: mIsTopfalse
11-22 08:59:18.987 1489 1636 D WindowManager: updateWindowDragBounds: mIsSwipeXfalse
11-22 08:59:18.987 1489 1636 W WindowManager: updateScale0.4617737
11-22 08:59:18.988 1489 1636 I wm_relaunch_resume_activity: [0,240774890,243,com.android.gallery3d/.app.GalleryActivity]
11-22 08:59:18.990 1489 1636 W WindowManager: updateScale0.4617737
11-22 08:59:18.994 24515 24515 I wm_on_top_resumed_lost_called: [240774890,com.android.gallery3d.app.GalleryActivity,pausing]
11-22 08:59:18.994 24515 24515 W OrientationEventListener: Cannot detect sensors. Invalid disable
11-22 08:59:19.000 24515 24515 I wm_on_paused_called: [240774890,com.android.gallery3d.app.GalleryActivity,performPause]
11-22 08:59:19.000 24515 24515 I wm_on_stop_called: [240774890,com.android.gallery3d.app.GalleryActivity,handleRelaunchActivity]
11-22 08:59:19.001 24515 24515 V StateManager: saveState
11-22 08:59:19.001 24515 24515 V StateManager: saveState class com.android.gallery3d.app.AlbumSetPage
11-22 08:59:19.001 24515 24515 V StateManager: destroy
11-22 08:59:19.003 1489 1636 W InputManager-JNI: Input channel object 'WindowManager (client)' was disposed without first being removed with the input manager!
11-22 08:59:19.004 24515 24515 I wm_on_destroy_called: [240774890,com.android.gallery3d.app.GalleryActivity,performDestroy]
11-22 08:59:19.011 1489 2808 D CompatibilityInfo: mCompatibilityFlags - 4
11-22 08:59:19.011 1489 2808 D CompatibilityInfo: applicationDensity - 240
11-22 08:59:19.011 1489 2808 D CompatibilityInfo: applicationScale - 1.0
11-22 08:59:19.024 24515 24515 V StateManager: restoreFromState
11-22 08:59:19.024 24515 24515 V StateManager: restoreFromState class com.android.gallery3d.app.AlbumSetPage
11-22 08:59:19.025 24515 24515 I wm_on_create_called: [240774890,com.android.gallery3d.app.GalleryActivity,performCreate]
11-22 08:59:19.026 24515 24515 I wm_on_start_called: [240774890,com.android.gallery3d.app.GalleryActivity,handleStartActivity]
11-22 08:59:19.033 24515 24515 D Gallery.MultiSetSync: onSyncDone: **** #pending=1
11-22 08:59:19.033 24515 24515 D Gallery.MultiSetSync: request sync: ****
11-22 08:59:19.033 24515 24515 D Gallery.MultiSetSync: onSyncDone: ****** #pending=0
11-22 08:59:19.033 24515 24515 D Gallery.MultiSetSync: request sync: ******
11-22 08:59:19.034 24515 24515 W OrientationEventListener: Cannot detect sensors. Not enabled
11-22 08:59:19.034 24515 24515 I wm_on_resume_called: [240774890,com.android.gallery3d.app.GalleryActivity,RESUME_ACTIVITY]
11-22 08:59:19.034 24515 24515 I wm_on_top_resumed_gained_called: [240774890,com.android.gallery3d.app.GalleryActivity,topWhenResuming]
11-22 08:59:19.039 1489 2808 W WindowManager: updateScale0.4617737
11-22 08:59:19.040 1489 2808 W WindowManager: updateScale0.4617737
11-22 08:59:19.047 24515 24627 D libEGL : MSAA-->msaa:0 gamemode:0 4x_msaa:0
11-22 08:59:19.047 24515 24627 D libEGL : MSAA-->msaa:0 gamemode:0 4x_msaa:0
11-22 08:59:19.051 24515 24627 I GLRootView: onSurfaceChanged: 654x1097, gl10: com.google.android.gles_jni.GLImpl@a96ccb5
11-22 08:59:19.051 24515 24627 I GLRootView: layout content pane 654x1097 (compensation 0)
11-22 08:59:19.061 24515 24627 I GLRootView: onSurfaceChanged: 654x1165, gl10: com.google.android.gles_jni.GLImpl@a96ccb5
11-22 08:59:19.061 24515 24627 I GLRootView: layout content pane 654x1165 (compensation 0)
11-22 08:59:19.078 1489 6044 I WindowManager: finishDrawing of relaunch: Window{ae9d266 u0 com.android.gallery3d/com.android.gallery3d.app.GalleryActivity} 89ms
11-22 08:59:19.111 1489 1648 I am_pss : [24072,10051,com.thundercomm.screensaver,25525248,20537344,0,137158656,0,19,9]
11-22 08:59:19.121 1489 1648 I am_pss : [24427,10068,com.android.calendar,6568960,4673536,0,90800128,0,19,8]
11-22 08:59:19.352 647 662 I mpu_uart: [MSG-P:RECV]:No message received in 1000 ms
11-22 08:59:19.385 1218 4889 I OMX-VENC: venc_dev: stats: avg. fps 46.57, bitrate 1267436
11-22 08:59:20.035 0 0 I auditd : type=1400 audit(0.0:8162): avc: denied { kill } for comm="swapper/3" capability=5 scontext=u:r:kernel:s0 tcontext=u:r:kernel:s0 tclass=capability permissive=0
11-22 08:59:20.035 0 0 W swapper/3: type=1400 audit(0.0:8162): avc: denied { kill } for capability=5 scontext=u:r:kernel:s0 tcontext=u:r:kernel:s0 tclass=capability permissive=0
11-22 08:59:20.351 1489 2012 I input_interaction: Interaction with: ae9d266 com.android.gallery3d/com.android.gallery3d.app.GalleryActivity (server), edge-swipe (server), swipe-up (server), PointerEventDispatcher0 (server),
11-22 08:59:20.353 647 662 I mpu_uart: [MSG-P:RECV]:No message received in 1000 ms
11-22 08:59:20.354 24515 24515 D DecorView: onTouchEvent: action0
11-22 08:59:20.354 24515 24515 D DecorView: onTouchEvent: interval1669078760354
11-22 08:59:20.394 1218 4889 I OMX-VENC: venc_dev: stats: avg. fps 18.83, bitrate 344896
11-22 08:59:20.467 24515 24515 D DecorView: onTouchEvent: action1
11-22 08:59:20.467 24515 24515 D DecorView: onTouchEvent: ACTION_UPfalse
11-22 08:59:20.717 24515 24515 D DecorView: onTouchEvent mIsDoubleCLick:false
11-22 08:59:20.718 24515 24515 D DecorView: onTouchEvent: onConfigurationMiniChanged
11-22 08:59:20.719 1489 6044 W WindowManager: updateScale0.7996942
11-22 08:59:20.722 1489 6044 I wm_relaunch_resume_activity: [0,240774890,243,com.android.gallery3d/.app.GalleryActivity]
11-22 08:59:20.724 1489 6044 W WindowManager: updateScale0.7996942
11-22 08:59:20.738 24515 24515 I wm_on_top_resumed_lost_called: [240774890,com.android.gallery3d.app.GalleryActivity,pausing]
11-22 08:59:20.738 24515 24515 W OrientationEventListener: Cannot detect sensors. Invalid disable
11-22 08:59:20.754 24515 24515 I wm_on_paused_called: [240774890,com.android.gallery3d.app.GalleryActivity,performPause]
11-22 08:59:20.755 24515 24515 I wm_on_stop_called: [240774890,com.android.gallery3d.app.GalleryActivity,handleRelaunchActivity]
11-22 08:59:20.755 24515 24515 V StateManager: saveState
11-22 08:59:20.755 24515 24515 V StateManager: saveState class com.android.gallery3d.app.AlbumSetPage
11-22 08:59:20.755 24515 24515 V StateManager: destroy
11-22 08:59:20.758 24515 24515 I wm_on_destroy_called: [240774890,com.android.gallery3d.app.GalleryActivity,performDestroy]
11-22 08:59:20.768 1489 2808 D CompatibilityInfo: mCompatibilityFlags - 4
11-22 08:59:20.768 1489 2808 D CompatibilityInfo: applicationDensity - 240
11-22 08:59:20.768 1489 2808 D CompatibilityInfo: applicationScale - 1.0
11-22 08:59:20.782 24515 24515 V StateManager: restoreFromState
11-22 08:59:20.783 24515 24515 V StateManager: restoreFromState class com.android.gallery3d.app.AlbumSetPage
11-22 08:59:20.783 24515 24515 I wm_on_create_called: [240774890,com.android.gallery3d.app.GalleryActivity,performCreate]
11-22 08:59:20.785 24515 24515 I wm_on_start_called: [240774890,com.android.gallery3d.app.GalleryActivity,handleStartActivity]
11-22 08:59:20.793 24515 24515 D Gallery.MultiSetSync: onSyncDone: **** #pending=1
11-22 08:59:20.793 24515 24515 D Gallery.MultiSetSync: request sync: ****
11-22 08:59:20.794 24515 24515 D Gallery.MultiSetSync: onSyncDone: ****** #pending=0
11-22 08:59:20.794 24515 24515 D Gallery.MultiSetSync: request sync: ******
11-22 08:59:20.794 24515 24515 W OrientationEventListener: Cannot detect sensors. Not enabled
11-22 08:59:20.794 24515 24515 I wm_on_resume_called: [240774890,com.android.gallery3d.app.GalleryActivity,RESUME_ACTIVITY]
11-22 08:59:20.794 24515 24515 I wm_on_top_resumed_gained_called: [240774890,com.android.gallery3d.app.GalleryActivity,topWhenResuming]
11-22 08:59:20.799 1489 6044 W WindowManager: updateScale0.7996942
11-22 08:59:20.801 1489 6044 W WindowManager: updateScale0.7996942
11-22 08:59:20.809 24515 24632 D libEGL : MSAA-->msaa:0 gamemode:0 4x_msaa:0
11-22 08:59:20.809 24515 24632 D libEGL : MSAA-->msaa:0 gamemode:0 4x_msaa:0
11-22 08:59:20.813 24515 24632 I GLRootView: onSurfaceChanged: 654x1092, gl10: com.google.android.gles_jni.GLImpl@fad57b9
11-22 08:59:20.813 24515 24632 I GLRootView: layout content pane 654x1092 (compensation 0)
11-22 08:59:20.815 1489 2839 I WindowManager: finishDrawing of relaunch: Window{ae9d266 u0 com.android.gallery3d/com.android.gallery3d.app.GalleryActivity} 93ms
11-22 08:59:21.035 0 0 I auditd : type=1400 audit(0.0:8163): avc: denied { kill } for comm="swapper/3" capability=5 scontext=u:r:kernel:s0 tcontext=u:r:kernel:s0 tclass=capability permissive=0
11-22 08:59:21.035 0 0 W swapper/3: type=1400 audit(0.0:8163): avc: denied { kill } for capability=5 scontext=u:r:kernel:s0 tcontext=u:r:kernel:s0 tclass=capability permissive=0
11-22 08:59:21.305 647 661 I mpu_uart: [MSG-P:R]:recv sync frame timeout
11-22 08:59:21.353 647 662 I mpu_uart: [MSG-P:RECV]:No message received in 1000 ms
11-22 08:59:21.394 1218 4889 I OMX-VENC: venc_dev: stats: avg. fps 28.00, bitrate 797303
11-22 08:59:22.035 0 0 I auditd : type=1400 audit(0.0:8164): avc: denied { kill } for comm="swapper/3" capability=5 scontext=u:r:kernel:s0 tcontext=u:r:kernel:s0 tclass=capability permissive=0
11-22 08:59:22.035 0 0 W swapper/3: type=1400 audit(0.0:8164): avc: denied { kill } for capability=5 scontext=u:r:kernel:s0 tcontext=u:r:kernel:s0 tclass=capability permissive=0
11-22 08:59:22.353 647 662 I mpu_uart: [MSG-P:RECV]:No message received in 1000 ms
11-22 08:59:22.459 1218 4889 I OMX-VENC: venc_dev: stats: avg. fps 10.33, bitrate 226497
11-22 08:59:22.987 3275 21226 I hpplay-java: [AsyncTask #813]:IM_MessageClient:heartBeatReceived
11-22 08:59:22.989 3275 21205 I hpplay-java: [AsyncTask #798]:IM_MessageClient:heartBeatReceived
11-22 08:59:22.990 3275 21214 I hpplay-java: [AsyncTask #805]:IM_MessageClient:heartBeatReceived
11-22 08:59:22.991 3275 21215 I hpplay-java: [AsyncTask #806]:IM_MessageClient:heartBeatReceived
11-22 08:59:22.992 3275 21217 I hpplay-java: [AsyncTask #808]:IM_MessageClient:heartBeatReceived
11-22 08:59:22.993 3275 21202 I hpplay-java: [AsyncTask #795]:IM_MessageClient:heartBeatReceived
11-22 08:59:23.035 0 0 I auditd : type=1400 audit(0.0:8165): avc: denied { kill } for comm="swapper/3" capability=5 scontext=u:r:kernel:s0 tcontext=u:r:kernel:s0 tclass=capability permissive=0
11-22 08:59:23.035 0 0 W swapper/3: type=1400 audit(0.0:8165): avc: denied { kill } for capability=5 scontext=u:r:kernel:s0 tcontext=u:r:kernel:s0 tclass=capability permissive=0
11-22 08:59:23.079 3275 21224 I hpplay-java: [AsyncTask #811]:IM_MessageClient:heartBeatReceived
11-22 08:59:23.354 647 662 I mpu_uart: [MSG-P:RECV]:No message received in 1000 ms
11-22 08:59:23.534 1218 4889 I OMX-VENC: venc_dev: stats: avg. fps 11.16, bitrate 237385
11-22 08:59:24.035 0 0 I auditd : type=1400 audit(0.0:8166): avc: denied { kill } for comm="swapper/3" capability=5 scontext=u:r:kernel:s0 tcontext=u:r:kernel:s0 tclass=capability permissive=0
11-22 08:59:24.035 0 0 W swapper/3: type=1400 audit(0.0:8166): avc: denied { kill } for capability=5 scontext=u:r:kernel:s0 tcontext=u:r:kernel:s0 tclass=capability permissive=0
11-22 08:59:24.306 647 661 I mpu_uart: [MSG-P:R]:recv sync frame timeout
11-22 08:59:24.354 647 662 I mpu_uart: [MSG-P:RECV]:No message received in 1000 ms
11-22 08:59:24.611 1218 4889 I OMX-VENC: venc_dev: stats: avg. fps 11.14, bitrate 704843
11-22 08:59:24.758 1006 1063 W HWComposer: Ignoring duplicate VSYNC event from HWC for display 4630946816427681409 (t=21753297578000)
11-22 08:59:24.775 1006 1063 W HWComposer: Ignoring duplicate VSYNC event from HWC for display 4630946816427681409 (t=21753314260000)
11-22 08:59:24.792 1006 1063 W HWComposer: Ignoring duplicate VSYNC event from HWC for display 4630946816427681409 (t=21753330995000)
11-22 08:59:24.809 1006 1063 W HWComposer: Ignoring duplicate VSYNC event from HWC for display 4630946816427681409 (t=21753347655000)
11-22 08:59:24.825 1006 1063 W HWComposer: Ignoring duplicate VSYNC event from HWC for display 4630946816427681409 (t=21753364435000)
11-22 08:59:24.843 1006 1063 W HWComposer: Ignoring duplicate VSYNC event from HWC for display 4630946816427681409 (t=21753381088000)
11-22 08:59:25.035 0 0 I auditd : type=1400 audit(0.0:8167): avc: denied { kill } for comm="swapper/3" capability=5 scontext=u:r:kernel:s0 tcontext=u:r:kernel:s0 tclass=capability permissive=0
11-22 08:59:25.035 0 0 W swapper/3: type=1400 audit(0.0:8167): avc: denied { kill } for capability=5 scontext=u:r:kernel:s0 tcontext=u:r:kernel:s0 tclass=capability permissive=0
11-22 08:59:25.354 647 662 I mpu_uart: [MSG-P:RECV]:No message received in 1000 ms
11-22 08:59:25.662 1218 4889 I OMX-VENC: venc_dev: stats: avg. fps 12.37, bitrate 273374
11-22 08:59:26.035 24228 24228 I auditd : type=1400 audit(0.0:8168): avc: denied { kill } for comm="kworker/u16:9" capability=5 scontext=u:r:kernel:s0 tcontext=u:r:kernel:s0 tclass=capability permissive=0
11-22 08:59:26.035 24228 24228 W kworker/u16:9: type=1400 audit(0.0:8168): avc: denied { kill } for capability=5 scontext=u:r:kernel:s0 tcontext=u:r:kernel:s0 tclass=capability permissive=0
11-22 08:59:26.355 647 662 I mpu_uart: [MSG-P:RECV]:No message received in 1000 ms
11-22 08:59:26.684 1218 4889 I OMX-VENC: venc_dev: stats: avg. fps 10.76, bitrate 312229
11-22 08:59:27.035 0 0 I auditd : type=1400 audit(0.0:8169): avc: denied { kill } for comm="swapper/3" capability=5 scontext=u:r:kernel:s0 tcontext=u:r:kernel:s0 tclass=capability permissive=0
11-22 08:59:27.035 0 0 W swapper/3: type=1400 audit(0.0:8169): avc: denied { kill } for capability=5 scontext=u:r:kernel:s0 tcontext=u:r:kernel:s0 tclass=capability permissive=0
11-22 08:59:27.309 647 661 I mpu_uart: [MSG-P:R]:recv sync frame timeout
11-22 08:59:27.355 647 662 I mpu_uart: [MSG-P:RECV]:No message received in 1000 ms
11-22 08:59:27.698 1218 4889 I OMX-VENC: venc_dev: stats: avg. fps 10.85, bitrate 347000
11-22 08:59:28.035 0 0 I auditd : type=1400 audit(0.0:8170): avc: denied { kill } for comm="swapper/3" capability=5 scontext=u:r:kernel:s0 tcontext=u:r:kernel:s0 tclass=capability permissive=0
11-22 08:59:28.035 0 0 W swapper/3: type=1400 audit(0.0:8170): avc: denied { kill } for capability=5 scontext=u:r:kernel:s0 tcontext=u:r:kernel:s0 tclass=capability permissive=0
11-22 08:59:28.356 647 662 I mpu_uart: [MSG-P:RECV]:No message received in 1000 ms
11-22 08:59:28.725 24515 24515 I view_enqueue_input_event: [Motion - Cancel,com.android.gallery3d/com.android.gallery3d.app.GalleryActivity]
11-22 08:59:28.751 1218 4889 I OMX-VENC: venc_dev: stats: avg. fps 13.30, bitrate 424259
11-22 08:59:28.846 1489 2012 I input_interaction: Interaction with: WindowManager (server), edge-swipe (server), swipe-up (server), PointerEventDispatcher0 (server),
11-22 08:59:28.855 1489 1636 D FreeFormWindowHelper: refreshTipWindow windowDragBounds:Rect(1854, 72 - 2377, 1000)
11-22 08:59:28.858 1489 1636 W WindowManager: updateScale0.7996942
11-22 08:59:28.905 1489 1636 D FreeFormWindowHelper: refreshTipWindow windowDragBounds:Rect(1849, 72 - 2372, 1000)
11-22 08:59:28.907 1489 1636 W WindowManager: updateScale0.7996942
11-22 08:59:28.921 1489 2839 W WindowManager: updateScale0.7996942
11-22 08:59:28.938 1489 1636 D FreeFormWindowHelper: refreshTipWindow windowDragBounds:Rect(1847, 72 - 2370, 1000)
11-22 08:59:28.940 1489 1636 W WindowManager: updateScale0.7996942
11-22 08:59:29.035 0 0 I auditd : type=1400 audit(0.0:8171): avc: denied { kill } for comm="swapper/3" capability=5 scontext=u:r:kernel:s0 tcontext=u:r:kernel:s0 tclass=capability permissive=0
11-22 08:59:29.035 0 0 W swapper/3: type=1400 audit(0.0:8171): avc: denied { kill } for capability=5 scontext=u:r:kernel:s0 tcontext=u:r:kernel:s0 tclass=capability permissive=0
11-22 08:59:29.284 1489 1636 D WindowManager: updateWindowDragBounds: mIsSwipeYfalse
11-22 08:59:29.284 1489 1636 D WindowManager: updateWindowDragBounds: mIsTopfalse
11-22 08:59:29.284 1489 1636 D WindowManager: updateWindowDragBounds: mIsSwipeXfalse
11-22 08:59:29.284 1489 1636 W WindowManager: updateScale0.4617737
11-22 08:59:29.285 1489 1636 I wm_relaunch_resume_activity: [0,240774890,243,com.android.gallery3d/.app.GalleryActivity]
11-22 08:59:29.287 1489 1636 W WindowManager: updateScale0.4617737
11-22 08:59:29.287 24515 24515 I wm_on_top_resumed_lost_called: [240774890,com.android.gallery3d.app.GalleryActivity,pausing]
11-22 08:59:29.287 24515 24515 W OrientationEventListener: Cannot detect sensors. Invalid disable
11-22 08:59:29.295 24515 24515 I wm_on_paused_called: [240774890,com.android.gallery3d.app.GalleryActivity,performPause]
11-22 08:59:29.295 24515 24515 I wm_on_stop_called: [240774890,com.android.gallery3d.app.GalleryActivity,handleRelaunchActivity]
11-22 08:59:29.296 24515 24515 V StateManager: saveState
11-22 08:59:29.296 24515 24515 V StateManager: saveState class com.android.gallery3d.app.AlbumSetPage
11-22 08:59:29.296 24515 24515 V StateManager: destroy
11-22 08:59:29.300 24515 24515 I wm_on_destroy_called: [240774890,com.android.gallery3d.app.GalleryActivity,performDestroy]
11-22 08:59:29.315 1489 1648 I am_pss : [24515,10069,com.android.gallery3d,35724288,30580736,0,149536768,0,2,9]
11-22 08:59:29.325 1489 1636 W InputManager-JNI: Input channel object 'WindowManager (client)' was disposed without first being removed with the input manager!
11-22 08:59:29.329 1489 2808 D CompatibilityInfo: mCompatibilityFlags - 4
11-22 08:59:29.329 1489 2808 D CompatibilityInfo: applicationDensity - 240
11-22 08:59:29.329 1489 2808 D CompatibilityInfo: applicationScale - 1.0
11-22 08:59:29.341 24515 24515 V StateManager: restoreFromState
11-22 08:59:29.341 24515 24515 V StateManager: restoreFromState class com.android.gallery3d.app.AlbumSetPage
11-22 08:59:29.342 24515 24515 I wm_on_create_called: [240774890,com.android.gallery3d.app.GalleryActivity,performCreate]
11-22 08:59:29.344 24515 24515 I wm_on_start_called: [240774890,com.android.gallery3d.app.GalleryActivity,handleStartActivity]
11-22 08:59:29.352 24515 24515 D Gallery.MultiSetSync: onSyncDone: **** #pending=1
11-22 08:59:29.352 24515 24515 D Gallery.MultiSetSync: request sync: ****
11-22 08:59:29.352 24515 24515 D Gallery.MultiSetSync: onSyncDone: ****** #pending=0
11-22 08:59:29.352 24515 24515 D Gallery.MultiSetSync: request sync: ******
11-22 08:59:29.353 24515 24515 W OrientationEventListener: Cannot detect sensors. Not enabled
11-22 08:59:29.353 24515 24515 I wm_on_resume_called: [240774890,com.android.gallery3d.app.GalleryActivity,RESUME_ACTIVITY]
11-22 08:59:29.353 24515 24515 I wm_on_top_resumed_gained_called: [240774890,com.android.gallery3d.app.GalleryActivity,topWhenResuming]
11-22 08:59:29.356 647 662 I mpu_uart: [MSG-P:RECV]:No message received in 1000 ms
11-22 08:59:29.358 1489 2808 W WindowManager: updateScale0.4617737
11-22 08:59:29.360 1489 2808 W WindowManager: updateScale0.4617737
11-22 08:59:29.368 24515 24635 D libEGL : MSAA-->msaa:0 gamemode:0 4x_msaa:0
11-22 08:59:29.368 24515 24635 D libEGL : MSAA-->msaa:0 gamemode:0 4x_msaa:0
11-22 08:59:29.375 24515 24635 I GLRootView: onSurfaceChanged: 654x1097, gl10: com.google.android.gles_jni.GLImpl@8e489c3
11-22 08:59:29.375 24515 24635 I GLRootView: layout content pane 654x1097 (compensation 0)
11-22 08:59:29.376 24515 24635 E BLASTBufferQueue: [SurfaceView[com.android.gallery3d/com.android.gallery3d.app.GalleryActivity]#4](f:0,a:0) rejecting buffer:active_size=654x1165, requested_size=654x1165 buffer{size=654x1097 transform=0}
11-22 08:59:29.377 24515 24635 I GLRootView: onSurfaceChanged: 654x1165, gl10: com.google.android.gles_jni.GLImpl@8e489c3
11-22 08:59:29.377 24515 24635 I GLRootView: layout content pane 654x1165 (compensation 0)
11-22 08:59:29.386 1489 6044 I WindowManager: finishDrawing of relaunch: Window{ae9d266 u0 com.android.gallery3d/com.android.gallery3d.app.GalleryActivity} 101ms
