11-22 08:25:28.035 0 0 I auditd : type=1400 audit(0.0:6166): avc: denied { kill } for comm="swapper/2" capability=5 scontext=u:r:kernel:s0 tcontext=u:r:kernel:s0 tclass=capability permissive=0
11-22 08:25:29.035 0 0 I auditd : type=1400 audit(0.0:6167): avc: denied { kill } for comm="swapper/2" capability=5 scontext=u:r:kernel:s0 tcontext=u:r:kernel:s0 tclass=capability permissive=0
11-22 08:25:30.035 0 0 I auditd : type=1400 audit(0.0:6168): avc: denied { kill } for comm="swapper/2" capability=5 scontext=u:r:kernel:s0 tcontext=u:r:kernel:s0 tclass=capability permissive=0
11-22 08:25:31.035 0 0 I auditd : type=1400 audit(0.0:6169): avc: denied { kill } for comm="swapper/2" capability=5 scontext=u:r:kernel:s0 tcontext=u:r:kernel:s0 tclass=capability permissive=0
11-22 08:25:32.035 0 0 I auditd : type=1400 audit(0.0:6170): avc: denied { kill } for comm="swapper/2" capability=5 scontext=u:r:kernel:s0 tcontext=u:r:kernel:s0 tclass=capability permissive=0
11-22 08:25:33.035 0 0 I auditd : type=1400 audit(0.0:6171): avc: denied { kill } for comm="swapper/2" capability=5 scontext=u:r:kernel:s0 tcontext=u:r:kernel:s0 tclass=capability permissive=0
11-22 08:25:34.035 0 0 I auditd : type=1400 audit(0.0:6172): avc: denied { kill } for comm="swapper/2" capability=5 scontext=u:r:kernel:s0 tcontext=u:r:kernel:s0 tclass=capability permissive=0
11-22 08:25:35.035 0 0 I auditd : type=1400 audit(0.0:6173): avc: denied { kill } for comm="swapper/2" capability=5 scontext=u:r:kernel:s0 tcontext=u:r:kernel:s0 tclass=capability permissive=0
11-22 08:25:36.035 0 0 I auditd : type=1400 audit(0.0:6174): avc: denied { kill } for comm="swapper/2" capability=5 scontext=u:r:kernel:s0 tcontext=u:r:kernel:s0 tclass=capability permissive=0
11-22 08:25:37.035 0 0 I auditd : type=1400 audit(0.0:6175): avc: denied { kill } for comm="swapper/2" capability=5 scontext=u:r:kernel:s0 tcontext=u:r:kernel:s0 tclass=capability permissive=0
11-22 08:25:38.035 0 0 I auditd : type=1400 audit(0.0:6176): avc: denied { kill } for comm="swapper/2" capability=5 scontext=u:r:kernel:s0 tcontext=u:r:kernel:s0 tclass=capability permissive=0
11-22 08:25:39.035 0 0 I auditd : type=1400 audit(0.0:6177): avc: denied { kill } for comm="swapper/2" capability=5 scontext=u:r:kernel:s0 tcontext=u:r:kernel:s0 tclass=capability permissive=0
11-22 08:25:40.035 0 0 I auditd : type=1400 audit(0.0:6178): avc: denied { kill } for comm="swapper/2" capability=5 scontext=u:r:kernel:s0 tcontext=u:r:kernel:s0 tclass=capability permissive=0
11-22 08:25:41.035 0 0 I auditd : type=1400 audit(0.0:6179): avc: denied { kill } for comm="swapper/2" capability=5 scontext=u:r:kernel:s0 tcontext=u:r:kernel:s0 tclass=capability permissive=0
11-22 08:25:42.035 0 0 I auditd : type=1400 audit(0.0:6180): avc: denied { kill } for comm="swapper/2" capability=5 scontext=u:r:kernel:s0 tcontext=u:r:kernel:s0 tclass=capability permissive=0
11-22 08:25:43.035 0 0 I auditd : type=1400 audit(0.0:6181): avc: denied { kill } for comm="swapper/2" capability=5 scontext=u:r:kernel:s0 tcontext=u:r:kernel:s0 tclass=capability permissive=0
11-22 08:25:44.035 0 0 I auditd : type=1400 audit(0.0:6182): avc: denied { kill } for comm="swapper/2" capability=5 scontext=u:r:kernel:s0 tcontext=u:r:kernel:s0 tclass=capability permissive=0
11-22 08:25:45.035 0 0 I auditd : type=1400 audit(0.0:6183): avc: denied { kill } for comm="swapper/2" capability=5 scontext=u:r:kernel:s0 tcontext=u:r:kernel:s0 tclass=capability permissive=0
11-22 08:25:46.035 0 0 I auditd : type=1400 audit(0.0:6184): avc: denied { kill } for comm="swapper/2" capability=5 scontext=u:r:kernel:s0 tcontext=u:r:kernel:s0 tclass=capability permissive=0
11-22 08:25:47.035 0 0 I auditd : type=1400 audit(0.0:6185): avc: denied { kill } for comm="swapper/2" capability=5 scontext=u:r:kernel:s0 tcontext=u:r:kernel:s0 tclass=capability permissive=0
11-22 08:25:48.035 0 0 I auditd : type=1400 audit(0.0:6186): avc: denied { kill } for comm="swapper/2" capability=5 scontext=u:r:kernel:s0 tcontext=u:r:kernel:s0 tclass=capability permissive=0
11-22 08:25:49.035 0 0 I auditd : type=1400 audit(0.0:6187): avc: denied { kill } for comm="swapper/2" capability=5 scontext=u:r:kernel:s0 tcontext=u:r:kernel:s0 tclass=capability permissive=0
11-22 08:25:50.035 0 0 I auditd : type=1400 audit(0.0:6188): avc: denied { kill } for comm="swapper/2" capability=5 scontext=u:r:kernel:s0 tcontext=u:r:kernel:s0 tclass=capability permissive=0
11-22 08:25:51.035 0 0 I auditd : type=1400 audit(0.0:6189): avc: denied { kill } for comm="swapper/2" capability=5 scontext=u:r:kernel:s0 tcontext=u:r:kernel:s0 tclass=capability permissive=0
11-22 08:25:52.035 0 0 I auditd : type=1400 audit(0.0:6190): avc: denied { kill } for comm="swapper/2" capability=5 scontext=u:r:kernel:s0 tcontext=u:r:kernel:s0 tclass=capability permissive=0
11-22 08:25:53.035 0 0 I auditd : type=1400 audit(0.0:6191): avc: denied { kill } for comm="swapper/2" capability=5 scontext=u:r:kernel:s0 tcontext=u:r:kernel:s0 tclass=capability permissive=0
11-22 08:25:54.035 0 0 I auditd : type=1400 audit(0.0:6192): avc: denied { kill } for comm="swapper/2" capability=5 scontext=u:r:kernel:s0 tcontext=u:r:kernel:s0 tclass=capability permissive=0
11-22 08:25:55.035 0 0 I auditd : type=1400 audit(0.0:6193): avc: denied { kill } for comm="swapper/2" capability=5 scontext=u:r:kernel:s0 tcontext=u:r:kernel:s0 tclass=capability permissive=0
11-22 08:25:56.035 0 0 I auditd : type=1400 audit(0.0:6194): avc: denied { kill } for comm="swapper/2" capability=5 scontext=u:r:kernel:s0 tcontext=u:r:kernel:s0 tclass=capability permissive=0
11-22 08:25:57.035 0 0 I auditd : type=1400 audit(0.0:6195): avc: denied { kill } for comm="swapper/2" capability=5 scontext=u:r:kernel:s0 tcontext=u:r:kernel:s0 tclass=capability permissive=0
11-22 08:25:58.035 0 0 I auditd : type=1400 audit(0.0:6196): avc: denied { kill } for comm="swapper/2" capability=5 scontext=u:r:kernel:s0 tcontext=u:r:kernel:s0 tclass=capability permissive=0
11-22 08:26:00.035 0 0 I auditd : type=1400 audit(0.0:6197): avc: denied { kill } for comm="swapper/2" capability=5 scontext=u:r:kernel:s0 tcontext=u:r:kernel:s0 tclass=capability permissive=0
11-22 08:26:01.035 0 0 I auditd : type=1400 audit(0.0:6198): avc: denied { kill } for comm="swapper/2" capability=5 scontext=u:r:kernel:s0 tcontext=u:r:kernel:s0 tclass=capability permissive=0
11-22 08:26:02.035 0 0 I auditd : type=1400 audit(0.0:6199): avc: denied { kill } for comm="swapper/2" capability=5 scontext=u:r:kernel:s0 tcontext=u:r:kernel:s0 tclass=capability permissive=0
11-22 08:26:03.035 0 0 I auditd : type=1400 audit(0.0:6200): avc: denied { kill } for comm="swapper/2" capability=5 scontext=u:r:kernel:s0 tcontext=u:r:kernel:s0 tclass=capability permissive=0
11-22 08:26:04.035 0 0 I auditd : type=1400 audit(0.0:6201): avc: denied { kill } for comm="swapper/2" capability=5 scontext=u:r:kernel:s0 tcontext=u:r:kernel:s0 tclass=capability permissive=0
11-22 08:26:05.035 0 0 I auditd : type=1400 audit(0.0:6202): avc: denied { kill } for comm="swapper/2" capability=5 scontext=u:r:kernel:s0 tcontext=u:r:kernel:s0 tclass=capability permissive=0
11-22 08:26:06.035 0 0 I auditd : type=1400 audit(0.0:6203): avc: denied { kill } for comm="swapper/2" capability=5 scontext=u:r:kernel:s0 tcontext=u:r:kernel:s0 tclass=capability permissive=0
11-22 08:26:07.035 0 0 I auditd : type=1400 audit(0.0:6204): avc: denied { kill } for comm="swapper/2" capability=5 scontext=u:r:kernel:s0 tcontext=u:r:kernel:s0 tclass=capability permissive=0
11-22 08:26:08.035 0 0 I auditd : type=1400 audit(0.0:6205): avc: denied { kill } for comm="swapper/2" capability=5 scontext=u:r:kernel:s0 tcontext=u:r:kernel:s0 tclass=capability permissive=0
11-22 08:26:09.035 0 0 I auditd : type=1400 audit(0.0:6206): avc: denied { kill } for comm="swapper/2" capability=5 scontext=u:r:kernel:s0 tcontext=u:r:kernel:s0 tclass=capability permissive=0
11-22 08:26:10.035 0 0 I auditd : type=1400 audit(0.0:6207): avc: denied { kill } for comm="swapper/2" capability=5 scontext=u:r:kernel:s0 tcontext=u:r:kernel:s0 tclass=capability permissive=0
11-22 08:26:12.035 0 0 I auditd : type=1400 audit(0.0:6208): avc: denied { kill } for comm="swapper/2" capability=5 scontext=u:r:kernel:s0 tcontext=u:r:kernel:s0 tclass=capability permissive=0
11-22 08:26:13.035 0 0 I auditd : type=1400 audit(0.0:6209): avc: denied { kill } for comm="swapper/2" capability=5 scontext=u:r:kernel:s0 tcontext=u:r:kernel:s0 tclass=capability permissive=0
11-22 08:26:14.035 0 0 I auditd : type=1400 audit(0.0:6210): avc: denied { kill } for comm="swapper/2" capability=5 scontext=u:r:kernel:s0 tcontext=u:r:kernel:s0 tclass=capability permissive=0
11-22 08:26:15.035 0 0 I auditd : type=1400 audit(0.0:6211): avc: denied { kill } for comm="swapper/2" capability=5 scontext=u:r:kernel:s0 tcontext=u:r:kernel:s0 tclass=capability permissive=0
11-22 08:26:16.035 0 0 I auditd : type=1400 audit(0.0:6212): avc: denied { kill } for comm="swapper/2" capability=5 scontext=u:r:kernel:s0 tcontext=u:r:kernel:s0 tclass=capability permissive=0
11-22 08:26:17.035 0 0 I auditd : type=1400 audit(0.0:6213): avc: denied { kill } for comm="swapper/2" capability=5 scontext=u:r:kernel:s0 tcontext=u:r:kernel:s0 tclass=capability permissive=0
11-22 08:26:18.035 0 0 I auditd : type=1400 audit(0.0:6214): avc: denied { kill } for comm="swapper/2" capability=5 scontext=u:r:kernel:s0 tcontext=u:r:kernel:s0 tclass=capability permissive=0
11-22 08:26:19.035 0 0 I auditd : type=1400 audit(0.0:6215): avc: denied { kill } for comm="swapper/2" capability=5 scontext=u:r:kernel:s0 tcontext=u:r:kernel:s0 tclass=capability permissive=0
11-22 08:26:20.035 0 0 I auditd : type=1400 audit(0.0:6216): avc: denied { kill } for comm="swapper/2" capability=5 scontext=u:r:kernel:s0 tcontext=u:r:kernel:s0 tclass=capability permissive=0
11-22 08:26:21.035 0 0 I auditd : type=1400 audit(0.0:6217): avc: denied { kill } for comm="swapper/2" capability=5 scontext=u:r:kernel:s0 tcontext=u:r:kernel:s0 tclass=capability permissive=0
11-22 08:26:22.035 0 0 I auditd : type=1400 audit(0.0:6218): avc: denied { kill } for comm="swapper/2" capability=5 scontext=u:r:kernel:s0 tcontext=u:r:kernel:s0 tclass=capability permissive=0
11-22 08:26:23.035 0 0 I auditd : type=1400 audit(0.0:6219): avc: denied { kill } for comm="swapper/2" capability=5 scontext=u:r:kernel:s0 tcontext=u:r:kernel:s0 tclass=capability permissive=0
11-22 08:26:24.035 0 0 I auditd : type=1400 audit(0.0:6220): avc: denied { kill } for comm="swapper/2" capability=5 scontext=u:r:kernel:s0 tcontext=u:r:kernel:s0 tclass=capability permissive=0
11-22 08:26:25.035 0 0 I auditd : type=1400 audit(0.0:6221): avc: denied { kill } for comm="swapper/2" capability=5 scontext=u:r:kernel:s0 tcontext=u:r:kernel:s0 tclass=capability permissive=0
11-22 08:26:26.035 0 0 I auditd : type=1400 audit(0.0:6222): avc: denied { kill } for comm="swapper/2" capability=5 scontext=u:r:kernel:s0 tcontext=u:r:kernel:s0 tclass=capability permissive=0
11-22 08:26:27.035 0 0 I auditd : type=1400 audit(0.0:6223): avc: denied { kill } for comm="swapper/2" capability=5 scontext=u:r:kernel:s0 tcontext=u:r:kernel:s0 tclass=capability permissive=0
11-22 08:26:28.035 0 0 I auditd : type=1400 audit(0.0:6224): avc: denied { kill } for comm="swapper/2" capability=5 scontext=u:r:kernel:s0 tcontext=u:r:kernel:s0 tclass=capability permissive=0
11-22 08:26:29.035 0 0 I auditd : type=1400 audit(0.0:6225): avc: denied { kill } for comm="swapper/2" capability=5 scontext=u:r:kernel:s0 tcontext=u:r:kernel:s0 tclass=capability permissive=0
11-22 08:26:30.035 0 0 I auditd : type=1400 audit(0.0:6226): avc: denied { kill } for comm="swapper/2" capability=5 scontext=u:r:kernel:s0 tcontext=u:r:kernel:s0 tclass=capability permissive=0
11-22 08:26:31.035 0 0 I auditd : type=1400 audit(0.0:6227): avc: denied { kill } for comm="swapper/2" capability=5 scontext=u:r:kernel:s0 tcontext=u:r:kernel:s0 tclass=capability permissive=0
11-22 08:26:33.035 0 0 I auditd : type=1400 audit(0.0:6228): avc: denied { kill } for comm="swapper/2" capability=5 scontext=u:r:kernel:s0 tcontext=u:r:kernel:s0 tclass=capability permissive=0
11-22 08:26:33.087 1489 2301 I netstats_mobile_sample: [0,0,0,0,0,0,0,0,0,0,0,0,1669076793087]
11-22 08:26:33.088 1489 2301 I netstats_wifi_sample: [31498658,26733,3995562,10312,31498658,26733,3995562,10312,35996155,29967,2277116,7183,1669076793087]
11-22 08:26:34.035 0 0 I auditd : type=1400 audit(0.0:6229): avc: denied { kill } for comm="swapper/2" capability=5 scontext=u:r:kernel:s0 tcontext=u:r:kernel:s0 tclass=capability permissive=0
11-22 08:26:35.035 0 0 I auditd : type=1400 audit(0.0:6230): avc: denied { kill } for comm="swapper/2" capability=5 scontext=u:r:kernel:s0 tcontext=u:r:kernel:s0 tclass=capability permissive=0
11-22 08:26:36.035 0 0 I auditd : type=1400 audit(0.0:6231): avc: denied { kill } for comm="swapper/2" capability=5 scontext=u:r:kernel:s0 tcontext=u:r:kernel:s0 tclass=capability permissive=0
11-22 08:26:37.035 0 0 I auditd : type=1400 audit(0.0:6232): avc: denied { kill } for comm="swapper/2" capability=5 scontext=u:r:kernel:s0 tcontext=u:r:kernel:s0 tclass=capability permissive=0
11-22 08:26:38.035 0 0 I auditd : type=1400 audit(0.0:6233): avc: denied { kill } for comm="swapper/2" capability=5 scontext=u:r:kernel:s0 tcontext=u:r:kernel:s0 tclass=capability permissive=0
11-22 08:26:39.035 0 0 I auditd : type=1400 audit(0.0:6234): avc: denied { kill } for comm="swapper/2" capability=5 scontext=u:r:kernel:s0 tcontext=u:r:kernel:s0 tclass=capability permissive=0
11-22 08:26:39.151 1489 1752 I am_freeze: [21621,com.microsoft.emmx]
11-22 08:26:39.153 1489 1752 I am_freeze: [21623,com.android.soundrecorder]
11-22 08:26:39.154 1489 1752 I am_kill : [0,21621,com.microsoft.emmx,945,Unable to freeze binder interface]
11-22 08:26:39.156 1489 1752 I am_kill : [0,21623,com.android.soundrecorder,935,Unable to freeze binder interface]
11-22 08:26:39.184 1489 7615 I am_proc_died: [0,21623,com.android.soundrecorder,935,19]
11-22 08:26:39.184 1489 7615 I am_uid_stopped: 10060
11-22 08:26:39.190 1489 1634 I am_uid_stopped: 10034
11-22 08:26:39.190 1489 1634 I am_uid_running: 10034
11-22 08:26:39.192 1489 1634 I am_uid_running: 10060
11-22 08:26:39.196 1489 7615 I am_proc_died: [0,21621,com.microsoft.emmx,945,19]
11-22 08:26:39.212 1489 1651 I am_proc_start: [0,22733,10034,com.microsoft.emmx,NULL,]
11-22 08:26:39.225 1489 1651 I am_proc_start: [0,22734,10060,com.android.soundrecorder,NULL,]
11-22 08:26:39.248 1489 7615 I am_proc_bound: [0,22733,com.microsoft.emmx]
11-22 08:26:39.260 1489 7615 I am_proc_bound: [0,22734,com.android.soundrecorder]
11-22 08:26:40.035 0 0 I auditd : type=1400 audit(0.0:6235): avc: denied { kill } for comm="swapper/2" capability=5 scontext=u:r:kernel:s0 tcontext=u:r:kernel:s0 tclass=capability permissive=0
11-22 08:26:42.035 0 0 I auditd : type=1400 audit(0.0:6236): avc: denied { kill } for comm="swapper/2" capability=5 scontext=u:r:kernel:s0 tcontext=u:r:kernel:s0 tclass=capability permissive=0
11-22 08:26:43.035 0 0 I auditd : type=1400 audit(0.0:6237): avc: denied { kill } for comm="swapper/2" capability=5 scontext=u:r:kernel:s0 tcontext=u:r:kernel:s0 tclass=capability permissive=0
11-22 08:26:44.035 0 0 I auditd : type=1400 audit(0.0:6238): avc: denied { kill } for comm="swapper/2" capability=5 scontext=u:r:kernel:s0 tcontext=u:r:kernel:s0 tclass=capability permissive=0
11-22 08:26:45.035 0 0 I auditd : type=1400 audit(0.0:6239): avc: denied { kill } for comm="swapper/2" capability=5 scontext=u:r:kernel:s0 tcontext=u:r:kernel:s0 tclass=capability permissive=0
11-22 08:26:46.035 0 0 I auditd : type=1400 audit(0.0:6240): avc: denied { kill } for comm="swapper/2" capability=5 scontext=u:r:kernel:s0 tcontext=u:r:kernel:s0 tclass=capability permissive=0
11-22 08:26:47.035 0 0 I auditd : type=1400 audit(0.0:6241): avc: denied { kill } for comm="swapper/2" capability=5 scontext=u:r:kernel:s0 tcontext=u:r:kernel:s0 tclass=capability permissive=0
11-22 08:26:48.035 0 0 I auditd : type=1400 audit(0.0:6242): avc: denied { kill } for comm="swapper/2" capability=5 scontext=u:r:kernel:s0 tcontext=u:r:kernel:s0 tclass=capability permissive=0
11-22 08:26:49.035 0 0 I auditd : type=1400 audit(0.0:6243): avc: denied { kill } for comm="swapper/2" capability=5 scontext=u:r:kernel:s0 tcontext=u:r:kernel:s0 tclass=capability permissive=0
11-22 08:26:50.035 0 0 I auditd : type=1400 audit(0.0:6244): avc: denied { kill } for comm="swapper/2" capability=5 scontext=u:r:kernel:s0 tcontext=u:r:kernel:s0 tclass=capability permissive=0
11-22 08:26:51.035 0 0 I auditd : type=1400 audit(0.0:6245): avc: denied { kill } for comm="swapper/2" capability=5 scontext=u:r:kernel:s0 tcontext=u:r:kernel:s0 tclass=capability permissive=0
11-22 08:26:51.851 561 561 I auditd : type=1400 audit(0.0:6246): avc: denied { read } for comm="Binder:561_2" name="wakeup58" dev="sysfs" ino=71806 scontext=u:r:system_suspend:s0 tcontext=u:object_r:sysfs:s0 tclass=dir permissive=0
11-22 08:26:51.855 561 561 I auditd : type=1400 audit(0.0:6247): avc: denied { read } for comm="Binder:561_2" name="wakeup48" dev="sysfs" ino=67434 scontext=u:r:system_suspend:s0 tcontext=u:object_r:sysfs:s0 tclass=dir permissive=0
11-22 08:26:51.855 561 561 I auditd : type=1400 audit(0.0:6248): avc: denied { read } for comm="Binder:561_2" name="wakeup4" dev="sysfs" ino=47032 scontext=u:r:system_suspend:s0 tcontext=u:object_r:sysfs:s0 tclass=dir permissive=0
11-22 08:26:51.855 561 561 I auditd : type=1400 audit(0.0:6249): avc: denied { read } for comm="Binder:561_2" name="wakeup76" dev="sysfs" ino=76713 scontext=u:r:system_suspend:s0 tcontext=u:object_r:sysfs:s0 tclass=dir permissive=0
11-22 08:26:51.859 561 561 I auditd : type=1400 audit(0.0:6250): avc: denied { read } for comm="Binder:561_2" name="wakeup28" dev="sysfs" ino=53237 scontext=u:r:system_suspend:s0 tcontext=u:object_r:sysfs:s0 tclass=dir permissive=0
11-22 08:26:51.859 561 561 I auditd : type=1400 audit(0.0:6251): avc: denied { read } for comm="Binder:561_2" name="wakeup56" dev="sysfs" ino=71734 scontext=u:r:system_suspend:s0 tcontext=u:object_r:sysfs:s0 tclass=dir permissive=0
11-22 08:26:51.859 561 561 I auditd : type=1400 audit(0.0:6252): avc: denied { read } for comm="Binder:561_2" name="wakeup2" dev="sysfs" ino=46556 scontext=u:r:system_suspend:s0 tcontext=u:object_r:sysfs:s0 tclass=dir permissive=0
11-22 08:26:51.863 561 561 I auditd : type=1400 audit(0.0:6253): avc: denied { read } for comm="Binder:561_2" name="wakeup36" dev="sysfs" ino=62469 scontext=u:r:system_suspend:s0 tcontext=u:object_r:sysfs:s0 tclass=dir permissive=0
11-22 08:26:51.924 1489 1648 I commit_sys_config_file: [batterystats,6]
11-22 08:26:51.927 1489 1648 I commit_sys_config_file: [batterystats,2]
11-22 08:26:53.035 0 0 I auditd : type=1400 audit(0.0:6296): avc: denied { kill } for comm="swapper/2" capability=5 scontext=u:r:kernel:s0 tcontext=u:r:kernel:s0 tclass=capability permissive=0
11-22 08:26:54.035 0 0 I auditd : type=1400 audit(0.0:6297): avc: denied { kill } for comm="swapper/2" capability=5 scontext=u:r:kernel:s0 tcontext=u:r:kernel:s0 tclass=capability permissive=0
11-22 08:26:55.035 0 0 I auditd : type=1400 audit(0.0:6298): avc: denied { kill } for comm="swapper/2" capability=5 scontext=u:r:kernel:s0 tcontext=u:r:kernel:s0 tclass=capability permissive=0
11-22 08:26:55.409 1489 2012 I input_interaction: Interaction with: 3cc67bf com.android.launcher3/com.android.launcher3.uioverrides.QuickstepLauncher (server), 6449bab com.android.systemui.ImageWallpaper (server), edge-swipe (server), swipe-up (server), PointerEventDispatcher0 (server),
11-22 08:26:56.035 0 0 I auditd : type=1400 audit(0.0:6299): avc: denied { kill } for comm="swapper/2" capability=5 scontext=u:r:kernel:s0 tcontext=u:r:kernel:s0 tclass=capability permissive=0
11-22 08:26:57.032 1489 7615 I wm_task_created: [230,-1]
11-22 08:26:57.036 1489 7615 I wm_task_moved: [230,1,6]
11-22 08:26:57.036 1489 7615 I wm_task_to_front: [0,230]
11-22 08:26:57.037 1489 7615 I wm_create_task: [0,230]
11-22 08:26:57.037 1489 7615 I wm_create_activity: [0,233357824,230,com.android.gallery3d/.app.GalleryActivity,android.intent.action.MAIN,NULL,NULL,270532608]
11-22 08:26:57.037 1489 7615 I wm_task_moved: [230,1,6]
11-22 08:26:57.038 1489 7615 I wm_pause_activity: [0,168390208,com.android.launcher3/.uioverrides.QuickstepLauncher,userLeaving=true,pauseBackTasks]
11-22 08:26:57.046 2840 2840 I wm_on_top_resumed_lost_called: [168390208,com.android.launcher3.uioverrides.QuickstepLauncher,topStateChangedWhenResumed]
11-22 08:26:57.052 1489 1634 I am_uid_running: 10069
11-22 08:26:57.053 2840 2840 I wm_on_paused_called: [168390208,com.android.launcher3.uioverrides.QuickstepLauncher,performPause]
11-22 08:26:57.055 1489 2799 I wm_add_to_stopping: [0,168390208,com.android.launcher3/.uioverrides.QuickstepLauncher,makeInvisible]
11-22 08:26:57.071 1489 1634 I sysui_multi_action: [757,803,799,window_time_2,802,238]
11-22 08:26:57.082 1489 1651 I am_proc_start: [0,22794,10069,com.android.gallery3d,pre-top-activity,{com.android.gallery3d/com.android.gallery3d.app.GalleryActivity}]
11-22 08:26:57.083 1489 2012 I input_focus: [Focus leaving 3cc67bf com.android.launcher3/com.android.launcher3.uioverrides.QuickstepLauncher (server),reason=NO_WINDOW]
11-22 08:26:57.093 1489 7615 I am_proc_bound: [0,22794,com.android.gallery3d]
11-22 08:26:57.099 1489 7615 I wm_restart_activity: [0,233357824,230,com.android.gallery3d/.app.GalleryActivity]
11-22 08:26:57.100 1489 7615 I wm_set_resumed_activity: [0,com.android.gallery3d/.app.GalleryActivity,minimalResumeActivityLocked]
11-22 08:26:57.103 1489 1634 I am_uid_active: 10069
11-22 08:26:57.129 1489 1489 I am_uid_active: 10063
11-22 08:26:57.138 22794 22794 I wm_on_create_called: [233357824,com.android.gallery3d.app.GalleryActivity,performCreate]
11-22 08:26:57.139 22794 22794 I wm_on_start_called: [233357824,com.android.gallery3d.app.GalleryActivity,handleStartActivity]
11-22 08:26:57.142 22794 22794 I wm_on_resume_called: [233357824,com.android.gallery3d.app.GalleryActivity,RESUME_ACTIVITY]
11-22 08:26:57.147 22794 22794 I wm_on_top_resumed_gained_called: [233357824,com.android.gallery3d.app.GalleryActivity,topStateChangedWhenResumed]
11-22 08:26:57.152 1489 1636 I input_focus: [Focus request 706028c com.android.gallery3d/com.android.gallery3d.app.GalleryActivity,reason=UpdateInputWindows]
11-22 08:26:57.155 2375 2375 I sysui_multi_action: [757,111,758,2]
11-22 08:26:57.155 1489 1489 I notification_enqueue: [10082,2375,com.android.systemui,2048,NULL,0,Notification(channel=updateNotification shortcut=null contentView=null vibrate=null sound=null defaults=0x0 flags=0x0 color=0x00000000 vis=PRIVATE),1]
11-22 08:26:57.156 2375 2375 I sysui_multi_action: [757,111,758,2]
11-22 08:26:57.169 2375 2375 I sysui_multi_action: [757,111,758,1]
11-22 08:26:57.169 2375 2375 I sysui_multi_action: [757,126,758,1,759,126,927,0,928,1,1593,0]
11-22 08:26:57.169 2375 2375 I sysui_multi_action: [757,113,758,1,759,113,927,1,928,1,1593,0]
11-22 08:26:57.169 2375 2375 I sysui_multi_action: [757,0,758,1,759,0,927,2,928,0,1593,0]
11-22 08:26:57.169 2375 2375 I sysui_multi_action: [757,0,758,1,759,0,927,3,928,0,1593,0]
11-22 08:26:57.169 2375 2375 I sysui_multi_action: [757,491,758,1,759,491,927,4,928,0,1311,-1,1593,0]
11-22 08:26:57.169 2375 2375 I sysui_multi_action: [757,0,758,1,759,0,927,5,928,0,1593,0]
11-22 08:26:57.169 2375 2375 I sysui_multi_action: [757,114,758,1,759,114,927,6,928,0,1593,0]
11-22 08:26:57.169 2375 2375 I sysui_multi_action: [757,111,758,1]
11-22 08:26:57.169 2375 2375 I sysui_multi_action: [757,126,758,1,759,126,927,0,928,1,1593,0]
11-22 08:26:57.169 2375 2375 I sysui_multi_action: [757,113,758,1,759,113,927,1,928,1,1593,0]
11-22 08:26:57.169 2375 2375 I sysui_multi_action: [757,0,758,1,759,0,927,2,928,0,1593,0]
11-22 08:26:57.169 2375 2375 I sysui_multi_action: [757,0,758,1,759,0,927,3,928,0,1593,0]
11-22 08:26:57.202 1489 1631 I sysui_multi_action: [319,58,321,55,322,172,325,19805,757,761,758,7,759,1,806,com.android.gallery3d,871,com.android.gallery3d.app.GalleryActivity,904,com.android.launcher3,905,0,945,70,1320,8,1321,5]
11-22 08:26:57.203 1489 1631 I wm_activity_launch_time: [0,233357824,com.android.gallery3d/.app.GalleryActivity,172]
11-22 08:26:57.219 1489 2012 I input_focus: [Focus entering 706028c com.android.gallery3d/com.android.gallery3d.app.GalleryActivity (server),reason=Window became focusable. Previous reason: NOT_VISIBLE]
11-22 08:26:57.648 1489 1634 I wm_stop_activity: [0,168390208,com.android.launcher3/.uioverrides.QuickstepLauncher]
11-22 08:26:57.691 2840 2840 I wm_on_stop_called: [168390208,com.android.launcher3.uioverrides.QuickstepLauncher,STOP_ACTIVITY_ITEM]
11-22 08:26:58.035 0 0 I auditd : type=1400 audit(0.0:6300): avc: denied { kill } for comm="swapper/2" capability=5 scontext=u:r:kernel:s0 tcontext=u:r:kernel:s0 tclass=capability permissive=0
11-22 08:26:58.548 1489 2012 I input_interaction: Interaction with: 706028c com.android.gallery3d/com.android.gallery3d.app.GalleryActivity (server), edge-swipe (server), swipe-up (server), PointerEventDispatcher0 (server),
11-22 08:26:58.567 1489 2851 I wm_task_moved: [1,0,0]
11-22 08:26:58.568 1489 2851 I wm_task_moved: [1,0,5]
11-22 08:26:58.585 2840 2840 I wm_on_restart_called: [168390208,com.android.launcher3.uioverrides.QuickstepLauncher,performRestartActivity]
11-22 08:26:58.613 2840 2840 I wm_on_start_called: [168390208,com.android.launcher3.uioverrides.QuickstepLauncher,handleStartActivity]
11-22 08:26:58.641 1489 1631 I sysui_multi_action: [319,15,322,67,325,19807,757,761,758,9,759,5,806,com.android.launcher3,871,com.android.launcher3.uioverrides.QuickstepLauncher,905,0,1320,8,1321,5]
11-22 08:26:58.699 22794 22794 I view_enqueue_input_event: [Motion - Cancel,com.android.gallery3d/com.android.gallery3d.app.GalleryActivity]
11-22 08:26:58.700 2840 2840 I sysui_latency: [1,76]
11-22 08:26:58.706 1489 1636 I input_focus: [Focus request recents_animation_input_consumer,reason=UpdateInputWindows]
11-22 08:26:58.717 1489 2012 I input_interaction: Interaction with: edge-swipe (server), swipe-up (server), PointerEventDispatcher0 (server),
11-22 08:26:58.738 1489 2012 I input_focus: [Focus leaving 706028c com.android.gallery3d/com.android.gallery3d.app.GalleryActivity (server),reason=NOT_FOCUSABLE]
11-22 08:26:58.738 1489 2012 I input_focus: [Focus entering recents_animation_input_consumer (server),reason=setFocusedWindow]
11-22 08:26:58.818 1489 1751 I commit_sys_config_file: [settings-1-0,6]
11-22 08:26:58.936 1489 1648 I sysui_latency: [8,80]
11-22 08:26:59.035 0 0 I auditd : type=1400 audit(0.0:6301): avc: denied { kill } for comm="swapper/2" capability=5 scontext=u:r:kernel:s0 tcontext=u:r:kernel:s0 tclass=capability permissive=0
11-22 08:26:59.630 1489 1751 I commit_sys_config_file: [settings-1-0,6]
11-22 08:27:00.141 1489 2012 I input_interaction: Interaction with: 3cc67bf com.android.launcher3/com.android.launcher3.uioverrides.QuickstepLauncher (server), edge-swipe (server), swipe-up (server), PointerEventDispatcher0 (server),
11-22 08:27:00.662 1489 2851 I wm_task_moved: [1,0,5]
11-22 08:27:00.663 1489 2851 I wm_add_to_stopping: [0,168390208,com.android.launcher3/.uioverrides.QuickstepLauncher,makeInvisible]
11-22 08:27:00.671 1489 1636 I input_focus: [Focus request 706028c com.android.gallery3d/com.android.gallery3d.app.GalleryActivity,reason=UpdateInputWindows]
11-22 08:27:00.673 1489 1634 I wm_stop_activity: [0,168390208,com.android.launcher3/.uioverrides.QuickstepLauncher]
11-22 08:27:00.688 1489 1648 I am_pss : [22734,10060,com.android.soundrecorder,5816320,3899392,0,88371200,0,19,7]
11-22 08:27:00.692 1489 2012 I input_focus: [Focus leaving recents_animation_input_consumer (server),reason=NOT_VISIBLE]
11-22 08:27:00.692 1489 2012 I input_focus: [Focus entering 706028c com.android.gallery3d/com.android.gallery3d.app.GalleryActivity (server),reason=setFocusedWindow]
11-22 08:27:00.701 1489 1648 I am_pss : [22733,10034,com.microsoft.emmx,31457280,27336704,0,128094208,0,19,6]
11-22 08:27:00.714 2840 2840 I wm_on_stop_called: [168390208,com.android.launcher3.uioverrides.QuickstepLauncher,STOP_ACTIVITY_ITEM]
11-22 08:27:01.035 0 0 I auditd : type=1400 audit(0.0:6302): avc: denied { kill } for comm="swapper/2" capability=5 scontext=u:r:kernel:s0 tcontext=u:r:kernel:s0 tclass=capability permissive=0
11-22 08:27:01.735 1489 2012 I input_interaction: Interaction with: 706028c com.android.gallery3d/com.android.gallery3d.app.GalleryActivity (server), edge-swipe (server), swipe-up (server), PointerEventDispatcher0 (server),
11-22 08:27:01.749 1489 2851 I wm_task_moved: [1,0,0]
11-22 08:27:01.750 1489 2851 I wm_task_moved: [1,0,5]
11-22 08:27:01.778 2840 2840 I wm_on_restart_called: [168390208,com.android.launcher3.uioverrides.QuickstepLauncher,performRestartActivity]
11-22 08:27:01.799 2840 2840 I wm_on_start_called: [168390208,com.android.launcher3.uioverrides.QuickstepLauncher,handleStartActivity]
11-22 08:27:01.818 1489 1631 I sysui_multi_action: [319,13,322,63,325,19810,757,761,758,9,759,5,806,com.android.launcher3,871,com.android.launcher3.uioverrides.QuickstepLauncher,905,0,1320,8,1321,5]
11-22 08:27:02.009 1489 1751 I commit_sys_config_file: [settings-1-0,12]
11-22 08:27:02.041 22794 22794 I view_enqueue_input_event: [Motion - Cancel,com.android.gallery3d/com.android.gallery3d.app.GalleryActivity]
11-22 08:27:02.042 2840 2840 I sysui_latency: [1,74]
11-22 08:27:02.049 1489 2012 I input_interaction: Interaction with: edge-swipe (server), swipe-up (server), PointerEventDispatcher0 (server),
11-22 08:27:02.049 1489 1636 I input_focus: [Focus request recents_animation_input_consumer,reason=UpdateInputWindows]
11-22 08:27:02.081 1489 2012 I input_focus: [Focus leaving 706028c com.android.gallery3d/com.android.gallery3d.app.GalleryActivity (server),reason=NOT_FOCUSABLE]
11-22 08:27:02.081 1489 2012 I input_focus: [Focus entering recents_animation_input_consumer (server),reason=setFocusedWindow]
11-22 08:27:02.113 1489 1648 I sysui_latency: [8,72]
11-22 08:27:02.501 1489 1947 I wm_task_moved: [1,0,5]
11-22 08:27:02.502 1489 1947 I wm_add_to_stopping: [0,168390208,com.android.launcher3/.uioverrides.QuickstepLauncher,makeInvisible]
11-22 08:27:02.507 1489 1636 I input_focus: [Focus request 706028c com.android.gallery3d/com.android.gallery3d.app.GalleryActivity,reason=UpdateInputWindows]
11-22 08:27:02.508 1489 1634 I wm_stop_activity: [0,168390208,com.android.launcher3/.uioverrides.QuickstepLauncher]
11-22 08:27:02.530 1489 2012 I input_focus: [Focus leaving recents_animation_input_consumer (server),reason=NOT_VISIBLE]
11-22 08:27:02.530 1489 2012 I input_focus: [Focus entering 706028c com.android.gallery3d/com.android.gallery3d.app.GalleryActivity (server),reason=setFocusedWindow]
11-22 08:27:02.552 2840 2840 I wm_on_stop_called: [168390208,com.android.launcher3.uioverrides.QuickstepLauncher,STOP_ACTIVITY_ITEM]
11-22 08:27:02.750 1489 1751 I commit_sys_config_file: [settings-1-0,6]
11-22 08:27:03.035 0 0 I auditd : type=1400 audit(0.0:6303): avc: denied { kill } for comm="swapper/2" capability=5 scontext=u:r:kernel:s0 tcontext=u:r:kernel:s0 tclass=capability permissive=0
11-22 08:27:04.035 0 0 I auditd : type=1400 audit(0.0:6304): avc: denied { kill } for comm="swapper/2" capability=5 scontext=u:r:kernel:s0 tcontext=u:r:kernel:s0 tclass=capability permissive=0
11-22 08:27:05.035 0 0 I auditd : type=1400 audit(0.0:6305): avc: denied { kill } for comm="swapper/2" capability=5 scontext=u:r:kernel:s0 tcontext=u:r:kernel:s0 tclass=capability permissive=0
11-22 08:27:06.035 0 0 I auditd : type=1400 audit(0.0:6306): avc: denied { kill } for comm="swapper/2" capability=5 scontext=u:r:kernel:s0 tcontext=u:r:kernel:s0 tclass=capability permissive=0
11-22 08:27:07.035 0 0 I auditd : type=1400 audit(0.0:6307): avc: denied { kill } for comm="swapper/2" capability=5 scontext=u:r:kernel:s0 tcontext=u:r:kernel:s0 tclass=capability permissive=0
11-22 08:27:08.002 1489 2012 I input_interaction: Interaction with: 706028c com.android.gallery3d/com.android.gallery3d.app.GalleryActivity (server), edge-swipe (server), swipe-up (server), PointerEventDispatcher0 (server),
11-22 08:27:08.035 0 0 I auditd : type=1400 audit(0.0:6308): avc: denied { kill } for comm="swapper/2" capability=5 scontext=u:r:kernel:s0 tcontext=u:r:kernel:s0 tclass=capability permissive=0
11-22 08:27:09.035 0 0 I auditd : type=1400 audit(0.0:6309): avc: denied { kill } for comm="swapper/2" capability=5 scontext=u:r:kernel:s0 tcontext=u:r:kernel:s0 tclass=capability permissive=0
11-22 08:27:09.180 1489 2012 I input_interaction: Interaction with: 55d8f3c StatusBar (server), edge-swipe (server), swipe-up (server), PointerEventDispatcher0 (server),
11-22 08:27:09.184 2375 2375 I sysui_multi_action: [757,803,799,panel_open,802,1]
11-22 08:27:09.186 2375 2375 I sysui_multi_action: [757,1328,758,4,1326,63,1327,1,1329,0]
11-22 08:27:09.259 1489 1947 I sysui_multi_action: [757,127,758,1]
11-22 08:27:09.259 1489 1947 I sysui_multi_action: [757,804,799,note_load,801,2,802,1]
11-22 08:27:09.259 1489 1947 I notification_panel_revealed: 2
11-22 08:27:09.261 2375 2375 I sysui_multi_action: [757,111,758,2]
11-22 08:27:09.261 1489 1489 I notification_enqueue: [10082,2375,com.android.systemui,2048,NULL,0,Notification(channel=updateNotification shortcut=null contentView=null vibrate=null sound=null defaults=0x0 flags=0x0 color=0x00000000 vis=PRIVATE),1]
11-22 08:27:09.261 2375 2375 I sysui_multi_action: [757,111,758,2]
11-22 08:27:09.275 1489 1636 I input_focus: [Focus request 8f06d3 NotificationShade,reason=UpdateInputWindows]
11-22 08:27:09.281 2375 2375 I sysui_multi_action: [757,111,758,1]
11-22 08:27:09.281 2375 2375 I sysui_multi_action: [757,126,758,1,759,126,927,0,928,1,1593,0]
11-22 08:27:09.281 2375 2375 I sysui_multi_action: [757,113,758,1,759,113,927,1,928,1,1593,0]
11-22 08:27:09.281 2375 2375 I sysui_multi_action: [757,0,758,1,759,0,927,2,928,0,1593,0]
11-22 08:27:09.281 2375 2375 I sysui_multi_action: [757,0,758,1,759,0,927,3,928,0,1593,0]
11-22 08:27:09.282 2375 2375 I sysui_multi_action: [757,491,758,1,759,491,927,4,928,0,1311,-1,1593,0]
11-22 08:27:09.282 2375 2375 I sysui_multi_action: [757,0,758,1,759,0,927,5,928,0,1593,0]
11-22 08:27:09.282 2375 2375 I sysui_multi_action: [757,114,758,1,759,114,927,6,928,0,1593,0]
11-22 08:27:09.282 2375 2375 I sysui_multi_action: [757,111,758,1]
11-22 08:27:09.282 2375 2375 I sysui_multi_action: [757,126,758,1,759,126,927,0,928,1,1593,0]
11-22 08:27:09.282 2375 2375 I sysui_multi_action: [757,113,758,1,759,113,927,1,928,1,1593,0]
11-22 08:27:09.283 2375 2375 I sysui_multi_action: [757,0,758,1,759,0,927,2,928,0,1593,0]
11-22 08:27:09.283 2375 2375 I sysui_multi_action: [757,0,758,1,759,0,927,3,928,0,1593,0]
11-22 08:27:09.295 2375 2375 I sysui_multi_action: [757,111,758,2]
11-22 08:27:09.296 2375 2375 I sysui_multi_action: [757,111,758,2]
11-22 08:27:09.296 1489 1489 I notification_enqueue: [10082,2375,com.android.systemui,2048,NULL,0,Notification(channel=updateNotification shortcut=null contentView=null vibrate=null sound=null defaults=0x0 flags=0x0 color=0x00000000 vis=PRIVATE),1]
11-22 08:27:09.300 1489 2012 I input_focus: [Focus leaving 706028c com.android.gallery3d/com.android.gallery3d.app.GalleryActivity (server),reason=setFocusedWindow]
11-22 08:27:09.300 1489 2012 I input_focus: [Focus entering 8f06d3 NotificationShade (server),reason=setFocusedWindow]
11-22 08:27:09.300 2375 2375 I sysui_multi_action: [757,111,758,1]
11-22 08:27:09.300 2375 2375 I sysui_multi_action: [757,126,758,1,759,126,927,0,928,1,1593,0]
11-22 08:27:09.300 2375 2375 I sysui_multi_action: [757,113,758,1,759,113,927,1,928,1,1593,0]
11-22 08:27:09.300 2375 2375 I sysui_multi_action: [757,0,758,1,759,0,927,2,928,0,1593,0]
11-22 08:27:09.300 2375 2375 I sysui_multi_action: [757,0,758,1,759,0,927,3,928,0,1593,0]
11-22 08:27:09.301 2375 2375 I sysui_multi_action: [757,491,758,1,759,491,927,4,928,0,1311,-1,1593,0]
11-22 08:27:09.301 2375 2375 I sysui_multi_action: [757,0,758,1,759,0,927,5,928,0,1593,0]
11-22 08:27:09.301 2375 2375 I sysui_multi_action: [757,114,758,1,759,114,927,6,928,0,1593,0]
11-22 08:27:09.301 2375 2375 I sysui_multi_action: [757,111,758,1]
11-22 08:27:09.301 2375 2375 I sysui_multi_action: [757,126,758,1,759,126,927,0,928,1,1593,0]
11-22 08:27:09.301 2375 2375 I sysui_multi_action: [757,113,758,1,759,113,927,1,928,1,1593,0]
11-22 08:27:09.301 2375 2375 I sysui_multi_action: [757,0,758,1,759,0,927,2,928,0,1593,0]
11-22 08:27:09.301 2375 2375 I sysui_multi_action: [757,0,758,1,759,0,927,3,928,0,1593,0]
11-22 08:27:09.313 2375 2375 I sysui_multi_action: [757,111,758,2]
11-22 08:27:09.313 2375 2375 I sysui_multi_action: [757,111,758,2]
11-22 08:27:09.313 1489 1489 I notification_enqueue: [10082,2375,com.android.systemui,2048,NULL,0,Notification(channel=updateNotification shortcut=null contentView=null vibrate=null sound=null defaults=0x0 flags=0x0 color=0x00000000 vis=PRIVATE),1]
11-22 08:27:09.317 2375 2375 I sysui_multi_action: [757,111,758,1]
11-22 08:27:09.317 2375 2375 I sysui_multi_action: [757,126,758,1,759,126,927,0,928,1,1593,0]
11-22 08:27:09.317 2375 2375 I sysui_multi_action: [757,113,758,1,759,113,927,1,928,1,1593,0]
11-22 08:27:09.317 2375 2375 I sysui_multi_action: [757,0,758,1,759,0,927,2,928,0,1593,0]
11-22 08:27:09.317 2375 2375 I sysui_multi_action: [757,0,758,1,759,0,927,3,928,0,1593,0]
11-22 08:27:09.317 2375 2375 I sysui_multi_action: [757,491,758,1,759,491,927,4,928,0,1311,-1,1593,0]
11-22 08:27:09.317 2375 2375 I sysui_multi_action: [757,0,758,1,759,0,927,5,928,0,1593,0]
11-22 08:27:09.317 2375 2375 I sysui_multi_action: [757,114,758,1,759,114,927,6,928,0,1593,0]
11-22 08:27:09.318 2375 2375 I sysui_multi_action: [757,111,758,1]
11-22 08:27:09.318 2375 2375 I sysui_multi_action: [757,126,758,1,759,126,927,0,928,1,1593,0]
11-22 08:27:09.318 2375 2375 I sysui_multi_action: [757,113,758,1,759,113,927,1,928,1,1593,0]
11-22 08:27:09.318 2375 2375 I sysui_multi_action: [757,0,758,1,759,0,927,2,928,0,1593,0]
11-22 08:27:09.318 2375 2375 I sysui_multi_action: [757,0,758,1,759,0,927,3,928,0,1593,0]
11-22 08:27:09.327 2375 2375 I sysui_multi_action: [757,111,758,2]
11-22 08:27:09.328 2375 2375 I sysui_multi_action: [757,111,758,2]
11-22 08:27:09.328 1489 1489 I notification_enqueue: [10082,2375,com.android.systemui,2048,NULL,0,Notification(channel=updateNotification shortcut=null contentView=null vibrate=null sound=null defaults=0x0 flags=0x0 color=0x00000000 vis=PRIVATE),1]
11-22 08:27:09.330 2375 2375 I sysui_multi_action: [757,111,758,1]
11-22 08:27:09.330 2375 2375 I sysui_multi_action: [757,126,758,1,759,126,927,0,928,1,1593,0]
11-22 08:27:09.331 2375 2375 I sysui_multi_action: [757,113,758,1,759,113,927,1,928,1,1593,0]
11-22 08:27:09.331 2375 2375 I sysui_multi_action: [757,0,758,1,759,0,927,2,928,0,1593,0]
11-22 08:27:09.331 2375 2375 I sysui_multi_action: [757,0,758,1,759,0,927,3,928,0,1593,0]
11-22 08:27:09.331 2375 2375 I sysui_multi_action: [757,491,758,1,759,491,927,4,928,0,1311,-1,1593,0]
11-22 08:27:09.331 2375 2375 I sysui_multi_action: [757,0,758,1,759,0,927,5,928,0,1593,0]
11-22 08:27:09.331 2375 2375 I sysui_multi_action: [757,114,758,1,759,114,927,6,928,0,1593,0]
11-22 08:27:09.331 2375 2375 I sysui_multi_action: [757,111,758,1]
11-22 08:27:09.331 2375 2375 I sysui_multi_action: [757,126,758,1,759,126,927,0,928,1,1593,0]
11-22 08:27:09.331 2375 2375 I sysui_multi_action: [757,113,758,1,759,113,927,1,928,1,1593,0]
11-22 08:27:09.331 2375 2375 I sysui_multi_action: [757,0,758,1,759,0,927,2,928,0,1593,0]
11-22 08:27:09.331 2375 2375 I sysui_multi_action: [757,0,758,1,759,0,927,3,928,0,1593,0]
11-22 08:27:09.344 2375 2375 I sysui_multi_action: [757,111,758,2]
11-22 08:27:09.344 1489 1489 I notification_enqueue: [10082,2375,com.android.systemui,2048,NULL,0,Notification(channel=updateNotification shortcut=null contentView=null vibrate=null sound=null defaults=0x0 flags=0x0 color=0x00000000 vis=PRIVATE),1]
11-22 08:27:09.344 2375 2375 I sysui_multi_action: [757,111,758,2]
11-22 08:27:09.347 2375 2375 I sysui_multi_action: [757,111,758,1]
11-22 08:27:09.347 2375 2375 I sysui_multi_action: [757,126,758,1,759,126,927,0,928,1,1593,0]
11-22 08:27:09.347 2375 2375 I sysui_multi_action: [757,113,758,1,759,113,927,1,928,1,1593,0]
11-22 08:27:09.347 2375 2375 I sysui_multi_action: [757,0,758,1,759,0,927,2,928,0,1593,0]
11-22 08:27:09.347 2375 2375 I sysui_multi_action: [757,0,758,1,759,0,927,3,928,0,1593,0]
11-22 08:27:09.348 2375 2375 I sysui_multi_action: [757,491,758,1,759,491,927,4,928,0,1311,-1,1593,0]
11-22 08:27:09.348 2375 2375 I sysui_multi_action: [757,0,758,1,759,0,927,5,928,0,1593,0]
11-22 08:27:09.348 2375 2375 I sysui_multi_action: [757,114,758,1,759,114,927,6,928,0,1593,0]
11-22 08:27:09.348 2375 2375 I sysui_multi_action: [757,111,758,1]
11-22 08:27:09.348 2375 2375 I sysui_multi_action: [757,126,758,1,759,126,927,0,928,1,1593,0]
11-22 08:27:09.348 2375 2375 I sysui_multi_action: [757,113,758,1,759,113,927,1,928,1,1593,0]
11-22 08:27:09.348 2375 2375 I sysui_multi_action: [757,0,758,1,759,0,927,2,928,0,1593,0]
11-22 08:27:09.348 2375 2375 I sysui_multi_action: [757,0,758,1,759,0,927,3,928,0,1593,0]
11-22 08:27:09.797 1489 6707 I sysui_multi_action: [757,128,758,1,793,19739348,794,0,795,19739348,796,26,798,0,806,android,857,DEVELOPER_IMPORTANT,858,4,947,0,1395,2,1500,19739145,1688,1]
11-22 08:27:09.797 1489 6707 I sysui_multi_action: [757,804,799,note_freshness,801,19739348,802,1]
11-22 08:27:09.797 1489 6707 I notification_visibility: [-1|android|26|null|1000,1,19739348,19739348,0,0]
11-22 08:27:09.797 1489 6707 I sysui_multi_action: [757,128,758,1,793,19791278,794,0,795,19791278,796,32,798,1,806,android,857,USB,858,1,947,0,1395,2,1500,19791058,1688,1]
11-22 08:27:09.798 1489 6707 I sysui_multi_action: [757,804,799,note_freshness,801,19791278,802,1]
11-22 08:27:09.798 1489 6707 I notification_visibility: [-1|android|32|null|1000,1,19791278,19791278,0,1]
11-22 08:27:09.820 1489 2012 I input_interaction: Interaction with: 8f06d3 NotificationShade (server), edge-swipe (server), swipe-up (server), PointerEventDispatcher0 (server),
11-22 08:27:09.830 1489 2799 I wm_task_moved: [1,0,0]
11-22 08:27:09.830 1489 2799 I wm_task_moved: [1,0,5]
11-22 08:27:09.840 2840 2840 I wm_on_restart_called: [168390208,com.android.launcher3.uioverrides.QuickstepLauncher,performRestartActivity]
11-22 08:27:09.854 2840 2840 I wm_on_start_called: [168390208,com.android.launcher3.uioverrides.QuickstepLauncher,handleStartActivity]
11-22 08:27:09.859 2375 2375 I view_enqueue_input_event: [Motion - Cancel,NotificationShade]
11-22 08:27:09.860 1489 2012 I input_interaction: Interaction with: edge-swipe (server), swipe-up (server), PointerEventDispatcher0 (server),
11-22 08:27:09.872 2840 2840 I sysui_latency: [1,52]
11-22 08:27:09.884 1489 1631 I sysui_multi_action: [319,11,322,47,325,19818,757,761,758,9,759,5,806,com.android.launcher3,871,com.android.launcher3.uioverrides.QuickstepLauncher,905,0,1320,8,1321,5]
11-22 08:27:09.915 1489 2012 I input_focus: [Focus leaving 8f06d3 NotificationShade (server),reason=NOT_FOCUSABLE]
11-22 08:27:10.035 0 0 I auditd : type=1400 audit(0.0:6310): avc: denied { kill } for comm="swapper/2" capability=5 scontext=u:r:kernel:s0 tcontext=u:r:kernel:s0 tclass=capability permissive=0
11-22 08:27:10.058 1489 1751 I commit_sys_config_file: [settings-1-0,5]
11-22 08:27:10.119 2375 2375 I sysui_multi_action: [757,111,758,2]
11-22 08:27:10.119 2375 2375 I sysui_multi_action: [757,111,758,2]
11-22 08:27:10.119 1489 1489 I notification_enqueue: [10082,2375,com.android.systemui,2048,NULL,0,Notification(channel=updateNotification shortcut=null contentView=null vibrate=null sound=null defaults=0x0 flags=0x0 color=0x00000000 vis=PRIVATE),1]
11-22 08:27:10.124 2375 2375 I sysui_multi_action: [757,111,758,1]
11-22 08:27:10.124 2375 2375 I sysui_multi_action: [757,126,758,1,759,126,927,0,928,1,1593,0]
11-22 08:27:10.125 2375 2375 I sysui_multi_action: [757,113,758,1,759,113,927,1,928,1,1593,0]
11-22 08:27:10.125 2375 2375 I sysui_multi_action: [757,0,758,1,759,0,927,2,928,0,1593,0]
11-22 08:27:10.125 2375 2375 I sysui_multi_action: [757,0,758,1,759,0,927,3,928,0,1593,0]
11-22 08:27:10.125 2375 2375 I sysui_multi_action: [757,491,758,1,759,491,927,4,928,0,1311,-1,1593,0]
11-22 08:27:10.125 2375 2375 I sysui_multi_action: [757,0,758,1,759,0,927,5,928,0,1593,0]
11-22 08:27:10.126 2375 2375 I sysui_multi_action: [757,114,758,1,759,114,927,6,928,0,1593,0]
11-22 08:27:10.126 2375 2375 I sysui_multi_action: [757,111,758,1]
11-22 08:27:10.126 2375 2375 I sysui_multi_action: [757,126,758,1,759,126,927,0,928,1,1593,0]
11-22 08:27:10.126 2375 2375 I sysui_multi_action: [757,113,758,1,759,113,927,1,928,1,1593,0]
11-22 08:27:10.126 2375 2375 I sysui_multi_action: [757,0,758,1,759,0,927,2,928,0,1593,0]
11-22 08:27:10.126 2375 2375 I sysui_multi_action: [757,0,758,1,759,0,927,3,928,0,1593,0]
11-22 08:27:10.172 2375 2375 I sysui_multi_action: [757,111,758,2]
11-22 08:27:10.172 2375 2375 I sysui_multi_action: [757,111,758,2]
11-22 08:27:10.173 1489 1489 I notification_enqueue: [10082,2375,com.android.systemui,2048,NULL,0,Notification(channel=updateNotification shortcut=null contentView=null vibrate=null sound=null defaults=0x0 flags=0x0 color=0x00000000 vis=PRIVATE),1]
11-22 08:27:10.177 2375 2375 I sysui_multi_action: [757,111,758,1]
11-22 08:27:10.177 2375 2375 I sysui_multi_action: [757,126,758,1,759,126,927,0,928,1,1593,0]
11-22 08:27:10.177 2375 2375 I sysui_multi_action: [757,113,758,1,759,113,927,1,928,1,1593,0]
11-22 08:27:10.177 2375 2375 I sysui_multi_action: [757,0,758,1,759,0,927,2,928,0,1593,0]
11-22 08:27:10.177 2375 2375 I sysui_multi_action: [757,0,758,1,759,0,927,3,928,0,1593,0]
11-22 08:27:10.178 2375 2375 I sysui_multi_action: [757,491,758,1,759,491,927,4,928,0,1311,-1,1593,0]
11-22 08:27:10.178 2375 2375 I sysui_multi_action: [757,0,758,1,759,0,927,5,928,0,1593,0]
11-22 08:27:10.178 2375 2375 I sysui_multi_action: [757,114,758,1,759,114,927,6,928,0,1593,0]
11-22 08:27:10.178 2375 2375 I sysui_multi_action: [757,111,758,1]
11-22 08:27:10.178 2375 2375 I sysui_multi_action: [757,126,758,1,759,126,927,0,928,1,1593,0]
11-22 08:27:10.178 1489 1648 I sysui_latency: [8,54]
11-22 08:27:10.178 2375 2375 I sysui_multi_action: [757,113,758,1,759,113,927,1,928,1,1593,0]
11-22 08:27:10.179 2375 2375 I sysui_multi_action: [757,0,758,1,759,0,927,2,928,0,1593,0]
11-22 08:27:10.179 2375 2375 I sysui_multi_action: [757,0,758,1,759,0,927,3,928,0,1593,0]
11-22 08:27:10.188 1489 1489 I notification_enqueue: [10082,2375,com.android.systemui,2048,NULL,0,Notification(channel=updateNotification shortcut=null contentView=null vibrate=null sound=null defaults=0x0 flags=0x0 color=0x00000000 vis=PRIVATE),1]
11-22 08:27:10.188 2375 2375 I sysui_multi_action: [757,111,758,2]
11-22 08:27:10.188 2375 2375 I sysui_multi_action: [757,111,758,2]
11-22 08:27:10.193 2375 2375 I sysui_multi_action: [757,111,758,1]
11-22 08:27:10.194 2375 2375 I sysui_multi_action: [757,126,758,1,759,126,927,0,928,1,1593,0]
11-22 08:27:10.194 2375 2375 I sysui_multi_action: [757,113,758,1,759,113,927,1,928,1,1593,0]
11-22 08:27:10.194 2375 2375 I sysui_multi_action: [757,0,758,1,759,0,927,2,928,0,1593,0]
11-22 08:27:10.194 2375 2375 I sysui_multi_action: [757,0,758,1,759,0,927,3,928,0,1593,0]
11-22 08:27:10.194 2375 2375 I sysui_multi_action: [757,491,758,1,759,491,927,4,928,0,1311,-1,1593,0]
11-22 08:27:10.194 2375 2375 I sysui_multi_action: [757,0,758,1,759,0,927,5,928,0,1593,0]
11-22 08:27:10.195 2375 2375 I sysui_multi_action: [757,114,758,1,759,114,927,6,928,0,1593,0]
11-22 08:27:10.195 2375 2375 I sysui_multi_action: [757,111,758,1]
11-22 08:27:10.195 2375 2375 I sysui_multi_action: [757,126,758,1,759,126,927,0,928,1,1593,0]
11-22 08:27:10.195 2375 2375 I sysui_multi_action: [757,113,758,1,759,113,927,1,928,1,1593,0]
11-22 08:27:10.195 2375 2375 I sysui_multi_action: [757,0,758,1,759,0,927,2,928,0,1593,0]
11-22 08:27:10.195 2375 2375 I sysui_multi_action: [757,0,758,1,759,0,927,3,928,0,1593,0]
11-22 08:27:10.202 2375 2375 I sysui_multi_action: [757,111,758,2]
11-22 08:27:10.203 2375 2375 I sysui_multi_action: [757,111,758,2]
11-22 08:27:10.203 1489 1489 I notification_enqueue: [10082,2375,com.android.systemui,2048,NULL,0,Notification(channel=updateNotification shortcut=null contentView=null vibrate=null sound=null defaults=0x0 flags=0x0 color=0x00000000 vis=PRIVATE),1]
11-22 08:27:10.207 2375 2375 I sysui_multi_action: [757,111,758,1]
11-22 08:27:10.207 2375 2375 I sysui_multi_action: [757,126,758,1,759,126,927,0,928,1,1593,0]
11-22 08:27:10.207 2375 2375 I sysui_multi_action: [757,113,758,1,759,113,927,1,928,1,1593,0]
11-22 08:27:10.207 2375 2375 I sysui_multi_action: [757,0,758,1,759,0,927,2,928,0,1593,0]
11-22 08:27:10.207 2375 2375 I sysui_multi_action: [757,0,758,1,759,0,927,3,928,0,1593,0]
11-22 08:27:10.207 2375 2375 I sysui_multi_action: [757,491,758,1,759,491,927,4,928,0,1311,-1,1593,0]
11-22 08:27:10.208 2375 2375 I sysui_multi_action: [757,0,758,1,759,0,927,5,928,0,1593,0]
11-22 08:27:10.208 2375 2375 I sysui_multi_action: [757,114,758,1,759,114,927,6,928,0,1593,0]
11-22 08:27:10.208 2375 2375 I sysui_multi_action: [757,111,758,1]
11-22 08:27:10.208 2375 2375 I sysui_multi_action: [757,126,758,1,759,126,927,0,928,1,1593,0]
11-22 08:27:10.208 2375 2375 I sysui_multi_action: [757,113,758,1,759,113,927,1,928,1,1593,0]
11-22 08:27:10.208 2375 2375 I sysui_multi_action: [757,0,758,1,759,0,927,2,928,0,1593,0]
11-22 08:27:10.208 2375 2375 I sysui_multi_action: [757,0,758,1,759,0,927,3,928,0,1593,0]
11-22 08:27:10.215 2375 2375 I sysui_multi_action: [757,111,758,2]
11-22 08:27:10.215 2375 2375 I sysui_multi_action: [757,111,758,2]
