11-22 08:32:16.149 1489 1634 I wm_task_moved: [233,1,8]
11-22 08:32:16.149 1489 1634 I wm_task_to_front: [0,233]
11-22 08:32:16.157 1489 1634 I wm_set_resumed_activity: [0,com.android.gallery3d/.app.MovieActivity,positionChildAt]
11-22 08:32:16.157 1489 1634 I wm_focused_root_task: [0,0,233,1,setFocusedTask]
11-22 08:32:16.158 1489 1634 I wm_set_resumed_activity: [0,com.android.gallery3d/.app.MovieActivity,setFocusedTask]
11-22 08:32:16.159 1489 1636 I input_focus: [Focus request 77b2de9 com.android.gallery3d/com.android.gallery3d.app.MovieActivity,reason=UpdateInputWindows]
11-22 08:32:16.160 2840 2840 I wm_on_top_resumed_lost_called: [168390208,com.android.launcher3.uioverrides.QuickstepLauncher,topStateChangedWhenResumed]
11-22 08:32:16.162 23162 23162 I wm_on_top_resumed_gained_called: [60815895,com.android.gallery3d.app.MovieActivity,topStateChangedWhenResumed]
11-22 08:32:16.201 1489 2012 I input_focus: [Focus leaving 3cc67bf com.android.launcher3/com.android.launcher3.uioverrides.QuickstepLauncher (server),reason=setFocusedWindow]
11-22 08:32:16.201 1489 2012 I input_focus: [Focus entering 77b2de9 com.android.gallery3d/com.android.gallery3d.app.MovieActivity (server),reason=setFocusedWindow]
11-22 08:32:17.035 0 0 I auditd : type=1400 audit(0.0:6563): avc: denied { kill } for comm="swapper/0" capability=5 scontext=u:r:kernel:s0 tcontext=u:r:kernel:s0 tclass=capability permissive=0
11-22 08:32:18.035 0 0 I auditd : type=1400 audit(0.0:6564): avc: denied { kill } for comm="swapper/0" capability=5 scontext=u:r:kernel:s0 tcontext=u:r:kernel:s0 tclass=capability permissive=0
11-22 08:32:18.449 1489 6560 I wm_finish_activity: [0,60815895,233,com.android.gallery3d/.app.MovieActivity,app-request]
11-22 08:32:18.468 1489 6560 I wm_pause_activity: [0,60815895,com.android.gallery3d/.app.MovieActivity,userLeaving=false,finish]
11-22 08:32:18.488 23162 23162 I wm_on_top_resumed_lost_called: [60815895,com.android.gallery3d.app.MovieActivity,topStateChangedWhenResumed]
11-22 08:32:18.491 1489 2012 I input_focus: [Focus leaving 77b2de9 com.android.gallery3d/com.android.gallery3d.app.MovieActivity (server),reason=NO_WINDOW]
11-22 08:32:18.525 23162 23162 I wm_on_paused_called: [60815895,com.android.gallery3d.app.MovieActivity,performPause]
11-22 08:32:18.529 1489 6560 I wm_set_resumed_activity: [0,com.android.gallery3d/.app.GalleryActivity,resumeTopActivityInnerLocked]
11-22 08:32:18.531 1489 6560 I wm_resume_activity: [0,90255150,233,com.android.gallery3d/.app.GalleryActivity]
11-22 08:32:18.537 1489 1636 I input_focus: [Focus request 9f32319 com.android.gallery3d/com.android.gallery3d.app.GalleryActivity,reason=UpdateInputWindows]
11-22 08:32:18.537 1489 1634 I sysui_multi_action: [757,803,799,window_time_0,802,4]
11-22 08:32:18.540 23162 23162 I wm_on_activity_result_called: [90255150,com.android.gallery3d.app.GalleryActivity,ACTIVITY_RESULT]
11-22 08:32:18.544 23162 23162 I wm_on_resume_called: [90255150,com.android.gallery3d.app.GalleryActivity,RESUME_ACTIVITY]
11-22 08:32:18.544 23162 23162 I wm_on_top_resumed_gained_called: [90255150,com.android.gallery3d.app.GalleryActivity,topWhenResuming]
11-22 08:32:18.573 1489 2012 I input_focus: [Focus entering 9f32319 com.android.gallery3d/com.android.gallery3d.app.GalleryActivity (server),reason=setFocusedWindow]
11-22 08:32:18.809 1489 1634 I wm_destroy_activity: [0,60815895,233,com.android.gallery3d/.app.MovieActivity,finish-transit]
11-22 08:32:18.821 1489 2012 I input_interaction: Interaction with: 9f32319 com.android.gallery3d/com.android.gallery3d.app.GalleryActivity (server), edge-swipe (server), swipe-up (server), PointerEventDispatcher0 (server),
11-22 08:32:18.878 23162 23162 I wm_on_stop_called: [60815895,com.android.gallery3d.app.MovieActivity,LIFECYCLER_STOP_ACTIVITY]
11-22 08:32:18.878 23162 23162 I wm_on_destroy_called: [60815895,com.android.gallery3d.app.MovieActivity,performDestroy]
11-22 08:32:18.965 1489 1947 I wm_relaunch_resume_activity: [0,90255150,233,com.android.gallery3d/.app.GalleryActivity]
11-22 08:32:18.965 1489 1947 I wm_add_to_stopping: [0,168390208,com.android.launcher3/.uioverrides.QuickstepLauncher,makeInvisible]
11-22 08:32:18.969 23162 23162 I wm_on_top_resumed_lost_called: [90255150,com.android.gallery3d.app.GalleryActivity,pausing]
11-22 08:32:18.980 23162 23162 I wm_on_paused_called: [90255150,com.android.gallery3d.app.GalleryActivity,performPause]
11-22 08:32:18.981 23162 23162 I wm_on_stop_called: [90255150,com.android.gallery3d.app.GalleryActivity,handleRelaunchActivity]
11-22 08:32:18.982 1489 1489 I notification_enqueue: [10082,2375,com.android.systemui,2048,NULL,0,Notification(channel=updateNotification shortcut=null contentView=null vibrate=null sound=null defaults=0x0 flags=0x0 color=0x00000000 vis=PRIVATE),1]
11-22 08:32:18.982 2375 2375 I sysui_multi_action: [757,111,758,2]
11-22 08:32:18.983 2375 2375 I sysui_multi_action: [757,111,758,2]
11-22 08:32:18.988 23162 23162 I wm_on_destroy_called: [90255150,com.android.gallery3d.app.GalleryActivity,performDestroy]
11-22 08:32:18.999 2375 2375 I sysui_multi_action: [757,111,758,1]
11-22 08:32:18.999 2375 2375 I sysui_multi_action: [757,126,758,1,759,126,927,0,928,1,1593,0]
11-22 08:32:18.999 2375 2375 I sysui_multi_action: [757,113,758,1,759,113,927,1,928,1,1593,0]
11-22 08:32:19.000 2375 2375 I sysui_multi_action: [757,0,758,1,759,0,927,2,928,0,1593,0]
11-22 08:32:19.000 2375 2375 I sysui_multi_action: [757,0,758,1,759,0,927,3,928,0,1593,0]
11-22 08:32:19.001 2375 2375 I sysui_multi_action: [757,491,758,1,759,491,927,4,928,0,1311,-1,1593,0]
11-22 08:32:19.001 2375 2375 I sysui_multi_action: [757,0,758,1,759,0,927,5,928,0,1593,0]
11-22 08:32:19.001 2375 2375 I sysui_multi_action: [757,114,758,1,759,114,927,6,928,0,1593,0]
11-22 08:32:19.001 2375 2375 I sysui_multi_action: [757,111,758,1]
11-22 08:32:19.001 2375 2375 I sysui_multi_action: [757,126,758,1,759,126,927,0,928,1,1593,0]
11-22 08:32:19.002 2375 2375 I sysui_multi_action: [757,113,758,1,759,113,927,1,928,1,1593,0]
11-22 08:32:19.002 2375 2375 I sysui_multi_action: [757,0,758,1,759,0,927,2,928,0,1593,0]
11-22 08:32:19.002 2375 2375 I sysui_multi_action: [757,0,758,1,759,0,927,3,928,0,1593,0]
11-22 08:32:19.007 23162 23162 I wm_on_create_called: [90255150,com.android.gallery3d.app.GalleryActivity,performCreate]
11-22 08:32:19.009 23162 23162 I wm_on_start_called: [90255150,com.android.gallery3d.app.GalleryActivity,handleStartActivity]
11-22 08:32:19.015 23162 23162 I wm_on_resume_called: [90255150,com.android.gallery3d.app.GalleryActivity,RESUME_ACTIVITY]
11-22 08:32:19.015 23162 23162 I wm_on_top_resumed_gained_called: [90255150,com.android.gallery3d.app.GalleryActivity,topWhenResuming]
11-22 08:32:19.035 0 0 I auditd : type=1400 audit(0.0:6565): avc: denied { kill } for comm="swapper/0" capability=5 scontext=u:r:kernel:s0 tcontext=u:r:kernel:s0 tclass=capability permissive=0
11-22 08:32:19.409 1489 1634 I wm_stop_activity: [0,168390208,com.android.launcher3/.uioverrides.QuickstepLauncher]
11-22 08:32:19.445 2840 2840 I wm_on_paused_called: [168390208,com.android.launcher3.uioverrides.QuickstepLauncher,performPause]
11-22 08:32:19.446 1489 1648 I am_pss : [23257,1000,com.android.settings,42377216,34463744,0,162451456,0,15,10]
11-22 08:32:19.451 2840 2840 I wm_on_stop_called: [168390208,com.android.launcher3.uioverrides.QuickstepLauncher,STOP_ACTIVITY_ITEM]
11-22 08:32:20.957 23162 23162 I menu_item_selected: [0,Movies]
11-22 08:32:21.035 0 0 I auditd : type=1400 audit(0.0:6566): avc: denied { kill } for comm="swapper/0" capability=5 scontext=u:r:kernel:s0 tcontext=u:r:kernel:s0 tclass=capability permissive=0
11-22 08:32:22.035 0 0 I auditd : type=1400 audit(0.0:6567): avc: denied { kill } for comm="swapper/0" capability=5 scontext=u:r:kernel:s0 tcontext=u:r:kernel:s0 tclass=capability permissive=0
11-22 08:32:22.392 23162 23162 I menu_item_selected: [0,Movies]
11-22 08:32:23.035 352 352 I auditd : type=1400 audit(0.0:6568): avc: denied { kill } for comm="irq/382-atmel_m" capability=5 scontext=u:r:kernel:s0 tcontext=u:r:kernel:s0 tclass=capability permissive=0
11-22 08:32:24.035 0 0 I auditd : type=1400 audit(0.0:6569): avc: denied { kill } for comm="swapper/0" capability=5 scontext=u:r:kernel:s0 tcontext=u:r:kernel:s0 tclass=capability permissive=0
11-22 08:32:24.569 1489 1752 I am_freeze: [20344,com.android.permissioncontroller]
11-22 08:32:24.571 1489 1752 I am_kill : [0,20344,com.android.permissioncontroller,965,Unable to freeze binder interface]
11-22 08:32:24.620 1489 2461 I am_proc_died: [0,20344,com.android.permissioncontroller,965,19]
11-22 08:32:24.620 1489 2461 I am_uid_stopped: 10094
11-22 08:32:24.630 1489 1648 I am_pss : [23458,10090,com.android.music,6779904,4497408,0,89993216,0,19,6]
11-22 08:32:25.466 1489 1636 I input_focus: [Focus request 4cc7380 PopupWindow:64dc73,reason=UpdateInputWindows]
11-22 08:32:25.491 1489 2012 I input_focus: [Focus leaving 9f32319 com.android.gallery3d/com.android.gallery3d.app.GalleryActivity (server),reason=Waiting for window because NOT_VISIBLE]
11-22 08:32:25.508 1489 2012 I input_focus: [Focus entering 4cc7380 PopupWindow:64dc73 (server),reason=Window became focusable. Previous reason: NOT_VISIBLE]
11-22 08:32:26.035 0 0 I auditd : type=1400 audit(0.0:6570): avc: denied { kill } for comm="swapper/0" capability=5 scontext=u:r:kernel:s0 tcontext=u:r:kernel:s0 tclass=capability permissive=0
11-22 08:32:26.988 1489 1752 I am_freeze: [22631,com.android.deskclock]
11-22 08:32:26.989 1489 1752 I am_kill : [0,22631,com.android.deskclock,955,Unable to freeze binder interface]
11-22 08:32:27.017 1489 2461 I am_proc_died: [0,22631,com.android.deskclock,955,19]
11-22 08:32:27.018 1489 2461 I am_uid_stopped: 10066
11-22 08:32:27.024 1489 1634 I am_uid_running: 10066
11-22 08:32:27.035 0 0 I auditd : type=1400 audit(0.0:6571): avc: denied { kill } for comm="swapper/0" capability=5 scontext=u:r:kernel:s0 tcontext=u:r:kernel:s0 tclass=capability permissive=0
11-22 08:32:27.046 1489 1651 I am_proc_start: [0,23645,10066,com.android.deskclock,NULL,]
11-22 08:32:27.084 1489 2461 I am_proc_bound: [0,23645,com.android.deskclock]
11-22 08:32:27.548 1489 2012 I input_interaction: Interaction with: 4cc7380 PopupWindow:64dc73 (server), edge-swipe (server), swipe-up (server), PointerEventDispatcher0 (server),
11-22 08:32:27.716 23162 23162 I menu_item_selected: [0,刷新]
11-22 08:32:27.738 1489 1636 I input_focus: [Focus request 9f32319 com.android.gallery3d/com.android.gallery3d.app.GalleryActivity,reason=UpdateInputWindows]
11-22 08:32:27.765 1489 2012 I input_focus: [Focus entering 9f32319 com.android.gallery3d/com.android.gallery3d.app.GalleryActivity (server),reason=setFocusedWindow]
11-22 08:32:28.035 0 0 I auditd : type=1400 audit(0.0:6572): avc: denied { kill } for comm="swapper/0" capability=5 scontext=u:r:kernel:s0 tcontext=u:r:kernel:s0 tclass=capability permissive=0
11-22 08:32:29.035 0 0 I auditd : type=1400 audit(0.0:6573): avc: denied { kill } for comm="swapper/0" capability=5 scontext=u:r:kernel:s0 tcontext=u:r:kernel:s0 tclass=capability permissive=0
11-22 08:32:29.435 1489 2012 I input_interaction: Interaction with: 9f32319 com.android.gallery3d/com.android.gallery3d.app.GalleryActivity (server), edge-swipe (server), swipe-up (server), PointerEventDispatcher0 (server),
11-22 08:32:29.449 1489 6560 I wm_task_moved: [1,0,0]
11-22 08:32:29.452 1489 6560 I wm_task_moved: [1,0,7]
11-22 08:32:29.461 2840 2840 I wm_on_restart_called: [168390208,com.android.launcher3.uioverrides.QuickstepLauncher,performRestartActivity]
11-22 08:32:29.486 2840 2840 I wm_on_start_called: [168390208,com.android.launcher3.uioverrides.QuickstepLauncher,handleStartActivity]
11-22 08:32:29.519 1489 1631 I sysui_multi_action: [319,17,322,56,325,20137,757,761,758,9,759,5,806,com.android.launcher3,871,com.android.launcher3.uioverrides.QuickstepLauncher,905,0,1320,8,1321,5]
11-22 08:32:29.529 23162 23162 I view_enqueue_input_event: [Motion - Cancel,com.android.gallery3d/com.android.gallery3d.app.GalleryActivity]
11-22 08:32:29.530 2840 2840 I sysui_latency: [1,63]
11-22 08:32:29.538 1489 1636 I input_focus: [Focus request recents_animation_input_consumer,reason=UpdateInputWindows]
11-22 08:32:29.541 1489 2012 I input_interaction: Interaction with: edge-swipe (server), swipe-up (server), PointerEventDispatcher0 (server),
11-22 08:32:29.565 1489 2012 I input_focus: [Focus leaving 9f32319 com.android.gallery3d/com.android.gallery3d.app.GalleryActivity (server),reason=NOT_FOCUSABLE]
11-22 08:32:29.565 1489 2012 I input_focus: [Focus entering recents_animation_input_consumer (server),reason=setFocusedWindow]
11-22 08:32:29.690 1489 1751 I commit_sys_config_file: [settings-1-0,5]
11-22 08:32:29.807 1489 1648 I sysui_latency: [8,66]
11-22 08:32:30.435 1489 1751 I commit_sys_config_file: [settings-1-0,4]
11-22 08:32:31.035 0 0 I auditd : type=1400 audit(0.0:6574): avc: denied { kill } for comm="swapper/0" capability=5 scontext=u:r:kernel:s0 tcontext=u:r:kernel:s0 tclass=capability permissive=0
11-22 08:32:31.223 1489 2012 I input_interaction: Interaction with: 3cc67bf com.android.launcher3/com.android.launcher3.uioverrides.QuickstepLauncher (server), edge-swipe (server), swipe-up (server), PointerEventDispatcher0 (server),
11-22 08:32:31.344 1489 2836 I wm_relaunch_resume_activity: [0,90255150,233,com.android.gallery3d/.app.GalleryActivity]
11-22 08:32:31.346 23162 23162 I wm_on_top_resumed_lost_called: [90255150,com.android.gallery3d.app.GalleryActivity,pausing]
11-22 08:32:31.346 1489 2836 I wm_task_moved: [1,1,8]
11-22 08:32:31.351 1489 2836 I wm_focused_root_task: [0,0,1,233,startActivityFromRecents]
11-22 08:32:31.354 1489 2836 I wm_task_moved: [233,1,8]
11-22 08:32:31.355 1489 2836 I wm_set_resumed_activity: [0,com.android.gallery3d/.app.GalleryActivity,positionChildAt]
11-22 08:32:31.356 1489 2836 I wm_focused_root_task: [0,0,233,1,moveTaskToFront findTaskToMoveToFront]
11-22 08:32:31.356 1489 2836 I wm_set_resumed_activity: [0,com.android.gallery3d/.app.GalleryActivity,moveTaskToFront findTaskToMoveToFront]
11-22 08:32:31.372 23162 23162 I wm_on_paused_called: [90255150,com.android.gallery3d.app.GalleryActivity,performPause]
11-22 08:32:31.372 23162 23162 I wm_on_stop_called: [90255150,com.android.gallery3d.app.GalleryActivity,handleRelaunchActivity]
11-22 08:32:31.378 23162 23162 I wm_on_destroy_called: [90255150,com.android.gallery3d.app.GalleryActivity,performDestroy]
11-22 08:32:31.410 23162 23162 I wm_on_create_called: [90255150,com.android.gallery3d.app.GalleryActivity,performCreate]
11-22 08:32:31.411 23162 23162 I wm_on_start_called: [90255150,com.android.gallery3d.app.GalleryActivity,handleStartActivity]
11-22 08:32:31.418 23162 23162 I wm_on_resume_called: [90255150,com.android.gallery3d.app.GalleryActivity,RESUME_ACTIVITY]
11-22 08:32:31.418 23162 23162 I wm_on_top_resumed_gained_called: [90255150,com.android.gallery3d.app.GalleryActivity,topWhenResuming]
11-22 08:32:31.418 23162 23162 I wm_on_top_resumed_lost_called: [90255150,com.android.gallery3d.app.GalleryActivity,topStateChangedWhenResumed]
11-22 08:32:31.437 23162 23162 I wm_on_top_resumed_gained_called: [90255150,com.android.gallery3d.app.GalleryActivity,topStateChangedWhenResumed]
11-22 08:32:31.794 1489 2836 I wm_task_moved: [1,1,8]
11-22 08:32:31.795 23162 23162 I wm_on_top_resumed_lost_called: [90255150,com.android.gallery3d.app.GalleryActivity,topStateChangedWhenResumed]
11-22 08:32:31.795 1489 2836 I wm_task_moved: [10,1,2147483647]
11-22 08:32:31.795 1489 2836 I wm_task_to_front: [0,10]
11-22 08:32:31.801 1489 2836 I wm_focused_root_task: [0,0,1,233,RecentsAnimation.onAnimationFinished()]
11-22 08:32:31.801 1489 2836 I wm_set_resumed_activity: [0,com.android.launcher3/.uioverrides.QuickstepLauncher,RecentsAnimation.onAnimationFinished()]
11-22 08:32:31.803 1489 2836 I wm_set_resumed_activity: [0,com.android.launcher3/.uioverrides.QuickstepLauncher,resumeTopActivityInnerLocked]
11-22 08:32:31.805 1489 2836 I wm_resume_activity: [0,168390208,10,com.android.launcher3/.uioverrides.QuickstepLauncher]
11-22 08:32:31.814 1489 1636 I input_focus: [Focus request 3cc67bf com.android.launcher3/com.android.launcher3.uioverrides.QuickstepLauncher,reason=UpdateInputWindows]
11-22 08:32:31.819 1489 1634 I sysui_multi_action: [757,803,799,window_time_2,802,13]
11-22 08:32:31.830 2840 2840 I wm_on_resume_called: [168390208,com.android.launcher3.uioverrides.QuickstepLauncher,RESUME_ACTIVITY]
11-22 08:32:31.830 2840 2840 I wm_on_top_resumed_gained_called: [168390208,com.android.launcher3.uioverrides.QuickstepLauncher,topStateChangedWhenResumed]
11-22 08:32:31.839 1489 2012 I input_focus: [Focus leaving recents_animation_input_consumer (server),reason=NOT_VISIBLE]
11-22 08:32:31.840 1489 2012 I input_focus: [Focus entering 3cc67bf com.android.launcher3/com.android.launcher3.uioverrides.QuickstepLauncher (server),reason=setFocusedWindow]
11-22 08:32:32.035 0 0 I auditd : type=1400 audit(0.0:6575): avc: denied { kill } for comm="swapper/0" capability=5 scontext=u:r:kernel:s0 tcontext=u:r:kernel:s0 tclass=capability permissive=0
11-22 08:32:32.660 1489 2012 I input_interaction: Interaction with: 9f32319 com.android.gallery3d/com.android.gallery3d.app.GalleryActivity (server), edge-swipe (server), swipe-up (server), PointerEventDispatcher0 (server),
11-22 08:32:32.663 1489 1634 I wm_task_moved: [233,1,8]
11-22 08:32:32.663 1489 1634 I wm_task_to_front: [0,233]
11-22 08:32:32.671 1489 1634 I wm_set_resumed_activity: [0,com.android.gallery3d/.app.GalleryActivity,positionChildAt]
11-22 08:32:32.671 2840 2840 I wm_on_top_resumed_lost_called: [168390208,com.android.launcher3.uioverrides.QuickstepLauncher,topStateChangedWhenResumed]
11-22 08:32:32.671 1489 1634 I wm_focused_root_task: [0,0,233,1,setFocusedTask]
11-22 08:32:32.671 1489 1634 I wm_set_resumed_activity: [0,com.android.gallery3d/.app.GalleryActivity,setFocusedTask]
11-22 08:32:32.672 1489 1636 I input_focus: [Focus request 9f32319 com.android.gallery3d/com.android.gallery3d.app.GalleryActivity,reason=UpdateInputWindows]
11-22 08:32:32.673 23162 23162 I wm_on_top_resumed_gained_called: [90255150,com.android.gallery3d.app.GalleryActivity,topStateChangedWhenResumed]
11-22 08:32:32.707 1489 2012 I input_focus: [Focus leaving 3cc67bf com.android.launcher3/com.android.launcher3.uioverrides.QuickstepLauncher (server),reason=setFocusedWindow]
11-22 08:32:32.708 1489 2012 I input_focus: [Focus entering 9f32319 com.android.gallery3d/com.android.gallery3d.app.GalleryActivity (server),reason=setFocusedWindow]
11-22 08:32:32.802 1489 1636 I input_focus: [Focus request e9d055d PopupWindow:ffd8fa2,reason=UpdateInputWindows]
11-22 08:32:32.812 1489 2012 I input_focus: [Focus leaving 9f32319 com.android.gallery3d/com.android.gallery3d.app.GalleryActivity (server),reason=Waiting for window because NOT_VISIBLE]
11-22 08:32:32.845 1489 2012 I input_focus: [Focus entering e9d055d PopupWindow:ffd8fa2 (server),reason=Window became focusable. Previous reason: NOT_VISIBLE]
11-22 08:32:33.035 0 0 I auditd : type=1400 audit(0.0:6576): avc: denied { kill } for comm="swapper/0" capability=5 scontext=u:r:kernel:s0 tcontext=u:r:kernel:s0 tclass=capability permissive=0
11-22 08:32:33.657 1489 2012 I input_interaction: Interaction with: e9d055d PopupWindow:ffd8fa2 (server), edge-swipe (server), swipe-up (server), PointerEventDispatcher0 (server),
11-22 08:32:33.779 23162 23162 I menu_item_selected: [0,刷新]
11-22 08:32:33.796 1489 1636 I input_focus: [Focus request 9f32319 com.android.gallery3d/com.android.gallery3d.app.GalleryActivity,reason=UpdateInputWindows]
11-22 08:32:33.830 1489 2012 I input_focus: [Focus entering 9f32319 com.android.gallery3d/com.android.gallery3d.app.GalleryActivity (server),reason=setFocusedWindow]
11-22 08:32:34.035 0 0 I auditd : type=1400 audit(0.0:6577): avc: denied { kill } for comm="swapper/0" capability=5 scontext=u:r:kernel:s0 tcontext=u:r:kernel:s0 tclass=capability permissive=0
11-22 08:32:36.035 0 0 I auditd : type=1400 audit(0.0:6578): avc: denied { kill } for comm="swapper/0" capability=5 scontext=u:r:kernel:s0 tcontext=u:r:kernel:s0 tclass=capability permissive=0
11-22 08:32:36.197 1489 2012 I input_interaction: Interaction with: 9f32319 com.android.gallery3d/com.android.gallery3d.app.GalleryActivity (server), edge-swipe (server), swipe-up (server), PointerEventDispatcher0 (server),
11-22 08:32:37.035 0 0 I auditd : type=1400 audit(0.0:6579): avc: denied { kill } for comm="swapper/0" capability=5 scontext=u:r:kernel:s0 tcontext=u:r:kernel:s0 tclass=capability permissive=0
11-22 08:32:38.035 0 0 I auditd : type=1400 audit(0.0:6580): avc: denied { kill } for comm="swapper/0" capability=5 scontext=u:r:kernel:s0 tcontext=u:r:kernel:s0 tclass=capability permissive=0
11-22 08:32:39.035 0 0 I auditd : type=1400 audit(0.0:6581): avc: denied { kill } for comm="swapper/0" capability=5 scontext=u:r:kernel:s0 tcontext=u:r:kernel:s0 tclass=capability permissive=0
11-22 08:32:39.192 1489 1636 I input_focus: [Focus request 433b91 PopupWindow:adc0caa,reason=UpdateInputWindows]
11-22 08:32:39.210 1489 2012 I input_focus: [Focus leaving 9f32319 com.android.gallery3d/com.android.gallery3d.app.GalleryActivity (server),reason=Waiting for window because NOT_VISIBLE]
11-22 08:32:39.226 1489 2012 I input_focus: [Focus entering 433b91 PopupWindow:adc0caa (server),reason=Window became focusable. Previous reason: NOT_VISIBLE]
11-22 08:32:40.035 352 352 I auditd : type=1400 audit(0.0:6582): avc: denied { kill } for comm="irq/382-atmel_m" capability=5 scontext=u:r:kernel:s0 tcontext=u:r:kernel:s0 tclass=capability permissive=0
11-22 08:32:40.261 1489 2012 I input_interaction: Interaction with: 433b91 PopupWindow:adc0caa (server), edge-swipe (server), swipe-up (server), PointerEventDispatcher0 (server),
11-22 08:32:40.285 1489 1636 I input_focus: [Focus request 9f32319 com.android.gallery3d/com.android.gallery3d.app.GalleryActivity,reason=UpdateInputWindows]
11-22 08:32:40.310 1489 2012 I input_focus: [Focus entering 9f32319 com.android.gallery3d/com.android.gallery3d.app.GalleryActivity (server),reason=setFocusedWindow]
11-22 08:32:40.844 1489 2012 I input_interaction: Interaction with: 9f32319 com.android.gallery3d/com.android.gallery3d.app.GalleryActivity (server), edge-swipe (server), swipe-up (server), PointerEventDispatcher0 (server),
11-22 08:32:40.999 23162 23162 I menu_item_selected: [0,Movies]
11-22 08:32:41.035 23640 23640 I auditd : type=1400 audit(0.0:6583): avc: denied { kill } for comm="kworker/u17:19" capability=5 scontext=u:r:kernel:s0 tcontext=u:r:kernel:s0 tclass=capability permissive=0
11-22 08:32:42.035 23640 23640 I auditd : type=1400 audit(0.0:6584): avc: denied { kill } for comm="kworker/u17:19" capability=5 scontext=u:r:kernel:s0 tcontext=u:r:kernel:s0 tclass=capability permissive=0
11-22 08:32:43.035 0 0 I auditd : type=1400 audit(0.0:6585): avc: denied { kill } for comm="swapper/0" capability=5 scontext=u:r:kernel:s0 tcontext=u:r:kernel:s0 tclass=capability permissive=0
11-22 08:32:44.035 0 0 I auditd : type=1400 audit(0.0:6586): avc: denied { kill } for comm="swapper/0" capability=5 scontext=u:r:kernel:s0 tcontext=u:r:kernel:s0 tclass=capability permissive=0
11-22 08:32:45.035 352 352 I auditd : type=1400 audit(0.0:6587): avc: denied { kill } for comm="irq/382-atmel_m" capability=5 scontext=u:r:kernel:s0 tcontext=u:r:kernel:s0 tclass=capability permissive=0
11-22 08:32:46.035 0 0 I auditd : type=1400 audit(0.0:6588): avc: denied { kill } for comm="swapper/0" capability=5 scontext=u:r:kernel:s0 tcontext=u:r:kernel:s0 tclass=capability permissive=0
11-22 08:32:46.530 1489 1596 I wm_task_moved: [233,1,8]
11-22 08:32:46.531 1489 1596 I wm_set_resumed_activity: [0,com.android.gallery3d/.app.GalleryActivity,positionChildAt]
11-22 08:32:46.531 1489 1596 I wm_create_activity: [0,252921731,233,com.android.gallery3d/.app.MovieActivity,android.intent.action.VIEW,video/*,content://media/external/video/media/34,0]
11-22 08:32:46.534 1489 1596 I wm_pause_activity: [0,90255150,com.android.gallery3d/.app.GalleryActivity,userLeaving=true,resumeTopActivityInnerLocked]
11-22 08:32:46.542 23162 23162 I wm_on_top_resumed_lost_called: [90255150,com.android.gallery3d.app.GalleryActivity,topStateChangedWhenResumed]
11-22 08:32:46.582 23162 23162 I wm_on_paused_called: [90255150,com.android.gallery3d.app.GalleryActivity,performPause]
11-22 08:32:46.585 1489 1596 I wm_restart_activity: [0,252921731,233,com.android.gallery3d/.app.MovieActivity]
11-22 08:32:46.587 1489 1596 I wm_set_resumed_activity: [0,com.android.gallery3d/.app.MovieActivity,minimalResumeActivityLocked]
11-22 08:32:46.591 1489 1634 I sysui_multi_action: [757,803,799,window_time_0,802,15]
11-22 08:32:46.612 23162 23162 I wm_on_create_called: [252921731,com.android.gallery3d.app.MovieActivity,performCreate]
11-22 08:32:46.614 23162 23162 I wm_on_start_called: [252921731,com.android.gallery3d.app.MovieActivity,handleStartActivity]
11-22 08:32:46.614 23162 23162 I wm_on_resume_called: [252921731,com.android.gallery3d.app.MovieActivity,RESUME_ACTIVITY]
11-22 08:32:46.620 23162 23162 I wm_on_top_resumed_gained_called: [252921731,com.android.gallery3d.app.MovieActivity,topStateChangedWhenResumed]
11-22 08:32:46.628 1489 1636 I input_focus: [Focus request 6c12ff5 com.android.gallery3d/com.android.gallery3d.app.MovieActivity,reason=UpdateInputWindows]
11-22 08:32:46.656 1489 2012 I input_focus: [Focus leaving 9f32319 com.android.gallery3d/com.android.gallery3d.app.GalleryActivity (server),reason=Waiting for window because NOT_VISIBLE]
11-22 08:32:46.669 1489 1631 I wm_activity_launch_time: [0,252921731,com.android.gallery3d/.app.MovieActivity,146]
11-22 08:32:46.690 1489 2012 I input_focus: [Focus entering 6c12ff5 com.android.gallery3d/com.android.gallery3d.app.MovieActivity (server),reason=Window became focusable. Previous reason: NOT_VISIBLE]
11-22 08:32:47.035 19553 19553 I auditd : type=1400 audit(0.0:6589): avc: denied { kill } for comm="kworker/u16:9" capability=5 scontext=u:r:kernel:s0 tcontext=u:r:kernel:s0 tclass=capability permissive=0
11-22 08:32:47.934 1489 2012 I input_interaction: Interaction with: 6c12ff5 com.android.gallery3d/com.android.gallery3d.app.MovieActivity (server), edge-swipe (server), swipe-up (server), PointerEventDispatcher0 (server),
11-22 08:32:49.035 0 0 I auditd : type=1400 audit(0.0:6590): avc: denied { kill } for comm="swapper/0" capability=5 scontext=u:r:kernel:s0 tcontext=u:r:kernel:s0 tclass=capability permissive=0
11-22 08:32:51.035 352 352 I auditd : type=1400 audit(0.0:6591): avc: denied { kill } for comm="irq/382-atmel_m" capability=5 scontext=u:r:kernel:s0 tcontext=u:r:kernel:s0 tclass=capability permissive=0
11-22 08:32:52.035 0 0 I auditd : type=1400 audit(0.0:6592): avc: denied { kill } for comm="swapper/0" capability=5 scontext=u:r:kernel:s0 tcontext=u:r:kernel:s0 tclass=capability permissive=0
11-22 08:32:53.035 352 352 I auditd : type=1400 audit(0.0:6593): avc: denied { kill } for comm="irq/382-atmel_m" capability=5 scontext=u:r:kernel:s0 tcontext=u:r:kernel:s0 tclass=capability permissive=0
11-22 08:32:54.035 0 0 I auditd : type=1400 audit(0.0:6594): avc: denied { kill } for comm="swapper/0" capability=5 scontext=u:r:kernel:s0 tcontext=u:r:kernel:s0 tclass=capability permissive=0
11-22 08:32:55.035 0 0 I auditd : type=1400 audit(0.0:6595): avc: denied { kill } for comm="swapper/0" capability=5 scontext=u:r:kernel:s0 tcontext=u:r:kernel:s0 tclass=capability permissive=0
11-22 08:32:56.035 0 0 I auditd : type=1400 audit(0.0:6596): avc: denied { kill } for comm="swapper/0" capability=5 scontext=u:r:kernel:s0 tcontext=u:r:kernel:s0 tclass=capability permissive=0
11-22 08:32:56.261 1489 6560 I wm_finish_activity: [0,252921731,233,com.android.gallery3d/.app.MovieActivity,finish-activity]
11-22 08:32:56.269 1489 6560 I wm_pause_activity: [0,252921731,com.android.gallery3d/.app.MovieActivity,userLeaving=false,finish]
11-22 08:32:56.272 1489 6560 I wm_finish_activity: [0,90255150,233,com.android.gallery3d/.app.GalleryActivity,finish-activity]
11-22 08:32:56.272 1489 6560 I wm_task_moved: [1,1,8]
11-22 08:32:56.274 1489 6560 I wm_set_resumed_activity: [0,com.android.launcher3/.uioverrides.QuickstepLauncher,positionChildAt]
11-22 08:32:56.274 1489 6560 I wm_task_moved: [10,1,2147483647]
11-22 08:32:56.274 1489 6560 I wm_task_to_front: [0,10]
11-22 08:32:56.274 1489 6560 I wm_focused_root_task: [0,0,1,-1,finish-top adjustFocusToNextFocusableTask]
11-22 08:32:56.274 1489 6560 I wm_set_resumed_activity: [0,com.android.launcher3/.uioverrides.QuickstepLauncher,finish-top]
11-22 08:32:56.275 1489 6560 I wm_destroy_activity: [0,90255150,233,com.android.gallery3d/.app.GalleryActivity,finish-imm:finishIfPossible]
11-22 08:32:56.290 1489 1636 I input_focus: [Focus request 3cc67bf com.android.launcher3/com.android.launcher3.uioverrides.QuickstepLauncher,reason=UpdateInputWindows]
11-22 08:32:56.290 23162 23162 I wm_on_top_resumed_lost_called: [252921731,com.android.gallery3d.app.MovieActivity,topStateChangedWhenResumed]
11-22 08:32:56.294 2840 2840 I wm_on_top_resumed_gained_called: [168390208,com.android.launcher3.uioverrides.QuickstepLauncher,topStateChangedWhenResumed]
11-22 08:32:56.301 1489 1634 I sysui_multi_action: [757,803,799,window_time_2,802,9]
11-22 08:32:56.313 1489 2012 I input_focus: [Focus leaving 6c12ff5 com.android.gallery3d/com.android.gallery3d.app.MovieActivity (server),reason=NO_WINDOW]
11-22 08:32:56.313 1489 2012 I input_focus: [Focus entering 3cc67bf com.android.launcher3/com.android.launcher3.uioverrides.QuickstepLauncher (server),reason=setFocusedWindow]
11-22 08:32:56.346 23162 23162 I wm_on_paused_called: [252921731,com.android.gallery3d.app.MovieActivity,performPause]
11-22 08:32:56.348 1489 2836 I wm_destroy_activity: [0,252921731,233,com.android.gallery3d/.app.MovieActivity,finish-imm:completePausedLocked]
11-22 08:32:56.363 23162 23162 I wm_on_stop_called: [90255150,com.android.gallery3d.app.GalleryActivity,LIFECYCLER_STOP_ACTIVITY]
11-22 08:32:56.367 1489 1634 I sysui_multi_action: [757,803,799,window_time_0,802,0]
11-22 08:32:56.370 23162 23162 I wm_on_destroy_called: [90255150,com.android.gallery3d.app.GalleryActivity,performDestroy]
11-22 08:32:56.416 23162 23162 I wm_on_stop_called: [252921731,com.android.gallery3d.app.MovieActivity,LIFECYCLER_STOP_ACTIVITY]
11-22 08:32:56.417 23162 23162 I wm_on_destroy_called: [252921731,com.android.gallery3d.app.MovieActivity,performDestroy]
11-22 08:32:56.579 1489 1636 I wm_task_removed: [233,removeChild:removeChild last r=ActivityRecord{5612f2e u0 com.android.gallery3d/.app.GalleryActivity t-1 f}} in t=Task{89da9fc #233 type=standard A=10069:com.android.gallery3d U=0 visible=false mode=freeform translucent=true sz=0}]
11-22 08:32:56.579 1489 1636 I wm_task_removed: [233,removeChild]
11-22 08:32:57.035 0 0 I auditd : type=1400 audit(0.0:6597): avc: denied { kill } for comm="swapper/0" capability=5 scontext=u:r:kernel:s0 tcontext=u:r:kernel:s0 tclass=capability permissive=0
11-22 08:32:58.035 0 0 I auditd : type=1400 audit(0.0:6598): avc: denied { kill } for comm="swapper/0" capability=5 scontext=u:r:kernel:s0 tcontext=u:r:kernel:s0 tclass=capability permissive=0
11-22 08:32:59.035 0 0 I auditd : type=1400 audit(0.0:6599): avc: denied { kill } for comm="swapper/0" capability=5 scontext=u:r:kernel:s0 tcontext=u:r:kernel:s0 tclass=capability permissive=0
11-22 08:32:59.777 1489 2012 I input_interaction: Interaction with: 3cc67bf com.android.launcher3/com.android.launcher3.uioverrides.QuickstepLauncher (server), 6449bab com.android.systemui.ImageWallpaper (server), edge-swipe (server), swipe-up (server), PointerEventDispatcher0 (server),
11-22 08:33:00.035 288 288 I auditd : type=1400 audit(0.0:6600): avc: denied { kill } for comm="kgsl_worker_thr" capability=5 scontext=u:r:kernel:s0 tcontext=u:r:kernel:s0 tclass=capability permissive=0
11-22 08:33:00.918 1489 6560 I wm_task_created: [238,-1]
11-22 08:33:00.926 1489 6560 I wm_task_moved: [238,1,8]
11-22 08:33:00.926 1489 6560 I wm_task_to_front: [0,238]
11-22 08:33:00.926 1489 6560 I wm_create_task: [0,238]
11-22 08:33:00.926 1489 6560 I wm_create_activity: [0,198921043,238,com.android.music/.VideoBrowserActivity,NULL,NULL,NULL,268468224]
11-22 08:33:00.926 1489 6560 I wm_task_moved: [238,1,8]
11-22 08:33:00.930 1489 6560 I wm_restart_activity: [0,198921043,238,com.android.music/.VideoBrowserActivity]
11-22 08:33:00.932 1489 6560 I wm_set_resumed_activity: [0,com.android.music/.VideoBrowserActivity,minimalResumeActivityLocked]
11-22 08:33:00.937 1489 1634 I am_uid_active: 10090
11-22 08:33:00.944 2840 2840 I wm_on_top_resumed_lost_called: [168390208,com.android.launcher3.uioverrides.QuickstepLauncher,topStateChangedWhenResumed]
11-22 08:33:00.991 23458 23458 I wm_on_create_called: [198921043,com.android.music.VideoBrowserActivity,performCreate]
11-22 08:33:00.992 23458 23458 I wm_on_start_called: [198921043,com.android.music.VideoBrowserActivity,handleStartActivity]
11-22 08:33:00.993 23458 23458 I wm_on_resume_called: [198921043,com.android.music.VideoBrowserActivity,RESUME_ACTIVITY]
11-22 08:33:00.998 23458 23458 I wm_on_top_resumed_gained_called: [198921043,com.android.music.VideoBrowserActivity,topStateChangedWhenResumed]
11-22 08:33:01.010 1489 1636 I input_focus: [Focus request 8f240c1 com.android.music/com.android.music.VideoBrowserActivity,reason=UpdateInputWindows]
11-22 08:33:01.035 352 352 I auditd : type=1400 audit(0.0:6601): avc: denied { kill } for comm="irq/382-atmel_m" capability=5 scontext=u:r:kernel:s0 tcontext=u:r:kernel:s0 tclass=capability permissive=0
11-22 08:33:01.040 1489 2012 I input_focus: [Focus leaving 3cc67bf com.android.launcher3/com.android.launcher3.uioverrides.QuickstepLauncher (server),reason=Waiting for window because NOT_VISIBLE]
11-22 08:33:01.043 1489 1631 I sysui_multi_action: [319,133,322,133,325,20169,757,761,758,8,759,2,806,com.android.music,871,com.android.music.VideoBrowserActivity,904,com.android.launcher3,905,0,1320,4,1321,1]
11-22 08:33:01.043 1489 1631 I wm_activity_launch_time: [0,198921043,com.android.music/.VideoBrowserActivity,133]
11-22 08:33:01.059 1489 2012 I input_focus: [Focus entering 8f240c1 com.android.music/com.android.music.VideoBrowserActivity (server),reason=Window became focusable. Previous reason: NOT_VISIBLE]
11-22 08:33:01.072 1489 1648 I am_pss : [23645,10066,com.android.deskclock,8774656,6053888,0,94457856,0,19,6]
11-22 08:33:02.035 0 0 I auditd : type=1400 audit(0.0:6602): avc: denied { kill } for comm="swapper/0" capability=5 scontext=u:r:kernel:s0 tcontext=u:r:kernel:s0 tclass=capability permissive=0
11-22 08:33:02.839 1489 2012 I input_interaction: Interaction with: 8f240c1 com.android.music/com.android.music.VideoBrowserActivity (server), edge-swipe (server), swipe-up (server), PointerEventDispatcher0 (server),
11-22 08:33:03.035 1489 2824 I wm_task_moved: [238,1,8]
11-22 08:33:03.036 1489 2824 I wm_set_resumed_activity: [0,com.android.music/.VideoBrowserActivity,positionChildAt]
11-22 08:33:03.036 1489 2824 I wm_create_activity: [0,158920499,238,com.android.gallery3d/.app.MovieActivity,android.intent.action.VIEW,video/mp4,content://media/external/video/media/25,0]
11-22 08:33:03.037 1489 2824 I wm_pause_activity: [0,198921043,com.android.music/.VideoBrowserActivity,userLeaving=true,resumeTopActivityInnerLocked]
11-22 08:33:03.051 23458 23458 I wm_on_top_resumed_lost_called: [198921043,com.android.music.VideoBrowserActivity,topStateChangedWhenResumed]
11-22 08:33:03.052 23458 23458 I wm_on_paused_called: [198921043,com.android.music.VideoBrowserActivity,performPause]
11-22 08:33:03.055 1489 2824 I wm_restart_activity: [0,158920499,238,com.android.gallery3d/.app.MovieActivity]
11-22 08:33:03.057 1489 2824 I wm_set_resumed_activity: [0,com.android.gallery3d/.app.MovieActivity,minimalResumeActivityLocked]
11-22 08:33:03.065 1489 1634 I sysui_multi_action: [757,803,799,window_time_0,802,7]
11-22 08:33:03.102 23162 23162 I wm_on_create_called: [158920499,com.android.gallery3d.app.MovieActivity,performCreate]
11-22 08:33:03.105 23162 23162 I wm_on_start_called: [158920499,com.android.gallery3d.app.MovieActivity,handleStartActivity]
11-22 08:33:03.106 23162 23162 I wm_on_resume_called: [158920499,com.android.gallery3d.app.MovieActivity,RESUME_ACTIVITY]
11-22 08:33:03.111 23162 23162 I wm_on_top_resumed_gained_called: [158920499,com.android.gallery3d.app.MovieActivity,topStateChangedWhenResumed]
11-22 08:33:03.116 1489 1636 I input_focus: [Focus request 550d008 com.android.gallery3d/com.android.gallery3d.app.MovieActivity,reason=UpdateInputWindows]
11-22 08:33:03.130 1489 2012 I input_focus: [Focus leaving 8f240c1 com.android.music/com.android.music.VideoBrowserActivity (server),reason=Waiting for window because NOT_VISIBLE]
11-22 08:33:03.164 1489 1631 I sysui_multi_action: [319,126,322,125,325,20171,757,761,758,8,759,2,806,com.android.gallery3d,871,com.android.gallery3d.app.MovieActivity,904,com.android.music,905,0,1320,8,1321,5]
11-22 08:33:03.168 1489 1631 I wm_activity_launch_time: [0,158920499,com.android.gallery3d/.app.MovieActivity,125]
11-22 08:33:03.180 1489 2012 I input_focus: [Focus entering 550d008 com.android.gallery3d/com.android.gallery3d.app.MovieActivity (server),reason=Window became focusable. Previous reason: NOT_VISIBLE]
11-22 08:33:04.035 352 352 I auditd : type=1400 audit(0.0:6603): avc: denied { kill } for comm="irq/382-atmel_m" capability=5 scontext=u:r:kernel:s0 tcontext=u:r:kernel:s0 tclass=capability permissive=0
11-22 08:33:04.549 1489 2012 I input_interaction: Interaction with: 550d008 com.android.gallery3d/com.android.gallery3d.app.MovieActivity (server), edge-swipe (server), swipe-up (server), PointerEventDispatcher0 (server),
11-22 08:33:04.649 1489 1636 I input_focus: [Focus request 5d51d87 com.android.gallery3d/com.android.gallery3d.app.MovieActivity,reason=UpdateInputWindows]
11-22 08:33:04.668 1489 2012 I input_focus: [Focus entering 5d51d87 com.android.gallery3d/com.android.gallery3d.app.MovieActivity (server),reason=setFocusedWindow]
11-22 08:33:05.035 0 0 I auditd : type=1400 audit(0.0:6604): avc: denied { kill } for comm="swapper/0" capability=5 scontext=u:r:kernel:s0 tcontext=u:r:kernel:s0 tclass=capability permissive=0
11-22 08:33:05.553 1489 2012 I input_interaction: Interaction with: 5d51d87 com.android.gallery3d/com.android.gallery3d.app.MovieActivity (server), edge-swipe (server), swipe-up (server), PointerEventDispatcher0 (server),
11-22 08:33:06.035 0 0 I auditd : type=1400 audit(0.0:6605): avc: denied { kill } for comm="swapper/0" capability=5 scontext=u:r:kernel:s0 tcontext=u:r:kernel:s0 tclass=capability permissive=0
11-22 08:33:08.035 0 0 I auditd : type=1400 audit(0.0:6606): avc: denied { kill } for comm="swapper/2" capability=5 scontext=u:r:kernel:s0 tcontext=u:r:kernel:s0 tclass=capability permissive=0
11-22 08:33:08.790 1489 2824 I wm_finish_activity: [0,158920499,238,com.android.gallery3d/.app.MovieActivity,finish-activity]
11-22 08:33:08.796 1489 2824 I wm_pause_activity: [0,158920499,com.android.gallery3d/.app.MovieActivity,userLeaving=false,finish]
11-22 08:33:08.799 1489 2824 I wm_finish_activity: [0,198921043,238,com.android.music/.VideoBrowserActivity,finish-activity]
11-22 08:33:08.799 1489 2824 I wm_task_moved: [1,1,8]
11-22 08:33:08.800 1489 2824 I wm_set_resumed_activity: [0,com.android.launcher3/.uioverrides.QuickstepLauncher,positionChildAt]
11-22 08:33:08.800 1489 2824 I wm_task_moved: [10,1,2147483647]
11-22 08:33:08.800 1489 2824 I wm_task_to_front: [0,10]
11-22 08:33:08.800 1489 2824 I wm_focused_root_task: [0,0,1,-1,finish-top adjustFocusToNextFocusableTask]
11-22 08:33:08.800 1489 2824 I wm_set_resumed_activity: [0,com.android.launcher3/.uioverrides.QuickstepLauncher,finish-top]
11-22 08:33:08.801 1489 2824 I wm_destroy_activity: [0,198921043,238,com.android.music/.VideoBrowserActivity,finish-imm:finishIfPossible]
11-22 08:33:08.805 23458 23458 I wm_on_stop_called: [198921043,com.android.music.VideoBrowserActivity,LIFECYCLER_STOP_ACTIVITY]
11-22 08:33:08.808 1489 1636 I input_focus: [Focus request 3cc67bf com.android.launcher3/com.android.launcher3.uioverrides.QuickstepLauncher,reason=UpdateInputWindows]
11-22 08:33:08.809 23162 23162 I wm_on_top_resumed_lost_called: [158920499,com.android.gallery3d.app.MovieActivity,topStateChangedWhenResumed]
11-22 08:33:08.811 23458 23458 I wm_on_destroy_called: [198921043,com.android.music.VideoBrowserActivity,performDestroy]
11-22 08:33:08.816 2840 2840 I wm_on_top_resumed_gained_called: [168390208,com.android.launcher3.uioverrides.QuickstepLauncher,topStateChangedWhenResumed]
11-22 08:33:08.817 1489 1634 I sysui_multi_action: [757,803,799,window_time_2,802,6]
11-22 08:33:08.829 1489 2012 I input_focus: [Focus leaving 5d51d87 com.android.gallery3d/com.android.gallery3d.app.MovieActivity (server),reason=NO_WINDOW]
11-22 08:33:08.829 1489 2012 I input_focus: [Focus entering 3cc67bf com.android.launcher3/com.android.launcher3.uioverrides.QuickstepLauncher (server),reason=setFocusedWindow]
11-22 08:33:08.831 23162 23162 I wm_on_paused_called: [158920499,com.android.gallery3d.app.MovieActivity,performPause]
11-22 08:33:08.833 1489 2461 I wm_destroy_activity: [0,158920499,238,com.android.gallery3d/.app.MovieActivity,finish-imm:completePausedLocked]
11-22 08:33:08.842 1489 1634 I sysui_multi_action: [757,803,799,window_time_0,802,0]
11-22 08:33:08.877 23162 23162 I wm_on_stop_called: [158920499,com.android.gallery3d.app.MovieActivity,LIFECYCLER_STOP_ACTIVITY]
11-22 08:33:08.878 23162 23162 I wm_on_destroy_called: [158920499,com.android.gallery3d.app.MovieActivity,performDestroy]
11-22 08:33:09.035 0 0 I auditd : type=1400 audit(0.0:6607): avc: denied { kill } for comm="swapper/2" capability=5 scontext=u:r:kernel:s0 tcontext=u:r:kernel:s0 tclass=capability permissive=0
11-22 08:33:09.092 1489 1636 I wm_task_removed: [238,removeChild:removeChild last r=ActivityRecord{bdb4b53 u0 com.android.music/.VideoBrowserActivity t-1 f}} in t=Task{4a07224 #238 type=standard A=10090:android.task.video U=0 visible=false mode=freeform translucent=true sz=0}]
11-22 08:33:09.092 1489 1636 I wm_task_removed: [238,removeChild]
11-22 08:33:10.496 1489 2012 I input_interaction: Interaction with: 3cc67bf com.android.launcher3/com.android.launcher3.uioverrides.QuickstepLauncher (server), 6449bab com.android.systemui.ImageWallpaper (server), edge-swipe (server), swipe-up (server), PointerEventDispatcher0 (server),
11-22 08:33:10.861 1489 1489 I service_manager_stats: [100,90,61739]
11-22 08:33:10.876 1489 2836 I wm_task_created: [239,-1]
11-22 08:33:10.881 1489 2836 I wm_task_moved: [239,1,8]
11-22 08:33:10.881 1489 2836 I wm_task_to_front: [0,239]
11-22 08:33:10.882 1489 2836 I wm_create_task: [0,239]
11-22 08:33:10.882 1489 2836 I wm_create_activity: [0,64603336,239,com.android.music/.VideoBrowserActivity,android.intent.action.MAIN,NULL,NULL,270532608]
11-22 08:33:10.882 1489 2836 I wm_task_moved: [239,1,8]
11-22 08:33:10.885 1489 2836 I wm_pause_activity: [0,168390208,com.android.launcher3/.uioverrides.QuickstepLauncher,userLeaving=true,pauseBackTasks]
11-22 08:33:10.897 2840 2840 I wm_on_top_resumed_lost_called: [168390208,com.android.launcher3.uioverrides.QuickstepLauncher,topStateChangedWhenResumed]
11-22 08:33:10.907 2840 2840 I wm_on_paused_called: [168390208,com.android.launcher3.uioverrides.QuickstepLauncher,performPause]
11-22 08:33:10.910 1489 2461 I wm_add_to_stopping: [0,168390208,com.android.launcher3/.uioverrides.QuickstepLauncher,makeInvisible]
11-22 08:33:10.912 1489 2461 I wm_restart_activity: [0,64603336,239,com.android.music/.VideoBrowserActivity]
11-22 08:33:10.914 1489 2461 I wm_set_resumed_activity: [0,com.android.music/.VideoBrowserActivity,minimalResumeActivityLocked]
11-22 08:33:10.926 1489 1634 I sysui_multi_action: [757,803,799,window_time_0,802,2]
11-22 08:33:10.931 1489 2012 I input_focus: [Focus leaving 3cc67bf com.android.launcher3/com.android.launcher3.uioverrides.QuickstepLauncher (server),reason=NO_WINDOW]
11-22 08:33:10.953 23458 23458 I wm_on_create_called: [64603336,com.android.music.VideoBrowserActivity,performCreate]
11-22 08:33:10.953 23458 23458 I wm_on_start_called: [64603336,com.android.music.VideoBrowserActivity,handleStartActivity]
11-22 08:33:10.954 23458 23458 I wm_on_resume_called: [64603336,com.android.music.VideoBrowserActivity,RESUME_ACTIVITY]
11-22 08:33:10.957 23458 23458 I wm_on_top_resumed_gained_called: [64603336,com.android.music.VideoBrowserActivity,topStateChangedWhenResumed]
11-22 08:33:10.963 1489 1636 I input_focus: [Focus request c0dfb5b com.android.music/com.android.music.VideoBrowserActivity,reason=UpdateInputWindows]
11-22 08:33:10.973 1489 1631 I sysui_multi_action: [319,74,321,71,322,102,325,20179,757,761,758,8,759,1,806,com.android.music,871,com.android.music.VideoBrowserActivity,904,com.android.launcher3,905,0,1320,4,1321,1]
11-22 08:33:10.974 1489 1631 I wm_activity_launch_time: [0,64603336,com.android.music/.VideoBrowserActivity,102]
11-22 08:33:10.982 1489 2012 I input_focus: [Focus entering c0dfb5b com.android.music/com.android.music.VideoBrowserActivity (server),reason=setFocusedWindow]
11-22 08:33:11.035 758 758 I auditd : type=1400 audit(0.0:6608): avc: denied { kill } for comm="crtc_commit:125" capability=5 scontext=u:r:kernel:s0 tcontext=u:r:kernel:s0 tclass=capability permissive=0
11-22 08:33:11.051 1489 2012 I input_interaction: Interaction with: c0dfb5b com.android.music/com.android.music.VideoBrowserActivity (server), edge-swipe (server), swipe-up (server), PointerEventDispatcher0 (server),
11-22 08:33:11.460 1489 6560 I wm_task_moved: [239,1,8]
11-22 08:33:11.460 1489 6560 I wm_set_resumed_activity: [0,com.android.music/.VideoBrowserActivity,positionChildAt]
11-22 08:33:11.460 1489 6560 I wm_create_activity: [0,14866215,239,com.android.gallery3d/.app.MovieActivity,android.intent.action.VIEW,video/mp4,content://media/external/video/media/34,0]
11-22 08:33:11.461 1489 6560 I wm_pause_activity: [0,64603336,com.android.music/.VideoBrowserActivity,userLeaving=true,resumeTopActivityInnerLocked]
11-22 08:33:11.469 23458 23458 I wm_on_top_resumed_lost_called: [64603336,com.android.music.VideoBrowserActivity,topStateChangedWhenResumed]
11-22 08:33:11.469 23458 23458 I wm_on_paused_called: [64603336,com.android.music.VideoBrowserActivity,performPause]
11-22 08:33:11.471 1489 6707 I wm_add_to_stopping: [0,64603336,com.android.music/.VideoBrowserActivity,makeInvisible]
11-22 08:33:11.472 1489 6707 I wm_restart_activity: [0,14866215,239,com.android.gallery3d/.app.MovieActivity]
11-22 08:33:11.476 1489 6707 I wm_set_resumed_activity: [0,com.android.gallery3d/.app.MovieActivity,minimalResumeActivityLocked]
11-22 08:33:11.487 1489 1634 I sysui_multi_action: [757,803,799,window_time_0,802,1]
11-22 08:33:11.501 1489 2012 I input_focus: [Focus leaving c0dfb5b com.android.music/com.android.music.VideoBrowserActivity (server),reason=NO_WINDOW]
11-22 08:33:11.510 23162 23162 I wm_on_create_called: [14866215,com.android.gallery3d.app.MovieActivity,performCreate]
11-22 08:33:11.513 23162 23162 I wm_on_start_called: [14866215,com.android.gallery3d.app.MovieActivity,handleStartActivity]
11-22 08:33:11.513 23162 23162 I wm_on_resume_called: [14866215,com.android.gallery3d.app.MovieActivity,RESUME_ACTIVITY]
11-22 08:33:11.518 23162 23162 I wm_on_top_resumed_gained_called: [14866215,com.android.gallery3d.app.MovieActivity,topStateChangedWhenResumed]
11-22 08:33:11.536 1489 1636 I input_focus: [Focus request 8908c70 com.android.gallery3d/com.android.gallery3d.app.MovieActivity,reason=UpdateInputWindows]
11-22 08:33:11.557 2375 2375 I sysui_multi_action: [757,111,758,2]
11-22 08:33:11.557 1489 1489 I notification_enqueue: [10082,2375,com.android.systemui,2048,NULL,0,Notification(channel=updateNotification shortcut=null contentView=null vibrate=null sound=null defaults=0x0 flags=0x0 color=0x00000000 vis=PRIVATE),1]
11-22 08:33:11.557 2375 2375 I sysui_multi_action: [757,111,758,2]
11-22 08:33:11.571 1489 1631 I sysui_multi_action: [319,113,322,112,325,20179,757,761,758,8,759,2,806,com.android.gallery3d,871,com.android.gallery3d.app.MovieActivity,904,com.android.music,905,0,1320,8,1321,5]
11-22 08:33:11.572 1489 1631 I wm_activity_launch_time: [0,14866215,com.android.gallery3d/.app.MovieActivity,112]
11-22 08:33:11.576 1489 2824 I wm_stop_activity: [0,168390208,com.android.launcher3/.uioverrides.QuickstepLauncher]
11-22 08:33:11.580 2375 2375 I sysui_multi_action: [757,111,758,1]
11-22 08:33:11.580 2375 2375 I sysui_multi_action: [757,126,758,1,759,126,927,0,928,1,1593,0]
11-22 08:33:11.580 2375 2375 I sysui_multi_action: [757,113,758,1,759,113,927,1,928,1,1593,0]
11-22 08:33:11.580 2375 2375 I sysui_multi_action: [757,0,758,1,759,0,927,2,928,0,1593,0]
11-22 08:33:11.580 2375 2375 I sysui_multi_action: [757,0,758,1,759,0,927,3,928,0,1593,0]
11-22 08:33:11.580 2375 2375 I sysui_multi_action: [757,491,758,1,759,491,927,4,928,0,1311,-1,1593,0]
11-22 08:33:11.580 2375 2375 I sysui_multi_action: [757,0,758,1,759,0,927,5,928,0,1593,0]
11-22 08:33:11.580 2375 2375 I sysui_multi_action: [757,114,758,1,759,114,927,6,928,0,1593,0]
11-22 08:33:11.580 2375 2375 I sysui_multi_action: [757,111,758,1]
11-22 08:33:11.580 2375 2375 I sysui_multi_action: [757,126,758,1,759,126,927,0,928,1,1593,0]
11-22 08:33:11.581 2375 2375 I sysui_multi_action: [757,113,758,1,759,113,927,1,928,1,1593,0]
11-22 08:33:11.581 2375 2375 I sysui_multi_action: [757,0,758,1,759,0,927,2,928,0,1593,0]
11-22 08:33:11.581 2375 2375 I sysui_multi_action: [757,0,758,1,759,0,927,3,928,0,1593,0]
11-22 08:33:11.584 1489 2012 I input_focus: [Focus entering 8908c70 com.android.gallery3d/com.android.gallery3d.app.MovieActivity (server),reason=Window became focusable. Previous reason: NOT_VISIBLE]
11-22 08:33:11.615 2840 2840 I wm_on_stop_called: [168390208,com.android.launcher3.uioverrides.QuickstepLauncher,STOP_ACTIVITY_ITEM]
