11-22 08:12:16.443 1489 1651 I am_proc_start: [0,20344,10094,com.android.permissioncontroller,service,{com.android.permissioncontroller/com.android.permissioncontroller.role.service.RoleControllerServiceImpl}]
11-22 08:12:16.469 1489 5500 I am_proc_bound: [0,20344,com.android.permissioncontroller]
11-22 08:12:16.471 1489 5500 I am_uid_active: 10094
11-22 08:12:16.568 1489 1634 I wm_destroy_activity: [0,90982011,211,com.android.settings/.applications.InstalledAppDetails,finish-imm:idle]
11-22 08:12:16.568 19524 19524 I wm_on_destroy_called: [90982011,com.android.settings.applications.InstalledAppDetails,performDestroy]
11-22 08:12:16.571 1489 6043 I wm_task_removed: [211,removeChild:removeChild last r=ActivityRecord{56c467b u0 com.android.settings/.applications.InstalledAppDetails t-1 f}} in t=Task{617c46b #211 type=standard A=1000:com.android.settings U=0 visible=false mode=fullscreen translucent=true sz=0}]
11-22 08:12:16.571 1489 6043 I wm_task_removed: [211,removeChild]
11-22 08:12:19.035 0 0 I auditd : type=1400 audit(0.0:5509): avc: denied { kill } for comm="swapper/2" capability=5 scontext=u:r:kernel:s0 tcontext=u:r:kernel:s0 tclass=capability permissive=0
11-22 08:12:20.035 0 0 I auditd : type=1400 audit(0.0:5510): avc: denied { kill } for comm="swapper/2" capability=5 scontext=u:r:kernel:s0 tcontext=u:r:kernel:s0 tclass=capability permissive=0
11-22 08:12:21.035 0 0 I auditd : type=1400 audit(0.0:5511): avc: denied { kill } for comm="swapper/2" capability=5 scontext=u:r:kernel:s0 tcontext=u:r:kernel:s0 tclass=capability permissive=0
11-22 08:12:22.035 0 0 I auditd : type=1400 audit(0.0:5512): avc: denied { kill } for comm="swapper/2" capability=5 scontext=u:r:kernel:s0 tcontext=u:r:kernel:s0 tclass=capability permissive=0
11-22 08:12:23.035 0 0 I auditd : type=1400 audit(0.0:5513): avc: denied { kill } for comm="swapper/2" capability=5 scontext=u:r:kernel:s0 tcontext=u:r:kernel:s0 tclass=capability permissive=0
11-22 08:12:24.035 0 0 I auditd : type=1400 audit(0.0:5514): avc: denied { kill } for comm="swapper/2" capability=5 scontext=u:r:kernel:s0 tcontext=u:r:kernel:s0 tclass=capability permissive=0
11-22 08:12:25.035 0 0 I auditd : type=1400 audit(0.0:5515): avc: denied { kill } for comm="swapper/2" capability=5 scontext=u:r:kernel:s0 tcontext=u:r:kernel:s0 tclass=capability permissive=0
11-22 08:12:26.035 0 0 I auditd : type=1400 audit(0.0:5516): avc: denied { kill } for comm="swapper/2" capability=5 scontext=u:r:kernel:s0 tcontext=u:r:kernel:s0 tclass=capability permissive=0
11-22 08:12:27.035 0 0 I auditd : type=1400 audit(0.0:5517): avc: denied { kill } for comm="swapper/2" capability=5 scontext=u:r:kernel:s0 tcontext=u:r:kernel:s0 tclass=capability permissive=0
11-22 08:12:28.035 0 0 I auditd : type=1400 audit(0.0:5518): avc: denied { kill } for comm="swapper/2" capability=5 scontext=u:r:kernel:s0 tcontext=u:r:kernel:s0 tclass=capability permissive=0
11-22 08:12:29.035 0 0 I auditd : type=1400 audit(0.0:5519): avc: denied { kill } for comm="swapper/2" capability=5 scontext=u:r:kernel:s0 tcontext=u:r:kernel:s0 tclass=capability permissive=0
11-22 08:12:30.035 0 0 I auditd : type=1400 audit(0.0:5520): avc: denied { kill } for comm="swapper/2" capability=5 scontext=u:r:kernel:s0 tcontext=u:r:kernel:s0 tclass=capability permissive=0
11-22 08:12:31.035 0 0 I auditd : type=1400 audit(0.0:5521): avc: denied { kill } for comm="swapper/2" capability=5 scontext=u:r:kernel:s0 tcontext=u:r:kernel:s0 tclass=capability permissive=0
11-22 08:12:32.035 0 0 I auditd : type=1400 audit(0.0:5522): avc: denied { kill } for comm="swapper/2" capability=5 scontext=u:r:kernel:s0 tcontext=u:r:kernel:s0 tclass=capability permissive=0
11-22 08:12:33.035 0 0 I auditd : type=1400 audit(0.0:5523): avc: denied { kill } for comm="swapper/2" capability=5 scontext=u:r:kernel:s0 tcontext=u:r:kernel:s0 tclass=capability permissive=0
11-22 08:12:34.035 0 0 I auditd : type=1400 audit(0.0:5524): avc: denied { kill } for comm="swapper/2" capability=5 scontext=u:r:kernel:s0 tcontext=u:r:kernel:s0 tclass=capability permissive=0
11-22 08:12:35.035 0 0 I auditd : type=1400 audit(0.0:5525): avc: denied { kill } for comm="swapper/2" capability=5 scontext=u:r:kernel:s0 tcontext=u:r:kernel:s0 tclass=capability permissive=0
11-22 08:12:36.035 0 0 I auditd : type=1400 audit(0.0:5526): avc: denied { kill } for comm="swapper/2" capability=5 scontext=u:r:kernel:s0 tcontext=u:r:kernel:s0 tclass=capability permissive=0
11-22 08:12:37.035 0 0 I auditd : type=1400 audit(0.0:5527): avc: denied { kill } for comm="swapper/2" capability=5 scontext=u:r:kernel:s0 tcontext=u:r:kernel:s0 tclass=capability permissive=0
11-22 08:12:38.035 0 0 I auditd : type=1400 audit(0.0:5528): avc: denied { kill } for comm="swapper/2" capability=5 scontext=u:r:kernel:s0 tcontext=u:r:kernel:s0 tclass=capability permissive=0
11-22 08:12:39.035 0 0 I auditd : type=1400 audit(0.0:5529): avc: denied { kill } for comm="swapper/2" capability=5 scontext=u:r:kernel:s0 tcontext=u:r:kernel:s0 tclass=capability permissive=0
11-22 08:12:40.035 0 0 I auditd : type=1400 audit(0.0:5530): avc: denied { kill } for comm="swapper/2" capability=5 scontext=u:r:kernel:s0 tcontext=u:r:kernel:s0 tclass=capability permissive=0
11-22 08:12:41.035 0 0 I auditd : type=1400 audit(0.0:5531): avc: denied { kill } for comm="swapper/2" capability=5 scontext=u:r:kernel:s0 tcontext=u:r:kernel:s0 tclass=capability permissive=0
11-22 08:12:42.035 0 0 I auditd : type=1400 audit(0.0:5532): avc: denied { kill } for comm="swapper/2" capability=5 scontext=u:r:kernel:s0 tcontext=u:r:kernel:s0 tclass=capability permissive=0
11-22 08:12:43.035 0 0 I auditd : type=1400 audit(0.0:5533): avc: denied { kill } for comm="swapper/2" capability=5 scontext=u:r:kernel:s0 tcontext=u:r:kernel:s0 tclass=capability permissive=0
11-22 08:12:44.035 0 0 I auditd : type=1400 audit(0.0:5534): avc: denied { kill } for comm="swapper/2" capability=5 scontext=u:r:kernel:s0 tcontext=u:r:kernel:s0 tclass=capability permissive=0
11-22 08:12:45.035 0 0 I auditd : type=1400 audit(0.0:5535): avc: denied { kill } for comm="swapper/2" capability=5 scontext=u:r:kernel:s0 tcontext=u:r:kernel:s0 tclass=capability permissive=0
11-22 08:12:46.035 0 0 I auditd : type=1400 audit(0.0:5536): avc: denied { kill } for comm="swapper/2" capability=5 scontext=u:r:kernel:s0 tcontext=u:r:kernel:s0 tclass=capability permissive=0
11-22 08:12:46.900 1489 2012 I input_interaction: Interaction with: 616660f com.android.settings/com.android.settings.homepage.SettingsHomepageActivity (server), edge-swipe (server), swipe-up (server), PointerEventDispatcher0 (server),
11-22 08:12:47.017 1489 2830 I wm_task_moved: [212,1,6]
11-22 08:12:47.017 1489 2830 I wm_set_resumed_activity: [0,com.android.settings/.homepage.SettingsHomepageActivity,positionChildAt]
11-22 08:12:47.017 1489 2830 I wm_create_activity: [0,202624399,212,com.android.permissioncontroller/.permission.ui.ManagePermissionsActivity,android.intent.action.MANAGE_APP_PERMISSIONS,NULL,NULL,0]
11-22 08:12:47.019 1489 2830 I wm_pause_activity: [0,109270776,com.android.settings/.homepage.SettingsHomepageActivity,userLeaving=true,resumeTopActivityInnerLocked]
11-22 08:12:47.023 19524 19524 I sysui_multi_action: [757,830,758,4,833,0,854,permission_settings,1089,0]
11-22 08:12:47.028 19524 19524 I wm_on_top_resumed_lost_called: [109270776,com.android.settings.homepage.SettingsHomepageActivity,topStateChangedWhenResumed]
11-22 08:12:47.030 19524 19524 I sysui_multi_action: [757,35,758,2,1089,30916]
11-22 08:12:47.032 19524 19524 I sysui_multi_action: [757,20,758,2,1089,30655]
11-22 08:12:47.033 19524 19524 I wm_on_paused_called: [109270776,com.android.settings.homepage.SettingsHomepageActivity,performPause]
11-22 08:12:47.036 1489 2830 I wm_add_to_stopping: [0,109270776,com.android.settings/.homepage.SettingsHomepageActivity,makeInvisible]
11-22 08:12:47.038 1489 2830 I wm_restart_activity: [0,202624399,212,com.android.permissioncontroller/.permission.ui.ManagePermissionsActivity]
11-22 08:12:47.040 1489 2830 I wm_set_resumed_activity: [0,com.android.permissioncontroller/.permission.ui.ManagePermissionsActivity,minimalResumeActivityLocked]
11-22 08:12:47.052 1489 1634 I sysui_multi_action: [757,803,799,window_time_0,802,31]
11-22 08:12:47.058 1489 2012 I input_focus: [Focus leaving 616660f com.android.settings/com.android.settings.homepage.SettingsHomepageActivity (server),reason=NO_WINDOW]
11-22 08:12:47.068 1489 1648 I am_pss : [20303,10083,com.qualcomm.qti.qccauthmgr,6387712,4190208,0,95481856,0,19,6]
11-22 08:12:47.084 20344 20344 I wm_on_create_called: [202624399,com.android.permissioncontroller.permission.ui.ManagePermissionsActivity,performCreate]
11-22 08:12:47.126 20344 20344 I wm_on_start_called: [202624399,com.android.permissioncontroller.permission.ui.ManagePermissionsActivity,handleStartActivity]
11-22 08:12:47.132 20344 20344 I wm_on_resume_called: [202624399,com.android.permissioncontroller.permission.ui.ManagePermissionsActivity,RESUME_ACTIVITY]
11-22 08:12:47.140 20344 20344 I wm_on_top_resumed_gained_called: [202624399,com.android.permissioncontroller.permission.ui.ManagePermissionsActivity,topStateChangedWhenResumed]
11-22 08:12:47.164 1489 1636 I input_focus: [Focus request aa3d803 com.android.permissioncontroller/com.android.permissioncontroller.permission.ui.ManagePermissionsActivity,reason=UpdateInputWindows]
11-22 08:12:47.203 1489 1631 I sysui_multi_action: [319,189,322,188,325,18955,757,761,758,8,759,2,806,com.android.permissioncontroller,871,com.android.permissioncontroller.permission.ui.ManagePermissionsActivity,904,com.android.settings,905,0,1320,8,1321,5]
11-22 08:12:47.204 1489 1631 I wm_activity_launch_time: [0,202624399,com.android.permissioncontroller/.permission.ui.ManagePermissionsActivity,188]
11-22 08:12:47.209 1489 2012 I input_focus: [Focus entering aa3d803 com.android.permissioncontroller/com.android.permissioncontroller.permission.ui.ManagePermissionsActivity (server),reason=Window became focusable. Previous reason: NOT_VISIBLE]
11-22 08:12:47.597 1489 1634 I wm_stop_activity: [0,109270776,com.android.settings/.homepage.SettingsHomepageActivity]
11-22 08:12:47.638 19524 19524 I wm_on_stop_called: [109270776,com.android.settings.homepage.SettingsHomepageActivity,STOP_ACTIVITY_ITEM]
11-22 08:12:48.035 0 0 I auditd : type=1400 audit(0.0:5537): avc: denied { kill } for comm="swapper/2" capability=5 scontext=u:r:kernel:s0 tcontext=u:r:kernel:s0 tclass=capability permissive=0
11-22 08:12:49.329 1489 2012 I input_interaction: Interaction with: aa3d803 com.android.permissioncontroller/com.android.permissioncontroller.permission.ui.ManagePermissionsActivity (server), edge-swipe (server), swipe-up (server), PointerEventDispatcher0 (server),
11-22 08:12:49.441 1489 2824 I wm_finish_activity: [0,202624399,212,com.android.permissioncontroller/.permission.ui.ManagePermissionsActivity,app-request]
11-22 08:12:49.459 1489 2824 I wm_pause_activity: [0,202624399,com.android.permissioncontroller/.permission.ui.ManagePermissionsActivity,userLeaving=false,finish]
11-22 08:12:49.470 20344 20344 I wm_on_top_resumed_lost_called: [202624399,com.android.permissioncontroller.permission.ui.ManagePermissionsActivity,topStateChangedWhenResumed]
11-22 08:12:49.474 20344 20344 I wm_on_paused_called: [202624399,com.android.permissioncontroller.permission.ui.ManagePermissionsActivity,performPause]
11-22 08:12:49.474 1489 2824 I wm_add_to_stopping: [0,202624399,com.android.permissioncontroller/.permission.ui.ManagePermissionsActivity,completeFinishing]
11-22 08:12:49.477 1489 2824 I wm_set_resumed_activity: [0,com.android.settings/.homepage.SettingsHomepageActivity,resumeTopActivityInnerLocked]
11-22 08:12:49.479 1489 2824 I wm_resume_activity: [0,109270776,212,com.android.settings/.homepage.SettingsHomepageActivity]
11-22 08:12:49.483 1489 1634 I sysui_multi_action: [757,803,799,window_time_0,802,3]
11-22 08:12:49.497 1489 2012 I input_focus: [Focus leaving aa3d803 com.android.permissioncontroller/com.android.permissioncontroller.permission.ui.ManagePermissionsActivity (server),reason=NO_WINDOW]
11-22 08:12:49.498 19524 19524 I wm_on_activity_result_called: [109270776,com.android.settings.homepage.SettingsHomepageActivity,ACTIVITY_RESULT]
11-22 08:12:49.498 19524 19524 I wm_on_restart_called: [109270776,com.android.settings.homepage.SettingsHomepageActivity,performRestartActivity]
11-22 08:12:49.502 19524 19524 I wm_on_start_called: [109270776,com.android.settings.homepage.SettingsHomepageActivity,handleStartActivity]
11-22 08:12:49.502 19524 19524 I snet_event_log: [120484087,-1,]
11-22 08:12:49.502 19524 19524 I wm_on_resume_called: [109270776,com.android.settings.homepage.SettingsHomepageActivity,RESUME_ACTIVITY]
11-22 08:12:49.503 19524 19524 I sysui_multi_action: [757,35,758,1,833,0,1089,0]
11-22 08:12:49.512 19524 19524 I sysui_multi_action: [757,20,758,1,833,0,1089,0]
11-22 08:12:49.529 1489 2839 I netstats_mobile_sample: [0,0,0,0,0,0,0,0,0,0,0,0,1669075969529]
11-22 08:12:49.530 1489 2839 I netstats_wifi_sample: [1410237,1478,302326,1043,1410237,1478,302326,1043,1562868,1735,250088,927,1669075969529]
11-22 08:12:49.533 19524 19524 I wm_on_top_resumed_gained_called: [109270776,com.android.settings.homepage.SettingsHomepageActivity,topWhenResuming]
11-22 08:12:49.544 1489 1636 I input_focus: [Focus request 616660f com.android.settings/com.android.settings.homepage.SettingsHomepageActivity,reason=UpdateInputWindows]
11-22 08:12:49.567 1489 2012 I input_focus: [Focus entering 616660f com.android.settings/com.android.settings.homepage.SettingsHomepageActivity (server),reason=setFocusedWindow]
11-22 08:12:49.953 1489 1634 I wm_destroy_activity: [0,202624399,212,com.android.permissioncontroller/.permission.ui.ManagePermissionsActivity,finish-imm:idle]
11-22 08:12:49.988 20344 20344 I wm_on_stop_called: [202624399,com.android.permissioncontroller.permission.ui.ManagePermissionsActivity,LIFECYCLER_STOP_ACTIVITY]
11-22 08:12:50.000 20344 20344 I wm_on_destroy_called: [202624399,com.android.permissioncontroller.permission.ui.ManagePermissionsActivity,performDestroy]
11-22 08:12:50.035 0 0 I auditd : type=1400 audit(0.0:5538): avc: denied { kill } for comm="swapper/2" capability=5 scontext=u:r:kernel:s0 tcontext=u:r:kernel:s0 tclass=capability permissive=0
11-22 08:12:50.387 1489 2012 I input_interaction: Interaction with: 616660f com.android.settings/com.android.settings.homepage.SettingsHomepageActivity (server), edge-swipe (server), swipe-up (server), PointerEventDispatcher0 (server),
11-22 08:12:50.403 1489 6707 I wm_task_moved: [1,0,0]
11-22 08:12:50.403 1489 6707 I wm_task_moved: [1,0,5]
11-22 08:12:50.413 2840 2840 I wm_on_restart_called: [168390208,com.android.launcher3.uioverrides.QuickstepLauncher,performRestartActivity]
11-22 08:12:50.453 2840 2840 I wm_on_start_called: [168390208,com.android.launcher3.uioverrides.QuickstepLauncher,handleStartActivity]
11-22 08:12:50.477 1489 1631 I sysui_multi_action: [319,12,322,69,325,18958,757,761,758,9,759,5,806,com.android.launcher3,871,com.android.launcher3.uioverrides.QuickstepLauncher,905,0,1320,8,1321,5]
11-22 08:12:50.541 19524 19524 I view_enqueue_input_event: [Motion - Cancel,com.android.settings/com.android.settings.homepage.SettingsHomepageActivity]
11-22 08:12:50.542 2840 2840 I sysui_latency: [1,78]
11-22 08:12:50.554 1489 2012 I input_interaction: Interaction with: edge-swipe (server), swipe-up (server), PointerEventDispatcher0 (server),
11-22 08:12:50.557 1489 1636 I input_focus: [Focus request recents_animation_input_consumer,reason=UpdateInputWindows]
11-22 08:12:50.584 1489 2012 I input_focus: [Focus leaving 616660f com.android.settings/com.android.settings.homepage.SettingsHomepageActivity (server),reason=NOT_FOCUSABLE]
11-22 08:12:50.585 1489 2012 I input_focus: [Focus entering recents_animation_input_consumer (server),reason=setFocusedWindow]
11-22 08:12:50.659 1489 1751 I commit_sys_config_file: [settings-1-0,5]
11-22 08:12:50.773 1489 1648 I sysui_latency: [8,82]
11-22 08:12:50.954 1489 6707 I wm_task_moved: [1,0,5]
11-22 08:12:50.960 1489 6707 I wm_add_to_stopping: [0,168390208,com.android.launcher3/.uioverrides.QuickstepLauncher,makeInvisible]
11-22 08:12:50.975 1489 1636 I input_focus: [Focus request 616660f com.android.settings/com.android.settings.homepage.SettingsHomepageActivity,reason=UpdateInputWindows]
11-22 08:12:50.976 1489 1634 I wm_stop_activity: [0,168390208,com.android.launcher3/.uioverrides.QuickstepLauncher]
11-22 08:12:50.986 1489 2012 I input_focus: [Focus leaving recents_animation_input_consumer (server),reason=NOT_VISIBLE]
11-22 08:12:50.986 1489 2012 I input_focus: [Focus entering 616660f com.android.settings/com.android.settings.homepage.SettingsHomepageActivity (server),reason=setFocusedWindow]
11-22 08:12:51.026 2840 2840 I wm_on_stop_called: [168390208,com.android.launcher3.uioverrides.QuickstepLauncher,STOP_ACTIVITY_ITEM]
11-22 08:12:51.035 0 0 I auditd : type=1400 audit(0.0:5539): avc: denied { kill } for comm="swapper/2" capability=5 scontext=u:r:kernel:s0 tcontext=u:r:kernel:s0 tclass=capability permissive=0
11-22 08:12:51.215 1489 1751 I commit_sys_config_file: [settings-1-0,5]
11-22 08:12:52.035 0 0 I auditd : type=1400 audit(0.0:5540): avc: denied { kill } for comm="swapper/2" capability=5 scontext=u:r:kernel:s0 tcontext=u:r:kernel:s0 tclass=capability permissive=0
11-22 08:12:52.360 1489 2012 I input_interaction: Interaction with: 616660f com.android.settings/com.android.settings.homepage.SettingsHomepageActivity (server), edge-swipe (server), swipe-up (server), PointerEventDispatcher0 (server),
11-22 08:12:52.373 1489 6707 I wm_task_moved: [1,0,0]
11-22 08:12:52.374 1489 6707 I wm_task_moved: [1,0,5]
11-22 08:12:52.393 19524 19524 I view_enqueue_input_event: [Motion - Cancel,com.android.settings/com.android.settings.homepage.SettingsHomepageActivity]
11-22 08:12:52.393 2840 2840 I wm_on_restart_called: [168390208,com.android.launcher3.uioverrides.QuickstepLauncher,performRestartActivity]
11-22 08:12:52.396 1489 2012 I input_interaction: Interaction with: edge-swipe (server), swipe-up (server), PointerEventDispatcher0 (server),
11-22 08:12:52.405 2840 2840 I wm_on_start_called: [168390208,com.android.launcher3.uioverrides.QuickstepLauncher,handleStartActivity]
11-22 08:12:52.406 1489 1636 I input_focus: [Focus request recents_animation_input_consumer,reason=UpdateInputWindows]
11-22 08:12:52.417 2840 2840 I sysui_latency: [1,57]
11-22 08:12:52.421 1489 2012 I input_focus: [Focus leaving 616660f com.android.settings/com.android.settings.homepage.SettingsHomepageActivity (server),reason=NOT_FOCUSABLE]
11-22 08:12:52.422 1489 2012 I input_focus: [Focus entering recents_animation_input_consumer (server),reason=setFocusedWindow]
11-22 08:12:52.436 1489 1631 I sysui_multi_action: [319,9,322,52,325,18960,757,761,758,9,759,5,806,com.android.launcher3,871,com.android.launcher3.uioverrides.QuickstepLauncher,905,0,1320,8,1321,5]
11-22 08:12:52.611 1489 1751 I commit_sys_config_file: [settings-1-0,8]
11-22 08:12:52.729 1489 1648 I sysui_latency: [8,60]
11-22 08:12:53.299 1489 1751 I commit_sys_config_file: [settings-1-0,8]
11-22 08:12:54.035 0 0 I auditd : type=1400 audit(0.0:5541): avc: denied { kill } for comm="swapper/2" capability=5 scontext=u:r:kernel:s0 tcontext=u:r:kernel:s0 tclass=capability permissive=0
11-22 08:12:54.816 1489 2012 I input_interaction: Interaction with: 3cc67bf com.android.launcher3/com.android.launcher3.uioverrides.QuickstepLauncher (server), edge-swipe (server), swipe-up (server), PointerEventDispatcher0 (server),
11-22 08:12:54.918 1489 1597 I wm_task_moved: [1,1,7]
11-22 08:12:54.919 1489 1597 I wm_focused_root_task: [0,0,1,212,startActivityFromRecents]
11-22 08:12:54.919 19524 19524 I wm_on_top_resumed_lost_called: [109270776,com.android.settings.homepage.SettingsHomepageActivity,topStateChangedWhenResumed]
11-22 08:12:54.924 1489 1597 I wm_task_moved: [210,1,7]
11-22 08:12:54.924 1489 1597 I wm_task_to_front: [0,210]
11-22 08:12:54.924 1489 1597 I wm_focused_root_task: [0,0,210,1,reuseOrNewTask]
11-22 08:12:54.924 1489 1597 I wm_create_activity: [0,53606147,210,com.android.gallery3d/.app.GalleryActivity,android.intent.action.MAIN,NULL,NULL,271581184]
11-22 08:12:54.929 1489 1597 I wm_pause_activity: [0,109270776,com.android.settings/.homepage.SettingsHomepageActivity,userLeaving=true,pauseBackTasks]
11-22 08:12:54.936 1489 1636 I input_focus: [Focus request 3cc67bf com.android.launcher3/com.android.launcher3.uioverrides.QuickstepLauncher,reason=UpdateInputWindows]
11-22 08:12:54.939 19524 19524 I sysui_multi_action: [757,35,758,2,1089,5435]
11-22 08:12:54.940 19524 19524 I sysui_multi_action: [757,20,758,2,1089,5428]
11-22 08:12:54.941 19524 19524 I wm_on_paused_called: [109270776,com.android.settings.homepage.SettingsHomepageActivity,performPause]
11-22 08:12:54.943 1489 2012 I input_focus: [Focus leaving recents_animation_input_consumer (server),reason=setFocusedWindow]
11-22 08:12:54.943 1489 2012 I input_focus: [Focus entering 3cc67bf com.android.launcher3/com.android.launcher3.uioverrides.QuickstepLauncher (server),reason=setFocusedWindow]
11-22 08:12:54.945 1489 1634 I am_uid_running: 10069
11-22 08:12:54.956 1489 2839 I wm_add_to_stopping: [0,109270776,com.android.settings/.homepage.SettingsHomepageActivity,makeInvisible]
11-22 08:12:54.965 1489 1634 I sysui_multi_action: [757,803,799,window_time_0,802,5]
11-22 08:12:54.979 1489 1651 I am_proc_start: [0,20412,10069,com.android.gallery3d,pre-top-activity,{com.android.gallery3d/com.android.gallery3d.app.GalleryActivity}]
11-22 08:12:55.003 1489 1597 I am_proc_bound: [0,20412,com.android.gallery3d]
11-22 08:12:55.005 1489 1597 I wm_restart_activity: [0,53606147,210,com.android.gallery3d/.app.GalleryActivity]
11-22 08:12:55.006 1489 1597 I wm_set_resumed_activity: [0,com.android.gallery3d/.app.GalleryActivity,minimalResumeActivityLocked]
11-22 08:12:55.016 1489 1634 I am_uid_active: 10069
11-22 08:12:55.048 20412 20412 I wm_on_create_called: [53606147,com.android.gallery3d.app.GalleryActivity,performCreate]
11-22 08:12:55.049 20412 20412 I wm_on_start_called: [53606147,com.android.gallery3d.app.GalleryActivity,handleStartActivity]
11-22 08:12:55.052 20412 20412 I wm_on_resume_called: [53606147,com.android.gallery3d.app.GalleryActivity,RESUME_ACTIVITY]
11-22 08:12:55.056 20412 20412 I wm_on_top_resumed_gained_called: [53606147,com.android.gallery3d.app.GalleryActivity,topStateChangedWhenResumed]
11-22 08:12:55.116 1489 1631 I sysui_multi_action: [319,90,321,71,322,186,325,18963,757,761,758,7,759,1,806,com.android.gallery3d,871,com.android.gallery3d.app.GalleryActivity,904,com.android.launcher3,905,0,945,84,1320,8,1321,5]
11-22 08:12:55.118 1489 1631 I wm_activity_launch_time: [0,53606147,com.android.gallery3d/.app.GalleryActivity,186]
11-22 08:12:55.395 1489 8504 I wm_task_moved: [1,0,5]
11-22 08:12:55.398 1489 8504 I wm_add_to_stopping: [0,168390208,com.android.launcher3/.uioverrides.QuickstepLauncher,makeInvisible]
11-22 08:12:55.409 1489 1489 I notification_enqueue: [10082,2375,com.android.systemui,2048,NULL,0,Notification(channel=updateNotification shortcut=null contentView=null vibrate=null sound=null defaults=0x0 flags=0x0 color=0x00000000 vis=PRIVATE),1]
11-22 08:12:55.409 1489 1634 I wm_stop_activity: [0,168390208,com.android.launcher3/.uioverrides.QuickstepLauncher]
11-22 08:12:55.410 1489 1634 I wm_stop_activity: [0,109270776,com.android.settings/.homepage.SettingsHomepageActivity]
11-22 08:12:55.410 2375 2375 I sysui_multi_action: [757,111,758,2]
11-22 08:12:55.410 1489 1636 I input_focus: [Focus request e17fa6a com.android.gallery3d/com.android.gallery3d.app.GalleryActivity,reason=UpdateInputWindows]
11-22 08:12:55.411 2375 2375 I sysui_multi_action: [757,111,758,2]
11-22 08:12:55.425 19524 19524 I wm_on_stop_called: [109270776,com.android.settings.homepage.SettingsHomepageActivity,STOP_ACTIVITY_ITEM]
11-22 08:12:55.432 1489 2012 I input_focus: [Focus leaving 3cc67bf com.android.launcher3/com.android.launcher3.uioverrides.QuickstepLauncher (server),reason=NO_WINDOW]
11-22 08:12:55.432 1489 2012 I input_focus: [Focus entering e17fa6a com.android.gallery3d/com.android.gallery3d.app.GalleryActivity (server),reason=setFocusedWindow]
11-22 08:12:55.441 2375 2375 I sysui_multi_action: [757,111,758,1]
11-22 08:12:55.441 2375 2375 I sysui_multi_action: [757,126,758,1,759,126,927,0,928,0,1593,0]
11-22 08:12:55.441 2375 2375 I sysui_multi_action: [757,113,758,1,759,113,927,1,928,1,1593,0]
11-22 08:12:55.441 2375 2375 I sysui_multi_action: [757,0,758,1,759,0,927,2,928,0,1593,0]
11-22 08:12:55.441 2375 2375 I sysui_multi_action: [757,0,758,1,759,0,927,3,928,0,1593,0]
11-22 08:12:55.442 2375 2375 I sysui_multi_action: [757,491,758,1,759,491,927,4,928,0,1311,-1,1593,0]
11-22 08:12:55.442 2375 2375 I sysui_multi_action: [757,0,758,1,759,0,927,5,928,0,1593,0]
11-22 08:12:55.442 2375 2375 I sysui_multi_action: [757,114,758,1,759,114,927,6,928,0,1593,0]
11-22 08:12:55.442 2375 2375 I sysui_multi_action: [757,111,758,1]
11-22 08:12:55.442 2375 2375 I sysui_multi_action: [757,126,758,1,759,126,927,0,928,0,1593,0]
11-22 08:12:55.442 2375 2375 I sysui_multi_action: [757,113,758,1,759,113,927,1,928,1,1593,0]
11-22 08:12:55.442 2375 2375 I sysui_multi_action: [757,0,758,1,759,0,927,2,928,0,1593,0]
11-22 08:12:55.442 2375 2375 I sysui_multi_action: [757,0,758,1,759,0,927,3,928,0,1593,0]
11-22 08:12:55.463 2840 2840 I wm_on_stop_called: [168390208,com.android.launcher3.uioverrides.QuickstepLauncher,STOP_ACTIVITY_ITEM]
11-22 08:12:56.035 0 0 I auditd : type=1400 audit(0.0:5542): avc: denied { kill } for comm="swapper/2" capability=5 scontext=u:r:kernel:s0 tcontext=u:r:kernel:s0 tclass=capability permissive=0
11-22 08:12:56.367 1489 2012 I input_interaction: Interaction with: e17fa6a com.android.gallery3d/com.android.gallery3d.app.GalleryActivity (server), edge-swipe (server), swipe-up (server), PointerEventDispatcher0 (server),
11-22 08:12:57.035 0 0 I auditd : type=1400 audit(0.0:5543): avc: denied { kill } for comm="swapper/2" capability=5 scontext=u:r:kernel:s0 tcontext=u:r:kernel:s0 tclass=capability permissive=0
11-22 08:12:59.068 1489 1636 I input_focus: [Focus request 7aaab82 PopupWindow:dbfb022,reason=UpdateInputWindows]
11-22 08:12:59.090 1489 2012 I input_focus: [Focus leaving e17fa6a com.android.gallery3d/com.android.gallery3d.app.GalleryActivity (server),reason=Waiting for window because NOT_VISIBLE]
11-22 08:12:59.106 1489 2012 I input_focus: [Focus entering 7aaab82 PopupWindow:dbfb022 (server),reason=Window became focusable. Previous reason: NOT_VISIBLE]
11-22 08:13:00.035 0 0 I auditd : type=1400 audit(0.0:5544): avc: denied { kill } for comm="swapper/3" capability=5 scontext=u:r:kernel:s0 tcontext=u:r:kernel:s0 tclass=capability permissive=0
11-22 08:13:01.035 0 0 I auditd : type=1400 audit(0.0:5545): avc: denied { kill } for comm="swapper/3" capability=5 scontext=u:r:kernel:s0 tcontext=u:r:kernel:s0 tclass=capability permissive=0
11-22 08:13:02.035 0 0 I auditd : type=1400 audit(0.0:5546): avc: denied { kill } for comm="swapper/3" capability=5 scontext=u:r:kernel:s0 tcontext=u:r:kernel:s0 tclass=capability permissive=0
11-22 08:13:02.606 1489 2012 I input_interaction: Interaction with: 7aaab82 PopupWindow:dbfb022 (server), edge-swipe (server), swipe-up (server), PointerEventDispatcher0 (server),
11-22 08:13:02.754 20412 20412 I menu_item_selected: [0,修剪]
11-22 08:13:02.765 1489 8504 I wm_task_moved: [210,1,7]
11-22 08:13:02.766 1489 8504 I wm_set_resumed_activity: [0,com.android.gallery3d/.app.GalleryActivity,positionChildAt]
11-22 08:13:02.766 1489 8504 I wm_create_activity: [0,208009382,210,com.android.gallery3d/.app.TrimVideo,NULL,NULL,content://media/external/video/media/23,0]
11-22 08:13:02.768 1489 8504 I wm_pause_activity: [0,53606147,com.android.gallery3d/.app.GalleryActivity,userLeaving=true,resumeTopActivityInnerLocked]
11-22 08:13:02.789 1489 1636 I input_focus: [Focus request e17fa6a com.android.gallery3d/com.android.gallery3d.app.GalleryActivity,reason=UpdateInputWindows]
11-22 08:13:02.792 20412 20412 I wm_on_top_resumed_lost_called: [53606147,com.android.gallery3d.app.GalleryActivity,topStateChangedWhenResumed]
11-22 08:13:02.813 1489 2012 I input_focus: [Focus entering e17fa6a com.android.gallery3d/com.android.gallery3d.app.GalleryActivity (server),reason=setFocusedWindow]
11-22 08:13:02.817 20412 20412 I wm_on_paused_called: [53606147,com.android.gallery3d.app.GalleryActivity,performPause]
11-22 08:13:02.821 1489 1597 I wm_add_to_stopping: [0,53606147,com.android.gallery3d/.app.GalleryActivity,makeInvisible]
11-22 08:13:02.822 1489 1597 I wm_restart_activity: [0,208009382,210,com.android.gallery3d/.app.TrimVideo]
11-22 08:13:02.823 1489 1597 I wm_set_resumed_activity: [0,com.android.gallery3d/.app.TrimVideo,minimalResumeActivityLocked]
11-22 08:13:02.828 1489 1634 I sysui_multi_action: [757,803,799,window_time_0,802,8]
11-22 08:13:02.845 1489 2012 I input_focus: [Focus leaving e17fa6a com.android.gallery3d/com.android.gallery3d.app.GalleryActivity (server),reason=NO_WINDOW]
11-22 08:13:02.852 20412 20412 I wm_on_create_called: [208009382,com.android.gallery3d.app.TrimVideo,performCreate]
11-22 08:13:02.852 20412 20412 I wm_on_start_called: [208009382,com.android.gallery3d.app.TrimVideo,handleStartActivity]
11-22 08:13:02.853 20412 20412 I wm_on_resume_called: [208009382,com.android.gallery3d.app.TrimVideo,RESUME_ACTIVITY]
11-22 08:13:02.857 20412 20412 I wm_on_top_resumed_gained_called: [208009382,com.android.gallery3d.app.TrimVideo,topStateChangedWhenResumed]
11-22 08:13:02.866 1489 1636 I input_focus: [Focus request b29767e com.android.gallery3d/com.android.gallery3d.app.TrimVideo,reason=UpdateInputWindows]
11-22 08:13:02.915 1489 1631 I wm_activity_launch_time: [0,208009382,com.android.gallery3d/.app.TrimVideo,155]
11-22 08:13:02.931 1489 2012 I input_focus: [Focus entering b29767e com.android.gallery3d/com.android.gallery3d.app.TrimVideo (server),reason=Window became focusable. Previous reason: NOT_VISIBLE]
11-22 08:13:03.050 1489 2830 I snet_event_log: [172655291,-1,]
11-22 08:13:03.318 1489 1634 I wm_stop_activity: [0,53606147,com.android.gallery3d/.app.GalleryActivity]
11-22 08:13:03.337 20412 20412 I wm_on_stop_called: [53606147,com.android.gallery3d.app.GalleryActivity,STOP_ACTIVITY_ITEM]
11-22 08:13:04.035 0 0 I auditd : type=1400 audit(0.0:5547): avc: denied { kill } for comm="swapper/2" capability=5 scontext=u:r:kernel:s0 tcontext=u:r:kernel:s0 tclass=capability permissive=0
11-22 08:13:05.035 0 0 I auditd : type=1400 audit(0.0:5548): avc: denied { kill } for comm="swapper/2" capability=5 scontext=u:r:kernel:s0 tcontext=u:r:kernel:s0 tclass=capability permissive=0
11-22 08:13:05.206 1489 2012 I input_interaction: Interaction with: b29767e com.android.gallery3d/com.android.gallery3d.app.TrimVideo (server), edge-swipe (server), swipe-up (server), PointerEventDispatcher0 (server),
11-22 08:13:05.271 1489 8504 I snet_event_log: [172655291,-1,]
11-22 08:13:06.035 0 0 I auditd : type=1400 audit(0.0:5549): avc: denied { kill } for comm="swapper/2" capability=5 scontext=u:r:kernel:s0 tcontext=u:r:kernel:s0 tclass=capability permissive=0
11-22 08:13:06.463 1489 8504 I wm_task_moved: [1,0,0]
11-22 08:13:06.464 1489 8504 I wm_task_moved: [1,0,6]
11-22 08:13:06.471 2840 2840 I wm_on_restart_called: [168390208,com.android.launcher3.uioverrides.QuickstepLauncher,performRestartActivity]
11-22 08:13:06.485 2840 2840 I wm_on_start_called: [168390208,com.android.launcher3.uioverrides.QuickstepLauncher,handleStartActivity]
11-22 08:13:06.512 2840 2840 I sysui_latency: [1,44]
11-22 08:13:06.514 20412 20412 I view_enqueue_input_event: [Motion - Cancel,com.android.gallery3d/com.android.gallery3d.app.TrimVideo]
11-22 08:13:06.517 1489 1636 I input_focus: [Focus request recents_animation_input_consumer,reason=UpdateInputWindows]
11-22 08:13:06.520 1489 2012 I input_interaction: Interaction with: edge-swipe (server), swipe-up (server), PointerEventDispatcher0 (server),
11-22 08:13:06.525 1489 1631 I sysui_multi_action: [319,9,322,46,325,18975,757,761,758,9,759,5,806,com.android.launcher3,871,com.android.launcher3.uioverrides.QuickstepLauncher,905,0,1320,8,1321,5]
11-22 08:13:06.538 1489 2012 I input_focus: [Focus leaving b29767e com.android.gallery3d/com.android.gallery3d.app.TrimVideo (server),reason=NOT_FOCUSABLE]
11-22 08:13:06.538 1489 2012 I input_focus: [Focus entering recents_animation_input_consumer (server),reason=setFocusedWindow]
11-22 08:13:06.691 1489 1751 I commit_sys_config_file: [settings-1-0,7]
11-22 08:13:06.812 1489 1648 I sysui_latency: [8,55]
11-22 08:13:06.908 1489 6707 I wm_task_moved: [1,0,5]
11-22 08:13:06.909 1489 6707 I wm_add_to_stopping: [0,168390208,com.android.launcher3/.uioverrides.QuickstepLauncher,makeInvisible]
11-22 08:13:06.916 1489 1636 I input_focus: [Focus request b29767e com.android.gallery3d/com.android.gallery3d.app.TrimVideo,reason=UpdateInputWindows]
11-22 08:13:06.918 1489 1634 I wm_stop_activity: [0,168390208,com.android.launcher3/.uioverrides.QuickstepLauncher]
11-22 08:13:06.937 1489 1648 I am_pss : [20412,10069,com.android.gallery3d,62215168,56049664,0,183431168,0,2,7]
11-22 08:13:06.939 1489 2012 I input_focus: [Focus leaving recents_animation_input_consumer (server),reason=NOT_VISIBLE]
11-22 08:13:06.940 1489 2012 I input_focus: [Focus entering b29767e com.android.gallery3d/com.android.gallery3d.app.TrimVideo (server),reason=setFocusedWindow]
11-22 08:13:06.955 2840 2840 I wm_on_stop_called: [168390208,com.android.launcher3.uioverrides.QuickstepLauncher,STOP_ACTIVITY_ITEM]
11-22 08:13:07.035 0 0 I auditd : type=1400 audit(0.0:5550): avc: denied { kill } for comm="swapper/2" capability=5 scontext=u:r:kernel:s0 tcontext=u:r:kernel:s0 tclass=capability permissive=0
11-22 08:13:07.149 1489 1751 I commit_sys_config_file: [settings-1-0,4]
11-22 08:13:07.261 1489 2012 I input_interaction: Interaction with: b29767e com.android.gallery3d/com.android.gallery3d.app.TrimVideo (server), edge-swipe (server), swipe-up (server), PointerEventDispatcher0 (server),
11-22 08:13:08.035 0 0 I auditd : type=1400 audit(0.0:5551): avc: denied { kill } for comm="swapper/2" capability=5 scontext=u:r:kernel:s0 tcontext=u:r:kernel:s0 tclass=capability permissive=0
11-22 08:13:09.035 0 0 I auditd : type=1400 audit(0.0:5552): avc: denied { kill } for comm="swapper/2" capability=5 scontext=u:r:kernel:s0 tcontext=u:r:kernel:s0 tclass=capability permissive=0
11-22 08:13:09.546 1489 1489 I service_manager_stats: [100,70,83600]
11-22 08:13:09.599 1489 1636 I input_focus: [Focus request fa930cb 正在剪辑,reason=UpdateInputWindows]
11-22 08:13:09.631 1489 2012 I input_focus: [Focus leaving b29767e com.android.gallery3d/com.android.gallery3d.app.TrimVideo (server),reason=Waiting for window because NOT_VISIBLE]
11-22 08:13:09.649 1489 2012 I input_focus: [Focus entering fa930cb 正在剪辑 (server),reason=Window became focusable. Previous reason: NOT_VISIBLE]
11-22 08:13:10.035 0 0 I auditd : type=1400 audit(0.0:5553): avc: denied { kill } for comm="swapper/2" capability=5 scontext=u:r:kernel:s0 tcontext=u:r:kernel:s0 tclass=capability permissive=0
11-22 08:13:12.035 0 0 I auditd : type=1400 audit(0.0:5554): avc: denied { kill } for comm="swapper/0" capability=5 scontext=u:r:kernel:s0 tcontext=u:r:kernel:s0 tclass=capability permissive=0
11-22 08:13:12.928 1489 1636 I input_focus: [Focus request b29767e com.android.gallery3d/com.android.gallery3d.app.TrimVideo,reason=UpdateInputWindows]
11-22 08:13:12.931 1489 6707 I am_crash: [20412,0,com.android.gallery3d,819510341,android.os.FileUriExposedException,file:///storage/emulated/0/test/test/TRIM_20221122_081309.mp4 exposed beyond app through Intent.getData(),StrictMode.java,2209]
11-22 08:13:12.936 1489 6707 I wm_finish_activity: [0,208009382,210,com.android.gallery3d/.app.TrimVideo,force-crash]
11-22 08:13:12.960 1489 6707 I wm_pause_activity: [0,208009382,com.android.gallery3d/.app.TrimVideo,userLeaving=false,finish]
11-22 08:13:12.966 1489 6707 I sysui_multi_action: [757,316,758,4,759,-1]
11-22 08:13:13.035 1489 8504 I am_proc_died: [0,20412,com.android.gallery3d,0,2]
11-22 08:13:13.052 1489 8504 I am_uid_stopped: 10069
11-22 08:13:13.083 1489 1634 I am_uid_running: 10069
11-22 08:13:13.090 1489 1651 I am_proc_start: [0,20499,10069,com.android.gallery3d,top-activity,{com.android.gallery3d/com.android.gallery3d.app.GalleryActivity}]
11-22 08:13:13.092 1489 1648 I am_pss : [20303,10083,com.qualcomm.qti.qccauthmgr,6373376,4030464,183296,94703616,0,19,5]
11-22 08:13:13.102 1489 6043 I am_proc_bound: [0,20499,com.android.gallery3d]
11-22 08:13:13.105 1489 6043 I wm_restart_activity: [0,53606147,210,com.android.gallery3d/.app.GalleryActivity]
11-22 08:13:13.105 1489 6043 I wm_set_resumed_activity: [0,com.android.gallery3d/.app.GalleryActivity,minimalResumeActivityLocked]
11-22 08:13:13.105 1489 6043 I am_uid_active: 10069
11-22 08:13:13.166 20499 20499 I wm_on_create_called: [53606147,com.android.gallery3d.app.GalleryActivity,performCreate]
11-22 08:13:13.167 20499 20499 I wm_on_start_called: [53606147,com.android.gallery3d.app.GalleryActivity,handleStartActivity]
11-22 08:13:13.174 20499 20499 I wm_on_activity_result_called: [53606147,com.android.gallery3d.app.GalleryActivity,RESUME_ACTIVITY]
11-22 08:13:13.176 20499 20499 I wm_on_resume_called: [53606147,com.android.gallery3d.app.GalleryActivity,RESUME_ACTIVITY]
11-22 08:13:13.191 1489 1636 I input_focus: [Focus request 63e85f3 com.android.gallery3d/com.android.gallery3d.app.GalleryActivity,reason=UpdateInputWindows]
11-22 08:13:13.199 1489 1489 I notification_enqueue: [10082,2375,com.android.systemui,2048,NULL,0,Notification(channel=updateNotification shortcut=null contentView=null vibrate=null sound=null defaults=0x0 flags=0x0 color=0x00000000 vis=PRIVATE),1]
11-22 08:13:13.199 2375 2375 I sysui_multi_action: [757,111,758,2]
11-22 08:13:13.200 2375 2375 I sysui_multi_action: [757,111,758,2]
11-22 08:13:13.221 2375 2375 I sysui_multi_action: [757,111,758,1]
11-22 08:13:13.221 2375 2375 I sysui_multi_action: [757,126,758,1,759,126,927,0,928,0,1593,0]
11-22 08:13:13.221 2375 2375 I sysui_multi_action: [757,113,758,1,759,113,927,1,928,1,1593,0]
11-22 08:13:13.221 2375 2375 I sysui_multi_action: [757,0,758,1,759,0,927,2,928,0,1593,0]
11-22 08:13:13.222 2375 2375 I sysui_multi_action: [757,0,758,1,759,0,927,3,928,0,1593,0]
11-22 08:13:13.222 2375 2375 I sysui_multi_action: [757,491,758,1,759,491,927,4,928,0,1311,-1,1593,0]
11-22 08:13:13.222 2375 2375 I sysui_multi_action: [757,0,758,1,759,0,927,5,928,0,1593,0]
11-22 08:13:13.222 2375 2375 I sysui_multi_action: [757,114,758,1,759,114,927,6,928,0,1593,0]
11-22 08:13:13.222 2375 2375 I sysui_multi_action: [757,111,758,1]
11-22 08:13:13.222 2375 2375 I sysui_multi_action: [757,126,758,1,759,126,927,0,928,0,1593,0]
11-22 08:13:13.222 2375 2375 I sysui_multi_action: [757,113,758,1,759,113,927,1,928,1,1593,0]
11-22 08:13:13.222 2375 2375 I sysui_multi_action: [757,0,758,1,759,0,927,2,928,0,1593,0]
11-22 08:13:13.222 2375 2375 I sysui_multi_action: [757,0,758,1,759,0,927,3,928,0,1593,0]
11-22 08:13:13.273 1489 2012 I input_focus: [Focus entering 63e85f3 com.android.gallery3d/com.android.gallery3d.app.GalleryActivity (server),reason=Window became focusable. Previous reason: NOT_VISIBLE]
11-22 08:13:13.461 20499 20499 I wm_on_top_resumed_gained_called: [53606147,com.android.gallery3d.app.GalleryActivity,topStateChangedWhenResumed]
11-22 08:13:14.035 0 0 I auditd : type=1400 audit(0.0:5555): avc: denied { kill } for comm="swapper/0" capability=5 scontext=u:r:kernel:s0 tcontext=u:r:kernel:s0 tclass=capability permissive=0
11-22 08:13:14.652 1489 2012 I input_interaction: Interaction with: 63e85f3 com.android.gallery3d/com.android.gallery3d.app.GalleryActivity (server), edge-swipe (server), swipe-up (server), PointerEventDispatcher0 (server),
11-22 08:13:14.662 1489 8504 I wm_task_moved: [1,0,0]
11-22 08:13:14.662 1489 8504 I wm_task_moved: [1,0,6]
11-22 08:13:14.675 2840 2840 I wm_on_restart_called: [168390208,com.android.launcher3.uioverrides.QuickstepLauncher,performRestartActivity]
11-22 08:13:14.696 2840 2840 I wm_on_start_called: [168390208,com.android.launcher3.uioverrides.QuickstepLauncher,handleStartActivity]
11-22 08:13:14.697 20499 20499 I view_enqueue_input_event: [Motion - Cancel,com.android.gallery3d/com.android.gallery3d.app.GalleryActivity]
11-22 08:13:14.698 1489 1636 I input_focus: [Focus request recents_animation_input_consumer,reason=UpdateInputWindows]
11-22 08:13:14.700 1489 2012 I input_interaction: Interaction with: edge-swipe (server), swipe-up (server), PointerEventDispatcher0 (server),
11-22 08:13:14.705 2840 2840 I sysui_latency: [1,53]
11-22 08:13:14.708 1489 2012 I input_focus: [Focus leaving 63e85f3 com.android.gallery3d/com.android.gallery3d.app.GalleryActivity (server),reason=NOT_FOCUSABLE]
11-22 08:13:14.708 1489 2012 I input_focus: [Focus entering recents_animation_input_consumer (server),reason=setFocusedWindow]
11-22 08:13:14.720 1489 1631 I sysui_multi_action: [319,9,322,50,325,18983,757,761,758,9,759,5,806,com.android.launcher3,871,com.android.launcher3.uioverrides.QuickstepLauncher,905,0,1320,8,1321,5]
11-22 08:13:14.901 1489 1751 I commit_sys_config_file: [settings-1-0,5]
11-22 08:13:15.015 1489 1648 I sysui_latency: [8,58]
11-22 08:13:15.035 0 0 I auditd : type=1400 audit(0.0:5556): avc: denied { kill } for comm="swapper/0" capability=5 scontext=u:r:kernel:s0 tcontext=u:r:kernel:s0 tclass=capability permissive=0
11-22 08:13:15.446 1489 1949 I wm_task_moved: [1,1,7]
11-22 08:13:15.448 20499 20499 I wm_on_top_resumed_lost_called: [53606147,com.android.gallery3d.app.GalleryActivity,topStateChangedWhenResumed]
11-22 08:13:15.449 1489 1949 I wm_task_moved: [10,1,2147483647]
11-22 08:13:15.449 1489 1949 I wm_task_to_front: [0,10]
11-22 08:13:15.449 1489 1949 I wm_focused_root_task: [0,0,1,210,RecentsAnimation.onAnimationFinished()]
11-22 08:13:15.450 1489 1949 I wm_set_resumed_activity: [0,com.android.launcher3/.uioverrides.QuickstepLauncher,RecentsAnimation.onAnimationFinished()]
11-22 08:13:15.453 1489 1949 I wm_pause_activity: [0,53606147,com.android.gallery3d/.app.GalleryActivity,userLeaving=true,pauseBackTasks]
11-22 08:13:15.458 1489 1949 I wm_add_to_stopping: [0,53606147,com.android.gallery3d/.app.GalleryActivity,makeInvisible]
11-22 08:13:15.460 1489 1949 I wm_set_resumed_activity: [0,com.android.launcher3/.uioverrides.QuickstepLauncher,resumeTopActivityInnerLocked]
11-22 08:13:15.465 1489 1949 I wm_resume_activity: [0,168390208,10,com.android.launcher3/.uioverrides.QuickstepLauncher]
11-22 08:13:15.469 2840 2840 I wm_on_resume_called: [168390208,com.android.launcher3.uioverrides.QuickstepLauncher,RESUME_ACTIVITY]
11-22 08:13:15.474 1489 1636 I input_focus: [Focus request 3cc67bf com.android.launcher3/com.android.launcher3.uioverrides.QuickstepLauncher,reason=UpdateInputWindows]
11-22 08:13:15.483 20499 20499 I wm_on_paused_called: [53606147,com.android.gallery3d.app.GalleryActivity,performPause]
11-22 08:13:15.485 2840 2840 I wm_on_top_resumed_gained_called: [168390208,com.android.launcher3.uioverrides.QuickstepLauncher,topStateChangedWhenResumed]
11-22 08:13:15.488 1489 2012 I input_focus: [Focus leaving recents_animation_input_consumer (server),reason=NOT_VISIBLE]
11-22 08:13:15.489 1489 1634 I wm_stop_activity: [0,53606147,com.android.gallery3d/.app.GalleryActivity]
11-22 08:13:15.489 1489 1634 I sysui_multi_action: [757,803,799,window_time_0,802,13]
11-22 08:13:15.490 1489 1634 I sysui_multi_action: [757,803,799,window_time_0,802,0]
11-22 08:13:15.496 1489 2012 I input_focus: [Focus entering 3cc67bf com.android.launcher3/com.android.launcher3.uioverrides.QuickstepLauncher (server),reason=setFocusedWindow]
11-22 08:13:15.511 20499 20499 I wm_on_stop_called: [53606147,com.android.gallery3d.app.GalleryActivity,STOP_ACTIVITY_ITEM]
11-22 08:13:15.799 1489 2012 I input_interaction: Interaction with: 3cc67bf com.android.launcher3/com.android.launcher3.uioverrides.QuickstepLauncher (server), 6449bab com.android.systemui.ImageWallpaper (server), edge-swipe (server), swipe-up (server), PointerEventDispatcher0 (server),
11-22 08:13:16.035 352 352 I auditd : type=1400 audit(0.0:5557): avc: denied { kill } for comm="irq/382-atmel_m" capability=5 scontext=u:r:kernel:s0 tcontext=u:r:kernel:s0 tclass=capability permissive=0
11-22 08:13:16.738 1489 5394 I wm_task_moved: [210,1,7]
11-22 08:13:16.738 1489 5394 I wm_task_to_front: [0,210]
11-22 08:13:16.739 1489 5394 I wm_focused_root_task: [0,0,210,1,bringingFoundTaskToFront]
11-22 08:13:16.740 1489 5394 I wm_set_resumed_activity: [0,com.android.gallery3d/.app.GalleryActivity,bringingFoundTaskToFront]
11-22 08:13:16.742 1489 5394 I wm_relaunch_resume_activity: [0,53606147,210,com.android.gallery3d/.app.GalleryActivity]
11-22 08:13:16.743 1489 5394 I wm_set_resumed_activity: [0,com.android.gallery3d/.app.GalleryActivity,resumeTopActivityInnerLocked]
11-22 08:13:16.744 1489 5394 I wm_resume_activity: [0,53606147,210,com.android.gallery3d/.app.GalleryActivity]
11-22 08:13:16.745 1489 5394 I wm_finish_activity: [0,53606147,210,com.android.gallery3d/.app.GalleryActivity,clear-task-all]
11-22 08:13:16.746 1489 5394 I wm_pause_activity: [0,53606147,com.android.gallery3d/.app.GalleryActivity,userLeaving=false,finish]
11-22 08:13:16.748 1489 5394 I wm_task_moved: [210,1,7]
11-22 08:13:16.749 1489 5394 I wm_create_activity: [0,31372009,210,com.android.gallery3d/.app.GalleryActivity,NULL,NULL,NULL,272662528]
11-22 08:13:16.753 2840 2840 I wm_on_top_resumed_lost_called: [168390208,com.android.launcher3.uioverrides.QuickstepLauncher,topStateChangedWhenResumed]
11-22 08:13:16.761 20499 20499 I wm_on_destroy_called: [53606147,com.android.gallery3d.app.GalleryActivity,performDestroy]
11-22 08:13:16.804 20499 20499 I wm_on_create_called: [53606147,com.android.gallery3d.app.GalleryActivity,performCreate]
11-22 08:13:16.805 20499 20499 I wm_on_start_called: [53606147,com.android.gallery3d.app.GalleryActivity,handleStartActivity]
11-22 08:13:16.810 20499 20499 I wm_on_resume_called: [53606147,com.android.gallery3d.app.GalleryActivity,RESUME_ACTIVITY]
11-22 08:13:16.820 20499 20499 I wm_on_paused_called: [53606147,com.android.gallery3d.app.GalleryActivity,performPause]
11-22 08:13:16.820 1489 5394 I wm_add_to_stopping: [0,53606147,com.android.gallery3d/.app.GalleryActivity,completeFinishing]
11-22 08:13:16.822 1489 5394 I wm_restart_activity: [0,31372009,210,com.android.gallery3d/.app.GalleryActivity]
11-22 08:13:16.822 1489 5394 I wm_set_resumed_activity: [0,com.android.gallery3d/.app.GalleryActivity,minimalResumeActivityLocked]
11-22 08:13:16.825 1489 1634 I sysui_multi_action: [757,803,799,window_time_0,802,1]
11-22 08:13:16.852 20499 20499 I wm_on_create_called: [31372009,com.android.gallery3d.app.GalleryActivity,performCreate]
11-22 08:13:16.853 20499 20499 I wm_on_start_called: [31372009,com.android.gallery3d.app.GalleryActivity,handleStartActivity]
11-22 08:13:16.856 20499 20499 I wm_on_resume_called: [31372009,com.android.gallery3d.app.GalleryActivity,RESUME_ACTIVITY]
11-22 08:13:16.858 20499 20499 I wm_on_top_resumed_gained_called: [31372009,com.android.gallery3d.app.GalleryActivity,topStateChangedWhenResumed]
11-22 08:13:16.868 1489 1636 I input_focus: [Focus request 2af6a46 com.android.gallery3d/com.android.gallery3d.app.GalleryActivity,reason=UpdateInputWindows]
11-22 08:13:16.897 1489 2012 I input_focus: [Focus leaving 3cc67bf com.android.launcher3/com.android.launcher3.uioverrides.QuickstepLauncher (server),reason=Waiting for window because NOT_VISIBLE]
11-22 08:13:16.904 1489 1631 I wm_activity_launch_time: [0,31372009,com.android.gallery3d/.app.GalleryActivity,168]
11-22 08:13:16.914 1489 2012 I input_focus: [Focus entering 2af6a46 com.android.gallery3d/com.android.gallery3d.app.GalleryActivity (server),reason=Window became focusable. Previous reason: NOT_VISIBLE]
11-22 08:13:17.035 352 352 I auditd : type=1400 audit(0.0:5558): avc: denied { kill } for comm="irq/382-atmel_m" capability=5 scontext=u:r:kernel:s0 tcontext=u:r:kernel:s0 tclass=capability permissive=0
11-22 08:13:17.184 1489 1634 I wm_destroy_activity: [0,53606147,210,com.android.gallery3d/.app.GalleryActivity,finish-imm:idle]
11-22 08:13:17.187 20499 20499 I wm_on_stop_called: [53606147,com.android.gallery3d.app.GalleryActivity,LIFECYCLER_STOP_ACTIVITY]
11-22 08:13:17.189 20499 20499 I wm_on_destroy_called: [53606147,com.android.gallery3d.app.GalleryActivity,performDestroy]
11-22 08:13:18.035 0 0 I auditd : type=1400 audit(0.0:5559): avc: denied { kill } for comm="swapper/0" capability=5 scontext=u:r:kernel:s0 tcontext=u:r:kernel:s0 tclass=capability permissive=0
11-22 08:13:18.485 1489 2012 I input_interaction: Interaction with: 2af6a46 com.android.gallery3d/com.android.gallery3d.app.GalleryActivity (server), edge-swipe (server), swipe-up (server), PointerEventDispatcher0 (server),
11-22 08:13:21.035 0 0 I auditd : type=1400 audit(0.0:5560): avc: denied { kill } for comm="swapper/0" capability=5 scontext=u:r:kernel:s0 tcontext=u:r:kernel:s0 tclass=capability permissive=0
11-22 08:13:22.035 352 352 I auditd : type=1400 audit(0.0:5561): avc: denied { kill } for comm="irq/382-atmel_m" capability=5 scontext=u:r:kernel:s0 tcontext=u:r:kernel:s0 tclass=capability permissive=0
11-22 08:13:22.159 1489 1650 I am_uid_idle: 10083
11-22 08:13:23.035 0 0 I auditd : type=1400 audit(0.0:5562): avc: denied { kill } for comm="swapper/0" capability=5 scontext=u:r:kernel:s0 tcontext=u:r:kernel:s0 tclass=capability permissive=0
11-22 08:13:23.228 1489 1636 I input_focus: [Focus request 5223432 PopupWindow:a30cc62,reason=UpdateInputWindows]
11-22 08:13:23.247 1489 2012 I input_focus: [Focus leaving 2af6a46 com.android.gallery3d/com.android.gallery3d.app.GalleryActivity (server),reason=Waiting for window because NOT_VISIBLE]
