11-22 09:00:57.164 1006 1063 W HWComposer: Ignoring duplicate VSYNC event from HWC for display 4630946816427681409 (t=21845702904000)
11-22 09:00:57.220 1218 4889 I OMX-VENC: venc_dev: stats: avg. fps 20.65, bitrate 536656
11-22 09:00:57.297 1006 1063 W HWComposer: Ignoring duplicate VSYNC event from HWC for display 4630946816427681409 (t=21845836536000)
11-22 09:00:57.314 1006 1063 W HWComposer: Ignoring duplicate VSYNC event from HWC for display 4630946816427681409 (t=21845853205000)
11-22 09:00:57.331 1006 1063 W HWComposer: Ignoring duplicate VSYNC event from HWC for display 4630946816427681409 (t=21845869926000)
11-22 09:00:57.347 1006 1063 W HWComposer: Ignoring duplicate VSYNC event from HWC for display 4630946816427681409 (t=21845886625000)
11-22 09:00:57.364 1006 1063 W HWComposer: Ignoring duplicate VSYNC event from HWC for display 4630946816427681409 (t=21845903361000)
11-22 09:00:57.381 1006 1063 W HWComposer: Ignoring duplicate VSYNC event from HWC for display 4630946816427681409 (t=21845920114000)
11-22 09:00:57.385 647 662 I mpu_uart: [MSG-P:RECV]:No message received in 1000 ms
11-22 09:00:57.386 647 661 I mpu_uart: [MSG-P:R]:recv sync frame timeout
11-22 09:00:57.873 843 1064 W SDM : HWCDisplay::GetHWCLayer: [0] GetLayer(2757) failed: no such layer
11-22 09:00:57.876 1006 1006 W HwcComposer: command 0x3000000 generated error 3
11-22 09:00:58.035 352 352 I auditd : type=1400 audit(0.0:8247): avc: denied { kill } for comm="irq/382-atmel_m" capability=5 scontext=u:r:kernel:s0 tcontext=u:r:kernel:s0 tclass=capability permissive=0
11-22 09:00:58.035 352 352 W irq/382-atmel_m: type=1400 audit(0.0:8247): avc: denied { kill } for capability=5 scontext=u:r:kernel:s0 tcontext=u:r:kernel:s0 tclass=capability permissive=0
11-22 09:00:58.221 1218 4889 I OMX-VENC: venc_dev: stats: avg. fps 31.97, bitrate 867004
11-22 09:00:58.386 647 662 I mpu_uart: [MSG-P:RECV]:No message received in 1000 ms
11-22 09:00:59.035 0 0 I auditd : type=1400 audit(0.0:8248): avc: denied { kill } for comm="swapper/0" capability=5 scontext=u:r:kernel:s0 tcontext=u:r:kernel:s0 tclass=capability permissive=0
11-22 09:00:59.035 0 0 W swapper/0: type=1400 audit(0.0:8248): avc: denied { kill } for capability=5 scontext=u:r:kernel:s0 tcontext=u:r:kernel:s0 tclass=capability permissive=0
11-22 09:00:59.251 1218 4889 I OMX-VENC: venc_dev: stats: avg. fps 9.70, bitrate 238858
11-22 09:00:59.386 647 662 I mpu_uart: [MSG-P:RECV]:No message received in 1000 ms
11-22 09:01:00.002 2375 2375 D KeyguardUpdateMonitor: received broadcast android.intent.action.TIME_TICK
11-22 09:01:00.002 2375 2375 D KeyguardUpdateMonitor: handleTimeUpdate
11-22 09:01:00.035 0 0 I auditd : type=1400 audit(0.0:8249): avc: denied { kill } for comm="swapper/0" capability=5 scontext=u:r:kernel:s0 tcontext=u:r:kernel:s0 tclass=capability permissive=0
11-22 09:01:00.035 0 0 W swapper/0: type=1400 audit(0.0:8249): avc: denied { kill } for capability=5 scontext=u:r:kernel:s0 tcontext=u:r:kernel:s0 tclass=capability permissive=0
11-22 09:01:00.256 1218 4889 I OMX-VENC: venc_dev: stats: avg. fps 40.81, bitrate 1249138
11-22 09:01:00.386 647 662 I mpu_uart: [MSG-P:RECV]:No message received in 1000 ms
11-22 09:01:00.389 647 661 I mpu_uart: [MSG-P:R]:recv sync frame timeout
11-22 09:01:00.464 843 1064 W SDM : HWCDisplay::GetHWCLayer: [0] GetLayer(2758) failed: no such layer
11-22 09:01:00.467 1006 1006 W HwcComposer: command 0x3000000 generated error 3
11-22 09:01:01.035 0 0 I auditd : type=1400 audit(0.0:8250): avc: denied { kill } for comm="swapper/0" capability=5 scontext=u:r:kernel:s0 tcontext=u:r:kernel:s0 tclass=capability permissive=0
11-22 09:01:01.035 0 0 W swapper/0: type=1400 audit(0.0:8250): avc: denied { kill } for capability=5 scontext=u:r:kernel:s0 tcontext=u:r:kernel:s0 tclass=capability permissive=0
11-22 09:01:01.288 1218 4889 I OMX-VENC: venc_dev: stats: avg. fps 18.41, bitrate 436626
11-22 09:01:01.387 647 662 I mpu_uart: [MSG-P:RECV]:No message received in 1000 ms
11-22 09:01:02.035 0 0 I auditd : type=1400 audit(0.0:8251): avc: denied { kill } for comm="swapper/0" capability=5 scontext=u:r:kernel:s0 tcontext=u:r:kernel:s0 tclass=capability permissive=0
11-22 09:01:02.035 0 0 W swapper/0: type=1400 audit(0.0:8251): avc: denied { kill } for capability=5 scontext=u:r:kernel:s0 tcontext=u:r:kernel:s0 tclass=capability permissive=0
11-22 09:01:02.387 647 662 I mpu_uart: [MSG-P:RECV]:No message received in 1000 ms
11-22 09:01:02.679 1489 2808 I OpenGLRenderer: Davey! duration=9223350185662ms; Flags=0, FrameTimelineVsyncId=-1, IntendedVsync=21851192517860, Vsync=21851192519162, InputEventId=0, HandleInputStart=21851192526350, AnimationStart=21851192527964, PerformTraversalsStart=21851192529266, DrawStart=21851192624475, FrameDeadline=9223372036854775807, FrameInterval=21851192519162, FrameStartTime=16666666, SyncQueued=21851193264943, SyncStart=21851193376454, IssueDrawCommandsStart=21851193461245, SwapBuffers=21851195311402, FrameCompleted=9223372036854775807, DequeueBufferDuration=44114, QueueBufferDuration=851041, GpuCompleted=9223372036854775807, SwapBuffersCompleted=21851196692079, DisplayPresentTime=0,
11-22 09:01:02.680 1218 4889 I OMX-VENC: venc_dev: stats: avg. fps 4.31, bitrate 94573
11-22 09:01:02.760 1006 1063 W HWComposer: Ignoring duplicate VSYNC event from HWC for display 4630946816427681409 (t=21851299633000)
11-22 09:01:02.777 1006 1063 W HWComposer: Ignoring duplicate VSYNC event from HWC for display 4630946816427681409 (t=21851316353000)
11-22 09:01:02.794 1006 1063 W HWComposer: Ignoring duplicate VSYNC event from HWC for display 4630946816427681409 (t=21851333134000)
11-22 09:01:02.810 1006 1063 W HWComposer: Ignoring duplicate VSYNC event from HWC for display 4630946816427681409 (t=21851349759000)
11-22 09:01:02.827 1006 1063 W HWComposer: Ignoring duplicate VSYNC event from HWC for display 4630946816427681409 (t=21851366493000)
11-22 09:01:02.844 1006 1063 W HWComposer: Ignoring duplicate VSYNC event from HWC for display 4630946816427681409 (t=21851383186000)
11-22 09:01:02.978 1006 1063 W HWComposer: Ignoring duplicate VSYNC event from HWC for display 4630946816427681409 (t=21851516822000)
11-22 09:01:02.994 1006 1063 W HWComposer: Ignoring duplicate VSYNC event from HWC for display 4630946816427681409 (t=21851533547000)
11-22 09:01:03.011 1006 1063 W HWComposer: Ignoring duplicate VSYNC event from HWC for display 4630946816427681409 (t=21851550253000)
11-22 09:01:03.028 1006 1063 W HWComposer: Ignoring duplicate VSYNC event from HWC for display 4630946816427681409 (t=21851566967000)
11-22 09:01:03.035 0 0 I auditd : type=1400 audit(0.0:8252): avc: denied { kill } for comm="swapper/0" capability=5 scontext=u:r:kernel:s0 tcontext=u:r:kernel:s0 tclass=capability permissive=0
11-22 09:01:03.035 0 0 W swapper/0: type=1400 audit(0.0:8252): avc: denied { kill } for capability=5 scontext=u:r:kernel:s0 tcontext=u:r:kernel:s0 tclass=capability permissive=0
11-22 09:01:03.044 1006 1063 W HWComposer: Ignoring duplicate VSYNC event from HWC for display 4630946816427681409 (t=21851583672000)
11-22 09:01:03.061 1006 1063 W HWComposer: Ignoring duplicate VSYNC event from HWC for display 4630946816427681409 (t=21851600384000)
11-22 09:01:03.195 1006 1063 W HWComposer: Ignoring duplicate VSYNC event from HWC for display 4630946816427681409 (t=21851734018000)
11-22 09:01:03.211 1006 1063 W HWComposer: Ignoring duplicate VSYNC event from HWC for display 4630946816427681409 (t=21851750759000)
11-22 09:01:03.228 1006 1063 W HWComposer: Ignoring duplicate VSYNC event from HWC for display 4630946816427681409 (t=21851767422000)
11-22 09:01:03.245 1006 1063 W HWComposer: Ignoring duplicate VSYNC event from HWC for display 4630946816427681409 (t=21851784159000)
11-22 09:01:03.262 1006 1063 W HWComposer: Ignoring duplicate VSYNC event from HWC for display 4630946816427681409 (t=21851800861000)
11-22 09:01:03.278 1006 1063 W HWComposer: Ignoring duplicate VSYNC event from HWC for display 4630946816427681409 (t=21851817551000)
11-22 09:01:03.387 647 662 I mpu_uart: [MSG-P:RECV]:No message received in 1000 ms
11-22 09:01:03.392 647 661 I mpu_uart: [MSG-P:R]:recv sync frame timeout
11-22 09:01:03.623 843 1064 W SDM : HWCDisplay::GetHWCLayer: [0] GetLayer(2759) failed: no such layer
11-22 09:01:03.626 1006 1006 W HwcComposer: command 0x3000000 generated error 3
11-22 09:01:03.753 1218 4889 I OMX-VENC: venc_dev: stats: avg. fps 41.92, bitrate 1195705
11-22 09:01:04.035 352 352 I auditd : type=1400 audit(0.0:8253): avc: denied { kill } for comm="irq/382-atmel_m" capability=5 scontext=u:r:kernel:s0 tcontext=u:r:kernel:s0 tclass=capability permissive=0
11-22 09:01:04.035 352 352 W irq/382-atmel_m: type=1400 audit(0.0:8253): avc: denied { kill } for capability=5 scontext=u:r:kernel:s0 tcontext=u:r:kernel:s0 tclass=capability permissive=0
11-22 09:01:04.388 647 662 I mpu_uart: [MSG-P:RECV]:No message received in 1000 ms
11-22 09:01:04.779 1218 4889 I OMX-VENC: venc_dev: stats: avg. fps 11.70, bitrate 269189
11-22 09:01:05.035 0 0 I auditd : type=1400 audit(0.0:8254): avc: denied { kill } for comm="swapper/1" capability=5 scontext=u:r:kernel:s0 tcontext=u:r:kernel:s0 tclass=capability permissive=0
11-22 09:01:05.035 0 0 W swapper/1: type=1400 audit(0.0:8254): avc: denied { kill } for capability=5 scontext=u:r:kernel:s0 tcontext=u:r:kernel:s0 tclass=capability permissive=0
11-22 09:01:05.383 1006 1063 W HWComposer: Ignoring duplicate VSYNC event from HWC for display 4630946816427681409 (t=21853922602000)
11-22 09:01:05.389 647 662 I mpu_uart: [MSG-P:RECV]:No message received in 1000 ms
11-22 09:01:05.400 1006 1063 W HWComposer: Ignoring duplicate VSYNC event from HWC for display 4630946816427681409 (t=21853939322000)
11-22 09:01:05.417 1006 1063 W HWComposer: Ignoring duplicate VSYNC event from HWC for display 4630946816427681409 (t=21853956016000)
11-22 09:01:05.433 1006 1063 W HWComposer: Ignoring duplicate VSYNC event from HWC for display 4630946816427681409 (t=21853972711000)
11-22 09:01:05.450 1006 1063 W HWComposer: Ignoring duplicate VSYNC event from HWC for display 4630946816427681409 (t=21853989444000)
11-22 09:01:05.467 1006 1063 W HWComposer: Ignoring duplicate VSYNC event from HWC for display 4630946816427681409 (t=21854006110000)
11-22 09:01:05.789 1218 4889 I OMX-VENC: venc_dev: stats: avg. fps 39.59, bitrate 1111237
11-22 09:01:06.035 0 0 I auditd : type=1400 audit(0.0:8255): avc: denied { kill } for comm="swapper/1" capability=5 scontext=u:r:kernel:s0 tcontext=u:r:kernel:s0 tclass=capability permissive=0
11-22 09:01:06.035 0 0 W swapper/1: type=1400 audit(0.0:8255): avc: denied { kill } for capability=5 scontext=u:r:kernel:s0 tcontext=u:r:kernel:s0 tclass=capability permissive=0
11-22 09:01:06.144 843 1064 W SDM : HWCDisplay::GetHWCLayer: [0] GetLayer(2760) failed: no such layer
11-22 09:01:06.147 1006 1006 W HwcComposer: command 0x3000000 generated error 3
11-22 09:01:06.389 647 662 I mpu_uart: [MSG-P:RECV]:No message received in 1000 ms
11-22 09:01:06.392 647 661 I mpu_uart: [MSG-P:R]:recv sync frame timeout
11-22 09:01:06.830 1218 4889 I OMX-VENC: venc_dev: stats: avg. fps 22.10, bitrate 567918
11-22 09:01:07.035 0 0 I auditd : type=1400 audit(0.0:8256): avc: denied { kill } for comm="swapper/1" capability=5 scontext=u:r:kernel:s0 tcontext=u:r:kernel:s0 tclass=capability permissive=0
11-22 09:01:07.035 0 0 W swapper/1: type=1400 audit(0.0:8256): avc: denied { kill } for capability=5 scontext=u:r:kernel:s0 tcontext=u:r:kernel:s0 tclass=capability permissive=0
11-22 09:01:07.389 647 662 I mpu_uart: [MSG-P:RECV]:No message received in 1000 ms
11-22 09:01:07.715 843 1064 W SDM : HWCDisplay::GetHWCLayer: [0] GetLayer(2761) failed: no such layer
11-22 09:01:07.719 1006 1006 W HwcComposer: command 0x3000000 generated error 3
11-22 09:01:07.839 1218 4889 I OMX-VENC: venc_dev: stats: avg. fps 42.61, bitrate 1567823
11-22 09:01:08.035 0 0 I auditd : type=1400 audit(0.0:8257): avc: denied { kill } for comm="swapper/1" capability=5 scontext=u:r:kernel:s0 tcontext=u:r:kernel:s0 tclass=capability permissive=0
11-22 09:01:08.035 0 0 W swapper/1: type=1400 audit(0.0:8257): avc: denied { kill } for capability=5 scontext=u:r:kernel:s0 tcontext=u:r:kernel:s0 tclass=capability permissive=0
11-22 09:01:08.161 1489 2808 I OpenGLRenderer: Davey! duration=9223350180176ms; Flags=0, FrameTimelineVsyncId=-1, IntendedVsync=21856678363327, Vsync=21856678365983, InputEventId=0, HandleInputStart=21856678375410, AnimationStart=21856678378900, PerformTraversalsStart=21856678380566, DrawStart=21856678499212, FrameDeadline=9223372036854775807, FrameInterval=21856678365983, FrameStartTime=16666666, SyncQueued=21856679569160, SyncStart=21856679640358, IssueDrawCommandsStart=21856679724785, SwapBuffers=21856681418847, FrameCompleted=9223372036854775807, DequeueBufferDuration=33281, QueueBufferDuration=660000, GpuCompleted=9223372036854775807, SwapBuffersCompleted=21856682598587, DisplayPresentTime=953482739776,
11-22 09:01:08.389 647 662 I mpu_uart: [MSG-P:RECV]:No message received in 1000 ms
11-22 09:01:08.864 1218 4889 I OMX-VENC: venc_dev: stats: avg. fps 10.73, bitrate 219104
11-22 09:01:09.035 0 0 I auditd : type=1400 audit(0.0:8258): avc: denied { kill } for comm="swapper/1" capability=5 scontext=u:r:kernel:s0 tcontext=u:r:kernel:s0 tclass=capability permissive=0
11-22 09:01:09.035 0 0 W swapper/1: type=1400 audit(0.0:8258): avc: denied { kill } for capability=5 scontext=u:r:kernel:s0 tcontext=u:r:kernel:s0 tclass=capability permissive=0
11-22 09:01:09.069 843 1064 W SDM : HWCDisplay::GetHWCLayer: [0] GetLayer(2762) failed: no such layer
11-22 09:01:09.072 1006 1006 W HwcComposer: command 0x3000000 generated error 3
11-22 09:01:09.390 647 662 I mpu_uart: [MSG-P:RECV]:No message received in 1000 ms
11-22 09:01:09.396 647 661 I mpu_uart: [MSG-P:R]:recv sync frame timeout
11-22 09:01:09.919 1218 4889 I OMX-VENC: venc_dev: stats: avg. fps 18.95, bitrate 368625
11-22 09:01:10.035 0 0 I auditd : type=1400 audit(0.0:8259): avc: denied { kill } for comm="swapper/1" capability=5 scontext=u:r:kernel:s0 tcontext=u:r:kernel:s0 tclass=capability permissive=0
11-22 09:01:10.035 0 0 W swapper/1: type=1400 audit(0.0:8259): avc: denied { kill } for capability=5 scontext=u:r:kernel:s0 tcontext=u:r:kernel:s0 tclass=capability permissive=0
11-22 09:01:10.212 1006 1063 W HWComposer: Ignoring duplicate VSYNC event from HWC for display 4630946816427681409 (t=21858750876000)
11-22 09:01:10.228 1006 1063 W HWComposer: Ignoring duplicate VSYNC event from HWC for display 4630946816427681409 (t=21858767572000)
11-22 09:01:10.245 1006 1063 W HWComposer: Ignoring duplicate VSYNC event from HWC for display 4630946816427681409 (t=21858784295000)
11-22 09:01:10.262 1006 1063 W HWComposer: Ignoring duplicate VSYNC event from HWC for display 4630946816427681409 (t=21858800955000)
11-22 09:01:10.278 1006 1063 W HWComposer: Ignoring duplicate VSYNC event from HWC for display 4630946816427681409 (t=21858817693000)
11-22 09:01:10.295 1006 1063 W HWComposer: Ignoring duplicate VSYNC event from HWC for display 4630946816427681409 (t=21858834423000)
11-22 09:01:10.390 647 662 I mpu_uart: [MSG-P:RECV]:No message received in 1000 ms
11-22 09:01:10.993 1218 4889 I OMX-VENC: venc_dev: stats: avg. fps 27.95, bitrate 621193
11-22 09:01:11.035 0 0 I auditd : type=1400 audit(0.0:8260): avc: denied { kill } for comm="swapper/1" capability=5 scontext=u:r:kernel:s0 tcontext=u:r:kernel:s0 tclass=capability permissive=0
11-22 09:01:11.035 0 0 W swapper/1: type=1400 audit(0.0:8260): avc: denied { kill } for capability=5 scontext=u:r:kernel:s0 tcontext=u:r:kernel:s0 tclass=capability permissive=0
11-22 09:01:11.390 647 662 I mpu_uart: [MSG-P:RECV]:No message received in 1000 ms
11-22 09:01:11.504 24515 24515 I view_enqueue_input_event: [Motion - Cancel,com.android.gallery3d/com.android.gallery3d.app.GalleryActivity]
11-22 09:01:11.505 1489 2012 I input_interaction: Interaction with: WindowManager (server), edge-swipe (server), swipe-up (server), PointerEventDispatcher0 (server),
11-22 09:01:11.516 1489 1636 D FreeFormWindowHelper: refreshTipWindow windowDragBounds:Rect(2, 72 - 525, 1000)
11-22 09:01:11.518 1489 1636 W WindowManager: updateScale0.7996942
11-22 09:01:11.535 1489 1636 D FreeFormWindowHelper: refreshTipWindow windowDragBounds:Rect(3, 72 - 526, 1000)
11-22 09:01:11.536 1489 1636 W WindowManager: updateScale0.7996942
11-22 09:01:11.551 1489 1636 D FreeFormWindowHelper: refreshTipWindow windowDragBounds:Rect(5, 72 - 528, 1000)
11-22 09:01:11.553 1489 1636 W WindowManager: updateScale0.7996942
11-22 09:01:11.568 1489 1636 D FreeFormWindowHelper: refreshTipWindow windowDragBounds:Rect(6, 72 - 529, 1000)
11-22 09:01:11.570 1489 1636 W WindowManager: updateScale0.7996942
11-22 09:01:11.584 1489 2839 W WindowManager: updateScale0.7996942
11-22 09:01:11.587 1489 1636 D FreeFormWindowHelper: refreshTipWindow windowDragBounds:Rect(8, 72 - 531, 1000)
11-22 09:01:11.588 1489 1636 W WindowManager: updateScale0.7996942
11-22 09:01:11.598 1006 1063 W HWComposer: Ignoring duplicate VSYNC event from HWC for display 4630946816427681409 (t=21860137556000)
11-22 09:01:11.601 1489 1636 D FreeFormWindowHelper: refreshTipWindow windowDragBounds:Rect(9, 72 - 532, 1000)
11-22 09:01:11.603 1489 1636 W WindowManager: updateScale0.7996942
11-22 09:01:11.615 1006 1063 W HWComposer: Ignoring duplicate VSYNC event from HWC for display 4630946816427681409 (t=21860154268000)
11-22 09:01:11.619 1489 1636 D FreeFormWindowHelper: refreshTipWindow windowDragBounds:Rect(10, 72 - 533, 1000)
11-22 09:01:11.621 1489 1636 W WindowManager: updateScale0.7996942
11-22 09:01:11.632 1006 1063 W HWComposer: Ignoring duplicate VSYNC event from HWC for display 4630946816427681409 (t=21860170935000)
11-22 09:01:11.637 1489 1636 D FreeFormWindowHelper: refreshTipWindow windowDragBounds:Rect(13, 72 - 536, 1000)
11-22 09:01:11.638 1489 1636 W WindowManager: updateScale0.7996942
11-22 09:01:11.648 1006 1063 W HWComposer: Ignoring duplicate VSYNC event from HWC for display 4630946816427681409 (t=21860187694000)
11-22 09:01:11.653 1489 1636 D FreeFormWindowHelper: refreshTipWindow windowDragBounds:Rect(14, 72 - 537, 1000)
11-22 09:01:11.655 1489 1636 W WindowManager: updateScale0.7996942
11-22 09:01:11.665 1006 1063 W HWComposer: Ignoring duplicate VSYNC event from HWC for display 4630946816427681409 (t=21860204371000)
11-22 09:01:11.668 1489 1636 D FreeFormWindowHelper: refreshTipWindow windowDragBounds:Rect(17, 72 - 540, 1000)
11-22 09:01:11.670 1489 1636 W WindowManager: updateScale0.7996942
11-22 09:01:11.682 1006 1063 W HWComposer: Ignoring duplicate VSYNC event from HWC for display 4630946816427681409 (t=21860221055000)
11-22 09:01:11.684 1489 2839 W WindowManager: updateScale0.7996942
11-22 09:01:11.686 1489 1636 D FreeFormWindowHelper: refreshTipWindow windowDragBounds:Rect(19, 72 - 542, 1000)
11-22 09:01:11.688 1489 1636 W WindowManager: updateScale0.7996942
11-22 09:01:11.699 1489 1489 I service_manager_stats: [100,79,59426]
11-22 09:01:11.702 1489 1636 D FreeFormWindowHelper: refreshTipWindow windowDragBounds:Rect(22, 72 - 545, 1000)
11-22 09:01:11.703 1489 1636 W WindowManager: updateScale0.7996942
11-22 09:01:11.719 1489 1636 D FreeFormWindowHelper: refreshTipWindow windowDragBounds:Rect(25, 72 - 548, 1000)
11-22 09:01:11.721 1489 1636 W WindowManager: updateScale0.7996942
11-22 09:01:11.736 1489 1636 D FreeFormWindowHelper: refreshTipWindow windowDragBounds:Rect(28, 72 - 551, 1000)
11-22 09:01:11.738 1489 1636 W WindowManager: updateScale0.7996942
11-22 09:01:11.752 1489 1636 D FreeFormWindowHelper: refreshTipWindow windowDragBounds:Rect(31, 72 - 554, 1000)
11-22 09:01:11.753 1489 1636 W WindowManager: updateScale0.7996942
11-22 09:01:11.768 1489 1636 D FreeFormWindowHelper: refreshTipWindow windowDragBounds:Rect(35, 63 - 558, 991)
11-22 09:01:11.770 1489 1636 W WindowManager: updateScale0.7996942
11-22 09:01:11.785 1489 1636 D FreeFormWindowHelper: refreshTipWindow windowDragBounds:Rect(37, 63 - 560, 991)
11-22 09:01:11.787 1489 1636 W WindowManager: updateScale0.7996942
11-22 09:01:11.802 1489 1636 D FreeFormWindowHelper: refreshTipWindow windowDragBounds:Rect(40, 62 - 563, 990)
11-22 09:01:11.803 1489 1636 W WindowManager: updateScale0.7996942
11-22 09:01:11.819 1489 1636 D FreeFormWindowHelper: refreshTipWindow windowDragBounds:Rect(42, 62 - 565, 990)
11-22 09:01:11.820 1489 1636 W WindowManager: updateScale0.7996942
11-22 09:01:11.835 1489 1636 D FreeFormWindowHelper: refreshTipWindow windowDragBounds:Rect(44, 62 - 567, 990)
11-22 09:01:11.837 1489 1636 W WindowManager: updateScale0.7996942
11-22 09:01:11.852 1489 1636 D FreeFormWindowHelper: refreshTipWindow windowDragBounds:Rect(46, 62 - 569, 990)
11-22 09:01:11.854 1489 1636 W WindowManager: updateScale0.7996942
11-22 09:01:11.869 1489 1636 D FreeFormWindowHelper: refreshTipWindow windowDragBounds:Rect(47, 62 - 570, 990)
11-22 09:01:11.870 1489 1636 W WindowManager: updateScale0.7996942
11-22 09:01:11.885 1489 1636 D FreeFormWindowHelper: refreshTipWindow windowDragBounds:Rect(49, 62 - 572, 990)
11-22 09:01:11.887 1489 1636 W WindowManager: updateScale0.7996942
11-22 09:01:11.902 1489 1636 D FreeFormWindowHelper: refreshTipWindow windowDragBounds:Rect(51, 62 - 574, 990)
11-22 09:01:11.904 1489 1636 W WindowManager: updateScale0.7996942
11-22 09:01:11.919 1489 1636 D FreeFormWindowHelper: refreshTipWindow windowDragBounds:Rect(52, 62 - 575, 990)
11-22 09:01:11.920 1489 1636 W WindowManager: updateScale0.7996942
11-22 09:01:11.936 1489 1636 D FreeFormWindowHelper: refreshTipWindow windowDragBounds:Rect(55, 62 - 578, 990)
11-22 09:01:11.937 1489 1636 W WindowManager: updateScale0.7996942
11-22 09:01:11.952 1489 1636 D FreeFormWindowHelper: refreshTipWindow windowDragBounds:Rect(58, 62 - 581, 990)
11-22 09:01:11.954 1489 1636 W WindowManager: updateScale0.7996942
11-22 09:01:11.969 1489 1636 D FreeFormWindowHelper: refreshTipWindow windowDragBounds:Rect(61, 62 - 584, 990)
11-22 09:01:11.970 1489 1636 W WindowManager: updateScale0.7996942
11-22 09:01:11.986 1489 1636 D FreeFormWindowHelper: refreshTipWindow windowDragBounds:Rect(65, 62 - 588, 990)
11-22 09:01:11.987 1489 1636 W WindowManager: updateScale0.7996942
11-22 09:01:12.003 1489 1636 D FreeFormWindowHelper: refreshTipWindow windowDragBounds:Rect(70, 62 - 593, 990)
11-22 09:01:12.004 1489 1636 W WindowManager: updateScale0.7996942
11-22 09:01:12.009 1218 4889 I OMX-VENC: venc_dev: stats: avg. fps 26.56, bitrate 997161
11-22 09:01:12.019 1489 1636 D FreeFormWindowHelper: refreshTipWindow windowDragBounds:Rect(76, 62 - 599, 990)
11-22 09:01:12.020 1489 1636 W WindowManager: updateScale0.7996942
11-22 09:01:12.036 1489 1636 D FreeFormWindowHelper: refreshTipWindow windowDragBounds:Rect(83, 62 - 606, 990)
11-22 09:01:12.037 1489 1636 W WindowManager: updateScale0.7996942
11-22 09:01:12.035 24092 24092 I auditd : type=1400 audit(0.0:8261): avc: denied { kill } for comm="kworker/u17:3" capability=5 scontext=u:r:kernel:s0 tcontext=u:r:kernel:s0 tclass=capability permissive=0
11-22 09:01:12.035 24092 24092 W kworker/u17:3: type=1400 audit(0.0:8261): avc: denied { kill } for capability=5 scontext=u:r:kernel:s0 tcontext=u:r:kernel:s0 tclass=capability permissive=0
11-22 09:01:12.053 1489 1636 D FreeFormWindowHelper: refreshTipWindow windowDragBounds:Rect(92, 62 - 615, 990)
11-22 09:01:12.054 1489 1636 W WindowManager: updateScale0.7996942
11-22 09:01:12.069 1489 1636 D FreeFormWindowHelper: refreshTipWindow windowDragBounds:Rect(101, 62 - 624, 990)
11-22 09:01:12.070 1489 1636 W WindowManager: updateScale0.7996942
11-22 09:01:12.086 1489 1636 D FreeFormWindowHelper: refreshTipWindow windowDragBounds:Rect(112, 62 - 635, 990)
11-22 09:01:12.087 1489 1636 W WindowManager: updateScale0.7996942
11-22 09:01:12.103 1489 1636 D FreeFormWindowHelper: refreshTipWindow windowDragBounds:Rect(123, 60 - 646, 988)
11-22 09:01:12.105 1489 1636 W WindowManager: updateScale0.7996942
11-22 09:01:12.119 1489 1636 D FreeFormWindowHelper: refreshTipWindow windowDragBounds:Rect(133, 59 - 656, 987)
11-22 09:01:12.121 1489 1636 W WindowManager: updateScale0.7996942
11-22 09:01:12.136 1489 1636 D FreeFormWindowHelper: refreshTipWindow windowDragBounds:Rect(143, 58 - 666, 986)
11-22 09:01:12.137 1489 1636 W WindowManager: updateScale0.7996942
11-22 09:01:12.153 1489 1636 D FreeFormWindowHelper: refreshTipWindow windowDragBounds:Rect(155, 55 - 678, 983)
11-22 09:01:12.154 1489 1636 W WindowManager: updateScale0.7996942
11-22 09:01:12.169 1489 1636 D FreeFormWindowHelper: refreshTipWindow windowDragBounds:Rect(166, 55 - 689, 983)
11-22 09:01:12.171 1489 1636 W WindowManager: updateScale0.7996942
11-22 09:01:12.186 1489 1636 D FreeFormWindowHelper: refreshTipWindow windowDragBounds:Rect(176, 55 - 699, 983)
11-22 09:01:12.188 1489 1636 W WindowManager: updateScale0.7996942
11-22 09:01:12.203 1489 1636 D FreeFormWindowHelper: refreshTipWindow windowDragBounds:Rect(184, 55 - 707, 983)
11-22 09:01:12.204 1489 1636 W WindowManager: updateScale0.7996942
11-22 09:01:12.220 1489 1636 D FreeFormWindowHelper: refreshTipWindow windowDragBounds:Rect(191, 55 - 714, 983)
11-22 09:01:12.221 1489 1636 W WindowManager: updateScale0.7996942
11-22 09:01:12.236 1489 1636 D FreeFormWindowHelper: refreshTipWindow windowDragBounds:Rect(199, 55 - 722, 983)
11-22 09:01:12.240 1489 1636 W WindowManager: updateScale0.7996942
11-22 09:01:12.253 1489 1636 D FreeFormWindowHelper: refreshTipWindow windowDragBounds:Rect(208, 55 - 731, 983)
11-22 09:01:12.256 1489 1636 W WindowManager: updateScale0.7996942
11-22 09:01:12.270 1489 1636 D FreeFormWindowHelper: refreshTipWindow windowDragBounds:Rect(217, 55 - 740, 983)
11-22 09:01:12.271 1489 1636 W WindowManager: updateScale0.7996942
11-22 09:01:12.287 1489 1636 D FreeFormWindowHelper: refreshTipWindow windowDragBounds:Rect(225, 55 - 748, 983)
11-22 09:01:12.290 1489 1636 W WindowManager: updateScale0.7996942
11-22 09:01:12.303 1489 1636 D FreeFormWindowHelper: refreshTipWindow windowDragBounds:Rect(237, 55 - 760, 983)
11-22 09:01:12.304 1489 1636 W WindowManager: updateScale0.7996942
11-22 09:01:12.319 1489 1520 W System : A resource failed to call close.
11-22 09:01:12.319 1489 1520 W System : A resource failed to call close.
11-22 09:01:12.320 1489 1520 W System : A resource failed to call close.
11-22 09:01:12.320 1489 1636 D FreeFormWindowHelper: refreshTipWindow windowDragBounds:Rect(250, 55 - 773, 983)
11-22 09:01:12.321 1489 1520 W System : A resource failed to call release.
11-22 09:01:12.321 1489 1520 W System : A resource failed to call close.
11-22 09:01:12.321 1489 1520 W System : A resource failed to call close.
11-22 09:01:12.322 1489 1636 W WindowManager: updateScale0.7996942
11-22 09:01:12.336 1489 1636 D FreeFormWindowHelper: refreshTipWindow windowDragBounds:Rect(267, 54 - 790, 982)
11-22 09:01:12.338 1489 1636 W WindowManager: updateScale0.7996942
11-22 09:01:12.340 1489 2808 W WindowManager: updateScale0.7996942
11-22 09:01:12.353 1489 1636 D FreeFormWindowHelper: refreshTipWindow windowDragBounds:Rect(287, 52 - 810, 980)
11-22 09:01:12.355 1489 1636 W WindowManager: updateScale0.7996942
11-22 09:01:12.369 1489 2839 W WindowManager: updateScale0.7996942
11-22 09:01:12.370 1489 1636 D FreeFormWindowHelper: refreshTipWindow windowDragBounds:Rect(306, 51 - 829, 979)
11-22 09:01:12.372 1489 1636 W WindowManager: updateScale0.7996942
11-22 09:01:12.387 1489 1636 D FreeFormWindowHelper: refreshTipWindow windowDragBounds:Rect(332, 49 - 855, 977)
11-22 09:01:12.388 1489 1636 W WindowManager: updateScale0.7996942
11-22 09:01:12.390 647 662 I mpu_uart: [MSG-P:RECV]:No message received in 1000 ms
11-22 09:01:12.399 647 661 I mpu_uart: [MSG-P:R]:recv sync frame timeout
11-22 09:01:12.403 1489 1636 D FreeFormWindowHelper: refreshTipWindow windowDragBounds:Rect(360, 45 - 883, 973)
11-22 09:01:12.406 1489 1636 W WindowManager: updateScale0.7996942
11-22 09:01:12.419 1489 2808 W WindowManager: updateScale0.7996942
11-22 09:01:12.421 1489 1636 D FreeFormWindowHelper: refreshTipWindow windowDragBounds:Rect(385, 44 - 908, 972)
11-22 09:01:12.423 1489 1636 W WindowManager: updateScale0.7996942
11-22 09:01:12.428 24515 24676 I GLRootView: onSurfaceChanged: 654x1093, gl10: com.google.android.gles_jni.GLImpl@fa7c45f
11-22 09:01:12.429 24515 24676 I GLRootView: layout content pane 654x1093 (compensation 0)
11-22 09:01:12.437 1489 1636 D FreeFormWindowHelper: refreshTipWindow windowDragBounds:Rect(410, 42 - 933, 970)
11-22 09:01:12.438 1489 1636 W WindowManager: updateScale0.7996942
11-22 09:01:12.452 1489 2808 W WindowManager: updateScale0.7996942
11-22 09:01:12.454 1489 1636 D FreeFormWindowHelper: refreshTipWindow windowDragBounds:Rect(437, 40 - 960, 968)
11-22 09:01:12.455 1489 1636 W WindowManager: updateScale0.7996942
11-22 09:01:12.459 24515 24676 I GLRootView: onSurfaceChanged: 654x1092, gl10: com.google.android.gles_jni.GLImpl@fa7c45f
11-22 09:01:12.459 24515 24676 I GLRootView: layout content pane 654x1092 (compensation 0)
11-22 09:01:12.470 1489 1636 D FreeFormWindowHelper: refreshTipWindow windowDragBounds:Rect(463, 39 - 986, 967)
11-22 09:01:12.471 1489 1636 W WindowManager: updateScale0.7996942
11-22 09:01:12.489 1489 1636 D FreeFormWindowHelper: refreshTipWindow windowDragBounds:Rect(490, 37 - 1013, 965)
11-22 09:01:12.491 1489 1636 W WindowManager: updateScale0.7996942
11-22 09:01:12.505 1489 1636 D FreeFormWindowHelper: refreshTipWindow windowDragBounds:Rect(515, 35 - 1038, 963)
11-22 09:01:12.507 1489 1636 W WindowManager: updateScale0.7996942
11-22 09:01:12.519 1489 2808 W WindowManager: updateScale0.7996942
11-22 09:01:12.521 1489 1636 D FreeFormWindowHelper: refreshTipWindow windowDragBounds:Rect(540, 33 - 1063, 961)
11-22 09:01:12.524 1489 1636 W WindowManager: updateScale0.7996942
11-22 09:01:12.537 1489 1636 D FreeFormWindowHelper: refreshTipWindow windowDragBounds:Rect(566, 33 - 1089, 961)
11-22 09:01:12.538 1489 1636 W WindowManager: updateScale0.7996942
11-22 09:01:12.553 1489 6044 W WindowManager: updateScale0.7996942
11-22 09:01:12.555 1489 1636 D FreeFormWindowHelper: refreshTipWindow windowDragBounds:Rect(593, 32 - 1116, 960)
11-22 09:01:12.556 1489 1636 W WindowManager: updateScale0.7996942
11-22 09:01:12.560 24515 24676 I GLRootView: onSurfaceChanged: 654x1093, gl10: com.google.android.gles_jni.GLImpl@fa7c45f
11-22 09:01:12.561 24515 24676 I GLRootView: layout content pane 654x1093 (compensation 0)
11-22 09:01:12.570 1489 1636 D FreeFormWindowHelper: refreshTipWindow windowDragBounds:Rect(621, 29 - 1144, 957)
11-22 09:01:12.572 1489 1636 W WindowManager: updateScale0.7996942
11-22 09:01:12.586 1489 2839 W WindowManager: updateScale0.7996942
11-22 09:01:12.588 1489 1636 D FreeFormWindowHelper: refreshTipWindow windowDragBounds:Rect(646, 28 - 1169, 956)
11-22 09:01:12.589 1489 1636 W WindowManager: updateScale0.7996942
11-22 09:01:12.604 1489 1636 D FreeFormWindowHelper: refreshTipWindow windowDragBounds:Rect(670, 25 - 1193, 953)
11-22 09:01:12.605 1489 1636 W WindowManager: updateScale0.7996942
11-22 09:01:12.619 1489 2839 W WindowManager: updateScale0.7996942
11-22 09:01:12.621 1489 1636 D FreeFormWindowHelper: refreshTipWindow windowDragBounds:Rect(697, 21 - 1220, 949)
11-22 09:01:12.623 1489 1636 W WindowManager: updateScale0.7996942
11-22 09:01:12.633 1489 2839 W WindowManager: updateScale0.7996942
11-22 09:01:12.637 1489 1636 D FreeFormWindowHelper: refreshTipWindow windowDragBounds:Rect(724, 19 - 1247, 947)
11-22 09:01:12.639 1489 1636 W WindowManager: updateScale0.7996942
11-22 09:01:12.650 1489 2839 W WindowManager: updateScale0.7996942
11-22 09:01:12.654 1489 1636 D FreeFormWindowHelper: refreshTipWindow windowDragBounds:Rect(748, 17 - 1271, 945)
11-22 09:01:12.656 1489 1636 W WindowManager: updateScale0.7996942
11-22 09:01:12.661 24515 24676 I GLRootView: onSurfaceChanged: 654x1092, gl10: com.google.android.gles_jni.GLImpl@fa7c45f
11-22 09:01:12.661 24515 24676 I GLRootView: layout content pane 654x1092 (compensation 0)
11-22 09:01:12.667 1489 2839 W WindowManager: updateScale0.7996942
11-22 09:01:12.671 1489 1636 D FreeFormWindowHelper: refreshTipWindow windowDragBounds:Rect(777, 17 - 1300, 945)
11-22 09:01:12.671 1489 1636 W WindowManager: updateScale0.7996942
11-22 09:01:12.673 24515 24529 E BLASTBufferQueue: [ViewRootImpl[GalleryActivity]#0](f:0,a:2) rejecting buffer:active_size=654x1161, requested_size=654x1161 buffer{size=654x1160 transform=0}
11-22 09:01:12.676 24515 24676 I GLRootView: onSurfaceChanged: 654x1093, gl10: com.google.android.gles_jni.GLImpl@fa7c45f
11-22 09:01:12.676 24515 24676 I GLRootView: layout content pane 654x1093 (compensation 0)
11-22 09:01:12.683 1489 6044 W WindowManager: updateScale0.7996942
11-22 09:01:12.687 1489 1636 D FreeFormWindowHelper: refreshTipWindow windowDragBounds:Rect(805, 17 - 1328, 945)
11-22 09:01:12.689 1489 1636 W WindowManager: updateScale0.7996942
11-22 09:01:12.700 1489 2839 W WindowManager: updateScale0.7996942
11-22 09:01:12.704 1489 1636 D FreeFormWindowHelper: refreshTipWindow windowDragBounds:Rect(835, 17 - 1358, 945)
11-22 09:01:12.705 1489 1636 W WindowManager: updateScale0.7996942
11-22 09:01:12.717 1489 2839 W WindowManager: updateScale0.7996942
11-22 09:01:12.721 1489 1636 D FreeFormWindowHelper: refreshTipWindow windowDragBounds:Rect(866, 17 - 1389, 945)
11-22 09:01:12.723 1489 1636 W WindowManager: updateScale0.7996942
11-22 09:01:12.733 1489 2839 W WindowManager: updateScale0.7996942
11-22 09:01:12.737 1489 1636 D FreeFormWindowHelper: refreshTipWindow windowDragBounds:Rect(901, 17 - 1424, 945)
11-22 09:01:12.739 1489 1636 W WindowManager: updateScale0.7996942
11-22 09:01:12.750 1489 2839 W WindowManager: updateScale0.7996942
11-22 09:01:12.757 1489 1636 D FreeFormWindowHelper: refreshTipWindow windowDragBounds:Rect(934, 17 - 1457, 945)
11-22 09:01:12.758 1489 1636 W WindowManager: updateScale0.7996942
11-22 09:01:12.767 1489 2839 W WindowManager: updateScale0.7996942
11-22 09:01:12.771 1489 1636 D FreeFormWindowHelper: refreshTipWindow windowDragBounds:Rect(966, 17 - 1489, 945)
11-22 09:01:12.772 1489 1636 W WindowManager: updateScale0.7996942
11-22 09:01:12.783 1489 2839 W WindowManager: updateScale0.7996942
11-22 09:01:12.788 1489 1636 D FreeFormWindowHelper: refreshTipWindow windowDragBounds:Rect(1000, 17 - 1523, 945)
11-22 09:01:12.789 1489 1636 W WindowManager: updateScale0.7996942
11-22 09:01:12.800 1489 2839 W WindowManager: updateScale0.7996942
11-22 09:01:12.804 1489 1636 D FreeFormWindowHelper: refreshTipWindow windowDragBounds:Rect(1041, 17 - 1564, 945)
11-22 09:01:12.805 1489 1636 W WindowManager: updateScale0.7996942
11-22 09:01:12.817 1489 2839 W WindowManager: updateScale0.7996942
11-22 09:01:12.821 1489 1636 D FreeFormWindowHelper: refreshTipWindow windowDragBounds:Rect(1078, 17 - 1601, 945)
11-22 09:01:12.822 1489 1636 W WindowManager: updateScale0.7996942
11-22 09:01:12.833 1489 6044 W WindowManager: updateScale0.7996942
11-22 09:01:12.838 1489 1636 D FreeFormWindowHelper: refreshTipWindow windowDragBounds:Rect(1114, 24 - 1637, 952)
11-22 09:01:12.839 1489 1636 W WindowManager: updateScale0.7996942
11-22 09:01:12.850 1489 6044 W WindowManager: updateScale0.7996942
11-22 09:01:12.854 1489 1636 D FreeFormWindowHelper: refreshTipWindow windowDragBounds:Rect(1143, 28 - 1666, 956)
11-22 09:01:12.857 1489 1636 W WindowManager: updateScale0.7996942
11-22 09:01:12.862 24515 24676 I GLRootView: onSurfaceChanged: 654x1092, gl10: com.google.android.gles_jni.GLImpl@fa7c45f
11-22 09:01:12.862 24515 24676 I GLRootView: layout content pane 654x1092 (compensation 0)
11-22 09:01:12.868 1489 6044 W WindowManager: updateScale0.7996942
11-22 09:01:12.871 1489 1636 D FreeFormWindowHelper: refreshTipWindow windowDragBounds:Rect(1178, 30 - 1701, 958)
11-22 09:01:12.873 1489 1636 W WindowManager: updateScale0.7996942
11-22 09:01:12.884 1489 6044 W WindowManager: updateScale0.7996942
11-22 09:01:12.888 1489 1636 D FreeFormWindowHelper: refreshTipWindow windowDragBounds:Rect(1212, 33 - 1735, 961)
11-22 09:01:12.889 1489 1636 W WindowManager: updateScale0.7996942
11-22 09:01:12.900 1489 6044 W WindowManager: updateScale0.7996942
11-22 09:01:12.905 1489 1636 D FreeFormWindowHelper: refreshTipWindow windowDragBounds:Rect(1247, 35 - 1770, 963)
11-22 09:01:12.908 1489 1636 W WindowManager: updateScale0.7996942
11-22 09:01:12.912 24515 24676 I GLRootView: onSurfaceChanged: 654x1093, gl10: com.google.android.gles_jni.GLImpl@fa7c45f
11-22 09:01:12.912 24515 24676 I GLRootView: layout content pane 654x1093 (compensation 0)
11-22 09:01:12.918 1489 6044 W WindowManager: updateScale0.7996942
11-22 09:01:12.921 1489 1636 D FreeFormWindowHelper: refreshTipWindow windowDragBounds:Rect(1279, 38 - 1802, 966)
11-22 09:01:12.924 1489 1636 W WindowManager: updateScale0.7996942
11-22 09:01:12.928 24515 24676 I GLRootView: onSurfaceChanged: 654x1092, gl10: com.google.android.gles_jni.GLImpl@fa7c45f
11-22 09:01:12.928 24515 24676 I GLRootView: layout content pane 654x1092 (compensation 0)
11-22 09:01:12.934 1489 2839 W WindowManager: updateScale0.7996942
11-22 09:01:12.938 1489 1636 D FreeFormWindowHelper: refreshTipWindow windowDragBounds:Rect(1316, 42 - 1839, 970)
11-22 09:01:12.939 1489 1636 W WindowManager: updateScale0.7996942
11-22 09:01:12.950 1489 6044 W WindowManager: updateScale0.7996942
11-22 09:01:12.955 1489 1636 D FreeFormWindowHelper: refreshTipWindow windowDragBounds:Rect(1352, 46 - 1875, 974)
11-22 09:01:12.956 1489 1636 W WindowManager: updateScale0.7996942
11-22 09:01:12.967 1489 6044 W WindowManager: updateScale0.7996942
11-22 09:01:12.971 24515 24624 E BLASTBufferQueue: [ViewRootImpl[GalleryActivity]#0](f:3,a:2) rejecting buffer:active_size=654x1160, requested_size=654x1160 buffer{size=654x1161 transform=0}
11-22 09:01:12.972 1489 1636 D FreeFormWindowHelper: refreshTipWindow windowDragBounds:Rect(1387, 51 - 1910, 979)
11-22 09:01:12.973 1489 1636 W WindowManager: updateScale0.7996942
11-22 09:01:12.984 1489 2839 W WindowManager: updateScale0.7996942
11-22 09:01:12.988 1489 1636 D FreeFormWindowHelper: refreshTipWindow windowDragBounds:Rect(1426, 57 - 1949, 985)
11-22 09:01:12.991 1489 1636 W WindowManager: updateScale0.7996942
11-22 09:01:13.001 1489 2808 W WindowManager: updateScale0.7996942
11-22 09:01:13.005 1489 1636 D FreeFormWindowHelper: refreshTipWindow windowDragBounds:Rect(1467, 66 - 1990, 994)
11-22 09:01:13.007 1489 1636 W WindowManager: updateScale0.7996942
11-22 09:01:13.010 1218 4889 I OMX-VENC: venc_dev: stats: avg. fps 42.97, bitrate 1606720
11-22 09:01:13.012 24515 24676 I GLRootView: onSurfaceChanged: 654x1093, gl10: com.google.android.gles_jni.GLImpl@fa7c45f
11-22 09:01:13.012 24515 24676 I GLRootView: layout content pane 654x1093 (compensation 0)
11-22 09:01:13.018 1489 2839 W WindowManager: updateScale0.7996942
11-22 09:01:13.022 1489 1636 D FreeFormWindowHelper: refreshTipWindow windowDragBounds:Rect(1519, 77 - 2042, 1005)
11-22 09:01:13.023 1489 1636 W WindowManager: updateScale0.7996942
11-22 09:01:13.027 24515 24676 I GLRootView: onSurfaceChanged: 654x1092, gl10: com.google.android.gles_jni.GLImpl@fa7c45f
11-22 09:01:13.027 24515 24676 I GLRootView: layout content pane 654x1092 (compensation 0)
11-22 09:01:13.034 1489 2808 W WindowManager: updateScale0.7996942
11-22 09:01:13.038 1489 1636 D FreeFormWindowHelper: refreshTipWindow windowDragBounds:Rect(1572, 90 - 2095, 1018)
11-22 09:01:13.039 1489 1636 W WindowManager: updateScale0.7996942
11-22 09:01:13.044 24515 24676 I GLRootView: onSurfaceChanged: 654x1093, gl10: com.google.android.gles_jni.GLImpl@fa7c45f
11-22 09:01:13.044 24515 24676 I GLRootView: layout content pane 654x1093 (compensation 0)
11-22 09:01:13.051 1489 2839 W WindowManager: updateScale0.7996942
11-22 09:01:13.055 1489 1636 D FreeFormWindowHelper: refreshTipWindow windowDragBounds:Rect(1610, 100 - 2133, 1028)
11-22 09:01:13.056 1489 1636 W WindowManager: updateScale0.7996942
11-22 09:01:13.058 24515 24527 E BLASTBufferQueue: [ViewRootImpl[GalleryActivity]#0](f:2,a:2) rejecting buffer:active_size=654x1160, requested_size=654x1160 buffer{size=654x1161 transform=0}
11-22 09:01:13.061 24515 24676 I GLRootView: onSurfaceChanged: 654x1092, gl10: com.google.android.gles_jni.GLImpl@fa7c45f
11-22 09:01:13.061 24515 24676 I GLRootView: layout content pane 654x1092 (compensation 0)
11-22 09:01:13.067 1489 2839 W WindowManager: updateScale0.7996942
11-22 09:01:13.077 1489 1636 D WindowManager: updateWindowDragBounds: mIsSwipeYtrue
11-22 09:01:13.077 1489 1636 D WindowManager: updateWindowDragBounds: mIsTopfalse
11-22 09:01:13.077 1489 1636 D WindowManager: updateWindowDragBounds: mIsSwipeXfalse
11-22 09:01:13.077 1489 1636 W WindowManager: updateScale0.4617737
11-22 09:01:13.078 1489 1636 I wm_relaunch_resume_activity: [0,240774890,243,com.android.gallery3d/.app.GalleryActivity]
11-22 09:01:13.079 1489 1636 W WindowManager: updateScale0.4617737
11-22 09:01:13.091 24515 24527 E BLASTBufferQueue: [ViewRootImpl[GalleryActivity]#0](f:2,a:2) rejecting buffer:active_size=654x1160, requested_size=654x1160 buffer{size=654x1161 transform=0}
11-22 09:01:13.093 1489 1636 W InputManager-JNI: Input channel object 'WindowManager (client)' was disposed without first being removed with the input manager!
11-22 09:01:13.094 1489 2839 W WindowManager: updateScale0.4617737
11-22 09:01:13.113 24515 24676 I GLRootView: onSurfaceChanged: 654x1097, gl10: com.google.android.gles_jni.GLImpl@fa7c45f
11-22 09:01:13.113 24515 24676 I GLRootView: layout content pane 654x1097 (compensation 0)
11-22 09:01:13.115 24515 24515 I wm_on_top_resumed_lost_called: [240774890,com.android.gallery3d.app.GalleryActivity,pausing]
11-22 09:01:13.115 24515 24515 W OrientationEventListener: Cannot detect sensors. Invalid disable
11-22 09:01:13.142 24515 24527 E BLASTBufferQueue: [SurfaceView[com.android.gallery3d/com.android.gallery3d.app.GalleryActivity]#15](f:3,a:2) rejecting buffer:active_size=654x1092, requested_size=654x1097 buffer{size=654x1093 transform=0}
11-22 09:01:13.142 24515 24527 E BLASTBufferQueue: [SurfaceView[com.android.gallery3d/com.android.gallery3d.app.GalleryActivity]#15](f:2,a:2) rejecting buffer:active_size=654x1092, requested_size=654x1097 buffer{size=654x1093 transform=0}
11-22 09:01:13.148 24515 24515 I wm_on_paused_called: [240774890,com.android.gallery3d.app.GalleryActivity,performPause]
11-22 09:01:13.148 24515 24515 I wm_on_stop_called: [240774890,com.android.gallery3d.app.GalleryActivity,handleRelaunchActivity]
11-22 09:01:13.148 24515 24515 V StateManager: saveState
11-22 09:01:13.149 24515 24515 V StateManager: saveState class com.android.gallery3d.app.AlbumSetPage
11-22 09:01:13.149 24515 24515 V StateManager: destroy
11-22 09:01:13.150 24515 24515 I wm_on_destroy_called: [240774890,com.android.gallery3d.app.GalleryActivity,performDestroy]
11-22 09:01:13.151 1489 2808 I WindowManager: finishDrawing of relaunch: Window{ae9d266 u0 com.android.gallery3d/com.android.gallery3d.app.GalleryActivity} 73ms
11-22 09:01:13.156 1489 2839 D CompatibilityInfo: mCompatibilityFlags - 4
11-22 09:01:13.156 1489 2839 D CompatibilityInfo: applicationDensity - 240
11-22 09:01:13.156 1489 2839 D CompatibilityInfo: applicationScale - 1.0
11-22 09:01:13.170 24515 24515 V StateManager: restoreFromState
11-22 09:01:13.171 24515 24515 V StateManager: restoreFromState class com.android.gallery3d.app.AlbumSetPage
11-22 09:01:13.171 24515 24515 I wm_on_create_called: [240774890,com.android.gallery3d.app.GalleryActivity,performCreate]
11-22 09:01:13.173 24515 24515 I wm_on_start_called: [240774890,com.android.gallery3d.app.GalleryActivity,handleStartActivity]
11-22 09:01:13.181 24515 24515 D Gallery.MultiSetSync: onSyncDone: **** #pending=1
11-22 09:01:13.181 24515 24515 D Gallery.MultiSetSync: request sync: ****
11-22 09:01:13.181 24515 24515 D Gallery.MultiSetSync: onSyncDone: ****** #pending=0
11-22 09:01:13.181 24515 24515 D Gallery.MultiSetSync: request sync: ******
11-22 09:01:13.182 24515 24515 W OrientationEventListener: Cannot detect sensors. Not enabled
11-22 09:01:13.182 24515 24515 I wm_on_resume_called: [240774890,com.android.gallery3d.app.GalleryActivity,RESUME_ACTIVITY]
11-22 09:01:13.182 24515 24515 I wm_on_top_resumed_gained_called: [240774890,com.android.gallery3d.app.GalleryActivity,topWhenResuming]
11-22 09:01:13.183 24515 24515 E SurfaceView: 181661951finished drawing but no pending report draw (extra call to draw completion runnable?)
11-22 09:01:13.186 1489 2808 W WindowManager: updateScale0.4617737
11-22 09:01:13.188 1489 2808 W WindowManager: updateScale0.4617737
11-22 09:01:13.196 24515 24685 D libEGL : MSAA-->msaa:0 gamemode:0 4x_msaa:0
11-22 09:01:13.196 24515 24685 D libEGL : MSAA-->msaa:0 gamemode:0 4x_msaa:0
11-22 09:01:13.201 24515 24515 E SurfaceView: 181661951finished drawing but no pending report draw (extra call to draw completion runnable?)
11-22 09:01:13.202 24515 24685 I GLRootView: onSurfaceChanged: 654x1165, gl10: com.google.android.gles_jni.GLImpl@5bec4f6
11-22 09:01:13.202 24515 24685 I GLRootView: layout content pane 654x1165 (compensation 0)
11-22 09:01:13.294 843 1064 W SDM : HWCDisplay::GetHWCLayer: [0] GetLayer(2764) failed: no such layer
11-22 09:01:13.296 1006 1006 W HwcComposer: command 0x3000000 generated error 3
11-22 09:01:13.391 647 662 I mpu_uart: [MSG-P:RECV]:No message received in 1000 ms
11-22 09:01:13.823 1489 2012 I input_interaction: Interaction with: ae9d266 com.android.gallery3d/com.android.gallery3d.app.GalleryActivity (server), edge-swipe (server), swipe-up (server), PointerEventDispatcher0 (server),
11-22 09:01:13.825 24515 24515 D DecorView: onTouchEvent: action0
11-22 09:01:13.825 24515 24515 D DecorView: onTouchEvent: interval23680
11-22 09:01:13.862 24515 24515 D DecorView: onTouchEvent: action1
11-22 09:01:13.862 24515 24515 D DecorView: onTouchEvent: ACTION_UPfalse
11-22 09:01:14.023 1218 4889 I OMX-VENC: venc_dev: stats: avg. fps 34.53, bitrate 848896
11-22 09:01:14.035 0 0 I auditd : type=1400 audit(0.0:8262): avc: denied { kill } for comm="swapper/1" capability=5 scontext=u:r:kernel:s0 tcontext=u:r:kernel:s0 tclass=capability permissive=0
11-22 09:01:14.035 0 0 W swapper/1: type=1400 audit(0.0:8262): avc: denied { kill } for capability=5 scontext=u:r:kernel:s0 tcontext=u:r:kernel:s0 tclass=capability permissive=0
11-22 09:01:14.083 843 1064 W SDM : HWCDisplay::GetHWCLayer: [0] GetLayer(2769) failed: no such layer
11-22 09:01:14.085 1006 1006 W HwcComposer: command 0x3000000 generated error 3
11-22 09:01:14.113 24515 24515 D DecorView: onTouchEvent mIsDoubleCLick:false
11-22 09:01:14.113 24515 24515 D DecorView: onTouchEvent: onConfigurationMiniChanged
11-22 09:01:14.115 1489 6044 W WindowManager: updateScale0.7996942
11-22 09:01:14.117 1489 6044 I wm_relaunch_resume_activity: [0,240774890,243,com.android.gallery3d/.app.GalleryActivity]
11-22 09:01:14.118 1489 6044 W WindowManager: updateScale0.7996942
11-22 09:01:14.137 24515 24515 I wm_on_top_resumed_lost_called: [240774890,com.android.gallery3d.app.GalleryActivity,pausing]
11-22 09:01:14.137 24515 24515 W OrientationEventListener: Cannot detect sensors. Invalid disable
11-22 09:01:14.150 24515 24515 I wm_on_paused_called: [240774890,com.android.gallery3d.app.GalleryActivity,performPause]
11-22 09:01:14.150 24515 24515 I wm_on_stop_called: [240774890,com.android.gallery3d.app.GalleryActivity,handleRelaunchActivity]
11-22 09:01:14.151 24515 24515 V StateManager: saveState
11-22 09:01:14.151 24515 24515 V StateManager: saveState class com.android.gallery3d.app.AlbumSetPage
11-22 09:01:14.151 24515 24515 V StateManager: destroy
11-22 09:01:14.155 24515 24515 I wm_on_destroy_called: [240774890,com.android.gallery3d.app.GalleryActivity,performDestroy]
11-22 09:01:14.162 1489 2808 D CompatibilityInfo: mCompatibilityFlags - 4
11-22 09:01:14.162 1489 2808 D CompatibilityInfo: applicationDensity - 240
11-22 09:01:14.162 1489 2808 D CompatibilityInfo: applicationScale - 1.0
11-22 09:01:14.179 24515 24515 V StateManager: restoreFromState
11-22 09:01:14.179 24515 24515 V StateManager: restoreFromState class com.android.gallery3d.app.AlbumSetPage
11-22 09:01:14.180 24515 24515 I wm_on_create_called: [240774890,com.android.gallery3d.app.GalleryActivity,performCreate]
11-22 09:01:14.183 24515 24515 I wm_on_start_called: [240774890,com.android.gallery3d.app.GalleryActivity,handleStartActivity]
11-22 09:01:14.192 24515 24515 D Gallery.MultiSetSync: onSyncDone: **** #pending=1
11-22 09:01:14.192 24515 24515 D Gallery.MultiSetSync: request sync: ****
11-22 09:01:14.192 24515 24515 D Gallery.MultiSetSync: onSyncDone: ****** #pending=0
11-22 09:01:14.192 24515 24515 D Gallery.MultiSetSync: request sync: ******
11-22 09:01:14.193 24515 24515 W OrientationEventListener: Cannot detect sensors. Not enabled
11-22 09:01:14.193 24515 24515 I wm_on_resume_called: [240774890,com.android.gallery3d.app.GalleryActivity,RESUME_ACTIVITY]
11-22 09:01:14.193 24515 24515 I wm_on_top_resumed_gained_called: [240774890,com.android.gallery3d.app.GalleryActivity,topWhenResuming]
11-22 09:01:14.199 1489 2808 W WindowManager: updateScale0.7996942
11-22 09:01:14.201 1489 2808 W WindowManager: updateScale0.7996942
11-22 09:01:14.208 24515 24690 D libEGL : MSAA-->msaa:0 gamemode:0 4x_msaa:0
11-22 09:01:14.208 24515 24690 D libEGL : MSAA-->msaa:0 gamemode:0 4x_msaa:0
11-22 09:01:14.213 24515 24690 I GLRootView: onSurfaceChanged: 654x1092, gl10: com.google.android.gles_jni.GLImpl@578691d
11-22 09:01:14.213 24515 24690 I GLRootView: layout content pane 654x1092 (compensation 0)
11-22 09:01:14.221 1489 2808 I WindowManager: finishDrawing of relaunch: Window{ae9d266 u0 com.android.gallery3d/com.android.gallery3d.app.GalleryActivity} 104ms
11-22 09:01:14.391 647 662 I mpu_uart: [MSG-P:RECV]:No message received in 1000 ms
11-22 09:01:15.049 1218 4889 I OMX-VENC: venc_dev: stats: avg. fps 28.28, bitrate 745480
11-22 09:01:15.391 647 662 I mpu_uart: [MSG-P:RECV]:No message received in 1000 ms
