11-22 08:15:24.035 0 0 I auditd : type=1400 audit(0.0:5662): avc: denied { kill } for comm="swapper/1" capability=5 scontext=u:r:kernel:s0 tcontext=u:r:kernel:s0 tclass=capability permissive=0
11-22 08:15:25.035 0 0 I auditd : type=1400 audit(0.0:5663): avc: denied { kill } for comm="swapper/1" capability=5 scontext=u:r:kernel:s0 tcontext=u:r:kernel:s0 tclass=capability permissive=0
11-22 08:15:26.035 0 0 I auditd : type=1400 audit(0.0:5664): avc: denied { kill } for comm="swapper/1" capability=5 scontext=u:r:kernel:s0 tcontext=u:r:kernel:s0 tclass=capability permissive=0
11-22 08:15:27.035 0 0 I auditd : type=1400 audit(0.0:5665): avc: denied { kill } for comm="swapper/1" capability=5 scontext=u:r:kernel:s0 tcontext=u:r:kernel:s0 tclass=capability permissive=0
11-22 08:15:28.035 0 0 I auditd : type=1400 audit(0.0:5666): avc: denied { kill } for comm="swapper/1" capability=5 scontext=u:r:kernel:s0 tcontext=u:r:kernel:s0 tclass=capability permissive=0
11-22 08:15:28.220 1489 2012 I input_interaction: Interaction with: 7a67b6b InternetDialog (server), edge-swipe (server), swipe-up (server), PointerEventDispatcher0 (server),
11-22 08:15:28.350 1489 1636 I input_focus: [Focus request 8f06d3 NotificationShade,reason=UpdateInputWindows]
11-22 08:15:28.381 1489 2012 I input_focus: [Focus entering 8f06d3 NotificationShade (server),reason=setFocusedWindow]
11-22 08:15:29.012 1489 2012 I input_interaction: Interaction with: 8f06d3 NotificationShade (server), edge-swipe (server), swipe-up (server), PointerEventDispatcher0 (server),
11-22 08:15:29.035 0 0 I auditd : type=1400 audit(0.0:5667): avc: denied { kill } for comm="swapper/1" capability=5 scontext=u:r:kernel:s0 tcontext=u:r:kernel:s0 tclass=capability permissive=0
11-22 08:15:29.389 1489 1489 I notification_enqueue: [10082,2375,com.android.systemui,2048,NULL,0,Notification(channel=updateNotification shortcut=null contentView=null vibrate=null sound=null defaults=0x0 flags=0x0 color=0x00000000 vis=PRIVATE),1]
11-22 08:15:29.390 2375 2375 I sysui_multi_action: [757,111,758,2]
11-22 08:15:29.390 2375 2375 I sysui_multi_action: [757,111,758,2]
11-22 08:15:29.395 2375 2375 I sysui_multi_action: [757,111,758,1]
11-22 08:15:29.396 2375 2375 I sysui_multi_action: [757,126,758,1,759,126,927,0,928,0,1593,0]
11-22 08:15:29.396 2375 2375 I sysui_multi_action: [757,113,758,1,759,113,927,1,928,1,1593,0]
11-22 08:15:29.396 2375 2375 I sysui_multi_action: [757,0,758,1,759,0,927,2,928,0,1593,0]
11-22 08:15:29.396 2375 2375 I sysui_multi_action: [757,0,758,1,759,0,927,3,928,0,1593,0]
11-22 08:15:29.396 2375 2375 I sysui_multi_action: [757,491,758,1,759,491,927,4,928,0,1311,-1,1593,0]
11-22 08:15:29.397 2375 2375 I sysui_multi_action: [757,0,758,1,759,0,927,5,928,0,1593,0]
11-22 08:15:29.397 2375 2375 I sysui_multi_action: [757,114,758,1,759,114,927,6,928,0,1593,0]
11-22 08:15:29.397 2375 2375 I sysui_multi_action: [757,111,758,1]
11-22 08:15:29.397 2375 2375 I sysui_multi_action: [757,126,758,1,759,126,927,0,928,0,1593,1]
11-22 08:15:29.397 2375 2375 I sysui_multi_action: [757,113,758,1,759,113,927,1,928,1,1593,1]
11-22 08:15:29.397 2375 2375 I sysui_multi_action: [757,0,758,1,759,0,927,2,928,0,1593,1]
11-22 08:15:29.397 2375 2375 I sysui_multi_action: [757,0,758,1,759,0,927,3,928,0,1593,1]
11-22 08:15:29.413 2375 2375 I sysui_multi_action: [757,111,758,2]
11-22 08:15:29.413 2375 2375 I sysui_multi_action: [757,111,758,2]
11-22 08:15:29.418 1489 1489 I notification_enqueue: [10082,2375,com.android.systemui,2048,NULL,0,Notification(channel=updateNotification shortcut=null contentView=null vibrate=null sound=null defaults=0x0 flags=0x0 color=0x00000000 vis=PRIVATE),1]
11-22 08:15:29.419 2375 2375 I sysui_multi_action: [757,111,758,1]
11-22 08:15:29.419 2375 2375 I sysui_multi_action: [757,126,758,1,759,126,927,0,928,0,1593,0]
11-22 08:15:29.419 2375 2375 I sysui_multi_action: [757,113,758,1,759,113,927,1,928,1,1593,0]
11-22 08:15:29.419 2375 2375 I sysui_multi_action: [757,0,758,1,759,0,927,2,928,0,1593,0]
11-22 08:15:29.419 2375 2375 I sysui_multi_action: [757,0,758,1,759,0,927,3,928,0,1593,0]
11-22 08:15:29.420 2375 2375 I sysui_multi_action: [757,491,758,1,759,491,927,4,928,0,1311,-1,1593,0]
11-22 08:15:29.420 2375 2375 I sysui_multi_action: [757,0,758,1,759,0,927,5,928,0,1593,0]
11-22 08:15:29.420 2375 2375 I sysui_multi_action: [757,114,758,1,759,114,927,6,928,0,1593,0]
11-22 08:15:29.420 2375 2375 I sysui_multi_action: [757,111,758,1]
11-22 08:15:29.420 2375 2375 I sysui_multi_action: [757,126,758,1,759,126,927,0,928,0,1593,1]
11-22 08:15:29.420 2375 2375 I sysui_multi_action: [757,113,758,1,759,113,927,1,928,1,1593,1]
11-22 08:15:29.421 2375 2375 I sysui_multi_action: [757,0,758,1,759,0,927,2,928,0,1593,1]
11-22 08:15:29.421 2375 2375 I sysui_multi_action: [757,0,758,1,759,0,927,3,928,0,1593,1]
11-22 08:15:29.435 2375 2375 I sysui_multi_action: [757,111,758,2]
11-22 08:15:29.435 1489 1489 I notification_enqueue: [10082,2375,com.android.systemui,2048,NULL,0,Notification(channel=updateNotification shortcut=null contentView=null vibrate=null sound=null defaults=0x0 flags=0x0 color=0x00000000 vis=PRIVATE),1]
11-22 08:15:29.435 2375 2375 I sysui_multi_action: [757,111,758,2]
11-22 08:15:29.440 2375 2375 I sysui_multi_action: [757,111,758,1]
11-22 08:15:29.440 2375 2375 I sysui_multi_action: [757,126,758,1,759,126,927,0,928,0,1593,1]
11-22 08:15:29.440 2375 2375 I sysui_multi_action: [757,113,758,1,759,113,927,1,928,1,1593,1]
11-22 08:15:29.440 2375 2375 I sysui_multi_action: [757,0,758,1,759,0,927,2,928,0,1593,1]
11-22 08:15:29.440 2375 2375 I sysui_multi_action: [757,0,758,1,759,0,927,3,928,0,1593,1]
11-22 08:15:29.441 2375 2375 I sysui_multi_action: [757,491,758,1,759,491,927,4,928,0,1311,-1,1593,0]
11-22 08:15:29.441 2375 2375 I sysui_multi_action: [757,0,758,1,759,0,927,5,928,0,1593,0]
11-22 08:15:29.441 2375 2375 I sysui_multi_action: [757,114,758,1,759,114,927,6,928,0,1593,0]
11-22 08:15:29.441 2375 2375 I sysui_multi_action: [757,111,758,1]
11-22 08:15:29.441 2375 2375 I sysui_multi_action: [757,126,758,1,759,126,927,0,928,0,1593,1]
11-22 08:15:29.441 2375 2375 I sysui_multi_action: [757,113,758,1,759,113,927,1,928,1,1593,1]
11-22 08:15:29.441 2375 2375 I sysui_multi_action: [757,0,758,1,759,0,927,2,928,0,1593,1]
11-22 08:15:29.441 2375 2375 I sysui_multi_action: [757,0,758,1,759,0,927,3,928,0,1593,1]
11-22 08:15:29.452 2375 2375 I sysui_multi_action: [757,111,758,2]
11-22 08:15:29.452 1489 1489 I notification_enqueue: [10082,2375,com.android.systemui,2048,NULL,0,Notification(channel=updateNotification shortcut=null contentView=null vibrate=null sound=null defaults=0x0 flags=0x0 color=0x00000000 vis=PRIVATE),1]
11-22 08:15:29.452 2375 2375 I sysui_multi_action: [757,111,758,2]
11-22 08:15:29.455 2375 2375 I sysui_multi_action: [757,111,758,1]
11-22 08:15:29.455 2375 2375 I sysui_multi_action: [757,126,758,1,759,126,927,0,928,0,1593,1]
11-22 08:15:29.455 2375 2375 I sysui_multi_action: [757,113,758,1,759,113,927,1,928,1,1593,1]
11-22 08:15:29.456 2375 2375 I sysui_multi_action: [757,0,758,1,759,0,927,2,928,0,1593,1]
11-22 08:15:29.456 2375 2375 I sysui_multi_action: [757,0,758,1,759,0,927,3,928,0,1593,1]
11-22 08:15:29.456 2375 2375 I sysui_multi_action: [757,491,758,1,759,491,927,4,928,0,1311,-1,1593,1]
11-22 08:15:29.456 2375 2375 I sysui_multi_action: [757,0,758,1,759,0,927,5,928,0,1593,1]
11-22 08:15:29.456 2375 2375 I sysui_multi_action: [757,114,758,1,759,114,927,6,928,0,1593,1]
11-22 08:15:29.456 2375 2375 I sysui_multi_action: [757,111,758,1]
11-22 08:15:29.456 2375 2375 I sysui_multi_action: [757,126,758,1,759,126,927,0,928,0,1593,1]
11-22 08:15:29.456 2375 2375 I sysui_multi_action: [757,113,758,1,759,113,927,1,928,1,1593,1]
11-22 08:15:29.456 2375 2375 I sysui_multi_action: [757,0,758,1,759,0,927,2,928,0,1593,1]
11-22 08:15:29.456 2375 2375 I sysui_multi_action: [757,0,758,1,759,0,927,3,928,0,1593,1]
11-22 08:15:29.465 2375 2375 I sysui_multi_action: [757,111,758,2]
11-22 08:15:29.465 2375 2375 I sysui_multi_action: [757,111,758,2]
11-22 08:15:29.465 1489 1489 I notification_enqueue: [10082,2375,com.android.systemui,2048,NULL,0,Notification(channel=updateNotification shortcut=null contentView=null vibrate=null sound=null defaults=0x0 flags=0x0 color=0x00000000 vis=PRIVATE),1]
11-22 08:15:29.468 2375 2375 I sysui_multi_action: [757,111,758,1]
11-22 08:15:29.468 2375 2375 I sysui_multi_action: [757,126,758,1,759,126,927,0,928,0,1593,1]
11-22 08:15:29.468 2375 2375 I sysui_multi_action: [757,113,758,1,759,113,927,1,928,1,1593,1]
11-22 08:15:29.468 2375 2375 I sysui_multi_action: [757,0,758,1,759,0,927,2,928,0,1593,1]
11-22 08:15:29.468 2375 2375 I sysui_multi_action: [757,0,758,1,759,0,927,3,928,0,1593,1]
11-22 08:15:29.469 2375 2375 I sysui_multi_action: [757,491,758,1,759,491,927,4,928,0,1311,-1,1593,1]
11-22 08:15:29.469 2375 2375 I sysui_multi_action: [757,0,758,1,759,0,927,5,928,0,1593,1]
11-22 08:15:29.469 2375 2375 I sysui_multi_action: [757,114,758,1,759,114,927,6,928,0,1593,1]
11-22 08:15:29.469 2375 2375 I sysui_multi_action: [757,111,758,1]
11-22 08:15:29.469 2375 2375 I sysui_multi_action: [757,126,758,1,759,126,927,0,928,0,1593,1]
11-22 08:15:29.469 2375 2375 I sysui_multi_action: [757,113,758,1,759,113,927,1,928,1,1593,1]
11-22 08:15:29.469 2375 2375 I sysui_multi_action: [757,0,758,1,759,0,927,2,928,0,1593,1]
11-22 08:15:29.469 2375 2375 I sysui_multi_action: [757,0,758,1,759,0,927,3,928,0,1593,1]
11-22 08:15:29.480 2375 2375 I sysui_multi_action: [757,111,758,2]
11-22 08:15:29.480 2375 2375 I sysui_multi_action: [757,111,758,2]
11-22 08:15:29.480 1489 1489 I notification_enqueue: [10082,2375,com.android.systemui,2048,NULL,0,Notification(channel=updateNotification shortcut=null contentView=null vibrate=null sound=null defaults=0x0 flags=0x0 color=0x00000000 vis=PRIVATE),1]
11-22 08:15:29.483 2375 2375 I sysui_multi_action: [757,111,758,1]
11-22 08:15:29.484 2375 2375 I sysui_multi_action: [757,126,758,1,759,126,927,0,928,0,1593,1]
11-22 08:15:29.484 2375 2375 I sysui_multi_action: [757,113,758,1,759,113,927,1,928,1,1593,1]
11-22 08:15:29.484 2375 2375 I sysui_multi_action: [757,0,758,1,759,0,927,2,928,0,1593,1]
11-22 08:15:29.484 2375 2375 I sysui_multi_action: [757,0,758,1,759,0,927,3,928,0,1593,1]
11-22 08:15:29.484 2375 2375 I sysui_multi_action: [757,491,758,1,759,491,927,4,928,0,1311,-1,1593,0]
11-22 08:15:29.484 2375 2375 I sysui_multi_action: [757,0,758,1,759,0,927,5,928,0,1593,0]
11-22 08:15:29.484 2375 2375 I sysui_multi_action: [757,114,758,1,759,114,927,6,928,0,1593,1]
11-22 08:15:29.484 2375 2375 I sysui_multi_action: [757,111,758,1]
11-22 08:15:29.484 2375 2375 I sysui_multi_action: [757,126,758,1,759,126,927,0,928,0,1593,1]
11-22 08:15:29.484 2375 2375 I sysui_multi_action: [757,113,758,1,759,113,927,1,928,1,1593,1]
11-22 08:15:29.484 2375 2375 I sysui_multi_action: [757,0,758,1,759,0,927,2,928,0,1593,1]
11-22 08:15:29.484 2375 2375 I sysui_multi_action: [757,0,758,1,759,0,927,3,928,0,1593,1]
11-22 08:15:29.497 2375 2375 I sysui_multi_action: [757,111,758,2]
11-22 08:15:29.497 2375 2375 I sysui_multi_action: [757,111,758,2]
11-22 08:15:29.497 1489 1489 I notification_enqueue: [10082,2375,com.android.systemui,2048,NULL,0,Notification(channel=updateNotification shortcut=null contentView=null vibrate=null sound=null defaults=0x0 flags=0x0 color=0x00000000 vis=PRIVATE),1]
11-22 08:15:29.500 2375 2375 I sysui_multi_action: [757,111,758,1]
11-22 08:15:29.500 2375 2375 I sysui_multi_action: [757,126,758,1,759,126,927,0,928,0,1593,1]
11-22 08:15:29.500 2375 2375 I sysui_multi_action: [757,113,758,1,759,113,927,1,928,1,1593,1]
11-22 08:15:29.501 2375 2375 I sysui_multi_action: [757,0,758,1,759,0,927,2,928,0,1593,1]
11-22 08:15:29.501 2375 2375 I sysui_multi_action: [757,0,758,1,759,0,927,3,928,0,1593,1]
11-22 08:15:29.501 2375 2375 I sysui_multi_action: [757,491,758,1,759,491,927,4,928,0,1311,-1,1593,1]
11-22 08:15:29.501 2375 2375 I sysui_multi_action: [757,0,758,1,759,0,927,5,928,0,1593,1]
11-22 08:15:29.501 2375 2375 I sysui_multi_action: [757,114,758,1,759,114,927,6,928,0,1593,1]
11-22 08:15:29.501 2375 2375 I sysui_multi_action: [757,111,758,1]
11-22 08:15:29.501 2375 2375 I sysui_multi_action: [757,126,758,1,759,126,927,0,928,0,1593,1]
11-22 08:15:29.501 2375 2375 I sysui_multi_action: [757,113,758,1,759,113,927,1,928,1,1593,1]
11-22 08:15:29.501 2375 2375 I sysui_multi_action: [757,0,758,1,759,0,927,2,928,0,1593,1]
11-22 08:15:29.501 2375 2375 I sysui_multi_action: [757,0,758,1,759,0,927,3,928,0,1593,1]
11-22 08:15:29.515 2375 2375 I sysui_multi_action: [757,111,758,2]
11-22 08:15:29.515 1489 1489 I notification_enqueue: [10082,2375,com.android.systemui,2048,NULL,0,Notification(channel=updateNotification shortcut=null contentView=null vibrate=null sound=null defaults=0x0 flags=0x0 color=0x00000000 vis=PRIVATE),1]
11-22 08:15:29.515 2375 2375 I sysui_multi_action: [757,111,758,2]
11-22 08:15:29.519 2375 2375 I sysui_multi_action: [757,111,758,1]
11-22 08:15:29.519 2375 2375 I sysui_multi_action: [757,126,758,1,759,126,927,0,928,0,1593,1]
11-22 08:15:29.519 2375 2375 I sysui_multi_action: [757,113,758,1,759,113,927,1,928,1,1593,1]
11-22 08:15:29.519 2375 2375 I sysui_multi_action: [757,0,758,1,759,0,927,2,928,0,1593,1]
11-22 08:15:29.519 2375 2375 I sysui_multi_action: [757,0,758,1,759,0,927,3,928,0,1593,1]
11-22 08:15:29.519 2375 2375 I sysui_multi_action: [757,491,758,1,759,491,927,4,928,0,1311,-1,1593,0]
11-22 08:15:29.519 2375 2375 I sysui_multi_action: [757,0,758,1,759,0,927,5,928,0,1593,0]
11-22 08:15:29.519 2375 2375 I sysui_multi_action: [757,114,758,1,759,114,927,6,928,0,1593,0]
11-22 08:15:29.519 2375 2375 I sysui_multi_action: [757,111,758,1]
11-22 08:15:29.519 2375 2375 I sysui_multi_action: [757,126,758,1,759,126,927,0,928,0,1593,1]
11-22 08:15:29.519 2375 2375 I sysui_multi_action: [757,113,758,1,759,113,927,1,928,1,1593,1]
11-22 08:15:29.520 2375 2375 I sysui_multi_action: [757,0,758,1,759,0,927,2,928,0,1593,1]
11-22 08:15:29.520 2375 2375 I sysui_multi_action: [757,0,758,1,759,0,927,3,928,0,1593,1]
11-22 08:15:29.529 2375 2375 I sysui_multi_action: [757,111,758,2]
11-22 08:15:29.529 2375 2375 I sysui_multi_action: [757,111,758,2]
11-22 08:15:29.529 1489 1489 I notification_enqueue: [10082,2375,com.android.systemui,2048,NULL,0,Notification(channel=updateNotification shortcut=null contentView=null vibrate=null sound=null defaults=0x0 flags=0x0 color=0x00000000 vis=PRIVATE),1]
11-22 08:15:29.533 2375 2375 I sysui_multi_action: [757,111,758,1]
11-22 08:15:29.533 2375 2375 I sysui_multi_action: [757,126,758,1,759,126,927,0,928,0,1593,1]
11-22 08:15:29.533 2375 2375 I sysui_multi_action: [757,113,758,1,759,113,927,1,928,1,1593,1]
11-22 08:15:29.533 2375 2375 I sysui_multi_action: [757,0,758,1,759,0,927,2,928,0,1593,1]
11-22 08:15:29.533 2375 2375 I sysui_multi_action: [757,0,758,1,759,0,927,3,928,0,1593,1]
11-22 08:15:29.533 2375 2375 I sysui_multi_action: [757,491,758,1,759,491,927,4,928,0,1311,-1,1593,1]
11-22 08:15:29.533 2375 2375 I sysui_multi_action: [757,0,758,1,759,0,927,5,928,0,1593,1]
11-22 08:15:29.533 2375 2375 I sysui_multi_action: [757,114,758,1,759,114,927,6,928,0,1593,1]
11-22 08:15:29.533 2375 2375 I sysui_multi_action: [757,111,758,1]
11-22 08:15:29.533 2375 2375 I sysui_multi_action: [757,126,758,1,759,126,927,0,928,0,1593,1]
11-22 08:15:29.533 2375 2375 I sysui_multi_action: [757,113,758,1,759,113,927,1,928,1,1593,1]
11-22 08:15:29.534 2375 2375 I sysui_multi_action: [757,0,758,1,759,0,927,2,928,0,1593,1]
11-22 08:15:29.534 2375 2375 I sysui_multi_action: [757,0,758,1,759,0,927,3,928,0,1593,1]
11-22 08:15:29.547 1489 1489 I notification_enqueue: [10082,2375,com.android.systemui,2048,NULL,0,Notification(channel=updateNotification shortcut=null contentView=null vibrate=null sound=null defaults=0x0 flags=0x0 color=0x00000000 vis=PRIVATE),1]
11-22 08:15:29.547 2375 2375 I sysui_multi_action: [757,111,758,2]
11-22 08:15:29.547 2375 2375 I sysui_multi_action: [757,111,758,2]
11-22 08:15:29.550 2375 2375 I sysui_multi_action: [757,111,758,1]
11-22 08:15:29.550 2375 2375 I sysui_multi_action: [757,126,758,1,759,126,927,0,928,0,1593,0]
11-22 08:15:29.550 2375 2375 I sysui_multi_action: [757,113,758,1,759,113,927,1,928,1,1593,0]
11-22 08:15:29.550 2375 2375 I sysui_multi_action: [757,0,758,1,759,0,927,2,928,0,1593,0]
11-22 08:15:29.550 2375 2375 I sysui_multi_action: [757,0,758,1,759,0,927,3,928,0,1593,0]
11-22 08:15:29.550 2375 2375 I sysui_multi_action: [757,491,758,1,759,491,927,4,928,0,1311,-1,1593,0]
11-22 08:15:29.551 2375 2375 I sysui_multi_action: [757,0,758,1,759,0,927,5,928,0,1593,0]
11-22 08:15:29.551 2375 2375 I sysui_multi_action: [757,114,758,1,759,114,927,6,928,0,1593,0]
11-22 08:15:29.551 2375 2375 I sysui_multi_action: [757,111,758,1]
11-22 08:15:29.551 2375 2375 I sysui_multi_action: [757,126,758,1,759,126,927,0,928,0,1593,0]
11-22 08:15:29.551 2375 2375 I sysui_multi_action: [757,113,758,1,759,113,927,1,928,1,1593,0]
11-22 08:15:29.551 2375 2375 I sysui_multi_action: [757,0,758,1,759,0,927,2,928,0,1593,0]
11-22 08:15:29.551 2375 2375 I sysui_multi_action: [757,0,758,1,759,0,927,3,928,0,1593,0]
11-22 08:15:29.563 1489 1489 I notification_enqueue: [10082,2375,com.android.systemui,2048,NULL,0,Notification(channel=updateNotification shortcut=null contentView=null vibrate=null sound=null defaults=0x0 flags=0x0 color=0x00000000 vis=PRIVATE),1]
11-22 08:15:29.564 2375 2375 I sysui_multi_action: [757,111,758,2]
11-22 08:15:29.564 2375 2375 I sysui_multi_action: [757,111,758,2]
11-22 08:15:29.567 2375 2375 I sysui_multi_action: [757,111,758,1]
11-22 08:15:29.567 2375 2375 I sysui_multi_action: [757,126,758,1,759,126,927,0,928,0,1593,1]
11-22 08:15:29.567 2375 2375 I sysui_multi_action: [757,113,758,1,759,113,927,1,928,1,1593,1]
11-22 08:15:29.567 2375 2375 I sysui_multi_action: [757,0,758,1,759,0,927,2,928,0,1593,1]
11-22 08:15:29.567 2375 2375 I sysui_multi_action: [757,0,758,1,759,0,927,3,928,0,1593,1]
11-22 08:15:29.568 2375 2375 I sysui_multi_action: [757,491,758,1,759,491,927,4,928,0,1311,-1,1593,0]
11-22 08:15:29.568 2375 2375 I sysui_multi_action: [757,0,758,1,759,0,927,5,928,0,1593,0]
11-22 08:15:29.568 2375 2375 I sysui_multi_action: [757,114,758,1,759,114,927,6,928,0,1593,0]
11-22 08:15:29.568 2375 2375 I sysui_multi_action: [757,111,758,1]
11-22 08:15:29.568 2375 2375 I sysui_multi_action: [757,126,758,1,759,126,927,0,928,0,1593,1]
11-22 08:15:29.568 2375 2375 I sysui_multi_action: [757,113,758,1,759,113,927,1,928,1,1593,1]
11-22 08:15:29.568 2375 2375 I sysui_multi_action: [757,0,758,1,759,0,927,2,928,0,1593,1]
11-22 08:15:29.568 2375 2375 I sysui_multi_action: [757,0,758,1,759,0,927,3,928,0,1593,1]
11-22 08:15:29.580 1489 1489 I notification_enqueue: [10082,2375,com.android.systemui,2048,NULL,0,Notification(channel=updateNotification shortcut=null contentView=null vibrate=null sound=null defaults=0x0 flags=0x0 color=0x00000000 vis=PRIVATE),1]
11-22 08:15:29.580 2375 2375 I sysui_multi_action: [757,111,758,2]
11-22 08:15:29.580 2375 2375 I sysui_multi_action: [757,111,758,2]
11-22 08:15:29.584 2375 2375 I sysui_multi_action: [757,111,758,1]
11-22 08:15:29.584 2375 2375 I sysui_multi_action: [757,126,758,1,759,126,927,0,928,0,1593,1]
11-22 08:15:29.584 2375 2375 I sysui_multi_action: [757,113,758,1,759,113,927,1,928,1,1593,1]
11-22 08:15:29.584 2375 2375 I sysui_multi_action: [757,0,758,1,759,0,927,2,928,0,1593,1]
11-22 08:15:29.584 2375 2375 I sysui_multi_action: [757,0,758,1,759,0,927,3,928,0,1593,1]
11-22 08:15:29.584 2375 2375 I sysui_multi_action: [757,491,758,1,759,491,927,4,928,0,1311,-1,1593,0]
11-22 08:15:29.584 2375 2375 I sysui_multi_action: [757,0,758,1,759,0,927,5,928,0,1593,0]
11-22 08:15:29.584 2375 2375 I sysui_multi_action: [757,114,758,1,759,114,927,6,928,0,1593,0]
11-22 08:15:29.585 2375 2375 I sysui_multi_action: [757,111,758,1]
11-22 08:15:29.585 2375 2375 I sysui_multi_action: [757,126,758,1,759,126,927,0,928,0,1593,1]
11-22 08:15:29.585 2375 2375 I sysui_multi_action: [757,113,758,1,759,113,927,1,928,1,1593,1]
11-22 08:15:29.585 2375 2375 I sysui_multi_action: [757,0,758,1,759,0,927,2,928,0,1593,1]
11-22 08:15:29.585 2375 2375 I sysui_multi_action: [757,0,758,1,759,0,927,3,928,0,1593,1]
11-22 08:15:29.596 2375 2375 I sysui_multi_action: [757,111,758,2]
11-22 08:15:29.596 2375 2375 I sysui_multi_action: [757,111,758,2]
11-22 08:15:29.597 1489 1489 I notification_enqueue: [10082,2375,com.android.systemui,2048,NULL,0,Notification(channel=updateNotification shortcut=null contentView=null vibrate=null sound=null defaults=0x0 flags=0x0 color=0x00000000 vis=PRIVATE),1]
11-22 08:15:29.600 2375 2375 I sysui_multi_action: [757,111,758,1]
11-22 08:15:29.600 2375 2375 I sysui_multi_action: [757,126,758,1,759,126,927,0,928,0,1593,0]
11-22 08:15:29.600 2375 2375 I sysui_multi_action: [757,113,758,1,759,113,927,1,928,1,1593,0]
11-22 08:15:29.600 2375 2375 I sysui_multi_action: [757,0,758,1,759,0,927,2,928,0,1593,0]
11-22 08:15:29.600 2375 2375 I sysui_multi_action: [757,0,758,1,759,0,927,3,928,0,1593,0]
11-22 08:15:29.600 2375 2375 I sysui_multi_action: [757,491,758,1,759,491,927,4,928,0,1311,-1,1593,0]
11-22 08:15:29.600 2375 2375 I sysui_multi_action: [757,0,758,1,759,0,927,5,928,0,1593,0]
11-22 08:15:29.600 2375 2375 I sysui_multi_action: [757,114,758,1,759,114,927,6,928,0,1593,0]
11-22 08:15:29.600 2375 2375 I sysui_multi_action: [757,111,758,1]
11-22 08:15:29.601 2375 2375 I sysui_multi_action: [757,126,758,1,759,126,927,0,928,0,1593,0]
11-22 08:15:29.601 2375 2375 I sysui_multi_action: [757,113,758,1,759,113,927,1,928,1,1593,0]
11-22 08:15:29.601 2375 2375 I sysui_multi_action: [757,0,758,1,759,0,927,2,928,0,1593,0]
11-22 08:15:29.601 2375 2375 I sysui_multi_action: [757,0,758,1,759,0,927,3,928,0,1593,0]
11-22 08:15:29.613 2375 2375 I sysui_multi_action: [757,111,758,2]
11-22 08:15:29.613 1489 1489 I notification_enqueue: [10082,2375,com.android.systemui,2048,NULL,0,Notification(channel=updateNotification shortcut=null contentView=null vibrate=null sound=null defaults=0x0 flags=0x0 color=0x00000000 vis=PRIVATE),1]
11-22 08:15:29.613 2375 2375 I sysui_multi_action: [757,111,758,2]
11-22 08:15:29.616 2375 2375 I sysui_multi_action: [757,111,758,1]
11-22 08:15:29.616 2375 2375 I sysui_multi_action: [757,126,758,1,759,126,927,0,928,0,1593,0]
11-22 08:15:29.616 2375 2375 I sysui_multi_action: [757,113,758,1,759,113,927,1,928,1,1593,0]
11-22 08:15:29.616 2375 2375 I sysui_multi_action: [757,0,758,1,759,0,927,2,928,0,1593,0]
11-22 08:15:29.616 2375 2375 I sysui_multi_action: [757,0,758,1,759,0,927,3,928,0,1593,0]
11-22 08:15:29.617 2375 2375 I sysui_multi_action: [757,491,758,1,759,491,927,4,928,0,1311,-1,1593,0]
11-22 08:15:29.617 2375 2375 I sysui_multi_action: [757,0,758,1,759,0,927,5,928,0,1593,0]
11-22 08:15:29.617 2375 2375 I sysui_multi_action: [757,114,758,1,759,114,927,6,928,0,1593,0]
11-22 08:15:29.617 2375 2375 I sysui_multi_action: [757,111,758,1]
11-22 08:15:29.617 2375 2375 I sysui_multi_action: [757,126,758,1,759,126,927,0,928,0,1593,1]
11-22 08:15:29.617 2375 2375 I sysui_multi_action: [757,113,758,1,759,113,927,1,928,1,1593,1]
11-22 08:15:29.617 2375 2375 I sysui_multi_action: [757,0,758,1,759,0,927,2,928,0,1593,1]
11-22 08:15:29.617 2375 2375 I sysui_multi_action: [757,0,758,1,759,0,927,3,928,0,1593,1]
11-22 08:15:29.631 2375 2375 I sysui_multi_action: [757,111,758,2]
11-22 08:15:29.631 1489 1489 I notification_enqueue: [10082,2375,com.android.systemui,2048,NULL,0,Notification(channel=updateNotification shortcut=null contentView=null vibrate=null sound=null defaults=0x0 flags=0x0 color=0x00000000 vis=PRIVATE),1]
11-22 08:15:29.631 2375 2375 I sysui_multi_action: [757,111,758,2]
11-22 08:15:29.642 1489 1636 I input_focus: [Focus request 3cc67bf com.android.launcher3/com.android.launcher3.uioverrides.QuickstepLauncher,reason=UpdateInputWindows]
11-22 08:15:29.643 2375 2375 I sysui_multi_action: [757,111,758,1]
11-22 08:15:29.644 2375 2375 I sysui_multi_action: [757,126,758,1,759,126,927,0,928,0,1593,1]
11-22 08:15:29.644 2375 2375 I sysui_multi_action: [757,113,758,1,759,113,927,1,928,1,1593,1]
11-22 08:15:29.644 2375 2375 I sysui_multi_action: [757,0,758,1,759,0,927,2,928,0,1593,1]
11-22 08:15:29.644 2375 2375 I sysui_multi_action: [757,0,758,1,759,0,927,3,928,0,1593,1]
11-22 08:15:29.644 2375 2375 I sysui_multi_action: [757,491,758,1,759,491,927,4,928,0,1311,-1,1593,1]
11-22 08:15:29.644 2375 2375 I sysui_multi_action: [757,0,758,1,759,0,927,5,928,0,1593,1]
11-22 08:15:29.644 2375 2375 I sysui_multi_action: [757,114,758,1,759,114,927,6,928,0,1593,1]
11-22 08:15:29.644 2375 2375 I sysui_multi_action: [757,111,758,1]
11-22 08:15:29.644 2375 2375 I sysui_multi_action: [757,126,758,1,759,126,927,0,928,0,1593,1]
11-22 08:15:29.644 2375 2375 I sysui_multi_action: [757,113,758,1,759,113,927,1,928,1,1593,1]
11-22 08:15:29.644 2375 2375 I sysui_multi_action: [757,0,758,1,759,0,927,2,928,0,1593,1]
11-22 08:15:29.644 2375 2375 I sysui_multi_action: [757,0,758,1,759,0,927,3,928,0,1593,1]
11-22 08:15:29.652 2375 2375 I sysui_multi_action: [757,111,758,2]
11-22 08:15:29.652 2375 2375 I sysui_multi_action: [757,111,758,2]
11-22 08:15:29.653 1489 1489 I notification_enqueue: [10082,2375,com.android.systemui,2048,NULL,0,Notification(channel=updateNotification shortcut=null contentView=null vibrate=null sound=null defaults=0x0 flags=0x0 color=0x00000000 vis=PRIVATE),1]
11-22 08:15:29.654 1489 5500 I sysui_multi_action: [757,128,758,2,793,19039205,794,8875,795,19039205,796,26,798,0,806,android,857,DEVELOPER_IMPORTANT,858,4,947,0,1395,3,1500,19039002,1688,1]
11-22 08:15:29.654 1489 5500 I notification_visibility: [-1|android|26|null|1000,0,19039205,19039205,0,0]
11-22 08:15:29.654 1489 5500 I sysui_multi_action: [757,128,758,2,793,2698851,794,8875,795,2698851,796,4273,798,1,806,com.android.systemui,857,screen_record,858,3,947,0,1395,3,1500,2698649,1688,1,1745,680407814]
11-22 08:15:29.654 1489 5500 I notification_visibility: [0|com.android.systemui|4273|null|10082,0,2698851,2698851,0,1]
11-22 08:15:29.655 1489 5500 I sysui_multi_action: [757,128,758,2,793,19091135,794,8874,795,19091135,796,32,798,2,806,android,857,USB,858,1,947,0,1395,3,1500,19090915,1688,1]
11-22 08:15:29.655 1489 5500 I notification_visibility: [-1|android|32|null|1000,0,19091135,19091135,0,2]
11-22 08:15:29.655 1489 8738 I sysui_multi_action: [757,127,758,2]
11-22 08:15:29.655 1489 8738 I notification_panel_hidden:
11-22 08:15:29.665 2375 2375 I sysui_multi_action: [757,111,758,1]
11-22 08:15:29.665 2375 2375 I sysui_multi_action: [757,126,758,1,759,126,927,0,928,0,1593,1]
11-22 08:15:29.665 2375 2375 I sysui_multi_action: [757,113,758,1,759,113,927,1,928,1,1593,1]
11-22 08:15:29.665 2375 2375 I sysui_multi_action: [757,0,758,1,759,0,927,2,928,0,1593,1]
11-22 08:15:29.665 2375 2375 I sysui_multi_action: [757,0,758,1,759,0,927,3,928,0,1593,1]
11-22 08:15:29.665 2375 2375 I sysui_multi_action: [757,491,758,1,759,491,927,4,928,0,1311,-1,1593,1]
11-22 08:15:29.665 2375 2375 I sysui_multi_action: [757,0,758,1,759,0,927,5,928,0,1593,1]
11-22 08:15:29.665 2375 2375 I sysui_multi_action: [757,114,758,1,759,114,927,6,928,0,1593,1]
11-22 08:15:29.665 2375 2375 I sysui_multi_action: [757,111,758,1]
11-22 08:15:29.665 2375 2375 I sysui_multi_action: [757,126,758,1,759,126,927,0,928,0,1593,1]
11-22 08:15:29.665 2375 2375 I sysui_multi_action: [757,113,758,1,759,113,927,1,928,1,1593,1]
11-22 08:15:29.665 2375 2375 I sysui_multi_action: [757,0,758,1,759,0,927,2,928,0,1593,1]
11-22 08:15:29.665 2375 2375 I sysui_multi_action: [757,0,758,1,759,0,927,3,928,0,1593,1]
11-22 08:15:29.668 1489 2012 I input_focus: [Focus leaving 8f06d3 NotificationShade (server),reason=NO_WINDOW]
11-22 08:15:29.668 1489 2012 I input_focus: [Focus entering 3cc67bf com.android.launcher3/com.android.launcher3.uioverrides.QuickstepLauncher (server),reason=setFocusedWindow]
11-22 08:15:30.035 758 758 I auditd : type=1400 audit(0.0:5668): avc: denied { kill } for comm="crtc_commit:125" capability=5 scontext=u:r:kernel:s0 tcontext=u:r:kernel:s0 tclass=capability permissive=0
11-22 08:15:30.093 1489 2012 I input_interaction: Interaction with: 3cc67bf com.android.launcher3/com.android.launcher3.uioverrides.QuickstepLauncher (server), 6449bab com.android.systemui.ImageWallpaper (server), edge-swipe (server), swipe-up (server), PointerEventDispatcher0 (server),
11-22 08:15:30.183 1489 3542 I wm_task_moved: [216,1,6]
11-22 08:15:30.183 1489 3542 I wm_task_to_front: [0,216]
11-22 08:15:30.184 1489 3542 I wm_focused_root_task: [0,0,216,1,bringingFoundTaskToFront]
11-22 08:15:30.185 1489 3542 I wm_set_resumed_activity: [0,com.android.settings/.Settings,bringingFoundTaskToFront]
11-22 08:15:30.185 1489 3542 I wm_new_intent: [0,180379116,216,com.android.settings/.Settings,android.intent.action.MAIN,NULL,NULL,270532608]
11-22 08:15:30.188 1489 3542 I wm_pause_activity: [0,168390208,com.android.launcher3/.uioverrides.QuickstepLauncher,userLeaving=true,pauseBackTasks]
11-22 08:15:30.196 2840 2840 I wm_on_top_resumed_lost_called: [168390208,com.android.launcher3.uioverrides.QuickstepLauncher,topStateChangedWhenResumed]
11-22 08:15:30.200 2840 2840 I wm_on_paused_called: [168390208,com.android.launcher3.uioverrides.QuickstepLauncher,performPause]
11-22 08:15:30.203 1489 8738 I wm_set_resumed_activity: [0,com.android.settings/.Settings,resumeTopActivityInnerLocked]
11-22 08:15:30.207 1489 8738 I wm_add_to_stopping: [0,168390208,com.android.launcher3/.uioverrides.QuickstepLauncher,makeInvisible]
11-22 08:15:30.208 1489 8738 I wm_resume_activity: [0,180379116,216,com.android.settings/.Settings]
11-22 08:15:30.217 20988 20988 I wm_on_restart_called: [180379116,com.android.settings.Settings,performRestartActivity]
11-22 08:15:30.223 1489 1634 I sysui_multi_action: [757,803,799,window_time_0,802,10]
11-22 08:15:30.233 1489 2012 I input_focus: [Focus leaving 3cc67bf com.android.launcher3/com.android.launcher3.uioverrides.QuickstepLauncher (server),reason=NO_WINDOW]
11-22 08:15:30.242 20988 20988 I wm_on_start_called: [180379116,com.android.settings.Settings,handleStartActivity]
11-22 08:15:30.242 20988 20988 I snet_event_log: [120484087,-1,]
11-22 08:15:30.243 20988 20988 I wm_on_resume_called: [180379116,com.android.settings.Settings,RESUME_ACTIVITY]
11-22 08:15:30.243 20988 20988 I sysui_multi_action: [757,35,758,1,833,0,1089,0]
11-22 08:15:30.243 20988 20988 I sysui_multi_action: [757,747,758,1,833,0,1089,0]
11-22 08:15:30.245 20988 20988 I wm_on_top_resumed_gained_called: [180379116,com.android.settings.Settings,topWhenResuming]
11-22 08:15:30.254 1489 1636 I input_focus: [Focus request ad9424c com.android.settings/com.android.settings.Settings,reason=UpdateInputWindows]
11-22 08:15:30.268 1489 2012 I input_focus: [Focus entering ad9424c com.android.settings/com.android.settings.Settings (server),reason=setFocusedWindow]
11-22 08:15:30.280 1489 1631 I sysui_multi_action: [319,62,321,58,322,82,325,19118,757,761,758,9,759,4,806,com.android.settings,871,com.android.settings.Settings,904,com.android.launcher3,905,0,1320,8,1321,5]
11-22 08:15:30.784 1489 1634 I wm_stop_activity: [0,168390208,com.android.launcher3/.uioverrides.QuickstepLauncher]
11-22 08:15:30.819 2840 2840 I wm_on_stop_called: [168390208,com.android.launcher3.uioverrides.QuickstepLauncher,STOP_ACTIVITY_ITEM]
11-22 08:15:31.035 0 0 I auditd : type=1400 audit(0.0:5669): avc: denied { kill } for comm="swapper/1" capability=5 scontext=u:r:kernel:s0 tcontext=u:r:kernel:s0 tclass=capability permissive=0
11-22 08:15:31.678 1489 2012 I input_interaction: Interaction with: ad9424c com.android.settings/com.android.settings.Settings (server), edge-swipe (server), swipe-up (server), PointerEventDispatcher0 (server),
11-22 08:15:31.816 20988 20988 I sysui_multi_action: [757,830,758,4,833,0,854,top_level_network,1089,0]
11-22 08:15:31.939 20988 20988 I sysui_multi_action: [757,747,758,2,1089,1695]
11-22 08:15:31.955 20988 20988 W CarrierConfigManager: Error getting config for subId -1 ICarrierConfigLoader is null
11-22 08:15:31.994 20988 20988 I sysui_multi_action: [757,746,758,1,833,0,1089,48]
11-22 08:15:31.994 1489 6560 D TelephonyRegistry: listen oscl: mHasNotifySubscriptionInfoChangedOccurred==false no callback
11-22 08:15:31.997 1489 6560 D TelephonyRegistry: listen oscl: mHasNotifySubscriptionInfoChangedOccurred==false no callback
11-22 08:15:32.005 20988 20988 I sysui_multi_action: [757,1729,758,4,854,isParalleledControllers:false,1089,59]
11-22 08:15:33.035 0 0 I auditd : type=1400 audit(0.0:5670): avc: denied { kill } for comm="swapper/1" capability=5 scontext=u:r:kernel:s0 tcontext=u:r:kernel:s0 tclass=capability permissive=0
11-22 08:15:33.246 20988 20988 I sysui_multi_action: [757,139,758,4]
11-22 08:15:33.251 20988 20988 I sysui_multi_action: [757,830,758,4,833,0,854,main_toggle_wifi,1089,0]
11-22 08:15:33.462 1489 1751 I commit_sys_config_file: [settings-0-0,13]
11-22 08:15:34.035 0 0 I auditd : type=1400 audit(0.0:5671): avc: denied { kill } for comm="swapper/1" capability=5 scontext=u:r:kernel:s0 tcontext=u:r:kernel:s0 tclass=capability permissive=0
11-22 08:15:36.035 0 0 I auditd : type=1400 audit(0.0:5672): avc: denied { kill } for comm="swapper/1" capability=5 scontext=u:r:kernel:s0 tcontext=u:r:kernel:s0 tclass=capability permissive=0
11-22 08:15:36.800 1489 2312 I netstats_mobile_sample: [0,0,0,0,0,0,0,0,0,0,0,0,1669076136800]
11-22 08:15:36.801 1489 2312 I netstats_wifi_sample: [1410237,1478,302326,1043,1410237,1478,302326,1043,1562868,1735,250088,927,1669076136800]
11-22 08:15:37.035 0 0 I auditd : type=1400 audit(0.0:5673): avc: denied { kill } for comm="swapper/1" capability=5 scontext=u:r:kernel:s0 tcontext=u:r:kernel:s0 tclass=capability permissive=0
11-22 08:15:37.601 20988 20988 I service_manager_stats: [100,47,19126140]
11-22 08:15:37.621 1489 2312 I netstats_mobile_sample: [0,0,0,0,0,0,0,0,0,0,0,0,1669076137621]
11-22 08:15:37.621 1489 2312 I netstats_wifi_sample: [1410237,1478,302326,1043,1410237,1478,302326,1043,1562868,1735,250088,927,1669076137621]
11-22 08:15:37.632 1489 2312 I netstats_mobile_sample: [0,0,0,0,0,0,0,0,0,0,0,0,1669076137632]
11-22 08:15:37.633 1489 2312 I netstats_wifi_sample: [1410237,1478,302326,1043,1410237,1478,302326,1043,1562868,1735,250088,927,1669076137632]
11-22 08:15:37.657 1489 2312 I netstats_mobile_sample: [0,0,0,0,0,0,0,0,0,0,0,0,1669076137657]
11-22 08:15:37.657 1489 2312 I netstats_wifi_sample: [1410237,1478,302326,1043,1410237,1478,302326,1043,1562868,1735,250088,927,1669076137657]
11-22 08:15:37.669 1489 2312 I netstats_mobile_sample: [0,0,0,0,0,0,0,0,0,0,0,0,1669076137669]
11-22 08:15:37.669 1489 2312 I netstats_wifi_sample: [1410277,1479,302326,1043,1410277,1479,302326,1043,1562908,1736,250088,927,1669076137669]
11-22 08:15:37.691 1489 2312 I netstats_mobile_sample: [0,0,0,0,0,0,0,0,0,0,0,0,1669076137691]
11-22 08:15:37.691 1489 2312 I netstats_wifi_sample: [1410277,1479,302638,1047,1410277,1479,302638,1047,1562908,1736,250400,931,1669076137691]
11-22 08:15:37.783 1489 1489 I auditd : type=1400 audit(0.0:5674): avc: denied { sys_module } for comm="Binder:1489_18" capability=16 scontext=u:r:system_server:s0 tcontext=u:r:system_server:s0 tclass=capability permissive=0
11-22 08:15:37.783 1489 1489 I auditd : type=1400 audit(0.0:5675): avc: denied { sys_module } for comm="Binder:1489_18" capability=16 scontext=u:r:system_server:s0 tcontext=u:r:system_server:s0 tclass=capability permissive=0
11-22 08:15:38.035 0 0 I auditd : type=1400 audit(0.0:5676): avc: denied { kill } for comm="swapper/1" capability=5 scontext=u:r:kernel:s0 tcontext=u:r:kernel:s0 tclass=capability permissive=0
11-22 08:15:39.035 0 0 I auditd : type=1400 audit(0.0:5677): avc: denied { kill } for comm="swapper/1" capability=5 scontext=u:r:kernel:s0 tcontext=u:r:kernel:s0 tclass=capability permissive=0
11-22 08:15:39.383 20988 20988 I sysui_multi_action: [757,830,758,4,833,0,854,top_level_connected_devices,1089,0]
11-22 08:15:39.494 20988 20988 I sysui_multi_action: [757,746,758,2,1089,7499]
11-22 08:15:39.578 20988 20988 I sysui_multi_action: [757,747,758,1,833,0,1089,71]
11-22 08:15:39.579 20988 20988 I sysui_multi_action: [757,1729,758,4,854,isParalleledControllers:false,1089,72]
11-22 08:15:40.035 0 0 I auditd : type=1400 audit(0.0:5678): avc: denied { kill } for comm="swapper/1" capability=5 scontext=u:r:kernel:s0 tcontext=u:r:kernel:s0 tclass=capability permissive=0
11-22 08:15:40.553 1489 8738 I wm_task_moved: [1,0,0]
11-22 08:15:40.554 1489 8738 I wm_task_moved: [1,0,5]
11-22 08:15:40.569 2840 2840 I wm_on_restart_called: [168390208,com.android.launcher3.uioverrides.QuickstepLauncher,performRestartActivity]
11-22 08:15:40.588 2840 2840 I wm_on_start_called: [168390208,com.android.launcher3.uioverrides.QuickstepLauncher,handleStartActivity]
11-22 08:15:40.618 1489 1631 I sysui_multi_action: [319,19,322,60,325,19129,757,761,758,9,759,5,806,com.android.launcher3,871,com.android.launcher3.uioverrides.QuickstepLauncher,905,0,1320,8,1321,5]
11-22 08:15:40.682 20988 20988 I view_enqueue_input_event: [Motion - Cancel,com.android.settings/com.android.settings.Settings]
11-22 08:15:40.683 2840 2840 I sysui_latency: [1,73]
11-22 08:15:40.693 1489 1636 I input_focus: [Focus request recents_animation_input_consumer,reason=UpdateInputWindows]
11-22 08:15:40.698 1489 2012 I input_interaction: Interaction with: edge-swipe (server), swipe-up (server), PointerEventDispatcher0 (server),
11-22 08:15:40.726 1489 2012 I input_focus: [Focus leaving ad9424c com.android.settings/com.android.settings.Settings (server),reason=NOT_FOCUSABLE]
11-22 08:15:40.728 1489 2012 I input_focus: [Focus entering recents_animation_input_consumer (server),reason=setFocusedWindow]
11-22 08:15:40.797 1489 1751 I commit_sys_config_file: [settings-1-0,9]
11-22 08:15:40.914 1489 1648 I sysui_latency: [8,75]
11-22 08:15:41.035 0 0 I auditd : type=1400 audit(0.0:5679): avc: denied { kill } for comm="swapper/1" capability=5 scontext=u:r:kernel:s0 tcontext=u:r:kernel:s0 tclass=capability permissive=0
11-22 08:15:41.400 1489 3542 I wm_task_moved: [1,1,6]
11-22 08:15:41.402 1489 3542 I wm_task_moved: [10,1,2147483647]
11-22 08:15:41.402 1489 3542 I wm_task_to_front: [0,10]
11-22 08:15:41.402 1489 3542 I wm_focused_root_task: [0,0,1,216,RecentsAnimation.onAnimationFinished()]
11-22 08:15:41.403 1489 3542 I wm_set_resumed_activity: [0,com.android.launcher3/.uioverrides.QuickstepLauncher,RecentsAnimation.onAnimationFinished()]
11-22 08:15:41.404 1489 3542 I wm_pause_activity: [0,180379116,com.android.settings/.Settings,userLeaving=true,pauseBackTasks]
11-22 08:15:41.405 1489 3542 I wm_add_to_stopping: [0,180379116,com.android.settings/.Settings,makeInvisible]
11-22 08:15:41.405 1489 3542 I wm_set_resumed_activity: [0,com.android.launcher3/.uioverrides.QuickstepLauncher,resumeTopActivityInnerLocked]
11-22 08:15:41.407 1489 3542 I wm_resume_activity: [0,168390208,10,com.android.launcher3/.uioverrides.QuickstepLauncher]
11-22 08:15:41.410 20988 20988 I wm_on_top_resumed_lost_called: [180379116,com.android.settings.Settings,topStateChangedWhenResumed]
11-22 08:15:41.415 2840 2840 I wm_on_resume_called: [168390208,com.android.launcher3.uioverrides.QuickstepLauncher,RESUME_ACTIVITY]
11-22 08:15:41.416 1489 1636 I input_focus: [Focus request 3cc67bf com.android.launcher3/com.android.launcher3.uioverrides.QuickstepLauncher,reason=UpdateInputWindows]
11-22 08:15:41.418 20988 20988 I sysui_multi_action: [757,35,758,2,1089,11175]
11-22 08:15:41.419 20988 20988 I sysui_multi_action: [757,747,758,2,1089,1841]
11-22 08:15:41.420 20988 20988 I wm_on_paused_called: [180379116,com.android.settings.Settings,performPause]
11-22 08:15:41.423 1489 1634 I wm_stop_activity: [0,180379116,com.android.settings/.Settings]
11-22 08:15:41.424 1489 1634 I sysui_multi_action: [757,803,799,window_time_0,802,11]
11-22 08:15:41.424 1489 1634 I sysui_multi_action: [757,803,799,window_time_0,802,0]
11-22 08:15:41.425 2840 2840 I wm_on_top_resumed_gained_called: [168390208,com.android.launcher3.uioverrides.QuickstepLauncher,topStateChangedWhenResumed]
11-22 08:15:41.428 1489 2012 I input_focus: [Focus leaving recents_animation_input_consumer (server),reason=NOT_VISIBLE]
11-22 08:15:41.429 1489 2012 I input_focus: [Focus entering 3cc67bf com.android.launcher3/com.android.launcher3.uioverrides.QuickstepLauncher (server),reason=setFocusedWindow]
11-22 08:15:41.446 20988 20988 I wm_on_stop_called: [180379116,com.android.settings.Settings,STOP_ACTIVITY_ITEM]
11-22 08:15:41.452 1489 1648 I am_pss : [21003,10069,com.android.gallery3d,22839296,17424384,0,138129408,0,18,7]
11-22 08:15:42.186 1489 2012 I input_interaction: Interaction with: 3cc67bf com.android.launcher3/com.android.launcher3.uioverrides.QuickstepLauncher (server), 6449bab com.android.systemui.ImageWallpaper (server), edge-swipe (server), swipe-up (server), PointerEventDispatcher0 (server),
11-22 08:15:42.367 1489 1650 I am_uid_idle: 10094
11-22 08:15:42.492 1489 1751 I commit_sys_config_file: [settings-1-0,2]
11-22 08:15:42.797 1489 2489 I ntp_failure: [time.android.com/216.239.35.12,java.net.SocketTimeoutException: Poll timed out]
11-22 08:15:43.035 352 352 I auditd : type=1400 audit(0.0:5680): avc: denied { kill } for comm="irq/382-atmel_m" capability=5 scontext=u:r:kernel:s0 tcontext=u:r:kernel:s0 tclass=capability permissive=0
11-22 08:15:43.285 1489 1751 I commit_sys_config_file: [settings-1-0,1]
11-22 08:15:43.387 1489 2301 I netstats_mobile_sample: [0,0,0,0,0,0,0,0,0,0,0,0,1669076143387]
11-22 08:15:43.387 1489 2301 I netstats_wifi_sample: [20678841,15008,447987,2965,20678841,15008,447987,2965,20817739,15276,386511,2821,1669076143387]
11-22 08:15:44.035 0 0 I auditd : type=1400 audit(0.0:5681): avc: denied { kill } for comm="swapper/6" capability=5 scontext=u:r:kernel:s0 tcontext=u:r:kernel:s0 tclass=capability permissive=0
11-22 08:15:44.511 1489 2301 I netstats_mobile_sample: [0,0,0,0,0,0,0,0,0,0,0,0,1669076144511]
11-22 08:15:44.512 1489 2301 I netstats_wifi_sample: [28213223,20252,495191,3687,28213223,20252,495191,3687,28425826,20645,429299,3534,1669076144511]
11-22 08:15:44.516 1489 2302 I service_manager_stats: [100,107,59371]
11-22 08:15:45.035 0 0 I auditd : type=1400 audit(0.0:5682): avc: denied { kill } for comm="swapper/6" capability=5 scontext=u:r:kernel:s0 tcontext=u:r:kernel:s0 tclass=capability permissive=0
11-22 08:15:45.164 1489 8738 I wm_task_created: [219,-1]
11-22 08:15:45.168 1489 8738 I wm_task_moved: [219,1,7]
11-22 08:15:45.168 1489 8738 I wm_task_to_front: [0,219]
11-22 08:15:45.169 1489 8738 I wm_create_task: [0,219]
11-22 08:15:45.169 1489 8738 I wm_create_activity: [0,209961133,219,com.android.gallery3d/.app.GalleryActivity,NULL,NULL,NULL,268468224]
11-22 08:15:45.169 1489 8738 I wm_task_moved: [219,1,7]
11-22 08:15:45.175 1489 8738 I wm_restart_activity: [0,209961133,219,com.android.gallery3d/.app.GalleryActivity]
11-22 08:15:45.177 1489 8738 I wm_set_resumed_activity: [0,com.android.gallery3d/.app.GalleryActivity,minimalResumeActivityLocked]
11-22 08:15:45.183 2840 2840 I wm_on_top_resumed_lost_called: [168390208,com.android.launcher3.uioverrides.QuickstepLauncher,topStateChangedWhenResumed]
11-22 08:15:45.208 21003 21003 I wm_on_create_called: [209961133,com.android.gallery3d.app.GalleryActivity,performCreate]
11-22 08:15:45.208 21003 21003 I wm_on_start_called: [209961133,com.android.gallery3d.app.GalleryActivity,handleStartActivity]
11-22 08:15:45.211 21003 21003 I wm_on_resume_called: [209961133,com.android.gallery3d.app.GalleryActivity,RESUME_ACTIVITY]
11-22 08:15:45.213 21003 21003 I wm_on_top_resumed_gained_called: [209961133,com.android.gallery3d.app.GalleryActivity,topStateChangedWhenResumed]
11-22 08:15:45.221 1489 1636 I input_focus: [Focus request 6c4fcf com.android.gallery3d/com.android.gallery3d.app.GalleryActivity,reason=UpdateInputWindows]
11-22 08:15:45.254 1489 2012 I input_focus: [Focus leaving 3cc67bf com.android.launcher3/com.android.launcher3.uioverrides.QuickstepLauncher (server),reason=Waiting for window because NOT_VISIBLE]
11-22 08:15:45.262 1489 1631 I sysui_multi_action: [319,98,322,97,325,19133,757,761,758,8,759,2,806,com.android.gallery3d,871,com.android.gallery3d.app.GalleryActivity,904,com.android.launcher3,905,0,1320,8,1321,5]
11-22 08:15:45.263 1489 1631 I wm_activity_launch_time: [0,209961133,com.android.gallery3d/.app.GalleryActivity,97]
11-22 08:15:45.272 1489 2012 I input_focus: [Focus entering 6c4fcf com.android.gallery3d/com.android.gallery3d.app.GalleryActivity (server),reason=Window became focusable. Previous reason: NOT_VISIBLE]
11-22 08:15:46.035 0 0 I auditd : type=1400 audit(0.0:5683): avc: denied { kill } for comm="swapper/2" capability=5 scontext=u:r:kernel:s0 tcontext=u:r:kernel:s0 tclass=capability permissive=0
11-22 08:15:46.784 1489 2012 I input_interaction: Interaction with: 6c4fcf com.android.gallery3d/com.android.gallery3d.app.GalleryActivity (server), edge-swipe (server), swipe-up (server), PointerEventDispatcher0 (server),
11-22 08:15:47.035 0 0 I auditd : type=1400 audit(0.0:5684): avc: denied { kill } for comm="swapper/2" capability=5 scontext=u:r:kernel:s0 tcontext=u:r:kernel:s0 tclass=capability permissive=0
11-22 08:15:47.803 1489 2489 I ntp_failure: [time.android.com/216.239.35.0,java.net.SocketTimeoutException: Poll timed out]
11-22 08:15:48.035 0 0 I auditd : type=1400 audit(0.0:5685): avc: denied { kill } for comm="swapper/2" capability=5 scontext=u:r:kernel:s0 tcontext=u:r:kernel:s0 tclass=capability permissive=0
11-22 08:15:49.035 0 0 I auditd : type=1400 audit(0.0:5686): avc: denied { kill } for comm="swapper/2" capability=5 scontext=u:r:kernel:s0 tcontext=u:r:kernel:s0 tclass=capability permissive=0
11-22 08:15:49.476 21003 21003 I menu_item_selected: [0,Movies]
11-22 08:15:52.035 0 0 I auditd : type=1400 audit(0.0:5687): avc: denied { kill } for comm="swapper/3" capability=5 scontext=u:r:kernel:s0 tcontext=u:r:kernel:s0 tclass=capability permissive=0
11-22 08:15:52.813 1489 2489 I ntp_failure: [time.android.com/216.239.35.4,java.net.SocketTimeoutException: Poll timed out]
11-22 08:15:53.035 0 0 I auditd : type=1400 audit(0.0:5688): avc: denied { kill } for comm="swapper/3" capability=5 scontext=u:r:kernel:s0 tcontext=u:r:kernel:s0 tclass=capability permissive=0
11-22 08:15:54.035 0 0 I auditd : type=1400 audit(0.0:5689): avc: denied { kill } for comm="swapper/3" capability=5 scontext=u:r:kernel:s0 tcontext=u:r:kernel:s0 tclass=capability permissive=0
11-22 08:15:54.184 1489 8738 I wm_task_moved: [219,1,7]
11-22 08:15:54.184 1489 8738 I wm_set_resumed_activity: [0,com.android.gallery3d/.app.GalleryActivity,positionChildAt]
11-22 08:15:54.185 1489 8738 I wm_create_activity: [0,175999620,219,com.android.gallery3d/.app.MovieActivity,android.intent.action.VIEW,video/*,content://media/external/video/media/25,0]
11-22 08:15:54.186 1489 8738 I wm_pause_activity: [0,209961133,com.android.gallery3d/.app.GalleryActivity,userLeaving=true,resumeTopActivityInnerLocked]
11-22 08:15:54.192 21003 21003 I wm_on_top_resumed_lost_called: [209961133,com.android.gallery3d.app.GalleryActivity,topStateChangedWhenResumed]
11-22 08:15:54.230 21003 21003 I wm_on_paused_called: [209961133,com.android.gallery3d.app.GalleryActivity,performPause]
11-22 08:15:54.233 1489 8738 I wm_restart_activity: [0,175999620,219,com.android.gallery3d/.app.MovieActivity]
11-22 08:15:54.234 1489 8738 I wm_set_resumed_activity: [0,com.android.gallery3d/.app.MovieActivity,minimalResumeActivityLocked]
11-22 08:15:54.238 1489 1634 I sysui_multi_action: [757,803,799,window_time_0,802,13]
11-22 08:15:54.284 21003 21003 I wm_on_create_called: [175999620,com.android.gallery3d.app.MovieActivity,performCreate]
11-22 08:15:54.288 21003 21003 I wm_on_start_called: [175999620,com.android.gallery3d.app.MovieActivity,handleStartActivity]
11-22 08:15:54.288 21003 21003 I wm_on_resume_called: [175999620,com.android.gallery3d.app.MovieActivity,RESUME_ACTIVITY]
11-22 08:15:54.291 21003 21003 I wm_on_top_resumed_gained_called: [175999620,com.android.gallery3d.app.MovieActivity,topStateChangedWhenResumed]
11-22 08:15:54.298 1489 1636 I input_focus: [Focus request 5bdb2ee com.android.gallery3d/com.android.gallery3d.app.MovieActivity,reason=UpdateInputWindows]
11-22 08:15:54.312 1489 2012 I input_focus: [Focus leaving 6c4fcf com.android.gallery3d/com.android.gallery3d.app.GalleryActivity (server),reason=Waiting for window because NOT_VISIBLE]
11-22 08:15:54.362 1489 1631 I wm_activity_launch_time: [0,175999620,com.android.gallery3d/.app.MovieActivity,181]
11-22 08:15:54.376 1489 2012 I input_focus: [Focus entering 5bdb2ee com.android.gallery3d/com.android.gallery3d.app.MovieActivity (server),reason=Window became focusable. Previous reason: NOT_VISIBLE]
11-22 08:15:55.035 0 0 I auditd : type=1400 audit(0.0:5690): avc: denied { kill } for comm="swapper/3" capability=5 scontext=u:r:kernel:s0 tcontext=u:r:kernel:s0 tclass=capability permissive=0
11-22 08:15:55.409 1489 2012 I input_interaction: Interaction with: 5bdb2ee com.android.gallery3d/com.android.gallery3d.app.MovieActivity (server), edge-swipe (server), swipe-up (server), PointerEventDispatcher0 (server),
11-22 08:15:55.514 1489 1636 I input_focus: [Focus request 3c07225 com.android.gallery3d/com.android.gallery3d.app.MovieActivity,reason=UpdateInputWindows]
11-22 08:15:55.531 1489 2012 I input_focus: [Focus entering 3c07225 com.android.gallery3d/com.android.gallery3d.app.MovieActivity (server),reason=setFocusedWindow]
11-22 08:15:56.035 0 0 I auditd : type=1400 audit(0.0:5691): avc: denied { kill } for comm="swapper/3" capability=5 scontext=u:r:kernel:s0 tcontext=u:r:kernel:s0 tclass=capability permissive=0
11-22 08:15:57.035 0 0 I auditd : type=1400 audit(0.0:5692): avc: denied { kill } for comm="swapper/3" capability=5 scontext=u:r:kernel:s0 tcontext=u:r:kernel:s0 tclass=capability permissive=0
11-22 08:15:57.822 1489 2489 I ntp_failure: [time.android.com/216.239.35.8,java.net.SocketTimeoutException: Poll timed out]
