11-22 09:00:05.060 1489 1636 W WindowManager: updateScale0.7996942
11-22 09:00:05.075 1489 1636 D FreeFormWindowHelper: refreshTipWindow windowDragBounds:Rect(374, 81 - 897, 1009)
11-22 09:00:05.076 1489 1636 W WindowManager: updateScale0.7996942
11-22 09:00:05.092 1489 1636 D FreeFormWindowHelper: refreshTipWindow windowDragBounds:Rect(357, 83 - 880, 1011)
11-22 09:00:05.093 1489 1636 W WindowManager: updateScale0.7996942
11-22 09:00:05.095 1489 6044 W WindowManager: updateScale0.7996942
11-22 09:00:05.108 1489 1636 D FreeFormWindowHelper: refreshTipWindow windowDragBounds:Rect(343, 84 - 866, 1012)
11-22 09:00:05.110 1489 1636 W WindowManager: updateScale0.7996942
11-22 09:00:05.125 1489 1636 D FreeFormWindowHelper: refreshTipWindow windowDragBounds:Rect(328, 85 - 851, 1013)
11-22 09:00:05.126 1489 1636 W WindowManager: updateScale0.7996942
11-22 09:00:05.140 1489 2808 W WindowManager: updateScale0.7996942
11-22 09:00:05.142 1489 1636 D FreeFormWindowHelper: refreshTipWindow windowDragBounds:Rect(312, 87 - 835, 1015)
11-22 09:00:05.144 1489 1636 W WindowManager: updateScale0.7996942
11-22 09:00:05.147 24515 24652 I GLRootView: onSurfaceChanged: 654x1093, gl10: com.google.android.gles_jni.GLImpl@941039e
11-22 09:00:05.147 24515 24652 I GLRootView: layout content pane 654x1093 (compensation 0)
11-22 09:00:05.158 1489 1636 D FreeFormWindowHelper: refreshTipWindow windowDragBounds:Rect(296, 88 - 819, 1016)
11-22 09:00:05.159 1489 1636 W WindowManager: updateScale0.7996942
11-22 09:00:05.174 1489 2808 W WindowManager: updateScale0.7996942
11-22 09:00:05.176 1489 1636 D FreeFormWindowHelper: refreshTipWindow windowDragBounds:Rect(280, 91 - 803, 1019)
11-22 09:00:05.177 1489 1636 W WindowManager: updateScale0.7996942
11-22 09:00:05.182 24515 24652 I GLRootView: onSurfaceChanged: 654x1092, gl10: com.google.android.gles_jni.GLImpl@941039e
11-22 09:00:05.182 24515 24652 I GLRootView: layout content pane 654x1092 (compensation 0)
11-22 09:00:05.188 1489 2808 W WindowManager: updateScale0.7996942
11-22 09:00:05.192 1489 1636 D FreeFormWindowHelper: refreshTipWindow windowDragBounds:Rect(264, 92 - 787, 1020)
11-22 09:00:05.193 1489 1636 W WindowManager: updateScale0.7996942
11-22 09:00:05.204 1489 6044 W WindowManager: updateScale0.7996942
11-22 09:00:05.209 1489 1636 D FreeFormWindowHelper: refreshTipWindow windowDragBounds:Rect(246, 95 - 769, 1023)
11-22 09:00:05.211 1489 1636 W WindowManager: updateScale0.7996942
11-22 09:00:05.221 1489 2839 W WindowManager: updateScale0.7996942
11-22 09:00:05.225 1489 1636 D FreeFormWindowHelper: refreshTipWindow windowDragBounds:Rect(229, 98 - 752, 1026)
11-22 09:00:05.227 1489 1636 W WindowManager: updateScale0.7996942
11-22 09:00:05.238 1489 2839 W WindowManager: updateScale0.7996942
11-22 09:00:05.242 1489 1636 D FreeFormWindowHelper: refreshTipWindow windowDragBounds:Rect(212, 101 - 735, 1029)
11-22 09:00:05.244 1489 1636 W WindowManager: updateScale0.7996942
11-22 09:00:05.255 1489 2839 W WindowManager: updateScale0.7996942
11-22 09:00:05.259 1489 1636 D FreeFormWindowHelper: refreshTipWindow windowDragBounds:Rect(196, 103 - 719, 1031)
11-22 09:00:05.260 1489 1636 W WindowManager: updateScale0.7996942
11-22 09:00:05.263 24515 24652 I GLRootView: onSurfaceChanged: 654x1093, gl10: com.google.android.gles_jni.GLImpl@941039e
11-22 09:00:05.263 24515 24652 I GLRootView: layout content pane 654x1093 (compensation 0)
11-22 09:00:05.272 1489 6044 W WindowManager: updateScale0.7996942
11-22 09:00:05.275 1489 1636 D FreeFormWindowHelper: refreshTipWindow windowDragBounds:Rect(181, 105 - 704, 1033)
11-22 09:00:05.277 1489 1636 W WindowManager: updateScale0.7996942
11-22 09:00:05.277 24515 24624 E BLASTBufferQueue: [ViewRootImpl[GalleryActivity]#0](f:0,a:2) rejecting buffer:active_size=654x1160, requested_size=654x1160 buffer{size=654x1161 transform=0}
11-22 09:00:05.281 24515 24652 I GLRootView: onSurfaceChanged: 654x1092, gl10: com.google.android.gles_jni.GLImpl@941039e
11-22 09:00:05.281 24515 24652 I GLRootView: layout content pane 654x1092 (compensation 0)
11-22 09:00:05.288 1489 2808 W WindowManager: updateScale0.7996942
11-22 09:00:05.292 1489 1636 D FreeFormWindowHelper: refreshTipWindow windowDragBounds:Rect(166, 106 - 689, 1034)
11-22 09:00:05.293 1489 1636 W WindowManager: updateScale0.7996942
11-22 09:00:05.296 24515 24652 I GLRootView: onSurfaceChanged: 654x1093, gl10: com.google.android.gles_jni.GLImpl@941039e
11-22 09:00:05.296 24515 24652 I GLRootView: layout content pane 654x1093 (compensation 0)
11-22 09:00:05.305 1489 2808 W WindowManager: updateScale0.7996942
11-22 09:00:05.309 1489 1636 D FreeFormWindowHelper: refreshTipWindow windowDragBounds:Rect(152, 106 - 675, 1034)
11-22 09:00:05.310 1489 1636 W WindowManager: updateScale0.7996942
11-22 09:00:05.311 24515 24624 E BLASTBufferQueue: [SurfaceView[com.android.gallery3d/com.android.gallery3d.app.GalleryActivity]#9](f:3,a:2) rejecting buffer:active_size=654x1093, requested_size=654x1093 buffer{size=654x1092 transform=0}
11-22 09:00:05.311 24515 24624 E BLASTBufferQueue: [SurfaceView[com.android.gallery3d/com.android.gallery3d.app.GalleryActivity]#9](f:2,a:2) rejecting buffer:active_size=654x1093, requested_size=654x1093 buffer{size=654x1092 transform=0}
11-22 09:00:05.311 24515 24624 E BLASTBufferQueue: [SurfaceView[com.android.gallery3d/com.android.gallery3d.app.GalleryActivity]#9](f:1,a:2) rejecting buffer:active_size=654x1093, requested_size=654x1093 buffer{size=654x1092 transform=0}
11-22 09:00:05.314 24515 24652 I GLRootView: onSurfaceChanged: 654x1092, gl10: com.google.android.gles_jni.GLImpl@941039e
11-22 09:00:05.314 24515 24652 I GLRootView: layout content pane 654x1092 (compensation 0)
11-22 09:00:05.322 1489 2839 W WindowManager: updateScale0.7996942
11-22 09:00:05.325 1489 1636 D FreeFormWindowHelper: refreshTipWindow windowDragBounds:Rect(142, 106 - 665, 1034)
11-22 09:00:05.327 1489 1636 W WindowManager: updateScale0.7996942
11-22 09:00:05.338 1489 2808 W WindowManager: updateScale0.7996942
11-22 09:00:05.342 1489 1636 D FreeFormWindowHelper: refreshTipWindow windowDragBounds:Rect(131, 106 - 654, 1034)
11-22 09:00:05.344 1489 1636 W WindowManager: updateScale0.7996942
11-22 09:00:05.355 1489 6044 W WindowManager: updateScale0.7996942
11-22 09:00:05.359 1489 1636 D FreeFormWindowHelper: refreshTipWindow windowDragBounds:Rect(120, 106 - 643, 1034)
11-22 09:00:05.361 1489 1636 W WindowManager: updateScale0.7996942
11-22 09:00:05.368 647 662 I mpu_uart: [MSG-P:RECV]:No message received in 1000 ms
11-22 09:00:05.372 1489 6044 W WindowManager: updateScale0.7996942
11-22 09:00:05.376 1489 1636 D FreeFormWindowHelper: refreshTipWindow windowDragBounds:Rect(108, 106 - 631, 1034)
11-22 09:00:05.377 1489 1636 W WindowManager: updateScale0.7996942
11-22 09:00:05.388 1489 6044 W WindowManager: updateScale0.7996942
11-22 09:00:05.392 1489 1636 D FreeFormWindowHelper: refreshTipWindow windowDragBounds:Rect(98, 106 - 621, 1034)
11-22 09:00:05.394 1489 1636 W WindowManager: updateScale0.7996942
11-22 09:00:05.405 1489 6044 W WindowManager: updateScale0.7996942
11-22 09:00:05.409 1489 1636 D FreeFormWindowHelper: refreshTipWindow windowDragBounds:Rect(86, 106 - 609, 1034)
11-22 09:00:05.410 1489 1636 W WindowManager: updateScale0.7996942
11-22 09:00:05.422 1489 6044 W WindowManager: updateScale0.7996942
11-22 09:00:05.426 1489 1636 D FreeFormWindowHelper: refreshTipWindow windowDragBounds:Rect(73, 106 - 596, 1034)
11-22 09:00:05.428 1489 1636 W WindowManager: updateScale0.7996942
11-22 09:00:05.438 1489 2836 W WindowManager: updateScale0.7996942
11-22 09:00:05.442 1489 1636 D FreeFormWindowHelper: refreshTipWindow windowDragBounds:Rect(58, 106 - 581, 1034)
11-22 09:00:05.444 1489 1636 W WindowManager: updateScale0.7996942
11-22 09:00:05.455 1489 2836 W WindowManager: updateScale0.7996942
11-22 09:00:05.459 1489 1636 D FreeFormWindowHelper: refreshTipWindow windowDragBounds:Rect(44, 106 - 567, 1034)
11-22 09:00:05.461 1489 1636 W WindowManager: updateScale0.7996942
11-22 09:00:05.472 1489 6044 W WindowManager: updateScale0.7996942
11-22 09:00:05.476 1489 1636 D FreeFormWindowHelper: refreshTipWindow windowDragBounds:Rect(29, 107 - 552, 1035)
11-22 09:00:05.477 1489 1636 W WindowManager: updateScale0.7996942
11-22 09:00:05.482 1218 4889 I OMX-VENC: venc_dev: stats: avg. fps 45.79, bitrate 1736979
11-22 09:00:05.488 1489 2836 W WindowManager: updateScale0.7996942
11-22 09:00:05.493 1489 1636 D FreeFormWindowHelper: refreshTipWindow windowDragBounds:Rect(15, 108 - 538, 1036)
11-22 09:00:05.494 1489 1636 W WindowManager: updateScale0.7996942
11-22 09:00:05.505 1489 2836 W WindowManager: updateScale0.7996942
11-22 09:00:05.509 1489 1636 D FreeFormWindowHelper: refreshTipWindow windowDragBounds:Rect(2, 109 - 525, 1037)
11-22 09:00:05.511 1489 1636 W WindowManager: updateScale0.7996942
11-22 09:00:05.522 1489 2836 W WindowManager: updateScale0.7996942
11-22 09:00:05.526 1489 1636 D FreeFormWindowHelper: refreshTipWindow windowDragBounds:Rect(-13, 109 - 510, 1037)
11-22 09:00:05.527 1489 1636 W WindowManager: updateScale0.7996942
11-22 09:00:05.534 24515 24652 I GLRootView: onSurfaceChanged: 654x1093, gl10: com.google.android.gles_jni.GLImpl@941039e
11-22 09:00:05.534 24515 24652 I GLRootView: layout content pane 654x1093 (compensation 0)
11-22 09:00:05.539 1489 2808 W WindowManager: updateScale0.7996942
11-22 09:00:05.543 1489 1636 D FreeFormWindowHelper: refreshTipWindow windowDragBounds:Rect(-25, 109 - 498, 1037)
11-22 09:00:05.544 1489 1636 W WindowManager: updateScale0.7996942
11-22 09:00:05.550 24515 24652 I GLRootView: onSurfaceChanged: 653x1093, gl10: com.google.android.gles_jni.GLImpl@941039e
11-22 09:00:05.550 24515 24652 I GLRootView: layout content pane 653x1093 (compensation 0)
11-22 09:00:05.556 1489 2808 W WindowManager: updateScale0.7996942
11-22 09:00:05.560 1489 1636 D FreeFormWindowHelper: refreshTipWindow windowDragBounds:Rect(-36, 109 - 487, 1037)
11-22 09:00:05.561 1489 1636 W WindowManager: updateScale0.7996942
11-22 09:00:05.572 1489 2808 W WindowManager: updateScale0.7996942
11-22 09:00:05.577 1489 1636 D FreeFormWindowHelper: refreshTipWindow windowDragBounds:Rect(-46, 97 - 477, 1025)
11-22 09:00:05.579 1489 1636 W WindowManager: updateScale0.7996942
11-22 09:00:05.593 1489 1636 D FreeFormWindowHelper: refreshTipWindow windowDragBounds:Rect(-55, 96 - 468, 1024)
11-22 09:00:05.594 1489 1636 W WindowManager: updateScale0.7996942
11-22 09:00:05.596 24515 24529 E BLASTBufferQueue: [ViewRootImpl[GalleryActivity]#0](f:3,a:2) rejecting buffer:active_size=654x1160, requested_size=653x1161 buffer{size=654x1161 transform=0}
11-22 09:00:05.611 1489 1636 D FreeFormWindowHelper: refreshTipWindow windowDragBounds:Rect(-62, 92 - 461, 1020)
11-22 09:00:05.613 1489 1636 W WindowManager: updateScale0.7996942
11-22 09:00:05.626 1489 2836 W WindowManager: updateScale0.7996942
11-22 09:00:05.627 1489 1636 D FreeFormWindowHelper: refreshTipWindow windowDragBounds:Rect(-67, 91 - 456, 1019)
11-22 09:00:05.629 1489 1636 W WindowManager: updateScale0.7996942
11-22 09:00:05.634 24515 24652 I GLRootView: onSurfaceChanged: 653x1092, gl10: com.google.android.gles_jni.GLImpl@941039e
11-22 09:00:05.634 24515 24652 I GLRootView: layout content pane 653x1092 (compensation 0)
11-22 09:00:05.643 1489 1636 D FreeFormWindowHelper: refreshTipWindow windowDragBounds:Rect(-71, 89 - 452, 1017)
11-22 09:00:05.644 1489 1636 W WindowManager: updateScale0.7996942
11-22 09:00:05.662 1489 1636 D FreeFormWindowHelper: refreshTipWindow windowDragBounds:Rect(-73, 87 - 450, 1015)
11-22 09:00:05.663 1489 1636 W WindowManager: updateScale0.7996942
11-22 09:00:05.676 1489 2808 W WindowManager: updateScale0.7996942
11-22 09:00:05.679 1489 1636 D WindowManager: updateWindowDragBounds: mIsSwipeYfalse
11-22 09:00:05.680 1489 1636 D WindowManager: updateWindowDragBounds: mIsTopfalse
11-22 09:00:05.680 1489 1636 D WindowManager: updateWindowDragBounds: mIsSwipeXfalse
11-22 09:00:05.680 1489 1636 W WindowManager: updateScale0.4617737
11-22 09:00:05.681 1489 1636 I wm_relaunch_resume_activity: [0,240774890,243,com.android.gallery3d/.app.GalleryActivity]
11-22 09:00:05.683 1489 1636 W WindowManager: updateScale0.4617737
11-22 09:00:05.696 1489 1636 W InputManager-JNI: Input channel object 'WindowManager (client)' was disposed without first being removed with the input manager!
11-22 09:00:05.698 1489 2808 W WindowManager: updateScale0.4617737
11-22 09:00:05.707 24515 24652 I GLRootView: onSurfaceChanged: 654x1165, gl10: com.google.android.gles_jni.GLImpl@941039e
11-22 09:00:05.707 24515 24652 I GLRootView: layout content pane 654x1165 (compensation 0)
11-22 09:00:05.709 24515 24515 I wm_on_top_resumed_lost_called: [240774890,com.android.gallery3d.app.GalleryActivity,pausing]
11-22 09:00:05.709 24515 24515 W OrientationEventListener: Cannot detect sensors. Invalid disable
11-22 09:00:05.716 24515 24515 I wm_on_paused_called: [240774890,com.android.gallery3d.app.GalleryActivity,performPause]
11-22 09:00:05.716 24515 24515 I wm_on_stop_called: [240774890,com.android.gallery3d.app.GalleryActivity,handleRelaunchActivity]
11-22 09:00:05.716 24515 24515 V StateManager: saveState
11-22 09:00:05.716 24515 24515 V StateManager: saveState class com.android.gallery3d.app.AlbumSetPage
11-22 09:00:05.716 24515 24515 V StateManager: destroy
11-22 09:00:05.718 24515 24515 I wm_on_destroy_called: [240774890,com.android.gallery3d.app.GalleryActivity,performDestroy]
11-22 09:00:05.718 24515 24527 E BLASTBufferQueue: [ViewRootImpl[GalleryActivity]#0](f:3,a:2) rejecting buffer:active_size=653x1161, requested_size=654x1165 buffer{size=653x1160 transform=0}
11-22 09:00:05.718 24515 24527 E BLASTBufferQueue: [ViewRootImpl[GalleryActivity]#0](f:2,a:2) rejecting buffer:active_size=653x1161, requested_size=654x1165 buffer{size=653x1160 transform=0}
11-22 09:00:05.718 24515 24527 E BLASTBufferQueue: [ViewRootImpl[GalleryActivity]#0](f:1,a:2) rejecting buffer:active_size=653x1161, requested_size=654x1165 buffer{size=653x1160 transform=0}
11-22 09:00:05.719 1489 2836 I WindowManager: finishDrawing of relaunch: Window{ae9d266 u0 com.android.gallery3d/com.android.gallery3d.app.GalleryActivity} 38ms
11-22 09:00:05.724 1489 2836 D CompatibilityInfo: mCompatibilityFlags - 4
11-22 09:00:05.724 1489 2836 D CompatibilityInfo: applicationDensity - 240
11-22 09:00:05.724 1489 2836 D CompatibilityInfo: applicationScale - 1.0
11-22 09:00:05.737 24515 24515 V StateManager: restoreFromState
11-22 09:00:05.738 24515 24515 V StateManager: restoreFromState class com.android.gallery3d.app.AlbumSetPage
11-22 09:00:05.738 24515 24515 I wm_on_create_called: [240774890,com.android.gallery3d.app.GalleryActivity,performCreate]
11-22 09:00:05.740 24515 24515 I wm_on_start_called: [240774890,com.android.gallery3d.app.GalleryActivity,handleStartActivity]
11-22 09:00:05.748 24515 24515 D Gallery.MultiSetSync: onSyncDone: **** #pending=1
11-22 09:00:05.748 24515 24515 D Gallery.MultiSetSync: request sync: ****
11-22 09:00:05.748 24515 24515 D Gallery.MultiSetSync: onSyncDone: ****** #pending=0
11-22 09:00:05.748 24515 24515 D Gallery.MultiSetSync: request sync: ******
11-22 09:00:05.748 24515 24515 W OrientationEventListener: Cannot detect sensors. Not enabled
11-22 09:00:05.748 24515 24515 I wm_on_resume_called: [240774890,com.android.gallery3d.app.GalleryActivity,RESUME_ACTIVITY]
11-22 09:00:05.748 24515 24515 I wm_on_top_resumed_gained_called: [240774890,com.android.gallery3d.app.GalleryActivity,topWhenResuming]
11-22 09:00:05.753 1489 2808 W WindowManager: updateScale0.4617737
11-22 09:00:05.755 1489 2808 W WindowManager: updateScale0.4617737
11-22 09:00:05.763 24515 24657 D libEGL : MSAA-->msaa:0 gamemode:0 4x_msaa:0
11-22 09:00:05.763 24515 24657 D libEGL : MSAA-->msaa:0 gamemode:0 4x_msaa:0
11-22 09:00:05.768 24515 24515 E SurfaceView: 160500094finished drawing but no pending report draw (extra call to draw completion runnable?)
11-22 09:00:05.768 24515 24657 I GLRootView: onSurfaceChanged: 654x1165, gl10: com.google.android.gles_jni.GLImpl@9199edf
11-22 09:00:05.768 24515 24657 I GLRootView: layout content pane 654x1165 (compensation 0)
11-22 09:00:05.916 843 1064 W SDM : HWCDisplay::GetHWCLayer: [0] GetLayer(2729) failed: no such layer
11-22 09:00:05.918 1006 1006 W HwcComposer: command 0x3000000 generated error 3
11-22 09:00:06.349 647 661 I mpu_uart: [MSG-P:R]:recv sync frame timeout
11-22 09:00:06.368 647 662 I mpu_uart: [MSG-P:RECV]:No message received in 1000 ms
11-22 09:00:06.538 1218 4889 I OMX-VENC: venc_dev: stats: avg. fps 34.08, bitrate 974160
11-22 09:00:06.614 1489 2012 I input_interaction: Interaction with: ae9d266 com.android.gallery3d/com.android.gallery3d.app.GalleryActivity (server), edge-swipe (server), swipe-up (server), PointerEventDispatcher0 (server),
11-22 09:00:06.615 24515 24515 D DecorView: onTouchEvent: action0
11-22 09:00:06.615 24515 24515 D DecorView: onTouchEvent: interval19299
11-22 09:00:06.689 24515 24515 D DecorView: onTouchEvent: action1
11-22 09:00:06.689 24515 24515 D DecorView: onTouchEvent: ACTION_UPfalse
11-22 09:00:06.934 843 1064 W SDM : HWCDisplay::GetHWCLayer: [0] GetLayer(2734) failed: no such layer
11-22 09:00:06.937 1006 1006 W HwcComposer: command 0x3000000 generated error 3
11-22 09:00:06.940 24515 24515 D DecorView: onTouchEvent mIsDoubleCLick:false
11-22 09:00:06.940 24515 24515 D DecorView: onTouchEvent: onConfigurationMiniChanged
11-22 09:00:06.942 1489 2836 W WindowManager: updateScale0.7996942
11-22 09:00:06.946 1489 2836 I wm_relaunch_resume_activity: [0,240774890,243,com.android.gallery3d/.app.GalleryActivity]
11-22 09:00:06.949 1489 2836 W WindowManager: updateScale0.7996942
11-22 09:00:06.966 24515 24515 I wm_on_top_resumed_lost_called: [240774890,com.android.gallery3d.app.GalleryActivity,pausing]
11-22 09:00:06.966 24515 24515 W OrientationEventListener: Cannot detect sensors. Invalid disable
11-22 09:00:06.983 24515 24515 I wm_on_paused_called: [240774890,com.android.gallery3d.app.GalleryActivity,performPause]
11-22 09:00:06.983 24515 24515 I wm_on_stop_called: [240774890,com.android.gallery3d.app.GalleryActivity,handleRelaunchActivity]
11-22 09:00:06.983 24515 24515 V StateManager: saveState
11-22 09:00:06.983 24515 24515 V StateManager: saveState class com.android.gallery3d.app.AlbumSetPage
11-22 09:00:06.984 24515 24515 V StateManager: destroy
11-22 09:00:06.986 24515 24515 I wm_on_destroy_called: [240774890,com.android.gallery3d.app.GalleryActivity,performDestroy]
11-22 09:00:06.997 1489 2836 D CompatibilityInfo: mCompatibilityFlags - 4
11-22 09:00:06.997 1489 2836 D CompatibilityInfo: applicationDensity - 240
11-22 09:00:06.997 1489 2836 D CompatibilityInfo: applicationScale - 1.0
11-22 09:00:07.011 24515 24515 V StateManager: restoreFromState
11-22 09:00:07.011 24515 24515 V StateManager: restoreFromState class com.android.gallery3d.app.AlbumSetPage
11-22 09:00:07.012 24515 24515 I wm_on_create_called: [240774890,com.android.gallery3d.app.GalleryActivity,performCreate]
11-22 09:00:07.014 24515 24515 I wm_on_start_called: [240774890,com.android.gallery3d.app.GalleryActivity,handleStartActivity]
11-22 09:00:07.022 24515 24515 D Gallery.MultiSetSync: onSyncDone: **** #pending=1
11-22 09:00:07.022 24515 24515 D Gallery.MultiSetSync: request sync: ****
11-22 09:00:07.022 24515 24515 D Gallery.MultiSetSync: onSyncDone: ****** #pending=0
11-22 09:00:07.022 24515 24515 D Gallery.MultiSetSync: request sync: ******
11-22 09:00:07.022 24515 24515 W OrientationEventListener: Cannot detect sensors. Not enabled
11-22 09:00:07.022 24515 24515 I wm_on_resume_called: [240774890,com.android.gallery3d.app.GalleryActivity,RESUME_ACTIVITY]
11-22 09:00:07.022 24515 24515 I wm_on_top_resumed_gained_called: [240774890,com.android.gallery3d.app.GalleryActivity,topWhenResuming]
11-22 09:00:07.028 1489 2808 W WindowManager: updateScale0.7996942
11-22 09:00:07.030 1489 2808 W WindowManager: updateScale0.7996942
11-22 09:00:07.036 24515 24661 D libEGL : MSAA-->msaa:0 gamemode:0 4x_msaa:0
11-22 09:00:07.036 24515 24661 D libEGL : MSAA-->msaa:0 gamemode:0 4x_msaa:0
11-22 09:00:07.035 0 0 I auditd : type=1400 audit(0.0:8201): avc: denied { kill } for comm="swapper/1" capability=5 scontext=u:r:kernel:s0 tcontext=u:r:kernel:s0 tclass=capability permissive=0
11-22 09:00:07.035 0 0 W swapper/1: type=1400 audit(0.0:8201): avc: denied { kill } for capability=5 scontext=u:r:kernel:s0 tcontext=u:r:kernel:s0 tclass=capability permissive=0
11-22 09:00:07.040 24515 24661 I GLRootView: onSurfaceChanged: 654x1092, gl10: com.google.android.gles_jni.GLImpl@2e77cb
11-22 09:00:07.040 24515 24661 I GLRootView: layout content pane 654x1092 (compensation 0)
11-22 09:00:07.043 1489 2808 I WindowManager: finishDrawing of relaunch: Window{ae9d266 u0 com.android.gallery3d/com.android.gallery3d.app.GalleryActivity} 97ms
11-22 09:00:07.073 1489 1648 I am_pss : [24445,10063,com.thundercomm.gamemode.provider,7873536,5836800,0,94380032,0,19,7]
11-22 09:00:07.369 647 662 I mpu_uart: [MSG-P:RECV]:No message received in 1000 ms
11-22 09:00:07.623 1218 4889 I OMX-VENC: venc_dev: stats: avg. fps 28.59, bitrate 808086
11-22 09:00:08.035 0 0 I auditd : type=1400 audit(0.0:8202): avc: denied { kill } for comm="swapper/1" capability=5 scontext=u:r:kernel:s0 tcontext=u:r:kernel:s0 tclass=capability permissive=0
11-22 09:00:08.035 0 0 W swapper/1: type=1400 audit(0.0:8202): avc: denied { kill } for capability=5 scontext=u:r:kernel:s0 tcontext=u:r:kernel:s0 tclass=capability permissive=0
11-22 09:00:08.372 647 662 I mpu_uart: [MSG-P:RECV]:No message received in 1000 ms
11-22 09:00:08.390 843 1064 W SDM : HWCDisplay::GetHWCLayer: [0] GetLayer(2737) failed: no such layer
11-22 09:00:08.393 1006 1006 W HwcComposer: command 0x3000000 generated error 3
11-22 09:00:08.692 1218 4889 I OMX-VENC: venc_dev: stats: avg. fps 18.70, bitrate 469321
11-22 09:00:09.035 0 0 I auditd : type=1400 audit(0.0:8203): avc: denied { kill } for comm="swapper/1" capability=5 scontext=u:r:kernel:s0 tcontext=u:r:kernel:s0 tclass=capability permissive=0
11-22 09:00:09.035 0 0 W swapper/1: type=1400 audit(0.0:8203): avc: denied { kill } for capability=5 scontext=u:r:kernel:s0 tcontext=u:r:kernel:s0 tclass=capability permissive=0
11-22 09:00:09.351 647 661 I mpu_uart: [MSG-P:R]:recv sync frame timeout
11-22 09:00:09.372 647 662 I mpu_uart: [MSG-P:RECV]:No message received in 1000 ms
11-22 09:00:09.703 1218 4889 I OMX-VENC: venc_dev: stats: avg. fps 23.75, bitrate 623080
11-22 09:00:09.807 843 1064 W SDM : HWCDisplay::GetHWCLayer: [0] GetLayer(2738) failed: no such layer
11-22 09:00:09.810 1006 1006 W HwcComposer: command 0x3000000 generated error 3
11-22 09:00:09.871 1489 2301 W BestClock: java.time.DateTimeException: Missing NTP fix
11-22 09:00:09.878 1489 2301 W BestClock: java.time.DateTimeException: Missing NTP fix
11-22 09:00:09.878 1489 2301 I netstats_mobile_sample: [0,0,0,0,0,0,0,0,0,0,0,0,1669078809878]
11-22 09:00:09.879 1489 2301 I netstats_wifi_sample: [41683714,46011,14246318,29335,41683714,46011,14246318,29335,58902028,57229,7461664,17134,1669078809878]
11-22 09:00:09.882 1489 2302 W BestClock: java.time.DateTimeException: Missing NTP fix
11-22 09:00:09.883 1489 2302 W BestClock: java.time.DateTimeException: Missing NTP fix
11-22 09:00:10.035 0 0 I auditd : type=1400 audit(0.0:8204): avc: denied { kill } for comm="swapper/1" capability=5 scontext=u:r:kernel:s0 tcontext=u:r:kernel:s0 tclass=capability permissive=0
11-22 09:00:10.035 0 0 W swapper/1: type=1400 audit(0.0:8204): avc: denied { kill } for capability=5 scontext=u:r:kernel:s0 tcontext=u:r:kernel:s0 tclass=capability permissive=0
11-22 09:00:10.373 647 662 I mpu_uart: [MSG-P:RECV]:No message received in 1000 ms
11-22 09:00:10.643 843 1064 W SDM : HWCDisplay::GetHWCLayer: [0] GetLayer(2739) failed: no such layer
11-22 09:00:10.644 1006 1006 W HwcComposer: command 0x3000000 generated error 3
11-22 09:00:10.742 1218 4889 I OMX-VENC: venc_dev: stats: avg. fps 24.07, bitrate 578084
11-22 09:00:11.373 647 662 I mpu_uart: [MSG-P:RECV]:No message received in 1000 ms
11-22 09:00:11.744 1218 4889 I OMX-VENC: venc_dev: stats: avg. fps 29.92, bitrate 835917
11-22 09:00:12.035 0 0 I auditd : type=1400 audit(0.0:8205): avc: denied { kill } for comm="swapper/1" capability=5 scontext=u:r:kernel:s0 tcontext=u:r:kernel:s0 tclass=capability permissive=0
11-22 09:00:12.035 0 0 W swapper/1: type=1400 audit(0.0:8205): avc: denied { kill } for capability=5 scontext=u:r:kernel:s0 tcontext=u:r:kernel:s0 tclass=capability permissive=0
11-22 09:00:12.273 1489 1489 I service_manager_stats: [100,79,27037]
11-22 09:00:12.354 647 661 I mpu_uart: [MSG-P:R]:recv sync frame timeout
11-22 09:00:12.373 647 662 I mpu_uart: [MSG-P:RECV]:No message received in 1000 ms
11-22 09:00:12.634 843 1064 W SDM : HWCDisplay::GetHWCLayer: [0] GetLayer(2740) failed: no such layer
11-22 09:00:12.636 1006 1006 W HwcComposer: command 0x3000000 generated error 3
11-22 09:00:12.779 1218 4889 I OMX-VENC: venc_dev: stats: avg. fps 30.92, bitrate 896774
11-22 09:00:13.035 0 0 I auditd : type=1400 audit(0.0:8206): avc: denied { kill } for comm="swapper/1" capability=5 scontext=u:r:kernel:s0 tcontext=u:r:kernel:s0 tclass=capability permissive=0
11-22 09:00:13.035 0 0 W swapper/1: type=1400 audit(0.0:8206): avc: denied { kill } for capability=5 scontext=u:r:kernel:s0 tcontext=u:r:kernel:s0 tclass=capability permissive=0
11-22 09:00:13.373 647 662 I mpu_uart: [MSG-P:RECV]:No message received in 1000 ms
11-22 09:00:13.509 1006 1063 W HWComposer: Ignoring duplicate VSYNC event from HWC for display 4630946816427681409 (t=21802048024000)
11-22 09:00:13.526 1006 1063 W HWComposer: Ignoring duplicate VSYNC event from HWC for display 4630946816427681409 (t=21802064702000)
11-22 09:00:13.542 1006 1063 W HWComposer: Ignoring duplicate VSYNC event from HWC for display 4630946816427681409 (t=21802081431000)
11-22 09:00:13.559 1006 1063 W HWComposer: Ignoring duplicate VSYNC event from HWC for display 4630946816427681409 (t=21802098146000)
11-22 09:00:13.576 1006 1063 W HWComposer: Ignoring duplicate VSYNC event from HWC for display 4630946816427681409 (t=21802114874000)
11-22 09:00:13.592 1006 1063 W HWComposer: Ignoring duplicate VSYNC event from HWC for display 4630946816427681409 (t=21802131563000)
11-22 09:00:13.609 1006 1063 W HWComposer: Ignoring duplicate VSYNC event from HWC for display 4630946816427681409 (t=21802148270000)
11-22 09:00:13.609 1006 1063 W HWComposer: Ignoring duplicate VSYNC event from HWC for display 4630946816427681409 (t=21802148270000)
11-22 09:00:13.626 1006 1063 W HWComposer: Ignoring duplicate VSYNC event from HWC for display 4630946816427681409 (t=21802164964000)
11-22 09:00:13.642 1006 1063 W HWComposer: Ignoring duplicate VSYNC event from HWC for display 4630946816427681409 (t=21802181685000)
11-22 09:00:13.659 1006 1063 W HWComposer: Ignoring duplicate VSYNC event from HWC for display 4630946816427681409 (t=21802198438000)
11-22 09:00:13.676 1006 1063 W HWComposer: Ignoring duplicate VSYNC event from HWC for display 4630946816427681409 (t=21802215107000)
11-22 09:00:13.692 1006 1063 W HWComposer: Ignoring duplicate VSYNC event from HWC for display 4630946816427681409 (t=21802231794000)
11-22 09:00:13.709 1006 1063 W HWComposer: Ignoring duplicate VSYNC event from HWC for display 4630946816427681409 (t=21802248500000)
11-22 09:00:13.709 1006 1063 W HWComposer: Ignoring duplicate VSYNC event from HWC for display 4630946816427681409 (t=21802248500000)
11-22 09:00:13.726 1006 1063 W HWComposer: Ignoring duplicate VSYNC event from HWC for display 4630946816427681409 (t=21802265157000)
11-22 09:00:13.743 1006 1063 W HWComposer: Ignoring duplicate VSYNC event from HWC for display 4630946816427681409 (t=21802281908000)
11-22 09:00:13.759 1006 1063 W HWComposer: Ignoring duplicate VSYNC event from HWC for display 4630946816427681409 (t=21802298560000)
11-22 09:00:13.776 1006 1063 W HWComposer: Ignoring duplicate VSYNC event from HWC for display 4630946816427681409 (t=21802315328000)
11-22 09:00:13.793 1006 1063 W HWComposer: Ignoring duplicate VSYNC event from HWC for display 4630946816427681409 (t=21802331989000)
11-22 09:00:13.832 1218 4889 I OMX-VENC: venc_dev: stats: avg. fps 25.65, bitrate 738728
11-22 09:00:14.016 843 1064 W SDM : HWCDisplay::GetHWCLayer: [0] GetLayer(2741) failed: no such layer
11-22 09:00:14.018 1006 1006 W HwcComposer: command 0x3000000 generated error 3
11-22 09:00:14.035 0 0 I auditd : type=1400 audit(0.0:8207): avc: denied { kill } for comm="swapper/1" capability=5 scontext=u:r:kernel:s0 tcontext=u:r:kernel:s0 tclass=capability permissive=0
11-22 09:00:14.035 0 0 W swapper/1: type=1400 audit(0.0:8207): avc: denied { kill } for capability=5 scontext=u:r:kernel:s0 tcontext=u:r:kernel:s0 tclass=capability permissive=0
11-22 09:00:14.374 647 662 I mpu_uart: [MSG-P:RECV]:No message received in 1000 ms
11-22 09:00:14.718 24515 24515 I view_enqueue_input_event: [Motion - Cancel,com.android.gallery3d/com.android.gallery3d.app.GalleryActivity]
11-22 09:00:14.722 1489 2012 I input_interaction: Interaction with: WindowManager (server), edge-swipe (server), swipe-up (server), PointerEventDispatcher0 (server),
11-22 09:00:14.736 1489 1636 D FreeFormWindowHelper: refreshTipWindow windowDragBounds:Rect(2, 72 - 525, 1000)
11-22 09:00:14.738 1489 1636 W WindowManager: updateScale0.7996942
11-22 09:00:14.750 1489 1636 D FreeFormWindowHelper: refreshTipWindow windowDragBounds:Rect(4, 72 - 527, 1000)
11-22 09:00:14.752 1489 1636 W WindowManager: updateScale0.7996942
11-22 09:00:14.765 1489 1636 D FreeFormWindowHelper: refreshTipWindow windowDragBounds:Rect(6, 72 - 529, 1000)
11-22 09:00:14.767 1489 1636 W WindowManager: updateScale0.7996942
11-22 09:00:14.784 1489 1636 D FreeFormWindowHelper: refreshTipWindow windowDragBounds:Rect(8, 72 - 531, 1000)
11-22 09:00:14.786 1489 1636 W WindowManager: updateScale0.7996942
11-22 09:00:14.797 1489 2839 W WindowManager: updateScale0.7996942
11-22 09:00:14.800 1489 1636 D FreeFormWindowHelper: refreshTipWindow windowDragBounds:Rect(11, 72 - 534, 1000)
11-22 09:00:14.802 1489 1636 W WindowManager: updateScale0.7996942
11-22 09:00:14.815 1489 1636 D FreeFormWindowHelper: refreshTipWindow windowDragBounds:Rect(13, 72 - 536, 1000)
11-22 09:00:14.816 1489 1636 W WindowManager: updateScale0.7996942
11-22 09:00:14.832 1489 1636 D FreeFormWindowHelper: refreshTipWindow windowDragBounds:Rect(17, 72 - 540, 1000)
11-22 09:00:14.833 1489 1636 W WindowManager: updateScale0.7996942
11-22 09:00:14.848 1489 2808 W WindowManager: updateScale0.7996942
11-22 09:00:14.850 1489 1636 D FreeFormWindowHelper: refreshTipWindow windowDragBounds:Rect(20, 72 - 543, 1000)
11-22 09:00:14.851 1489 1636 W WindowManager: updateScale0.7996942
11-22 09:00:14.858 1218 4889 I OMX-VENC: venc_dev: stats: avg. fps 23.38, bitrate 786410
11-22 09:00:14.865 1489 1636 D FreeFormWindowHelper: refreshTipWindow windowDragBounds:Rect(24, 72 - 547, 1000)
11-22 09:00:14.866 1489 1636 W WindowManager: updateScale0.7996942
11-22 09:00:14.883 1489 1636 D FreeFormWindowHelper: refreshTipWindow windowDragBounds:Rect(28, 72 - 551, 1000)
11-22 09:00:14.885 1489 1636 W WindowManager: updateScale0.7996942
11-22 09:00:14.899 1489 1636 D FreeFormWindowHelper: refreshTipWindow windowDragBounds:Rect(32, 72 - 555, 1000)
11-22 09:00:14.901 1489 1636 W WindowManager: updateScale0.7996942
11-22 09:00:14.914 1489 2808 W WindowManager: updateScale0.7996942
11-22 09:00:14.916 1489 1636 D FreeFormWindowHelper: refreshTipWindow windowDragBounds:Rect(34, 72 - 557, 1000)
11-22 09:00:14.918 1489 1636 W WindowManager: updateScale0.7996942
11-22 09:00:14.932 1489 1636 D FreeFormWindowHelper: refreshTipWindow windowDragBounds:Rect(38, 72 - 561, 1000)
11-22 09:00:14.933 1489 1636 W WindowManager: updateScale0.7996942
11-22 09:00:14.949 1489 1636 D FreeFormWindowHelper: refreshTipWindow windowDragBounds:Rect(41, 72 - 564, 1000)
11-22 09:00:14.951 1489 1636 W WindowManager: updateScale0.7996942
11-22 09:00:14.964 1489 2808 W WindowManager: updateScale0.7996942
11-22 09:00:14.966 1489 1636 D FreeFormWindowHelper: refreshTipWindow windowDragBounds:Rect(45, 62 - 568, 990)
11-22 09:00:14.968 1489 1636 W WindowManager: updateScale0.7996942
11-22 09:00:14.982 1489 1636 D FreeFormWindowHelper: refreshTipWindow windowDragBounds:Rect(47, 63 - 570, 991)
11-22 09:00:14.984 1489 1636 W WindowManager: updateScale0.7996942
11-22 09:00:15.001 1489 1636 D FreeFormWindowHelper: refreshTipWindow windowDragBounds:Rect(50, 63 - 573, 991)
11-22 09:00:15.003 1489 1636 W WindowManager: updateScale0.7996942
11-22 09:00:15.016 1489 1636 D FreeFormWindowHelper: refreshTipWindow windowDragBounds:Rect(53, 62 - 576, 990)
11-22 09:00:15.018 1489 1636 W WindowManager: updateScale0.7996942
11-22 09:00:15.031 1489 2808 W WindowManager: updateScale0.7996942
11-22 09:00:15.033 1489 1636 D FreeFormWindowHelper: refreshTipWindow windowDragBounds:Rect(56, 61 - 579, 989)
11-22 09:00:15.035 1489 1636 W WindowManager: updateScale0.7996942
11-22 09:00:15.049 1489 1636 D FreeFormWindowHelper: refreshTipWindow windowDragBounds:Rect(60, 61 - 583, 989)
11-22 09:00:15.050 1489 1636 W WindowManager: updateScale0.7996942
11-22 09:00:15.065 1489 2839 W WindowManager: updateScale0.7996942
11-22 09:00:15.067 1489 1636 D FreeFormWindowHelper: refreshTipWindow windowDragBounds:Rect(63, 60 - 586, 988)
11-22 09:00:15.068 1489 1636 W WindowManager: updateScale0.7996942
11-22 09:00:15.073 24515 24661 I GLRootView: onSurfaceChanged: 654x1093, gl10: com.google.android.gles_jni.GLImpl@2e77cb
11-22 09:00:15.073 24515 24661 I GLRootView: layout content pane 654x1093 (compensation 0)
11-22 09:00:15.082 1489 1636 D FreeFormWindowHelper: refreshTipWindow windowDragBounds:Rect(67, 60 - 590, 988)
11-22 09:00:15.084 1489 1636 W WindowManager: updateScale0.7996942
11-22 09:00:15.098 1489 2839 W WindowManager: updateScale0.7996942
11-22 09:00:15.100 1489 1636 D FreeFormWindowHelper: refreshTipWindow windowDragBounds:Rect(72, 60 - 595, 988)
11-22 09:00:15.102 1489 1636 W WindowManager: updateScale0.7996942
11-22 09:00:15.106 24515 24661 I GLRootView: onSurfaceChanged: 654x1092, gl10: com.google.android.gles_jni.GLImpl@2e77cb
11-22 09:00:15.106 24515 24661 I GLRootView: layout content pane 654x1092 (compensation 0)
11-22 09:00:15.116 1489 1636 D FreeFormWindowHelper: refreshTipWindow windowDragBounds:Rect(76, 60 - 599, 988)
11-22 09:00:15.117 1489 1636 W WindowManager: updateScale0.7996942
11-22 09:00:15.134 1489 1636 D FreeFormWindowHelper: refreshTipWindow windowDragBounds:Rect(80, 60 - 603, 988)
11-22 09:00:15.135 1489 1636 W WindowManager: updateScale0.7996942
11-22 09:00:15.149 1489 1636 D FreeFormWindowHelper: refreshTipWindow windowDragBounds:Rect(84, 60 - 607, 988)
11-22 09:00:15.151 1489 1636 W WindowManager: updateScale0.7996942
11-22 09:00:15.165 1489 2839 W WindowManager: updateScale0.7996942
11-22 09:00:15.167 1489 1636 D FreeFormWindowHelper: refreshTipWindow windowDragBounds:Rect(89, 60 - 612, 988)
11-22 09:00:15.169 1489 1636 W WindowManager: updateScale0.7996942
11-22 09:00:15.183 1489 1636 D FreeFormWindowHelper: refreshTipWindow windowDragBounds:Rect(94, 59 - 617, 987)
11-22 09:00:15.184 1489 1636 W WindowManager: updateScale0.7996942
11-22 09:00:15.200 1489 1636 D FreeFormWindowHelper: refreshTipWindow windowDragBounds:Rect(101, 59 - 624, 987)
11-22 09:00:15.201 1489 1636 W WindowManager: updateScale0.7996942
11-22 09:00:15.216 1489 1636 D FreeFormWindowHelper: refreshTipWindow windowDragBounds:Rect(109, 59 - 632, 987)
11-22 09:00:15.218 1489 1636 W WindowManager: updateScale0.7996942
11-22 09:00:15.233 1489 1636 D FreeFormWindowHelper: refreshTipWindow windowDragBounds:Rect(117, 59 - 640, 987)
11-22 09:00:15.234 1489 1636 W WindowManager: updateScale0.7996942
11-22 09:00:15.249 1489 1636 D FreeFormWindowHelper: refreshTipWindow windowDragBounds:Rect(127, 58 - 650, 986)
11-22 09:00:15.251 1489 1636 W WindowManager: updateScale0.7996942
11-22 09:00:15.266 1489 1636 D FreeFormWindowHelper: refreshTipWindow windowDragBounds:Rect(140, 58 - 663, 986)
11-22 09:00:15.267 1489 1636 W WindowManager: updateScale0.7996942
11-22 09:00:15.283 1489 1636 D FreeFormWindowHelper: refreshTipWindow windowDragBounds:Rect(155, 57 - 678, 985)
11-22 09:00:15.284 1489 1636 W WindowManager: updateScale0.7996942
11-22 09:00:15.300 1489 1636 D FreeFormWindowHelper: refreshTipWindow windowDragBounds:Rect(175, 57 - 698, 985)
11-22 09:00:15.301 1489 1636 W WindowManager: updateScale0.7996942
11-22 09:00:15.316 1489 1636 D FreeFormWindowHelper: refreshTipWindow windowDragBounds:Rect(198, 55 - 721, 983)
11-22 09:00:15.317 1489 1636 W WindowManager: updateScale0.7996942
11-22 09:00:15.323 1489 2839 W WindowManager: updateScale0.7996942
11-22 09:00:15.333 1489 1636 D FreeFormWindowHelper: refreshTipWindow windowDragBounds:Rect(223, 55 - 746, 983)
11-22 09:00:15.334 1489 1636 W WindowManager: updateScale0.7996942
11-22 09:00:15.350 1489 1636 D FreeFormWindowHelper: refreshTipWindow windowDragBounds:Rect(252, 54 - 775, 982)
11-22 09:00:15.351 1489 1636 W WindowManager: updateScale0.7996942
11-22 09:00:15.357 647 661 I mpu_uart: [MSG-P:R]:recv sync frame timeout
11-22 09:00:15.366 1489 1636 D FreeFormWindowHelper: refreshTipWindow windowDragBounds:Rect(284, 53 - 807, 981)
11-22 09:00:15.368 1489 1636 W WindowManager: updateScale0.7996942
11-22 09:00:15.374 647 662 I mpu_uart: [MSG-P:RECV]:No message received in 1000 ms
11-22 09:00:15.383 1489 1636 D FreeFormWindowHelper: refreshTipWindow windowDragBounds:Rect(316, 53 - 839, 981)
11-22 09:00:15.385 1489 1636 W WindowManager: updateScale0.7996942
11-22 09:00:15.400 1489 1636 D FreeFormWindowHelper: refreshTipWindow windowDragBounds:Rect(349, 53 - 872, 981)
11-22 09:00:15.401 1489 1636 W WindowManager: updateScale0.7996942
11-22 09:00:15.417 1489 1636 D FreeFormWindowHelper: refreshTipWindow windowDragBounds:Rect(393, 53 - 916, 981)
11-22 09:00:15.418 1489 1636 W WindowManager: updateScale0.7996942
11-22 09:00:15.424 1489 2839 W WindowManager: updateScale0.7996942
11-22 09:00:15.433 1489 1636 D FreeFormWindowHelper: refreshTipWindow windowDragBounds:Rect(434, 53 - 957, 981)
11-22 09:00:15.435 24515 24661 I GLRootView: onSurfaceChanged: 654x1093, gl10: com.google.android.gles_jni.GLImpl@2e77cb
11-22 09:00:15.435 24515 24661 I GLRootView: layout content pane 654x1093 (compensation 0)
11-22 09:00:15.435 1489 1636 W WindowManager: updateScale0.7996942
11-22 09:00:15.450 1489 1636 D FreeFormWindowHelper: refreshTipWindow windowDragBounds:Rect(477, 53 - 1000, 981)
11-22 09:00:15.451 1489 1636 W WindowManager: updateScale0.7996942
11-22 09:00:15.467 1489 1636 D FreeFormWindowHelper: refreshTipWindow windowDragBounds:Rect(517, 53 - 1040, 981)
11-22 09:00:15.468 1489 1636 W WindowManager: updateScale0.7996942
11-22 09:00:15.483 1489 1636 D FreeFormWindowHelper: refreshTipWindow windowDragBounds:Rect(564, 53 - 1087, 981)
11-22 09:00:15.485 1489 1636 W WindowManager: updateScale0.7996942
11-22 09:00:15.500 1489 1636 D FreeFormWindowHelper: refreshTipWindow windowDragBounds:Rect(609, 62 - 1132, 990)
11-22 09:00:15.502 1489 1636 W WindowManager: updateScale0.7996942
11-22 09:00:15.517 1489 1636 D FreeFormWindowHelper: refreshTipWindow windowDragBounds:Rect(652, 65 - 1175, 993)
11-22 09:00:15.518 1489 1636 W WindowManager: updateScale0.7996942
11-22 09:00:15.533 1489 1636 D FreeFormWindowHelper: refreshTipWindow windowDragBounds:Rect(697, 68 - 1220, 996)
11-22 09:00:15.535 1489 1636 W WindowManager: updateScale0.7996942
11-22 09:00:15.550 1489 1636 D FreeFormWindowHelper: refreshTipWindow windowDragBounds:Rect(745, 70 - 1268, 998)
11-22 09:00:15.551 1489 1636 W WindowManager: updateScale0.7996942
11-22 09:00:15.558 1489 2808 W WindowManager: updateScale0.7996942
11-22 09:00:15.567 1489 1636 D FreeFormWindowHelper: refreshTipWindow windowDragBounds:Rect(791, 73 - 1314, 1001)
11-22 09:00:15.568 1489 1636 W WindowManager: updateScale0.7996942
11-22 09:00:15.569 24515 24661 I GLRootView: onSurfaceChanged: 654x1092, gl10: com.google.android.gles_jni.GLImpl@2e77cb
11-22 09:00:15.570 24515 24661 I GLRootView: layout content pane 654x1092 (compensation 0)
11-22 09:00:15.575 1489 2808 W WindowManager: updateScale0.7996942
11-22 09:00:15.584 1489 1636 D FreeFormWindowHelper: refreshTipWindow windowDragBounds:Rect(837, 75 - 1360, 1003)
11-22 09:00:15.585 1489 1636 W WindowManager: updateScale0.7996942
11-22 09:00:15.586 24515 24661 I GLRootView: onSurfaceChanged: 654x1093, gl10: com.google.android.gles_jni.GLImpl@2e77cb
11-22 09:00:15.586 24515 24661 I GLRootView: layout content pane 654x1093 (compensation 0)
11-22 09:00:15.588 24515 24528 E BLASTBufferQueue: [ViewRootImpl[GalleryActivity]#0](f:1,a:2) rejecting buffer:active_size=654x1161, requested_size=654x1161 buffer{size=654x1160 transform=0}
11-22 09:00:15.596 1489 2808 W WindowManager: updateScale0.7996942
11-22 09:00:15.600 1489 1636 D FreeFormWindowHelper: refreshTipWindow windowDragBounds:Rect(881, 78 - 1404, 1006)
11-22 09:00:15.601 1489 1636 W WindowManager: updateScale0.7996942
11-22 09:00:15.606 24515 24661 I GLRootView: onSurfaceChanged: 654x1092, gl10: com.google.android.gles_jni.GLImpl@2e77cb
11-22 09:00:15.606 24515 24661 I GLRootView: layout content pane 654x1092 (compensation 0)
11-22 09:00:15.609 24515 24528 E BLASTBufferQueue: [SurfaceView[com.android.gallery3d/com.android.gallery3d.app.GalleryActivity]#11](f:3,a:2) rejecting buffer:active_size=654x1092, requested_size=654x1092 buffer{size=654x1093 transform=0}
11-22 09:00:15.609 24515 24528 E BLASTBufferQueue: [SurfaceView[com.android.gallery3d/com.android.gallery3d.app.GalleryActivity]#11](f:2,a:2) rejecting buffer:active_size=654x1092, requested_size=654x1092 buffer{size=654x1093 transform=0}
11-22 09:00:15.609 24515 24528 E BLASTBufferQueue: [SurfaceView[com.android.gallery3d/com.android.gallery3d.app.GalleryActivity]#11](f:1,a:2) rejecting buffer:active_size=654x1092, requested_size=654x1092 buffer{size=654x1093 transform=0}
11-22 09:00:15.613 1489 2808 W WindowManager: updateScale0.7996942
11-22 09:00:15.617 1489 1636 D FreeFormWindowHelper: refreshTipWindow windowDragBounds:Rect(924, 80 - 1447, 1008)
11-22 09:00:15.618 1489 1636 W WindowManager: updateScale0.7996942
11-22 09:00:15.629 1489 2808 W WindowManager: updateScale0.7996942
11-22 09:00:15.634 1489 1636 D FreeFormWindowHelper: refreshTipWindow windowDragBounds:Rect(970, 83 - 1493, 1011)
11-22 09:00:15.636 1489 1636 W WindowManager: updateScale0.7996942
11-22 09:00:15.646 1489 2808 W WindowManager: updateScale0.7996942
11-22 09:00:15.650 1489 1636 D FreeFormWindowHelper: refreshTipWindow windowDragBounds:Rect(1013, 86 - 1536, 1014)
11-22 09:00:15.652 1489 1636 W WindowManager: updateScale0.7996942
11-22 09:00:15.663 1489 2839 W WindowManager: updateScale0.7996942
11-22 09:00:15.667 1489 1636 D FreeFormWindowHelper: refreshTipWindow windowDragBounds:Rect(1058, 89 - 1581, 1017)
11-22 09:00:15.668 1489 1636 W WindowManager: updateScale0.7996942
11-22 09:00:15.680 1489 2836 W WindowManager: updateScale0.7996942
11-22 09:00:15.684 1489 1636 D FreeFormWindowHelper: refreshTipWindow windowDragBounds:Rect(1104, 91 - 1627, 1019)
11-22 09:00:15.685 1489 1636 W WindowManager: updateScale0.7996942
11-22 09:00:15.690 24515 24661 I GLRootView: onSurfaceChanged: 654x1093, gl10: com.google.android.gles_jni.GLImpl@2e77cb
11-22 09:00:15.690 24515 24661 I GLRootView: layout content pane 654x1093 (compensation 0)
11-22 09:00:15.696 1489 2836 W WindowManager: updateScale0.7996942
11-22 09:00:15.701 1489 1636 D FreeFormWindowHelper: refreshTipWindow windowDragBounds:Rect(1154, 94 - 1677, 1022)
11-22 09:00:15.702 1489 1636 W WindowManager: updateScale0.7996942
11-22 09:00:15.707 24515 24661 I GLRootView: onSurfaceChanged: 654x1092, gl10: com.google.android.gles_jni.GLImpl@2e77cb
11-22 09:00:15.707 24515 24661 I GLRootView: layout content pane 654x1092 (compensation 0)
11-22 09:00:15.713 1489 2836 W WindowManager: updateScale0.7996942
11-22 09:00:15.717 1489 1636 D FreeFormWindowHelper: refreshTipWindow windowDragBounds:Rect(1200, 96 - 1723, 1024)
11-22 09:00:15.718 1489 1636 W WindowManager: updateScale0.7996942
11-22 09:00:15.730 1489 2839 W WindowManager: updateScale0.7996942
11-22 09:00:15.734 1489 1636 D FreeFormWindowHelper: refreshTipWindow windowDragBounds:Rect(1244, 98 - 1767, 1026)
11-22 09:00:15.736 1489 1636 W WindowManager: updateScale0.7996942
11-22 09:00:15.737 24515 24527 E BLASTBufferQueue: [ViewRootImpl[GalleryActivity]#0](f:2,a:2) rejecting buffer:active_size=654x1160, requested_size=654x1160 buffer{size=654x1161 transform=0}
11-22 09:00:15.746 1489 2836 W WindowManager: updateScale0.7996942
11-22 09:00:15.755 1489 1636 D FreeFormWindowHelper: refreshTipWindow windowDragBounds:Rect(1291, 99 - 1814, 1027)
11-22 09:00:15.756 1489 1636 W WindowManager: updateScale0.7996942
11-22 09:00:15.763 1489 2839 W WindowManager: updateScale0.7996942
11-22 09:00:15.767 1489 1636 D FreeFormWindowHelper: refreshTipWindow windowDragBounds:Rect(1342, 100 - 1865, 1028)
11-22 09:00:15.769 1489 1636 W WindowManager: updateScale0.7996942
11-22 09:00:15.780 1489 2839 W WindowManager: updateScale0.7996942
11-22 09:00:15.784 1489 1636 D FreeFormWindowHelper: refreshTipWindow windowDragBounds:Rect(1389, 100 - 1912, 1028)
11-22 09:00:15.785 1489 1636 W WindowManager: updateScale0.7996942
11-22 09:00:15.797 1489 2839 W WindowManager: updateScale0.7996942
11-22 09:00:15.801 1489 1636 D FreeFormWindowHelper: refreshTipWindow windowDragBounds:Rect(1434, 100 - 1957, 1028)
11-22 09:00:15.803 1489 1636 W WindowManager: updateScale0.7996942
11-22 09:00:15.813 1489 2836 W WindowManager: updateScale0.7996942
11-22 09:00:15.817 1489 1636 D FreeFormWindowHelper: refreshTipWindow windowDragBounds:Rect(1478, 100 - 2001, 1028)
11-22 09:00:15.819 1489 1636 W WindowManager: updateScale0.7996942
11-22 09:00:15.830 1489 2836 W WindowManager: updateScale0.7996942
11-22 09:00:15.834 1489 1636 D FreeFormWindowHelper: refreshTipWindow windowDragBounds:Rect(1534, 101 - 2057, 1029)
11-22 09:00:15.836 1489 1636 W WindowManager: updateScale0.7996942
11-22 09:00:15.851 1489 1636 D FreeFormWindowHelper: refreshTipWindow windowDragBounds:Rect(1590, 103 - 2113, 1031)
11-22 09:00:15.852 1489 1636 W WindowManager: updateScale0.7996942
11-22 09:00:15.856 1489 6044 W WindowManager: updateScale0.7996942
11-22 09:00:15.859 1218 4889 I OMX-VENC: venc_dev: stats: avg. fps 35.99, bitrate 1450786
11-22 09:00:15.868 1489 1636 D FreeFormWindowHelper: refreshTipWindow windowDragBounds:Rect(1649, 107 - 2172, 1035)
11-22 09:00:15.869 1489 1636 W WindowManager: updateScale0.7996942
11-22 09:00:15.884 1489 1636 D FreeFormWindowHelper: refreshTipWindow windowDragBounds:Rect(1697, 112 - 2220, 1040)
11-22 09:00:15.885 1489 1636 W WindowManager: updateScale0.7996942
11-22 09:00:15.901 1489 1636 D FreeFormWindowHelper: refreshTipWindow windowDragBounds:Rect(1714, 112 - 2237, 1040)
11-22 09:00:15.902 1489 1636 W WindowManager: updateScale0.7996942
11-22 09:00:15.919 1489 1636 D WindowManager: updateWindowDragBounds: mIsSwipeYfalse
11-22 09:00:15.919 1489 1636 D WindowManager: updateWindowDragBounds: mIsTopfalse
11-22 09:00:15.919 1489 1636 D WindowManager: updateWindowDragBounds: mIsSwipeXfalse
11-22 09:00:15.919 1489 1636 W WindowManager: updateScale0.4617737
11-22 09:00:15.919 1489 1636 I wm_relaunch_resume_activity: [0,240774890,243,com.android.gallery3d/.app.GalleryActivity]
11-22 09:00:15.921 1489 1636 W WindowManager: updateScale0.4617737
11-22 09:00:15.929 24515 24515 I wm_on_top_resumed_lost_called: [240774890,com.android.gallery3d.app.GalleryActivity,pausing]
11-22 09:00:15.929 24515 24515 W OrientationEventListener: Cannot detect sensors. Invalid disable
11-22 09:00:15.935 24515 24515 I wm_on_paused_called: [240774890,com.android.gallery3d.app.GalleryActivity,performPause]
11-22 09:00:15.935 24515 24515 I wm_on_stop_called: [240774890,com.android.gallery3d.app.GalleryActivity,handleRelaunchActivity]
11-22 09:00:15.935 24515 24515 V StateManager: saveState
11-22 09:00:15.935 24515 24515 V StateManager: saveState class com.android.gallery3d.app.AlbumSetPage
11-22 09:00:15.935 24515 24515 V StateManager: destroy
11-22 09:00:15.938 1489 1636 W InputManager-JNI: Input channel object 'WindowManager (client)' was disposed without first being removed with the input manager!
11-22 09:00:15.939 24515 24515 I wm_on_destroy_called: [240774890,com.android.gallery3d.app.GalleryActivity,performDestroy]
11-22 09:00:15.945 1489 6044 D CompatibilityInfo: mCompatibilityFlags - 4
11-22 09:00:15.945 1489 6044 D CompatibilityInfo: applicationDensity - 240
11-22 09:00:15.945 1489 6044 D CompatibilityInfo: applicationScale - 1.0
11-22 09:00:15.956 24515 24515 V StateManager: restoreFromState
11-22 09:00:15.956 24515 24515 V StateManager: restoreFromState class com.android.gallery3d.app.AlbumSetPage
11-22 09:00:15.957 24515 24515 I wm_on_create_called: [240774890,com.android.gallery3d.app.GalleryActivity,performCreate]
11-22 09:00:15.959 24515 24515 I wm_on_start_called: [240774890,com.android.gallery3d.app.GalleryActivity,handleStartActivity]
11-22 09:00:15.965 24515 24515 D Gallery.MultiSetSync: onSyncDone: **** #pending=1
11-22 09:00:15.965 24515 24515 D Gallery.MultiSetSync: request sync: ****
11-22 09:00:15.965 24515 24515 D Gallery.MultiSetSync: onSyncDone: ****** #pending=0
11-22 09:00:15.965 24515 24515 D Gallery.MultiSetSync: request sync: ******
11-22 09:00:15.966 24515 24515 W OrientationEventListener: Cannot detect sensors. Not enabled
11-22 09:00:15.966 24515 24515 I wm_on_resume_called: [240774890,com.android.gallery3d.app.GalleryActivity,RESUME_ACTIVITY]
11-22 09:00:15.966 24515 24515 I wm_on_top_resumed_gained_called: [240774890,com.android.gallery3d.app.GalleryActivity,topWhenResuming]
11-22 09:00:16.057 1489 2839 W WindowManager: updateScale0.4617737
11-22 09:00:16.059 1489 2839 W WindowManager: updateScale0.4617737
11-22 09:00:16.069 24515 24664 D libEGL : MSAA-->msaa:0 gamemode:0 4x_msaa:0
