11-22 08:43:21.035 0 0 I auditd : type=1400 audit(0.0:7184): avc: denied { kill } for comm="swapper/3" capability=5 scontext=u:r:kernel:s0 tcontext=u:r:kernel:s0 tclass=capability permissive=0
11-22 08:43:22.035 0 0 I auditd : type=1400 audit(0.0:7185): avc: denied { kill } for comm="swapper/3" capability=5 scontext=u:r:kernel:s0 tcontext=u:r:kernel:s0 tclass=capability permissive=0
11-22 08:43:23.035 0 0 I auditd : type=1400 audit(0.0:7186): avc: denied { kill } for comm="swapper/3" capability=5 scontext=u:r:kernel:s0 tcontext=u:r:kernel:s0 tclass=capability permissive=0
11-22 08:43:24.035 0 0 I auditd : type=1400 audit(0.0:7187): avc: denied { kill } for comm="swapper/3" capability=5 scontext=u:r:kernel:s0 tcontext=u:r:kernel:s0 tclass=capability permissive=0
11-22 08:43:25.035 0 0 I auditd : type=1400 audit(0.0:7188): avc: denied { kill } for comm="swapper/3" capability=5 scontext=u:r:kernel:s0 tcontext=u:r:kernel:s0 tclass=capability permissive=0
11-22 08:43:26.035 0 0 I auditd : type=1400 audit(0.0:7189): avc: denied { kill } for comm="swapper/3" capability=5 scontext=u:r:kernel:s0 tcontext=u:r:kernel:s0 tclass=capability permissive=0
11-22 08:43:27.035 0 0 I auditd : type=1400 audit(0.0:7190): avc: denied { kill } for comm="swapper/3" capability=5 scontext=u:r:kernel:s0 tcontext=u:r:kernel:s0 tclass=capability permissive=0
11-22 08:43:28.035 0 0 I auditd : type=1400 audit(0.0:7191): avc: denied { kill } for comm="swapper/3" capability=5 scontext=u:r:kernel:s0 tcontext=u:r:kernel:s0 tclass=capability permissive=0
11-22 08:43:29.035 0 0 I auditd : type=1400 audit(0.0:7192): avc: denied { kill } for comm="swapper/3" capability=5 scontext=u:r:kernel:s0 tcontext=u:r:kernel:s0 tclass=capability permissive=0
11-22 08:43:30.035 0 0 I auditd : type=1400 audit(0.0:7193): avc: denied { kill } for comm="swapper/3" capability=5 scontext=u:r:kernel:s0 tcontext=u:r:kernel:s0 tclass=capability permissive=0
11-22 08:43:31.035 0 0 I auditd : type=1400 audit(0.0:7194): avc: denied { kill } for comm="swapper/3" capability=5 scontext=u:r:kernel:s0 tcontext=u:r:kernel:s0 tclass=capability permissive=0
11-22 08:43:32.035 0 0 I auditd : type=1400 audit(0.0:7195): avc: denied { kill } for comm="swapper/3" capability=5 scontext=u:r:kernel:s0 tcontext=u:r:kernel:s0 tclass=capability permissive=0
11-22 08:43:33.035 0 0 I auditd : type=1400 audit(0.0:7196): avc: denied { kill } for comm="swapper/3" capability=5 scontext=u:r:kernel:s0 tcontext=u:r:kernel:s0 tclass=capability permissive=0
11-22 08:43:34.035 0 0 I auditd : type=1400 audit(0.0:7197): avc: denied { kill } for comm="swapper/3" capability=5 scontext=u:r:kernel:s0 tcontext=u:r:kernel:s0 tclass=capability permissive=0
11-22 08:43:35.035 0 0 I auditd : type=1400 audit(0.0:7198): avc: denied { kill } for comm="swapper/3" capability=5 scontext=u:r:kernel:s0 tcontext=u:r:kernel:s0 tclass=capability permissive=0
11-22 08:43:36.035 0 0 I auditd : type=1400 audit(0.0:7199): avc: denied { kill } for comm="swapper/3" capability=5 scontext=u:r:kernel:s0 tcontext=u:r:kernel:s0 tclass=capability permissive=0
11-22 08:43:37.035 0 0 I auditd : type=1400 audit(0.0:7200): avc: denied { kill } for comm="swapper/3" capability=5 scontext=u:r:kernel:s0 tcontext=u:r:kernel:s0 tclass=capability permissive=0
11-22 08:43:37.114 1489 1752 I am_freeze: [23823,com.android.music]
11-22 08:43:37.116 1489 1752 I am_kill : [0,23823,com.android.music,955,Unable to freeze binder interface]
11-22 08:43:37.153 1489 6061 I am_proc_died: [0,23823,com.android.music,955,19]
11-22 08:43:37.154 1489 6061 I am_uid_stopped: 10090
11-22 08:43:37.160 1489 1634 I am_uid_running: 10090
11-22 08:43:37.179 1489 1651 I am_proc_start: [0,24057,10090,com.android.music,NULL,]
11-22 08:43:37.227 1489 6061 I am_proc_bound: [0,24057,com.android.music]
11-22 08:43:38.035 0 0 I auditd : type=1400 audit(0.0:7201): avc: denied { kill } for comm="swapper/3" capability=5 scontext=u:r:kernel:s0 tcontext=u:r:kernel:s0 tclass=capability permissive=0
11-22 08:43:39.035 0 0 I auditd : type=1400 audit(0.0:7202): avc: denied { kill } for comm="swapper/3" capability=5 scontext=u:r:kernel:s0 tcontext=u:r:kernel:s0 tclass=capability permissive=0
11-22 08:43:40.035 0 0 I auditd : type=1400 audit(0.0:7203): avc: denied { kill } for comm="swapper/3" capability=5 scontext=u:r:kernel:s0 tcontext=u:r:kernel:s0 tclass=capability permissive=0
11-22 08:43:40.180 1489 1666 I sysui_multi_action: [757,1696,758,6,759,2]
11-22 08:43:40.194 1489 1650 I am_wtf : [0,1489,system_server,-1,DisplayDeviceConfig,requesting nits when no mapping exists.]
11-22 08:43:40.198 1489 1650 I am_wtf : [0,1489,system_server,-1,DisplayDeviceConfig,requesting nits when no mapping exists.]
11-22 08:43:40.210 1489 1650 I am_wtf : [0,1489,system_server,-1,DisplayDeviceConfig,requesting nits when no mapping exists.]
11-22 08:43:40.212 1489 1650 I am_wtf : [0,1489,system_server,-1,DisplayDeviceConfig,requesting nits when no mapping exists.]
11-22 08:43:40.222 1489 1650 I am_wtf : [0,1489,system_server,-1,DisplayDeviceConfig,requesting nits when no mapping exists.]
11-22 08:43:40.223 1489 1650 I am_wtf : [0,1489,system_server,-1,DisplayDeviceConfig,requesting nits when no mapping exists.]
11-22 08:43:40.238 1489 1650 I am_wtf : [0,1489,system_server,-1,DisplayDeviceConfig,requesting nits when no mapping exists.]
11-22 08:43:40.239 1489 1650 I am_wtf : [0,1489,system_server,-1,DisplayDeviceConfig,requesting nits when no mapping exists.]
11-22 08:43:40.256 1489 1650 I am_wtf : [0,1489,system_server,-1,DisplayDeviceConfig,requesting nits when no mapping exists.]
11-22 08:43:40.257 1489 1650 I am_wtf : [0,1489,system_server,-1,DisplayDeviceConfig,requesting nits when no mapping exists.]
11-22 08:43:40.273 1489 1650 I am_wtf : [0,1489,system_server,-1,DisplayDeviceConfig,requesting nits when no mapping exists.]
11-22 08:43:40.274 1489 1650 I am_wtf : [0,1489,system_server,-1,DisplayDeviceConfig,requesting nits when no mapping exists.]
11-22 08:43:40.290 1489 1650 I am_wtf : [0,1489,system_server,-1,DisplayDeviceConfig,requesting nits when no mapping exists.]
11-22 08:43:40.291 1489 1650 I am_wtf : [0,1489,system_server,-1,DisplayDeviceConfig,requesting nits when no mapping exists.]
11-22 08:43:40.307 1489 1650 I am_wtf : [0,1489,system_server,-1,DisplayDeviceConfig,requesting nits when no mapping exists.]
11-22 08:43:40.307 1489 1650 I am_wtf : [0,1489,system_server,-1,DisplayDeviceConfig,requesting nits when no mapping exists.]
11-22 08:43:40.323 1489 1650 I am_wtf : [0,1489,system_server,-1,DisplayDeviceConfig,requesting nits when no mapping exists.]
11-22 08:43:40.324 1489 1650 I am_wtf : [0,1489,system_server,-1,DisplayDeviceConfig,requesting nits when no mapping exists.]
11-22 08:43:40.340 1489 1650 I am_wtf : [0,1489,system_server,-1,DisplayDeviceConfig,requesting nits when no mapping exists.]
11-22 08:43:40.341 1489 1650 I am_wtf : [0,1489,system_server,-1,DisplayDeviceConfig,requesting nits when no mapping exists.]
11-22 08:43:40.356 1489 1650 I am_wtf : [0,1489,system_server,-1,DisplayDeviceConfig,requesting nits when no mapping exists.]
11-22 08:43:40.357 1489 1650 I am_wtf : [0,1489,system_server,-1,DisplayDeviceConfig,requesting nits when no mapping exists.]
11-22 08:43:40.373 1489 1650 I am_wtf : [0,1489,system_server,-1,DisplayDeviceConfig,requesting nits when no mapping exists.]
11-22 08:43:40.375 1489 1650 I am_wtf : [0,1489,system_server,-1,DisplayDeviceConfig,requesting nits when no mapping exists.]
11-22 08:43:40.390 1489 1650 I am_wtf : [0,1489,system_server,-1,DisplayDeviceConfig,requesting nits when no mapping exists.]
11-22 08:43:40.390 1489 1650 I am_wtf : [0,1489,system_server,-1,DisplayDeviceConfig,requesting nits when no mapping exists.]
11-22 08:43:40.407 1489 1650 I am_wtf : [0,1489,system_server,-1,DisplayDeviceConfig,requesting nits when no mapping exists.]
11-22 08:43:40.408 1489 1650 I am_wtf : [0,1489,system_server,-1,DisplayDeviceConfig,requesting nits when no mapping exists.]
11-22 08:43:40.423 1489 1650 I am_wtf : [0,1489,system_server,-1,DisplayDeviceConfig,requesting nits when no mapping exists.]
11-22 08:43:40.424 1489 1650 I am_wtf : [0,1489,system_server,-1,DisplayDeviceConfig,requesting nits when no mapping exists.]
11-22 08:43:40.440 1489 1650 I am_wtf : [0,1489,system_server,-1,DisplayDeviceConfig,requesting nits when no mapping exists.]
11-22 08:43:40.440 1489 1650 I am_wtf : [0,1489,system_server,-1,DisplayDeviceConfig,requesting nits when no mapping exists.]
11-22 08:43:40.456 1489 1650 I am_wtf : [0,1489,system_server,-1,DisplayDeviceConfig,requesting nits when no mapping exists.]
11-22 08:43:40.457 1489 1650 I am_wtf : [0,1489,system_server,-1,DisplayDeviceConfig,requesting nits when no mapping exists.]
11-22 08:43:40.474 1489 1650 I am_wtf : [0,1489,system_server,-1,DisplayDeviceConfig,requesting nits when no mapping exists.]
11-22 08:43:40.474 1489 1650 I am_wtf : [0,1489,system_server,-1,DisplayDeviceConfig,requesting nits when no mapping exists.]
11-22 08:43:40.490 1489 1650 I am_wtf : [0,1489,system_server,-1,DisplayDeviceConfig,requesting nits when no mapping exists.]
11-22 08:43:40.491 1489 1650 I service_manager_stats: [100,68,629630]
11-22 08:43:40.491 1489 1650 I am_wtf : [0,1489,system_server,-1,DisplayDeviceConfig,requesting nits when no mapping exists.]
11-22 08:43:40.507 1489 1650 I am_wtf : [0,1489,system_server,-1,DisplayDeviceConfig,requesting nits when no mapping exists.]
11-22 08:43:40.507 1489 1650 I am_wtf : [0,1489,system_server,-1,DisplayDeviceConfig,requesting nits when no mapping exists.]
11-22 08:43:40.524 1489 1650 I am_wtf : [0,1489,system_server,-1,DisplayDeviceConfig,requesting nits when no mapping exists.]
11-22 08:43:40.524 1489 1650 I am_wtf : [0,1489,system_server,-1,DisplayDeviceConfig,requesting nits when no mapping exists.]
11-22 08:43:40.540 1489 1650 I am_wtf : [0,1489,system_server,-1,DisplayDeviceConfig,requesting nits when no mapping exists.]
11-22 08:43:40.541 1489 1650 I am_wtf : [0,1489,system_server,-1,DisplayDeviceConfig,requesting nits when no mapping exists.]
11-22 08:43:40.557 1489 1650 I am_wtf : [0,1489,system_server,-1,DisplayDeviceConfig,requesting nits when no mapping exists.]
11-22 08:43:40.558 1489 1650 I am_wtf : [0,1489,system_server,-1,DisplayDeviceConfig,requesting nits when no mapping exists.]
11-22 08:43:40.574 1489 1650 I am_wtf : [0,1489,system_server,-1,DisplayDeviceConfig,requesting nits when no mapping exists.]
11-22 08:43:40.574 1489 1650 I am_wtf : [0,1489,system_server,-1,DisplayDeviceConfig,requesting nits when no mapping exists.]
11-22 08:43:40.590 1489 1650 I am_wtf : [0,1489,system_server,-1,DisplayDeviceConfig,requesting nits when no mapping exists.]
11-22 08:43:40.591 1489 1650 I am_wtf : [0,1489,system_server,-1,DisplayDeviceConfig,requesting nits when no mapping exists.]
11-22 08:43:40.607 1489 1650 I am_wtf : [0,1489,system_server,-1,DisplayDeviceConfig,requesting nits when no mapping exists.]
11-22 08:43:40.607 1489 1650 I am_wtf : [0,1489,system_server,-1,DisplayDeviceConfig,requesting nits when no mapping exists.]
11-22 08:43:40.623 1489 1650 I am_wtf : [0,1489,system_server,-1,DisplayDeviceConfig,requesting nits when no mapping exists.]
11-22 08:43:40.624 1489 1650 I am_wtf : [0,1489,system_server,-1,DisplayDeviceConfig,requesting nits when no mapping exists.]
11-22 08:43:40.640 1489 1650 I am_wtf : [0,1489,system_server,-1,DisplayDeviceConfig,requesting nits when no mapping exists.]
11-22 08:43:40.641 1489 1650 I am_wtf : [0,1489,system_server,-1,DisplayDeviceConfig,requesting nits when no mapping exists.]
11-22 08:43:40.658 1489 1650 I am_wtf : [0,1489,system_server,-1,DisplayDeviceConfig,requesting nits when no mapping exists.]
11-22 08:43:40.659 1489 1650 I am_wtf : [0,1489,system_server,-1,DisplayDeviceConfig,requesting nits when no mapping exists.]
11-22 08:43:40.674 1489 1650 I am_wtf : [0,1489,system_server,-1,DisplayDeviceConfig,requesting nits when no mapping exists.]
11-22 08:43:40.675 1489 1650 I am_wtf : [0,1489,system_server,-1,DisplayDeviceConfig,requesting nits when no mapping exists.]
11-22 08:43:40.691 1489 1650 I am_wtf : [0,1489,system_server,-1,DisplayDeviceConfig,requesting nits when no mapping exists.]
11-22 08:43:40.692 1489 1650 I am_wtf : [0,1489,system_server,-1,DisplayDeviceConfig,requesting nits when no mapping exists.]
11-22 08:43:40.707 1489 1650 I am_wtf : [0,1489,system_server,-1,DisplayDeviceConfig,requesting nits when no mapping exists.]
11-22 08:43:40.708 1489 1650 I am_wtf : [0,1489,system_server,-1,DisplayDeviceConfig,requesting nits when no mapping exists.]
11-22 08:43:40.724 1489 1650 I am_wtf : [0,1489,system_server,-1,DisplayDeviceConfig,requesting nits when no mapping exists.]
11-22 08:43:40.725 1489 1650 I am_wtf : [0,1489,system_server,-1,DisplayDeviceConfig,requesting nits when no mapping exists.]
11-22 08:43:40.741 1489 1650 I am_wtf : [0,1489,system_server,-1,DisplayDeviceConfig,requesting nits when no mapping exists.]
11-22 08:43:40.741 1489 1650 I am_wtf : [0,1489,system_server,-1,DisplayDeviceConfig,requesting nits when no mapping exists.]
11-22 08:43:40.757 1489 1650 I am_wtf : [0,1489,system_server,-1,DisplayDeviceConfig,requesting nits when no mapping exists.]
11-22 08:43:40.759 1489 1650 I am_wtf : [0,1489,system_server,-1,DisplayDeviceConfig,requesting nits when no mapping exists.]
11-22 08:43:40.774 1489 1650 I am_wtf : [0,1489,system_server,-1,DisplayDeviceConfig,requesting nits when no mapping exists.]
11-22 08:43:40.776 1489 1650 I am_wtf : [0,1489,system_server,-1,DisplayDeviceConfig,requesting nits when no mapping exists.]
11-22 08:43:40.790 1489 1650 I am_wtf : [0,1489,system_server,-1,DisplayDeviceConfig,requesting nits when no mapping exists.]
11-22 08:43:40.791 1489 1650 I am_wtf : [0,1489,system_server,-1,DisplayDeviceConfig,requesting nits when no mapping exists.]
11-22 08:43:40.807 1489 1650 I am_wtf : [0,1489,system_server,-1,DisplayDeviceConfig,requesting nits when no mapping exists.]
11-22 08:43:40.809 1489 1650 I am_wtf : [0,1489,system_server,-1,DisplayDeviceConfig,requesting nits when no mapping exists.]
11-22 08:43:40.824 1489 1650 I am_wtf : [0,1489,system_server,-1,DisplayDeviceConfig,requesting nits when no mapping exists.]
11-22 08:43:40.825 1489 1650 I am_wtf : [0,1489,system_server,-1,DisplayDeviceConfig,requesting nits when no mapping exists.]
11-22 08:43:40.841 1489 1650 I am_wtf : [0,1489,system_server,-1,DisplayDeviceConfig,requesting nits when no mapping exists.]
11-22 08:43:40.842 1489 1650 I am_wtf : [0,1489,system_server,-1,DisplayDeviceConfig,requesting nits when no mapping exists.]
11-22 08:43:40.858 1489 1650 I am_wtf : [0,1489,system_server,-1,DisplayDeviceConfig,requesting nits when no mapping exists.]
11-22 08:43:40.859 1489 1650 I am_wtf : [0,1489,system_server,-1,DisplayDeviceConfig,requesting nits when no mapping exists.]
11-22 08:43:40.874 1489 1650 I am_wtf : [0,1489,system_server,-1,DisplayDeviceConfig,requesting nits when no mapping exists.]
11-22 08:43:40.877 1489 1650 I am_wtf : [0,1489,system_server,-1,DisplayDeviceConfig,requesting nits when no mapping exists.]
11-22 08:43:40.891 1489 1650 I am_wtf : [0,1489,system_server,-1,DisplayDeviceConfig,requesting nits when no mapping exists.]
11-22 08:43:40.892 1489 1650 I am_wtf : [0,1489,system_server,-1,DisplayDeviceConfig,requesting nits when no mapping exists.]
11-22 08:43:40.907 1489 1650 I am_wtf : [0,1489,system_server,-1,DisplayDeviceConfig,requesting nits when no mapping exists.]
11-22 08:43:40.908 1489 1650 I am_wtf : [0,1489,system_server,-1,DisplayDeviceConfig,requesting nits when no mapping exists.]
11-22 08:43:40.924 1489 1650 I am_wtf : [0,1489,system_server,-1,DisplayDeviceConfig,requesting nits when no mapping exists.]
11-22 08:43:40.926 1489 1650 I am_wtf : [0,1489,system_server,-1,DisplayDeviceConfig,requesting nits when no mapping exists.]
11-22 08:43:40.941 1489 1650 I am_wtf : [0,1489,system_server,-1,DisplayDeviceConfig,requesting nits when no mapping exists.]
11-22 08:43:40.942 1489 1650 I am_wtf : [0,1489,system_server,-1,DisplayDeviceConfig,requesting nits when no mapping exists.]
11-22 08:43:40.958 1489 1650 I am_wtf : [0,1489,system_server,-1,DisplayDeviceConfig,requesting nits when no mapping exists.]
11-22 08:43:40.958 1489 1650 I am_wtf : [0,1489,system_server,-1,DisplayDeviceConfig,requesting nits when no mapping exists.]
11-22 08:43:40.974 1489 1650 I am_wtf : [0,1489,system_server,-1,DisplayDeviceConfig,requesting nits when no mapping exists.]
11-22 08:43:40.975 1489 1650 I am_wtf : [0,1489,system_server,-1,DisplayDeviceConfig,requesting nits when no mapping exists.]
11-22 08:43:40.991 1489 1650 I am_wtf : [0,1489,system_server,-1,DisplayDeviceConfig,requesting nits when no mapping exists.]
11-22 08:43:40.992 1489 1650 I am_wtf : [0,1489,system_server,-1,DisplayDeviceConfig,requesting nits when no mapping exists.]
11-22 08:43:41.008 1489 1650 I am_wtf : [0,1489,system_server,-1,DisplayDeviceConfig,requesting nits when no mapping exists.]
11-22 08:43:41.009 1489 1650 I am_wtf : [0,1489,system_server,-1,DisplayDeviceConfig,requesting nits when no mapping exists.]
11-22 08:43:41.025 1489 1650 I am_wtf : [0,1489,system_server,-1,DisplayDeviceConfig,requesting nits when no mapping exists.]
11-22 08:43:41.026 1489 1650 I am_wtf : [0,1489,system_server,-1,DisplayDeviceConfig,requesting nits when no mapping exists.]
11-22 08:43:41.035 0 0 I auditd : type=1400 audit(0.0:7204): avc: denied { kill } for comm="swapper/3" capability=5 scontext=u:r:kernel:s0 tcontext=u:r:kernel:s0 tclass=capability permissive=0
11-22 08:43:41.041 1489 1650 I am_wtf : [0,1489,system_server,-1,DisplayDeviceConfig,requesting nits when no mapping exists.]
11-22 08:43:41.043 1489 1650 I am_wtf : [0,1489,system_server,-1,DisplayDeviceConfig,requesting nits when no mapping exists.]
11-22 08:43:41.058 1489 1650 I am_wtf : [0,1489,system_server,-1,DisplayDeviceConfig,requesting nits when no mapping exists.]
11-22 08:43:41.060 1489 1650 I am_wtf : [0,1489,system_server,-1,DisplayDeviceConfig,requesting nits when no mapping exists.]
11-22 08:43:41.075 1489 1650 I am_wtf : [0,1489,system_server,-1,DisplayDeviceConfig,requesting nits when no mapping exists.]
11-22 08:43:41.077 1489 1650 I am_wtf : [0,1489,system_server,-1,DisplayDeviceConfig,requesting nits when no mapping exists.]
11-22 08:43:41.092 1489 1650 I am_wtf : [0,1489,system_server,-1,DisplayDeviceConfig,requesting nits when no mapping exists.]
11-22 08:43:41.093 1489 1650 I am_wtf : [0,1489,system_server,-1,DisplayDeviceConfig,requesting nits when no mapping exists.]
11-22 08:43:41.110 1489 1650 I am_wtf : [0,1489,system_server,-1,DisplayDeviceConfig,requesting nits when no mapping exists.]
11-22 08:43:41.111 1489 1650 I am_wtf : [0,1489,system_server,-1,DisplayDeviceConfig,requesting nits when no mapping exists.]
11-22 08:43:41.124 1489 1650 I am_wtf : [0,1489,system_server,-1,DisplayDeviceConfig,requesting nits when no mapping exists.]
11-22 08:43:41.125 1489 1650 I am_wtf : [0,1489,system_server,-1,DisplayDeviceConfig,requesting nits when no mapping exists.]
11-22 08:43:41.142 1489 1650 I am_wtf : [0,1489,system_server,-1,DisplayDeviceConfig,requesting nits when no mapping exists.]
11-22 08:43:41.143 1489 1650 I am_wtf : [0,1489,system_server,-1,DisplayDeviceConfig,requesting nits when no mapping exists.]
11-22 08:43:42.035 0 0 I auditd : type=1400 audit(0.0:7205): avc: denied { kill } for comm="swapper/3" capability=5 scontext=u:r:kernel:s0 tcontext=u:r:kernel:s0 tclass=capability permissive=0
11-22 08:43:43.035 0 0 I auditd : type=1400 audit(0.0:7206): avc: denied { kill } for comm="swapper/3" capability=5 scontext=u:r:kernel:s0 tcontext=u:r:kernel:s0 tclass=capability permissive=0
11-22 08:43:44.035 0 0 I auditd : type=1400 audit(0.0:7207): avc: denied { kill } for comm="swapper/3" capability=5 scontext=u:r:kernel:s0 tcontext=u:r:kernel:s0 tclass=capability permissive=0
11-22 08:43:45.035 0 0 I auditd : type=1400 audit(0.0:7208): avc: denied { kill } for comm="swapper/3" capability=5 scontext=u:r:kernel:s0 tcontext=u:r:kernel:s0 tclass=capability permissive=0
11-22 08:43:46.035 0 0 I auditd : type=1400 audit(0.0:7209): avc: denied { kill } for comm="swapper/3" capability=5 scontext=u:r:kernel:s0 tcontext=u:r:kernel:s0 tclass=capability permissive=0
11-22 08:43:47.035 0 0 I auditd : type=1400 audit(0.0:7210): avc: denied { kill } for comm="swapper/3" capability=5 scontext=u:r:kernel:s0 tcontext=u:r:kernel:s0 tclass=capability permissive=0
11-22 08:43:48.035 0 0 I auditd : type=1400 audit(0.0:7211): avc: denied { kill } for comm="swapper/3" capability=5 scontext=u:r:kernel:s0 tcontext=u:r:kernel:s0 tclass=capability permissive=0
11-22 08:43:49.035 0 0 I auditd : type=1400 audit(0.0:7212): avc: denied { kill } for comm="swapper/3" capability=5 scontext=u:r:kernel:s0 tcontext=u:r:kernel:s0 tclass=capability permissive=0
11-22 08:43:49.915 1489 1631 I sysui_multi_action: [757,222,758,1]
11-22 08:43:49.918 1489 1631 I am_uid_running: 10051
11-22 08:43:49.922 2375 2723 I sysui_multi_action: [757,210,758,4,759,-1]
11-22 08:43:49.926 1489 1648 I am_pss : [24040,1000,com.android.settings,14283776,10416128,0,98951168,0,19,8]
11-22 08:43:49.934 1489 1648 I am_pss : [24020,10066,com.android.deskclock,8873984,6119424,0,94560256,0,19,7]
11-22 08:43:49.940 1489 1651 I am_proc_start: [0,24072,10051,com.thundercomm.screensaver,service,{com.thundercomm.screensaver/com.thundercomm.saverclock.service.ClockScreensaver}]
11-22 08:43:49.969 1489 6061 I am_proc_bound: [0,24072,com.thundercomm.screensaver]
11-22 08:43:49.974 1489 6061 I am_uid_active: 10051
11-22 08:43:50.035 0 0 I auditd : type=1400 audit(0.0:7213): avc: denied { kill } for comm="swapper/3" capability=5 scontext=u:r:kernel:s0 tcontext=u:r:kernel:s0 tclass=capability permissive=0
11-22 08:43:50.071 1489 6739 I wm_task_created: [241,-1]
11-22 08:43:50.075 1489 6739 I wm_task_moved: [241,1,7]
11-22 08:43:50.075 1489 6739 I wm_task_to_front: [0,241]
11-22 08:43:50.075 1489 6739 I wm_create_task: [0,241]
11-22 08:43:50.075 1489 6739 I wm_create_activity: [0,190631605,241,com.thundercomm.screensaver/android.service.dreams.DreamActivity,NULL,NULL,NULL,276824064]
11-22 08:43:50.075 1489 6739 I wm_task_moved: [241,1,7]
11-22 08:43:50.075 23822 23822 I wm_on_top_resumed_lost_called: [77454550,com.android.gallery3d.app.GalleryActivity,topStateChangedWhenResumed]
11-22 08:43:50.077 1489 6739 I wm_pause_activity: [0,77454550,com.android.gallery3d/.app.GalleryActivity,userLeaving=true,pauseBackTasks]
11-22 08:43:50.099 23822 23822 I wm_on_paused_called: [77454550,com.android.gallery3d.app.GalleryActivity,performPause]
11-22 08:43:50.101 1489 6061 I wm_add_to_stopping: [0,77454550,com.android.gallery3d/.app.GalleryActivity,makeInvisible]
11-22 08:43:50.102 1489 6061 I wm_restart_activity: [0,190631605,241,com.thundercomm.screensaver/android.service.dreams.DreamActivity]
11-22 08:43:50.105 1489 6061 I wm_set_resumed_activity: [0,com.thundercomm.screensaver/android.service.dreams.DreamActivity,minimalResumeActivityLocked]
11-22 08:43:50.116 1489 1634 I sysui_multi_action: [757,803,799,window_time_0,802,600]
11-22 08:43:50.127 24072 24072 I wm_on_create_called: [190631605,android.service.dreams.DreamActivity,performCreate]
11-22 08:43:50.127 1489 1489 I am_uid_active: 10063
11-22 08:43:50.128 24072 24072 I wm_on_start_called: [190631605,android.service.dreams.DreamActivity,handleStartActivity]
11-22 08:43:50.128 24072 24072 I wm_on_resume_called: [190631605,android.service.dreams.DreamActivity,RESUME_ACTIVITY]
11-22 08:43:50.132 1489 2012 I input_focus: [Focus leaving ecbe874 com.android.gallery3d/com.android.gallery3d.app.GalleryActivity (server),reason=NO_WINDOW]
11-22 08:43:50.143 24072 24072 I wm_on_top_resumed_gained_called: [190631605,android.service.dreams.DreamActivity,topStateChangedWhenResumed]
11-22 08:43:50.173 1489 1636 I input_focus: [Focus request aefc7a2 com.thundercomm.screensaver/android.service.dreams.DreamActivity,reason=UpdateInputWindows]
11-22 08:43:50.217 1489 1666 I sysui_multi_action: [757,1696,758,6,759,3]
11-22 08:43:50.227 1489 1631 I sysui_multi_action: [319,146,322,137,325,20818,757,761,758,8,759,2,806,com.thundercomm.screensaver,871,android.service.dreams.DreamActivity,904,com.thundercomm.screensaver,905,0,1320,4,1321,2]
11-22 08:43:50.231 1489 1631 I wm_activity_launch_time: [0,190631605,com.thundercomm.screensaver/android.service.dreams.DreamActivity,137]
11-22 08:43:50.233 1489 1650 I am_wtf : [0,1489,system_server,-1,DisplayDeviceConfig,requesting nits when no mapping exists.]
11-22 08:43:50.235 1489 1650 I am_wtf : [0,1489,system_server,-1,DisplayDeviceConfig,requesting nits when no mapping exists.]
11-22 08:43:50.240 1489 2012 I input_focus: [Focus entering aefc7a2 com.thundercomm.screensaver/android.service.dreams.DreamActivity (server),reason=Window became focusable. Previous reason: NOT_VISIBLE]
11-22 08:43:50.250 1489 1650 I am_wtf : [0,1489,system_server,-1,DisplayDeviceConfig,requesting nits when no mapping exists.]
11-22 08:43:50.252 1489 1650 I am_wtf : [0,1489,system_server,-1,DisplayDeviceConfig,requesting nits when no mapping exists.]
11-22 08:43:50.266 1489 1650 I am_wtf : [0,1489,system_server,-1,DisplayDeviceConfig,requesting nits when no mapping exists.]
11-22 08:43:50.268 1489 1650 I am_wtf : [0,1489,system_server,-1,DisplayDeviceConfig,requesting nits when no mapping exists.]
11-22 08:43:50.282 1489 1650 I am_wtf : [0,1489,system_server,-1,DisplayDeviceConfig,requesting nits when no mapping exists.]
11-22 08:43:50.284 1489 1650 I am_wtf : [0,1489,system_server,-1,DisplayDeviceConfig,requesting nits when no mapping exists.]
11-22 08:43:50.299 1489 1650 I am_wtf : [0,1489,system_server,-1,DisplayDeviceConfig,requesting nits when no mapping exists.]
11-22 08:43:50.300 1489 1650 I am_wtf : [0,1489,system_server,-1,DisplayDeviceConfig,requesting nits when no mapping exists.]
11-22 08:43:50.319 1489 1650 I am_wtf : [0,1489,system_server,-1,DisplayDeviceConfig,requesting nits when no mapping exists.]
11-22 08:43:50.320 1489 1650 I am_wtf : [0,1489,system_server,-1,DisplayDeviceConfig,requesting nits when no mapping exists.]
11-22 08:43:50.333 1489 1650 I am_wtf : [0,1489,system_server,-1,DisplayDeviceConfig,requesting nits when no mapping exists.]
11-22 08:43:50.334 1489 1650 I am_wtf : [0,1489,system_server,-1,DisplayDeviceConfig,requesting nits when no mapping exists.]
11-22 08:43:50.350 1489 1650 I am_wtf : [0,1489,system_server,-1,DisplayDeviceConfig,requesting nits when no mapping exists.]
11-22 08:43:50.351 1489 1650 I service_manager_stats: [100,54,9860]
11-22 08:43:50.355 1489 1650 I am_wtf : [0,1489,system_server,-1,DisplayDeviceConfig,requesting nits when no mapping exists.]
11-22 08:43:50.366 1489 1650 I am_wtf : [0,1489,system_server,-1,DisplayDeviceConfig,requesting nits when no mapping exists.]
11-22 08:43:50.367 1489 1650 I am_wtf : [0,1489,system_server,-1,DisplayDeviceConfig,requesting nits when no mapping exists.]
11-22 08:43:50.385 1489 1650 I am_wtf : [0,1489,system_server,-1,DisplayDeviceConfig,requesting nits when no mapping exists.]
11-22 08:43:50.387 1489 1650 I am_wtf : [0,1489,system_server,-1,DisplayDeviceConfig,requesting nits when no mapping exists.]
11-22 08:43:50.400 1489 1650 I am_wtf : [0,1489,system_server,-1,DisplayDeviceConfig,requesting nits when no mapping exists.]
11-22 08:43:50.401 1489 1650 I am_wtf : [0,1489,system_server,-1,DisplayDeviceConfig,requesting nits when no mapping exists.]
11-22 08:43:50.416 1489 1650 I am_wtf : [0,1489,system_server,-1,DisplayDeviceConfig,requesting nits when no mapping exists.]
11-22 08:43:50.418 1489 1650 I am_wtf : [0,1489,system_server,-1,DisplayDeviceConfig,requesting nits when no mapping exists.]
11-22 08:43:50.437 1489 1650 I am_wtf : [0,1489,system_server,-1,DisplayDeviceConfig,requesting nits when no mapping exists.]
11-22 08:43:50.438 1489 1650 I am_wtf : [0,1489,system_server,-1,DisplayDeviceConfig,requesting nits when no mapping exists.]
11-22 08:43:50.450 1489 1650 I am_wtf : [0,1489,system_server,-1,DisplayDeviceConfig,requesting nits when no mapping exists.]
11-22 08:43:50.451 1489 1650 I am_wtf : [0,1489,system_server,-1,DisplayDeviceConfig,requesting nits when no mapping exists.]
11-22 08:43:50.467 1489 1650 I am_wtf : [0,1489,system_server,-1,DisplayDeviceConfig,requesting nits when no mapping exists.]
11-22 08:43:50.468 1489 1650 I am_wtf : [0,1489,system_server,-1,DisplayDeviceConfig,requesting nits when no mapping exists.]
11-22 08:43:50.488 1489 1650 I am_wtf : [0,1489,system_server,-1,DisplayDeviceConfig,requesting nits when no mapping exists.]
11-22 08:43:50.493 1489 1650 I am_wtf : [0,1489,system_server,-1,DisplayDeviceConfig,requesting nits when no mapping exists.]
11-22 08:43:50.505 1489 1650 I am_wtf : [0,1489,system_server,-1,DisplayDeviceConfig,requesting nits when no mapping exists.]
11-22 08:43:50.506 1489 1650 I am_wtf : [0,1489,system_server,-1,DisplayDeviceConfig,requesting nits when no mapping exists.]
11-22 08:43:50.521 1489 1650 I am_wtf : [0,1489,system_server,-1,DisplayDeviceConfig,requesting nits when no mapping exists.]
11-22 08:43:50.522 1489 1650 I am_wtf : [0,1489,system_server,-1,DisplayDeviceConfig,requesting nits when no mapping exists.]
11-22 08:43:50.533 1489 1650 I am_wtf : [0,1489,system_server,-1,DisplayDeviceConfig,requesting nits when no mapping exists.]
11-22 08:43:50.534 1489 1650 I am_wtf : [0,1489,system_server,-1,DisplayDeviceConfig,requesting nits when no mapping exists.]
11-22 08:43:50.550 1489 1650 I am_wtf : [0,1489,system_server,-1,DisplayDeviceConfig,requesting nits when no mapping exists.]
11-22 08:43:50.550 1489 1650 I am_wtf : [0,1489,system_server,-1,DisplayDeviceConfig,requesting nits when no mapping exists.]
11-22 08:43:50.567 1489 1650 I am_wtf : [0,1489,system_server,-1,DisplayDeviceConfig,requesting nits when no mapping exists.]
11-22 08:43:50.568 1489 1650 I am_wtf : [0,1489,system_server,-1,DisplayDeviceConfig,requesting nits when no mapping exists.]
11-22 08:43:50.585 1489 1650 I am_wtf : [0,1489,system_server,-1,DisplayDeviceConfig,requesting nits when no mapping exists.]
11-22 08:43:50.587 1489 1650 I am_wtf : [0,1489,system_server,-1,DisplayDeviceConfig,requesting nits when no mapping exists.]
11-22 08:43:50.600 1489 1650 I am_wtf : [0,1489,system_server,-1,DisplayDeviceConfig,requesting nits when no mapping exists.]
11-22 08:43:50.601 1489 1650 I am_wtf : [0,1489,system_server,-1,DisplayDeviceConfig,requesting nits when no mapping exists.]
11-22 08:43:50.617 1489 1650 I am_wtf : [0,1489,system_server,-1,DisplayDeviceConfig,requesting nits when no mapping exists.]
11-22 08:43:50.617 1489 1650 I am_wtf : [0,1489,system_server,-1,DisplayDeviceConfig,requesting nits when no mapping exists.]
11-22 08:43:50.634 1489 1650 I am_wtf : [0,1489,system_server,-1,DisplayDeviceConfig,requesting nits when no mapping exists.]
11-22 08:43:50.635 1489 1650 I am_wtf : [0,1489,system_server,-1,DisplayDeviceConfig,requesting nits when no mapping exists.]
11-22 08:43:50.651 1489 1650 I am_wtf : [0,1489,system_server,-1,DisplayDeviceConfig,requesting nits when no mapping exists.]
11-22 08:43:50.652 1489 1650 I am_wtf : [0,1489,system_server,-1,DisplayDeviceConfig,requesting nits when no mapping exists.]
11-22 08:43:50.671 1489 1650 I am_wtf : [0,1489,system_server,-1,DisplayDeviceConfig,requesting nits when no mapping exists.]
11-22 08:43:50.673 1489 1650 I am_wtf : [0,1489,system_server,-1,DisplayDeviceConfig,requesting nits when no mapping exists.]
11-22 08:43:50.684 1489 1650 I am_wtf : [0,1489,system_server,-1,DisplayDeviceConfig,requesting nits when no mapping exists.]
11-22 08:43:50.685 1489 1650 I am_wtf : [0,1489,system_server,-1,DisplayDeviceConfig,requesting nits when no mapping exists.]
11-22 08:43:50.700 1489 1650 I am_wtf : [0,1489,system_server,-1,DisplayDeviceConfig,requesting nits when no mapping exists.]
11-22 08:43:50.702 1489 1650 I am_wtf : [0,1489,system_server,-1,DisplayDeviceConfig,requesting nits when no mapping exists.]
11-22 08:43:50.718 1489 1634 I wm_stop_activity: [0,77454550,com.android.gallery3d/.app.GalleryActivity]
11-22 08:43:50.718 1489 1650 I am_wtf : [0,1489,system_server,-1,DisplayDeviceConfig,requesting nits when no mapping exists.]
11-22 08:43:50.719 1489 1650 I am_wtf : [0,1489,system_server,-1,DisplayDeviceConfig,requesting nits when no mapping exists.]
11-22 08:43:50.730 23822 23822 I wm_on_stop_called: [77454550,com.android.gallery3d.app.GalleryActivity,STOP_ACTIVITY_ITEM]
11-22 08:43:50.733 1489 1650 I am_wtf : [0,1489,system_server,-1,DisplayDeviceConfig,requesting nits when no mapping exists.]
11-22 08:43:50.734 1489 1650 I am_wtf : [0,1489,system_server,-1,DisplayDeviceConfig,requesting nits when no mapping exists.]
11-22 08:43:50.753 1489 1650 I am_wtf : [0,1489,system_server,-1,DisplayDeviceConfig,requesting nits when no mapping exists.]
11-22 08:43:50.755 1489 1650 I am_wtf : [0,1489,system_server,-1,DisplayDeviceConfig,requesting nits when no mapping exists.]
11-22 08:43:50.770 1489 1650 I am_wtf : [0,1489,system_server,-1,DisplayDeviceConfig,requesting nits when no mapping exists.]
11-22 08:43:50.771 1489 1650 I am_wtf : [0,1489,system_server,-1,DisplayDeviceConfig,requesting nits when no mapping exists.]
11-22 08:43:50.783 1489 1650 I am_wtf : [0,1489,system_server,-1,DisplayDeviceConfig,requesting nits when no mapping exists.]
11-22 08:43:50.789 1489 1650 I am_wtf : [0,1489,system_server,-1,DisplayDeviceConfig,requesting nits when no mapping exists.]
11-22 08:43:50.797 1489 1650 I am_wtf : [0,1489,system_server,-1,DisplayDeviceConfig,requesting nits when no mapping exists.]
11-22 08:43:50.799 1489 1650 I am_wtf : [0,1489,system_server,-1,DisplayDeviceConfig,requesting nits when no mapping exists.]
11-22 08:43:50.815 1489 1650 I am_wtf : [0,1489,system_server,-1,DisplayDeviceConfig,requesting nits when no mapping exists.]
11-22 08:43:50.816 1489 1650 I am_wtf : [0,1489,system_server,-1,DisplayDeviceConfig,requesting nits when no mapping exists.]
11-22 08:43:50.831 1489 1650 I am_wtf : [0,1489,system_server,-1,DisplayDeviceConfig,requesting nits when no mapping exists.]
11-22 08:43:50.832 1489 1650 I am_wtf : [0,1489,system_server,-1,DisplayDeviceConfig,requesting nits when no mapping exists.]
11-22 08:43:50.850 1489 1650 I am_wtf : [0,1489,system_server,-1,DisplayDeviceConfig,requesting nits when no mapping exists.]
11-22 08:43:50.851 1489 1650 I am_wtf : [0,1489,system_server,-1,DisplayDeviceConfig,requesting nits when no mapping exists.]
11-22 08:43:50.865 1489 1650 I am_wtf : [0,1489,system_server,-1,DisplayDeviceConfig,requesting nits when no mapping exists.]
11-22 08:43:50.866 1489 1650 I am_wtf : [0,1489,system_server,-1,DisplayDeviceConfig,requesting nits when no mapping exists.]
11-22 08:43:50.882 1489 1650 I am_wtf : [0,1489,system_server,-1,DisplayDeviceConfig,requesting nits when no mapping exists.]
11-22 08:43:50.883 1489 1650 I am_wtf : [0,1489,system_server,-1,DisplayDeviceConfig,requesting nits when no mapping exists.]
11-22 08:43:50.898 1489 1650 I am_wtf : [0,1489,system_server,-1,DisplayDeviceConfig,requesting nits when no mapping exists.]
11-22 08:43:50.899 1489 1650 I am_wtf : [0,1489,system_server,-1,DisplayDeviceConfig,requesting nits when no mapping exists.]
11-22 08:43:50.917 1489 1650 I am_wtf : [0,1489,system_server,-1,DisplayDeviceConfig,requesting nits when no mapping exists.]
11-22 08:43:50.918 1489 1650 I am_wtf : [0,1489,system_server,-1,DisplayDeviceConfig,requesting nits when no mapping exists.]
11-22 08:43:50.931 1489 1650 I am_wtf : [0,1489,system_server,-1,DisplayDeviceConfig,requesting nits when no mapping exists.]
11-22 08:43:50.933 1489 1650 I am_wtf : [0,1489,system_server,-1,DisplayDeviceConfig,requesting nits when no mapping exists.]
11-22 08:43:50.949 1489 1650 I am_wtf : [0,1489,system_server,-1,DisplayDeviceConfig,requesting nits when no mapping exists.]
11-22 08:43:50.950 1489 1650 I am_wtf : [0,1489,system_server,-1,DisplayDeviceConfig,requesting nits when no mapping exists.]
11-22 08:43:50.966 1489 1650 I am_wtf : [0,1489,system_server,-1,DisplayDeviceConfig,requesting nits when no mapping exists.]
11-22 08:43:50.967 1489 1650 I am_wtf : [0,1489,system_server,-1,DisplayDeviceConfig,requesting nits when no mapping exists.]
11-22 08:43:50.982 1489 1650 I am_wtf : [0,1489,system_server,-1,DisplayDeviceConfig,requesting nits when no mapping exists.]
11-22 08:43:50.983 1489 1650 I am_wtf : [0,1489,system_server,-1,DisplayDeviceConfig,requesting nits when no mapping exists.]
11-22 08:43:50.999 1489 1650 I am_wtf : [0,1489,system_server,-1,DisplayDeviceConfig,requesting nits when no mapping exists.]
11-22 08:43:51.000 1489 1650 I am_wtf : [0,1489,system_server,-1,DisplayDeviceConfig,requesting nits when no mapping exists.]
11-22 08:43:51.017 1489 1650 I am_wtf : [0,1489,system_server,-1,DisplayDeviceConfig,requesting nits when no mapping exists.]
11-22 08:43:51.018 1489 1650 I am_wtf : [0,1489,system_server,-1,DisplayDeviceConfig,requesting nits when no mapping exists.]
11-22 08:43:51.032 1489 1650 I am_wtf : [0,1489,system_server,-1,DisplayDeviceConfig,requesting nits when no mapping exists.]
11-22 08:43:51.033 1489 1650 I am_wtf : [0,1489,system_server,-1,DisplayDeviceConfig,requesting nits when no mapping exists.]
11-22 08:43:51.035 0 0 I auditd : type=1400 audit(0.0:7214): avc: denied { kill } for comm="swapper/3" capability=5 scontext=u:r:kernel:s0 tcontext=u:r:kernel:s0 tclass=capability permissive=0
11-22 08:43:51.051 1489 1650 I am_wtf : [0,1489,system_server,-1,DisplayDeviceConfig,requesting nits when no mapping exists.]
11-22 08:43:51.051 1489 1650 I am_wtf : [0,1489,system_server,-1,DisplayDeviceConfig,requesting nits when no mapping exists.]
11-22 08:43:51.067 1489 1650 I am_wtf : [0,1489,system_server,-1,DisplayDeviceConfig,requesting nits when no mapping exists.]
11-22 08:43:51.068 1489 1650 I am_wtf : [0,1489,system_server,-1,DisplayDeviceConfig,requesting nits when no mapping exists.]
11-22 08:43:51.084 1489 1650 I am_wtf : [0,1489,system_server,-1,DisplayDeviceConfig,requesting nits when no mapping exists.]
11-22 08:43:51.085 1489 1650 I am_wtf : [0,1489,system_server,-1,DisplayDeviceConfig,requesting nits when no mapping exists.]
11-22 08:43:51.099 1489 1650 I am_wtf : [0,1489,system_server,-1,DisplayDeviceConfig,requesting nits when no mapping exists.]
11-22 08:43:51.101 1489 1650 I am_wtf : [0,1489,system_server,-1,DisplayDeviceConfig,requesting nits when no mapping exists.]
11-22 08:43:51.117 1489 1650 I am_wtf : [0,1489,system_server,-1,DisplayDeviceConfig,requesting nits when no mapping exists.]
11-22 08:43:51.117 1489 1650 I am_wtf : [0,1489,system_server,-1,DisplayDeviceConfig,requesting nits when no mapping exists.]
11-22 08:43:51.133 1489 1650 I am_wtf : [0,1489,system_server,-1,DisplayDeviceConfig,requesting nits when no mapping exists.]
11-22 08:43:51.134 1489 1650 I am_wtf : [0,1489,system_server,-1,DisplayDeviceConfig,requesting nits when no mapping exists.]
11-22 08:43:51.150 1489 1650 I am_wtf : [0,1489,system_server,-1,DisplayDeviceConfig,requesting nits when no mapping exists.]
11-22 08:43:51.151 1489 1650 I am_wtf : [0,1489,system_server,-1,DisplayDeviceConfig,requesting nits when no mapping exists.]
11-22 08:43:51.169 1489 1650 I am_wtf : [0,1489,system_server,-1,DisplayDeviceConfig,requesting nits when no mapping exists.]
11-22 08:43:51.170 1489 1650 I am_wtf : [0,1489,system_server,-1,DisplayDeviceConfig,requesting nits when no mapping exists.]
11-22 08:43:53.035 0 0 I auditd : type=1400 audit(0.0:7215): avc: denied { kill } for comm="swapper/3" capability=5 scontext=u:r:kernel:s0 tcontext=u:r:kernel:s0 tclass=capability permissive=0
11-22 08:43:54.035 0 0 I auditd : type=1400 audit(0.0:7216): avc: denied { kill } for comm="swapper/3" capability=5 scontext=u:r:kernel:s0 tcontext=u:r:kernel:s0 tclass=capability permissive=0
11-22 08:43:55.035 0 0 I auditd : type=1400 audit(0.0:7217): avc: denied { kill } for comm="swapper/3" capability=5 scontext=u:r:kernel:s0 tcontext=u:r:kernel:s0 tclass=capability permissive=0
11-22 08:43:57.035 0 0 I auditd : type=1400 audit(0.0:7218): avc: denied { kill } for comm="swapper/3" capability=5 scontext=u:r:kernel:s0 tcontext=u:r:kernel:s0 tclass=capability permissive=0
11-22 08:43:57.697 1489 2301 I service_manager_stats: [100,62,7346]
11-22 08:43:57.708 1489 2301 I netstats_mobile_sample: [0,0,0,0,0,0,0,0,0,0,0,0,1669077837708]
11-22 08:43:57.709 1489 2301 I netstats_wifi_sample: [36747067,36695,9320520,20186,36747067,36695,9320520,20186,47857112,44061,4978502,12359,1669077837708]
11-22 08:43:58.035 0 0 I auditd : type=1400 audit(0.0:7219): avc: denied { kill } for comm="swapper/3" capability=5 scontext=u:r:kernel:s0 tcontext=u:r:kernel:s0 tclass=capability permissive=0
11-22 08:44:00.035 0 0 I auditd : type=1400 audit(0.0:7220): avc: denied { kill } for comm="swapper/3" capability=5 scontext=u:r:kernel:s0 tcontext=u:r:kernel:s0 tclass=capability permissive=0
11-22 08:44:03.035 0 0 I auditd : type=1400 audit(0.0:7221): avc: denied { kill } for comm="swapper/1" capability=5 scontext=u:r:kernel:s0 tcontext=u:r:kernel:s0 tclass=capability permissive=0
11-22 08:44:04.035 0 0 I auditd : type=1400 audit(0.0:7222): avc: denied { kill } for comm="swapper/1" capability=5 scontext=u:r:kernel:s0 tcontext=u:r:kernel:s0 tclass=capability permissive=0
11-22 08:44:05.035 0 0 I auditd : type=1400 audit(0.0:7223): avc: denied { kill } for comm="swapper/1" capability=5 scontext=u:r:kernel:s0 tcontext=u:r:kernel:s0 tclass=capability permissive=0
11-22 08:44:06.035 0 0 I auditd : type=1400 audit(0.0:7224): avc: denied { kill } for comm="swapper/1" capability=5 scontext=u:r:kernel:s0 tcontext=u:r:kernel:s0 tclass=capability permissive=0
11-22 08:44:07.035 0 0 I auditd : type=1400 audit(0.0:7225): avc: denied { kill } for comm="swapper/1" capability=5 scontext=u:r:kernel:s0 tcontext=u:r:kernel:s0 tclass=capability permissive=0
11-22 08:44:08.035 0 0 I auditd : type=1400 audit(0.0:7226): avc: denied { kill } for comm="swapper/1" capability=5 scontext=u:r:kernel:s0 tcontext=u:r:kernel:s0 tclass=capability permissive=0
11-22 08:44:09.035 0 0 I auditd : type=1400 audit(0.0:7227): avc: denied { kill } for comm="swapper/1" capability=5 scontext=u:r:kernel:s0 tcontext=u:r:kernel:s0 tclass=capability permissive=0
11-22 08:44:10.035 0 0 I auditd : type=1400 audit(0.0:7228): avc: denied { kill } for comm="swapper/1" capability=5 scontext=u:r:kernel:s0 tcontext=u:r:kernel:s0 tclass=capability permissive=0
11-22 08:44:11.035 0 0 I auditd : type=1400 audit(0.0:7229): avc: denied { kill } for comm="swapper/1" capability=5 scontext=u:r:kernel:s0 tcontext=u:r:kernel:s0 tclass=capability permissive=0
11-22 08:44:12.035 0 0 I auditd : type=1400 audit(0.0:7230): avc: denied { kill } for comm="swapper/1" capability=5 scontext=u:r:kernel:s0 tcontext=u:r:kernel:s0 tclass=capability permissive=0
11-22 08:44:13.035 0 0 I auditd : type=1400 audit(0.0:7231): avc: denied { kill } for comm="swapper/1" capability=5 scontext=u:r:kernel:s0 tcontext=u:r:kernel:s0 tclass=capability permissive=0
11-22 08:44:14.035 0 0 I auditd : type=1400 audit(0.0:7232): avc: denied { kill } for comm="swapper/1" capability=5 scontext=u:r:kernel:s0 tcontext=u:r:kernel:s0 tclass=capability permissive=0
11-22 08:44:15.035 0 0 I auditd : type=1400 audit(0.0:7233): avc: denied { kill } for comm="swapper/1" capability=5 scontext=u:r:kernel:s0 tcontext=u:r:kernel:s0 tclass=capability permissive=0
11-22 08:44:16.035 0 0 I auditd : type=1400 audit(0.0:7234): avc: denied { kill } for comm="swapper/1" capability=5 scontext=u:r:kernel:s0 tcontext=u:r:kernel:s0 tclass=capability permissive=0
11-22 08:44:17.035 0 0 I auditd : type=1400 audit(0.0:7235): avc: denied { kill } for comm="swapper/1" capability=5 scontext=u:r:kernel:s0 tcontext=u:r:kernel:s0 tclass=capability permissive=0
11-22 08:44:18.035 0 0 I auditd : type=1400 audit(0.0:7236): avc: denied { kill } for comm="swapper/1" capability=5 scontext=u:r:kernel:s0 tcontext=u:r:kernel:s0 tclass=capability permissive=0
11-22 08:44:19.035 0 0 I auditd : type=1400 audit(0.0:7237): avc: denied { kill } for comm="swapper/1" capability=5 scontext=u:r:kernel:s0 tcontext=u:r:kernel:s0 tclass=capability permissive=0
11-22 08:44:21.035 0 0 I auditd : type=1400 audit(0.0:7238): avc: denied { kill } for comm="swapper/1" capability=5 scontext=u:r:kernel:s0 tcontext=u:r:kernel:s0 tclass=capability permissive=0
11-22 08:44:22.035 0 0 I auditd : type=1400 audit(0.0:7239): avc: denied { kill } for comm="swapper/1" capability=5 scontext=u:r:kernel:s0 tcontext=u:r:kernel:s0 tclass=capability permissive=0
11-22 08:44:23.035 0 0 I auditd : type=1400 audit(0.0:7240): avc: denied { kill } for comm="swapper/1" capability=5 scontext=u:r:kernel:s0 tcontext=u:r:kernel:s0 tclass=capability permissive=0
11-22 08:44:24.035 0 0 I auditd : type=1400 audit(0.0:7241): avc: denied { kill } for comm="swapper/1" capability=5 scontext=u:r:kernel:s0 tcontext=u:r:kernel:s0 tclass=capability permissive=0
11-22 08:44:25.035 0 0 I auditd : type=1400 audit(0.0:7242): avc: denied { kill } for comm="swapper/1" capability=5 scontext=u:r:kernel:s0 tcontext=u:r:kernel:s0 tclass=capability permissive=0
11-22 08:44:27.035 0 0 I auditd : type=1400 audit(0.0:7243): avc: denied { kill } for comm="swapper/1" capability=5 scontext=u:r:kernel:s0 tcontext=u:r:kernel:s0 tclass=capability permissive=0
11-22 08:44:28.035 0 0 I auditd : type=1400 audit(0.0:7244): avc: denied { kill } for comm="swapper/1" capability=5 scontext=u:r:kernel:s0 tcontext=u:r:kernel:s0 tclass=capability permissive=0
11-22 08:44:29.035 0 0 I auditd : type=1400 audit(0.0:7245): avc: denied { kill } for comm="swapper/1" capability=5 scontext=u:r:kernel:s0 tcontext=u:r:kernel:s0 tclass=capability permissive=0
11-22 08:44:30.035 0 0 I auditd : type=1400 audit(0.0:7246): avc: denied { kill } for comm="swapper/1" capability=5 scontext=u:r:kernel:s0 tcontext=u:r:kernel:s0 tclass=capability permissive=0
11-22 08:44:31.035 0 0 I auditd : type=1400 audit(0.0:7247): avc: denied { kill } for comm="swapper/1" capability=5 scontext=u:r:kernel:s0 tcontext=u:r:kernel:s0 tclass=capability permissive=0
11-22 08:44:32.035 0 0 I auditd : type=1400 audit(0.0:7248): avc: denied { kill } for comm="swapper/1" capability=5 scontext=u:r:kernel:s0 tcontext=u:r:kernel:s0 tclass=capability permissive=0
11-22 08:44:33.035 0 0 I auditd : type=1400 audit(0.0:7249): avc: denied { kill } for comm="swapper/1" capability=5 scontext=u:r:kernel:s0 tcontext=u:r:kernel:s0 tclass=capability permissive=0
11-22 08:44:34.035 0 0 I auditd : type=1400 audit(0.0:7250): avc: denied { kill } for comm="swapper/1" capability=5 scontext=u:r:kernel:s0 tcontext=u:r:kernel:s0 tclass=capability permissive=0
11-22 08:44:35.035 0 0 I auditd : type=1400 audit(0.0:7251): avc: denied { kill } for comm="swapper/1" capability=5 scontext=u:r:kernel:s0 tcontext=u:r:kernel:s0 tclass=capability permissive=0
11-22 08:44:36.035 0 0 I auditd : type=1400 audit(0.0:7252): avc: denied { kill } for comm="swapper/1" capability=5 scontext=u:r:kernel:s0 tcontext=u:r:kernel:s0 tclass=capability permissive=0
11-22 08:44:37.035 0 0 I auditd : type=1400 audit(0.0:7253): avc: denied { kill } for comm="swapper/1" capability=5 scontext=u:r:kernel:s0 tcontext=u:r:kernel:s0 tclass=capability permissive=0
11-22 08:44:38.035 0 0 I auditd : type=1400 audit(0.0:7254): avc: denied { kill } for comm="swapper/1" capability=5 scontext=u:r:kernel:s0 tcontext=u:r:kernel:s0 tclass=capability permissive=0
11-22 08:44:39.035 0 0 I auditd : type=1400 audit(0.0:7255): avc: denied { kill } for comm="swapper/1" capability=5 scontext=u:r:kernel:s0 tcontext=u:r:kernel:s0 tclass=capability permissive=0
11-22 08:44:40.035 0 0 I auditd : type=1400 audit(0.0:7256): avc: denied { kill } for comm="swapper/1" capability=5 scontext=u:r:kernel:s0 tcontext=u:r:kernel:s0 tclass=capability permissive=0
11-22 08:44:41.035 0 0 I auditd : type=1400 audit(0.0:7257): avc: denied { kill } for comm="swapper/1" capability=5 scontext=u:r:kernel:s0 tcontext=u:r:kernel:s0 tclass=capability permissive=0
11-22 08:44:42.035 0 0 I auditd : type=1400 audit(0.0:7258): avc: denied { kill } for comm="swapper/1" capability=5 scontext=u:r:kernel:s0 tcontext=u:r:kernel:s0 tclass=capability permissive=0
11-22 08:44:43.035 0 0 I auditd : type=1400 audit(0.0:7259): avc: denied { kill } for comm="swapper/1" capability=5 scontext=u:r:kernel:s0 tcontext=u:r:kernel:s0 tclass=capability permissive=0
11-22 08:44:44.035 0 0 I auditd : type=1400 audit(0.0:7260): avc: denied { kill } for comm="swapper/1" capability=5 scontext=u:r:kernel:s0 tcontext=u:r:kernel:s0 tclass=capability permissive=0
11-22 08:44:45.035 0 0 I auditd : type=1400 audit(0.0:7261): avc: denied { kill } for comm="swapper/1" capability=5 scontext=u:r:kernel:s0 tcontext=u:r:kernel:s0 tclass=capability permissive=0
11-22 08:44:46.035 0 0 I auditd : type=1400 audit(0.0:7262): avc: denied { kill } for comm="swapper/1" capability=5 scontext=u:r:kernel:s0 tcontext=u:r:kernel:s0 tclass=capability permissive=0
11-22 08:44:47.035 0 0 I auditd : type=1400 audit(0.0:7263): avc: denied { kill } for comm="swapper/1" capability=5 scontext=u:r:kernel:s0 tcontext=u:r:kernel:s0 tclass=capability permissive=0
11-22 08:44:48.035 0 0 I auditd : type=1400 audit(0.0:7264): avc: denied { kill } for comm="swapper/1" capability=5 scontext=u:r:kernel:s0 tcontext=u:r:kernel:s0 tclass=capability permissive=0
11-22 08:44:49.035 0 0 I auditd : type=1400 audit(0.0:7265): avc: denied { kill } for comm="swapper/1" capability=5 scontext=u:r:kernel:s0 tcontext=u:r:kernel:s0 tclass=capability permissive=0
11-22 08:44:50.035 0 0 I auditd : type=1400 audit(0.0:7266): avc: denied { kill } for comm="swapper/1" capability=5 scontext=u:r:kernel:s0 tcontext=u:r:kernel:s0 tclass=capability permissive=0
11-22 08:44:50.727 1489 1650 I am_uid_idle: 10069
