11-22 08:59:46.443 1489 2836 W WindowManager: updateScale0.7996942
11-22 08:59:46.447 1489 1636 D FreeFormWindowHelper: refreshTipWindow windowDragBounds:Rect(1701, 67 - 2224, 995)
11-22 08:59:46.449 1489 1636 W WindowManager: updateScale0.7996942
11-22 08:59:46.454 24515 24646 I GLRootView: onSurfaceChanged: 654x1092, gl10: com.google.android.gles_jni.GLImpl@1fdc6bc
11-22 08:59:46.454 24515 24646 I GLRootView: layout content pane 654x1092 (compensation 0)
11-22 08:59:46.460 1489 6707 W WindowManager: updateScale0.7996942
11-22 08:59:46.464 1489 1636 D FreeFormWindowHelper: refreshTipWindow windowDragBounds:Rect(1711, 67 - 2234, 995)
11-22 08:59:46.465 1489 1636 W WindowManager: updateScale0.7996942
11-22 08:59:46.476 1489 6707 W WindowManager: updateScale0.7996942
11-22 08:59:46.480 1489 1636 D FreeFormWindowHelper: refreshTipWindow windowDragBounds:Rect(1721, 67 - 2244, 995)
11-22 08:59:46.482 1489 1636 W WindowManager: updateScale0.7996942
11-22 08:59:46.493 1489 6707 W WindowManager: updateScale0.7996942
11-22 08:59:46.510 1489 2836 W WindowManager: updateScale0.7996942
11-22 08:59:46.514 1489 1636 D FreeFormWindowHelper: refreshTipWindow windowDragBounds:Rect(1742, 76 - 2265, 1004)
11-22 08:59:46.515 1489 1636 W WindowManager: updateScale0.7996942
11-22 08:59:46.530 1489 6707 W WindowManager: updateScale0.7996942
11-22 08:59:46.531 1489 1636 D FreeFormWindowHelper: refreshTipWindow windowDragBounds:Rect(1760, 77 - 2283, 1005)
11-22 08:59:46.533 1489 1636 W WindowManager: updateScale0.7996942
11-22 08:59:46.546 1489 6707 W WindowManager: updateScale0.7996942
11-22 08:59:46.548 1489 1636 D FreeFormWindowHelper: refreshTipWindow windowDragBounds:Rect(1761, 77 - 2284, 1005)
11-22 08:59:46.550 1489 1636 W WindowManager: updateScale0.7996942
11-22 08:59:46.554 24515 24646 I GLRootView: onSurfaceChanged: 654x1093, gl10: com.google.android.gles_jni.GLImpl@1fdc6bc
11-22 08:59:46.554 24515 24646 I GLRootView: layout content pane 654x1093 (compensation 0)
11-22 08:59:46.564 1489 1636 D FreeFormWindowHelper: refreshTipWindow windowDragBounds:Rect(1765, 77 - 2288, 1005)
11-22 08:59:46.566 1489 1636 W WindowManager: updateScale0.7996942
11-22 08:59:46.579 1489 2839 W WindowManager: updateScale0.7996942
11-22 08:59:46.708 1489 1636 D WindowManager: updateWindowDragBounds: mIsSwipeYfalse
11-22 08:59:46.708 1489 1636 D WindowManager: updateWindowDragBounds: mIsTopfalse
11-22 08:59:46.708 1489 1636 D WindowManager: updateWindowDragBounds: mIsSwipeXfalse
11-22 08:59:46.708 1489 1636 W WindowManager: updateScale0.4617737
11-22 08:59:46.709 1489 1636 I wm_relaunch_resume_activity: [0,240774890,243,com.android.gallery3d/.app.GalleryActivity]
11-22 08:59:46.711 24515 24515 I wm_on_top_resumed_lost_called: [240774890,com.android.gallery3d.app.GalleryActivity,pausing]
11-22 08:59:46.711 24515 24515 W OrientationEventListener: Cannot detect sensors. Invalid disable
11-22 08:59:46.711 1489 1636 W WindowManager: updateScale0.4617737
11-22 08:59:46.724 24515 24515 I wm_on_paused_called: [240774890,com.android.gallery3d.app.GalleryActivity,performPause]
11-22 08:59:46.724 24515 24515 I wm_on_stop_called: [240774890,com.android.gallery3d.app.GalleryActivity,handleRelaunchActivity]
11-22 08:59:46.725 24515 24515 V StateManager: saveState
11-22 08:59:46.725 24515 24515 V StateManager: saveState class com.android.gallery3d.app.AlbumSetPage
11-22 08:59:46.725 24515 24515 V StateManager: destroy
11-22 08:59:46.751 1489 1636 W InputManager-JNI: Input channel object 'WindowManager (client)' was disposed without first being removed with the input manager!
11-22 08:59:46.755 24515 24515 I wm_on_destroy_called: [240774890,com.android.gallery3d.app.GalleryActivity,performDestroy]
11-22 08:59:46.771 1489 1648 I am_pss : [24515,10069,com.android.gallery3d,41162752,35966976,0,155267072,0,2,12]
11-22 08:59:46.776 1489 6707 D CompatibilityInfo: mCompatibilityFlags - 4
11-22 08:59:46.776 1489 6707 D CompatibilityInfo: applicationDensity - 240
11-22 08:59:46.776 1489 6707 D CompatibilityInfo: applicationScale - 1.0
11-22 08:59:46.791 24515 24515 V StateManager: restoreFromState
11-22 08:59:46.791 24515 24515 V StateManager: restoreFromState class com.android.gallery3d.app.AlbumSetPage
11-22 08:59:46.791 24515 24515 I wm_on_create_called: [240774890,com.android.gallery3d.app.GalleryActivity,performCreate]
11-22 08:59:46.793 24515 24515 I wm_on_start_called: [240774890,com.android.gallery3d.app.GalleryActivity,handleStartActivity]
11-22 08:59:46.802 24515 24515 D Gallery.MultiSetSync: onSyncDone: **** #pending=1
11-22 08:59:46.802 24515 24515 D Gallery.MultiSetSync: request sync: ****
11-22 08:59:46.802 24515 24515 D Gallery.MultiSetSync: onSyncDone: ****** #pending=0
11-22 08:59:46.802 24515 24515 D Gallery.MultiSetSync: request sync: ******
11-22 08:59:46.802 24515 24515 W OrientationEventListener: Cannot detect sensors. Not enabled
11-22 08:59:46.802 24515 24515 I wm_on_resume_called: [240774890,com.android.gallery3d.app.GalleryActivity,RESUME_ACTIVITY]
11-22 08:59:46.802 24515 24515 I wm_on_top_resumed_gained_called: [240774890,com.android.gallery3d.app.GalleryActivity,topWhenResuming]
11-22 08:59:46.807 1489 6707 W WindowManager: updateScale0.4617737
11-22 08:59:46.809 1489 6707 W WindowManager: updateScale0.4617737
11-22 08:59:46.818 24515 24649 D libEGL : MSAA-->msaa:0 gamemode:0 4x_msaa:0
11-22 08:59:46.818 24515 24649 D libEGL : MSAA-->msaa:0 gamemode:0 4x_msaa:0
11-22 08:59:46.823 24515 24649 I GLRootView: onSurfaceChanged: 654x1097, gl10: com.google.android.gles_jni.GLImpl@b68b4d5
11-22 08:59:46.823 24515 24649 I GLRootView: layout content pane 654x1097 (compensation 0)
11-22 08:59:46.828 24515 24649 I GLRootView: onSurfaceChanged: 654x1165, gl10: com.google.android.gles_jni.GLImpl@b68b4d5
11-22 08:59:46.828 24515 24649 I GLRootView: layout content pane 654x1165 (compensation 0)
11-22 08:59:46.845 1489 2839 I WindowManager: finishDrawing of relaunch: Window{ae9d266 u0 com.android.gallery3d/com.android.gallery3d.app.GalleryActivity} 136ms
11-22 08:59:46.875 1489 1648 I am_pss : [24445,10063,com.thundercomm.gamemode.provider,7873536,5836800,0,94380032,0,19,8]
11-22 08:59:46.940 1218 4889 I OMX-VENC: venc_dev: stats: avg. fps 42.19, bitrate 1389280
11-22 08:59:47.314 1489 2012 I input_interaction: Interaction with: ae9d266 com.android.gallery3d/com.android.gallery3d.app.GalleryActivity (server), edge-swipe (server), swipe-up (server), PointerEventDispatcher0 (server),
11-22 08:59:47.316 24515 24515 D DecorView: onTouchEvent: action0
11-22 08:59:47.316 24515 24515 D DecorView: onTouchEvent: interval10194
11-22 08:59:47.363 647 662 I mpu_uart: [MSG-P:RECV]:No message received in 1000 ms
11-22 08:59:47.470 24515 24515 D DecorView: onTouchEvent: action1
11-22 08:59:47.470 24515 24515 D DecorView: onTouchEvent: ACTION_UPfalse
11-22 08:59:47.721 24515 24515 D DecorView: onTouchEvent mIsDoubleCLick:false
11-22 08:59:47.721 24515 24515 D DecorView: onTouchEvent: onConfigurationMiniChanged
11-22 08:59:47.724 1489 6707 W WindowManager: updateScale0.7996942
11-22 08:59:47.727 1489 6707 I wm_relaunch_resume_activity: [0,240774890,243,com.android.gallery3d/.app.GalleryActivity]
11-22 08:59:47.730 1489 6707 W WindowManager: updateScale0.7996942
11-22 08:59:47.742 24515 24515 I wm_on_top_resumed_lost_called: [240774890,com.android.gallery3d.app.GalleryActivity,pausing]
11-22 08:59:47.742 24515 24515 W OrientationEventListener: Cannot detect sensors. Invalid disable
11-22 08:59:47.758 24515 24515 I wm_on_paused_called: [240774890,com.android.gallery3d.app.GalleryActivity,performPause]
11-22 08:59:47.759 24515 24515 I wm_on_stop_called: [240774890,com.android.gallery3d.app.GalleryActivity,handleRelaunchActivity]
11-22 08:59:47.759 24515 24515 V StateManager: saveState
11-22 08:59:47.759 24515 24515 V StateManager: saveState class com.android.gallery3d.app.AlbumSetPage
11-22 08:59:47.759 24515 24515 V StateManager: destroy
11-22 08:59:47.761 24515 24515 I wm_on_destroy_called: [240774890,com.android.gallery3d.app.GalleryActivity,performDestroy]
11-22 08:59:47.772 1489 2839 D CompatibilityInfo: mCompatibilityFlags - 4
11-22 08:59:47.772 1489 2839 D CompatibilityInfo: applicationDensity - 240
11-22 08:59:47.772 1489 2839 D CompatibilityInfo: applicationScale - 1.0
11-22 08:59:47.786 24515 24515 V StateManager: restoreFromState
11-22 08:59:47.786 24515 24515 V StateManager: restoreFromState class com.android.gallery3d.app.AlbumSetPage
11-22 08:59:47.787 24515 24515 I wm_on_create_called: [240774890,com.android.gallery3d.app.GalleryActivity,performCreate]
11-22 08:59:47.790 24515 24515 I wm_on_start_called: [240774890,com.android.gallery3d.app.GalleryActivity,handleStartActivity]
11-22 08:59:47.802 24515 24515 D Gallery.MultiSetSync: onSyncDone: **** #pending=1
11-22 08:59:47.802 24515 24515 D Gallery.MultiSetSync: request sync: ****
11-22 08:59:47.802 24515 24515 D Gallery.MultiSetSync: onSyncDone: ****** #pending=0
11-22 08:59:47.802 24515 24515 D Gallery.MultiSetSync: request sync: ******
11-22 08:59:47.803 24515 24515 W OrientationEventListener: Cannot detect sensors. Not enabled
11-22 08:59:47.803 24515 24515 I wm_on_resume_called: [240774890,com.android.gallery3d.app.GalleryActivity,RESUME_ACTIVITY]
11-22 08:59:47.803 24515 24515 I wm_on_top_resumed_gained_called: [240774890,com.android.gallery3d.app.GalleryActivity,topWhenResuming]
11-22 08:59:47.807 1489 2839 W WindowManager: updateScale0.7996942
11-22 08:59:47.809 1489 2839 W WindowManager: updateScale0.7996942
11-22 08:59:47.817 24515 24652 D libEGL : MSAA-->msaa:0 gamemode:0 4x_msaa:0
11-22 08:59:47.818 24515 24652 D libEGL : MSAA-->msaa:0 gamemode:0 4x_msaa:0
11-22 08:59:47.823 24515 24652 I GLRootView: onSurfaceChanged: 654x1092, gl10: com.google.android.gles_jni.GLImpl@941039e
11-22 08:59:47.823 24515 24652 I GLRootView: layout content pane 654x1092 (compensation 0)
11-22 08:59:47.830 1489 2836 I WindowManager: finishDrawing of relaunch: Window{ae9d266 u0 com.android.gallery3d/com.android.gallery3d.app.GalleryActivity} 103ms
11-22 08:59:47.953 1218 4889 I OMX-VENC: venc_dev: stats: avg. fps 31.56, bitrate 828172
11-22 08:59:48.331 647 661 I mpu_uart: [MSG-P:R]:recv sync frame timeout
11-22 08:59:48.363 647 662 I mpu_uart: [MSG-P:RECV]:No message received in 1000 ms
11-22 08:59:49.006 1218 4889 I OMX-VENC: venc_dev: stats: avg. fps 18.06, bitrate 535258
11-22 08:59:49.035 0 0 I auditd : type=1400 audit(0.0:8187): avc: denied { kill } for comm="swapper/3" capability=5 scontext=u:r:kernel:s0 tcontext=u:r:kernel:s0 tclass=capability permissive=0
11-22 08:59:49.035 0 0 W swapper/3: type=1400 audit(0.0:8187): avc: denied { kill } for capability=5 scontext=u:r:kernel:s0 tcontext=u:r:kernel:s0 tclass=capability permissive=0
11-22 08:59:49.363 647 662 I mpu_uart: [MSG-P:RECV]:No message received in 1000 ms
11-22 08:59:50.030 1218 4889 I OMX-VENC: venc_dev: stats: avg. fps 14.64, bitrate 411816
11-22 08:59:50.035 0 0 I auditd : type=1400 audit(0.0:8188): avc: denied { kill } for comm="swapper/3" capability=5 scontext=u:r:kernel:s0 tcontext=u:r:kernel:s0 tclass=capability permissive=0
11-22 08:59:50.035 0 0 W swapper/3: type=1400 audit(0.0:8188): avc: denied { kill } for capability=5 scontext=u:r:kernel:s0 tcontext=u:r:kernel:s0 tclass=capability permissive=0
11-22 08:59:50.364 647 662 I mpu_uart: [MSG-P:RECV]:No message received in 1000 ms
11-22 08:59:51.035 0 0 I auditd : type=1400 audit(0.0:8189): avc: denied { kill } for comm="swapper/3" capability=5 scontext=u:r:kernel:s0 tcontext=u:r:kernel:s0 tclass=capability permissive=0
11-22 08:59:51.035 0 0 W swapper/3: type=1400 audit(0.0:8189): avc: denied { kill } for capability=5 scontext=u:r:kernel:s0 tcontext=u:r:kernel:s0 tclass=capability permissive=0
11-22 08:59:51.042 1218 4889 I OMX-VENC: venc_dev: stats: avg. fps 11.86, bitrate 263080
11-22 08:59:51.334 647 661 I mpu_uart: [MSG-P:R]:recv sync frame timeout
11-22 08:59:51.364 647 662 I mpu_uart: [MSG-P:RECV]:No message received in 1000 ms
11-22 08:59:52.035 0 0 I auditd : type=1400 audit(0.0:8190): avc: denied { kill } for comm="swapper/3" capability=5 scontext=u:r:kernel:s0 tcontext=u:r:kernel:s0 tclass=capability permissive=0
11-22 08:59:52.035 0 0 W swapper/3: type=1400 audit(0.0:8190): avc: denied { kill } for capability=5 scontext=u:r:kernel:s0 tcontext=u:r:kernel:s0 tclass=capability permissive=0
11-22 08:59:52.102 1218 4889 I OMX-VENC: venc_dev: stats: avg. fps 5.66, bitrate 126308
11-22 08:59:52.364 647 662 I mpu_uart: [MSG-P:RECV]:No message received in 1000 ms
11-22 08:59:52.793 1006 1063 W HWComposer: Ignoring duplicate VSYNC event from HWC for display 4630946816427681409 (t=21781331715000)
11-22 08:59:52.810 1006 1063 W HWComposer: Ignoring duplicate VSYNC event from HWC for display 4630946816427681409 (t=21781348310000)
11-22 08:59:52.826 1006 1063 W HWComposer: Ignoring duplicate VSYNC event from HWC for display 4630946816427681409 (t=21781365029000)
11-22 08:59:52.842 1006 1063 W HWComposer: Ignoring duplicate VSYNC event from HWC for display 4630946816427681409 (t=21781381720000)
11-22 08:59:52.859 1006 1063 W HWComposer: Ignoring duplicate VSYNC event from HWC for display 4630946816427681409 (t=21781398442000)
11-22 08:59:52.876 1006 1063 W HWComposer: Ignoring duplicate VSYNC event from HWC for display 4630946816427681409 (t=21781415167000)
11-22 08:59:52.893 1006 1063 W HWComposer: Ignoring duplicate VSYNC event from HWC for display 4630946816427681409 (t=21781431845000)
11-22 08:59:52.893 1006 1063 W HWComposer: Ignoring duplicate VSYNC event from HWC for display 4630946816427681409 (t=21781431845000)
11-22 08:59:52.909 1006 1063 W HWComposer: Ignoring duplicate VSYNC event from HWC for display 4630946816427681409 (t=21781448558000)
11-22 08:59:52.926 1006 1063 W HWComposer: Ignoring duplicate VSYNC event from HWC for display 4630946816427681409 (t=21781465268000)
11-22 08:59:52.943 1006 1063 W HWComposer: Ignoring duplicate VSYNC event from HWC for display 4630946816427681409 (t=21781481974000)
11-22 08:59:52.959 1006 1063 W HWComposer: Ignoring duplicate VSYNC event from HWC for display 4630946816427681409 (t=21781498668000)
11-22 08:59:52.976 1006 1063 W HWComposer: Ignoring duplicate VSYNC event from HWC for display 4630946816427681409 (t=21781515377000)
11-22 08:59:52.993 1006 1063 W HWComposer: Ignoring duplicate VSYNC event from HWC for display 4630946816427681409 (t=21781532029000)
11-22 08:59:52.993 1006 1063 W HWComposer: Ignoring duplicate VSYNC event from HWC for display 4630946816427681409 (t=21781532029000)
11-22 08:59:53.010 1006 1063 W HWComposer: Ignoring duplicate VSYNC event from HWC for display 4630946816427681409 (t=21781548908000)
11-22 08:59:53.026 1006 1063 W HWComposer: Ignoring duplicate VSYNC event from HWC for display 4630946816427681409 (t=21781565482000)
11-22 08:59:53.035 0 0 I auditd : type=1400 audit(0.0:8191): avc: denied { kill } for comm="swapper/3" capability=5 scontext=u:r:kernel:s0 tcontext=u:r:kernel:s0 tclass=capability permissive=0
11-22 08:59:53.035 0 0 W swapper/3: type=1400 audit(0.0:8191): avc: denied { kill } for capability=5 scontext=u:r:kernel:s0 tcontext=u:r:kernel:s0 tclass=capability permissive=0
11-22 08:59:53.043 1006 1063 W HWComposer: Ignoring duplicate VSYNC event from HWC for display 4630946816427681409 (t=21781582198000)
11-22 08:59:53.060 1006 1063 W HWComposer: Ignoring duplicate VSYNC event from HWC for display 4630946816427681409 (t=21781598900000)
11-22 08:59:53.076 1006 1063 W HWComposer: Ignoring duplicate VSYNC event from HWC for display 4630946816427681409 (t=21781615613000)
11-22 08:59:53.093 1006 1063 W HWComposer: Ignoring duplicate VSYNC event from HWC for display 4630946816427681409 (t=21781632388000)
11-22 08:59:53.093 1006 1063 W HWComposer: Ignoring duplicate VSYNC event from HWC for display 4630946816427681409 (t=21781632388000)
11-22 08:59:53.110 1006 1063 W HWComposer: Ignoring duplicate VSYNC event from HWC for display 4630946816427681409 (t=21781649019000)
11-22 08:59:53.114 1218 4889 I OMX-VENC: venc_dev: stats: avg. fps 29.64, bitrate 787364
11-22 08:59:53.126 1006 1063 W HWComposer: Ignoring duplicate VSYNC event from HWC for display 4630946816427681409 (t=21781665707000)
11-22 08:59:53.143 1006 1063 W HWComposer: Ignoring duplicate VSYNC event from HWC for display 4630946816427681409 (t=21781682417000)
11-22 08:59:53.160 1006 1063 W HWComposer: Ignoring duplicate VSYNC event from HWC for display 4630946816427681409 (t=21781699125000)
11-22 08:59:53.177 1006 1063 W HWComposer: Ignoring duplicate VSYNC event from HWC for display 4630946816427681409 (t=21781715836000)
11-22 08:59:53.270 843 1051 W SDM : HWCDisplay::GetHWCLayer: [0] GetLayer(2722) failed: no such layer
11-22 08:59:53.273 1006 1006 W HwcComposer: command 0x3000000 generated error 3
11-22 08:59:53.365 647 662 I mpu_uart: [MSG-P:RECV]:No message received in 1000 ms
11-22 08:59:54.035 0 0 I auditd : type=1400 audit(0.0:8192): avc: denied { kill } for comm="swapper/3" capability=5 scontext=u:r:kernel:s0 tcontext=u:r:kernel:s0 tclass=capability permissive=0
11-22 08:59:54.035 0 0 W swapper/3: type=1400 audit(0.0:8192): avc: denied { kill } for capability=5 scontext=u:r:kernel:s0 tcontext=u:r:kernel:s0 tclass=capability permissive=0
11-22 08:59:54.122 1218 4889 I OMX-VENC: venc_dev: stats: avg. fps 17.86, bitrate 393383
11-22 08:59:54.336 647 661 I mpu_uart: [MSG-P:R]:recv sync frame timeout
11-22 08:59:54.365 647 662 I mpu_uart: [MSG-P:RECV]:No message received in 1000 ms
11-22 08:59:54.873 843 1051 W SDM : HWCDisplay::GetHWCLayer: [0] GetLayer(2723) failed: no such layer
11-22 08:59:54.876 1006 1006 W HwcComposer: command 0x3000000 generated error 3
11-22 08:59:55.035 0 0 I auditd : type=1400 audit(0.0:8193): avc: denied { kill } for comm="swapper/3" capability=5 scontext=u:r:kernel:s0 tcontext=u:r:kernel:s0 tclass=capability permissive=0
11-22 08:59:55.035 0 0 W swapper/3: type=1400 audit(0.0:8193): avc: denied { kill } for capability=5 scontext=u:r:kernel:s0 tcontext=u:r:kernel:s0 tclass=capability permissive=0
11-22 08:59:55.142 1218 4889 I OMX-VENC: venc_dev: stats: avg. fps 32.36, bitrate 1226992
11-22 08:59:55.366 647 662 I mpu_uart: [MSG-P:RECV]:No message received in 1000 ms
11-22 08:59:55.766 1006 1063 W HWComposer: Ignoring duplicate VSYNC event from HWC for display 4630946816427681409 (t=21784305406000)
11-22 08:59:55.783 1006 1063 W HWComposer: Ignoring duplicate VSYNC event from HWC for display 4630946816427681409 (t=21784322118000)
11-22 08:59:55.800 1006 1063 W HWComposer: Ignoring duplicate VSYNC event from HWC for display 4630946816427681409 (t=21784338842000)
11-22 08:59:55.816 1006 1063 W HWComposer: Ignoring duplicate VSYNC event from HWC for display 4630946816427681409 (t=21784355495000)
11-22 08:59:55.833 1006 1063 W HWComposer: Ignoring duplicate VSYNC event from HWC for display 4630946816427681409 (t=21784372245000)
11-22 08:59:55.850 1006 1063 W HWComposer: Ignoring duplicate VSYNC event from HWC for display 4630946816427681409 (t=21784388926000)
11-22 08:59:55.867 1006 1063 W HWComposer: Ignoring duplicate VSYNC event from HWC for display 4630946816427681409 (t=21784405777000)
11-22 08:59:55.867 1006 1063 W HWComposer: Ignoring duplicate VSYNC event from HWC for display 4630946816427681409 (t=21784405777000)
11-22 08:59:55.883 1006 1063 W HWComposer: Ignoring duplicate VSYNC event from HWC for display 4630946816427681409 (t=21784422347000)
11-22 08:59:55.900 1006 1063 W HWComposer: Ignoring duplicate VSYNC event from HWC for display 4630946816427681409 (t=21784439060000)
11-22 08:59:55.917 1006 1063 W HWComposer: Ignoring duplicate VSYNC event from HWC for display 4630946816427681409 (t=21784455791000)
11-22 08:59:55.933 1006 1063 W HWComposer: Ignoring duplicate VSYNC event from HWC for display 4630946816427681409 (t=21784472463000)
11-22 08:59:55.950 1006 1063 W HWComposer: Ignoring duplicate VSYNC event from HWC for display 4630946816427681409 (t=21784489176000)
11-22 08:59:55.967 1006 1063 W HWComposer: Ignoring duplicate VSYNC event from HWC for display 4630946816427681409 (t=21784505875000)
11-22 08:59:55.967 1006 1063 W HWComposer: Ignoring duplicate VSYNC event from HWC for display 4630946816427681409 (t=21784505875000)
11-22 08:59:55.983 1006 1063 W HWComposer: Ignoring duplicate VSYNC event from HWC for display 4630946816427681409 (t=21784522589000)
11-22 08:59:56.000 1006 1063 W HWComposer: Ignoring duplicate VSYNC event from HWC for display 4630946816427681409 (t=21784539315000)
11-22 08:59:56.017 1006 1063 W HWComposer: Ignoring duplicate VSYNC event from HWC for display 4630946816427681409 (t=21784556108000)
11-22 08:59:56.033 1006 1063 W HWComposer: Ignoring duplicate VSYNC event from HWC for display 4630946816427681409 (t=21784572732000)
11-22 08:59:56.051 1006 1063 W HWComposer: Ignoring duplicate VSYNC event from HWC for display 4630946816427681409 (t=21784589400000)
11-22 08:59:56.067 1006 1063 W HWComposer: Ignoring duplicate VSYNC event from HWC for display 4630946816427681409 (t=21784606145000)
11-22 08:59:56.067 1006 1063 W HWComposer: Ignoring duplicate VSYNC event from HWC for display 4630946816427681409 (t=21784606145000)
11-22 08:59:56.084 1006 1063 W HWComposer: Ignoring duplicate VSYNC event from HWC for display 4630946816427681409 (t=21784622918000)
11-22 08:59:56.100 1006 1063 W HWComposer: Ignoring duplicate VSYNC event from HWC for display 4630946816427681409 (t=21784639589000)
11-22 08:59:56.117 1006 1063 W HWComposer: Ignoring duplicate VSYNC event from HWC for display 4630946816427681409 (t=21784656246000)
11-22 08:59:56.134 1006 1063 W HWComposer: Ignoring duplicate VSYNC event from HWC for display 4630946816427681409 (t=21784672984000)
11-22 08:59:56.150 1006 1063 W HWComposer: Ignoring duplicate VSYNC event from HWC for display 4630946816427681409 (t=21784689676000)
11-22 08:59:56.159 1218 4889 I OMX-VENC: venc_dev: stats: avg. fps 30.48, bitrate 796676
11-22 08:59:56.167 1006 1063 W HWComposer: Ignoring duplicate VSYNC event from HWC for display 4630946816427681409 (t=21784706445000)
11-22 08:59:56.168 1006 1063 W HWComposer: Ignoring duplicate VSYNC event from HWC for display 4630946816427681409 (t=21784706445000)
11-22 08:59:56.184 1006 1063 W HWComposer: Ignoring duplicate VSYNC event from HWC for display 4630946816427681409 (t=21784723087000)
11-22 08:59:56.201 1006 1063 W HWComposer: Ignoring duplicate VSYNC event from HWC for display 4630946816427681409 (t=21784739775000)
11-22 08:59:56.217 1006 1063 W HWComposer: Ignoring duplicate VSYNC event from HWC for display 4630946816427681409 (t=21784756495000)
11-22 08:59:56.234 1006 1063 W HWComposer: Ignoring duplicate VSYNC event from HWC for display 4630946816427681409 (t=21784773234000)
11-22 08:59:56.251 1006 1063 W HWComposer: Ignoring duplicate VSYNC event from HWC for display 4630946816427681409 (t=21784789902000)
11-22 08:59:56.366 647 662 I mpu_uart: [MSG-P:RECV]:No message received in 1000 ms
11-22 08:59:56.629 843 1064 W SDM : HWCDisplay::GetHWCLayer: [0] GetLayer(2724) failed: no such layer
11-22 08:59:56.631 1006 1006 W HwcComposer: command 0x3000000 generated error 3
11-22 08:59:57.035 0 0 I auditd : type=1400 audit(0.0:8194): avc: denied { kill } for comm="swapper/3" capability=5 scontext=u:r:kernel:s0 tcontext=u:r:kernel:s0 tclass=capability permissive=0
11-22 08:59:57.035 0 0 W swapper/3: type=1400 audit(0.0:8194): avc: denied { kill } for capability=5 scontext=u:r:kernel:s0 tcontext=u:r:kernel:s0 tclass=capability permissive=0
11-22 08:59:57.200 1218 4889 I OMX-VENC: venc_dev: stats: avg. fps 26.92, bitrate 625680
11-22 08:59:57.340 647 661 I mpu_uart: [MSG-P:R]:recv sync frame timeout
11-22 08:59:57.366 647 662 I mpu_uart: [MSG-P:RECV]:No message received in 1000 ms
11-22 08:59:57.821 1006 1063 W HWComposer: Ignoring duplicate VSYNC event from HWC for display 4630946816427681409 (t=21786360320000)
11-22 08:59:57.838 1006 1063 W HWComposer: Ignoring duplicate VSYNC event from HWC for display 4630946816427681409 (t=21786377041000)
11-22 08:59:57.854 1006 1063 W HWComposer: Ignoring duplicate VSYNC event from HWC for display 4630946816427681409 (t=21786393770000)
11-22 08:59:57.871 1006 1063 W HWComposer: Ignoring duplicate VSYNC event from HWC for display 4630946816427681409 (t=21786410479000)
11-22 08:59:57.888 1006 1063 W HWComposer: Ignoring duplicate VSYNC event from HWC for display 4630946816427681409 (t=21786427155000)
11-22 08:59:57.905 1006 1063 W HWComposer: Ignoring duplicate VSYNC event from HWC for display 4630946816427681409 (t=21786443862000)
11-22 08:59:57.921 1006 1063 W HWComposer: Ignoring duplicate VSYNC event from HWC for display 4630946816427681409 (t=21786460579000)
11-22 08:59:57.921 1006 1063 W HWComposer: Ignoring duplicate VSYNC event from HWC for display 4630946816427681409 (t=21786460579000)
11-22 08:59:57.938 1006 1063 W HWComposer: Ignoring duplicate VSYNC event from HWC for display 4630946816427681409 (t=21786477251000)
11-22 08:59:57.955 1006 1063 W HWComposer: Ignoring duplicate VSYNC event from HWC for display 4630946816427681409 (t=21786493985000)
11-22 08:59:57.971 1006 1063 W HWComposer: Ignoring duplicate VSYNC event from HWC for display 4630946816427681409 (t=21786510709000)
11-22 08:59:57.988 1006 1063 W HWComposer: Ignoring duplicate VSYNC event from HWC for display 4630946816427681409 (t=21786527410000)
11-22 08:59:58.005 1006 1063 W HWComposer: Ignoring duplicate VSYNC event from HWC for display 4630946816427681409 (t=21786544126000)
11-22 08:59:58.022 1006 1063 W HWComposer: Ignoring duplicate VSYNC event from HWC for display 4630946816427681409 (t=21786560895000)
11-22 08:59:58.022 1006 1063 W HWComposer: Ignoring duplicate VSYNC event from HWC for display 4630946816427681409 (t=21786560895000)
11-22 08:59:58.038 1006 1063 W HWComposer: Ignoring duplicate VSYNC event from HWC for display 4630946816427681409 (t=21786577527000)
11-22 08:59:58.055 1006 1063 W HWComposer: Ignoring duplicate VSYNC event from HWC for display 4630946816427681409 (t=21786594322000)
11-22 08:59:58.072 1006 1063 W HWComposer: Ignoring duplicate VSYNC event from HWC for display 4630946816427681409 (t=21786610948000)
11-22 08:59:58.088 1006 1063 W HWComposer: Ignoring duplicate VSYNC event from HWC for display 4630946816427681409 (t=21786627664000)
11-22 08:59:58.105 1006 1063 W HWComposer: Ignoring duplicate VSYNC event from HWC for display 4630946816427681409 (t=21786644347000)
11-22 08:59:58.122 1006 1063 W HWComposer: Ignoring duplicate VSYNC event from HWC for display 4630946816427681409 (t=21786661164000)
11-22 08:59:58.122 1006 1063 W HWComposer: Ignoring duplicate VSYNC event from HWC for display 4630946816427681409 (t=21786661164000)
11-22 08:59:58.138 1006 1063 W HWComposer: Ignoring duplicate VSYNC event from HWC for display 4630946816427681409 (t=21786677779000)
11-22 08:59:58.155 1006 1063 W HWComposer: Ignoring duplicate VSYNC event from HWC for display 4630946816427681409 (t=21786694539000)
11-22 08:59:58.172 1006 1063 W HWComposer: Ignoring duplicate VSYNC event from HWC for display 4630946816427681409 (t=21786711214000)
11-22 08:59:58.189 1006 1063 W HWComposer: Ignoring duplicate VSYNC event from HWC for display 4630946816427681409 (t=21786727890000)
11-22 08:59:58.205 1006 1063 W HWComposer: Ignoring duplicate VSYNC event from HWC for display 4630946816427681409 (t=21786744611000)
11-22 08:59:58.212 1218 4889 I OMX-VENC: venc_dev: stats: avg. fps 31.62, bitrate 786471
11-22 08:59:58.222 1006 1063 W HWComposer: Ignoring duplicate VSYNC event from HWC for display 4630946816427681409 (t=21786761316000)
11-22 08:59:58.222 1006 1063 W HWComposer: Ignoring duplicate VSYNC event from HWC for display 4630946816427681409 (t=21786761316000)
11-22 08:59:58.239 1006 1063 W HWComposer: Ignoring duplicate VSYNC event from HWC for display 4630946816427681409 (t=21786778019000)
11-22 08:59:58.255 1006 1063 W HWComposer: Ignoring duplicate VSYNC event from HWC for display 4630946816427681409 (t=21786794699000)
11-22 08:59:58.272 1006 1063 W HWComposer: Ignoring duplicate VSYNC event from HWC for display 4630946816427681409 (t=21786811413000)
11-22 08:59:58.289 1006 1063 W HWComposer: Ignoring duplicate VSYNC event from HWC for display 4630946816427681409 (t=21786828126000)
11-22 08:59:58.305 1006 1063 W HWComposer: Ignoring duplicate VSYNC event from HWC for display 4630946816427681409 (t=21786844816000)
11-22 08:59:58.322 1006 1063 W HWComposer: Ignoring duplicate VSYNC event from HWC for display 4630946816427681409 (t=21786861567000)
11-22 08:59:58.323 1006 1063 W HWComposer: Ignoring duplicate VSYNC event from HWC for display 4630946816427681409 (t=21786861567000)
11-22 08:59:58.339 1006 1063 W HWComposer: Ignoring duplicate VSYNC event from HWC for display 4630946816427681409 (t=21786878255000)
11-22 08:59:58.356 1006 1063 W HWComposer: Ignoring duplicate VSYNC event from HWC for display 4630946816427681409 (t=21786894964000)
11-22 08:59:58.366 647 662 I mpu_uart: [MSG-P:RECV]:No message received in 1000 ms
11-22 08:59:58.373 1006 1063 W HWComposer: Ignoring duplicate VSYNC event from HWC for display 4630946816427681409 (t=21786911626000)
11-22 08:59:58.389 1006 1063 W HWComposer: Ignoring duplicate VSYNC event from HWC for display 4630946816427681409 (t=21786928307000)
11-22 08:59:58.406 1006 1063 W HWComposer: Ignoring duplicate VSYNC event from HWC for display 4630946816427681409 (t=21786945016000)
11-22 08:59:58.749 843 1064 W SDM : HWCDisplay::GetHWCLayer: [0] GetLayer(2725) failed: no such layer
11-22 08:59:58.753 1006 1006 W HwcComposer: command 0x3000000 generated error 3
11-22 08:59:59.035 0 0 I auditd : type=1400 audit(0.0:8195): avc: denied { kill } for comm="swapper/3" capability=5 scontext=u:r:kernel:s0 tcontext=u:r:kernel:s0 tclass=capability permissive=0
11-22 08:59:59.035 0 0 W swapper/3: type=1400 audit(0.0:8195): avc: denied { kill } for capability=5 scontext=u:r:kernel:s0 tcontext=u:r:kernel:s0 tclass=capability permissive=0
11-22 08:59:59.282 1218 4889 I OMX-VENC: venc_dev: stats: avg. fps 25.23, bitrate 626869
11-22 08:59:59.367 647 662 I mpu_uart: [MSG-P:RECV]:No message received in 1000 ms
11-22 09:00:00.003 2375 2375 D KeyguardUpdateMonitor: received broadcast android.intent.action.TIME_TICK
11-22 09:00:00.003 2375 2375 D KeyguardUpdateMonitor: handleTimeUpdate
11-22 09:00:00.035 0 0 I auditd : type=1400 audit(0.0:8196): avc: denied { kill } for comm="swapper/3" capability=5 scontext=u:r:kernel:s0 tcontext=u:r:kernel:s0 tclass=capability permissive=0
11-22 09:00:00.035 0 0 W swapper/3: type=1400 audit(0.0:8196): avc: denied { kill } for capability=5 scontext=u:r:kernel:s0 tcontext=u:r:kernel:s0 tclass=capability permissive=0
11-22 09:00:00.169 843 1064 W SDM : HWCDisplay::GetHWCLayer: [0] GetLayer(2726) failed: no such layer
11-22 09:00:00.172 1006 1006 W HwcComposer: command 0x3000000 generated error 3
11-22 09:00:00.343 647 661 I mpu_uart: [MSG-P:R]:recv sync frame timeout
11-22 09:00:00.351 1218 4889 I OMX-VENC: venc_dev: stats: avg. fps 19.63, bitrate 532045
11-22 09:00:00.367 647 662 I mpu_uart: [MSG-P:RECV]:No message received in 1000 ms
11-22 09:00:01.035 758 758 I auditd : type=1400 audit(0.0:8197): avc: denied { kill } for comm="crtc_commit:125" capability=5 scontext=u:r:kernel:s0 tcontext=u:r:kernel:s0 tclass=capability permissive=0
11-22 09:00:01.035 758 758 W crtc_commit:125: type=1400 audit(0.0:8197): avc: denied { kill } for capability=5 scontext=u:r:kernel:s0 tcontext=u:r:kernel:s0 tclass=capability permissive=0
11-22 09:00:01.367 647 662 I mpu_uart: [MSG-P:RECV]:No message received in 1000 ms
11-22 09:00:01.373 1218 4889 I OMX-VENC: venc_dev: stats: avg. fps 29.37, bitrate 755085
11-22 09:00:02.367 647 662 I mpu_uart: [MSG-P:RECV]:No message received in 1000 ms
11-22 09:00:02.391 1218 4889 I OMX-VENC: venc_dev: stats: avg. fps 25.53, bitrate 634405
11-22 09:00:02.707 843 1064 W SDM : HWCDisplay::GetHWCLayer: [0] GetLayer(2728) failed: no such layer
11-22 09:00:02.709 1006 1006 W HwcComposer: command 0x3000000 generated error 3
11-22 09:00:03.035 0 0 I auditd : type=1400 audit(0.0:8198): avc: denied { kill } for comm="swapper/3" capability=5 scontext=u:r:kernel:s0 tcontext=u:r:kernel:s0 tclass=capability permissive=0
11-22 09:00:03.035 0 0 W swapper/3: type=1400 audit(0.0:8198): avc: denied { kill } for capability=5 scontext=u:r:kernel:s0 tcontext=u:r:kernel:s0 tclass=capability permissive=0
11-22 09:00:03.346 647 661 I mpu_uart: [MSG-P:R]:recv sync frame timeout
11-22 09:00:03.368 647 662 I mpu_uart: [MSG-P:RECV]:No message received in 1000 ms
11-22 09:00:03.433 1218 4889 I OMX-VENC: venc_dev: stats: avg. fps 23.98, bitrate 536366
11-22 09:00:03.689 24515 24515 I view_enqueue_input_event: [Motion - Cancel,com.android.gallery3d/com.android.gallery3d.app.GalleryActivity]
11-22 09:00:03.689 1489 2012 I input_interaction: Interaction with: WindowManager (server), edge-swipe (server), swipe-up (server), PointerEventDispatcher0 (server),
11-22 09:00:03.703 1489 1636 D FreeFormWindowHelper: refreshTipWindow windowDragBounds:Rect(1847, 72 - 2370, 1000)
11-22 09:00:03.705 1489 1636 W WindowManager: updateScale0.7996942
11-22 09:00:03.725 1489 1636 D FreeFormWindowHelper: refreshTipWindow windowDragBounds:Rect(1834, 72 - 2357, 1000)
11-22 09:00:03.727 1489 1636 W WindowManager: updateScale0.7996942
11-22 09:00:03.738 1489 1636 D FreeFormWindowHelper: refreshTipWindow windowDragBounds:Rect(1818, 72 - 2341, 1000)
11-22 09:00:03.740 1489 1636 W WindowManager: updateScale0.7996942
11-22 09:00:03.755 1489 1636 D FreeFormWindowHelper: refreshTipWindow windowDragBounds:Rect(1805, 72 - 2328, 1000)
11-22 09:00:03.756 1489 1636 W WindowManager: updateScale0.7996942
11-22 09:00:03.772 1489 1636 D FreeFormWindowHelper: refreshTipWindow windowDragBounds:Rect(1795, 72 - 2318, 1000)
11-22 09:00:03.773 1489 1636 W WindowManager: updateScale0.7996942
11-22 09:00:03.789 1489 1636 D FreeFormWindowHelper: refreshTipWindow windowDragBounds:Rect(1788, 72 - 2311, 1000)
11-22 09:00:03.790 1489 1636 W WindowManager: updateScale0.7996942
11-22 09:00:03.804 1489 2836 W WindowManager: updateScale0.7996942
11-22 09:00:03.806 1489 1636 D FreeFormWindowHelper: refreshTipWindow windowDragBounds:Rect(1783, 72 - 2306, 1000)
11-22 09:00:03.808 1489 1636 W WindowManager: updateScale0.7996942
11-22 09:00:03.822 1489 1636 D FreeFormWindowHelper: refreshTipWindow windowDragBounds:Rect(1779, 72 - 2302, 1000)
11-22 09:00:03.823 1489 1636 W WindowManager: updateScale0.7996942
11-22 09:00:03.839 1489 1636 D FreeFormWindowHelper: refreshTipWindow windowDragBounds:Rect(1776, 72 - 2299, 1000)
11-22 09:00:03.841 1489 1636 W WindowManager: updateScale0.7996942
11-22 09:00:03.855 1489 1636 D FreeFormWindowHelper: refreshTipWindow windowDragBounds:Rect(1774, 72 - 2297, 1000)
11-22 09:00:03.857 1489 1636 W WindowManager: updateScale0.7996942
11-22 09:00:03.870 1489 2836 W WindowManager: updateScale0.7996942
11-22 09:00:03.872 1489 1636 D FreeFormWindowHelper: refreshTipWindow windowDragBounds:Rect(1772, 72 - 2295, 1000)
11-22 09:00:03.874 1489 1636 W WindowManager: updateScale0.7996942
11-22 09:00:03.889 1489 1636 D FreeFormWindowHelper: refreshTipWindow windowDragBounds:Rect(1771, 72 - 2294, 1000)
11-22 09:00:03.890 1489 1636 W WindowManager: updateScale0.7996942
11-22 09:00:03.906 1489 1636 D FreeFormWindowHelper: refreshTipWindow windowDragBounds:Rect(1769, 72 - 2292, 1000)
11-22 09:00:03.907 1489 1636 W WindowManager: updateScale0.7996942
11-22 09:00:03.921 1489 2836 W WindowManager: updateScale0.7996942
11-22 09:00:03.923 1489 1636 D FreeFormWindowHelper: refreshTipWindow windowDragBounds:Rect(1768, 72 - 2291, 1000)
11-22 09:00:03.925 1489 1636 W WindowManager: updateScale0.7996942
11-22 09:00:03.939 1489 1636 D FreeFormWindowHelper: refreshTipWindow windowDragBounds:Rect(1767, 72 - 2290, 1000)
11-22 09:00:03.940 1489 1636 W WindowManager: updateScale0.7996942
11-22 09:00:03.957 1489 1636 D FreeFormWindowHelper: refreshTipWindow windowDragBounds:Rect(1766, 72 - 2289, 1000)
11-22 09:00:03.958 1489 1636 W WindowManager: updateScale0.7996942
11-22 09:00:03.989 1489 1636 D FreeFormWindowHelper: refreshTipWindow windowDragBounds:Rect(1764, 72 - 2287, 1000)
11-22 09:00:03.991 1489 1636 W WindowManager: updateScale0.7996942
11-22 09:00:04.022 1489 1636 D FreeFormWindowHelper: refreshTipWindow windowDragBounds:Rect(1762, 72 - 2285, 1000)
11-22 09:00:04.024 1489 1636 W WindowManager: updateScale0.7996942
11-22 09:00:04.035 0 0 I auditd : type=1400 audit(0.0:8199): avc: denied { kill } for comm="swapper/3" capability=5 scontext=u:r:kernel:s0 tcontext=u:r:kernel:s0 tclass=capability permissive=0
11-22 09:00:04.035 0 0 W swapper/3: type=1400 audit(0.0:8199): avc: denied { kill } for capability=5 scontext=u:r:kernel:s0 tcontext=u:r:kernel:s0 tclass=capability permissive=0
11-22 09:00:04.039 1489 1636 D FreeFormWindowHelper: refreshTipWindow windowDragBounds:Rect(1759, 72 - 2282, 1000)
11-22 09:00:04.041 1489 1636 W WindowManager: updateScale0.7996942
11-22 09:00:04.045 1489 2839 W WindowManager: updateScale0.7996942
11-22 09:00:04.058 1489 1636 D FreeFormWindowHelper: refreshTipWindow windowDragBounds:Rect(1756, 72 - 2279, 1000)
11-22 09:00:04.059 1489 1636 W WindowManager: updateScale0.7996942
11-22 09:00:04.073 1489 1636 D FreeFormWindowHelper: refreshTipWindow windowDragBounds:Rect(1753, 72 - 2276, 1000)
11-22 09:00:04.074 1489 1636 W WindowManager: updateScale0.7996942
11-22 09:00:04.089 1489 6044 W WindowManager: updateScale0.7996942
11-22 09:00:04.091 1489 1636 D FreeFormWindowHelper: refreshTipWindow windowDragBounds:Rect(1748, 72 - 2271, 1000)
11-22 09:00:04.093 1489 1636 W WindowManager: updateScale0.7996942
11-22 09:00:04.106 1489 1636 D FreeFormWindowHelper: refreshTipWindow windowDragBounds:Rect(1743, 72 - 2266, 1000)
11-22 09:00:04.107 1489 1636 W WindowManager: updateScale0.7996942
11-22 09:00:04.123 1489 1636 D FreeFormWindowHelper: refreshTipWindow windowDragBounds:Rect(1735, 72 - 2258, 1000)
11-22 09:00:04.124 1489 1636 W WindowManager: updateScale0.7996942
11-22 09:00:04.139 1489 2808 W WindowManager: updateScale0.7996942
11-22 09:00:04.141 1489 1636 D FreeFormWindowHelper: refreshTipWindow windowDragBounds:Rect(1717, 80 - 2240, 1008)
11-22 09:00:04.142 1489 1636 W WindowManager: updateScale0.7996942
11-22 09:00:04.156 1489 1636 D FreeFormWindowHelper: refreshTipWindow windowDragBounds:Rect(1695, 82 - 2218, 1010)
11-22 09:00:04.157 1489 1636 W WindowManager: updateScale0.7996942
11-22 09:00:04.175 1489 1636 D FreeFormWindowHelper: refreshTipWindow windowDragBounds:Rect(1675, 86 - 2198, 1014)
11-22 09:00:04.177 1489 1636 W WindowManager: updateScale0.7996942
11-22 09:00:04.190 1489 1636 D FreeFormWindowHelper: refreshTipWindow windowDragBounds:Rect(1654, 87 - 2177, 1015)
11-22 09:00:04.191 1489 1636 W WindowManager: updateScale0.7996942
11-22 09:00:04.205 1489 2839 W WindowManager: updateScale0.7996942
11-22 09:00:04.207 1489 1636 D FreeFormWindowHelper: refreshTipWindow windowDragBounds:Rect(1637, 88 - 2160, 1016)
11-22 09:00:04.209 1489 1636 W WindowManager: updateScale0.7996942
11-22 09:00:04.223 1489 1636 D FreeFormWindowHelper: refreshTipWindow windowDragBounds:Rect(1622, 89 - 2145, 1017)
11-22 09:00:04.224 1489 1636 W WindowManager: updateScale0.7996942
11-22 09:00:04.242 1489 1636 D FreeFormWindowHelper: refreshTipWindow windowDragBounds:Rect(1600, 89 - 2123, 1017)
11-22 09:00:04.243 1489 1636 W WindowManager: updateScale0.7996942
11-22 09:00:04.256 1489 2808 W WindowManager: updateScale0.7996942
11-22 09:00:04.257 1489 1636 D FreeFormWindowHelper: refreshTipWindow windowDragBounds:Rect(1569, 89 - 2092, 1017)
11-22 09:00:04.259 1489 1636 W WindowManager: updateScale0.7996942
11-22 09:00:04.264 24515 24652 I GLRootView: onSurfaceChanged: 654x1093, gl10: com.google.android.gles_jni.GLImpl@941039e
11-22 09:00:04.264 24515 24652 I GLRootView: layout content pane 654x1093 (compensation 0)
11-22 09:00:04.273 1489 1636 D FreeFormWindowHelper: refreshTipWindow windowDragBounds:Rect(1548, 89 - 2071, 1017)
11-22 09:00:04.275 1489 1636 W WindowManager: updateScale0.7996942
11-22 09:00:04.291 1489 1636 D FreeFormWindowHelper: refreshTipWindow windowDragBounds:Rect(1514, 89 - 2037, 1017)
11-22 09:00:04.292 1489 1636 W WindowManager: updateScale0.7996942
11-22 09:00:04.308 1489 1636 D FreeFormWindowHelper: refreshTipWindow windowDragBounds:Rect(1490, 89 - 2013, 1017)
11-22 09:00:04.310 1489 1636 W WindowManager: updateScale0.7996942
11-22 09:00:04.323 1489 1636 D FreeFormWindowHelper: refreshTipWindow windowDragBounds:Rect(1470, 89 - 1993, 1017)
11-22 09:00:04.325 1489 1636 W WindowManager: updateScale0.7996942
11-22 09:00:04.340 1489 1636 D FreeFormWindowHelper: refreshTipWindow windowDragBounds:Rect(1449, 89 - 1972, 1017)
11-22 09:00:04.341 1489 1636 W WindowManager: updateScale0.7996942
11-22 09:00:04.357 1489 1636 D FreeFormWindowHelper: refreshTipWindow windowDragBounds:Rect(1428, 89 - 1951, 1017)
11-22 09:00:04.358 1489 1636 W WindowManager: updateScale0.7996942
11-22 09:00:04.368 647 662 I mpu_uart: [MSG-P:RECV]:No message received in 1000 ms
11-22 09:00:04.373 1489 1636 D FreeFormWindowHelper: refreshTipWindow windowDragBounds:Rect(1402, 78 - 1925, 1006)
11-22 09:00:04.375 1489 1636 W WindowManager: updateScale0.7996942
11-22 09:00:04.390 1489 1636 D FreeFormWindowHelper: refreshTipWindow windowDragBounds:Rect(1373, 76 - 1896, 1004)
11-22 09:00:04.391 1489 1636 W WindowManager: updateScale0.7996942
11-22 09:00:04.407 1489 1636 D FreeFormWindowHelper: refreshTipWindow windowDragBounds:Rect(1330, 74 - 1853, 1002)
11-22 09:00:04.408 1489 1636 W WindowManager: updateScale0.7996942
11-22 09:00:04.424 1489 1636 D FreeFormWindowHelper: refreshTipWindow windowDragBounds:Rect(1297, 72 - 1820, 1000)
11-22 09:00:04.425 1489 1636 W WindowManager: updateScale0.7996942
11-22 09:00:04.441 1489 1636 D FreeFormWindowHelper: refreshTipWindow windowDragBounds:Rect(1276, 72 - 1799, 1000)
11-22 09:00:04.442 1489 1636 W WindowManager: updateScale0.7996942
11-22 09:00:04.452 1489 2808 W WindowManager: updateScale0.7996942
11-22 09:00:04.456 1218 4889 I OMX-VENC: venc_dev: stats: avg. fps 30.33, bitrate 1327630
11-22 09:00:04.457 1489 1636 D FreeFormWindowHelper: refreshTipWindow windowDragBounds:Rect(1256, 70 - 1779, 998)
11-22 09:00:04.458 1489 1636 W WindowManager: updateScale0.7996942
11-22 09:00:04.463 24515 24652 I GLRootView: onSurfaceChanged: 654x1092, gl10: com.google.android.gles_jni.GLImpl@941039e
11-22 09:00:04.463 24515 24652 I GLRootView: layout content pane 654x1092 (compensation 0)
11-22 09:00:04.475 1489 1636 D FreeFormWindowHelper: refreshTipWindow windowDragBounds:Rect(1237, 66 - 1760, 994)
11-22 09:00:04.476 1489 1636 W WindowManager: updateScale0.7996942
11-22 09:00:04.492 1489 1636 D FreeFormWindowHelper: refreshTipWindow windowDragBounds:Rect(1215, 62 - 1738, 990)
11-22 09:00:04.493 1489 1636 W WindowManager: updateScale0.7996942
11-22 09:00:04.507 1489 1636 D FreeFormWindowHelper: refreshTipWindow windowDragBounds:Rect(1181, 57 - 1704, 985)
11-22 09:00:04.509 1489 1636 W WindowManager: updateScale0.7996942
11-22 09:00:04.524 1489 1636 D FreeFormWindowHelper: refreshTipWindow windowDragBounds:Rect(1134, 56 - 1657, 984)
11-22 09:00:04.525 1489 1636 W WindowManager: updateScale0.7996942
11-22 09:00:04.540 1489 1636 D FreeFormWindowHelper: refreshTipWindow windowDragBounds:Rect(1097, 56 - 1620, 984)
11-22 09:00:04.542 1489 1636 W WindowManager: updateScale0.7996942
11-22 09:00:04.557 1489 1636 D FreeFormWindowHelper: refreshTipWindow windowDragBounds:Rect(1079, 56 - 1602, 984)
11-22 09:00:04.558 1489 1636 W WindowManager: updateScale0.7996942
11-22 09:00:04.574 1489 1636 D FreeFormWindowHelper: refreshTipWindow windowDragBounds:Rect(1058, 54 - 1581, 982)
11-22 09:00:04.575 1489 1636 W WindowManager: updateScale0.7996942
11-22 09:00:04.590 1489 1636 D FreeFormWindowHelper: refreshTipWindow windowDragBounds:Rect(1038, 51 - 1561, 979)
11-22 09:00:04.592 1489 1636 W WindowManager: updateScale0.7996942
11-22 09:00:04.607 1489 1636 D FreeFormWindowHelper: refreshTipWindow windowDragBounds:Rect(1015, 49 - 1538, 977)
11-22 09:00:04.608 1489 1636 W WindowManager: updateScale0.7996942
11-22 09:00:04.624 1489 1636 D FreeFormWindowHelper: refreshTipWindow windowDragBounds:Rect(990, 47 - 1513, 975)
11-22 09:00:04.625 1489 1636 W WindowManager: updateScale0.7996942
11-22 09:00:04.641 1489 1636 D FreeFormWindowHelper: refreshTipWindow windowDragBounds:Rect(958, 46 - 1481, 974)
11-22 09:00:04.642 1489 1636 W WindowManager: updateScale0.7996942
11-22 09:00:04.657 1489 1636 D FreeFormWindowHelper: refreshTipWindow windowDragBounds:Rect(931, 46 - 1454, 974)
11-22 09:00:04.659 1489 1636 W WindowManager: updateScale0.7996942
11-22 09:00:04.674 1489 1636 D FreeFormWindowHelper: refreshTipWindow windowDragBounds:Rect(904, 46 - 1427, 974)
11-22 09:00:04.675 1489 1636 W WindowManager: updateScale0.7996942
11-22 09:00:04.691 1489 1636 D FreeFormWindowHelper: refreshTipWindow windowDragBounds:Rect(880, 46 - 1403, 974)
11-22 09:00:04.692 1489 1636 W WindowManager: updateScale0.7996942
11-22 09:00:04.707 1489 1636 D FreeFormWindowHelper: refreshTipWindow windowDragBounds:Rect(857, 46 - 1380, 974)
11-22 09:00:04.709 1489 1636 W WindowManager: updateScale0.7996942
11-22 09:00:04.725 1489 1636 D FreeFormWindowHelper: refreshTipWindow windowDragBounds:Rect(830, 46 - 1353, 974)
11-22 09:00:04.726 1489 1636 W WindowManager: updateScale0.7996942
11-22 09:00:04.741 1489 1636 D FreeFormWindowHelper: refreshTipWindow windowDragBounds:Rect(803, 54 - 1326, 982)
11-22 09:00:04.743 1489 1636 W WindowManager: updateScale0.7996942
11-22 09:00:04.758 1489 1636 D FreeFormWindowHelper: refreshTipWindow windowDragBounds:Rect(779, 57 - 1302, 985)
11-22 09:00:04.759 1489 1636 W WindowManager: updateScale0.7996942
11-22 09:00:04.774 1489 1636 D FreeFormWindowHelper: refreshTipWindow windowDragBounds:Rect(757, 58 - 1280, 986)
11-22 09:00:04.775 1489 1636 W WindowManager: updateScale0.7996942
11-22 09:00:04.791 1489 1636 D FreeFormWindowHelper: refreshTipWindow windowDragBounds:Rect(737, 58 - 1260, 986)
11-22 09:00:04.792 1489 1636 W WindowManager: updateScale0.7996942
11-22 09:00:04.808 1489 1636 D FreeFormWindowHelper: refreshTipWindow windowDragBounds:Rect(716, 58 - 1239, 986)
11-22 09:00:04.809 1489 1636 W WindowManager: updateScale0.7996942
11-22 09:00:04.824 1489 1636 D FreeFormWindowHelper: refreshTipWindow windowDragBounds:Rect(695, 58 - 1218, 986)
11-22 09:00:04.826 1489 1636 W WindowManager: updateScale0.7996942
11-22 09:00:04.841 1489 1636 D FreeFormWindowHelper: refreshTipWindow windowDragBounds:Rect(671, 58 - 1194, 986)
11-22 09:00:04.842 1489 1636 W WindowManager: updateScale0.7996942
11-22 09:00:04.858 1489 1636 D FreeFormWindowHelper: refreshTipWindow windowDragBounds:Rect(650, 59 - 1173, 987)
11-22 09:00:04.859 1489 1636 W WindowManager: updateScale0.7996942
11-22 09:00:04.875 1489 1636 D FreeFormWindowHelper: refreshTipWindow windowDragBounds:Rect(624, 61 - 1147, 989)
11-22 09:00:04.876 1489 1636 W WindowManager: updateScale0.7996942
11-22 09:00:04.891 1489 1636 D FreeFormWindowHelper: refreshTipWindow windowDragBounds:Rect(601, 63 - 1124, 991)
11-22 09:00:04.893 1489 1636 W WindowManager: updateScale0.7996942
11-22 09:00:04.908 1489 1636 D FreeFormWindowHelper: refreshTipWindow windowDragBounds:Rect(579, 65 - 1102, 993)
11-22 09:00:04.913 1489 1636 W WindowManager: updateScale0.7996942
11-22 09:00:04.915 1489 2808 W WindowManager: updateScale0.7996942
11-22 09:00:04.923 24515 24652 I GLRootView: onSurfaceChanged: 654x1093, gl10: com.google.android.gles_jni.GLImpl@941039e
11-22 09:00:04.924 24515 24652 I GLRootView: layout content pane 654x1093 (compensation 0)
11-22 09:00:04.925 1489 1636 D FreeFormWindowHelper: refreshTipWindow windowDragBounds:Rect(555, 66 - 1078, 994)
11-22 09:00:04.926 1489 1636 W WindowManager: updateScale0.7996942
11-22 09:00:04.939 1489 2808 W WindowManager: updateScale0.7996942
11-22 09:00:04.941 1489 1636 D FreeFormWindowHelper: refreshTipWindow windowDragBounds:Rect(530, 70 - 1053, 998)
11-22 09:00:04.943 1489 1636 W WindowManager: updateScale0.7996942
11-22 09:00:04.945 24515 24652 I GLRootView: onSurfaceChanged: 654x1092, gl10: com.google.android.gles_jni.GLImpl@941039e
11-22 09:00:04.946 24515 24652 I GLRootView: layout content pane 654x1092 (compensation 0)
11-22 09:00:04.958 1489 1636 D FreeFormWindowHelper: refreshTipWindow windowDragBounds:Rect(506, 73 - 1029, 1001)
11-22 09:00:04.959 1489 1636 W WindowManager: updateScale0.7996942
11-22 09:00:04.975 1489 1636 D FreeFormWindowHelper: refreshTipWindow windowDragBounds:Rect(486, 75 - 1009, 1003)
11-22 09:00:04.976 1489 1636 W WindowManager: updateScale0.7996942
11-22 09:00:04.991 1489 6044 W WindowManager: updateScale0.7996942
11-22 09:00:04.993 1489 1636 D FreeFormWindowHelper: refreshTipWindow windowDragBounds:Rect(465, 76 - 988, 1004)
11-22 09:00:04.995 1489 1636 W WindowManager: updateScale0.7996942
11-22 09:00:05.008 1489 1636 D FreeFormWindowHelper: refreshTipWindow windowDragBounds:Rect(445, 78 - 968, 1006)
11-22 09:00:05.009 1489 1636 W WindowManager: updateScale0.7996942
11-22 09:00:05.025 1489 1636 D FreeFormWindowHelper: refreshTipWindow windowDragBounds:Rect(428, 78 - 951, 1006)
11-22 09:00:05.026 1489 1636 W WindowManager: updateScale0.7996942
11-22 09:00:05.030 1489 6044 W WindowManager: updateScale0.7996942
11-22 09:00:05.035 0 0 I auditd : type=1400 audit(0.0:8200): avc: denied { kill } for comm="swapper/3" capability=5 scontext=u:r:kernel:s0 tcontext=u:r:kernel:s0 tclass=capability permissive=0
11-22 09:00:05.035 0 0 W swapper/3: type=1400 audit(0.0:8200): avc: denied { kill } for capability=5 scontext=u:r:kernel:s0 tcontext=u:r:kernel:s0 tclass=capability permissive=0
11-22 09:00:05.042 1489 1636 D FreeFormWindowHelper: refreshTipWindow windowDragBounds:Rect(411, 79 - 934, 1007)
11-22 09:00:05.043 1489 1636 W WindowManager: updateScale0.7996942
11-22 09:00:05.058 1489 1636 D FreeFormWindowHelper: refreshTipWindow windowDragBounds:Rect(393, 80 - 916, 1008)
