11-22 09:00:16.069 24515 24664 D libEGL : MSAA-->msaa:0 gamemode:0 4x_msaa:0
11-22 09:00:16.076 24515 24664 I GLRootView: onSurfaceChanged: 654x1097, gl10: com.google.android.gles_jni.GLImpl@23a3d54
11-22 09:00:16.076 24515 24664 I GLRootView: layout content pane 654x1097 (compensation 0)
11-22 09:00:16.077 24515 24664 E BLASTBufferQueue: [SurfaceView[com.android.gallery3d/com.android.gallery3d.app.GalleryActivity]#12](f:0,a:0) rejecting buffer:active_size=654x1165, requested_size=654x1165 buffer{size=654x1097 transform=0}
11-22 09:00:16.080 24515 24664 I GLRootView: onSurfaceChanged: 654x1165, gl10: com.google.android.gles_jni.GLImpl@23a3d54
11-22 09:00:16.080 24515 24664 I GLRootView: layout content pane 654x1165 (compensation 0)
11-22 09:00:16.082 1489 2839 I WindowManager: finishDrawing of relaunch: Window{ae9d266 u0 com.android.gallery3d/com.android.gallery3d.app.GalleryActivity} 162ms
11-22 09:00:16.156 843 1064 W SDM : HWCDisplay::GetHWCLayer: [0] GetLayer(2742) failed: no such layer
11-22 09:00:16.159 1006 1006 W HwcComposer: command 0x3000000 generated error 3
11-22 09:00:16.374 647 662 I mpu_uart: [MSG-P:RECV]:No message received in 1000 ms
11-22 09:00:16.878 1218 4889 I OMX-VENC: venc_dev: stats: avg. fps 32.39, bitrate 960190
11-22 09:00:17.035 0 0 I auditd : type=1400 audit(0.0:8208): avc: denied { kill } for comm="swapper/0" capability=5 scontext=u:r:kernel:s0 tcontext=u:r:kernel:s0 tclass=capability permissive=0
11-22 09:00:17.035 0 0 W swapper/0: type=1400 audit(0.0:8208): avc: denied { kill } for capability=5 scontext=u:r:kernel:s0 tcontext=u:r:kernel:s0 tclass=capability permissive=0
11-22 09:00:17.374 647 662 I mpu_uart: [MSG-P:RECV]:No message received in 1000 ms
11-22 09:00:18.035 0 0 I auditd : type=1400 audit(0.0:8209): avc: denied { kill } for comm="swapper/0" capability=5 scontext=u:r:kernel:s0 tcontext=u:r:kernel:s0 tclass=capability permissive=0
11-22 09:00:18.035 0 0 W swapper/0: type=1400 audit(0.0:8209): avc: denied { kill } for capability=5 scontext=u:r:kernel:s0 tcontext=u:r:kernel:s0 tclass=capability permissive=0
11-22 09:00:18.061 1489 2012 I input_interaction: Interaction with: 3cc67bf com.android.launcher3/com.android.launcher3.uioverrides.QuickstepLauncher (server), 6449bab com.android.systemui.ImageWallpaper (server), edge-swipe (server), swipe-up (server), PointerEventDispatcher0 (server),
11-22 09:00:18.098 1489 2839 I OpenGLRenderer: Davey! duration=9223350230252ms; Flags=0, FrameTimelineVsyncId=-1, IntendedVsync=21806602208814, Vsync=21806602212096, InputEventId=0, HandleInputStart=21806602221887, AnimationStart=21806602226002, PerformTraversalsStart=21806602228971, DrawStart=21806602377877, FrameDeadline=9223372036854775807, FrameInterval=21806602212096, FrameStartTime=16666666, SyncQueued=21806603530064, SyncStart=21806603637512, IssueDrawCommandsStart=21806603773137, SwapBuffers=21806606959023, FrameCompleted=9223372036854775807, DequeueBufferDuration=64167, QueueBufferDuration=1763646, GpuCompleted=9223372036854775807, SwapBuffersCompleted=21806609647460, DisplayPresentTime=0,
11-22 09:00:18.103 1218 4889 I OMX-VENC: venc_dev: stats: avg. fps 5.72, bitrate 139197
11-22 09:00:18.300 1489 1650 I am_uid_idle: 10063
11-22 09:00:18.360 647 661 I mpu_uart: [MSG-P:R]:recv sync frame timeout
11-22 09:00:18.375 647 662 I mpu_uart: [MSG-P:RECV]:No message received in 1000 ms
11-22 09:00:19.035 0 0 I auditd : type=1400 audit(0.0:8210): avc: denied { kill } for comm="swapper/0" capability=5 scontext=u:r:kernel:s0 tcontext=u:r:kernel:s0 tclass=capability permissive=0
11-22 09:00:19.035 0 0 W swapper/0: type=1400 audit(0.0:8210): avc: denied { kill } for capability=5 scontext=u:r:kernel:s0 tcontext=u:r:kernel:s0 tclass=capability permissive=0
11-22 09:00:19.122 1218 4889 I OMX-VENC: venc_dev: stats: avg. fps 10.78, bitrate 279101
11-22 09:00:19.375 647 662 I mpu_uart: [MSG-P:RECV]:No message received in 1000 ms
11-22 09:00:20.035 0 0 I auditd : type=1400 audit(0.0:8211): avc: denied { kill } for comm="swapper/0" capability=5 scontext=u:r:kernel:s0 tcontext=u:r:kernel:s0 tclass=capability permissive=0
11-22 09:00:20.035 0 0 W swapper/0: type=1400 audit(0.0:8211): avc: denied { kill } for capability=5 scontext=u:r:kernel:s0 tcontext=u:r:kernel:s0 tclass=capability permissive=0
11-22 09:00:20.375 647 662 I mpu_uart: [MSG-P:RECV]:No message received in 1000 ms
11-22 09:00:21.035 0 0 I auditd : type=1400 audit(0.0:8212): avc: denied { kill } for comm="swapper/0" capability=5 scontext=u:r:kernel:s0 tcontext=u:r:kernel:s0 tclass=capability permissive=0
11-22 09:00:21.035 0 0 W swapper/0: type=1400 audit(0.0:8212): avc: denied { kill } for capability=5 scontext=u:r:kernel:s0 tcontext=u:r:kernel:s0 tclass=capability permissive=0
11-22 09:00:21.362 647 661 I mpu_uart: [MSG-P:R]:recv sync frame timeout
11-22 09:00:21.375 647 662 I mpu_uart: [MSG-P:RECV]:No message received in 1000 ms
11-22 09:00:22.035 352 352 I auditd : type=1400 audit(0.0:8213): avc: denied { kill } for comm="irq/382-atmel_m" capability=5 scontext=u:r:kernel:s0 tcontext=u:r:kernel:s0 tclass=capability permissive=0
11-22 09:00:22.035 352 352 W irq/382-atmel_m: type=1400 audit(0.0:8213): avc: denied { kill } for capability=5 scontext=u:r:kernel:s0 tcontext=u:r:kernel:s0 tclass=capability permissive=0
11-22 09:00:22.375 647 662 I mpu_uart: [MSG-P:RECV]:No message received in 1000 ms
11-22 09:00:23.035 0 0 I auditd : type=1400 audit(0.0:8214): avc: denied { kill } for comm="swapper/0" capability=5 scontext=u:r:kernel:s0 tcontext=u:r:kernel:s0 tclass=capability permissive=0
11-22 09:00:23.035 0 0 W swapper/0: type=1400 audit(0.0:8214): avc: denied { kill } for capability=5 scontext=u:r:kernel:s0 tcontext=u:r:kernel:s0 tclass=capability permissive=0
11-22 09:00:23.144 3275 22163 I hpplay-java: [AsyncTask #819]:IM_MessageClient:heartBeatReceived
11-22 09:00:23.376 647 662 I mpu_uart: [MSG-P:RECV]:No message received in 1000 ms
11-22 09:00:24.035 0 0 I auditd : type=1400 audit(0.0:8215): avc: denied { kill } for comm="swapper/0" capability=5 scontext=u:r:kernel:s0 tcontext=u:r:kernel:s0 tclass=capability permissive=0
11-22 09:00:24.035 0 0 W swapper/0: type=1400 audit(0.0:8215): avc: denied { kill } for capability=5 scontext=u:r:kernel:s0 tcontext=u:r:kernel:s0 tclass=capability permissive=0
11-22 09:00:24.365 647 661 I mpu_uart: [MSG-P:R]:recv sync frame timeout
11-22 09:00:24.376 647 662 I mpu_uart: [MSG-P:RECV]:No message received in 1000 ms
11-22 09:00:25.035 0 0 I auditd : type=1400 audit(0.0:8216): avc: denied { kill } for comm="swapper/0" capability=5 scontext=u:r:kernel:s0 tcontext=u:r:kernel:s0 tclass=capability permissive=0
11-22 09:00:25.035 0 0 W swapper/0: type=1400 audit(0.0:8216): avc: denied { kill } for capability=5 scontext=u:r:kernel:s0 tcontext=u:r:kernel:s0 tclass=capability permissive=0
11-22 09:00:25.376 647 662 I mpu_uart: [MSG-P:RECV]:No message received in 1000 ms
11-22 09:00:25.680 1489 2836 I OpenGLRenderer: Davey! duration=9223350222667ms; Flags=0, FrameTimelineVsyncId=-1, IntendedVsync=21814186931520, Vsync=21814186934957, InputEventId=0, HandleInputStart=21814186944853, AnimationStart=21814186948655, PerformTraversalsStart=21814186951572, DrawStart=21814187042353, FrameDeadline=-9223372036838109143, FrameInterval=21814186934957, FrameStartTime=16666666, SyncQueued=21814188185739, SyncStart=21814188367614, IssueDrawCommandsStart=21814188483239, SwapBuffers=21814191708447, FrameCompleted=9223372036854775807, DequeueBufferDuration=55677, QueueBufferDuration=1873333, GpuCompleted=9223372036854775807, SwapBuffersCompleted=21814194563812, DisplayPresentTime=0,
11-22 09:00:25.689 1218 4889 I OMX-VENC: venc_dev: stats: avg. fps 0.30, bitrate 6958
11-22 09:00:26.035 352 352 I auditd : type=1400 audit(0.0:8217): avc: denied { kill } for comm="irq/382-atmel_m" capability=5 scontext=u:r:kernel:s0 tcontext=u:r:kernel:s0 tclass=capability permissive=0
11-22 09:00:26.035 352 352 W irq/382-atmel_m: type=1400 audit(0.0:8217): avc: denied { kill } for capability=5 scontext=u:r:kernel:s0 tcontext=u:r:kernel:s0 tclass=capability permissive=0
11-22 09:00:26.376 647 662 I mpu_uart: [MSG-P:RECV]:No message received in 1000 ms
11-22 09:00:26.713 1218 4889 I OMX-VENC: venc_dev: stats: avg. fps 10.75, bitrate 262746
11-22 09:00:27.035 0 0 I auditd : type=1400 audit(0.0:8218): avc: denied { kill } for comm="swapper/0" capability=5 scontext=u:r:kernel:s0 tcontext=u:r:kernel:s0 tclass=capability permissive=0
11-22 09:00:27.035 0 0 W swapper/0: type=1400 audit(0.0:8218): avc: denied { kill } for capability=5 scontext=u:r:kernel:s0 tcontext=u:r:kernel:s0 tclass=capability permissive=0
11-22 09:00:27.368 647 661 I mpu_uart: [MSG-P:R]:recv sync frame timeout
11-22 09:00:27.377 647 662 I mpu_uart: [MSG-P:RECV]:No message received in 1000 ms
11-22 09:00:28.035 0 0 I auditd : type=1400 audit(0.0:8219): avc: denied { kill } for comm="swapper/0" capability=5 scontext=u:r:kernel:s0 tcontext=u:r:kernel:s0 tclass=capability permissive=0
11-22 09:00:28.035 0 0 W swapper/0: type=1400 audit(0.0:8219): avc: denied { kill } for capability=5 scontext=u:r:kernel:s0 tcontext=u:r:kernel:s0 tclass=capability permissive=0
11-22 09:00:28.377 647 662 I mpu_uart: [MSG-P:RECV]:No message received in 1000 ms
11-22 09:00:29.035 0 0 I auditd : type=1400 audit(0.0:8220): avc: denied { kill } for comm="swapper/0" capability=5 scontext=u:r:kernel:s0 tcontext=u:r:kernel:s0 tclass=capability permissive=0
11-22 09:00:29.035 0 0 W swapper/0: type=1400 audit(0.0:8220): avc: denied { kill } for capability=5 scontext=u:r:kernel:s0 tcontext=u:r:kernel:s0 tclass=capability permissive=0
11-22 09:00:29.377 647 662 I mpu_uart: [MSG-P:RECV]:No message received in 1000 ms
11-22 09:00:30.035 0 0 I auditd : type=1400 audit(0.0:8221): avc: denied { kill } for comm="swapper/0" capability=5 scontext=u:r:kernel:s0 tcontext=u:r:kernel:s0 tclass=capability permissive=0
11-22 09:00:30.035 0 0 W swapper/0: type=1400 audit(0.0:8221): avc: denied { kill } for capability=5 scontext=u:r:kernel:s0 tcontext=u:r:kernel:s0 tclass=capability permissive=0
11-22 09:00:30.372 647 661 I mpu_uart: [MSG-P:R]:recv sync frame timeout
11-22 09:00:30.377 647 662 I mpu_uart: [MSG-P:RECV]:No message received in 1000 ms
11-22 09:00:31.035 352 352 I auditd : type=1400 audit(0.0:8222): avc: denied { kill } for comm="irq/382-atmel_m" capability=5 scontext=u:r:kernel:s0 tcontext=u:r:kernel:s0 tclass=capability permissive=0
11-22 09:00:31.035 352 352 W irq/382-atmel_m: type=1400 audit(0.0:8222): avc: denied { kill } for capability=5 scontext=u:r:kernel:s0 tcontext=u:r:kernel:s0 tclass=capability permissive=0
11-22 09:00:31.378 647 662 I mpu_uart: [MSG-P:RECV]:No message received in 1000 ms
11-22 09:00:32.102 1195 1230 I selfinstaller: create socket failed: Connection timed out 110
11-22 09:00:32.378 647 662 I mpu_uart: [MSG-P:RECV]:No message received in 1000 ms
11-22 09:00:33.035 0 0 I auditd : type=1400 audit(0.0:8223): avc: denied { kill } for comm="swapper/0" capability=5 scontext=u:r:kernel:s0 tcontext=u:r:kernel:s0 tclass=capability permissive=0
11-22 09:00:33.035 0 0 W swapper/0: type=1400 audit(0.0:8223): avc: denied { kill } for capability=5 scontext=u:r:kernel:s0 tcontext=u:r:kernel:s0 tclass=capability permissive=0
11-22 09:00:33.375 647 661 I mpu_uart: [MSG-P:R]:recv sync frame timeout
11-22 09:00:33.378 647 662 I mpu_uart: [MSG-P:RECV]:No message received in 1000 ms
11-22 09:00:34.035 0 0 I auditd : type=1400 audit(0.0:8224): avc: denied { kill } for comm="swapper/0" capability=5 scontext=u:r:kernel:s0 tcontext=u:r:kernel:s0 tclass=capability permissive=0
11-22 09:00:34.035 0 0 W swapper/0: type=1400 audit(0.0:8224): avc: denied { kill } for capability=5 scontext=u:r:kernel:s0 tcontext=u:r:kernel:s0 tclass=capability permissive=0
11-22 09:00:34.378 647 662 I mpu_uart: [MSG-P:RECV]:No message received in 1000 ms
11-22 09:00:35.035 0 0 I auditd : type=1400 audit(0.0:8225): avc: denied { kill } for comm="swapper/0" capability=5 scontext=u:r:kernel:s0 tcontext=u:r:kernel:s0 tclass=capability permissive=0
11-22 09:00:35.035 0 0 W swapper/0: type=1400 audit(0.0:8225): avc: denied { kill } for capability=5 scontext=u:r:kernel:s0 tcontext=u:r:kernel:s0 tclass=capability permissive=0
11-22 09:00:35.378 647 662 I mpu_uart: [MSG-P:RECV]:No message received in 1000 ms
11-22 09:00:36.035 0 0 I auditd : type=1400 audit(0.0:8226): avc: denied { kill } for comm="swapper/0" capability=5 scontext=u:r:kernel:s0 tcontext=u:r:kernel:s0 tclass=capability permissive=0
11-22 09:00:36.035 0 0 W swapper/0: type=1400 audit(0.0:8226): avc: denied { kill } for capability=5 scontext=u:r:kernel:s0 tcontext=u:r:kernel:s0 tclass=capability permissive=0
11-22 09:00:36.378 647 661 I mpu_uart: [MSG-P:R]:recv sync frame timeout
11-22 09:00:36.379 647 662 I mpu_uart: [MSG-P:RECV]:No message received in 1000 ms
11-22 09:00:37.035 352 352 I auditd : type=1400 audit(0.0:8227): avc: denied { kill } for comm="irq/382-atmel_m" capability=5 scontext=u:r:kernel:s0 tcontext=u:r:kernel:s0 tclass=capability permissive=0
11-22 09:00:37.035 352 352 W irq/382-atmel_m: type=1400 audit(0.0:8227): avc: denied { kill } for capability=5 scontext=u:r:kernel:s0 tcontext=u:r:kernel:s0 tclass=capability permissive=0
11-22 09:00:37.379 647 662 I mpu_uart: [MSG-P:RECV]:No message received in 1000 ms
11-22 09:00:38.035 0 0 I auditd : type=1400 audit(0.0:8228): avc: denied { kill } for comm="swapper/0" capability=5 scontext=u:r:kernel:s0 tcontext=u:r:kernel:s0 tclass=capability permissive=0
11-22 09:00:38.035 0 0 W swapper/0: type=1400 audit(0.0:8228): avc: denied { kill } for capability=5 scontext=u:r:kernel:s0 tcontext=u:r:kernel:s0 tclass=capability permissive=0
11-22 09:00:38.379 647 662 I mpu_uart: [MSG-P:RECV]:No message received in 1000 ms
11-22 09:00:39.035 0 0 I auditd : type=1400 audit(0.0:8229): avc: denied { kill } for comm="swapper/0" capability=5 scontext=u:r:kernel:s0 tcontext=u:r:kernel:s0 tclass=capability permissive=0
11-22 09:00:39.035 0 0 W swapper/0: type=1400 audit(0.0:8229): avc: denied { kill } for capability=5 scontext=u:r:kernel:s0 tcontext=u:r:kernel:s0 tclass=capability permissive=0
11-22 09:00:39.379 647 662 I mpu_uart: [MSG-P:RECV]:No message received in 1000 ms
11-22 09:00:39.379 647 661 I mpu_uart: [MSG-P:R]:recv sync frame timeout
11-22 09:00:40.035 0 0 I auditd : type=1400 audit(0.0:8230): avc: denied { kill } for comm="swapper/0" capability=5 scontext=u:r:kernel:s0 tcontext=u:r:kernel:s0 tclass=capability permissive=0
11-22 09:00:40.035 0 0 W swapper/0: type=1400 audit(0.0:8230): avc: denied { kill } for capability=5 scontext=u:r:kernel:s0 tcontext=u:r:kernel:s0 tclass=capability permissive=0
11-22 09:00:40.379 647 662 I mpu_uart: [MSG-P:RECV]:No message received in 1000 ms
11-22 09:00:41.035 0 0 I auditd : type=1400 audit(0.0:8231): avc: denied { kill } for comm="swapper/0" capability=5 scontext=u:r:kernel:s0 tcontext=u:r:kernel:s0 tclass=capability permissive=0
11-22 09:00:41.035 0 0 W swapper/0: type=1400 audit(0.0:8231): avc: denied { kill } for capability=5 scontext=u:r:kernel:s0 tcontext=u:r:kernel:s0 tclass=capability permissive=0
11-22 09:00:41.380 647 662 I mpu_uart: [MSG-P:RECV]:No message received in 1000 ms
11-22 09:00:42.035 0 0 I auditd : type=1400 audit(0.0:8232): avc: denied { kill } for comm="swapper/0" capability=5 scontext=u:r:kernel:s0 tcontext=u:r:kernel:s0 tclass=capability permissive=0
11-22 09:00:42.035 0 0 W swapper/0: type=1400 audit(0.0:8232): avc: denied { kill } for capability=5 scontext=u:r:kernel:s0 tcontext=u:r:kernel:s0 tclass=capability permissive=0
11-22 09:00:42.380 647 661 I mpu_uart: [MSG-P:R]:recv sync frame timeout
11-22 09:00:42.380 647 662 I mpu_uart: [MSG-P:RECV]:No message received in 1000 ms
11-22 09:00:43.035 0 0 I auditd : type=1400 audit(0.0:8233): avc: denied { kill } for comm="swapper/0" capability=5 scontext=u:r:kernel:s0 tcontext=u:r:kernel:s0 tclass=capability permissive=0
11-22 09:00:43.035 0 0 W swapper/0: type=1400 audit(0.0:8233): avc: denied { kill } for capability=5 scontext=u:r:kernel:s0 tcontext=u:r:kernel:s0 tclass=capability permissive=0
11-22 09:00:43.380 647 662 I mpu_uart: [MSG-P:RECV]:No message received in 1000 ms
11-22 09:00:43.612 1489 2012 I input_interaction: Interaction with: ae9d266 com.android.gallery3d/com.android.gallery3d.app.GalleryActivity (server), edge-swipe (server), swipe-up (server), PointerEventDispatcher0 (server),
11-22 09:00:43.613 24515 24515 D DecorView: onTouchEvent: action0
11-22 09:00:43.615 24515 24515 D DecorView: onTouchEvent: interval37000
11-22 09:00:43.671 1218 4889 I OMX-VENC: venc_dev: stats: avg. fps 0.12, bitrate 2611
11-22 09:00:43.700 24515 24515 D DecorView: onTouchEvent: action1
11-22 09:00:43.700 24515 24515 D DecorView: onTouchEvent: ACTION_UPfalse
11-22 09:00:43.951 24515 24515 D DecorView: onTouchEvent mIsDoubleCLick:false
11-22 09:00:43.951 24515 24515 D DecorView: onTouchEvent: onConfigurationMiniChanged
11-22 09:00:43.952 1489 2836 W WindowManager: updateScale0.7996942
11-22 09:00:43.954 1489 2836 I wm_relaunch_resume_activity: [0,240774890,243,com.android.gallery3d/.app.GalleryActivity]
11-22 09:00:43.956 1489 2836 W WindowManager: updateScale0.7996942
11-22 09:00:43.970 24515 24515 I wm_on_top_resumed_lost_called: [240774890,com.android.gallery3d.app.GalleryActivity,pausing]
11-22 09:00:43.970 24515 24515 W OrientationEventListener: Cannot detect sensors. Invalid disable
11-22 09:00:43.985 24515 24515 I wm_on_paused_called: [240774890,com.android.gallery3d.app.GalleryActivity,performPause]
11-22 09:00:43.985 24515 24515 I wm_on_stop_called: [240774890,com.android.gallery3d.app.GalleryActivity,handleRelaunchActivity]
11-22 09:00:43.986 24515 24515 V StateManager: saveState
11-22 09:00:43.986 24515 24515 V StateManager: saveState class com.android.gallery3d.app.AlbumSetPage
11-22 09:00:43.986 24515 24515 V StateManager: destroy
11-22 09:00:43.988 24515 24515 I wm_on_destroy_called: [240774890,com.android.gallery3d.app.GalleryActivity,performDestroy]
11-22 09:00:43.998 1489 2839 D CompatibilityInfo: mCompatibilityFlags - 4
11-22 09:00:43.998 1489 2839 D CompatibilityInfo: applicationDensity - 240
11-22 09:00:43.998 1489 2839 D CompatibilityInfo: applicationScale - 1.0
11-22 09:00:44.010 24515 24515 V StateManager: restoreFromState
11-22 09:00:44.010 24515 24515 V StateManager: restoreFromState class com.android.gallery3d.app.AlbumSetPage
11-22 09:00:44.011 24515 24515 I wm_on_create_called: [240774890,com.android.gallery3d.app.GalleryActivity,performCreate]
11-22 09:00:44.013 24515 24515 I wm_on_start_called: [240774890,com.android.gallery3d.app.GalleryActivity,handleStartActivity]
11-22 09:00:44.019 24515 24515 D Gallery.MultiSetSync: onSyncDone: **** #pending=1
11-22 09:00:44.019 24515 24515 D Gallery.MultiSetSync: request sync: ****
11-22 09:00:44.019 24515 24515 D Gallery.MultiSetSync: onSyncDone: ****** #pending=0
11-22 09:00:44.019 24515 24515 D Gallery.MultiSetSync: request sync: ******
11-22 09:00:44.020 24515 24515 W OrientationEventListener: Cannot detect sensors. Not enabled
11-22 09:00:44.020 24515 24515 I wm_on_resume_called: [240774890,com.android.gallery3d.app.GalleryActivity,RESUME_ACTIVITY]
11-22 09:00:44.020 24515 24515 I wm_on_top_resumed_gained_called: [240774890,com.android.gallery3d.app.GalleryActivity,topWhenResuming]
11-22 09:00:44.025 1489 2839 W WindowManager: updateScale0.7996942
11-22 09:00:44.027 1489 2839 W WindowManager: updateScale0.7996942
11-22 09:00:44.034 24515 24670 D libEGL : MSAA-->msaa:0 gamemode:0 4x_msaa:0
11-22 09:00:44.034 24515 24670 D libEGL : MSAA-->msaa:0 gamemode:0 4x_msaa:0
11-22 09:00:44.040 24515 24670 I GLRootView: onSurfaceChanged: 654x1092, gl10: com.google.android.gles_jni.GLImpl@a81c2d9
11-22 09:00:44.040 24515 24670 I GLRootView: layout content pane 654x1092 (compensation 0)
11-22 09:00:44.035 352 352 I auditd : type=1400 audit(0.0:8234): avc: denied { kill } for comm="irq/382-atmel_m" capability=5 scontext=u:r:kernel:s0 tcontext=u:r:kernel:s0 tclass=capability permissive=0
11-22 09:00:44.035 352 352 W irq/382-atmel_m: type=1400 audit(0.0:8234): avc: denied { kill } for capability=5 scontext=u:r:kernel:s0 tcontext=u:r:kernel:s0 tclass=capability permissive=0
11-22 09:00:44.042 1489 2839 I WindowManager: finishDrawing of relaunch: Window{ae9d266 u0 com.android.gallery3d/com.android.gallery3d.app.GalleryActivity} 88ms
11-22 09:00:44.380 647 662 I mpu_uart: [MSG-P:RECV]:No message received in 1000 ms
11-22 09:00:44.696 1218 4889 I OMX-VENC: venc_dev: stats: avg. fps 32.22, bitrate 1016177
11-22 09:00:45.035 0 0 I auditd : type=1400 audit(0.0:8235): avc: denied { kill } for comm="swapper/0" capability=5 scontext=u:r:kernel:s0 tcontext=u:r:kernel:s0 tclass=capability permissive=0
11-22 09:00:45.035 0 0 W swapper/0: type=1400 audit(0.0:8235): avc: denied { kill } for capability=5 scontext=u:r:kernel:s0 tcontext=u:r:kernel:s0 tclass=capability permissive=0
11-22 09:00:45.311 1489 2836 I OpenGLRenderer: Davey! duration=9223350203033ms; Flags=0, FrameTimelineVsyncId=-1, IntendedVsync=21833820679377, Vsync=21833820682919, InputEventId=0, HandleInputStart=21833820693700, AnimationStart=21833820697710, PerformTraversalsStart=21833820700731, DrawStart=21833820798283, FrameDeadline=9223372036854775807, FrameInterval=21833820682919, FrameStartTime=16666666, SyncQueued=21833821848596, SyncStart=21833822259221, IssueDrawCommandsStart=21833822398492, SwapBuffers=21833824774273, FrameCompleted=9223372036854775807, DequeueBufferDuration=59739, QueueBufferDuration=1408438, GpuCompleted=9223372036854775807, SwapBuffersCompleted=21833827076877, DisplayPresentTime=-5476376626204513960,
11-22 09:00:45.381 647 662 I mpu_uart: [MSG-P:RECV]:No message received in 1000 ms
11-22 09:00:45.381 647 661 I mpu_uart: [MSG-P:R]:recv sync frame timeout
11-22 09:00:45.721 1218 4889 I OMX-VENC: venc_dev: stats: avg. fps 10.73, bitrate 238579
11-22 09:00:46.035 0 0 I auditd : type=1400 audit(0.0:8236): avc: denied { kill } for comm="swapper/0" capability=5 scontext=u:r:kernel:s0 tcontext=u:r:kernel:s0 tclass=capability permissive=0
11-22 09:00:46.035 0 0 W swapper/0: type=1400 audit(0.0:8236): avc: denied { kill } for capability=5 scontext=u:r:kernel:s0 tcontext=u:r:kernel:s0 tclass=capability permissive=0
11-22 09:00:46.381 647 662 I mpu_uart: [MSG-P:RECV]:No message received in 1000 ms
11-22 09:00:46.907 1218 4889 I OMX-VENC: venc_dev: stats: avg. fps 5.90, bitrate 128724
11-22 09:00:47.035 0 0 I auditd : type=1400 audit(0.0:8237): avc: denied { kill } for comm="swapper/0" capability=5 scontext=u:r:kernel:s0 tcontext=u:r:kernel:s0 tclass=capability permissive=0
11-22 09:00:47.035 0 0 W swapper/0: type=1400 audit(0.0:8237): avc: denied { kill } for capability=5 scontext=u:r:kernel:s0 tcontext=u:r:kernel:s0 tclass=capability permissive=0
11-22 09:00:47.382 647 662 I mpu_uart: [MSG-P:RECV]:No message received in 1000 ms
11-22 09:00:47.385 24515 24515 I view_enqueue_input_event: [Motion - Cancel,com.android.gallery3d/com.android.gallery3d.app.GalleryActivity]
11-22 09:00:47.482 1489 2012 I input_interaction: Interaction with: WindowManager (server), edge-swipe (server), swipe-up (server), PointerEventDispatcher0 (server),
11-22 09:00:47.511 1489 1636 D FreeFormWindowHelper: refreshTipWindow windowDragBounds:Rect(1855, 72 - 2378, 1000)
11-22 09:00:47.514 1489 1636 W WindowManager: updateScale0.7996942
11-22 09:00:47.535 1489 2839 W WindowManager: updateScale0.7996942
11-22 09:00:47.561 1489 1636 D FreeFormWindowHelper: refreshTipWindow windowDragBounds:Rect(1853, 72 - 2376, 1000)
11-22 09:00:47.563 1489 1636 W WindowManager: updateScale0.7996942
11-22 09:00:47.578 1489 2808 W WindowManager: updateScale0.7996942
11-22 09:00:47.581 1489 1636 D FreeFormWindowHelper: refreshTipWindow windowDragBounds:Rect(1850, 72 - 2373, 1000)
11-22 09:00:47.582 1489 1636 W WindowManager: updateScale0.7996942
11-22 09:00:47.611 1489 1636 D FreeFormWindowHelper: refreshTipWindow windowDragBounds:Rect(1848, 72 - 2371, 1000)
11-22 09:00:47.612 1489 1636 W WindowManager: updateScale0.7996942
11-22 09:00:47.644 1489 1636 D FreeFormWindowHelper: refreshTipWindow windowDragBounds:Rect(1842, 74 - 2365, 1002)
11-22 09:00:47.645 1489 1636 W WindowManager: updateScale0.7996942
11-22 09:00:47.661 1489 1636 D FreeFormWindowHelper: refreshTipWindow windowDragBounds:Rect(1840, 74 - 2363, 1002)
11-22 09:00:47.662 1489 1636 W WindowManager: updateScale0.7996942
11-22 09:00:47.676 1489 2808 W WindowManager: updateScale0.7996942
11-22 09:00:47.990 1218 4889 I OMX-VENC: venc_dev: stats: avg. fps 20.32, bitrate 688656
11-22 09:00:48.035 0 0 I auditd : type=1400 audit(0.0:8238): avc: denied { kill } for comm="swapper/0" capability=5 scontext=u:r:kernel:s0 tcontext=u:r:kernel:s0 tclass=capability permissive=0
11-22 09:00:48.035 0 0 W swapper/0: type=1400 audit(0.0:8238): avc: denied { kill } for capability=5 scontext=u:r:kernel:s0 tcontext=u:r:kernel:s0 tclass=capability permissive=0
11-22 09:00:48.079 1489 1636 D FreeFormWindowHelper: refreshTipWindow windowDragBounds:Rect(1838, 74 - 2361, 1002)
11-22 09:00:48.081 1489 1636 W WindowManager: updateScale0.7996942
11-22 09:00:48.095 1489 2836 W WindowManager: updateScale0.7996942
11-22 09:00:48.129 1489 1636 D FreeFormWindowHelper: refreshTipWindow windowDragBounds:Rect(1836, 75 - 2359, 1003)
11-22 09:00:48.130 1489 1636 W WindowManager: updateScale0.7996942
11-22 09:00:48.145 1489 1636 D FreeFormWindowHelper: refreshTipWindow windowDragBounds:Rect(1833, 77 - 2356, 1005)
11-22 09:00:48.147 1489 1636 W WindowManager: updateScale0.7996942
11-22 09:00:48.149 1489 6044 W WindowManager: updateScale0.7996942
11-22 09:00:48.160 24515 24670 I GLRootView: onSurfaceChanged: 654x1093, gl10: com.google.android.gles_jni.GLImpl@a81c2d9
11-22 09:00:48.160 24515 24670 I GLRootView: layout content pane 654x1093 (compensation 0)
11-22 09:00:48.195 1489 1636 D FreeFormWindowHelper: refreshTipWindow windowDragBounds:Rect(1823, 77 - 2346, 1005)
11-22 09:00:48.197 1489 1636 W WindowManager: updateScale0.7996942
11-22 09:00:48.211 1489 2836 W WindowManager: updateScale0.7996942
11-22 09:00:48.213 1489 1636 D FreeFormWindowHelper: refreshTipWindow windowDragBounds:Rect(1785, 77 - 2308, 1005)
11-22 09:00:48.215 1489 1636 W WindowManager: updateScale0.7996942
11-22 09:00:48.229 1489 1636 D FreeFormWindowHelper: refreshTipWindow windowDragBounds:Rect(1741, 77 - 2264, 1005)
11-22 09:00:48.230 1489 1636 W WindowManager: updateScale0.7996942
11-22 09:00:48.245 1489 1636 D FreeFormWindowHelper: refreshTipWindow windowDragBounds:Rect(1687, 77 - 2210, 1005)
11-22 09:00:48.249 1489 1636 W WindowManager: updateScale0.7996942
11-22 09:00:48.262 1489 1636 D FreeFormWindowHelper: refreshTipWindow windowDragBounds:Rect(1634, 85 - 2157, 1013)
11-22 09:00:48.264 1489 1636 W WindowManager: updateScale0.7996942
11-22 09:00:48.269 1489 6044 W WindowManager: updateScale0.7996942
11-22 09:00:48.279 1489 1636 D FreeFormWindowHelper: refreshTipWindow windowDragBounds:Rect(1586, 86 - 2109, 1014)
11-22 09:00:48.282 1489 1636 W WindowManager: updateScale0.7996942
11-22 09:00:48.296 1489 1636 D FreeFormWindowHelper: refreshTipWindow windowDragBounds:Rect(1550, 86 - 2073, 1014)
11-22 09:00:48.297 1489 1636 W WindowManager: updateScale0.7996942
11-22 09:00:48.313 1489 1636 D FreeFormWindowHelper: refreshTipWindow windowDragBounds:Rect(1485, 86 - 2008, 1014)
11-22 09:00:48.314 1489 1636 W WindowManager: updateScale0.7996942
11-22 09:00:48.315 1489 2808 W WindowManager: updateScale0.7996942
11-22 09:00:48.326 24515 24670 I GLRootView: onSurfaceChanged: 654x1092, gl10: com.google.android.gles_jni.GLImpl@a81c2d9
11-22 09:00:48.326 24515 24670 I GLRootView: layout content pane 654x1092 (compensation 0)
11-22 09:00:48.329 1489 6044 W WindowManager: updateScale0.7996942
11-22 09:00:48.331 1489 1636 D FreeFormWindowHelper: refreshTipWindow windowDragBounds:Rect(1448, 86 - 1971, 1014)
11-22 09:00:48.332 1489 1636 W WindowManager: updateScale0.7996942
11-22 09:00:48.344 1489 2808 W WindowManager: updateScale0.7996942
11-22 09:00:48.346 1489 1636 D FreeFormWindowHelper: refreshTipWindow windowDragBounds:Rect(1384, 86 - 1907, 1014)
11-22 09:00:48.347 1489 1636 W WindowManager: updateScale0.7996942
11-22 09:00:48.362 1489 1636 D FreeFormWindowHelper: refreshTipWindow windowDragBounds:Rect(1332, 86 - 1855, 1014)
11-22 09:00:48.364 1489 1636 W WindowManager: updateScale0.7996942
11-22 09:00:48.380 1489 1636 D FreeFormWindowHelper: refreshTipWindow windowDragBounds:Rect(1296, 86 - 1819, 1014)
11-22 09:00:48.382 1489 1636 W WindowManager: updateScale0.7996942
11-22 09:00:48.383 647 662 I mpu_uart: [MSG-P:RECV]:No message received in 1000 ms
11-22 09:00:48.384 647 661 I mpu_uart: [MSG-P:R]:recv sync frame timeout
11-22 09:00:48.398 1489 1636 D FreeFormWindowHelper: refreshTipWindow windowDragBounds:Rect(1246, 86 - 1769, 1014)
11-22 09:00:48.399 1489 1636 W WindowManager: updateScale0.7996942
11-22 09:00:48.412 1489 1636 D FreeFormWindowHelper: refreshTipWindow windowDragBounds:Rect(1176, 86 - 1699, 1014)
11-22 09:00:48.414 1489 1636 W WindowManager: updateScale0.7996942
11-22 09:00:48.429 1489 1636 D FreeFormWindowHelper: refreshTipWindow windowDragBounds:Rect(1129, 86 - 1652, 1014)
11-22 09:00:48.431 1489 1636 W WindowManager: updateScale0.7996942
11-22 09:00:48.446 1489 1636 D FreeFormWindowHelper: refreshTipWindow windowDragBounds:Rect(1096, 79 - 1619, 1007)
11-22 09:00:48.447 1489 1636 W WindowManager: updateScale0.7996942
11-22 09:00:48.463 1489 1636 D FreeFormWindowHelper: refreshTipWindow windowDragBounds:Rect(1041, 77 - 1564, 1005)
11-22 09:00:48.464 1489 1636 W WindowManager: updateScale0.7996942
11-22 09:00:48.479 1489 1636 D FreeFormWindowHelper: refreshTipWindow windowDragBounds:Rect(1004, 72 - 1527, 1000)
11-22 09:00:48.481 1489 1636 W WindowManager: updateScale0.7996942
11-22 09:00:48.496 1489 1636 D FreeFormWindowHelper: refreshTipWindow windowDragBounds:Rect(963, 69 - 1486, 997)
11-22 09:00:48.497 1489 1636 W WindowManager: updateScale0.7996942
11-22 09:00:48.504 1489 2808 W WindowManager: updateScale0.7996942
11-22 09:00:48.513 1489 1636 D FreeFormWindowHelper: refreshTipWindow windowDragBounds:Rect(930, 67 - 1453, 995)
11-22 09:00:48.514 24515 24670 I GLRootView: onSurfaceChanged: 654x1093, gl10: com.google.android.gles_jni.GLImpl@a81c2d9
11-22 09:00:48.514 24515 24670 I GLRootView: layout content pane 654x1093 (compensation 0)
11-22 09:00:48.515 1489 1636 W WindowManager: updateScale0.7996942
11-22 09:00:48.529 1489 1636 D FreeFormWindowHelper: refreshTipWindow windowDragBounds:Rect(896, 65 - 1419, 993)
11-22 09:00:48.531 1489 1636 W WindowManager: updateScale0.7996942
11-22 09:00:48.545 1489 2808 W WindowManager: updateScale0.7996942
11-22 09:00:48.549 1489 1636 D FreeFormWindowHelper: refreshTipWindow windowDragBounds:Rect(866, 63 - 1389, 991)
11-22 09:00:48.551 1489 1636 W WindowManager: updateScale0.7996942
11-22 09:00:48.563 1489 1636 D FreeFormWindowHelper: refreshTipWindow windowDragBounds:Rect(830, 58 - 1353, 986)
11-22 09:00:48.564 1489 1636 W WindowManager: updateScale0.7996942
11-22 09:00:48.578 1489 2808 W WindowManager: updateScale0.7996942
11-22 09:00:48.580 1489 1636 D FreeFormWindowHelper: refreshTipWindow windowDragBounds:Rect(804, 58 - 1327, 986)
11-22 09:00:48.582 1489 1636 W WindowManager: updateScale0.7996942
11-22 09:00:48.587 24515 24670 I GLRootView: onSurfaceChanged: 654x1092, gl10: com.google.android.gles_jni.GLImpl@a81c2d9
11-22 09:00:48.587 24515 24670 I GLRootView: layout content pane 654x1092 (compensation 0)
11-22 09:00:48.596 1489 1636 D FreeFormWindowHelper: refreshTipWindow windowDragBounds:Rect(746, 58 - 1269, 986)
11-22 09:00:48.598 1489 1636 W WindowManager: updateScale0.7996942
11-22 09:00:48.614 1489 1636 D FreeFormWindowHelper: refreshTipWindow windowDragBounds:Rect(704, 58 - 1227, 986)
11-22 09:00:48.616 1489 1636 W WindowManager: updateScale0.7996942
11-22 09:00:48.631 1489 1636 D FreeFormWindowHelper: refreshTipWindow windowDragBounds:Rect(666, 58 - 1189, 986)
11-22 09:00:48.633 1489 1636 W WindowManager: updateScale0.7996942
11-22 09:00:48.646 1489 1636 D FreeFormWindowHelper: refreshTipWindow windowDragBounds:Rect(628, 58 - 1151, 986)
11-22 09:00:48.648 1489 1636 W WindowManager: updateScale0.7996942
11-22 09:00:48.663 1489 1636 D FreeFormWindowHelper: refreshTipWindow windowDragBounds:Rect(582, 58 - 1105, 986)
11-22 09:00:48.664 1489 1636 W WindowManager: updateScale0.7996942
11-22 09:00:48.680 1489 1636 D FreeFormWindowHelper: refreshTipWindow windowDragBounds:Rect(553, 58 - 1076, 986)
11-22 09:00:48.681 1489 1636 W WindowManager: updateScale0.7996942
11-22 09:00:48.701 1489 6044 W WindowManager: updateScale0.7996942
11-22 09:00:48.713 1489 1636 D FreeFormWindowHelper: refreshTipWindow windowDragBounds:Rect(448, 58 - 971, 986)
11-22 09:00:48.715 1489 1636 W WindowManager: updateScale0.7996942
11-22 09:00:48.730 1489 1636 D FreeFormWindowHelper: refreshTipWindow windowDragBounds:Rect(422, 58 - 945, 986)
11-22 09:00:48.732 1489 1636 W WindowManager: updateScale0.7996942
11-22 09:00:48.745 1489 2808 W WindowManager: updateScale0.7996942
11-22 09:00:48.748 1489 1636 D FreeFormWindowHelper: refreshTipWindow windowDragBounds:Rect(410, 58 - 933, 986)
11-22 09:00:48.750 1489 1636 W WindowManager: updateScale0.7996942
11-22 09:00:48.762 1489 2808 W WindowManager: updateScale0.7996942
11-22 09:00:48.764 1489 1636 D FreeFormWindowHelper: refreshTipWindow windowDragBounds:Rect(402, 58 - 925, 986)
11-22 09:00:48.766 1489 1636 W WindowManager: updateScale0.7996942
11-22 09:00:48.780 1489 1636 D FreeFormWindowHelper: refreshTipWindow windowDragBounds:Rect(394, 58 - 917, 986)
11-22 09:00:48.781 1489 1636 W WindowManager: updateScale0.7996942
11-22 09:00:48.799 1489 1636 D FreeFormWindowHelper: refreshTipWindow windowDragBounds:Rect(383, 58 - 906, 986)
11-22 09:00:48.800 1489 1636 W WindowManager: updateScale0.7996942
11-22 09:00:48.815 1489 1636 D FreeFormWindowHelper: refreshTipWindow windowDragBounds:Rect(375, 58 - 898, 986)
11-22 09:00:48.817 1489 1636 W WindowManager: updateScale0.7996942
11-22 09:00:48.830 1489 1636 D FreeFormWindowHelper: refreshTipWindow windowDragBounds:Rect(359, 58 - 882, 986)
11-22 09:00:48.832 1489 1636 W WindowManager: updateScale0.7996942
11-22 09:00:48.847 1489 1636 D FreeFormWindowHelper: refreshTipWindow windowDragBounds:Rect(332, 58 - 855, 986)
11-22 09:00:48.848 1489 1636 W WindowManager: updateScale0.7996942
11-22 09:00:48.864 1489 1636 D FreeFormWindowHelper: refreshTipWindow windowDragBounds:Rect(309, 58 - 832, 986)
11-22 09:00:48.865 1489 1636 W WindowManager: updateScale0.7996942
11-22 09:00:48.880 1489 1636 D FreeFormWindowHelper: refreshTipWindow windowDragBounds:Rect(293, 60 - 816, 988)
11-22 09:00:48.882 1489 1636 W WindowManager: updateScale0.7996942
11-22 09:00:48.897 1489 1636 D FreeFormWindowHelper: refreshTipWindow windowDragBounds:Rect(287, 64 - 810, 992)
11-22 09:00:48.898 1489 1636 W WindowManager: updateScale0.7996942
11-22 09:00:48.914 1489 1636 D FreeFormWindowHelper: refreshTipWindow windowDragBounds:Rect(278, 63 - 801, 991)
11-22 09:00:48.915 1489 1636 W WindowManager: updateScale0.7996942
11-22 09:00:48.921 1489 2808 W WindowManager: updateScale0.7996942
11-22 09:00:48.947 1489 1636 D FreeFormWindowHelper: refreshTipWindow windowDragBounds:Rect(276, 63 - 799, 991)
11-22 09:00:48.949 1489 1636 W WindowManager: updateScale0.7996942
11-22 09:00:48.963 1489 6044 W WindowManager: updateScale0.7996942
11-22 09:00:48.965 1489 1636 D FreeFormWindowHelper: refreshTipWindow windowDragBounds:Rect(276, 66 - 799, 994)
11-22 09:00:48.967 1489 1636 W WindowManager: updateScale0.7996942
11-22 09:00:49.021 1218 4889 I OMX-VENC: venc_dev: stats: avg. fps 34.91, bitrate 1195738
11-22 09:00:49.035 0 0 I auditd : type=1400 audit(0.0:8239): avc: denied { kill } for comm="swapper/0" capability=5 scontext=u:r:kernel:s0 tcontext=u:r:kernel:s0 tclass=capability permissive=0
11-22 09:00:49.035 0 0 W swapper/0: type=1400 audit(0.0:8239): avc: denied { kill } for capability=5 scontext=u:r:kernel:s0 tcontext=u:r:kernel:s0 tclass=capability permissive=0
11-22 09:00:49.159 1489 1636 D FreeFormWindowHelper: refreshTipWindow windowDragBounds:Rect(274, 65 - 797, 993)
11-22 09:00:49.164 1489 1636 W WindowManager: updateScale0.7996942
11-22 09:00:49.167 1489 1636 D WindowManager: updateWindowDragBounds: mIsSwipeYfalse
11-22 09:00:49.167 1489 1636 D WindowManager: updateWindowDragBounds: mIsTopfalse
11-22 09:00:49.167 1489 1636 D WindowManager: updateWindowDragBounds: mIsSwipeXfalse
11-22 09:00:49.167 1489 1636 W WindowManager: updateScale0.4617737
11-22 09:00:49.168 1489 1636 I wm_relaunch_resume_activity: [0,240774890,243,com.android.gallery3d/.app.GalleryActivity]
11-22 09:00:49.169 1489 1636 W WindowManager: updateScale0.4617737
11-22 09:00:49.184 1489 1636 W InputManager-JNI: Input channel object 'WindowManager (client)' was disposed without first being removed with the input manager!
11-22 09:00:49.189 1489 2808 W WindowManager: updateScale0.4617737
11-22 09:00:49.200 24515 24670 I GLRootView: onSurfaceChanged: 654x1097, gl10: com.google.android.gles_jni.GLImpl@a81c2d9
11-22 09:00:49.200 24515 24670 I GLRootView: layout content pane 654x1097 (compensation 0)
11-22 09:00:49.203 24515 24515 I wm_on_top_resumed_lost_called: [240774890,com.android.gallery3d.app.GalleryActivity,pausing]
11-22 09:00:49.203 24515 24515 W OrientationEventListener: Cannot detect sensors. Invalid disable
11-22 09:00:49.208 24515 24515 I wm_on_paused_called: [240774890,com.android.gallery3d.app.GalleryActivity,performPause]
11-22 09:00:49.208 24515 24515 I wm_on_stop_called: [240774890,com.android.gallery3d.app.GalleryActivity,handleRelaunchActivity]
11-22 09:00:49.209 24515 24515 V StateManager: saveState
11-22 09:00:49.209 24515 24515 V StateManager: saveState class com.android.gallery3d.app.AlbumSetPage
11-22 09:00:49.209 24515 24515 V StateManager: destroy
11-22 09:00:49.211 24515 24515 I wm_on_destroy_called: [240774890,com.android.gallery3d.app.GalleryActivity,performDestroy]
11-22 09:00:49.212 1489 6044 I WindowManager: finishDrawing of relaunch: Window{ae9d266 u0 com.android.gallery3d/com.android.gallery3d.app.GalleryActivity} 44ms
11-22 09:00:49.217 1489 6044 D CompatibilityInfo: mCompatibilityFlags - 4
11-22 09:00:49.217 1489 6044 D CompatibilityInfo: applicationDensity - 240
11-22 09:00:49.217 1489 6044 D CompatibilityInfo: applicationScale - 1.0
11-22 09:00:49.225 1489 1648 I am_pss : [24515,10069,com.android.gallery3d,43527168,38268928,0,158023680,0,2,10]
11-22 09:00:49.237 24515 24515 V StateManager: restoreFromState
11-22 09:00:49.237 24515 24515 V StateManager: restoreFromState class com.android.gallery3d.app.AlbumSetPage
11-22 09:00:49.238 24515 24515 I wm_on_create_called: [240774890,com.android.gallery3d.app.GalleryActivity,performCreate]
11-22 09:00:49.239 24515 24515 I wm_on_start_called: [240774890,com.android.gallery3d.app.GalleryActivity,handleStartActivity]
11-22 09:00:49.247 24515 24515 D Gallery.MultiSetSync: onSyncDone: **** #pending=1
11-22 09:00:49.247 24515 24515 D Gallery.MultiSetSync: request sync: ****
11-22 09:00:49.247 24515 24515 D Gallery.MultiSetSync: onSyncDone: ****** #pending=0
11-22 09:00:49.247 24515 24515 D Gallery.MultiSetSync: request sync: ******
11-22 09:00:49.248 24515 24515 W OrientationEventListener: Cannot detect sensors. Not enabled
11-22 09:00:49.248 24515 24515 I wm_on_resume_called: [240774890,com.android.gallery3d.app.GalleryActivity,RESUME_ACTIVITY]
11-22 09:00:49.248 24515 24515 I wm_on_top_resumed_gained_called: [240774890,com.android.gallery3d.app.GalleryActivity,topWhenResuming]
11-22 09:00:49.253 1489 6044 W WindowManager: updateScale0.4617737
11-22 09:00:49.255 1489 6044 W WindowManager: updateScale0.4617737
11-22 09:00:49.263 24515 24673 D libEGL : MSAA-->msaa:0 gamemode:0 4x_msaa:0
11-22 09:00:49.263 24515 24673 D libEGL : MSAA-->msaa:0 gamemode:0 4x_msaa:0
11-22 09:00:49.266 24515 24515 E SurfaceView: 86411938finished drawing but no pending report draw (extra call to draw completion runnable?)
11-22 09:00:49.270 24515 24673 I GLRootView: onSurfaceChanged: 654x1165, gl10: com.google.android.gles_jni.GLImpl@e9466f0
11-22 09:00:49.270 24515 24673 I GLRootView: layout content pane 654x1165 (compensation 0)
11-22 09:00:49.383 647 662 I mpu_uart: [MSG-P:RECV]:No message received in 1000 ms
11-22 09:00:50.035 0 0 I auditd : type=1400 audit(0.0:8240): avc: denied { kill } for comm="swapper/0" capability=5 scontext=u:r:kernel:s0 tcontext=u:r:kernel:s0 tclass=capability permissive=0
11-22 09:00:50.035 0 0 W swapper/0: type=1400 audit(0.0:8240): avc: denied { kill } for capability=5 scontext=u:r:kernel:s0 tcontext=u:r:kernel:s0 tclass=capability permissive=0
11-22 09:00:50.058 1218 4889 I OMX-VENC: venc_dev: stats: avg. fps 28.94, bitrate 631620
11-22 09:00:50.143 1489 2012 I input_interaction: Interaction with: ae9d266 com.android.gallery3d/com.android.gallery3d.app.GalleryActivity (server), edge-swipe (server), swipe-up (server), PointerEventDispatcher0 (server),
11-22 09:00:50.145 24515 24515 D DecorView: onTouchEvent: action0
11-22 09:00:50.145 24515 24515 D DecorView: onTouchEvent: interval6530
11-22 09:00:50.251 24515 24515 D DecorView: onTouchEvent: action1
11-22 09:00:50.251 24515 24515 D DecorView: onTouchEvent: ACTION_UPfalse
11-22 09:00:50.383 647 662 I mpu_uart: [MSG-P:RECV]:No message received in 1000 ms
11-22 09:00:50.502 24515 24515 D DecorView: onTouchEvent mIsDoubleCLick:false
11-22 09:00:50.502 24515 24515 D DecorView: onTouchEvent: onConfigurationMiniChanged
11-22 09:00:50.504 1489 2808 W WindowManager: updateScale0.7996942
11-22 09:00:50.506 1489 2808 I wm_relaunch_resume_activity: [0,240774890,243,com.android.gallery3d/.app.GalleryActivity]
11-22 09:00:50.509 1489 2808 W WindowManager: updateScale0.7996942
11-22 09:00:50.524 24515 24515 I wm_on_top_resumed_lost_called: [240774890,com.android.gallery3d.app.GalleryActivity,pausing]
11-22 09:00:50.524 24515 24515 W OrientationEventListener: Cannot detect sensors. Invalid disable
11-22 09:00:50.540 24515 24515 I wm_on_paused_called: [240774890,com.android.gallery3d.app.GalleryActivity,performPause]
11-22 09:00:50.540 24515 24515 I wm_on_stop_called: [240774890,com.android.gallery3d.app.GalleryActivity,handleRelaunchActivity]
11-22 09:00:50.541 24515 24515 V StateManager: saveState
11-22 09:00:50.541 24515 24515 V StateManager: saveState class com.android.gallery3d.app.AlbumSetPage
11-22 09:00:50.541 24515 24515 V StateManager: destroy
11-22 09:00:50.544 24515 24515 I wm_on_destroy_called: [240774890,com.android.gallery3d.app.GalleryActivity,performDestroy]
11-22 09:00:50.553 1489 2839 D CompatibilityInfo: mCompatibilityFlags - 4
11-22 09:00:50.554 1489 2839 D CompatibilityInfo: applicationDensity - 240
11-22 09:00:50.554 1489 2839 D CompatibilityInfo: applicationScale - 1.0
11-22 09:00:50.568 24515 24515 V StateManager: restoreFromState
11-22 09:00:50.568 24515 24515 V StateManager: restoreFromState class com.android.gallery3d.app.AlbumSetPage
11-22 09:00:50.569 24515 24515 I wm_on_create_called: [240774890,com.android.gallery3d.app.GalleryActivity,performCreate]
11-22 09:00:50.571 24515 24515 I wm_on_start_called: [240774890,com.android.gallery3d.app.GalleryActivity,handleStartActivity]
11-22 09:00:50.579 24515 24515 D Gallery.MultiSetSync: onSyncDone: **** #pending=1
11-22 09:00:50.579 24515 24515 D Gallery.MultiSetSync: request sync: ****
11-22 09:00:50.579 24515 24515 D Gallery.MultiSetSync: onSyncDone: ****** #pending=0
11-22 09:00:50.579 24515 24515 D Gallery.MultiSetSync: request sync: ******
11-22 09:00:50.579 24515 24515 W OrientationEventListener: Cannot detect sensors. Not enabled
11-22 09:00:50.579 24515 24515 I wm_on_resume_called: [240774890,com.android.gallery3d.app.GalleryActivity,RESUME_ACTIVITY]
11-22 09:00:50.579 24515 24515 I wm_on_top_resumed_gained_called: [240774890,com.android.gallery3d.app.GalleryActivity,topWhenResuming]
11-22 09:00:50.585 1489 2836 W WindowManager: updateScale0.7996942
11-22 09:00:50.587 1489 2836 W WindowManager: updateScale0.7996942
11-22 09:00:50.596 24515 24676 D libEGL : MSAA-->msaa:0 gamemode:0 4x_msaa:0
11-22 09:00:50.596 24515 24676 D libEGL : MSAA-->msaa:0 gamemode:0 4x_msaa:0
11-22 09:00:50.601 24515 24676 I GLRootView: onSurfaceChanged: 654x1092, gl10: com.google.android.gles_jni.GLImpl@fa7c45f
11-22 09:00:50.601 24515 24676 I GLRootView: layout content pane 654x1092 (compensation 0)
11-22 09:00:50.603 1489 2808 I WindowManager: finishDrawing of relaunch: Window{ae9d266 u0 com.android.gallery3d/com.android.gallery3d.app.GalleryActivity} 97ms
11-22 09:00:51.069 1218 4889 I OMX-VENC: venc_dev: stats: avg. fps 32.64, bitrate 907965
11-22 09:00:51.384 647 662 I mpu_uart: [MSG-P:RECV]:No message received in 1000 ms
11-22 09:00:51.385 647 661 I mpu_uart: [MSG-P:R]:recv sync frame timeout
11-22 09:00:52.035 647 647 I auditd : type=1400 audit(0.0:8241): avc: denied { kill } for comm="vendor.ts.uart@" capability=5 scontext=u:r:uart_service_deamon:s0 tcontext=u:r:uart_service_deamon:s0 tclass=capability permissive=0
11-22 09:00:52.035 647 647 W vendor.ts.uart@: type=1400 audit(0.0:8241): avc: denied { kill } for capability=5 scontext=u:r:uart_service_deamon:s0 tcontext=u:r:uart_service_deamon:s0 tclass=capability permissive=0
11-22 09:00:52.081 1218 4889 I OMX-VENC: venc_dev: stats: avg. fps 9.88, bitrate 220420
11-22 09:00:52.384 647 662 I mpu_uart: [MSG-P:RECV]:No message received in 1000 ms
11-22 09:00:53.035 0 0 I auditd : type=1400 audit(0.0:8242): avc: denied { kill } for comm="swapper/0" capability=5 scontext=u:r:kernel:s0 tcontext=u:r:kernel:s0 tclass=capability permissive=0
11-22 09:00:53.035 0 0 W swapper/0: type=1400 audit(0.0:8242): avc: denied { kill } for capability=5 scontext=u:r:kernel:s0 tcontext=u:r:kernel:s0 tclass=capability permissive=0
11-22 09:00:53.101 1218 4889 I OMX-VENC: venc_dev: stats: avg. fps 5.88, bitrate 158435
11-22 09:00:53.385 647 662 I mpu_uart: [MSG-P:RECV]:No message received in 1000 ms
11-22 09:00:53.465 843 1064 W SDM : HWCDisplay::GetHWCLayer: [0] GetLayer(2755) failed: no such layer
11-22 09:00:53.468 1006 1006 W HwcComposer: command 0x3000000 generated error 3
11-22 09:00:54.035 352 352 I auditd : type=1400 audit(0.0:8243): avc: denied { kill } for comm="irq/382-atmel_m" capability=5 scontext=u:r:kernel:s0 tcontext=u:r:kernel:s0 tclass=capability permissive=0
11-22 09:00:54.035 352 352 W irq/382-atmel_m: type=1400 audit(0.0:8243): avc: denied { kill } for capability=5 scontext=u:r:kernel:s0 tcontext=u:r:kernel:s0 tclass=capability permissive=0
11-22 09:00:54.120 1218 4889 I OMX-VENC: venc_dev: stats: avg. fps 18.65, bitrate 422012
11-22 09:00:54.385 647 662 I mpu_uart: [MSG-P:RECV]:No message received in 1000 ms
11-22 09:00:54.385 647 661 I mpu_uart: [MSG-P:R]:recv sync frame timeout
11-22 09:00:54.942 1006 1063 W HWComposer: Ignoring duplicate VSYNC event from HWC for display 4630946816427681409 (t=21843480878000)
11-22 09:00:54.958 1006 1063 W HWComposer: Ignoring duplicate VSYNC event from HWC for display 4630946816427681409 (t=21843497571000)
11-22 09:00:54.975 1006 1063 W HWComposer: Ignoring duplicate VSYNC event from HWC for display 4630946816427681409 (t=21843514271000)
11-22 09:00:54.992 1006 1063 W HWComposer: Ignoring duplicate VSYNC event from HWC for display 4630946816427681409 (t=21843530985000)
11-22 09:00:55.008 1006 1063 W HWComposer: Ignoring duplicate VSYNC event from HWC for display 4630946816427681409 (t=21843547686000)
11-22 09:00:55.025 1006 1063 W HWComposer: Ignoring duplicate VSYNC event from HWC for display 4630946816427681409 (t=21843564412000)
11-22 09:00:55.035 0 0 I auditd : type=1400 audit(0.0:8244): avc: denied { kill } for comm="swapper/0" capability=5 scontext=u:r:kernel:s0 tcontext=u:r:kernel:s0 tclass=capability permissive=0
11-22 09:00:55.035 0 0 W swapper/0: type=1400 audit(0.0:8244): avc: denied { kill } for capability=5 scontext=u:r:kernel:s0 tcontext=u:r:kernel:s0 tclass=capability permissive=0
11-22 09:00:55.131 1218 4889 I OMX-VENC: venc_dev: stats: avg. fps 22.74, bitrate 581010
11-22 09:00:55.385 647 662 I mpu_uart: [MSG-P:RECV]:No message received in 1000 ms
11-22 09:00:55.618 843 1064 W SDM : HWCDisplay::GetHWCLayer: [0] GetLayer(2756) failed: no such layer
11-22 09:00:55.621 1006 1006 W HwcComposer: command 0x3000000 generated error 3
11-22 09:00:56.035 0 0 I auditd : type=1400 audit(0.0:8245): avc: denied { kill } for comm="swapper/0" capability=5 scontext=u:r:kernel:s0 tcontext=u:r:kernel:s0 tclass=capability permissive=0
11-22 09:00:56.035 0 0 W swapper/0: type=1400 audit(0.0:8245): avc: denied { kill } for capability=5 scontext=u:r:kernel:s0 tcontext=u:r:kernel:s0 tclass=capability permissive=0
11-22 09:00:56.203 1218 4889 I OMX-VENC: venc_dev: stats: avg. fps 27.06, bitrate 659184
11-22 09:00:56.385 647 662 I mpu_uart: [MSG-P:RECV]:No message received in 1000 ms
11-22 09:00:57.035 0 0 I auditd : type=1400 audit(0.0:8246): avc: denied { kill } for comm="swapper/0" capability=5 scontext=u:r:kernel:s0 tcontext=u:r:kernel:s0 tclass=capability permissive=0
11-22 09:00:57.035 0 0 W swapper/0: type=1400 audit(0.0:8246): avc: denied { kill } for capability=5 scontext=u:r:kernel:s0 tcontext=u:r:kernel:s0 tclass=capability permissive=0
11-22 09:00:57.080 1006 1063 W HWComposer: Ignoring duplicate VSYNC event from HWC for display 4630946816427681409 (t=21845619352000)
11-22 09:00:57.097 1006 1063 W HWComposer: Ignoring duplicate VSYNC event from HWC for display 4630946816427681409 (t=21845636034000)
11-22 09:00:57.113 1006 1063 W HWComposer: Ignoring duplicate VSYNC event from HWC for display 4630946816427681409 (t=21845652728000)
11-22 09:00:57.130 1006 1063 W HWComposer: Ignoring duplicate VSYNC event from HWC for display 4630946816427681409 (t=21845669454000)
11-22 09:00:57.147 1006 1063 W HWComposer: Ignoring duplicate VSYNC event from HWC for display 4630946816427681409 (t=21845686173000)
