11-29 06:57:25.313 18834 18834 I sysui_multi_action: [757,0,758,1,759,0,927,2,928,0,1593,1]
11-29 06:57:25.313 18834 18834 I sysui_multi_action: [757,0,758,1,759,0,927,3,928,0,1593,1]
11-29 06:57:25.314 18834 18834 I sysui_multi_action: [757,491,758,1,759,491,927,4,928,0,1311,-1,1593,0]
11-29 06:57:25.314 18834 18834 I sysui_multi_action: [757,0,758,1,759,0,927,5,928,0,1593,0]
11-29 06:57:25.314 18834 18834 I sysui_multi_action: [757,111,758,1]
11-29 06:57:25.314 18834 18834 I sysui_multi_action: [757,126,758,1,759,126,927,0,928,1,1593,1]
11-29 06:57:25.314 18834 18834 I sysui_multi_action: [757,113,758,1,759,113,927,1,928,1,1593,1]
11-29 06:57:25.314 18834 18834 I sysui_multi_action: [757,0,758,1,759,0,927,2,928,0,1593,1]
11-29 06:57:25.314 18834 18834 I sysui_multi_action: [757,0,758,1,759,0,927,3,928,0,1593,1]
11-29 06:57:25.326 1491 1491 I GameModeConfig: isGameModeOn = false
11-29 06:57:25.326 1491 1491 E NotificationService: Muting recently noisy 0|com.android.systemui|2048|null|10082
11-29 06:57:25.327 1491 1760 I GameModeConfig: isGameModeOn = false
11-29 06:57:25.327 1491 1760 I GameModeConfig: isGameModeOn = false
11-29 06:57:25.327 1491 1760 I GameModeConfig: isGameModeOn = false
11-29 06:57:25.327 1491 1760 I GameModeConfig: isGameModeOn = false
11-29 06:57:25.327 18834 18834 I sysui_multi_action: [757,111,758,2]
11-29 06:57:25.327 18834 18834 I sysui_multi_action: [757,111,758,2]
11-29 06:57:25.328 1491 1491 I notification_enqueue: [10082,18834,com.android.systemui,2048,NULL,0,Notification(channel=updateNotification shortcut=null contentView=null vibrate=null sound=null defaults=0x0 flags=0x0 color=0x00000000 vis=PRIVATE),1]
11-29 06:57:25.331 18834 18834 I sysui_multi_action: [757,111,758,1]
11-29 06:57:25.331 18834 18834 I sysui_multi_action: [757,126,758,1,759,126,927,0,928,1,1593,1]
11-29 06:57:25.331 18834 18834 I sysui_multi_action: [757,113,758,1,759,113,927,1,928,1,1593,1]
11-29 06:57:25.331 18834 18834 I sysui_multi_action: [757,0,758,1,759,0,927,2,928,0,1593,1]
11-29 06:57:25.331 18834 18834 I sysui_multi_action: [757,0,758,1,759,0,927,3,928,0,1593,1]
11-29 06:57:25.331 18834 18834 I sysui_multi_action: [757,491,758,1,759,491,927,4,928,0,1311,-1,1593,0]
11-29 06:57:25.331 18834 18834 I sysui_multi_action: [757,0,758,1,759,0,927,5,928,0,1593,0]
11-29 06:57:25.331 18834 18834 I sysui_multi_action: [757,111,758,1]
11-29 06:57:25.331 18834 18834 I sysui_multi_action: [757,126,758,1,759,126,927,0,928,1,1593,1]
11-29 06:57:25.331 18834 18834 I sysui_multi_action: [757,113,758,1,759,113,927,1,928,1,1593,1]
11-29 06:57:25.332 18834 18834 I sysui_multi_action: [757,0,758,1,759,0,927,2,928,0,1593,1]
11-29 06:57:25.332 18834 18834 I sysui_multi_action: [757,0,758,1,759,0,927,3,928,0,1593,1]
11-29 06:57:25.341 1491 1491 I GameModeConfig: isGameModeOn = false
11-29 06:57:25.342 1491 1491 E NotificationService: Muting recently noisy 0|com.android.systemui|2048|null|10082
11-29 06:57:25.344 1491 9480 I sysui_multi_action: [757,128,758,2,793,12010117,794,4327,795,12010117,796,26,798,0,806,android,857,DEVELOPER_IMPORTANT,858,4,947,0,1395,2,1500,12009912,1688,1]
11-29 06:57:25.344 1491 9480 I notification_visibility: [-1|android|26|null|1000,0,12010117,12010117,0,0]
11-29 06:57:25.344 1491 9480 I sysui_multi_action: [757,128,758,2,793,12010120,794,4326,795,12010120,796,32,798,1,806,android,857,USB,858,1,947,0,1395,2,1500,12009917,1688,1]
11-29 06:57:25.344 1491 9480 I notification_visibility: [-1|android|32|null|1000,0,12010120,12010120,0,1]
11-29 06:57:25.345 1491 1760 I GameModeConfig: isGameModeOn = false
11-29 06:57:25.346 1491 1760 I GameModeConfig: isGameModeOn = false
11-29 06:57:25.346 1491 1760 I GameModeConfig: isGameModeOn = false
11-29 06:57:25.346 1491 1760 I GameModeConfig: isGameModeOn = false
11-29 06:57:25.346 18834 18834 I sysui_multi_action: [757,111,758,2]
11-29 06:57:25.346 18834 18834 I sysui_multi_action: [757,111,758,2]
11-29 06:57:25.348 1491 1491 I notification_enqueue: [10082,18834,com.android.systemui,2048,NULL,0,Notification(channel=updateNotification shortcut=null contentView=null vibrate=null sound=null defaults=0x0 flags=0x0 color=0x00000000 vis=PRIVATE),1]
11-29 06:57:25.350 18834 18834 I sysui_multi_action: [757,111,758,1]
11-29 06:57:25.350 18834 18834 I sysui_multi_action: [757,126,758,1,759,126,927,0,928,1,1593,1]
11-29 06:57:25.350 18834 18834 I sysui_multi_action: [757,113,758,1,759,113,927,1,928,1,1593,1]
11-29 06:57:25.350 18834 18834 I sysui_multi_action: [757,0,758,1,759,0,927,2,928,0,1593,1]
11-29 06:57:25.350 18834 18834 I sysui_multi_action: [757,0,758,1,759,0,927,3,928,0,1593,1]
11-29 06:57:25.351 18834 18834 I sysui_multi_action: [757,491,758,1,759,491,927,4,928,0,1311,-1,1593,0]
11-29 06:57:25.351 18834 18834 I sysui_multi_action: [757,0,758,1,759,0,927,5,928,0,1593,0]
11-29 06:57:25.351 18834 18834 I sysui_multi_action: [757,111,758,1]
11-29 06:57:25.351 18834 18834 I sysui_multi_action: [757,126,758,1,759,126,927,0,928,1,1593,1]
11-29 06:57:25.351 18834 18834 I sysui_multi_action: [757,113,758,1,759,113,927,1,928,1,1593,1]
11-29 06:57:25.351 18834 18834 I sysui_multi_action: [757,0,758,1,759,0,927,2,928,0,1593,1]
11-29 06:57:25.351 18834 18834 I sysui_multi_action: [757,0,758,1,759,0,927,3,928,0,1593,1]
11-29 06:57:25.352 1491 1491 I GameModeConfig: isGameModeOn = false
11-29 06:57:25.352 1491 1491 E NotificationService: Muting recently noisy 0|com.android.systemui|2048|null|10082
11-29 06:57:25.364 1491 1491 I GameModeConfig: isGameModeOn = false
11-29 06:57:25.364 1491 1491 E NotificationService: Muting recently noisy 0|com.android.systemui|2048|null|10082
11-29 06:57:25.370 1491 1760 I GameModeConfig: isGameModeOn = false
11-29 06:57:25.370 1491 1760 I GameModeConfig: isGameModeOn = false
11-29 06:57:25.370 1491 1760 I GameModeConfig: isGameModeOn = false
11-29 06:57:25.370 1491 1760 I GameModeConfig: isGameModeOn = false
11-29 06:57:25.371 18834 18834 I sysui_multi_action: [757,111,758,2]
11-29 06:57:25.371 18834 18834 I sysui_multi_action: [757,111,758,2]
11-29 06:57:25.372 1491 1491 I notification_enqueue: [10082,18834,com.android.systemui,2048,NULL,0,Notification(channel=updateNotification shortcut=null contentView=null vibrate=null sound=null defaults=0x0 flags=0x0 color=0x00000000 vis=PRIVATE),1]
11-29 06:57:25.374 18834 18834 I sysui_multi_action: [757,111,758,1]
11-29 06:57:25.375 18834 18834 I sysui_multi_action: [757,126,758,1,759,126,927,0,928,1,1593,1]
11-29 06:57:25.375 18834 18834 I sysui_multi_action: [757,113,758,1,759,113,927,1,928,1,1593,1]
11-29 06:57:25.375 18834 18834 I sysui_multi_action: [757,0,758,1,759,0,927,2,928,0,1593,1]
11-29 06:57:25.375 18834 18834 I sysui_multi_action: [757,0,758,1,759,0,927,3,928,0,1593,1]
11-29 06:57:25.375 18834 18834 I sysui_multi_action: [757,491,758,1,759,491,927,4,928,0,1311,-1,1593,0]
11-29 06:57:25.375 18834 18834 I sysui_multi_action: [757,0,758,1,759,0,927,5,928,0,1593,0]
11-29 06:57:25.375 18834 18834 I sysui_multi_action: [757,111,758,1]
11-29 06:57:25.375 18834 18834 I sysui_multi_action: [757,126,758,1,759,126,927,0,928,1,1593,1]
11-29 06:57:25.375 18834 18834 I sysui_multi_action: [757,113,758,1,759,113,927,1,928,1,1593,1]
11-29 06:57:25.375 18834 18834 I sysui_multi_action: [757,0,758,1,759,0,927,2,928,0,1593,1]
11-29 06:57:25.375 18834 18834 I sysui_multi_action: [757,0,758,1,759,0,927,3,928,0,1593,1]
11-29 06:57:25.382 1491 1491 I GameModeConfig: isGameModeOn = false
11-29 06:57:25.382 1491 1491 E NotificationService: Muting recently noisy 0|com.android.systemui|2048|null|10082
11-29 06:57:25.384 1491 1760 I GameModeConfig: isGameModeOn = false
11-29 06:57:25.384 1491 1760 I GameModeConfig: isGameModeOn = false
11-29 06:57:25.384 1491 1760 I GameModeConfig: isGameModeOn = false
11-29 06:57:25.384 1491 1760 I GameModeConfig: isGameModeOn = false
11-29 06:57:25.385 18834 18834 I sysui_multi_action: [757,111,758,2]
11-29 06:57:25.385 1491 1491 I notification_enqueue: [10082,18834,com.android.systemui,2048,NULL,0,Notification(channel=updateNotification shortcut=null contentView=null vibrate=null sound=null defaults=0x0 flags=0x0 color=0x00000000 vis=PRIVATE),1]
11-29 06:57:25.385 18834 18834 I sysui_multi_action: [757,111,758,2]
11-29 06:57:25.388 18834 18834 I sysui_multi_action: [757,111,758,1]
11-29 06:57:25.389 18834 18834 I sysui_multi_action: [757,126,758,1,759,126,927,0,928,1,1593,1]
11-29 06:57:25.389 18834 18834 I sysui_multi_action: [757,113,758,1,759,113,927,1,928,1,1593,1]
11-29 06:57:25.389 18834 18834 I sysui_multi_action: [757,0,758,1,759,0,927,2,928,0,1593,1]
11-29 06:57:25.389 18834 18834 I sysui_multi_action: [757,0,758,1,759,0,927,3,928,0,1593,1]
11-29 06:57:25.389 18834 18834 I sysui_multi_action: [757,491,758,1,759,491,927,4,928,0,1311,-1,1593,0]
11-29 06:57:25.389 18834 18834 I sysui_multi_action: [757,0,758,1,759,0,927,5,928,0,1593,0]
11-29 06:57:25.389 18834 18834 I sysui_multi_action: [757,111,758,1]
11-29 06:57:25.389 18834 18834 I sysui_multi_action: [757,126,758,1,759,126,927,0,928,1,1593,1]
11-29 06:57:25.389 18834 18834 I sysui_multi_action: [757,113,758,1,759,113,927,1,928,1,1593,1]
11-29 06:57:25.389 18834 18834 I sysui_multi_action: [757,0,758,1,759,0,927,2,928,0,1593,1]
11-29 06:57:25.389 18834 18834 I sysui_multi_action: [757,0,758,1,759,0,927,3,928,0,1593,1]
11-29 06:57:25.401 1491 1760 I GameModeConfig: isGameModeOn = false
11-29 06:57:25.401 1491 1760 I GameModeConfig: isGameModeOn = false
11-29 06:57:25.401 1491 1760 I GameModeConfig: isGameModeOn = false
11-29 06:57:25.401 1491 1760 I GameModeConfig: isGameModeOn = false
11-29 06:57:25.402 18834 18834 I sysui_multi_action: [757,111,758,2]
11-29 06:57:25.402 1491 1491 I notification_enqueue: [10082,18834,com.android.systemui,2048,NULL,0,Notification(channel=updateNotification shortcut=null contentView=null vibrate=null sound=null defaults=0x0 flags=0x0 color=0x00000000 vis=PRIVATE),1]
11-29 06:57:25.402 18834 18834 I sysui_multi_action: [757,111,758,2]
11-29 06:57:25.405 1491 1491 I GameModeConfig: isGameModeOn = false
11-29 06:57:25.405 18834 18834 I sysui_multi_action: [757,111,758,1]
11-29 06:57:25.405 1491 1491 E NotificationService: Muting recently noisy 0|com.android.systemui|2048|null|10082
11-29 06:57:25.405 18834 18834 I sysui_multi_action: [757,126,758,1,759,126,927,0,928,1,1593,1]
11-29 06:57:25.405 18834 18834 I sysui_multi_action: [757,113,758,1,759,113,927,1,928,1,1593,1]
11-29 06:57:25.405 18834 18834 I sysui_multi_action: [757,0,758,1,759,0,927,2,928,0,1593,1]
11-29 06:57:25.405 18834 18834 I sysui_multi_action: [757,0,758,1,759,0,927,3,928,0,1593,1]
11-29 06:57:25.406 18834 18834 I sysui_multi_action: [757,491,758,1,759,491,927,4,928,0,1311,-1,1593,0]
11-29 06:57:25.407 18834 18834 I sysui_multi_action: [757,0,758,1,759,0,927,5,928,0,1593,0]
11-29 06:57:25.407 18834 18834 I sysui_multi_action: [757,111,758,1]
11-29 06:57:25.407 18834 18834 I sysui_multi_action: [757,126,758,1,759,126,927,0,928,1,1593,1]
11-29 06:57:25.407 18834 18834 I sysui_multi_action: [757,113,758,1,759,113,927,1,928,1,1593,1]
11-29 06:57:25.407 18834 18834 I sysui_multi_action: [757,0,758,1,759,0,927,2,928,0,1593,1]
11-29 06:57:25.407 18834 18834 I sysui_multi_action: [757,0,758,1,759,0,927,3,928,0,1593,1]
11-29 06:57:25.416 1491 1760 I GameModeConfig: isGameModeOn = false
11-29 06:57:25.416 1491 1760 I GameModeConfig: isGameModeOn = false
11-29 06:57:25.416 1491 1760 I GameModeConfig: isGameModeOn = false
11-29 06:57:25.416 1491 1760 I GameModeConfig: isGameModeOn = false
11-29 06:57:25.417 18834 18834 I sysui_multi_action: [757,111,758,2]
11-29 06:57:25.417 1491 1491 I GameModeConfig: isGameModeOn = false
11-29 06:57:25.417 18834 18834 I sysui_multi_action: [757,111,758,2]
11-29 06:57:25.417 1491 1491 E NotificationService: Muting recently noisy 0|com.android.systemui|2048|null|10082
11-29 06:57:25.417 1491 1491 I notification_enqueue: [10082,18834,com.android.systemui,2048,NULL,0,Notification(channel=updateNotification shortcut=null contentView=null vibrate=null sound=null defaults=0x0 flags=0x0 color=0x00000000 vis=PRIVATE),1]
11-29 06:57:25.428 18834 18834 I sysui_multi_action: [757,111,758,1]
11-29 06:57:25.428 18834 18834 I sysui_multi_action: [757,126,758,1,759,126,927,0,928,1,1593,1]
11-29 06:57:25.428 18834 18834 I sysui_multi_action: [757,113,758,1,759,113,927,1,928,1,1593,1]
11-29 06:57:25.428 18834 18834 I sysui_multi_action: [757,0,758,1,759,0,927,2,928,0,1593,1]
11-29 06:57:25.428 18834 18834 I sysui_multi_action: [757,0,758,1,759,0,927,3,928,0,1593,1]
11-29 06:57:25.428 18834 18834 I sysui_multi_action: [757,491,758,1,759,491,927,4,928,0,1311,-1,1593,0]
11-29 06:57:25.428 18834 18834 I sysui_multi_action: [757,0,758,1,759,0,927,5,928,0,1593,0]
11-29 06:57:25.428 18834 18834 I sysui_multi_action: [757,111,758,1]
11-29 06:57:25.428 18834 18834 I sysui_multi_action: [757,126,758,1,759,126,927,0,928,1,1593,1]
11-29 06:57:25.428 18834 18834 I sysui_multi_action: [757,113,758,1,759,113,927,1,928,1,1593,1]
11-29 06:57:25.428 18834 18834 I sysui_multi_action: [757,0,758,1,759,0,927,2,928,0,1593,1]
11-29 06:57:25.428 18834 18834 I sysui_multi_action: [757,0,758,1,759,0,927,3,928,0,1593,1]
11-29 06:57:25.431 1491 1491 I GameModeConfig: isGameModeOn = false
11-29 06:57:25.433 1491 1491 E NotificationService: Muting recently noisy 0|com.android.systemui|2048|null|10082
11-29 06:57:25.437 1491 1760 I GameModeConfig: isGameModeOn = false
11-29 06:57:25.437 1491 1760 I GameModeConfig: isGameModeOn = false
11-29 06:57:25.437 1491 1760 I GameModeConfig: isGameModeOn = false
11-29 06:57:25.437 1491 1760 I GameModeConfig: isGameModeOn = false
11-29 06:57:25.438 18834 18834 I sysui_multi_action: [757,111,758,2]
11-29 06:57:25.438 1491 1491 I notification_enqueue: [10082,18834,com.android.systemui,2048,NULL,0,Notification(channel=updateNotification shortcut=null contentView=null vibrate=null sound=null defaults=0x0 flags=0x0 color=0x00000000 vis=PRIVATE),1]
11-29 06:57:25.438 18834 18834 I sysui_multi_action: [757,111,758,2]
11-29 06:57:25.439 1491 2060 I sysui_multi_action: [757,127,758,2]
11-29 06:57:25.440 1491 2060 I notification_panel_hidden:
11-29 06:57:25.446 18834 18834 I sysui_multi_action: [757,111,758,1]
11-29 06:57:25.446 18834 18834 I sysui_multi_action: [757,126,758,1,759,126,927,0,928,1,1593,1]
11-29 06:57:25.446 18834 18834 I sysui_multi_action: [757,113,758,1,759,113,927,1,928,1,1593,0]
11-29 06:57:25.446 18834 18834 I sysui_multi_action: [757,0,758,1,759,0,927,2,928,0,1593,0]
11-29 06:57:25.446 18834 18834 I sysui_multi_action: [757,0,758,1,759,0,927,3,928,0,1593,0]
11-29 06:57:25.446 18834 18834 I sysui_multi_action: [757,491,758,1,759,491,927,4,928,0,1311,-1,1593,0]
11-29 06:57:25.446 18834 18834 I sysui_multi_action: [757,0,758,1,759,0,927,5,928,0,1593,0]
11-29 06:57:25.446 18834 18834 I sysui_multi_action: [757,111,758,1]
11-29 06:57:25.446 18834 18834 I sysui_multi_action: [757,126,758,1,759,126,927,0,928,1,1593,1]
11-29 06:57:25.446 18834 18834 I sysui_multi_action: [757,113,758,1,759,113,927,1,928,1,1593,1]
11-29 06:57:25.446 18834 18834 I sysui_multi_action: [757,0,758,1,759,0,927,2,928,0,1593,1]
11-29 06:57:25.447 18834 18834 I sysui_multi_action: [757,0,758,1,759,0,927,3,928,0,1593,1]
11-29 06:57:25.448 1491 1491 I GameModeConfig: isGameModeOn = false
11-29 06:57:25.448 1491 1491 E NotificationService: Muting recently noisy 0|com.android.systemui|2048|null|10082
11-29 06:57:25.463 1491 1491 I GameModeConfig: isGameModeOn = false
11-29 06:57:25.464 1491 1491 E NotificationService: Muting recently noisy 0|com.android.systemui|2048|null|10082
11-29 06:57:25.478 1491 1491 I GameModeConfig: isGameModeOn = false
11-29 06:57:25.478 1491 1491 E NotificationService: Muting recently noisy 0|com.android.systemui|2048|null|10082
11-29 06:57:25.496 1491 1491 I GameModeConfig: isGameModeOn = false
11-29 06:57:25.496 1491 1491 E NotificationService: Muting recently noisy 0|com.android.systemui|2048|null|10082
11-29 06:57:25.514 1491 1491 I GameModeConfig: isGameModeOn = false
11-29 06:57:25.515 1491 1491 E NotificationService: Muting recently noisy 0|com.android.systemui|2048|null|10082
11-29 06:57:25.537 1491 1491 I GameModeConfig: isGameModeOn = false
11-29 06:57:25.538 1491 1491 E NotificationService: Muting recently noisy 0|com.android.systemui|2048|null|10082
11-29 06:57:25.550 1491 1491 I GameModeConfig: isGameModeOn = false
11-29 06:57:25.550 1491 1491 E NotificationService: Muting recently noisy 0|com.android.systemui|2048|null|10082
11-29 06:57:25.574 1491 1491 I GameModeConfig: isGameModeOn = false
11-29 06:57:25.574 1491 1491 E NotificationService: Muting recently noisy 0|com.android.systemui|2048|null|10082
11-29 06:57:25.586 1491 1491 I GameModeConfig: isGameModeOn = false
11-29 06:57:25.587 1491 1491 E NotificationService: Muting recently noisy 0|com.android.systemui|2048|null|10082
11-29 06:57:25.604 1491 1491 I GameModeConfig: isGameModeOn = false
11-29 06:57:25.605 1491 1491 E NotificationService: Muting recently noisy 0|com.android.systemui|2048|null|10082
11-29 06:57:25.618 1491 1491 I GameModeConfig: isGameModeOn = false
11-29 06:57:25.619 1491 1491 E NotificationService: Muting recently noisy 0|com.android.systemui|2048|null|10082
11-29 06:57:25.640 1491 1491 I GameModeConfig: isGameModeOn = false
11-29 06:57:25.640 1491 1491 E NotificationService: Muting recently noisy 0|com.android.systemui|2048|null|10082
11-29 06:57:25.705 1491 1693 I input_interaction: Interaction with: fc3876c StatusBar (server), edge-swipe (server), swipe-up (server), PointerEventDispatcher0 (server),
11-29 06:57:25.707 18834 18834 I sysui_multi_action: [757,803,799,panel_open,802,1]
11-29 06:57:25.708 18834 18834 I sysui_multi_action: [757,1328,758,4,1326,66,1327,0,1329,0]
11-29 06:57:25.748 1491 9480 I sysui_multi_action: [757,127,758,1]
11-29 06:57:25.748 1491 9480 I sysui_multi_action: [757,804,799,note_load,801,2,802,1]
11-29 06:57:25.748 1491 9480 I notification_panel_revealed: 2
11-29 06:57:25.750 1491 1760 I GameModeConfig: isGameModeOn = false
11-29 06:57:25.750 1491 1760 I GameModeConfig: isGameModeOn = false
11-29 06:57:25.751 1491 1760 I GameModeConfig: isGameModeOn = false
11-29 06:57:25.751 1491 1760 I GameModeConfig: isGameModeOn = false
11-29 06:57:25.756 18834 18834 I sysui_multi_action: [757,111,758,2]
11-29 06:57:25.756 18834 18834 I sysui_multi_action: [757,111,758,2]
11-29 06:57:25.757 1491 1491 I notification_enqueue: [10082,18834,com.android.systemui,2048,NULL,0,Notification(channel=updateNotification shortcut=null contentView=null vibrate=null sound=null defaults=0x0 flags=0x0 color=0x00000000 vis=PRIVATE),1]
11-29 06:57:25.769 1491 1600 I input_focus: [Focus request ddf32c3 NotificationShade,reason=UpdateInputWindows]
11-29 06:57:25.772 18834 18834 I sysui_multi_action: [757,111,758,1]
11-29 06:57:25.772 18834 18834 I sysui_multi_action: [757,126,758,1,759,126,927,0,928,1,1593,0]
11-29 06:57:25.772 18834 18834 I sysui_multi_action: [757,113,758,1,759,113,927,1,928,1,1593,0]
11-29 06:57:25.772 18834 18834 I sysui_multi_action: [757,0,758,1,759,0,927,2,928,0,1593,0]
11-29 06:57:25.772 18834 18834 I sysui_multi_action: [757,0,758,1,759,0,927,3,928,0,1593,0]
11-29 06:57:25.773 18834 18834 I sysui_multi_action: [757,491,758,1,759,491,927,4,928,0,1311,-1,1593,0]
11-29 06:57:25.773 18834 18834 I sysui_multi_action: [757,0,758,1,759,0,927,5,928,0,1593,0]
11-29 06:57:25.773 18834 18834 I sysui_multi_action: [757,111,758,1]
11-29 06:57:25.773 18834 18834 I sysui_multi_action: [757,126,758,1,759,126,927,0,928,1,1593,0]
11-29 06:57:25.773 18834 18834 I sysui_multi_action: [757,113,758,1,759,113,927,1,928,1,1593,0]
11-29 06:57:25.773 18834 18834 I sysui_multi_action: [757,0,758,1,759,0,927,2,928,0,1593,0]
11-29 06:57:25.774 18834 18834 I sysui_multi_action: [757,0,758,1,759,0,927,3,928,0,1593,0]
11-29 06:57:25.787 1491 1760 I GameModeConfig: isGameModeOn = false
11-29 06:57:25.788 1491 1760 I GameModeConfig: isGameModeOn = false
11-29 06:57:25.788 1491 1760 I GameModeConfig: isGameModeOn = false
11-29 06:57:25.788 1491 1760 I GameModeConfig: isGameModeOn = false
11-29 06:57:25.789 18834 18834 I sysui_multi_action: [757,111,758,2]
11-29 06:57:25.789 1491 1491 I notification_enqueue: [10082,18834,com.android.systemui,2048,NULL,0,Notification(channel=updateNotification shortcut=null contentView=null vibrate=null sound=null defaults=0x0 flags=0x0 color=0x00000000 vis=PRIVATE),1]
11-29 06:57:25.789 18834 18834 I sysui_multi_action: [757,111,758,2]
11-29 06:57:25.794 18834 18834 I sysui_multi_action: [757,111,758,1]
11-29 06:57:25.794 18834 18834 I sysui_multi_action: [757,126,758,1,759,126,927,0,928,1,1593,0]
11-29 06:57:25.794 18834 18834 I sysui_multi_action: [757,113,758,1,759,113,927,1,928,1,1593,0]
11-29 06:57:25.794 18834 18834 I sysui_multi_action: [757,0,758,1,759,0,927,2,928,0,1593,0]
11-29 06:57:25.794 18834 18834 I sysui_multi_action: [757,0,758,1,759,0,927,3,928,0,1593,0]
11-29 06:57:25.794 18834 18834 I sysui_multi_action: [757,491,758,1,759,491,927,4,928,0,1311,-1,1593,0]
11-29 06:57:25.795 18834 18834 I sysui_multi_action: [757,0,758,1,759,0,927,5,928,0,1593,0]
11-29 06:57:25.795 18834 18834 I sysui_multi_action: [757,111,758,1]
11-29 06:57:25.795 18834 18834 I sysui_multi_action: [757,126,758,1,759,126,927,0,928,1,1593,0]
11-29 06:57:25.795 18834 18834 I sysui_multi_action: [757,113,758,1,759,113,927,1,928,1,1593,0]
11-29 06:57:25.795 18834 18834 I sysui_multi_action: [757,0,758,1,759,0,927,2,928,0,1593,0]
11-29 06:57:25.795 18834 18834 I sysui_multi_action: [757,0,758,1,759,0,927,3,928,0,1593,0]
11-29 06:57:25.801 1491 1693 I input_focus: [Focus leaving 260f9bc com.android.settings/com.android.settings.homepage.SettingsHomepageActivity (server),reason=setFocusedWindow]
11-29 06:57:25.801 1491 1693 I input_focus: [Focus entering ddf32c3 NotificationShade (server),reason=setFocusedWindow]
11-29 06:57:25.812 1491 1760 I GameModeConfig: isGameModeOn = false
11-29 06:57:25.812 1491 1760 I GameModeConfig: isGameModeOn = false
11-29 06:57:25.812 1491 1760 I GameModeConfig: isGameModeOn = false
11-29 06:57:25.812 1491 1760 I GameModeConfig: isGameModeOn = false
11-29 06:57:25.813 18834 18834 I sysui_multi_action: [757,111,758,2]
11-29 06:57:25.813 1491 1491 I notification_enqueue: [10082,18834,com.android.systemui,2048,NULL,0,Notification(channel=updateNotification shortcut=null contentView=null vibrate=null sound=null defaults=0x0 flags=0x0 color=0x00000000 vis=PRIVATE),1]
11-29 06:57:25.813 18834 18834 I sysui_multi_action: [757,111,758,2]
11-29 06:57:25.818 18834 18834 I sysui_multi_action: [757,111,758,1]
11-29 06:57:25.818 18834 18834 I sysui_multi_action: [757,126,758,1,759,126,927,0,928,1,1593,0]
11-29 06:57:25.818 18834 18834 I sysui_multi_action: [757,113,758,1,759,113,927,1,928,1,1593,0]
11-29 06:57:25.818 18834 18834 I sysui_multi_action: [757,0,758,1,759,0,927,2,928,0,1593,0]
11-29 06:57:25.818 18834 18834 I sysui_multi_action: [757,0,758,1,759,0,927,3,928,0,1593,0]
11-29 06:57:25.819 18834 18834 I sysui_multi_action: [757,491,758,1,759,491,927,4,928,0,1311,-1,1593,0]
11-29 06:57:25.819 18834 18834 I sysui_multi_action: [757,0,758,1,759,0,927,5,928,0,1593,0]
11-29 06:57:25.819 18834 18834 I sysui_multi_action: [757,111,758,1]
11-29 06:57:25.819 18834 18834 I sysui_multi_action: [757,126,758,1,759,126,927,0,928,1,1593,0]
11-29 06:57:25.819 18834 18834 I sysui_multi_action: [757,113,758,1,759,113,927,1,928,1,1593,0]
11-29 06:57:25.819 18834 18834 I sysui_multi_action: [757,0,758,1,759,0,927,2,928,0,1593,0]
11-29 06:57:25.819 18834 18834 I sysui_multi_action: [757,0,758,1,759,0,927,3,928,0,1593,0]
11-29 06:57:25.841 18834 18834 I sysui_multi_action: [757,111,758,2]
11-29 06:57:25.841 18834 18834 I sysui_multi_action: [757,111,758,2]
11-29 06:57:25.843 1491 1491 I notification_enqueue: [10082,18834,com.android.systemui,2048,NULL,0,Notification(channel=updateNotification shortcut=null contentView=null vibrate=null sound=null defaults=0x0 flags=0x0 color=0x00000000 vis=PRIVATE),1]
11-29 06:57:25.846 18834 18834 I sysui_multi_action: [757,111,758,1]
11-29 06:57:25.846 18834 18834 I sysui_multi_action: [757,126,758,1,759,126,927,0,928,1,1593,0]
11-29 06:57:25.846 18834 18834 I sysui_multi_action: [757,113,758,1,759,113,927,1,928,1,1593,0]
11-29 06:57:25.846 18834 18834 I sysui_multi_action: [757,0,758,1,759,0,927,2,928,0,1593,0]
11-29 06:57:25.846 18834 18834 I sysui_multi_action: [757,0,758,1,759,0,927,3,928,0,1593,0]
11-29 06:57:25.846 18834 18834 I sysui_multi_action: [757,491,758,1,759,491,927,4,928,0,1311,-1,1593,0]
11-29 06:57:25.846 18834 18834 I sysui_multi_action: [757,0,758,1,759,0,927,5,928,0,1593,0]
11-29 06:57:25.846 18834 18834 I sysui_multi_action: [757,111,758,1]
11-29 06:57:25.846 18834 18834 I sysui_multi_action: [757,126,758,1,759,126,927,0,928,1,1593,0]
11-29 06:57:25.846 18834 18834 I sysui_multi_action: [757,113,758,1,759,113,927,1,928,1,1593,0]
11-29 06:57:25.847 18834 18834 I sysui_multi_action: [757,0,758,1,759,0,927,2,928,0,1593,0]
11-29 06:57:25.847 18834 18834 I sysui_multi_action: [757,0,758,1,759,0,927,3,928,0,1593,0]
11-29 06:57:25.849 1491 1760 I GameModeConfig: isGameModeOn = false
11-29 06:57:25.849 1491 1760 I GameModeConfig: isGameModeOn = false
11-29 06:57:25.853 1491 1760 I GameModeConfig: isGameModeOn = false
11-29 06:57:25.857 1491 1760 I GameModeConfig: isGameModeOn = false
11-29 06:57:25.859 1491 9370 I sysui_multi_action: [757,128,758,1,793,12010632,794,0,795,12010632,796,26,798,0,806,android,857,DEVELOPER_IMPORTANT,858,4,947,0,1395,2,1500,12010427,1688,1]
11-29 06:57:25.859 1491 9370 I sysui_multi_action: [757,804,799,note_freshness,801,12010632,802,1]
11-29 06:57:25.860 1491 9370 I notification_visibility: [-1|android|26|null|1000,1,12010632,12010632,0,0]
11-29 06:57:25.860 1491 9370 I sysui_multi_action: [757,128,758,1,793,12010636,794,0,795,12010636,796,32,798,1,806,android,857,USB,858,1,947,0,1395,2,1500,12010433,1688,1]
11-29 06:57:25.861 1491 9370 I sysui_multi_action: [757,804,799,note_freshness,801,12010636,802,1]
11-29 06:57:25.861 1491 9370 I notification_visibility: [-1|android|32|null|1000,1,12010636,12010636,0,1]
11-29 06:57:25.862 18834 18834 I sysui_multi_action: [757,111,758,2]
11-29 06:57:25.862 1491 1491 I notification_enqueue: [10082,18834,com.android.systemui,2048,NULL,0,Notification(channel=updateNotification shortcut=null contentView=null vibrate=null sound=null defaults=0x0 flags=0x0 color=0x00000000 vis=PRIVATE),1]
11-29 06:57:25.862 18834 18834 I sysui_multi_action: [757,111,758,2]
11-29 06:57:25.862 1491 1760 I GameModeConfig: isGameModeOn = false
11-29 06:57:25.863 1491 1760 I GameModeConfig: isGameModeOn = false
11-29 06:57:25.863 1491 1760 I GameModeConfig: isGameModeOn = false
11-29 06:57:25.863 1491 1760 I GameModeConfig: isGameModeOn = false
11-29 06:57:25.864 18834 18834 I sysui_multi_action: [757,111,758,1]
11-29 06:57:25.864 18834 18834 I sysui_multi_action: [757,126,758,1,759,126,927,0,928,1,1593,0]
11-29 06:57:25.864 18834 18834 I sysui_multi_action: [757,113,758,1,759,113,927,1,928,1,1593,0]
11-29 06:57:25.864 18834 18834 I sysui_multi_action: [757,0,758,1,759,0,927,2,928,0,1593,0]
11-29 06:57:25.864 18834 18834 I sysui_multi_action: [757,0,758,1,759,0,927,3,928,0,1593,0]
11-29 06:57:25.865 18834 18834 I sysui_multi_action: [757,491,758,1,759,491,927,4,928,0,1311,-1,1593,0]
11-29 06:57:25.865 18834 18834 I sysui_multi_action: [757,0,758,1,759,0,927,5,928,0,1593,0]
11-29 06:57:25.865 18834 18834 I sysui_multi_action: [757,111,758,1]
11-29 06:57:25.865 18834 18834 I sysui_multi_action: [757,126,758,1,759,126,927,0,928,1,1593,0]
11-29 06:57:25.865 18834 18834 I sysui_multi_action: [757,113,758,1,759,113,927,1,928,1,1593,0]
11-29 06:57:25.865 18834 18834 I sysui_multi_action: [757,0,758,1,759,0,927,2,928,0,1593,0]
11-29 06:57:25.865 18834 18834 I sysui_multi_action: [757,0,758,1,759,0,927,3,928,0,1593,0]
11-29 06:57:25.959 1491 1491 I GameModeConfig: isGameModeOn = false
11-29 06:57:25.960 1491 1491 E NotificationService: Muting recently noisy 0|com.android.systemui|2048|null|10082
11-29 06:57:25.993 1491 1491 I GameModeConfig: isGameModeOn = false
11-29 06:57:25.994 1491 1491 E NotificationService: Muting recently noisy 0|com.android.systemui|2048|null|10082
11-29 06:57:26.017 1491 1491 I GameModeConfig: isGameModeOn = false
11-29 06:57:26.018 1491 1491 E NotificationService: Muting recently noisy 0|com.android.systemui|2048|null|10082
11-29 06:57:26.045 1491 1491 I GameModeConfig: isGameModeOn = false
11-29 06:57:26.045 1491 1491 E NotificationService: Muting recently noisy 0|com.android.systemui|2048|null|10082
11-29 06:57:26.064 1491 1491 I GameModeConfig: isGameModeOn = false
11-29 06:57:26.066 1491 1491 E NotificationService: Muting recently noisy 0|com.android.systemui|2048|null|10082
11-29 06:57:26.391 1491 1693 I input_interaction: Interaction with: ddf32c3 NotificationShade (server), edge-swipe (server), swipe-up (server), PointerEventDispatcher0 (server),
11-29 06:57:26.479 1491 2060 I ActivityTaskManager: START u0 {act=com.android.music.PLAYBACK_VIEWER flg=0x10000000 cmp=com.android.music/.MusicBrowserActivity} from uid 10089
11-29 06:57:26.481 1491 2060 I wm_task_moved: [133,1,7]
11-29 06:57:26.481 1491 2060 I wm_task_to_front: [0,133]
11-29 06:57:26.482 1491 2060 I wm_focused_root_task: [0,0,133,132,bringingFoundTaskToFront]
11-29 06:57:26.482 1491 2060 I wm_set_resumed_activity: [0,com.android.music/.MusicBrowserActivity,bringingFoundTaskToFront]
11-29 06:57:26.482 1491 2060 I wm_new_intent: [0,18450025,133,com.android.music/.MusicBrowserActivity,com.android.music.PLAYBACK_VIEWER,NULL,NULL,268435456]
11-29 06:57:26.482 18449 18449 I wm_on_top_resumed_lost_called: [71134982,com.android.settings.homepage.SettingsHomepageActivity,topStateChangedWhenResumed]
11-29 06:57:26.485 1491 2060 I wm_pause_activity: [0,71134982,com.android.settings/.homepage.SettingsHomepageActivity,userLeaving=true,pauseBackTasks]
11-29 06:57:26.492 18449 18449 I sysui_multi_action: [757,35,758,2,1089,1601]
11-29 06:57:26.492 18449 18449 I sysui_multi_action: [757,1845,758,2,1089,1387]
11-29 06:57:26.493 18449 18449 I wm_on_paused_called: [71134982,com.android.settings.homepage.SettingsHomepageActivity,performPause]
11-29 06:57:26.496 1491 10785 I ActivityTaskManager: FOREGROUND_APPLICATION_CHANGED to com.android.music.MusicBrowserActivity
11-29 06:57:26.498 1491 10785 I wm_set_resumed_activity: [0,com.android.music/.MusicBrowserActivity,resumeTopActivityInnerLocked]
11-29 06:57:26.498 1491 10785 I wm_add_to_stopping: [0,71134982,com.android.settings/.homepage.SettingsHomepageActivity,makeInvisible]
11-29 06:57:26.503 1491 10785 I wm_resume_activity: [0,18450025,133,com.android.music/.MusicBrowserActivity]
11-29 06:57:26.534 18834 18834 E AndroidRuntime: FATAL EXCEPTION: main
11-29 06:57:26.534 18834 18834 E AndroidRuntime: Process: com.android.systemui, PID: 18834
11-29 06:57:26.534 18834 18834 E AndroidRuntime: java.lang.ClassCastException: android.graphics.drawable.NinePatchDrawable cannot be cast to com.android.systemui.media.IlluminationDrawable
11-29 06:57:26.534 18834 18834 E AndroidRuntime: at com.android.systemui.media.MediaControlPanel$1.getCurrentTopCornerRadius(MediaControlPanel.java:535)
11-29 06:57:26.534 18834 18834 E AndroidRuntime: at com.android.systemui.animation.GhostedViewLaunchAnimatorController.createAnimatorState(GhostedViewLaunchAnimatorController.kt:113)
11-29 06:57:26.534 18834 18834 E AndroidRuntime: at com.android.systemui.statusbar.phone.StatusBarLaunchAnimatorController.createAnimatorState(Unknown Source:2)
11-29 06:57:26.534 18834 18834 E AndroidRuntime: at com.android.systemui.animation.ActivityLaunchAnimator$Runner.startAnimation(ActivityLaunchAnimator.kt:445)
11-29 06:57:26.534 18834 18834 E AndroidRuntime: at com.android.systemui.animation.ActivityLaunchAnimator$Runner.access$startAnimation(ActivityLaunchAnimator.kt:365)
11-29 06:57:26.534 18834 18834 E AndroidRuntime: at com.android.systemui.animation.ActivityLaunchAnimator$Runner$onAnimationStart$1.run(ActivityLaunchAnimator.kt:418)
11-29 06:57:26.534 18834 18834 E AndroidRuntime: at android.os.Handler.handleCallback(Handler.java:938)
11-29 06:57:26.534 18834 18834 E AndroidRuntime: at android.os.Handler.dispatchMessage(Handler.java:99)
11-29 06:57:26.534 18834 18834 E AndroidRuntime: at android.os.Looper.loopOnce(Looper.java:201)
11-29 06:57:26.534 18834 18834 E AndroidRuntime: at android.os.Looper.loop(Looper.java:288)
11-29 06:57:26.534 18834 18834 E AndroidRuntime: at android.app.ActivityThread.main(ActivityThread.java:7880)
11-29 06:57:26.534 18834 18834 E AndroidRuntime: at java.lang.reflect.Method.invoke(Native Method)
11-29 06:57:26.534 18834 18834 E AndroidRuntime: at com.android.internal.os.RuntimeInit$MethodAndArgsCaller.run(RuntimeInit.java:548)
11-29 06:57:26.534 18834 18834 E AndroidRuntime: at com.android.internal.os.ZygoteInit.main(ZygoteInit.java:1009)
11-29 06:57:26.534 1491 10785 I am_crash: [18834,0,com.android.systemui,818462221,java.lang.ClassCastException,android.graphics.drawable.NinePatchDrawable cannot be cast to com.android.systemui.media.IlluminationDrawable,MediaControlPanel.java,535]
11-29 06:57:26.539 18447 18447 I wm_on_restart_called: [18450025,com.android.music.MusicBrowserActivity,performRestartActivity]
11-29 06:57:26.540 1491 1599 I sysui_multi_action: [757,803,799,window_time_0,802,2]
11-29 06:57:26.544 1491 19373 I DropBoxManagerService: add tag=system_app_crash isTagEnabled=true flags=0x2
11-29 06:57:26.546 18447 18447 I wm_on_start_called: [18450025,com.android.music.MusicBrowserActivity,handleStartActivity]
11-29 06:57:26.547 1491 10785 I sysui_multi_action: [757,316,758,4,759,-1]
11-29 06:57:26.549 18447 18447 I wm_on_resume_called: [18450025,com.android.music.MusicBrowserActivity,RESUME_ACTIVITY]
11-29 06:57:26.549 18447 18447 I wm_on_top_resumed_gained_called: [18450025,com.android.music.MusicBrowserActivity,topWhenResuming]
11-29 06:57:26.555 16043 16059 W ContextImpl: Calling a method in the system process without a qualified user: android.app.ContextImpl.startService:1816 android.content.ContextWrapper.startService:774 com.thundercomm.gamemode.ingame.services.GameModeActionUtils.startGameModeService:93 com.thundercomm.gamemode.ingame.services.GameModeActionUtils.startGameModeEntry:21 com.thundercomm.gamemode.ingame.services.ActivityMonitoringService$1.onActivityLaunch:127
11-29 06:57:26.562 1491 1491 I GameModeConfig: Current uri is uri = content://com.thundercomm.gamemode.api/gamemode_settings/gamemode_isgaming
11-29 06:57:26.566 1491 1491 I GameModeConfig: isGameModeOn = false
11-29 06:57:26.566 1491 1491 I GameModeConfig: isGameModeOn = false
11-29 06:57:26.566 1491 1491 I GameModeConfig: isDisableVoice = true
11-29 06:57:26.577 1491 9480 I ActivityManager: Process com.android.systemui (pid 18834) has died: pers PERU
11-29 06:57:26.577 1491 9480 I am_proc_died: [0,18834,com.android.systemui,-800,1]
11-29 06:57:26.578 1491 8701 E LockoutResetTracker: Callback binder died: android.os.BinderProxy@4663585
11-29 06:57:26.578 1491 8701 E LockoutResetTracker: Removing dead callback for: com.android.systemui
11-29 06:57:26.578 1491 8701 E BiometricService: Enabled callback binder died
11-29 06:57:26.579 1491 7072 D NotificationListeners: Removing active service ComponentInfo{com.android.systemui/com.android.systemui.statusbar.NotificationListener}
11-29 06:57:26.580 1491 1491 W WallpaperManagerService: Wallpaper service gone: ComponentInfo{com.android.systemui/com.android.systemui.ImageWallpaper}
11-29 06:57:26.580 1491 1491 W WallpaperManagerService: Wallpaper service gone: ComponentInfo{com.android.systemui/com.android.systemui.ImageWallpaper}
11-29 06:57:26.586 1491 2106 D DisplayAreaOrganizerController: Organizer died before sending onDisplayAreaVanished
11-29 06:57:26.589 1491 10067 I wm_task_removed: [134,setTaskOrganizer]
11-29 06:57:26.589 1491 10067 I wm_task_removed: [135,setTaskOrganizer]
11-29 06:57:26.589 1491 10067 I wm_task_removed: [136,setTaskOrganizer]
11-29 06:57:26.589 1491 10067 I wm_task_removed: [137,setTaskOrganizer]
11-29 06:57:26.589 1491 10067 I wm_task_removed: [138,setTaskOrganizer]
11-29 06:57:26.589 1491 9950 I WindowManager: WIN DEATH: Window{45fea8a u0 ShellDropTarget}
11-29 06:57:26.590 1491 1760 I GameModeConfig: isGameModeOn = false
11-29 06:57:26.590 1491 1760 I GameModeConfig: isGameModeOn = false
11-29 06:57:26.590 1491 1760 I GameModeConfig: isGameModeOn = false
11-29 06:57:26.590 1491 1760 I GameModeConfig: isGameModeOn = false
11-29 06:57:26.592 1491 8943 I WindowManager: WIN DEATH: Window{21cd56b u0 NavigationBar0}
11-29 06:57:26.595 1491 8943 W WindowManager: Failed to deliver inset state change w=Window{ddf32c3 u0 NotificationShade}
11-29 06:57:26.595 1491 8943 W WindowManager: android.os.DeadObjectException
11-29 06:57:26.595 1491 8943 W WindowManager: at android.os.BinderProxy.transactNative(Native Method)
11-29 06:57:26.595 1491 8943 W WindowManager: at android.os.BinderProxy.transact(BinderProxy.java:571)
11-29 06:57:26.595 1491 8943 W WindowManager: at android.view.IWindow$Stub$Proxy.insetsChanged(IWindow.java:654)
11-29 06:57:26.595 1491 8943 W WindowManager: at com.android.server.wm.WindowState.notifyInsetsChanged(WindowState.java:3966)
11-29 06:57:26.595 1491 8943 W WindowManager: at com.android.server.wm.InsetsStateController.lambda$new$0(InsetsStateController.java:82)
11-29 06:57:26.595 1491 8943 W WindowManager: at com.android.server.wm.InsetsStateController$$ExternalSyntheticLambda3.accept(Unknown Source:2)
11-29 06:57:26.595 1491 8943 W WindowManager: at com.android.server.wm.WindowContainer$ForAllWindowsConsumerWrapper.apply(WindowContainer.java:2404)
11-29 06:57:26.595 1491 8943 W WindowManager: at com.android.server.wm.WindowContainer$ForAllWindowsConsumerWrapper.apply(WindowContainer.java:2394)
11-29 06:57:26.595 1491 8943 W WindowManager: at com.android.server.wm.WindowState.applyInOrderWithImeWindows(WindowState.java:4935)
11-29 06:57:26.595 1491 8943 W WindowManager: at com.android.server.wm.WindowState.forAllWindows(WindowState.java:4830)
11-29 06:57:26.595 1491 8943 W WindowManager: at com.android.server.wm.WindowContainer.forAllWindows(WindowContainer.java:1409)
11-29 06:57:26.595 1491 8943 W WindowManager: at com.android.server.wm.WindowContainer.forAllWindows(WindowContainer.java:1409)
11-29 06:57:26.595 1491 8943 W WindowManager: at com.android.server.wm.WindowContainer.forAllWindows(WindowContainer.java:1409)
11-29 06:57:26.595 1491 8943 W WindowManager: at com.android.server.wm.WindowContainer.forAllWindows(WindowContainer.java:1409)
11-29 06:57:26.595 1491 8943 W WindowManager: at com.android.server.wm.WindowContainer.forAllWindows(WindowContainer.java:1409)
11-29 06:57:26.595 1491 8943 W WindowManager: at com.android.server.wm.WindowContainer.forAllWindows(WindowContainer.java:1409)
11-29 06:57:26.595 1491 8943 W WindowManager: at com.android.server.wm.WindowContainer.forAllWindows(WindowContainer.java:1426)
11-29 06:57:26.595 1491 8943 W WindowManager: at com.android.server.wm.DisplayContent.notifyInsetsChanged(DisplayContent.java:1847)
11-29 06:57:26.595 1491 8943 W WindowManager: at com.android.server.wm.InsetsStateController.notifyInsetsChanged(InsetsStateController.java:571)
11-29 06:57:26.595 1491 8943 W WindowManager: at com.android.server.wm.InsetsStateController.onPostLayout(InsetsStateController.java:297)
11-29 06:57:26.595 1491 8943 W WindowManager: at com.android.server.wm.DisplayContent.applySurfaceChangesTransaction(DisplayContent.java:4324)
11-29 06:57:26.595 1491 8943 W WindowManager: at com.android.server.wm.RootWindowContainer.applySurfaceChangesTransaction(RootWindowContainer.java:1076)
11-29 06:57:26.595 1491 8943 W WindowManager: at com.android.server.wm.RootWindowContainer.performSurfacePlacementNoTrace(RootWindowContainer.java:852)
11-29 06:57:26.595 1491 8943 W WindowManager: at com.android.server.wm.RootWindowContainer.performSurfacePlacement(RootWindowContainer.java:805)
11-29 06:57:26.595 1491 8943 W WindowManager: at com.android.server.wm.WindowSurfacePlacer.performSurfacePlacementLoop(WindowSurfacePlacer.java:177)
11-29 06:57:26.595 1491 8943 W WindowManager: at com.android.server.wm.WindowSurfacePlacer.performSurfacePlacement(WindowSurfacePlacer.java:126)
11-29 06:57:26.595 1491 8943 W WindowManager: at com.android.server.wm.WindowSurfacePlacer.performSurfacePlacement(WindowSurfacePlacer.java:115)
11-29 06:57:26.595 1491 8943 W WindowManager: at com.android.server.wm.WindowManagerService.postWindowRemoveCleanupLocked(WindowManagerService.java:2107)
11-29 06:57:26.595 1491 8943 W WindowManager: at com.android.server.wm.WindowState.removeImmediately(WindowState.java:2426)
11-29 06:57:26.595 1491 8943 W WindowManager: at com.android.server.wm.WindowState.removeIfPossible(WindowState.java:2562)
11-29 06:57:26.595 1491 8943 W WindowManager: at com.android.server.wm.WindowState.access$300(WindowState.java:276)
11-29 06:57:26.595 1491 8943 W WindowManager: at com.android.server.wm.WindowState$DeathRecipient.binderDied(WindowState.java:3072)
11-29 06:57:26.595 1491 8943 W WindowManager: at android.os.IBinder$DeathRecipient.binderDied(IBinder.java:314)
11-29 06:57:26.595 1491 8943 W WindowManager: at android.os.BinderProxy.sendDeathNotice(BinderProxy.java:685)
11-29 06:57:26.595 1491 8943 W WindowManager: Failed to deliver inset state change w=Window{fc3876c u0 StatusBar}
11-29 06:57:26.595 1491 8943 W WindowManager: android.os.DeadObjectException
11-29 06:57:26.595 1491 8943 W WindowManager: at android.os.BinderProxy.transactNative(Native Method)
11-29 06:57:26.595 1491 8943 W WindowManager: at android.os.BinderProxy.transact(BinderProxy.java:571)
11-29 06:57:26.595 1491 8943 W WindowManager: at android.view.IWindow$Stub$Proxy.insetsChanged(IWindow.java:654)
11-29 06:57:26.595 1491 8943 W WindowManager: at com.android.server.wm.WindowState.notifyInsetsChanged(WindowState.java:3966)
11-29 06:57:26.595 1491 8943 W WindowManager: at com.android.server.wm.InsetsStateController.lambda$new$0(InsetsStateController.java:82)
11-29 06:57:26.595 1491 8943 W WindowManager: at com.android.server.wm.InsetsStateController$$ExternalSyntheticLambda3.accept(Unknown Source:2)
11-29 06:57:26.595 1491 8943 W WindowManager: at com.android.server.wm.WindowContainer$ForAllWindowsConsumerWrapper.apply(WindowContainer.java:2404)
11-29 06:57:26.595 1491 8943 W WindowManager: at com.android.server.wm.WindowContainer$ForAllWindowsConsumerWrapper.apply(WindowContainer.java:2394)
11-29 06:57:26.595 1491 8943 W WindowManager: at com.android.server.wm.WindowState.applyInOrderWithImeWindows(WindowState.java:4935)
11-29 06:57:26.595 1491 8943 W WindowManager: at com.android.server.wm.WindowState.forAllWindows(WindowState.java:4830)
11-29 06:57:26.595 1491 8943 W WindowManager: at com.android.server.wm.WindowContainer.forAllWindows(WindowContainer.java:1409)
11-29 06:57:26.595 1491 8943 W WindowManager: at com.android.server.wm.WindowContainer.forAllWindows(WindowContainer.java:1409)
11-29 06:57:26.595 1491 8943 W WindowManager: at com.android.server.wm.WindowContainer.forAllWindows(WindowContainer.java:1409)
11-29 06:57:26.595 1491 8943 W WindowManager: at com.android.server.wm.WindowContainer.forAllWindows(WindowContainer.java:1409)
11-29 06:57:26.595 1491 8943 W WindowManager: at com.android.server.wm.WindowContainer.forAllWindows(WindowContainer.java:1409)
11-29 06:57:26.595 1491 8943 W WindowManager: at com.android.server.wm.WindowContainer.forAllWindows(WindowContainer.java:1409)
11-29 06:57:26.595 1491 8943 W WindowManager: at com.android.server.wm.WindowContainer.forAllWindows(WindowContainer.java:1426)
11-29 06:57:26.595 1491 8943 W WindowManager: at com.android.server.wm.DisplayContent.notifyInsetsChanged(DisplayContent.java:1847)
11-29 06:57:26.595 1491 8943 W WindowManager: at com.android.server.wm.InsetsStateController.notifyInsetsChanged(InsetsStateController.java:571)
11-29 06:57:26.595 1491 8943 W WindowManager: at com.android.server.wm.InsetsStateController.onPostLayout(InsetsStateController.java:297)
11-29 06:57:26.595 1491 8943 W WindowManager: at com.android.server.wm.DisplayContent.applySurfaceChangesTransaction(DisplayContent.java:4324)
11-29 06:57:26.595 1491 8943 W WindowManager: at com.android.server.wm.RootWindowContainer.applySurfaceChangesTransaction(RootWindowContainer.java:1076)
11-29 06:57:26.595 1491 8943 W WindowManager: at com.android.server.wm.RootWindowContainer.performSurfacePlacementNoTrace(RootWindowContainer.java:852)
11-29 06:57:26.595 1491 8943 W WindowManager: at com.android.server.wm.RootWindowContainer.performSurfacePlacement(RootWindowContainer.java:805)
11-29 06:57:26.595 1491 8943 W WindowManager: at com.android.server.wm.WindowSurfacePlacer.performSurfacePlacementLoop(WindowSurfacePlacer.java:177)
11-29 06:57:26.595 1491 8943 W WindowManager: at com.android.server.wm.WindowSurfacePlacer.performSurfacePlacement(WindowSurfacePlacer.java:126)
11-29 06:57:26.595 1491 8943 W WindowManager: at com.android.server.wm.WindowSurfacePlacer.performSurfacePlacement(WindowSurfacePlacer.java:115)
11-29 06:57:26.595 1491 8943 W WindowManager: at com.android.server.wm.WindowManagerService.postWindowRemoveCleanupLocked(WindowManagerService.java:2107)
11-29 06:57:26.595 1491 8943 W WindowManager: at com.android.server.wm.WindowState.removeImmediately(WindowState.java:2426)
11-29 06:57:26.595 1491 8943 W WindowManager: at com.android.server.wm.WindowState.removeIfPossible(WindowState.java:2562)
11-29 06:57:26.595 1491 8943 W WindowManager: at com.android.server.wm.WindowState.access$300(WindowState.java:276)
11-29 06:57:26.595 1491 8943 W WindowManager: at com.android.server.wm.WindowState$DeathRecipient.binderDied(WindowState.java:3072)
11-29 06:57:26.595 1491 8943 W WindowManager: at android.os.IBinder$DeathRecipient.binderDied(IBinder.java:314)
11-29 06:57:26.595 1491 8943 W WindowManager: at android.os.BinderProxy.sendDeathNotice(BinderProxy.java:685)
11-29 06:57:26.596 1491 8943 W WindowManager: Failed to deliver inset state change w=Window{bc826cc u0 SnapshotStartingWindow for taskId=133}
11-29 06:57:26.596 1491 8943 W WindowManager: android.os.DeadObjectException
11-29 06:57:26.596 1491 8943 W WindowManager: at android.os.BinderProxy.transactNative(Native Method)
11-29 06:57:26.596 1491 8943 W WindowManager: at android.os.BinderProxy.transact(BinderProxy.java:571)
11-29 06:57:26.596 1491 8943 W WindowManager: at android.view.IWindow$Stub$Proxy.insetsChanged(IWindow.java:654)
11-29 06:57:26.596 1491 8943 W WindowManager: at com.android.server.wm.WindowState.notifyInsetsChanged(WindowState.java:3966)
11-29 06:57:26.596 1491 8943 W WindowManager: at com.android.server.wm.InsetsStateController.lambda$new$0(InsetsStateController.java:82)
11-29 06:57:26.596 1491 8943 W WindowManager: at com.android.server.wm.InsetsStateController$$ExternalSyntheticLambda3.accept(Unknown Source:2)
11-29 06:57:26.596 1491 8943 W WindowManager: at com.android.server.wm.WindowContainer$ForAllWindowsConsumerWrapper.apply(WindowContainer.java:2404)
11-29 06:57:26.596 1491 8943 W WindowManager: at com.android.server.wm.WindowContainer$ForAllWindowsConsumerWrapper.apply(WindowContainer.java:2394)
11-29 06:57:26.596 1491 8943 W WindowManager: at com.android.server.wm.WindowState.applyInOrderWithImeWindows(WindowState.java:4935)
11-29 06:57:26.596 1491 8943 W WindowManager: at com.android.server.wm.WindowState.forAllWindows(WindowState.java:4830)
11-29 06:57:26.596 1491 8943 W WindowManager: at com.android.server.wm.WindowContainer.forAllWindows(WindowContainer.java:1409)
11-29 06:57:26.596 1491 8943 W WindowManager: at com.android.server.wm.ActivityRecord.forAllWindowsUnchecked(ActivityRecord.java:4071)
11-29 06:57:26.596 1491 8943 W WindowManager: at com.android.server.wm.ActivityRecord.forAllWindows(ActivityRecord.java:4066)
11-29 06:57:26.596 1491 8943 W WindowManager: at com.android.server.wm.WindowContainer.forAllWindows(WindowContainer.java:1409)
11-29 06:57:26.596 1491 8943 W WindowManager: at com.android.server.wm.WindowContainer.forAllWindows(WindowContainer.java:1409)
11-29 06:57:26.596 1491 8943 W WindowManager: at com.android.server.wm.TaskDisplayArea.forAllWindows(TaskDisplayArea.java:708)
11-29 06:57:26.596 1491 8943 W WindowManager: at com.android.server.wm.WindowContainer.forAllWindows(WindowContainer.java:1409)
11-29 06:57:26.596 1491 8943 W WindowManager: at com.android.server.wm.WindowContainer.forAllWindows(WindowContainer.java:1409)
11-29 06:57:26.596 1491 8943 W WindowManager: at com.android.server.wm.WindowContainer.forAllWindows(WindowContainer.java:1409)
11-29 06:57:26.596 1491 8943 W WindowManager: at com.android.server.wm.WindowContainer.forAllWindows(WindowContainer.java:1409)
11-29 06:57:26.596 1491 8943 W WindowManager: at com.android.server.wm.WindowContainer.forAllWindows(WindowContainer.java:1409)
11-29 06:57:26.596 1491 8943 W WindowManager: at com.android.server.wm.WindowContainer.forAllWindows(WindowContainer.java:1426)
11-29 06:57:26.596 1491 8943 W WindowManager: at com.android.server.wm.DisplayContent.notifyInsetsChanged(DisplayContent.java:1847)
11-29 06:57:26.596 1491 8943 W WindowManager: at com.android.server.wm.InsetsStateController.notifyInsetsChanged(InsetsStateController.java:571)
11-29 06:57:26.596 1491 8943 W WindowManager: at com.android.server.wm.InsetsStateController.onPostLayout(InsetsStateController.java:297)
11-29 06:57:26.596 1491 8943 W WindowManager: at com.android.server.wm.DisplayContent.applySurfaceChangesTransaction(DisplayContent.java:4324)
11-29 06:57:26.596 1491 8943 W WindowManager: at com.android.server.wm.RootWindowContainer.applySurfaceChangesTransaction(RootWindowContainer.java:1076)
11-29 06:57:26.596 1491 8943 W WindowManager: at com.android.server.wm.RootWindowContainer.performSurfacePlacementNoTrace(RootWindowContainer.java:852)
11-29 06:57:26.596 1491 8943 W WindowManager: at com.android.server.wm.RootWindowContainer.performSurfacePlacement(RootWindowContainer.java:805)
