11-29 06:49:56.752 1491 1600 D FreeFormWindowHelper: refreshTipWindow windowDragBounds:Rect(42, -211 - 344, 327)
11-29 06:49:56.753 1491 1600 W WindowManager: updateScale0.4617737
11-29 06:49:56.764 1491 9480 W WindowManager: updateScale0.4617737
11-29 06:49:56.765 1491 1723 I netstats_mobile_sample: [0,0,0,0,0,0,0,0,0,0,0,0,1669675796765]
11-29 06:49:56.766 1491 1723 I netstats_wifi_sample: [326090825,753949,141878067,327036,326090358,753948,141878067,327036,397014587,1302752,71491742,167535,1669675796765]
11-29 06:49:56.768 1491 1600 D FreeFormWindowHelper: refreshTipWindow windowDragBounds:Rect(49, -249 - 351, 289)
11-29 06:49:56.770 1491 1600 W WindowManager: updateScale0.4617737
11-29 06:49:56.781 1491 9480 W WindowManager: updateScale0.4617737
11-29 06:49:56.785 1491 1600 D FreeFormWindowHelper: refreshTipWindow windowDragBounds:Rect(55, -282 - 357, 256)
11-29 06:49:56.787 1491 1600 W WindowManager: updateScale0.4617737
11-29 06:49:56.798 1491 9480 W WindowManager: updateScale0.4617737
11-29 06:49:56.802 1491 1600 D FreeFormWindowHelper: refreshTipWindow windowDragBounds:Rect(60, -314 - 362, 224)
11-29 06:49:56.804 1491 1600 W WindowManager: updateScale0.4617737
11-29 06:49:56.814 1491 9480 W WindowManager: updateScale0.4617737
11-29 06:49:56.819 1491 1600 D FreeFormWindowHelper: refreshTipWindow windowDragBounds:Rect(65, -342 - 367, 196)
11-29 06:49:56.821 1491 1600 W WindowManager: updateScale0.4617737
11-29 06:49:56.831 1491 9480 W WindowManager: updateScale0.4617737
11-29 06:49:56.835 1491 1600 D FreeFormWindowHelper: refreshTipWindow windowDragBounds:Rect(71, -375 - 373, 163)
11-29 06:49:56.837 1491 1600 W WindowManager: updateScale0.4617737
11-29 06:49:56.848 1491 9480 W WindowManager: updateScale0.4617737
11-29 06:49:56.852 1491 1600 D FreeFormWindowHelper: refreshTipWindow windowDragBounds:Rect(77, -396 - 379, 142)
11-29 06:49:56.854 1491 1600 W WindowManager: updateScale0.4617737
11-29 06:49:56.865 1491 9315 W WindowManager: updateScale0.4617737
11-29 06:49:56.869 1491 1600 D FreeFormWindowHelper: refreshTipWindow windowDragBounds:Rect(84, -414 - 386, 124)
11-29 06:49:56.871 1491 1600 W WindowManager: updateScale0.4617737
11-29 06:49:56.882 1491 9315 W WindowManager: updateScale0.4617737
11-29 06:49:56.886 1491 1600 D FreeFormWindowHelper: refreshTipWindow windowDragBounds:Rect(88, -425 - 390, 113)
11-29 06:49:56.888 1491 1600 W WindowManager: updateScale0.4617737
11-29 06:49:56.898 1491 9315 W WindowManager: updateScale0.4617737
11-29 06:49:56.902 1491 1600 D FreeFormWindowHelper: refreshTipWindow windowDragBounds:Rect(92, -431 - 394, 107)
11-29 06:49:56.904 1491 1600 W WindowManager: updateScale0.4617737
11-29 06:49:56.915 1491 9315 W WindowManager: updateScale0.4617737
11-29 06:49:56.919 1491 1600 D FreeFormWindowHelper: refreshTipWindow windowDragBounds:Rect(95, -435 - 397, 103)
11-29 06:49:56.921 1491 1600 W WindowManager: updateScale0.4617737
11-29 06:49:56.931 1491 9315 W WindowManager: updateScale0.4617737
11-29 06:49:56.936 1491 1600 D FreeFormWindowHelper: refreshTipWindow windowDragBounds:Rect(97, -438 - 399, 100)
11-29 06:49:56.938 1491 1600 W WindowManager: updateScale0.4617737
11-29 06:49:56.948 1491 9315 W WindowManager: updateScale0.4617737
11-29 06:49:56.952 1491 1600 D FreeFormWindowHelper: refreshTipWindow windowDragBounds:Rect(98, -438 - 400, 100)
11-29 06:49:56.954 1491 1600 W WindowManager: updateScale0.4617737
11-29 06:49:56.965 1491 9315 W WindowManager: updateScale0.4617737
11-29 06:49:56.969 1491 1600 D FreeFormWindowHelper: refreshTipWindow windowDragBounds:Rect(100, -438 - 402, 100)
11-29 06:49:56.971 1491 1600 W WindowManager: updateScale0.4617737
11-29 06:49:56.982 1491 9315 W WindowManager: updateScale0.4617737
11-29 06:49:56.986 1491 1600 D FreeFormWindowHelper: refreshTipWindow windowDragBounds:Rect(101, -438 - 403, 100)
11-29 06:49:56.987 1491 1600 W WindowManager: updateScale0.4617737
11-29 06:49:56.998 1491 9315 W WindowManager: updateScale0.4617737
11-29 06:49:57.003 1491 1600 D FreeFormWindowHelper: refreshTipWindow windowDragBounds:Rect(102, -438 - 404, 100)
11-29 06:49:57.005 1491 1600 W WindowManager: updateScale0.4617737
11-29 06:49:57.015 1491 9480 W WindowManager: updateScale0.4617737
11-29 06:49:57.025 1491 1600 D WindowManager: updateWindowDragBounds: mIsSwipeYfalse
11-29 06:49:57.025 1491 1600 D WindowManager: updateWindowDragBounds: mIsTopfalse
11-29 06:49:57.025 1491 1600 D WindowManager: updateWindowDragBounds: mIsSwipeXfalse
11-29 06:49:57.027 1491 1600 W WindowManager: updateScale0.4617737
11-29 06:49:57.038 1491 9480 W WindowManager: updateScale0.4617737
11-29 06:49:57.048 1491 9480 W WindowManager: updateScale0.4617737
11-29 06:49:57.358 1491 1693 I input_interaction: Interaction with: 197ade1 com.android.gallery3d/com.android.gallery3d.app.GalleryActivity (server), edge-swipe (server), swipe-up (server), PointerEventDispatcher0 (server),
11-29 06:49:57.390 18441 18441 I view_enqueue_input_event: [Motion - Cancel,com.android.gallery3d/com.android.gallery3d.app.GalleryActivity]
11-29 06:49:57.393 1491 1693 I input_interaction: Interaction with: WindowManager (server), edge-swipe (server), swipe-up (server), PointerEventDispatcher0 (server),
11-29 06:49:57.403 1491 1600 D FreeFormWindowHelper: refreshTipWindow windowDragBounds:Rect(0, 28 - 302, 566)
11-29 06:49:57.408 1491 1600 W WindowManager: updateScale0.4617737
11-29 06:49:57.420 1491 9480 W WindowManager: updateScale0.4617737
11-29 06:49:57.424 1491 1600 D FreeFormWindowHelper: refreshTipWindow windowDragBounds:Rect(0, -24 - 302, 514)
11-29 06:49:57.426 1491 1600 W WindowManager: updateScale0.4617737
11-29 06:49:57.437 1491 1600 D FreeFormWindowHelper: refreshTipWindow windowDragBounds:Rect(8, -81 - 310, 457)
11-29 06:49:57.438 1491 1600 W WindowManager: updateScale0.4617737
11-29 06:49:57.453 1491 9480 W WindowManager: updateScale0.4617737
11-29 06:49:57.455 1491 1600 D FreeFormWindowHelper: refreshTipWindow windowDragBounds:Rect(11, -135 - 313, 403)
11-29 06:49:57.456 1491 1600 W WindowManager: updateScale0.4617737
11-29 06:49:57.469 1491 9480 W WindowManager: updateScale0.4617737
11-29 06:49:57.471 1491 1600 D FreeFormWindowHelper: refreshTipWindow windowDragBounds:Rect(13, -187 - 315, 351)
11-29 06:49:57.473 1491 1600 W WindowManager: updateScale0.4617737
11-29 06:49:57.487 1491 1600 D FreeFormWindowHelper: refreshTipWindow windowDragBounds:Rect(14, -237 - 316, 301)
11-29 06:49:57.488 1491 1600 W WindowManager: updateScale0.4617737
11-29 06:49:57.505 1491 1600 D FreeFormWindowHelper: refreshTipWindow windowDragBounds:Rect(15, -285 - 317, 253)
11-29 06:49:57.507 1491 1600 W WindowManager: updateScale0.4617737
11-29 06:49:57.520 1491 1600 D FreeFormWindowHelper: refreshTipWindow windowDragBounds:Rect(15, -326 - 317, 212)
11-29 06:49:57.522 1491 1600 W WindowManager: updateScale0.4617737
11-29 06:49:57.537 1491 1600 D FreeFormWindowHelper: refreshTipWindow windowDragBounds:Rect(15, -367 - 317, 171)
11-29 06:49:57.538 1491 1600 W WindowManager: updateScale0.4617737
11-29 06:49:57.541 1491 9315 W WindowManager: updateScale0.4617737
11-29 06:49:57.554 1491 1600 D FreeFormWindowHelper: refreshTipWindow windowDragBounds:Rect(15, -398 - 317, 140)
11-29 06:49:57.557 1491 1600 W WindowManager: updateScale0.4617737
11-29 06:49:57.569 1491 9315 W WindowManager: updateScale0.4617737
11-29 06:49:57.571 1491 1600 D FreeFormWindowHelper: refreshTipWindow windowDragBounds:Rect(16, -420 - 318, 118)
11-29 06:49:57.573 1491 1600 W WindowManager: updateScale0.4617737
11-29 06:49:57.587 1491 1600 D FreeFormWindowHelper: refreshTipWindow windowDragBounds:Rect(18, -434 - 320, 104)
11-29 06:49:57.589 1491 1600 W WindowManager: updateScale0.4617737
11-29 06:49:57.603 1491 9480 W WindowManager: updateScale0.4617737
11-29 06:49:57.605 1491 1600 D FreeFormWindowHelper: refreshTipWindow windowDragBounds:Rect(19, -437 - 321, 101)
11-29 06:49:57.607 1491 1600 W WindowManager: updateScale0.4617737
11-29 06:49:57.619 1491 1600 D WindowManager: updateWindowDragBounds: mIsSwipeYtrue
11-29 06:49:57.620 1491 1600 D WindowManager: updateWindowDragBounds: mIsTopfalse
11-29 06:49:57.620 1491 1600 D WindowManager: updateWindowDragBounds: mIsSwipeXfalse
11-29 06:49:57.621 1491 1600 W WindowManager: updateScale0.4617737
11-29 06:49:57.652 1491 9315 W WindowManager: updateScale0.4617737
11-29 06:49:57.911 1491 1693 I input_interaction: Interaction with: 197ade1 com.android.gallery3d/com.android.gallery3d.app.GalleryActivity (server), edge-swipe (server), swipe-up (server), PointerEventDispatcher0 (server),
11-29 06:49:57.974 1491 1693 I input_interaction: Interaction with: WindowManager (server), edge-swipe (server), swipe-up (server), PointerEventDispatcher0 (server),
11-29 06:49:57.974 18441 18441 I view_enqueue_input_event: [Motion - Cancel,com.android.gallery3d/com.android.gallery3d.app.GalleryActivity]
11-29 06:49:57.989 1491 1600 D FreeFormWindowHelper: refreshTipWindow windowDragBounds:Rect(-7, 27 - 295, 565)
11-29 06:49:57.990 1491 1600 W WindowManager: updateScale0.4617737
11-29 06:49:58.005 1491 1600 D FreeFormWindowHelper: refreshTipWindow windowDragBounds:Rect(-11, -29 - 291, 509)
11-29 06:49:58.006 1491 1600 W WindowManager: updateScale0.4617737
11-29 06:49:58.009 1491 9315 W WindowManager: updateScale0.4617737
11-29 06:49:58.022 1491 1600 D FreeFormWindowHelper: refreshTipWindow windowDragBounds:Rect(-14, -98 - 288, 440)
11-29 06:49:58.024 1491 1600 W WindowManager: updateScale0.4617737
11-29 06:49:58.026 1491 9315 W WindowManager: updateScale0.4617737
11-29 06:49:58.038 1491 1600 D FreeFormWindowHelper: refreshTipWindow windowDragBounds:Rect(-16, -163 - 286, 375)
11-29 06:49:58.040 1491 1600 W WindowManager: updateScale0.4617737
11-29 06:49:58.042 1491 9315 W WindowManager: updateScale0.4617737
11-29 06:49:58.054 1491 9315 W WindowManager: updateScale0.4617737
11-29 06:49:58.057 1491 1600 D FreeFormWindowHelper: refreshTipWindow windowDragBounds:Rect(-16, -234 - 286, 304)
11-29 06:49:58.058 1491 1600 W WindowManager: updateScale0.4617737
11-29 06:49:58.072 1491 1600 D FreeFormWindowHelper: refreshTipWindow windowDragBounds:Rect(-16, -302 - 286, 236)
11-29 06:49:58.073 1491 1600 W WindowManager: updateScale0.4617737
11-29 06:49:58.088 1491 1600 D FreeFormWindowHelper: refreshTipWindow windowDragBounds:Rect(-16, -373 - 286, 165)
11-29 06:49:58.090 1491 1600 W WindowManager: updateScale0.4617737
11-29 06:49:58.105 1491 1600 D FreeFormWindowHelper: refreshTipWindow windowDragBounds:Rect(-3, -433 - 299, 105)
11-29 06:49:58.106 1491 1600 W WindowManager: updateScale0.4617737
11-29 06:49:58.121 1491 9480 W WindowManager: updateScale0.4617737
11-29 06:49:58.123 1491 1600 D FreeFormWindowHelper: refreshTipWindow windowDragBounds:Rect(2, -453 - 304, 85)
11-29 06:49:58.125 1491 1600 W WindowManager: updateScale0.4617737
11-29 06:49:58.141 1491 1600 D WindowManager: updateWindowDragBounds: mIsSwipeYtrue
11-29 06:49:58.141 1491 1600 D WindowManager: updateWindowDragBounds: mIsTopfalse
11-29 06:49:58.141 1491 1600 D WindowManager: updateWindowDragBounds: mIsSwipeXfalse
11-29 06:49:58.142 1491 1600 W WindowManager: updateScale0.4617737
11-29 06:49:58.162 1491 9480 W WindowManager: updateScale0.4617737
11-29 06:49:58.176 1491 9480 W WindowManager: updateScale0.4617737
11-29 06:49:58.443 1491 1693 I input_interaction: Interaction with: 197ade1 com.android.gallery3d/com.android.gallery3d.app.GalleryActivity (server), edge-swipe (server), swipe-up (server), PointerEventDispatcher0 (server),
11-29 06:49:58.508 18441 18441 I view_enqueue_input_event: [Motion - Cancel,com.android.gallery3d/com.android.gallery3d.app.GalleryActivity]
11-29 06:49:58.513 1491 1693 I input_interaction: Interaction with: WindowManager (server), edge-swipe (server), swipe-up (server), PointerEventDispatcher0 (server),
11-29 06:49:58.523 1491 1600 D FreeFormWindowHelper: refreshTipWindow windowDragBounds:Rect(0, 16 - 302, 554)
11-29 06:49:58.525 1491 1600 W WindowManager: updateScale0.4617737
11-29 06:49:58.539 1491 9480 W WindowManager: updateScale0.4617737
11-29 06:49:58.542 1491 1600 D FreeFormWindowHelper: refreshTipWindow windowDragBounds:Rect(0, -40 - 302, 498)
11-29 06:49:58.544 1491 1600 W WindowManager: updateScale0.4617737
11-29 06:49:58.556 1491 1600 D FreeFormWindowHelper: refreshTipWindow windowDragBounds:Rect(-11, -100 - 291, 438)
11-29 06:49:58.558 1491 1600 W WindowManager: updateScale0.4617737
11-29 06:49:58.572 1491 10067 W WindowManager: updateScale0.4617737
11-29 06:49:58.574 1491 1600 D FreeFormWindowHelper: refreshTipWindow windowDragBounds:Rect(-12, -174 - 290, 364)
11-29 06:49:58.575 1491 1600 W WindowManager: updateScale0.4617737
11-29 06:49:58.590 1491 1600 D FreeFormWindowHelper: refreshTipWindow windowDragBounds:Rect(-13, -251 - 289, 287)
11-29 06:49:58.591 1491 1600 W WindowManager: updateScale0.4617737
11-29 06:49:58.606 1491 9480 W WindowManager: updateScale0.4617737
11-29 06:49:58.608 1491 1600 D FreeFormWindowHelper: refreshTipWindow windowDragBounds:Rect(-13, -322 - 289, 216)
11-29 06:49:58.610 1491 1600 W WindowManager: updateScale0.4617737
11-29 06:49:58.623 1491 1600 D FreeFormWindowHelper: refreshTipWindow windowDragBounds:Rect(-13, -384 - 289, 154)
11-29 06:49:58.624 1491 1600 W WindowManager: updateScale0.4617737
11-29 06:49:58.639 1491 9480 W WindowManager: updateScale0.4617737
11-29 06:49:58.640 1491 1600 D FreeFormWindowHelper: refreshTipWindow windowDragBounds:Rect(-6, -454 - 296, 84)
11-29 06:49:58.642 1491 1600 W WindowManager: updateScale0.4617737
11-29 06:49:58.656 1491 1600 D FreeFormWindowHelper: refreshTipWindow windowDragBounds:Rect(3, -467 - 305, 71)
11-29 06:49:58.658 1491 1600 W WindowManager: updateScale0.4617737
11-29 06:49:58.670 1491 1600 D WindowManager: updateWindowDragBounds: mIsSwipeYtrue
11-29 06:49:58.670 1491 1600 D WindowManager: updateWindowDragBounds: mIsTopfalse
11-29 06:49:58.670 1491 1600 D WindowManager: updateWindowDragBounds: mIsSwipeXfalse
11-29 06:49:58.672 1491 1600 W WindowManager: updateScale0.4617737
11-29 06:49:58.697 1491 9480 W WindowManager: updateScale0.4617737
11-29 06:49:58.963 1491 1693 I input_interaction: Interaction with: 197ade1 com.android.gallery3d/com.android.gallery3d.app.GalleryActivity (server), edge-swipe (server), swipe-up (server), PointerEventDispatcher0 (server),
11-29 06:49:59.010 18441 18441 I view_enqueue_input_event: [Motion - Cancel,com.android.gallery3d/com.android.gallery3d.app.GalleryActivity]
11-29 06:49:59.010 1491 1693 I input_interaction: Interaction with: WindowManager (server), edge-swipe (server), swipe-up (server), PointerEventDispatcher0 (server),
11-29 06:49:59.024 1491 1600 D FreeFormWindowHelper: refreshTipWindow windowDragBounds:Rect(0, 26 - 302, 564)
11-29 06:49:59.026 1491 1600 W WindowManager: updateScale0.4617737
11-29 06:49:59.040 1491 9480 W WindowManager: updateScale0.4617737
11-29 06:49:59.043 1491 1600 D FreeFormWindowHelper: refreshTipWindow windowDragBounds:Rect(13, -48 - 315, 490)
11-29 06:49:59.045 1491 1600 W WindowManager: updateScale0.4617737
11-29 06:49:59.058 1491 1600 D FreeFormWindowHelper: refreshTipWindow windowDragBounds:Rect(22, -128 - 324, 410)
11-29 06:49:59.059 1491 1600 W WindowManager: updateScale0.4617737
11-29 06:49:59.073 1491 10067 W WindowManager: updateScale0.4617737
11-29 06:49:59.075 1491 1600 D FreeFormWindowHelper: refreshTipWindow windowDragBounds:Rect(29, -204 - 331, 334)
11-29 06:49:59.076 1491 1600 W WindowManager: updateScale0.4617737
11-29 06:49:59.079 0 0 I auditd : type=1400 audit(0.0:13800): avc: denied { kill } for comm="swapper/3" capability=5 scontext=u:r:kernel:s0 tcontext=u:r:kernel:s0 tclass=capability permissive=0
11-29 06:49:59.087 1491 10067 W WindowManager: updateScale0.4617737
11-29 06:49:59.091 1491 1600 D FreeFormWindowHelper: refreshTipWindow windowDragBounds:Rect(38, -284 - 340, 254)
11-29 06:49:59.092 1491 1600 W WindowManager: updateScale0.4617737
11-29 06:49:59.103 1491 10067 W WindowManager: updateScale0.4617737
11-29 06:49:59.108 1491 1600 D FreeFormWindowHelper: refreshTipWindow windowDragBounds:Rect(48, -358 - 350, 180)
11-29 06:49:59.109 1491 1600 W WindowManager: updateScale0.4617737
11-29 06:49:59.120 1491 9480 W WindowManager: updateScale0.4617737
11-29 06:49:59.124 1491 1600 D FreeFormWindowHelper: refreshTipWindow windowDragBounds:Rect(60, -431 - 362, 107)
11-29 06:49:59.125 1491 1600 W WindowManager: updateScale0.4617737
11-29 06:49:59.137 1491 10067 W WindowManager: updateScale0.4617737
11-29 06:49:59.141 1491 1600 D FreeFormWindowHelper: refreshTipWindow windowDragBounds:Rect(71, -478 - 373, 60)
11-29 06:49:59.142 1491 1600 W WindowManager: updateScale0.4617737
11-29 06:49:59.153 1491 9480 W WindowManager: updateScale0.4617737
11-29 06:49:59.162 1491 1600 D WindowManager: updateWindowDragBounds: mIsSwipeYtrue
11-29 06:49:59.162 1491 1600 D WindowManager: updateWindowDragBounds: mIsTopfalse
11-29 06:49:59.162 1491 1600 D WindowManager: updateWindowDragBounds: mIsSwipeXfalse
11-29 06:49:59.163 1491 1600 W WindowManager: updateScale0.4617737
11-29 06:49:59.176 1491 9480 W WindowManager: updateScale0.4617737
11-29 06:49:59.188 1491 9480 W WindowManager: updateScale0.4617737
11-29 06:49:59.514 1491 1693 I input_interaction: Interaction with: 197ade1 com.android.gallery3d/com.android.gallery3d.app.GalleryActivity (server), edge-swipe (server), swipe-up (server), PointerEventDispatcher0 (server),
11-29 06:49:59.578 18441 18441 I view_enqueue_input_event: [Motion - Cancel,com.android.gallery3d/com.android.gallery3d.app.GalleryActivity]
11-29 06:49:59.583 1491 1693 I input_interaction: Interaction with: WindowManager (server), edge-swipe (server), swipe-up (server), PointerEventDispatcher0 (server),
11-29 06:49:59.592 1491 1600 D FreeFormWindowHelper: refreshTipWindow windowDragBounds:Rect(0, 48 - 302, 586)
11-29 06:49:59.594 1491 1600 W WindowManager: updateScale0.4617737
11-29 06:49:59.608 1491 9480 W WindowManager: updateScale0.4617737
11-29 06:49:59.610 1491 1600 D FreeFormWindowHelper: refreshTipWindow windowDragBounds:Rect(0, 24 - 302, 562)
11-29 06:49:59.612 1491 1600 W WindowManager: updateScale0.4617737
11-29 06:49:59.625 1491 9480 W WindowManager: updateScale0.4617737
11-29 06:49:59.627 1491 1600 D FreeFormWindowHelper: refreshTipWindow windowDragBounds:Rect(0, -9 - 302, 529)
11-29 06:49:59.628 1491 1600 W WindowManager: updateScale0.4617737
11-29 06:49:59.642 1491 1600 D FreeFormWindowHelper: refreshTipWindow windowDragBounds:Rect(-13, -50 - 289, 488)
11-29 06:49:59.643 1491 1600 W WindowManager: updateScale0.4617737
11-29 06:49:59.657 1491 9480 W WindowManager: updateScale0.4617737
11-29 06:49:59.660 1491 1600 D FreeFormWindowHelper: refreshTipWindow windowDragBounds:Rect(-17, -103 - 285, 435)
11-29 06:49:59.662 1491 1600 W WindowManager: updateScale0.4617737
11-29 06:49:59.672 1491 9480 W WindowManager: updateScale0.4617737
11-29 06:49:59.676 1491 1600 D FreeFormWindowHelper: refreshTipWindow windowDragBounds:Rect(-20, -158 - 282, 380)
11-29 06:49:59.677 1491 1600 W WindowManager: updateScale0.4617737
11-29 06:49:59.688 1491 9480 W WindowManager: updateScale0.4617737
11-29 06:49:59.693 1491 1600 D FreeFormWindowHelper: refreshTipWindow windowDragBounds:Rect(-23, -212 - 279, 326)
11-29 06:49:59.694 1491 1600 W WindowManager: updateScale0.4617737
11-29 06:49:59.705 1491 10067 W WindowManager: updateScale0.4617737
11-29 06:49:59.709 1491 1600 D FreeFormWindowHelper: refreshTipWindow windowDragBounds:Rect(-26, -255 - 276, 283)
11-29 06:49:59.711 1491 1600 W WindowManager: updateScale0.4617737
11-29 06:49:59.722 1491 10067 W WindowManager: updateScale0.4617737
11-29 06:49:59.726 1491 1600 D FreeFormWindowHelper: refreshTipWindow windowDragBounds:Rect(-29, -298 - 273, 240)
11-29 06:49:59.727 1491 1600 W WindowManager: updateScale0.4617737
11-29 06:49:59.738 1491 10067 W WindowManager: updateScale0.4617737
11-29 06:49:59.742 1491 1600 D FreeFormWindowHelper: refreshTipWindow windowDragBounds:Rect(-34, -333 - 268, 205)
11-29 06:49:59.744 1491 1600 W WindowManager: updateScale0.4617737
11-29 06:49:59.755 1491 10067 W WindowManager: updateScale0.4617737
11-29 06:49:59.759 1491 1600 D FreeFormWindowHelper: refreshTipWindow windowDragBounds:Rect(-39, -363 - 263, 175)
11-29 06:49:59.761 1491 1600 W WindowManager: updateScale0.4617737
11-29 06:49:59.772 1491 10067 W WindowManager: updateScale0.4617737
11-29 06:49:59.776 1491 1600 D FreeFormWindowHelper: refreshTipWindow windowDragBounds:Rect(-43, -390 - 259, 148)
11-29 06:49:59.779 1491 1600 W WindowManager: updateScale0.4617737
11-29 06:49:59.788 1491 9480 W WindowManager: updateScale0.4617737
11-29 06:49:59.792 1491 1600 D FreeFormWindowHelper: refreshTipWindow windowDragBounds:Rect(-47, -409 - 255, 129)
11-29 06:49:59.794 1491 1600 W WindowManager: updateScale0.4617737
11-29 06:49:59.805 1491 10067 W WindowManager: updateScale0.4617737
11-29 06:49:59.809 1491 1600 D FreeFormWindowHelper: refreshTipWindow windowDragBounds:Rect(-52, -430 - 250, 108)
11-29 06:49:59.810 1491 1600 W WindowManager: updateScale0.4617737
11-29 06:49:59.826 1491 10067 W WindowManager: updateScale0.4617737
11-29 06:49:59.828 1491 1600 D FreeFormWindowHelper: refreshTipWindow windowDragBounds:Rect(-56, -445 - 246, 93)
11-29 06:49:59.828 1491 1600 W WindowManager: updateScale0.4617737
11-29 06:49:59.842 1491 9480 W WindowManager: updateScale0.4617737
11-29 06:49:59.844 1491 1600 D FreeFormWindowHelper: refreshTipWindow windowDragBounds:Rect(-58, -458 - 244, 80)
11-29 06:49:59.845 1491 1600 W WindowManager: updateScale0.4617737
11-29 06:49:59.859 1491 1600 D FreeFormWindowHelper: refreshTipWindow windowDragBounds:Rect(-61, -467 - 241, 71)
11-29 06:49:59.860 1491 1600 W WindowManager: updateScale0.4617737
11-29 06:49:59.876 1491 1600 D FreeFormWindowHelper: refreshTipWindow windowDragBounds:Rect(-62, -477 - 240, 61)
11-29 06:49:59.877 1491 1600 W WindowManager: updateScale0.4617737
11-29 06:49:59.893 1491 1600 D FreeFormWindowHelper: refreshTipWindow windowDragBounds:Rect(-64, -486 - 238, 52)
11-29 06:49:59.894 1491 1600 W WindowManager: updateScale0.4617737
11-29 06:49:59.908 1491 9480 W WindowManager: updateScale0.4617737
11-29 06:49:59.910 1491 1600 D FreeFormWindowHelper: refreshTipWindow windowDragBounds:Rect(-64, -490 - 238, 48)
11-29 06:49:59.912 1491 1600 W WindowManager: updateScale0.4617737
11-29 06:50:00.026 1491 1600 D WindowManager: updateWindowDragBounds: mIsSwipeYfalse
11-29 06:50:00.027 1491 1600 D WindowManager: updateWindowDragBounds: mIsTopfalse
11-29 06:50:00.027 1491 1600 D WindowManager: updateWindowDragBounds: mIsSwipeXfalse
11-29 06:50:00.028 1491 1600 W WindowManager: updateScale0.4617737
11-29 06:50:00.049 1491 10067 W WindowManager: updateScale0.4617737
11-29 06:50:00.079 0 0 I auditd : type=1400 audit(0.0:13801): avc: denied { kill } for comm="swapper/3" capability=5 scontext=u:r:kernel:s0 tcontext=u:r:kernel:s0 tclass=capability permissive=0
11-29 06:50:00.459 1491 1693 I input_interaction: Interaction with: 197ade1 com.android.gallery3d/com.android.gallery3d.app.GalleryActivity (server), edge-swipe (server), swipe-up (server), PointerEventDispatcher0 (server),
11-29 06:50:00.497 18441 18441 I view_enqueue_input_event: [Motion - Cancel,com.android.gallery3d/com.android.gallery3d.app.GalleryActivity]
11-29 06:50:00.500 1491 1693 I input_interaction: Interaction with: WindowManager (server), edge-swipe (server), swipe-up (server), PointerEventDispatcher0 (server),
11-29 06:50:00.511 1491 1600 D FreeFormWindowHelper: refreshTipWindow windowDragBounds:Rect(0, 38 - 302, 576)
11-29 06:50:00.514 1491 1600 W WindowManager: updateScale0.4617737
11-29 06:50:00.528 1491 1600 D FreeFormWindowHelper: refreshTipWindow windowDragBounds:Rect(0, 7 - 302, 545)
11-29 06:50:00.529 1491 1600 W WindowManager: updateScale0.4617737
11-29 06:50:00.544 1491 10067 W WindowManager: updateScale0.4617737
11-29 06:50:00.547 1491 1600 D FreeFormWindowHelper: refreshTipWindow windowDragBounds:Rect(0, -27 - 302, 511)
11-29 06:50:00.550 1491 1600 W WindowManager: updateScale0.4617737
11-29 06:50:00.561 1491 1600 D FreeFormWindowHelper: refreshTipWindow windowDragBounds:Rect(0, -67 - 302, 471)
11-29 06:50:00.565 1491 1600 W WindowManager: updateScale0.4617737
11-29 06:50:00.578 1491 1600 D FreeFormWindowHelper: refreshTipWindow windowDragBounds:Rect(0, -106 - 302, 432)
11-29 06:50:00.578 1491 8854 W WindowManager: updateScale0.4617737
11-29 06:50:00.581 1491 1600 W WindowManager: updateScale0.4617737
11-29 06:50:00.594 1491 1600 D FreeFormWindowHelper: refreshTipWindow windowDragBounds:Rect(0, -145 - 302, 393)
11-29 06:50:00.596 1491 1600 W WindowManager: updateScale0.4617737
11-29 06:50:00.610 1491 8854 W WindowManager: updateScale0.4617737
11-29 06:50:00.612 1491 1600 D FreeFormWindowHelper: refreshTipWindow windowDragBounds:Rect(-11, -188 - 291, 350)
11-29 06:50:00.614 1491 1600 W WindowManager: updateScale0.4617737
11-29 06:50:00.628 1491 1600 D FreeFormWindowHelper: refreshTipWindow windowDragBounds:Rect(-11, -235 - 291, 303)
11-29 06:50:00.629 1491 1600 W WindowManager: updateScale0.4617737
11-29 06:50:00.644 1491 8854 W WindowManager: updateScale0.4617737
11-29 06:50:00.646 1491 1600 D FreeFormWindowHelper: refreshTipWindow windowDragBounds:Rect(-11, -289 - 291, 249)
11-29 06:50:00.648 1491 1600 W WindowManager: updateScale0.4617737
11-29 06:50:00.661 1491 1600 D FreeFormWindowHelper: refreshTipWindow windowDragBounds:Rect(-11, -344 - 291, 194)
11-29 06:50:00.663 1491 1600 W WindowManager: updateScale0.4617737
11-29 06:50:00.680 1491 1600 D FreeFormWindowHelper: refreshTipWindow windowDragBounds:Rect(1, -398 - 303, 140)
11-29 06:50:00.682 1491 1600 W WindowManager: updateScale0.4617737
11-29 06:50:00.696 1491 1600 D FreeFormWindowHelper: refreshTipWindow windowDragBounds:Rect(11, -442 - 313, 96)
11-29 06:50:00.699 1491 1600 W WindowManager: updateScale0.4617737
11-29 06:50:00.710 1491 10067 W WindowManager: updateScale0.4617737
11-29 06:50:00.721 1491 1600 D WindowManager: updateWindowDragBounds: mIsSwipeYtrue
11-29 06:50:00.723 1491 1600 D WindowManager: updateWindowDragBounds: mIsTopfalse
11-29 06:50:00.723 1491 1600 D WindowManager: updateWindowDragBounds: mIsSwipeXfalse
11-29 06:50:00.725 1491 1600 W WindowManager: updateScale0.4617737
11-29 06:50:00.727 1491 10067 W WindowManager: updateScale0.4617737
11-29 06:50:00.742 1491 10067 W WindowManager: updateScale0.4617737
11-29 06:50:01.066 1491 1693 I input_interaction: Interaction with: 197ade1 com.android.gallery3d/com.android.gallery3d.app.GalleryActivity (server), edge-swipe (server), swipe-up (server), PointerEventDispatcher0 (server),
11-29 06:50:01.079 0 0 I auditd : type=1400 audit(0.0:13802): avc: denied { kill } for comm="swapper/3" capability=5 scontext=u:r:kernel:s0 tcontext=u:r:kernel:s0 tclass=capability permissive=0
11-29 06:50:01.115 18441 18441 I view_enqueue_input_event: [Motion - Cancel,com.android.gallery3d/com.android.gallery3d.app.GalleryActivity]
11-29 06:50:01.121 1491 1693 I input_interaction: Interaction with: WindowManager (server), edge-swipe (server), swipe-up (server), PointerEventDispatcher0 (server),
11-29 06:50:01.129 1491 1600 D FreeFormWindowHelper: refreshTipWindow windowDragBounds:Rect(9, 43 - 311, 581)
11-29 06:50:01.131 1491 1600 W WindowManager: updateScale0.4617737
11-29 06:50:01.145 1491 10067 W WindowManager: updateScale0.4617737
11-29 06:50:01.147 1491 1600 D FreeFormWindowHelper: refreshTipWindow windowDragBounds:Rect(14, -3 - 316, 535)
11-29 06:50:01.148 1491 1600 W WindowManager: updateScale0.4617737
11-29 06:50:01.162 1491 9480 W WindowManager: updateScale0.4617737
11-29 06:50:01.164 1491 1600 D FreeFormWindowHelper: refreshTipWindow windowDragBounds:Rect(19, -68 - 321, 470)
11-29 06:50:01.166 1491 1600 W WindowManager: updateScale0.4617737
11-29 06:50:01.179 1491 1600 D FreeFormWindowHelper: refreshTipWindow windowDragBounds:Rect(22, -138 - 324, 400)
11-29 06:50:01.180 1491 1600 W WindowManager: updateScale0.4617737
11-29 06:50:01.197 1491 1600 D FreeFormWindowHelper: refreshTipWindow windowDragBounds:Rect(26, -218 - 328, 320)
11-29 06:50:01.199 1491 1600 W WindowManager: updateScale0.4617737
11-29 06:50:01.214 1491 1600 D FreeFormWindowHelper: refreshTipWindow windowDragBounds:Rect(30, -298 - 332, 240)
11-29 06:50:01.216 1491 1600 W WindowManager: updateScale0.4617737
11-29 06:50:01.229 1491 1600 D FreeFormWindowHelper: refreshTipWindow windowDragBounds:Rect(36, -374 - 338, 164)
11-29 06:50:01.231 1491 1600 W WindowManager: updateScale0.4617737
11-29 06:50:01.245 1491 10067 W WindowManager: updateScale0.4617737
11-29 06:50:01.247 1491 1600 D FreeFormWindowHelper: refreshTipWindow windowDragBounds:Rect(46, -445 - 348, 93)
11-29 06:50:01.249 1491 1600 W WindowManager: updateScale0.4617737
11-29 06:50:01.263 1491 1600 D FreeFormWindowHelper: refreshTipWindow windowDragBounds:Rect(52, -474 - 354, 64)
11-29 06:50:01.264 1491 1600 W WindowManager: updateScale0.4617737
11-29 06:50:01.282 1491 1600 D WindowManager: updateWindowDragBounds: mIsSwipeYtrue
11-29 06:50:01.282 1491 1600 D WindowManager: updateWindowDragBounds: mIsTopfalse
11-29 06:50:01.282 1491 1600 D WindowManager: updateWindowDragBounds: mIsSwipeXfalse
11-29 06:50:01.283 1491 1600 W WindowManager: updateScale0.4617737
11-29 06:50:01.311 1491 10067 W WindowManager: updateScale0.4617737
11-29 06:50:01.605 1491 1693 I input_interaction: Interaction with: 197ade1 com.android.gallery3d/com.android.gallery3d.app.GalleryActivity (server), edge-swipe (server), swipe-up (server), PointerEventDispatcher0 (server),
11-29 06:50:01.650 18441 18441 I view_enqueue_input_event: [Motion - Cancel,com.android.gallery3d/com.android.gallery3d.app.GalleryActivity]
11-29 06:50:01.654 1491 1693 I input_interaction: Interaction with: WindowManager (server), edge-swipe (server), swipe-up (server), PointerEventDispatcher0 (server),
11-29 06:50:01.664 1491 1600 D FreeFormWindowHelper: refreshTipWindow windowDragBounds:Rect(-8, 20 - 294, 558)
11-29 06:50:01.666 1491 1600 W WindowManager: updateScale0.4617737
11-29 06:50:01.680 1491 9315 W WindowManager: updateScale0.4617737
11-29 06:50:01.682 1491 1600 D FreeFormWindowHelper: refreshTipWindow windowDragBounds:Rect(-12, -51 - 290, 487)
11-29 06:50:01.684 1491 1600 W WindowManager: updateScale0.4617737
11-29 06:50:01.696 1491 10067 W WindowManager: updateScale0.4617737
11-29 06:50:01.698 1491 1600 D FreeFormWindowHelper: refreshTipWindow windowDragBounds:Rect(-12, -140 - 290, 398)
11-29 06:50:01.701 1491 1600 W WindowManager: updateScale0.4617737
11-29 06:50:01.714 1491 1600 D FreeFormWindowHelper: refreshTipWindow windowDragBounds:Rect(-4, -249 - 298, 289)
11-29 06:50:01.714 1491 1600 W WindowManager: updateScale0.4617737
11-29 06:50:01.731 1491 1600 D FreeFormWindowHelper: refreshTipWindow windowDragBounds:Rect(14, -363 - 316, 175)
11-29 06:50:01.733 1491 1600 W WindowManager: updateScale0.4617737
11-29 06:50:01.747 1491 1600 D FreeFormWindowHelper: refreshTipWindow windowDragBounds:Rect(44, -485 - 346, 53)
11-29 06:50:01.749 1491 1600 W WindowManager: updateScale0.4617737
11-29 06:50:01.764 1491 1600 D FreeFormWindowHelper: refreshTipWindow windowDragBounds:Rect(52, -490 - 354, 48)
11-29 06:50:01.765 1491 1600 W WindowManager: updateScale0.4617737
11-29 06:50:01.773 1491 9315 W WindowManager: updateScale0.4617737
11-29 06:50:01.777 1491 1600 D WindowManager: updateWindowDragBounds: mIsSwipeYtrue
11-29 06:50:01.780 1491 1600 D WindowManager: updateWindowDragBounds: mIsTopfalse
11-29 06:50:01.780 1491 1600 D WindowManager: updateWindowDragBounds: mIsSwipeXfalse
11-29 06:50:01.781 1491 1600 W WindowManager: updateScale0.4617737
11-29 06:50:01.812 1491 9315 W WindowManager: updateScale0.4617737
11-29 06:50:02.079 0 0 I auditd : type=1400 audit(0.0:13803): avc: denied { kill } for comm="swapper/3" capability=5 scontext=u:r:kernel:s0 tcontext=u:r:kernel:s0 tclass=capability permissive=0
11-29 06:50:03.079 0 0 I auditd : type=1400 audit(0.0:13804): avc: denied { kill } for comm="swapper/3" capability=5 scontext=u:r:kernel:s0 tcontext=u:r:kernel:s0 tclass=capability permissive=0
11-29 06:50:04.079 0 0 I auditd : type=1400 audit(0.0:13805): avc: denied { kill } for comm="swapper/3" capability=5 scontext=u:r:kernel:s0 tcontext=u:r:kernel:s0 tclass=capability permissive=0
11-29 06:50:05.079 0 0 I auditd : type=1400 audit(0.0:13806): avc: denied { kill } for comm="swapper/3" capability=5 scontext=u:r:kernel:s0 tcontext=u:r:kernel:s0 tclass=capability permissive=0
11-29 06:50:06.079 0 0 I auditd : type=1400 audit(0.0:13807): avc: denied { kill } for comm="swapper/3" capability=5 scontext=u:r:kernel:s0 tcontext=u:r:kernel:s0 tclass=capability permissive=0
11-29 06:50:07.079 0 0 I auditd : type=1400 audit(0.0:13808): avc: denied { kill } for comm="swapper/3" capability=5 scontext=u:r:kernel:s0 tcontext=u:r:kernel:s0 tclass=capability permissive=0
11-29 06:50:08.079 0 0 I auditd : type=1400 audit(0.0:13809): avc: denied { kill } for comm="swapper/3" capability=5 scontext=u:r:kernel:s0 tcontext=u:r:kernel:s0 tclass=capability permissive=0
11-29 06:50:09.079 0 0 I auditd : type=1400 audit(0.0:13810): avc: denied { kill } for comm="swapper/3" capability=5 scontext=u:r:kernel:s0 tcontext=u:r:kernel:s0 tclass=capability permissive=0
11-29 06:50:10.079 0 0 I auditd : type=1400 audit(0.0:13811): avc: denied { kill } for comm="swapper/3" capability=5 scontext=u:r:kernel:s0 tcontext=u:r:kernel:s0 tclass=capability permissive=0
11-29 06:50:11.079 0 0 I auditd : type=1400 audit(0.0:13812): avc: denied { kill } for comm="swapper/3" capability=5 scontext=u:r:kernel:s0 tcontext=u:r:kernel:s0 tclass=capability permissive=0
11-29 06:50:13.079 0 0 I auditd : type=1400 audit(0.0:13813): avc: denied { kill } for comm="swapper/3" capability=5 scontext=u:r:kernel:s0 tcontext=u:r:kernel:s0 tclass=capability permissive=0
11-29 06:50:14.079 0 0 I auditd : type=1400 audit(0.0:13814): avc: denied { kill } for comm="swapper/3" capability=5 scontext=u:r:kernel:s0 tcontext=u:r:kernel:s0 tclass=capability permissive=0
11-29 06:50:15.079 0 0 I auditd : type=1400 audit(0.0:13815): avc: denied { kill } for comm="swapper/3" capability=5 scontext=u:r:kernel:s0 tcontext=u:r:kernel:s0 tclass=capability permissive=0
11-29 06:50:16.079 0 0 I auditd : type=1400 audit(0.0:13816): avc: denied { kill } for comm="swapper/3" capability=5 scontext=u:r:kernel:s0 tcontext=u:r:kernel:s0 tclass=capability permissive=0
11-29 06:50:17.079 0 0 I auditd : type=1400 audit(0.0:13817): avc: denied { kill } for comm="swapper/3" capability=5 scontext=u:r:kernel:s0 tcontext=u:r:kernel:s0 tclass=capability permissive=0
11-29 06:50:17.594 1491 1608 I am_uid_idle: 10052
11-29 06:50:18.079 0 0 I auditd : type=1400 audit(0.0:13818): avc: denied { kill } for comm="swapper/3" capability=5 scontext=u:r:kernel:s0 tcontext=u:r:kernel:s0 tclass=capability permissive=0
11-29 06:50:19.079 0 0 I auditd : type=1400 audit(0.0:13819): avc: denied { kill } for comm="swapper/3" capability=5 scontext=u:r:kernel:s0 tcontext=u:r:kernel:s0 tclass=capability permissive=0
11-29 06:50:20.079 0 0 I auditd : type=1400 audit(0.0:13820): avc: denied { kill } for comm="swapper/3" capability=5 scontext=u:r:kernel:s0 tcontext=u:r:kernel:s0 tclass=capability permissive=0
11-29 06:50:21.079 0 0 I auditd : type=1400 audit(0.0:13821): avc: denied { kill } for comm="swapper/3" capability=5 scontext=u:r:kernel:s0 tcontext=u:r:kernel:s0 tclass=capability permissive=0
11-29 06:50:22.079 0 0 I auditd : type=1400 audit(0.0:13822): avc: denied { kill } for comm="swapper/3" capability=5 scontext=u:r:kernel:s0 tcontext=u:r:kernel:s0 tclass=capability permissive=0
11-29 06:50:23.079 0 0 I auditd : type=1400 audit(0.0:13823): avc: denied { kill } for comm="swapper/3" capability=5 scontext=u:r:kernel:s0 tcontext=u:r:kernel:s0 tclass=capability permissive=0
11-29 06:50:24.079 0 0 I auditd : type=1400 audit(0.0:13824): avc: denied { kill } for comm="swapper/3" capability=5 scontext=u:r:kernel:s0 tcontext=u:r:kernel:s0 tclass=capability permissive=0
11-29 06:50:25.079 0 0 I auditd : type=1400 audit(0.0:13825): avc: denied { kill } for comm="swapper/3" capability=5 scontext=u:r:kernel:s0 tcontext=u:r:kernel:s0 tclass=capability permissive=0
11-29 06:50:26.079 0 0 I auditd : type=1400 audit(0.0:13826): avc: denied { kill } for comm="swapper/3" capability=5 scontext=u:r:kernel:s0 tcontext=u:r:kernel:s0 tclass=capability permissive=0
11-29 06:50:26.091 1491 1674 D ActivityManager: freezing 17962 com.hryt.hiphishowfsecontrol
11-29 06:50:26.091 1491 1674 E ActivityManager: Unable to freeze binder for 17962 com.hryt.hiphishowfsecontrol
11-29 06:50:26.092 1491 1674 D ActivityManager: froze 17962 com.hryt.hiphishowfsecontrol
11-29 06:50:26.092 1491 1674 I am_freeze: [17962,com.hryt.hiphishowfsecontrol]
11-29 06:50:26.092 1491 1674 E ActivityManager: Unable to freeze binder for 17962 com.hryt.hiphishowfsecontrol
11-29 06:50:26.093 1491 1674 I ActivityManager: Killing 17962:com.hryt.hiphishowfsecontrol/u0a20 (adj 955): Unable to freeze binder interface
11-29 06:50:26.093 1491 1674 I am_kill : [0,17962,com.hryt.hiphishowfsecontrol,955,Unable to freeze binder interface]
11-29 06:50:26.097 1491 1674 D ActivityManager: freezing 17972 com.android.calendar
11-29 06:50:26.098 1491 1674 E ActivityManager: Unable to freeze binder for 17972 com.android.calendar
11-29 06:50:26.099 1491 1674 D ActivityManager: froze 17972 com.android.calendar
11-29 06:50:26.099 1491 1674 I am_freeze: [17972,com.android.calendar]
11-29 06:50:26.099 1491 1674 E ActivityManager: Unable to freeze binder for 17972 com.android.calendar
11-29 06:50:26.101 1491 1674 I ActivityManager: Killing 17972:com.android.calendar/u0a64 (adj 945): Unable to freeze binder interface
11-29 06:50:26.101 1491 1674 I am_kill : [0,17972,com.android.calendar,945,Unable to freeze binder interface]
11-29 06:50:26.130 1491 11109 I am_proc_died: [0,17962,com.hryt.hiphishowfsecontrol,955,19]
11-29 06:50:26.131 1491 11109 I am_uid_stopped: 10020
11-29 06:50:26.140 1491 1599 I am_uid_running: 10020
11-29 06:50:26.141 1491 1599 D CompatibilityChangeReporter: Compat change id reported: 135634846; UID 10020; state: DISABLED
11-29 06:50:26.142 1491 1599 D CompatibilityChangeReporter: Compat change id reported: 177438394; UID 10020; state: DISABLED
11-29 06:50:26.142 1491 1599 D CompatibilityChangeReporter: Compat change id reported: 135772972; UID 10020; state: DISABLED
11-29 06:50:26.142 1491 1599 D CompatibilityChangeReporter: Compat change id reported: 135754954; UID 10020; state: ENABLED
11-29 06:50:26.142 1491 1609 D CompatibilityChangeReporter: Compat change id reported: 143937733; UID 10020; state: ENABLED
11-29 06:50:26.143 1491 1599 W ActivityManager: ProcessRecord{bdc81a4 17972:com.android.calendar/u0a64} is attached to a previous process
11-29 06:50:26.143 1491 1599 I am_uid_stopped: 10064
11-29 06:50:26.143 1491 1599 W ActivityManager: Existing proc ProcessRecord{bdc81a4 17972:com.android.calendar/u0a64} was killed 41ms ago when adding ProcessRecord{bbe0d87 0:com.android.calendar/u0a64}
11-29 06:50:26.143 1491 1599 I am_uid_running: 10064
11-29 06:50:26.143 1491 1599 D CompatibilityChangeReporter: Compat change id reported: 135634846; UID 10064; state: DISABLED
11-29 06:50:26.143 1491 1599 D CompatibilityChangeReporter: Compat change id reported: 177438394; UID 10064; state: DISABLED
11-29 06:50:26.143 1491 1599 D CompatibilityChangeReporter: Compat change id reported: 135772972; UID 10064; state: DISABLED
11-29 06:50:26.144 1491 1599 D CompatibilityChangeReporter: Compat change id reported: 135754954; UID 10064; state: DISABLED
11-29 06:50:26.144 1491 11109 I am_proc_died: [0,17972,com.android.calendar,945,19]
11-29 06:50:26.162 1491 1609 I am_proc_start: [0,19066,10020,com.hryt.hiphishowfsecontrol,NULL,]
11-29 06:50:26.162 1491 1609 I ActivityManager: Start proc 19066:com.hryt.hiphishowfsecontrol/u0a20 for null
11-29 06:50:26.162 1491 1609 D CompatibilityChangeReporter: Compat change id reported: 143937733; UID 10064; state: DISABLED
11-29 06:50:26.178 1491 1609 I am_proc_start: [0,19067,10064,com.android.calendar,NULL,]
11-29 06:50:26.179 1491 1609 I ActivityManager: Start proc 19067:com.android.calendar/u0a64 for null
11-29 06:50:26.205 1491 11109 I am_proc_bound: [0,19067,com.android.calendar]
11-29 06:50:26.206 1491 11109 D CompatibilityChangeReporter: Compat change id reported: 168419799; UID 10064; state: DISABLED
11-29 06:50:26.212 1491 11109 I am_proc_bound: [0,19066,com.hryt.hiphishowfsecontrol]
11-29 06:50:26.213 1491 11109 D CompatibilityChangeReporter: Compat change id reported: 168419799; UID 10020; state: DISABLED
11-29 06:50:27.079 0 0 I auditd : type=1400 audit(0.0:13827): avc: denied { kill } for comm="swapper/3" capability=5 scontext=u:r:kernel:s0 tcontext=u:r:kernel:s0 tclass=capability permissive=0
11-29 06:50:28.079 0 0 I auditd : type=1400 audit(0.0:13828): avc: denied { kill } for comm="swapper/3" capability=5 scontext=u:r:kernel:s0 tcontext=u:r:kernel:s0 tclass=capability permissive=0
11-29 06:50:29.079 0 0 I auditd : type=1400 audit(0.0:13829): avc: denied { kill } for comm="swapper/3" capability=5 scontext=u:r:kernel:s0 tcontext=u:r:kernel:s0 tclass=capability permissive=0
11-29 06:50:30.038 1491 1693 I input_interaction: Interaction with: 197ade1 com.android.gallery3d/com.android.gallery3d.app.GalleryActivity (server), edge-swipe (server), swipe-up (server), PointerEventDispatcher0 (server),
11-29 06:50:30.068 18441 18441 I view_enqueue_input_event: [Motion - Cancel,com.android.gallery3d/com.android.gallery3d.app.GalleryActivity]
11-29 06:50:30.071 1491 1693 I input_interaction: Interaction with: WindowManager (server), edge-swipe (server), swipe-up (server), PointerEventDispatcher0 (server),
11-29 06:50:30.082 1491 1600 D FreeFormWindowHelper: refreshTipWindow windowDragBounds:Rect(0, 53 - 302, 591)
11-29 06:50:30.084 1491 1600 W WindowManager: updateScale0.4617737
11-29 06:50:30.098 1491 1600 D FreeFormWindowHelper: refreshTipWindow windowDragBounds:Rect(-12, 28 - 290, 566)
11-29 06:50:30.109 1491 1600 W WindowManager: updateScale0.4617737
11-29 06:50:30.115 1491 1600 D FreeFormWindowHelper: refreshTipWindow windowDragBounds:Rect(-15, -9 - 287, 529)
11-29 06:50:30.116 1491 1600 W WindowManager: updateScale0.4617737
11-29 06:50:30.118 1491 11109 W WindowManager: updateScale0.4617737
11-29 06:50:30.132 1491 1600 D FreeFormWindowHelper: refreshTipWindow windowDragBounds:Rect(-17, -53 - 285, 485)
11-29 06:50:30.135 1491 1600 W WindowManager: updateScale0.4617737
11-29 06:50:30.149 1491 1600 D FreeFormWindowHelper: refreshTipWindow windowDragBounds:Rect(-20, -100 - 282, 438)
11-29 06:50:30.150 1491 1600 W WindowManager: updateScale0.4617737
11-29 06:50:30.168 1491 1600 D FreeFormWindowHelper: refreshTipWindow windowDragBounds:Rect(-23, -137 - 279, 401)
11-29 06:50:30.170 1491 1600 W WindowManager: updateScale0.4617737
11-29 06:50:30.181 1491 11109 W WindowManager: updateScale0.4617737
11-29 06:50:30.183 1491 1600 D FreeFormWindowHelper: refreshTipWindow windowDragBounds:Rect(-29, -172 - 273, 366)
11-29 06:50:30.184 1491 1600 W WindowManager: updateScale0.4617737
11-29 06:50:30.199 1491 1600 D FreeFormWindowHelper: refreshTipWindow windowDragBounds:Rect(-34, -200 - 268, 338)
11-29 06:50:30.200 1491 1600 W WindowManager: updateScale0.4617737
11-29 06:50:30.217 1491 1600 D FreeFormWindowHelper: refreshTipWindow windowDragBounds:Rect(-40, -226 - 262, 312)
11-29 06:50:30.219 1491 1600 W WindowManager: updateScale0.4617737
11-29 06:50:30.234 1491 1600 D FreeFormWindowHelper: refreshTipWindow windowDragBounds:Rect(-44, -248 - 258, 290)
11-29 06:50:30.235 1491 1600 W WindowManager: updateScale0.4617737
11-29 06:50:30.249 1491 1600 D FreeFormWindowHelper: refreshTipWindow windowDragBounds:Rect(-48, -272 - 254, 266)
11-29 06:50:30.252 1491 1600 W WindowManager: updateScale0.4617737
11-29 06:50:30.267 1491 1600 D FreeFormWindowHelper: refreshTipWindow windowDragBounds:Rect(-51, -296 - 251, 242)
11-29 06:50:30.269 1491 1600 W WindowManager: updateScale0.4617737
11-29 06:50:30.283 1491 1600 D FreeFormWindowHelper: refreshTipWindow windowDragBounds:Rect(-52, -317 - 250, 221)
11-29 06:50:30.285 1491 1600 W WindowManager: updateScale0.4617737
11-29 06:50:30.301 1491 1600 D FreeFormWindowHelper: refreshTipWindow windowDragBounds:Rect(-52, -338 - 250, 200)
11-29 06:50:30.303 1491 1600 W WindowManager: updateScale0.4617737
11-29 06:50:30.316 1491 1600 D FreeFormWindowHelper: refreshTipWindow windowDragBounds:Rect(-52, -363 - 250, 175)
11-29 06:50:30.319 1491 1600 W WindowManager: updateScale0.4617737
11-29 06:50:30.333 1491 1600 D FreeFormWindowHelper: refreshTipWindow windowDragBounds:Rect(-52, -394 - 250, 144)
11-29 06:50:30.336 1491 1600 W WindowManager: updateScale0.4617737
11-29 06:50:30.348 1491 9480 W WindowManager: updateScale0.4617737
11-29 06:50:30.351 1491 1600 D FreeFormWindowHelper: refreshTipWindow windowDragBounds:Rect(-37, -436 - 265, 102)
11-29 06:50:30.352 1491 1600 W WindowManager: updateScale0.4617737
11-29 06:50:30.366 1491 1600 D FreeFormWindowHelper: refreshTipWindow windowDragBounds:Rect(-28, -460 - 274, 78)
11-29 06:50:30.367 1491 1600 W WindowManager: updateScale0.4617737
11-29 06:50:30.385 1491 1600 D FreeFormWindowHelper: refreshTipWindow windowDragBounds:Rect(-17, -480 - 285, 58)
11-29 06:50:30.386 1491 1600 W WindowManager: updateScale0.4617737
11-29 06:50:30.404 1491 1600 D WindowManager: updateWindowDragBounds: mIsSwipeYtrue
11-29 06:50:30.404 1491 1600 D WindowManager: updateWindowDragBounds: mIsTopfalse
11-29 06:50:30.404 1491 1600 D WindowManager: updateWindowDragBounds: mIsSwipeXfalse
11-29 06:50:30.405 1491 1600 W WindowManager: updateScale0.4617737
11-29 06:50:30.430 1491 11109 W WindowManager: updateScale0.4617737
11-29 06:50:30.777 1491 1693 I input_interaction: Interaction with: 197ade1 com.android.gallery3d/com.android.gallery3d.app.GalleryActivity (server), edge-swipe (server), swipe-up (server), PointerEventDispatcher0 (server),
11-29 06:50:30.802 18441 18441 I view_enqueue_input_event: [Motion - Cancel,com.android.gallery3d/com.android.gallery3d.app.GalleryActivity]
11-29 06:50:30.804 1491 1693 I input_interaction: Interaction with: WindowManager (server), edge-swipe (server), swipe-up (server), PointerEventDispatcher0 (server),
11-29 06:50:30.817 1491 1600 D FreeFormWindowHelper: refreshTipWindow windowDragBounds:Rect(0, 45 - 302, 583)
11-29 06:50:30.819 1491 1600 W WindowManager: updateScale0.4617737
11-29 06:50:30.833 1491 11109 W WindowManager: updateScale0.4617737
11-29 06:50:30.835 1491 1600 D FreeFormWindowHelper: refreshTipWindow windowDragBounds:Rect(0, 5 - 302, 543)
11-29 06:50:30.837 1491 1600 W WindowManager: updateScale0.4617737
11-29 06:50:30.850 1491 11109 W WindowManager: updateScale0.4617737
11-29 06:50:30.851 1491 1600 D FreeFormWindowHelper: refreshTipWindow windowDragBounds:Rect(0, -42 - 302, 496)
11-29 06:50:30.853 1491 1600 W WindowManager: updateScale0.4617737
11-29 06:50:30.865 1491 9480 W WindowManager: updateScale0.4617737
11-29 06:50:30.867 1491 1600 D FreeFormWindowHelper: refreshTipWindow windowDragBounds:Rect(-8, -98 - 294, 440)
11-29 06:50:30.868 1491 1600 W WindowManager: updateScale0.4617737
11-29 06:50:30.884 1491 1600 D FreeFormWindowHelper: refreshTipWindow windowDragBounds:Rect(-9, -155 - 293, 383)
11-29 06:50:30.885 1491 1600 W WindowManager: updateScale0.4617737
11-29 06:50:30.894 1491 9480 W WindowManager: updateScale0.4617737
11-29 06:50:30.901 1491 1600 D FreeFormWindowHelper: refreshTipWindow windowDragBounds:Rect(-10, -219 - 292, 319)
11-29 06:50:30.903 1491 1600 W WindowManager: updateScale0.4617737
11-29 06:50:30.913 1491 9480 W WindowManager: updateScale0.4617737
11-29 06:50:30.917 1491 1600 D FreeFormWindowHelper: refreshTipWindow windowDragBounds:Rect(-10, -274 - 292, 264)
11-29 06:50:30.919 1491 1600 W WindowManager: updateScale0.4617737
11-29 06:50:30.930 1491 9480 W WindowManager: updateScale0.4617737
11-29 06:50:30.934 1491 1600 D FreeFormWindowHelper: refreshTipWindow windowDragBounds:Rect(-10, -325 - 292, 213)
11-29 06:50:30.935 1491 1600 W WindowManager: updateScale0.4617737
11-29 06:50:30.946 1491 9480 W WindowManager: updateScale0.4617737
11-29 06:50:30.951 1491 1600 D FreeFormWindowHelper: refreshTipWindow windowDragBounds:Rect(-10, -361 - 292, 177)
11-29 06:50:30.952 1491 1600 W WindowManager: updateScale0.4617737
11-29 06:50:30.963 1491 9480 W WindowManager: updateScale0.4617737
11-29 06:50:30.967 1491 1600 D FreeFormWindowHelper: refreshTipWindow windowDragBounds:Rect(-10, -392 - 292, 146)
11-29 06:50:30.969 1491 1600 W WindowManager: updateScale0.4617737
11-29 06:50:30.980 1491 9480 W WindowManager: updateScale0.4617737
11-29 06:50:30.984 1491 1600 D FreeFormWindowHelper: refreshTipWindow windowDragBounds:Rect(-10, -411 - 292, 127)
11-29 06:50:30.986 1491 1600 W WindowManager: updateScale0.4617737
11-29 06:50:30.997 1491 9480 W WindowManager: updateScale0.4617737
11-29 06:50:31.001 1491 1600 D FreeFormWindowHelper: refreshTipWindow windowDragBounds:Rect(-10, -428 - 292, 110)
11-29 06:50:31.002 1491 1600 W WindowManager: updateScale0.4617737
11-29 06:50:31.013 1491 9480 W WindowManager: updateScale0.4617737
11-29 06:50:31.018 1491 1600 D FreeFormWindowHelper: refreshTipWindow windowDragBounds:Rect(-10, -439 - 292, 99)
11-29 06:50:31.020 1491 1600 W WindowManager: updateScale0.4617737
11-29 06:50:31.030 1491 11109 W WindowManager: updateScale0.4617737
11-29 06:50:31.034 1491 1600 D FreeFormWindowHelper: refreshTipWindow windowDragBounds:Rect(-10, -444 - 292, 94)
11-29 06:50:31.036 1491 1600 W WindowManager: updateScale0.4617737
11-29 06:50:31.047 1491 11109 W WindowManager: updateScale0.4617737
11-29 06:50:31.052 1491 1600 D WindowManager: updateWindowDragBounds: mIsSwipeYfalse
11-29 06:50:31.055 1491 1600 D WindowManager: updateWindowDragBounds: mIsTopfalse
11-29 06:50:31.055 1491 1600 D WindowManager: updateWindowDragBounds: mIsSwipeXfalse
11-29 06:50:31.060 1491 1600 W WindowManager: updateScale0.4617737
