11-29 06:57:09.258 18834 18834 I sysui_multi_action: [757,126,758,1,759,126,927,0,928,1,1593,0]
11-29 06:57:09.258 18834 18834 I sysui_multi_action: [757,113,758,1,759,113,927,1,928,1,1593,0]
11-29 06:57:09.258 18834 18834 I sysui_multi_action: [757,0,758,1,759,0,927,2,928,0,1593,1]
11-29 06:57:09.258 18834 18834 I sysui_multi_action: [757,0,758,1,759,0,927,3,928,0,1593,1]
11-29 06:57:09.270 1491 1760 I GameModeConfig: isGameModeOn = false
11-29 06:57:09.270 1491 1760 I GameModeConfig: isGameModeOn = false
11-29 06:57:09.270 1491 1760 I GameModeConfig: isGameModeOn = false
11-29 06:57:09.270 1491 1760 I GameModeConfig: isGameModeOn = false
11-29 06:57:09.271 18834 18834 I sysui_multi_action: [757,111,758,2]
11-29 06:57:09.271 18834 18834 I sysui_multi_action: [757,111,758,2]
11-29 06:57:09.271 1491 1491 I notification_enqueue: [10082,18834,com.android.systemui,2048,NULL,0,Notification(channel=updateNotification shortcut=null contentView=null vibrate=null sound=null defaults=0x0 flags=0x0 color=0x00000000 vis=PRIVATE),1]
11-29 06:57:09.275 18834 18834 I sysui_multi_action: [757,111,758,1]
11-29 06:57:09.275 18834 18834 I sysui_multi_action: [757,126,758,1,759,126,927,0,928,1,1593,1]
11-29 06:57:09.275 18834 18834 I sysui_multi_action: [757,113,758,1,759,113,927,1,928,1,1593,1]
11-29 06:57:09.275 18834 18834 I sysui_multi_action: [757,0,758,1,759,0,927,2,928,0,1593,1]
11-29 06:57:09.275 18834 18834 I sysui_multi_action: [757,0,758,1,759,0,927,3,928,0,1593,1]
11-29 06:57:09.275 18834 18834 I sysui_multi_action: [757,491,758,1,759,491,927,4,928,0,1311,-1,1593,0]
11-29 06:57:09.275 18834 18834 I sysui_multi_action: [757,0,758,1,759,0,927,5,928,0,1593,0]
11-29 06:57:09.275 18834 18834 I sysui_multi_action: [757,111,758,1]
11-29 06:57:09.275 18834 18834 I sysui_multi_action: [757,126,758,1,759,126,927,0,928,1,1593,1]
11-29 06:57:09.275 18834 18834 I sysui_multi_action: [757,113,758,1,759,113,927,1,928,1,1593,1]
11-29 06:57:09.276 18834 18834 I sysui_multi_action: [757,0,758,1,759,0,927,2,928,0,1593,1]
11-29 06:57:09.276 18834 18834 I sysui_multi_action: [757,0,758,1,759,0,927,3,928,0,1593,1]
11-29 06:57:09.287 1491 1760 I GameModeConfig: isGameModeOn = false
11-29 06:57:09.287 1491 1760 I GameModeConfig: isGameModeOn = false
11-29 06:57:09.287 1491 1760 I GameModeConfig: isGameModeOn = false
11-29 06:57:09.288 1491 1760 I GameModeConfig: isGameModeOn = false
11-29 06:57:09.289 18834 18834 I sysui_multi_action: [757,111,758,2]
11-29 06:57:09.289 18834 18834 I sysui_multi_action: [757,111,758,2]
11-29 06:57:09.289 1491 1491 I notification_enqueue: [10082,18834,com.android.systemui,2048,NULL,0,Notification(channel=updateNotification shortcut=null contentView=null vibrate=null sound=null defaults=0x0 flags=0x0 color=0x00000000 vis=PRIVATE),1]
11-29 06:57:09.293 18834 18834 I sysui_multi_action: [757,111,758,1]
11-29 06:57:09.293 18834 18834 I sysui_multi_action: [757,126,758,1,759,126,927,0,928,1,1593,1]
11-29 06:57:09.293 18834 18834 I sysui_multi_action: [757,113,758,1,759,113,927,1,928,1,1593,1]
11-29 06:57:09.293 18834 18834 I sysui_multi_action: [757,0,758,1,759,0,927,2,928,0,1593,1]
11-29 06:57:09.293 18834 18834 I sysui_multi_action: [757,0,758,1,759,0,927,3,928,0,1593,1]
11-29 06:57:09.293 18834 18834 I sysui_multi_action: [757,491,758,1,759,491,927,4,928,0,1311,-1,1593,0]
11-29 06:57:09.293 18834 18834 I sysui_multi_action: [757,0,758,1,759,0,927,5,928,0,1593,0]
11-29 06:57:09.293 18834 18834 I sysui_multi_action: [757,111,758,1]
11-29 06:57:09.294 18834 18834 I sysui_multi_action: [757,126,758,1,759,126,927,0,928,1,1593,1]
11-29 06:57:09.294 18834 18834 I sysui_multi_action: [757,113,758,1,759,113,927,1,928,1,1593,1]
11-29 06:57:09.294 18834 18834 I sysui_multi_action: [757,0,758,1,759,0,927,2,928,0,1593,1]
11-29 06:57:09.294 18834 18834 I sysui_multi_action: [757,0,758,1,759,0,927,3,928,0,1593,1]
11-29 06:57:09.303 1491 1760 I GameModeConfig: isGameModeOn = false
11-29 06:57:09.304 1491 1760 I GameModeConfig: isGameModeOn = false
11-29 06:57:09.304 1491 1760 I GameModeConfig: isGameModeOn = false
11-29 06:57:09.305 1491 1760 I GameModeConfig: isGameModeOn = false
11-29 06:57:09.306 18834 18834 I sysui_multi_action: [757,111,758,2]
11-29 06:57:09.306 1491 1491 I notification_enqueue: [10082,18834,com.android.systemui,2048,NULL,0,Notification(channel=updateNotification shortcut=null contentView=null vibrate=null sound=null defaults=0x0 flags=0x0 color=0x00000000 vis=PRIVATE),1]
11-29 06:57:09.306 18834 18834 I sysui_multi_action: [757,111,758,2]
11-29 06:57:09.310 18834 18834 I sysui_multi_action: [757,111,758,1]
11-29 06:57:09.310 18834 18834 I sysui_multi_action: [757,126,758,1,759,126,927,0,928,1,1593,1]
11-29 06:57:09.310 18834 18834 I sysui_multi_action: [757,113,758,1,759,113,927,1,928,1,1593,1]
11-29 06:57:09.310 18834 18834 I sysui_multi_action: [757,0,758,1,759,0,927,2,928,0,1593,1]
11-29 06:57:09.310 18834 18834 I sysui_multi_action: [757,0,758,1,759,0,927,3,928,0,1593,1]
11-29 06:57:09.310 18834 18834 I sysui_multi_action: [757,491,758,1,759,491,927,4,928,0,1311,-1,1593,0]
11-29 06:57:09.310 18834 18834 I sysui_multi_action: [757,0,758,1,759,0,927,5,928,0,1593,0]
11-29 06:57:09.310 18834 18834 I sysui_multi_action: [757,111,758,1]
11-29 06:57:09.310 18834 18834 I sysui_multi_action: [757,126,758,1,759,126,927,0,928,1,1593,1]
11-29 06:57:09.311 18834 18834 I sysui_multi_action: [757,113,758,1,759,113,927,1,928,1,1593,1]
11-29 06:57:09.311 18834 18834 I sysui_multi_action: [757,0,758,1,759,0,927,2,928,0,1593,1]
11-29 06:57:09.311 18834 18834 I sysui_multi_action: [757,0,758,1,759,0,927,3,928,0,1593,1]
11-29 06:57:09.320 1491 1760 I GameModeConfig: isGameModeOn = false
11-29 06:57:09.321 1491 1760 I GameModeConfig: isGameModeOn = false
11-29 06:57:09.321 1491 1760 I GameModeConfig: isGameModeOn = false
11-29 06:57:09.321 1491 1760 I GameModeConfig: isGameModeOn = false
11-29 06:57:09.322 18834 18834 I sysui_multi_action: [757,111,758,2]
11-29 06:57:09.322 18834 18834 I sysui_multi_action: [757,111,758,2]
11-29 06:57:09.322 1491 1491 I notification_enqueue: [10082,18834,com.android.systemui,2048,NULL,0,Notification(channel=updateNotification shortcut=null contentView=null vibrate=null sound=null defaults=0x0 flags=0x0 color=0x00000000 vis=PRIVATE),1]
11-29 06:57:09.325 18834 18834 I sysui_multi_action: [757,111,758,1]
11-29 06:57:09.325 18834 18834 I sysui_multi_action: [757,126,758,1,759,126,927,0,928,1,1593,1]
11-29 06:57:09.325 18834 18834 I sysui_multi_action: [757,113,758,1,759,113,927,1,928,1,1593,1]
11-29 06:57:09.325 18834 18834 I sysui_multi_action: [757,0,758,1,759,0,927,2,928,0,1593,1]
11-29 06:57:09.326 18834 18834 I sysui_multi_action: [757,0,758,1,759,0,927,3,928,0,1593,1]
11-29 06:57:09.326 18834 18834 I sysui_multi_action: [757,491,758,1,759,491,927,4,928,0,1311,-1,1593,0]
11-29 06:57:09.326 18834 18834 I sysui_multi_action: [757,0,758,1,759,0,927,5,928,0,1593,0]
11-29 06:57:09.326 18834 18834 I sysui_multi_action: [757,111,758,1]
11-29 06:57:09.326 18834 18834 I sysui_multi_action: [757,126,758,1,759,126,927,0,928,1,1593,1]
11-29 06:57:09.326 18834 18834 I sysui_multi_action: [757,113,758,1,759,113,927,1,928,1,1593,1]
11-29 06:57:09.326 18834 18834 I sysui_multi_action: [757,0,758,1,759,0,927,2,928,0,1593,1]
11-29 06:57:09.326 18834 18834 I sysui_multi_action: [757,0,758,1,759,0,927,3,928,0,1593,1]
11-29 06:57:09.337 1491 1760 I GameModeConfig: isGameModeOn = false
11-29 06:57:09.337 1491 1760 I GameModeConfig: isGameModeOn = false
11-29 06:57:09.338 1491 1760 I GameModeConfig: isGameModeOn = false
11-29 06:57:09.338 1491 1760 I GameModeConfig: isGameModeOn = false
11-29 06:57:09.339 18834 18834 I sysui_multi_action: [757,111,758,2]
11-29 06:57:09.339 1491 1491 I notification_enqueue: [10082,18834,com.android.systemui,2048,NULL,0,Notification(channel=updateNotification shortcut=null contentView=null vibrate=null sound=null defaults=0x0 flags=0x0 color=0x00000000 vis=PRIVATE),1]
11-29 06:57:09.339 18834 18834 I sysui_multi_action: [757,111,758,2]
11-29 06:57:09.342 18834 18834 I sysui_multi_action: [757,111,758,1]
11-29 06:57:09.342 18834 18834 I sysui_multi_action: [757,126,758,1,759,126,927,0,928,1,1593,0]
11-29 06:57:09.342 18834 18834 I sysui_multi_action: [757,113,758,1,759,113,927,1,928,1,1593,0]
11-29 06:57:09.342 18834 18834 I sysui_multi_action: [757,0,758,1,759,0,927,2,928,0,1593,0]
11-29 06:57:09.342 18834 18834 I sysui_multi_action: [757,0,758,1,759,0,927,3,928,0,1593,0]
11-29 06:57:09.343 18834 18834 I sysui_multi_action: [757,491,758,1,759,491,927,4,928,0,1311,-1,1593,0]
11-29 06:57:09.343 18834 18834 I sysui_multi_action: [757,0,758,1,759,0,927,5,928,0,1593,0]
11-29 06:57:09.343 18834 18834 I sysui_multi_action: [757,111,758,1]
11-29 06:57:09.343 18834 18834 I sysui_multi_action: [757,126,758,1,759,126,927,0,928,1,1593,0]
11-29 06:57:09.343 18834 18834 I sysui_multi_action: [757,113,758,1,759,113,927,1,928,1,1593,0]
11-29 06:57:09.343 18834 18834 I sysui_multi_action: [757,0,758,1,759,0,927,2,928,0,1593,0]
11-29 06:57:09.343 18834 18834 I sysui_multi_action: [757,0,758,1,759,0,927,3,928,0,1593,0]
11-29 06:57:09.343 1491 1491 I GameModeConfig: isGameModeOn = false
11-29 06:57:09.344 1491 1491 I sysui_multi_action: [757,1501,758,1,793,13386605,794,0,795,206,796,2048,806,com.android.systemui,857,updateNotification,858,3,947,0,1500,0,1688,1]
11-29 06:57:09.344 1491 1491 I sysui_multi_action: [757,804,799,note_interruptive,801,0,802,1]
11-29 06:57:09.344 1491 1491 I sysui_multi_action: [757,199,758,1,759,2,793,13386605,794,0,795,206,796,2048,806,com.android.systemui,857,updateNotification,858,3,947,0,1500,0,1688,1]
11-29 06:57:09.344 1491 1491 I notification_alert: [0|com.android.systemui|2048|null|10082,0,1,0]
11-29 06:57:09.348 1491 1491 W NotificationHistory: Attempted to add notif for locked/gone/disabled user 0
11-29 06:57:09.354 1491 1760 I GameModeConfig: isGameModeOn = false
11-29 06:57:09.354 1491 1760 I GameModeConfig: isGameModeOn = false
11-29 06:57:09.354 1491 1760 I GameModeConfig: isGameModeOn = false
11-29 06:57:09.354 1491 1760 I GameModeConfig: isGameModeOn = false
11-29 06:57:09.356 18834 18834 I sysui_multi_action: [757,111,758,2]
11-29 06:57:09.356 18834 18834 I sysui_multi_action: [757,111,758,2]
11-29 06:57:09.358 1491 1491 I notification_enqueue: [10082,18834,com.android.systemui,2048,NULL,0,Notification(channel=updateNotification shortcut=null contentView=null vibrate=null sound=null defaults=0x0 flags=0x0 color=0x00000000 vis=PRIVATE),1]
11-29 06:57:09.359 18834 18834 I sysui_multi_action: [757,111,758,1]
11-29 06:57:09.359 18834 18834 I sysui_multi_action: [757,126,758,1,759,126,927,0,928,1,1593,1]
11-29 06:57:09.359 18834 18834 I sysui_multi_action: [757,113,758,1,759,113,927,1,928,1,1593,1]
11-29 06:57:09.359 18834 18834 I sysui_multi_action: [757,0,758,1,759,0,927,2,928,0,1593,1]
11-29 06:57:09.359 18834 18834 I sysui_multi_action: [757,0,758,1,759,0,927,3,928,0,1593,1]
11-29 06:57:09.359 18834 18834 I sysui_multi_action: [757,491,758,1,759,491,927,4,928,0,1311,-1,1593,0]
11-29 06:57:09.359 18834 18834 I sysui_multi_action: [757,0,758,1,759,0,927,5,928,0,1593,0]
11-29 06:57:09.360 18834 18834 I sysui_multi_action: [757,111,758,1]
11-29 06:57:09.360 18834 18834 I sysui_multi_action: [757,126,758,1,759,126,927,0,928,1,1593,1]
11-29 06:57:09.360 18834 18834 I sysui_multi_action: [757,113,758,1,759,113,927,1,928,1,1593,1]
11-29 06:57:09.360 18834 18834 I sysui_multi_action: [757,0,758,1,759,0,927,2,928,0,1593,1]
11-29 06:57:09.360 18834 18834 I sysui_multi_action: [757,0,758,1,759,0,927,3,928,0,1593,1]
11-29 06:57:09.370 1491 1760 I GameModeConfig: isGameModeOn = false
11-29 06:57:09.371 1491 1760 I GameModeConfig: isGameModeOn = false
11-29 06:57:09.371 1491 1760 I GameModeConfig: isGameModeOn = false
11-29 06:57:09.371 1491 1760 I GameModeConfig: isGameModeOn = false
11-29 06:57:09.373 1491 1491 I GameModeConfig: isGameModeOn = false
11-29 06:57:09.373 1491 1491 E NotificationService: Muting recently noisy 0|com.android.systemui|2048|null|10082
11-29 06:57:09.374 18834 18834 I sysui_multi_action: [757,111,758,2]
11-29 06:57:09.375 18834 18834 I sysui_multi_action: [757,111,758,2]
11-29 06:57:09.377 1491 1491 I notification_enqueue: [10082,18834,com.android.systemui,2048,NULL,0,Notification(channel=updateNotification shortcut=null contentView=null vibrate=null sound=null defaults=0x0 flags=0x0 color=0x00000000 vis=PRIVATE),1]
11-29 06:57:09.378 18834 18834 I sysui_multi_action: [757,111,758,1]
11-29 06:57:09.378 18834 18834 I sysui_multi_action: [757,126,758,1,759,126,927,0,928,1,1593,1]
11-29 06:57:09.378 18834 18834 I sysui_multi_action: [757,113,758,1,759,113,927,1,928,1,1593,1]
11-29 06:57:09.378 18834 18834 I sysui_multi_action: [757,0,758,1,759,0,927,2,928,0,1593,1]
11-29 06:57:09.378 18834 18834 I sysui_multi_action: [757,0,758,1,759,0,927,3,928,0,1593,1]
11-29 06:57:09.378 18834 18834 I sysui_multi_action: [757,491,758,1,759,491,927,4,928,0,1311,-1,1593,0]
11-29 06:57:09.379 18834 18834 I sysui_multi_action: [757,0,758,1,759,0,927,5,928,0,1593,0]
11-29 06:57:09.379 18834 18834 I sysui_multi_action: [757,111,758,1]
11-29 06:57:09.379 18834 18834 I sysui_multi_action: [757,126,758,1,759,126,927,0,928,1,1593,1]
11-29 06:57:09.379 18834 18834 I sysui_multi_action: [757,113,758,1,759,113,927,1,928,1,1593,1]
11-29 06:57:09.379 18834 18834 I sysui_multi_action: [757,0,758,1,759,0,927,2,928,0,1593,1]
11-29 06:57:09.379 18834 18834 I sysui_multi_action: [757,0,758,1,759,0,927,3,928,0,1593,1]
11-29 06:57:09.385 1491 10783 I sysui_multi_action: [757,128,758,2,793,11994158,794,1525,795,11994158,796,26,798,0,806,android,857,DEVELOPER_IMPORTANT,858,4,947,0,1395,2,1500,11993953,1688,1]
11-29 06:57:09.385 1491 10783 I notification_visibility: [-1|android|26|null|1000,0,11994158,11994158,0,0]
11-29 06:57:09.385 1491 10783 I sysui_multi_action: [757,128,758,2,793,11994161,794,1525,795,11994161,796,32,798,1,806,android,857,USB,858,1,947,0,1395,2,1500,11993958,1688,1]
11-29 06:57:09.385 1491 10783 I notification_visibility: [-1|android|32|null|1000,0,11994161,11994161,0,1]
11-29 06:57:09.387 1491 1491 I GameModeConfig: isGameModeOn = false
11-29 06:57:09.388 1491 1491 E NotificationService: Muting recently noisy 0|com.android.systemui|2048|null|10082
11-29 06:57:09.388 1491 1760 I GameModeConfig: isGameModeOn = false
11-29 06:57:09.388 1491 1760 I GameModeConfig: isGameModeOn = false
11-29 06:57:09.388 1491 1760 I GameModeConfig: isGameModeOn = false
11-29 06:57:09.388 1491 1760 I GameModeConfig: isGameModeOn = false
11-29 06:57:09.389 18834 18834 I sysui_multi_action: [757,111,758,2]
11-29 06:57:09.389 18834 18834 I sysui_multi_action: [757,111,758,2]
11-29 06:57:09.390 1491 1491 I notification_enqueue: [10082,18834,com.android.systemui,2048,NULL,0,Notification(channel=updateNotification shortcut=null contentView=null vibrate=null sound=null defaults=0x0 flags=0x0 color=0x00000000 vis=PRIVATE),1]
11-29 06:57:09.392 18834 18834 I sysui_multi_action: [757,111,758,1]
11-29 06:57:09.392 18834 18834 I sysui_multi_action: [757,126,758,1,759,126,927,0,928,1,1593,1]
11-29 06:57:09.392 18834 18834 I sysui_multi_action: [757,113,758,1,759,113,927,1,928,1,1593,1]
11-29 06:57:09.392 18834 18834 I sysui_multi_action: [757,0,758,1,759,0,927,2,928,0,1593,1]
11-29 06:57:09.392 18834 18834 I sysui_multi_action: [757,0,758,1,759,0,927,3,928,0,1593,1]
11-29 06:57:09.392 18834 18834 I sysui_multi_action: [757,491,758,1,759,491,927,4,928,0,1311,-1,1593,0]
11-29 06:57:09.392 18834 18834 I sysui_multi_action: [757,0,758,1,759,0,927,5,928,0,1593,0]
11-29 06:57:09.392 18834 18834 I sysui_multi_action: [757,111,758,1]
11-29 06:57:09.393 18834 18834 I sysui_multi_action: [757,126,758,1,759,126,927,0,928,1,1593,1]
11-29 06:57:09.393 18834 18834 I sysui_multi_action: [757,113,758,1,759,113,927,1,928,1,1593,1]
11-29 06:57:09.393 18834 18834 I sysui_multi_action: [757,0,758,1,759,0,927,2,928,0,1593,1]
11-29 06:57:09.393 18834 18834 I sysui_multi_action: [757,0,758,1,759,0,927,3,928,0,1593,1]
11-29 06:57:09.402 1491 1491 I GameModeConfig: isGameModeOn = false
11-29 06:57:09.402 1491 1491 E NotificationService: Muting recently noisy 0|com.android.systemui|2048|null|10082
11-29 06:57:09.403 1491 1760 I GameModeConfig: isGameModeOn = false
11-29 06:57:09.404 1491 1760 I GameModeConfig: isGameModeOn = false
11-29 06:57:09.404 1491 1760 I GameModeConfig: isGameModeOn = false
11-29 06:57:09.405 1491 1760 I GameModeConfig: isGameModeOn = false
11-29 06:57:09.406 18834 18834 I sysui_multi_action: [757,111,758,2]
11-29 06:57:09.406 1491 1491 I notification_enqueue: [10082,18834,com.android.systemui,2048,NULL,0,Notification(channel=updateNotification shortcut=null contentView=null vibrate=null sound=null defaults=0x0 flags=0x0 color=0x00000000 vis=PRIVATE),1]
11-29 06:57:09.406 18834 18834 I sysui_multi_action: [757,111,758,2]
11-29 06:57:09.408 18834 18834 I sysui_multi_action: [757,111,758,1]
11-29 06:57:09.409 18834 18834 I sysui_multi_action: [757,126,758,1,759,126,927,0,928,1,1593,1]
11-29 06:57:09.409 18834 18834 I sysui_multi_action: [757,113,758,1,759,113,927,1,928,1,1593,1]
11-29 06:57:09.409 18834 18834 I sysui_multi_action: [757,0,758,1,759,0,927,2,928,0,1593,1]
11-29 06:57:09.409 18834 18834 I sysui_multi_action: [757,0,758,1,759,0,927,3,928,0,1593,1]
11-29 06:57:09.409 18834 18834 I sysui_multi_action: [757,491,758,1,759,491,927,4,928,0,1311,-1,1593,0]
11-29 06:57:09.409 18834 18834 I sysui_multi_action: [757,0,758,1,759,0,927,5,928,0,1593,0]
11-29 06:57:09.409 18834 18834 I sysui_multi_action: [757,111,758,1]
11-29 06:57:09.409 18834 18834 I sysui_multi_action: [757,126,758,1,759,126,927,0,928,1,1593,1]
11-29 06:57:09.409 18834 18834 I sysui_multi_action: [757,113,758,1,759,113,927,1,928,1,1593,1]
11-29 06:57:09.409 18834 18834 I sysui_multi_action: [757,0,758,1,759,0,927,2,928,0,1593,1]
11-29 06:57:09.409 18834 18834 I sysui_multi_action: [757,0,758,1,759,0,927,3,928,0,1593,1]
11-29 06:57:09.411 1491 1491 I GameModeConfig: isGameModeOn = false
11-29 06:57:09.411 1491 1491 E NotificationService: Muting recently noisy 0|com.android.systemui|2048|null|10082
11-29 06:57:09.420 1491 1760 I GameModeConfig: isGameModeOn = false
11-29 06:57:09.420 1491 1760 I GameModeConfig: isGameModeOn = false
11-29 06:57:09.420 1491 1760 I GameModeConfig: isGameModeOn = false
11-29 06:57:09.420 1491 1760 I GameModeConfig: isGameModeOn = false
11-29 06:57:09.421 18834 18834 I sysui_multi_action: [757,111,758,2]
11-29 06:57:09.421 18834 18834 I sysui_multi_action: [757,111,758,2]
11-29 06:57:09.422 1491 1491 I notification_enqueue: [10082,18834,com.android.systemui,2048,NULL,0,Notification(channel=updateNotification shortcut=null contentView=null vibrate=null sound=null defaults=0x0 flags=0x0 color=0x00000000 vis=PRIVATE),1]
11-29 06:57:09.423 1491 1491 I GameModeConfig: isGameModeOn = false
11-29 06:57:09.423 1491 1491 E NotificationService: Muting recently noisy 0|com.android.systemui|2048|null|10082
11-29 06:57:09.424 18834 18834 I sysui_multi_action: [757,111,758,1]
11-29 06:57:09.424 18834 18834 I sysui_multi_action: [757,126,758,1,759,126,927,0,928,1,1593,1]
11-29 06:57:09.424 18834 18834 I sysui_multi_action: [757,113,758,1,759,113,927,1,928,1,1593,1]
11-29 06:57:09.424 18834 18834 I sysui_multi_action: [757,0,758,1,759,0,927,2,928,0,1593,1]
11-29 06:57:09.424 18834 18834 I sysui_multi_action: [757,0,758,1,759,0,927,3,928,0,1593,1]
11-29 06:57:09.425 18834 18834 I sysui_multi_action: [757,491,758,1,759,491,927,4,928,0,1311,-1,1593,0]
11-29 06:57:09.425 18834 18834 I sysui_multi_action: [757,0,758,1,759,0,927,5,928,0,1593,0]
11-29 06:57:09.425 18834 18834 I sysui_multi_action: [757,111,758,1]
11-29 06:57:09.425 18834 18834 I sysui_multi_action: [757,126,758,1,759,126,927,0,928,1,1593,1]
11-29 06:57:09.425 18834 18834 I sysui_multi_action: [757,113,758,1,759,113,927,1,928,1,1593,1]
11-29 06:57:09.425 18834 18834 I sysui_multi_action: [757,0,758,1,759,0,927,2,928,0,1593,1]
11-29 06:57:09.425 18834 18834 I sysui_multi_action: [757,0,758,1,759,0,927,3,928,0,1593,1]
11-29 06:57:09.437 1491 1760 I GameModeConfig: isGameModeOn = false
11-29 06:57:09.437 1491 1760 I GameModeConfig: isGameModeOn = false
11-29 06:57:09.437 1491 1760 I GameModeConfig: isGameModeOn = false
11-29 06:57:09.438 1491 1760 I GameModeConfig: isGameModeOn = false
11-29 06:57:09.438 18834 18834 I sysui_multi_action: [757,111,758,2]
11-29 06:57:09.438 18834 18834 I sysui_multi_action: [757,111,758,2]
11-29 06:57:09.438 1491 1491 I notification_enqueue: [10082,18834,com.android.systemui,2048,NULL,0,Notification(channel=updateNotification shortcut=null contentView=null vibrate=null sound=null defaults=0x0 flags=0x0 color=0x00000000 vis=PRIVATE),1]
11-29 06:57:09.441 1491 1491 I GameModeConfig: isGameModeOn = false
11-29 06:57:09.441 18834 18834 I sysui_multi_action: [757,111,758,1]
11-29 06:57:09.441 18834 18834 I sysui_multi_action: [757,126,758,1,759,126,927,0,928,1,1593,0]
11-29 06:57:09.441 18834 18834 I sysui_multi_action: [757,113,758,1,759,113,927,1,928,1,1593,0]
11-29 06:57:09.441 18834 18834 I sysui_multi_action: [757,0,758,1,759,0,927,2,928,0,1593,0]
11-29 06:57:09.441 18834 18834 I sysui_multi_action: [757,0,758,1,759,0,927,3,928,0,1593,0]
11-29 06:57:09.441 1491 1491 E NotificationService: Muting recently noisy 0|com.android.systemui|2048|null|10082
11-29 06:57:09.442 18834 18834 I sysui_multi_action: [757,491,758,1,759,491,927,4,928,0,1311,-1,1593,0]
11-29 06:57:09.442 18834 18834 I sysui_multi_action: [757,0,758,1,759,0,927,5,928,0,1593,0]
11-29 06:57:09.442 18834 18834 I sysui_multi_action: [757,111,758,1]
11-29 06:57:09.442 18834 18834 I sysui_multi_action: [757,126,758,1,759,126,927,0,928,1,1593,1]
11-29 06:57:09.442 18834 18834 I sysui_multi_action: [757,113,758,1,759,113,927,1,928,1,1593,1]
11-29 06:57:09.442 18834 18834 I sysui_multi_action: [757,0,758,1,759,0,927,2,928,0,1593,1]
11-29 06:57:09.442 18834 18834 I sysui_multi_action: [757,0,758,1,759,0,927,3,928,0,1593,1]
11-29 06:57:09.454 1491 1760 I GameModeConfig: isGameModeOn = false
11-29 06:57:09.454 1491 1760 I GameModeConfig: isGameModeOn = false
11-29 06:57:09.454 1491 1760 I GameModeConfig: isGameModeOn = false
11-29 06:57:09.454 1491 1760 I GameModeConfig: isGameModeOn = false
11-29 06:57:09.455 18834 18834 I sysui_multi_action: [757,111,758,2]
11-29 06:57:09.455 18834 18834 I sysui_multi_action: [757,111,758,2]
11-29 06:57:09.455 1491 1491 I notification_enqueue: [10082,18834,com.android.systemui,2048,NULL,0,Notification(channel=updateNotification shortcut=null contentView=null vibrate=null sound=null defaults=0x0 flags=0x0 color=0x00000000 vis=PRIVATE),1]
11-29 06:57:09.456 1491 1491 I GameModeConfig: isGameModeOn = false
11-29 06:57:09.457 1491 1491 E NotificationService: Muting recently noisy 0|com.android.systemui|2048|null|10082
11-29 06:57:09.458 18834 18834 I sysui_multi_action: [757,111,758,1]
11-29 06:57:09.458 18834 18834 I sysui_multi_action: [757,126,758,1,759,126,927,0,928,1,1593,1]
11-29 06:57:09.458 18834 18834 I sysui_multi_action: [757,113,758,1,759,113,927,1,928,1,1593,1]
11-29 06:57:09.458 18834 18834 I sysui_multi_action: [757,0,758,1,759,0,927,2,928,0,1593,1]
11-29 06:57:09.458 18834 18834 I sysui_multi_action: [757,0,758,1,759,0,927,3,928,0,1593,1]
11-29 06:57:09.458 18834 18834 I sysui_multi_action: [757,491,758,1,759,491,927,4,928,0,1311,-1,1593,0]
11-29 06:57:09.458 18834 18834 I sysui_multi_action: [757,0,758,1,759,0,927,5,928,0,1593,0]
11-29 06:57:09.458 18834 18834 I sysui_multi_action: [757,111,758,1]
11-29 06:57:09.458 18834 18834 I sysui_multi_action: [757,126,758,1,759,126,927,0,928,1,1593,1]
11-29 06:57:09.458 18834 18834 I sysui_multi_action: [757,113,758,1,759,113,927,1,928,1,1593,1]
11-29 06:57:09.458 18834 18834 I sysui_multi_action: [757,0,758,1,759,0,927,2,928,0,1593,1]
11-29 06:57:09.458 18834 18834 I sysui_multi_action: [757,0,758,1,759,0,927,3,928,0,1593,1]
11-29 06:57:09.470 1491 1760 I GameModeConfig: isGameModeOn = false
11-29 06:57:09.470 1491 1760 I GameModeConfig: isGameModeOn = false
11-29 06:57:09.471 1491 1760 I GameModeConfig: isGameModeOn = false
11-29 06:57:09.471 1491 1760 I GameModeConfig: isGameModeOn = false
11-29 06:57:09.471 18834 18834 I sysui_multi_action: [757,111,758,2]
11-29 06:57:09.471 18834 18834 I sysui_multi_action: [757,111,758,2]
11-29 06:57:09.473 1491 1491 I GameModeConfig: isGameModeOn = false
11-29 06:57:09.473 1491 1491 E NotificationService: Muting recently noisy 0|com.android.systemui|2048|null|10082
11-29 06:57:09.474 1491 1491 I notification_enqueue: [10082,18834,com.android.systemui,2048,NULL,0,Notification(channel=updateNotification shortcut=null contentView=null vibrate=null sound=null defaults=0x0 flags=0x0 color=0x00000000 vis=PRIVATE),1]
11-29 06:57:09.479 1491 7072 W WindowManager: updateScale0.4617737
11-29 06:57:09.481 18834 18834 I sysui_multi_action: [757,111,758,1]
11-29 06:57:09.481 18834 18834 I sysui_multi_action: [757,126,758,1,759,126,927,0,928,1,1593,1]
11-29 06:57:09.481 18834 18834 I sysui_multi_action: [757,113,758,1,759,113,927,1,928,1,1593,1]
11-29 06:57:09.481 18834 18834 I sysui_multi_action: [757,0,758,1,759,0,927,2,928,0,1593,1]
11-29 06:57:09.481 18834 18834 I sysui_multi_action: [757,0,758,1,759,0,927,3,928,0,1593,1]
11-29 06:57:09.482 18834 18834 I sysui_multi_action: [757,491,758,1,759,491,927,4,928,0,1311,-1,1593,0]
11-29 06:57:09.482 18834 18834 I sysui_multi_action: [757,0,758,1,759,0,927,5,928,0,1593,0]
11-29 06:57:09.482 18834 18834 I sysui_multi_action: [757,111,758,1]
11-29 06:57:09.482 18834 18834 I sysui_multi_action: [757,126,758,1,759,126,927,0,928,1,1593,1]
11-29 06:57:09.482 18834 18834 I sysui_multi_action: [757,113,758,1,759,113,927,1,928,1,1593,1]
11-29 06:57:09.482 18834 18834 I sysui_multi_action: [757,0,758,1,759,0,927,2,928,0,1593,1]
11-29 06:57:09.482 18834 18834 I sysui_multi_action: [757,0,758,1,759,0,927,3,928,0,1593,1]
11-29 06:57:09.488 1491 1760 I GameModeConfig: isGameModeOn = false
11-29 06:57:09.489 1491 1760 I GameModeConfig: isGameModeOn = false
11-29 06:57:09.489 1491 1760 I GameModeConfig: isGameModeOn = false
11-29 06:57:09.489 1491 1760 I GameModeConfig: isGameModeOn = false
11-29 06:57:09.490 18834 18834 I sysui_multi_action: [757,111,758,2]
11-29 06:57:09.490 18834 18834 I sysui_multi_action: [757,111,758,2]
11-29 06:57:09.490 1491 1491 I GameModeConfig: isGameModeOn = false
11-29 06:57:09.491 1491 1491 E NotificationService: Muting recently noisy 0|com.android.systemui|2048|null|10082
11-29 06:57:09.491 1491 1491 I notification_enqueue: [10082,18834,com.android.systemui,2048,NULL,0,Notification(channel=updateNotification shortcut=null contentView=null vibrate=null sound=null defaults=0x0 flags=0x0 color=0x00000000 vis=PRIVATE),1]
11-29 06:57:09.492 1491 10067 I sysui_multi_action: [757,127,758,2]
11-29 06:57:09.492 1491 10067 I notification_panel_hidden:
11-29 06:57:09.498 1491 10783 W WindowManager: updateScale0.4617737
11-29 06:57:09.504 18834 18834 I sysui_multi_action: [757,111,758,1]
11-29 06:57:09.504 18834 18834 I sysui_multi_action: [757,126,758,1,759,126,927,0,928,1,1593,1]
11-29 06:57:09.504 18834 18834 I sysui_multi_action: [757,113,758,1,759,113,927,1,928,1,1593,1]
11-29 06:57:09.504 18834 18834 I sysui_multi_action: [757,0,758,1,759,0,927,2,928,0,1593,1]
11-29 06:57:09.504 18834 18834 I sysui_multi_action: [757,0,758,1,759,0,927,3,928,0,1593,1]
11-29 06:57:09.505 18834 18834 I sysui_multi_action: [757,491,758,1,759,491,927,4,928,0,1311,-1,1593,0]
11-29 06:57:09.505 18834 18834 I sysui_multi_action: [757,0,758,1,759,0,927,5,928,0,1593,0]
11-29 06:57:09.505 18834 18834 I sysui_multi_action: [757,111,758,1]
11-29 06:57:09.505 18834 18834 I sysui_multi_action: [757,126,758,1,759,126,927,0,928,1,1593,1]
11-29 06:57:09.505 18834 18834 I sysui_multi_action: [757,113,758,1,759,113,927,1,928,1,1593,1]
11-29 06:57:09.505 18834 18834 I sysui_multi_action: [757,0,758,1,759,0,927,2,928,0,1593,1]
11-29 06:57:09.505 18834 18834 I sysui_multi_action: [757,0,758,1,759,0,927,3,928,0,1593,1]
11-29 06:57:09.507 1491 1491 I GameModeConfig: isGameModeOn = false
11-29 06:57:09.508 1491 1491 E NotificationService: Muting recently noisy 0|com.android.systemui|2048|null|10082
11-29 06:57:09.524 1491 1491 I GameModeConfig: isGameModeOn = false
11-29 06:57:09.525 1491 1491 E NotificationService: Muting recently noisy 0|com.android.systemui|2048|null|10082
11-29 06:57:09.540 1491 1491 I GameModeConfig: isGameModeOn = false
11-29 06:57:09.540 1491 1491 E NotificationService: Muting recently noisy 0|com.android.systemui|2048|null|10082
11-29 06:57:09.562 1491 1491 I GameModeConfig: isGameModeOn = false
11-29 06:57:09.563 1491 1491 E NotificationService: Muting recently noisy 0|com.android.systemui|2048|null|10082
11-29 06:57:09.578 1491 1491 I GameModeConfig: isGameModeOn = false
11-29 06:57:09.579 1491 1491 E NotificationService: Muting recently noisy 0|com.android.systemui|2048|null|10082
11-29 06:57:09.593 1491 1491 I GameModeConfig: isGameModeOn = false
11-29 06:57:09.595 1491 1491 E NotificationService: Muting recently noisy 0|com.android.systemui|2048|null|10082
11-29 06:57:09.617 1491 1491 I GameModeConfig: isGameModeOn = false
11-29 06:57:09.619 1491 1491 E NotificationService: Muting recently noisy 0|com.android.systemui|2048|null|10082
11-29 06:57:09.624 1491 1491 I GameModeConfig: isGameModeOn = false
11-29 06:57:09.624 1491 1491 E NotificationService: Muting recently noisy 0|com.android.systemui|2048|null|10082
11-29 06:57:09.641 1491 1491 I GameModeConfig: isGameModeOn = false
11-29 06:57:09.641 1491 1491 E NotificationService: Muting recently noisy 0|com.android.systemui|2048|null|10082
11-29 06:57:09.656 1491 1491 I GameModeConfig: isGameModeOn = false
11-29 06:57:09.657 1491 1491 E NotificationService: Muting recently noisy 0|com.android.systemui|2048|null|10082
11-29 06:57:09.678 1491 1491 I GameModeConfig: isGameModeOn = false
11-29 06:57:09.678 1491 1491 E NotificationService: Muting recently noisy 0|com.android.systemui|2048|null|10082
11-29 06:57:09.694 1491 1491 I GameModeConfig: isGameModeOn = false
11-29 06:57:09.694 1491 1491 E NotificationService: Muting recently noisy 0|com.android.systemui|2048|null|10082
11-29 06:57:10.014 1491 1693 I input_interaction: Interaction with: 7bd638e com.android.gallery3d/com.android.gallery3d.app.GalleryActivity (server), edge-swipe (server), swipe-up (server), PointerEventDispatcher0 (server),
11-29 06:57:10.017 1491 1599 I wm_task_moved: [144,1,8]
11-29 06:57:10.017 1491 1599 I wm_task_to_front: [0,144]
11-29 06:57:10.019 1491 1599 W WindowManager: updateScale0.4617737
11-29 06:57:10.023 1491 1599 I wm_set_resumed_activity: [0,com.android.gallery3d/.app.GalleryActivity,positionChildAt]
11-29 06:57:10.024 1491 1599 I wm_focused_root_task: [0,0,144,32,setFocusedTask]
11-29 06:57:10.024 1491 1599 I wm_set_resumed_activity: [0,com.android.gallery3d/.app.GalleryActivity,setFocusedTask]
11-29 06:57:10.024 9956 9956 I wm_on_top_resumed_lost_called: [254362067,com.android.launcher3.uioverrides.QuickstepLauncher,topStateChangedWhenResumed]
11-29 06:57:10.024 1491 1599 I ActivityTaskManager: FOREGROUND_APPLICATION_CHANGED to com.android.gallery3d.app.GalleryActivity
11-29 06:57:10.026 1491 1600 I input_focus: [Focus request 7bd638e com.android.gallery3d/com.android.gallery3d.app.GalleryActivity,reason=UpdateInputWindows]
11-29 06:57:10.031 18441 18441 I wm_on_top_resumed_gained_called: [180037668,com.android.gallery3d.app.GalleryActivity,topStateChangedWhenResumed]
11-29 06:57:10.043 1491 1693 I input_focus: [Focus leaving cd0514f com.android.launcher3/com.android.launcher3.uioverrides.QuickstepLauncher (server),reason=setFocusedWindow]
11-29 06:57:10.043 1491 1693 I input_focus: [Focus entering 7bd638e com.android.gallery3d/com.android.gallery3d.app.GalleryActivity (server),reason=setFocusedWindow]
11-29 06:57:10.336 1491 7072 W WindowManager: updateScale0.7996942
11-29 06:57:10.340 1491 7072 I wm_relaunch_resume_activity: [0,180037668,144,com.android.gallery3d/.app.GalleryActivity]
11-29 06:57:10.342 1491 7072 W WindowManager: updateScale0.7996942
11-29 06:57:10.363 18441 18441 I wm_on_top_resumed_lost_called: [180037668,com.android.gallery3d.app.GalleryActivity,pausing]
11-29 06:57:10.376 18441 18441 I wm_on_paused_called: [180037668,com.android.gallery3d.app.GalleryActivity,performPause]
11-29 06:57:10.376 18441 18441 I wm_on_stop_called: [180037668,com.android.gallery3d.app.GalleryActivity,handleRelaunchActivity]
11-29 06:57:10.380 18441 18441 I wm_on_destroy_called: [180037668,com.android.gallery3d.app.GalleryActivity,performDestroy]
11-29 06:57:10.385 1491 10067 I WindowManager: finishDrawing of relaunch: Window{7bd638e u0 com.android.gallery3d/com.android.gallery3d.app.GalleryActivity} 46ms
11-29 06:57:10.412 18441 18441 I wm_on_create_called: [180037668,com.android.gallery3d.app.GalleryActivity,performCreate]
11-29 06:57:10.414 18441 18441 I wm_on_start_called: [180037668,com.android.gallery3d.app.GalleryActivity,handleStartActivity]
11-29 06:57:10.421 18441 18441 I wm_on_resume_called: [180037668,com.android.gallery3d.app.GalleryActivity,RESUME_ACTIVITY]
11-29 06:57:10.421 18441 18441 I wm_on_top_resumed_gained_called: [180037668,com.android.gallery3d.app.GalleryActivity,topWhenResuming]
11-29 06:57:10.425 1491 7072 W WindowManager: updateScale0.7996942
11-29 06:57:10.427 1491 7072 W WindowManager: updateScale0.7996942
11-29 06:57:11.560 1491 7072 I wm_finish_activity: [0,180037668,144,com.android.gallery3d/.app.GalleryActivity,finish-activity]
11-29 06:57:11.560 1491 7072 I wm_task_moved: [32,1,8]
11-29 06:57:11.564 1491 7072 I wm_set_resumed_activity: [0,com.android.launcher3/.uioverrides.QuickstepLauncher,positionChildAt]
11-29 06:57:11.564 1491 7072 I wm_task_moved: [41,1,2147483647]
11-29 06:57:11.564 1491 7072 I wm_task_to_front: [0,41]
11-29 06:57:11.564 1491 7072 I wm_focused_root_task: [0,0,32,-1,finish-top adjustFocusToNextFocusableTask]
11-29 06:57:11.564 1491 7072 I wm_set_resumed_activity: [0,com.android.launcher3/.uioverrides.QuickstepLauncher,finish-top]
11-29 06:57:11.570 1491 7072 I wm_pause_activity: [0,180037668,com.android.gallery3d/.app.GalleryActivity,userLeaving=false,finish]
11-29 06:57:11.574 1491 1600 I input_focus: [Focus request cd0514f com.android.launcher3/com.android.launcher3.uioverrides.QuickstepLauncher,reason=UpdateInputWindows]
11-29 06:57:11.575 18441 18441 I wm_on_top_resumed_lost_called: [180037668,com.android.gallery3d.app.GalleryActivity,topStateChangedWhenResumed]
11-29 06:57:11.578 9956 9956 I wm_on_top_resumed_gained_called: [254362067,com.android.launcher3.uioverrides.QuickstepLauncher,topStateChangedWhenResumed]
11-29 06:57:11.579 1491 2756 E TaskPersister: File error accessing recents directory (directory doesn't exist?).
11-29 06:57:11.585 1491 1599 I sysui_multi_action: [757,803,799,window_time_2,802,5]
11-29 06:57:11.594 18441 18441 I wm_on_paused_called: [180037668,com.android.gallery3d.app.GalleryActivity,performPause]
11-29 06:57:11.596 1491 7072 I ActivityTaskManager: FOREGROUND_APPLICATION_CHANGED to com.android.launcher3.uioverrides.QuickstepLauncher
11-29 06:57:11.596 1491 7072 I wm_destroy_activity: [0,180037668,144,com.android.gallery3d/.app.GalleryActivity,finish-imm:completePausedLocked]
11-29 06:57:11.600 1491 1693 I input_focus: [Focus leaving 7bd638e com.android.gallery3d/com.android.gallery3d.app.GalleryActivity (server),reason=NO_WINDOW]
11-29 06:57:11.600 1491 1693 I input_focus: [Focus entering cd0514f com.android.launcher3/com.android.launcher3.uioverrides.QuickstepLauncher (server),reason=setFocusedWindow]
11-29 06:57:11.613 1491 1599 I sysui_multi_action: [757,803,799,window_time_0,802,0]
11-29 06:57:11.627 18441 18441 I wm_on_stop_called: [180037668,com.android.gallery3d.app.GalleryActivity,LIFECYCLER_STOP_ACTIVITY]
11-29 06:57:11.634 18441 18441 I wm_on_destroy_called: [180037668,com.android.gallery3d.app.GalleryActivity,performDestroy]
11-29 06:57:11.637 16043 16059 W ContextImpl: Calling a method in the system process without a qualified user: android.app.ContextImpl.startService:1816 android.content.ContextWrapper.startService:774 com.thundercomm.gamemode.ingame.services.GameModeActionUtils.startGameModeService:93 com.thundercomm.gamemode.ingame.services.GameModeActionUtils.startGameModeEntry:21 com.thundercomm.gamemode.ingame.services.ActivityMonitoringService$1.onActivityLaunch:127
11-29 06:57:11.657 1491 1491 I GameModeConfig: Current uri is uri = content://com.thundercomm.gamemode.api/gamemode_settings/gamemode_isgaming
11-29 06:57:11.662 1491 1491 I GameModeConfig: isGameModeOn = false
11-29 06:57:11.663 1491 1491 I GameModeConfig: isGameModeOn = false
11-29 06:57:11.663 1491 1491 I GameModeConfig: isDisableVoice = true
11-29 06:57:11.713 16043 16059 W ContextImpl: Calling a method in the system process without a qualified user: android.app.ContextImpl.startService:1816 android.content.ContextWrapper.startService:774 com.thundercomm.gamemode.ingame.services.GameModeActionUtils.startGameModeService:93 com.thundercomm.gamemode.ingame.services.GameModeActionUtils.startGameModeEntry:21 com.thundercomm.gamemode.ingame.services.ActivityMonitoringService$1.onActivityLaunch:127
11-29 06:57:11.719 1491 1491 I GameModeConfig: Current uri is uri = content://com.thundercomm.gamemode.api/gamemode_settings/gamemode_isgaming
11-29 06:57:11.722 1491 1491 I GameModeConfig: isGameModeOn = false
11-29 06:57:11.723 1491 1491 I GameModeConfig: isGameModeOn = false
11-29 06:57:11.723 1491 1491 I GameModeConfig: isDisableVoice = true
11-29 06:57:11.895 1491 1600 I wm_task_removed: [144,removeChild:removeChild last r=ActivityRecord{abb2824 u0 com.android.gallery3d/.app.GalleryActivity t-1 f}} in t=Task{2b88b7 #144 type=standard A=10068:com.android.gallery3d U=0 visible=false mode=freeform translucent=true sz=0}]
11-29 06:57:11.895 1491 1600 I wm_task_removed: [144,removeChild]
11-29 06:57:11.895 1491 1600 D FreeFormWindowHelper: Remove freefrom task=Task{2b88b7 #144 type=standard A=10068:com.android.gallery3d U=0 visible=false mode=freeform translucent=true sz=0}
11-29 06:57:12.079 0 0 I auditd : type=1400 audit(0.0:14192): avc: denied { kill } for comm="swapper/3" capability=5 scontext=u:r:kernel:s0 tcontext=u:r:kernel:s0 tclass=capability permissive=0
11-29 06:57:12.853 1491 1674 D ActivityManager: freezing 17327 com.android.musicfx
11-29 06:57:12.854 1491 1674 E ActivityManager: Unable to freeze binder for 17327 com.android.musicfx
11-29 06:57:12.855 1491 1674 D ActivityManager: froze 17327 com.android.musicfx
11-29 06:57:12.855 1491 1674 I am_freeze: [17327,com.android.musicfx]
11-29 06:57:12.855 1491 1674 E ActivityManager: Unable to freeze binder for 17327 com.android.musicfx
11-29 06:57:12.856 1491 1674 I ActivityManager: Killing 17327:com.android.musicfx/u0a21 (adj 955): Unable to freeze binder interface
11-29 06:57:12.856 1491 1674 I am_kill : [0,17327,com.android.musicfx,955,Unable to freeze binder interface]
11-29 06:57:12.898 1491 10785 I am_proc_died: [0,17327,com.android.musicfx,955,19]
11-29 06:57:12.899 1491 10785 I am_uid_stopped: 10021
11-29 06:57:12.913 1491 1607 I am_pss : [18447,10089,com.android.music,35936256,30412800,0,155545600,0,4,10]
11-29 06:57:13.079 0 0 I auditd : type=1400 audit(0.0:14193): avc: denied { kill } for comm="swapper/3" capability=5 scontext=u:r:kernel:s0 tcontext=u:r:kernel:s0 tclass=capability permissive=0
11-29 06:57:14.079 0 0 I auditd : type=1400 audit(0.0:14194): avc: denied { kill } for comm="swapper/3" capability=5 scontext=u:r:kernel:s0 tcontext=u:r:kernel:s0 tclass=capability permissive=0
11-29 06:57:14.906 1491 2756 E TaskPersister: File error accessing recents directory (directory doesn't exist?).
11-29 06:57:15.079 0 0 I auditd : type=1400 audit(0.0:14195): avc: denied { kill } for comm="swapper/3" capability=5 scontext=u:r:kernel:s0 tcontext=u:r:kernel:s0 tclass=capability permissive=0
11-29 06:57:16.079 0 0 I auditd : type=1400 audit(0.0:14196): avc: denied { kill } for comm="swapper/3" capability=5 scontext=u:r:kernel:s0 tcontext=u:r:kernel:s0 tclass=capability permissive=0
11-29 06:57:17.079 0 0 I auditd : type=1400 audit(0.0:14197): avc: denied { kill } for comm="swapper/3" capability=5 scontext=u:r:kernel:s0 tcontext=u:r:kernel:s0 tclass=capability permissive=0
11-29 06:57:17.557 1491 1760 I GameModeConfig: isGameModeOn = false
11-29 06:57:17.558 1491 1760 I GameModeConfig: isGameModeOn = false
11-29 06:57:17.569 1491 1760 I GameModeConfig: isGameModeOn = false
11-29 06:57:17.595 1491 1760 I GameModeConfig: isGameModeOn = false
11-29 06:57:17.623 1491 1760 I GameModeConfig: isGameModeOn = false
11-29 06:57:18.079 0 0 I auditd : type=1400 audit(0.0:14198): avc: denied { kill } for comm="swapper/3" capability=5 scontext=u:r:kernel:s0 tcontext=u:r:kernel:s0 tclass=capability permissive=0
11-29 06:57:19.079 0 0 I auditd : type=1400 audit(0.0:14199): avc: denied { kill } for comm="swapper/3" capability=5 scontext=u:r:kernel:s0 tcontext=u:r:kernel:s0 tclass=capability permissive=0
11-29 06:57:19.146 1491 1760 I GameModeConfig: isGameModeOn = false
11-29 06:57:19.167 1491 1760 I GameModeConfig: isGameModeOn = false
11-29 06:57:19.181 1491 1760 I GameModeConfig: isGameModeOn = false
11-29 06:57:19.196 1491 1760 I GameModeConfig: isGameModeOn = false
11-29 06:57:19.207 1491 1760 I GameModeConfig: isGameModeOn = false
11-29 06:57:19.223 1491 1760 I GameModeConfig: isGameModeOn = false
11-29 06:57:19.242 1491 1760 I GameModeConfig: isGameModeOn = false
11-29 06:57:19.254 1491 1760 I GameModeConfig: isGameModeOn = false
11-29 06:57:19.270 1491 1760 I GameModeConfig: isGameModeOn = false
11-29 06:57:19.287 1491 1760 I GameModeConfig: isGameModeOn = false
11-29 06:57:19.304 1491 1760 I GameModeConfig: isGameModeOn = false
11-29 06:57:19.321 1491 1760 I GameModeConfig: isGameModeOn = false
11-29 06:57:19.338 1491 1760 I GameModeConfig: isGameModeOn = false
11-29 06:57:19.344 1491 1760 I GameModeConfig: isGameModeOn = false
11-29 06:57:19.354 1491 1760 I GameModeConfig: isGameModeOn = false
11-29 06:57:19.371 1491 1760 I GameModeConfig: isGameModeOn = false
11-29 06:57:19.372 1491 1760 I GameModeConfig: isGameModeOn = false
11-29 06:57:19.388 1491 1760 I GameModeConfig: isGameModeOn = false
11-29 06:57:19.388 1491 1760 I GameModeConfig: isGameModeOn = false
11-29 06:57:19.401 1491 1760 I GameModeConfig: isGameModeOn = false
11-29 06:57:19.404 1491 1760 I GameModeConfig: isGameModeOn = false
11-29 06:57:19.410 1491 1760 I GameModeConfig: isGameModeOn = false
11-29 06:57:19.421 1491 1760 I GameModeConfig: isGameModeOn = false
11-29 06:57:19.424 1491 1760 I GameModeConfig: isGameModeOn = false
11-29 06:57:19.437 1491 1760 I GameModeConfig: isGameModeOn = false
11-29 06:57:19.441 1491 1760 I GameModeConfig: isGameModeOn = false
11-29 06:57:19.454 1491 1760 I GameModeConfig: isGameModeOn = false
11-29 06:57:19.457 1491 1760 I GameModeConfig: isGameModeOn = false
11-29 06:57:19.471 1491 1760 I GameModeConfig: isGameModeOn = false
11-29 06:57:19.473 1491 1760 I GameModeConfig: isGameModeOn = false
11-29 06:57:19.489 1491 1760 I GameModeConfig: isGameModeOn = false
11-29 06:57:19.491 1491 1760 I GameModeConfig: isGameModeOn = false
11-29 06:57:19.508 1491 1760 I GameModeConfig: isGameModeOn = false
11-29 06:57:19.525 1491 1760 I GameModeConfig: isGameModeOn = false
11-29 06:57:19.539 1491 1760 I GameModeConfig: isGameModeOn = false
11-29 06:57:19.563 1491 1760 I GameModeConfig: isGameModeOn = false
11-29 06:57:19.579 1491 1760 I GameModeConfig: isGameModeOn = false
11-29 06:57:19.593 1491 1760 I GameModeConfig: isGameModeOn = false
11-29 06:57:19.616 1491 1760 I GameModeConfig: isGameModeOn = false
11-29 06:57:19.624 1491 1760 I GameModeConfig: isGameModeOn = false
11-29 06:57:19.641 1491 1760 I GameModeConfig: isGameModeOn = false
11-29 06:57:19.657 1491 1760 I GameModeConfig: isGameModeOn = false
11-29 06:57:19.678 1491 1760 I GameModeConfig: isGameModeOn = false
11-29 06:57:19.694 1491 1760 I GameModeConfig: isGameModeOn = false
11-29 06:57:20.437 1491 1693 I input_interaction: Interaction with: fc3876c StatusBar (server), edge-swipe (server), swipe-up (server), PointerEventDispatcher0 (server),
11-29 06:57:20.441 18834 18834 I sysui_multi_action: [757,803,799,panel_open,802,1]
11-29 06:57:20.442 18834 18834 I sysui_multi_action: [757,1328,758,4,1326,53,1327,0,1329,0]
11-29 06:57:20.468 1491 10067 I sysui_multi_action: [757,127,758,1]
11-29 06:57:20.468 1491 10067 I sysui_multi_action: [757,804,799,note_load,801,2,802,1]
11-29 06:57:20.469 1491 10067 I notification_panel_revealed: 2
11-29 06:57:20.469 1491 1760 I GameModeConfig: isGameModeOn = false
11-29 06:57:20.469 1491 1760 I GameModeConfig: isGameModeOn = false
11-29 06:57:20.470 1491 1760 I GameModeConfig: isGameModeOn = false
11-29 06:57:20.470 1491 1760 I GameModeConfig: isGameModeOn = false
11-29 06:57:20.471 1491 1491 I notification_enqueue: [10082,18834,com.android.systemui,2048,NULL,0,Notification(channel=updateNotification shortcut=null contentView=null vibrate=null sound=null defaults=0x0 flags=0x0 color=0x00000000 vis=PRIVATE),1]
11-29 06:57:20.471 18834 18834 I sysui_multi_action: [757,111,758,2]
11-29 06:57:20.471 18834 18834 I sysui_multi_action: [757,111,758,2]
11-29 06:57:20.490 1491 1600 I input_focus: [Focus request ddf32c3 NotificationShade,reason=UpdateInputWindows]
11-29 06:57:20.492 18834 18834 I sysui_multi_action: [757,111,758,1]
11-29 06:57:20.492 18834 18834 I sysui_multi_action: [757,126,758,1,759,126,927,0,928,1,1593,0]
11-29 06:57:20.492 18834 18834 I sysui_multi_action: [757,113,758,1,759,113,927,1,928,1,1593,0]
11-29 06:57:20.492 18834 18834 I sysui_multi_action: [757,0,758,1,759,0,927,2,928,0,1593,0]
11-29 06:57:20.492 18834 18834 I sysui_multi_action: [757,0,758,1,759,0,927,3,928,0,1593,0]
11-29 06:57:20.493 18834 18834 I sysui_multi_action: [757,491,758,1,759,491,927,4,928,0,1311,-1,1593,0]
11-29 06:57:20.493 18834 18834 I sysui_multi_action: [757,0,758,1,759,0,927,5,928,0,1593,0]
11-29 06:57:20.493 18834 18834 I sysui_multi_action: [757,111,758,1]
11-29 06:57:20.493 18834 18834 I sysui_multi_action: [757,126,758,1,759,126,927,0,928,1,1593,0]
11-29 06:57:20.493 18834 18834 I sysui_multi_action: [757,113,758,1,759,113,927,1,928,1,1593,0]
11-29 06:57:20.493 18834 18834 I sysui_multi_action: [757,0,758,1,759,0,927,2,928,0,1593,0]
11-29 06:57:20.493 18834 18834 I sysui_multi_action: [757,0,758,1,759,0,927,3,928,0,1593,0]
11-29 06:57:20.505 18834 18834 I sysui_multi_action: [757,111,758,2]
11-29 06:57:20.506 18834 18834 I sysui_multi_action: [757,111,758,2]
11-29 06:57:20.509 18834 18834 I sysui_multi_action: [757,111,758,1]
11-29 06:57:20.509 18834 18834 I sysui_multi_action: [757,126,758,1,759,126,927,0,928,1,1593,0]
11-29 06:57:20.509 18834 18834 I sysui_multi_action: [757,113,758,1,759,113,927,1,928,1,1593,0]
11-29 06:57:20.509 18834 18834 I sysui_multi_action: [757,0,758,1,759,0,927,2,928,0,1593,0]
11-29 06:57:20.510 18834 18834 I sysui_multi_action: [757,0,758,1,759,0,927,3,928,0,1593,0]
11-29 06:57:20.510 18834 18834 I sysui_multi_action: [757,491,758,1,759,491,927,4,928,0,1311,-1,1593,0]
11-29 06:57:20.510 18834 18834 I sysui_multi_action: [757,0,758,1,759,0,927,5,928,0,1593,0]
11-29 06:57:20.510 1491 1491 I notification_enqueue: [10082,18834,com.android.systemui,2048,NULL,0,Notification(channel=updateNotification shortcut=null contentView=null vibrate=null sound=null defaults=0x0 flags=0x0 color=0x00000000 vis=PRIVATE),1]
11-29 06:57:20.510 18834 18834 I sysui_multi_action: [757,111,758,1]
11-29 06:57:20.510 18834 18834 I sysui_multi_action: [757,126,758,1,759,126,927,0,928,1,1593,0]
11-29 06:57:20.510 18834 18834 I sysui_multi_action: [757,113,758,1,759,113,927,1,928,1,1593,0]
11-29 06:57:20.510 18834 18834 I sysui_multi_action: [757,0,758,1,759,0,927,2,928,0,1593,0]
11-29 06:57:20.510 18834 18834 I sysui_multi_action: [757,0,758,1,759,0,927,3,928,0,1593,0]
11-29 06:57:20.511 1491 1760 I GameModeConfig: isGameModeOn = false
11-29 06:57:20.511 1491 1760 I GameModeConfig: isGameModeOn = false
11-29 06:57:20.511 1491 1760 I GameModeConfig: isGameModeOn = false
11-29 06:57:20.511 1491 1760 I GameModeConfig: isGameModeOn = false
11-29 06:57:20.522 1491 1693 I input_focus: [Focus leaving cd0514f com.android.launcher3/com.android.launcher3.uioverrides.QuickstepLauncher (server),reason=setFocusedWindow]
11-29 06:57:20.522 1491 1693 I input_focus: [Focus entering ddf32c3 NotificationShade (server),reason=setFocusedWindow]
11-29 06:57:20.523 1491 1760 I GameModeConfig: isGameModeOn = false
11-29 06:57:20.523 1491 1760 I GameModeConfig: isGameModeOn = false
11-29 06:57:20.523 1491 1760 I GameModeConfig: isGameModeOn = false
11-29 06:57:20.523 1491 1760 I GameModeConfig: isGameModeOn = false
11-29 06:57:20.524 18834 18834 I sysui_multi_action: [757,111,758,2]
11-29 06:57:20.524 18834 18834 I sysui_multi_action: [757,111,758,2]
11-29 06:57:20.524 1491 1491 I notification_enqueue: [10082,18834,com.android.systemui,2048,NULL,0,Notification(channel=updateNotification shortcut=null contentView=null vibrate=null sound=null defaults=0x0 flags=0x0 color=0x00000000 vis=PRIVATE),1]
11-29 06:57:20.528 18834 18834 I sysui_multi_action: [757,111,758,1]
11-29 06:57:20.529 18834 18834 I sysui_multi_action: [757,126,758,1,759,126,927,0,928,1,1593,0]
11-29 06:57:20.529 18834 18834 I sysui_multi_action: [757,113,758,1,759,113,927,1,928,1,1593,0]
11-29 06:57:20.529 18834 18834 I sysui_multi_action: [757,0,758,1,759,0,927,2,928,0,1593,0]
11-29 06:57:20.529 18834 18834 I sysui_multi_action: [757,0,758,1,759,0,927,3,928,0,1593,0]
11-29 06:57:20.529 18834 18834 I sysui_multi_action: [757,491,758,1,759,491,927,4,928,0,1311,-1,1593,0]
11-29 06:57:20.529 18834 18834 I sysui_multi_action: [757,0,758,1,759,0,927,5,928,0,1593,0]
11-29 06:57:20.529 18834 18834 I sysui_multi_action: [757,111,758,1]
11-29 06:57:20.529 18834 18834 I sysui_multi_action: [757,126,758,1,759,126,927,0,928,1,1593,0]
