11-29 06:51:10.079 0 0 I auditd : type=1400 audit(0.0:13865): avc: denied { kill } for comm="swapper/3" capability=5 scontext=u:r:kernel:s0 tcontext=u:r:kernel:s0 tclass=capability permissive=0
11-29 06:51:11.079 0 0 I auditd : type=1400 audit(0.0:13866): avc: denied { kill } for comm="swapper/3" capability=5 scontext=u:r:kernel:s0 tcontext=u:r:kernel:s0 tclass=capability permissive=0
11-29 06:51:12.079 0 0 I auditd : type=1400 audit(0.0:13867): avc: denied { kill } for comm="swapper/3" capability=5 scontext=u:r:kernel:s0 tcontext=u:r:kernel:s0 tclass=capability permissive=0
11-29 06:51:13.079 0 0 I auditd : type=1400 audit(0.0:13868): avc: denied { kill } for comm="swapper/3" capability=5 scontext=u:r:kernel:s0 tcontext=u:r:kernel:s0 tclass=capability permissive=0
11-29 06:51:14.079 0 0 I auditd : type=1400 audit(0.0:13869): avc: denied { kill } for comm="swapper/3" capability=5 scontext=u:r:kernel:s0 tcontext=u:r:kernel:s0 tclass=capability permissive=0
11-29 06:51:15.079 0 0 I auditd : type=1400 audit(0.0:13870): avc: denied { kill } for comm="swapper/3" capability=5 scontext=u:r:kernel:s0 tcontext=u:r:kernel:s0 tclass=capability permissive=0
11-29 06:51:16.079 0 0 I auditd : type=1400 audit(0.0:13871): avc: denied { kill } for comm="swapper/3" capability=5 scontext=u:r:kernel:s0 tcontext=u:r:kernel:s0 tclass=capability permissive=0
11-29 06:51:17.079 0 0 I auditd : type=1400 audit(0.0:13872): avc: denied { kill } for comm="swapper/3" capability=5 scontext=u:r:kernel:s0 tcontext=u:r:kernel:s0 tclass=capability permissive=0
11-29 06:51:18.079 0 0 I auditd : type=1400 audit(0.0:13873): avc: denied { kill } for comm="swapper/3" capability=5 scontext=u:r:kernel:s0 tcontext=u:r:kernel:s0 tclass=capability permissive=0
11-29 06:51:19.079 0 0 I auditd : type=1400 audit(0.0:13874): avc: denied { kill } for comm="swapper/3" capability=5 scontext=u:r:kernel:s0 tcontext=u:r:kernel:s0 tclass=capability permissive=0
11-29 06:51:20.079 0 0 I auditd : type=1400 audit(0.0:13875): avc: denied { kill } for comm="swapper/3" capability=5 scontext=u:r:kernel:s0 tcontext=u:r:kernel:s0 tclass=capability permissive=0
11-29 06:51:21.079 0 0 I auditd : type=1400 audit(0.0:13876): avc: denied { kill } for comm="swapper/3" capability=5 scontext=u:r:kernel:s0 tcontext=u:r:kernel:s0 tclass=capability permissive=0
11-29 06:51:22.079 0 0 I auditd : type=1400 audit(0.0:13877): avc: denied { kill } for comm="swapper/3" capability=5 scontext=u:r:kernel:s0 tcontext=u:r:kernel:s0 tclass=capability permissive=0
11-29 06:51:23.079 0 0 I auditd : type=1400 audit(0.0:13878): avc: denied { kill } for comm="swapper/3" capability=5 scontext=u:r:kernel:s0 tcontext=u:r:kernel:s0 tclass=capability permissive=0
11-29 06:51:24.079 0 0 I auditd : type=1400 audit(0.0:13879): avc: denied { kill } for comm="swapper/3" capability=5 scontext=u:r:kernel:s0 tcontext=u:r:kernel:s0 tclass=capability permissive=0
11-29 06:51:24.237 1491 1693 I input_interaction: Interaction with: 197ade1 com.android.gallery3d/com.android.gallery3d.app.GalleryActivity (server), edge-swipe (server), swipe-up (server), PointerEventDispatcher0 (server),
11-29 06:51:24.281 18441 18441 I view_enqueue_input_event: [Motion - Cancel,com.android.gallery3d/com.android.gallery3d.app.GalleryActivity]
11-29 06:51:24.285 1491 1693 I input_interaction: Interaction with: WindowManager (server), edge-swipe (server), swipe-up (server), PointerEventDispatcher0 (server),
11-29 06:51:24.295 1491 1600 D FreeFormWindowHelper: refreshTipWindow windowDragBounds:Rect(10, 49 - 312, 587)
11-29 06:51:24.297 1491 1600 W WindowManager: updateScale0.4617737
11-29 06:51:24.312 1491 1600 D FreeFormWindowHelper: refreshTipWindow windowDragBounds:Rect(18, 31 - 320, 569)
11-29 06:51:24.313 1491 1600 W WindowManager: updateScale0.4617737
11-29 06:51:24.331 1491 1600 D FreeFormWindowHelper: refreshTipWindow windowDragBounds:Rect(23, 13 - 325, 551)
11-29 06:51:24.333 1491 1600 W WindowManager: updateScale0.4617737
11-29 06:51:24.346 1491 1600 D FreeFormWindowHelper: refreshTipWindow windowDragBounds:Rect(26, -6 - 328, 532)
11-29 06:51:24.347 1491 1600 W WindowManager: updateScale0.4617737
11-29 06:51:24.362 1491 1600 D FreeFormWindowHelper: refreshTipWindow windowDragBounds:Rect(29, -23 - 331, 515)
11-29 06:51:24.363 1491 1600 W WindowManager: updateScale0.4617737
11-29 06:51:24.365 1491 9480 W WindowManager: updateScale0.4617737
11-29 06:51:24.385 1491 1600 D FreeFormWindowHelper: refreshTipWindow windowDragBounds:Rect(30, -41 - 332, 497)
11-29 06:51:24.388 1491 1600 W WindowManager: updateScale0.4617737
11-29 06:51:24.396 1491 1600 D FreeFormWindowHelper: refreshTipWindow windowDragBounds:Rect(31, -58 - 333, 480)
11-29 06:51:24.398 1491 1600 W WindowManager: updateScale0.4617737
11-29 06:51:24.412 1491 1600 D FreeFormWindowHelper: refreshTipWindow windowDragBounds:Rect(31, -75 - 333, 463)
11-29 06:51:24.413 1491 1600 W WindowManager: updateScale0.4617737
11-29 06:51:24.429 1491 1600 D FreeFormWindowHelper: refreshTipWindow windowDragBounds:Rect(31, -92 - 333, 446)
11-29 06:51:24.431 1491 1600 W WindowManager: updateScale0.4617737
11-29 06:51:24.446 1491 1600 D FreeFormWindowHelper: refreshTipWindow windowDragBounds:Rect(31, -108 - 333, 430)
11-29 06:51:24.448 1491 1600 W WindowManager: updateScale0.4617737
11-29 06:51:24.463 1491 1600 D FreeFormWindowHelper: refreshTipWindow windowDragBounds:Rect(20, -123 - 322, 415)
11-29 06:51:24.464 1491 1600 W WindowManager: updateScale0.4617737
11-29 06:51:24.479 1491 10783 W WindowManager: updateScale0.4617737
11-29 06:51:24.481 1491 1600 D FreeFormWindowHelper: refreshTipWindow windowDragBounds:Rect(15, -137 - 317, 401)
11-29 06:51:24.482 1491 1600 W WindowManager: updateScale0.4617737
11-29 06:51:24.496 1491 1600 D FreeFormWindowHelper: refreshTipWindow windowDragBounds:Rect(12, -155 - 314, 383)
11-29 06:51:24.496 1491 10783 W WindowManager: updateScale0.4617737
11-29 06:51:24.499 1491 1600 W WindowManager: updateScale0.4617737
11-29 06:51:24.513 1491 1600 D FreeFormWindowHelper: refreshTipWindow windowDragBounds:Rect(8, -172 - 310, 366)
11-29 06:51:24.518 1491 1600 W WindowManager: updateScale0.4617737
11-29 06:51:24.529 1491 1600 D FreeFormWindowHelper: refreshTipWindow windowDragBounds:Rect(7, -189 - 309, 349)
11-29 06:51:24.531 1491 1600 W WindowManager: updateScale0.4617737
11-29 06:51:24.535 1491 10783 W WindowManager: updateScale0.4617737
11-29 06:51:24.546 1491 1600 D FreeFormWindowHelper: refreshTipWindow windowDragBounds:Rect(5, -205 - 307, 333)
11-29 06:51:24.547 1491 1600 W WindowManager: updateScale0.4617737
11-29 06:51:24.565 1491 1600 D FreeFormWindowHelper: refreshTipWindow windowDragBounds:Rect(5, -226 - 307, 312)
11-29 06:51:24.566 1491 1600 W WindowManager: updateScale0.4617737
11-29 06:51:24.579 1491 1600 D FreeFormWindowHelper: refreshTipWindow windowDragBounds:Rect(5, -247 - 307, 291)
11-29 06:51:24.584 1491 1600 W WindowManager: updateScale0.4617737
11-29 06:51:24.596 1491 1600 D FreeFormWindowHelper: refreshTipWindow windowDragBounds:Rect(5, -271 - 307, 267)
11-29 06:51:24.597 1491 1600 W WindowManager: updateScale0.4617737
11-29 06:51:24.599 1491 10783 W WindowManager: updateScale0.4617737
11-29 06:51:24.613 1491 1600 D FreeFormWindowHelper: refreshTipWindow windowDragBounds:Rect(5, -290 - 307, 248)
11-29 06:51:24.614 1491 1600 W WindowManager: updateScale0.4617737
11-29 06:51:24.630 1491 1600 D FreeFormWindowHelper: refreshTipWindow windowDragBounds:Rect(5, -310 - 307, 228)
11-29 06:51:24.631 1491 1600 W WindowManager: updateScale0.4617737
11-29 06:51:24.647 1491 1600 D FreeFormWindowHelper: refreshTipWindow windowDragBounds:Rect(3, -330 - 305, 208)
11-29 06:51:24.648 1491 1600 W WindowManager: updateScale0.4617737
11-29 06:51:24.664 1491 1600 D FreeFormWindowHelper: refreshTipWindow windowDragBounds:Rect(1, -349 - 303, 189)
11-29 06:51:24.665 1491 1600 W WindowManager: updateScale0.4617737
11-29 06:51:24.680 1491 1600 D FreeFormWindowHelper: refreshTipWindow windowDragBounds:Rect(-3, -365 - 299, 173)
11-29 06:51:24.681 1491 1600 W WindowManager: updateScale0.4617737
11-29 06:51:24.697 1491 1600 D FreeFormWindowHelper: refreshTipWindow windowDragBounds:Rect(-6, -382 - 296, 156)
11-29 06:51:24.698 1491 1600 W WindowManager: updateScale0.4617737
11-29 06:51:24.705 1491 9480 W WindowManager: updateScale0.4617737
11-29 06:51:24.713 1491 1600 D FreeFormWindowHelper: refreshTipWindow windowDragBounds:Rect(-10, -397 - 292, 141)
11-29 06:51:24.714 1491 1600 W WindowManager: updateScale0.4617737
11-29 06:51:24.721 1491 9480 W WindowManager: updateScale0.4617737
11-29 06:51:24.732 1491 1600 D FreeFormWindowHelper: refreshTipWindow windowDragBounds:Rect(-15, -411 - 287, 127)
11-29 06:51:24.733 1491 1600 W WindowManager: updateScale0.4617737
11-29 06:51:24.742 1491 9480 W WindowManager: updateScale0.4617737
11-29 06:51:24.746 1491 1600 D FreeFormWindowHelper: refreshTipWindow windowDragBounds:Rect(-20, -425 - 282, 113)
11-29 06:51:24.748 1491 1600 W WindowManager: updateScale0.4617737
11-29 06:51:24.760 1491 9480 W WindowManager: updateScale0.4617737
11-29 06:51:24.763 1491 1600 D FreeFormWindowHelper: refreshTipWindow windowDragBounds:Rect(-24, -439 - 278, 99)
11-29 06:51:24.765 1491 1600 W WindowManager: updateScale0.4617737
11-29 06:51:24.777 1491 9480 W WindowManager: updateScale0.4617737
11-29 06:51:24.780 1491 1600 D FreeFormWindowHelper: refreshTipWindow windowDragBounds:Rect(-26, -450 - 276, 88)
11-29 06:51:24.781 1491 1600 W WindowManager: updateScale0.4617737
11-29 06:51:24.793 1491 9480 W WindowManager: updateScale0.4617737
11-29 06:51:24.797 1491 1600 D FreeFormWindowHelper: refreshTipWindow windowDragBounds:Rect(-28, -460 - 274, 78)
11-29 06:51:24.798 1491 1600 W WindowManager: updateScale0.4617737
11-29 06:51:24.814 1491 1600 D FreeFormWindowHelper: refreshTipWindow windowDragBounds:Rect(-28, -467 - 274, 71)
11-29 06:51:24.814 1491 9480 W WindowManager: updateScale0.4617737
11-29 06:51:24.820 1491 1600 W WindowManager: updateScale0.4617737
11-29 06:51:24.830 1491 1600 D FreeFormWindowHelper: refreshTipWindow windowDragBounds:Rect(-29, -476 - 273, 62)
11-29 06:51:24.831 1491 1600 W WindowManager: updateScale0.4617737
11-29 06:51:24.838 1491 9480 W WindowManager: updateScale0.4617737
11-29 06:51:24.847 1491 1600 D FreeFormWindowHelper: refreshTipWindow windowDragBounds:Rect(-30, -483 - 272, 55)
11-29 06:51:24.848 1491 1600 W WindowManager: updateScale0.4617737
11-29 06:51:24.864 1491 1600 D FreeFormWindowHelper: refreshTipWindow windowDragBounds:Rect(-30, -487 - 272, 51)
11-29 06:51:24.868 1491 1600 W WindowManager: updateScale0.4617737
11-29 06:51:24.881 1491 1600 D FreeFormWindowHelper: refreshTipWindow windowDragBounds:Rect(-30, -488 - 272, 50)
11-29 06:51:24.882 1491 1600 W WindowManager: updateScale0.4617737
11-29 06:51:24.895 1491 1600 D WindowManager: updateWindowDragBounds: mIsSwipeYfalse
11-29 06:51:24.895 1491 1600 D WindowManager: updateWindowDragBounds: mIsTopfalse
11-29 06:51:24.895 1491 1600 D WindowManager: updateWindowDragBounds: mIsSwipeXfalse
11-29 06:51:24.896 1491 1600 W WindowManager: updateScale0.4617737
11-29 06:51:24.916 1491 9480 W WindowManager: updateScale0.4617737
11-29 06:51:25.079 0 0 I auditd : type=1400 audit(0.0:13880): avc: denied { kill } for comm="swapper/3" capability=5 scontext=u:r:kernel:s0 tcontext=u:r:kernel:s0 tclass=capability permissive=0
11-29 06:51:25.423 1491 1693 I input_interaction: Interaction with: 197ade1 com.android.gallery3d/com.android.gallery3d.app.GalleryActivity (server), edge-swipe (server), swipe-up (server), PointerEventDispatcher0 (server),
11-29 06:51:25.486 18441 18441 I view_enqueue_input_event: [Motion - Cancel,com.android.gallery3d/com.android.gallery3d.app.GalleryActivity]
11-29 06:51:25.493 1491 1693 I input_interaction: Interaction with: WindowManager (server), edge-swipe (server), swipe-up (server), PointerEventDispatcher0 (server),
11-29 06:51:25.498 1491 1600 D FreeFormWindowHelper: refreshTipWindow windowDragBounds:Rect(0, 36 - 302, 574)
11-29 06:51:25.501 1491 1600 W WindowManager: updateScale0.4617737
11-29 06:51:25.515 1491 1600 D FreeFormWindowHelper: refreshTipWindow windowDragBounds:Rect(16, -2 - 318, 536)
11-29 06:51:25.517 1491 1600 W WindowManager: updateScale0.4617737
11-29 06:51:25.532 1491 1600 D FreeFormWindowHelper: refreshTipWindow windowDragBounds:Rect(25, -48 - 327, 490)
11-29 06:51:25.533 1491 1600 W WindowManager: updateScale0.4617737
11-29 06:51:25.548 1491 1600 D FreeFormWindowHelper: refreshTipWindow windowDragBounds:Rect(30, -91 - 332, 447)
11-29 06:51:25.550 1491 1600 W WindowManager: updateScale0.4617737
11-29 06:51:25.565 1491 1600 D FreeFormWindowHelper: refreshTipWindow windowDragBounds:Rect(33, -132 - 335, 406)
11-29 06:51:25.567 1491 1600 W WindowManager: updateScale0.4617737
11-29 06:51:25.571 1491 11109 W WindowManager: updateScale0.4617737
11-29 06:51:25.582 1491 1600 D FreeFormWindowHelper: refreshTipWindow windowDragBounds:Rect(35, -180 - 337, 358)
11-29 06:51:25.583 1491 1600 W WindowManager: updateScale0.4617737
11-29 06:51:25.599 1491 1600 D FreeFormWindowHelper: refreshTipWindow windowDragBounds:Rect(36, -223 - 338, 315)
11-29 06:51:25.600 1491 1600 W WindowManager: updateScale0.4617737
11-29 06:51:25.615 1491 11109 W WindowManager: updateScale0.4617737
11-29 06:51:25.617 1491 1600 D FreeFormWindowHelper: refreshTipWindow windowDragBounds:Rect(38, -265 - 340, 273)
11-29 06:51:25.618 1491 1600 W WindowManager: updateScale0.4617737
11-29 06:51:25.632 1491 1600 D FreeFormWindowHelper: refreshTipWindow windowDragBounds:Rect(38, -302 - 340, 236)
11-29 06:51:25.634 1491 1600 W WindowManager: updateScale0.4617737
11-29 06:51:25.640 1491 9480 W WindowManager: updateScale0.4617737
11-29 06:51:25.649 1491 1600 D FreeFormWindowHelper: refreshTipWindow windowDragBounds:Rect(38, -338 - 340, 200)
11-29 06:51:25.650 1491 1600 W WindowManager: updateScale0.4617737
11-29 06:51:25.666 1491 1600 D FreeFormWindowHelper: refreshTipWindow windowDragBounds:Rect(38, -373 - 340, 165)
11-29 06:51:25.668 1491 1600 W WindowManager: updateScale0.4617737
11-29 06:51:25.683 1491 1600 D FreeFormWindowHelper: refreshTipWindow windowDragBounds:Rect(38, -407 - 340, 131)
11-29 06:51:25.684 1491 1600 W WindowManager: updateScale0.4617737
11-29 06:51:25.699 1491 1600 D FreeFormWindowHelper: refreshTipWindow windowDragBounds:Rect(38, -439 - 340, 99)
11-29 06:51:25.700 1491 1600 W WindowManager: updateScale0.4617737
11-29 06:51:25.708 1491 9480 W WindowManager: updateScale0.4617737
11-29 06:51:25.716 1491 1600 D FreeFormWindowHelper: refreshTipWindow windowDragBounds:Rect(41, -462 - 343, 76)
11-29 06:51:25.717 1491 1600 W WindowManager: updateScale0.4617737
11-29 06:51:25.733 1491 1600 D FreeFormWindowHelper: refreshTipWindow windowDragBounds:Rect(43, -481 - 345, 57)
11-29 06:51:25.734 1491 1600 W WindowManager: updateScale0.4617737
11-29 06:51:25.749 1491 1600 D FreeFormWindowHelper: refreshTipWindow windowDragBounds:Rect(45, -489 - 347, 49)
11-29 06:51:25.750 1491 1600 W WindowManager: updateScale0.4617737
11-29 06:51:25.769 1491 1600 D WindowManager: updateWindowDragBounds: mIsSwipeYtrue
11-29 06:51:25.769 1491 1600 D WindowManager: updateWindowDragBounds: mIsTopfalse
11-29 06:51:25.769 1491 1600 D WindowManager: updateWindowDragBounds: mIsSwipeXfalse
11-29 06:51:25.770 1491 1600 W WindowManager: updateScale0.4617737
11-29 06:51:25.792 1491 9480 W WindowManager: updateScale0.4617737
11-29 06:51:26.079 0 0 I auditd : type=1400 audit(0.0:13881): avc: denied { kill } for comm="swapper/3" capability=5 scontext=u:r:kernel:s0 tcontext=u:r:kernel:s0 tclass=capability permissive=0
11-29 06:51:26.398 1491 1693 I input_interaction: Interaction with: 197ade1 com.android.gallery3d/com.android.gallery3d.app.GalleryActivity (server), edge-swipe (server), swipe-up (server), PointerEventDispatcher0 (server),
11-29 06:51:26.437 18441 18441 I view_enqueue_input_event: [Motion - Cancel,com.android.gallery3d/com.android.gallery3d.app.GalleryActivity]
11-29 06:51:26.438 1491 1693 I input_interaction: Interaction with: WindowManager (server), edge-swipe (server), swipe-up (server), PointerEventDispatcher0 (server),
11-29 06:51:26.451 1491 1600 D FreeFormWindowHelper: refreshTipWindow windowDragBounds:Rect(9, 47 - 311, 585)
11-29 06:51:26.452 1491 1600 W WindowManager: updateScale0.4617737
11-29 06:51:26.467 1491 1600 D FreeFormWindowHelper: refreshTipWindow windowDragBounds:Rect(14, 20 - 316, 558)
11-29 06:51:26.469 1491 1600 W WindowManager: updateScale0.4617737
11-29 06:51:26.484 1491 1600 D FreeFormWindowHelper: refreshTipWindow windowDragBounds:Rect(19, -12 - 321, 526)
11-29 06:51:26.489 1491 1600 W WindowManager: updateScale0.4617737
11-29 06:51:26.501 1491 9480 W WindowManager: updateScale0.4617737
11-29 06:51:26.504 1491 1600 D FreeFormWindowHelper: refreshTipWindow windowDragBounds:Rect(23, -50 - 325, 488)
11-29 06:51:26.505 1491 1600 W WindowManager: updateScale0.4617737
11-29 06:51:26.518 1491 1600 D FreeFormWindowHelper: refreshTipWindow windowDragBounds:Rect(27, -90 - 329, 448)
11-29 06:51:26.522 1491 1600 W WindowManager: updateScale0.4617737
11-29 06:51:26.535 1491 1600 D FreeFormWindowHelper: refreshTipWindow windowDragBounds:Rect(36, -143 - 338, 395)
11-29 06:51:26.536 1491 1600 W WindowManager: updateScale0.4617737
11-29 06:51:26.551 1491 1600 D FreeFormWindowHelper: refreshTipWindow windowDragBounds:Rect(47, -198 - 349, 340)
11-29 06:51:26.553 1491 1600 W WindowManager: updateScale0.4617737
11-29 06:51:26.568 1491 1600 D FreeFormWindowHelper: refreshTipWindow windowDragBounds:Rect(58, -252 - 360, 286)
11-29 06:51:26.570 1491 1600 W WindowManager: updateScale0.4617737
11-29 06:51:26.584 1491 9480 W WindowManager: updateScale0.4617737
11-29 06:51:26.588 1491 1600 D FreeFormWindowHelper: refreshTipWindow windowDragBounds:Rect(68, -298 - 370, 240)
11-29 06:51:26.590 1491 1600 W WindowManager: updateScale0.4617737
11-29 06:51:26.601 1491 1600 D FreeFormWindowHelper: refreshTipWindow windowDragBounds:Rect(82, -345 - 384, 193)
11-29 06:51:26.602 1491 1600 W WindowManager: updateScale0.4617737
11-29 06:51:26.618 1491 1600 D FreeFormWindowHelper: refreshTipWindow windowDragBounds:Rect(98, -393 - 400, 145)
11-29 06:51:26.619 1491 1600 W WindowManager: updateScale0.4617737
11-29 06:51:26.635 1491 1600 D FreeFormWindowHelper: refreshTipWindow windowDragBounds:Rect(113, -424 - 415, 114)
11-29 06:51:26.636 1491 1600 W WindowManager: updateScale0.4617737
11-29 06:51:26.651 1491 1600 D FreeFormWindowHelper: refreshTipWindow windowDragBounds:Rect(119, -433 - 421, 105)
11-29 06:51:26.652 1491 1600 W WindowManager: updateScale0.4617737
11-29 06:51:26.667 1491 1600 D WindowManager: updateWindowDragBounds: mIsSwipeYtrue
11-29 06:51:26.667 1491 1600 D WindowManager: updateWindowDragBounds: mIsTopfalse
11-29 06:51:26.667 1491 1600 D WindowManager: updateWindowDragBounds: mIsSwipeXfalse
11-29 06:51:26.671 1491 1600 W WindowManager: updateScale0.4617737
11-29 06:51:26.700 1491 9480 W WindowManager: updateScale0.4617737
11-29 06:51:27.079 18406 18406 I auditd : type=1400 audit(0.0:13882): avc: denied { kill } for comm="kworker/u17:1" capability=5 scontext=u:r:kernel:s0 tcontext=u:r:kernel:s0 tclass=capability permissive=0
11-29 06:51:27.898 1491 1693 I input_interaction: Interaction with: cd0514f com.android.launcher3/com.android.launcher3.uioverrides.QuickstepLauncher (server), bd931b3 com.android.systemui.ImageWallpaper (server), edge-swipe (server), swipe-up (server), PointerEventDispatcher0 (server),
11-29 06:51:29.079 0 0 I auditd : type=1400 audit(0.0:13883): avc: denied { kill } for comm="swapper/2" capability=5 scontext=u:r:kernel:s0 tcontext=u:r:kernel:s0 tclass=capability permissive=0
11-29 06:51:29.528 1491 10783 I ActivityTaskManager: START u0 {flg=0x10008000 cmp=com.android.gallery3d/.app.GalleryActivity} from uid 10077
11-29 06:51:29.533 1491 10783 I wm_finish_activity: [0,146450383,142,com.android.gallery3d/.app.GalleryActivity,clear-task-all]
11-29 06:51:29.541 1491 10783 I wm_pause_activity: [0,146450383,com.android.gallery3d/.app.GalleryActivity,userLeaving=false,finish]
11-29 06:51:29.542 18441 18441 I wm_on_top_resumed_lost_called: [146450383,com.android.gallery3d.app.GalleryActivity,topStateChangedWhenResumed]
11-29 06:51:29.545 1491 10783 I wm_task_moved: [142,1,8]
11-29 06:51:29.546 1491 10783 I wm_create_activity: [0,181120707,142,com.android.gallery3d/.app.GalleryActivity,NULL,NULL,NULL,268468224]
11-29 06:51:29.556 18441 18441 I wm_on_paused_called: [146450383,com.android.gallery3d.app.GalleryActivity,performPause]
11-29 06:51:29.557 1491 10783 I wm_add_to_stopping: [0,146450383,com.android.gallery3d/.app.GalleryActivity,completeFinishing]
11-29 06:51:29.558 1491 10783 I ActivityTaskManager: The Process com.android.gallery3d Already Exists in BG. So sending its PID: 18441
11-29 06:51:29.558 1491 10783 W ActivityTaskManager: Tried to set launchTime (0) < mLastActivityLaunchTime (12945996)
11-29 06:51:29.560 1491 10783 I wm_restart_activity: [0,181120707,142,com.android.gallery3d/.app.GalleryActivity]
11-29 06:51:29.560 1491 10783 I wm_set_resumed_activity: [0,com.android.gallery3d/.app.GalleryActivity,minimalResumeActivityLocked]
11-29 06:51:29.564 1491 1599 I sysui_multi_action: [757,803,799,window_time_0,802,128]
11-29 06:51:29.574 1491 1693 I input_focus: [Focus leaving 197ade1 com.android.gallery3d/com.android.gallery3d.app.GalleryActivity (server),reason=NO_WINDOW]
11-29 06:51:29.584 1491 1607 I am_pss : [18441,10068,com.android.gallery3d,82357248,76062720,0,205656064,0,2,10]
11-29 06:51:29.602 18441 18441 I wm_on_create_called: [181120707,com.android.gallery3d.app.GalleryActivity,performCreate]
11-29 06:51:29.603 18441 18441 I wm_on_start_called: [181120707,com.android.gallery3d.app.GalleryActivity,handleStartActivity]
11-29 06:51:29.604 18441 18441 I wm_on_resume_called: [181120707,com.android.gallery3d.app.GalleryActivity,RESUME_ACTIVITY]
11-29 06:51:29.607 18441 18441 I wm_on_top_resumed_gained_called: [181120707,com.android.gallery3d.app.GalleryActivity,topStateChangedWhenResumed]
11-29 06:51:29.609 1491 10785 W WindowManager: updateScale0.4617737
11-29 06:51:29.612 1491 1600 I input_focus: [Focus request db005ca com.android.gallery3d/com.android.gallery3d.app.GalleryActivity,reason=UpdateInputWindows]
11-29 06:51:29.623 1491 1600 W WindowManager: updateScale0.4617737
11-29 06:51:29.630 1491 1600 W WindowManager: updateScale0.4617737
11-29 06:51:29.633 1491 1600 W WindowManager: updateScale0.4617737
11-29 06:51:29.633 1491 1596 I wm_activity_launch_time: [0,181120707,com.android.gallery3d/.app.GalleryActivity,105]
11-29 06:51:29.642 1491 1693 I input_focus: [Focus entering db005ca com.android.gallery3d/com.android.gallery3d.app.GalleryActivity (server),reason=setFocusedWindow]
11-29 06:51:29.653 1491 1607 I am_pss : [19066,10020,com.hryt.hiphishowfsecontrol,18099200,14692352,0,106823680,0,19,7]
11-29 06:51:29.663 1491 1607 I am_pss : [19067,10064,com.android.calendar,6370304,4063232,0,91529216,0,19,6]
11-29 06:51:29.670 16043 16059 W ContextImpl: Calling a method in the system process without a qualified user: android.app.ContextImpl.startService:1816 android.content.ContextWrapper.startService:774 com.thundercomm.gamemode.ingame.services.GameModeActionUtils.startGameModeService:93 com.thundercomm.gamemode.ingame.services.GameModeActionUtils.startGameModeEntry:21 com.thundercomm.gamemode.ingame.services.ActivityMonitoringService$1.onActivityLaunch:127
11-29 06:51:29.677 1491 1491 I GameModeConfig: Current uri is uri = content://com.thundercomm.gamemode.api/gamemode_settings/gamemode_isgaming
11-29 06:51:29.677 1491 1491 I am_uid_active: 10063
11-29 06:51:29.679 1491 1491 I GameModeConfig: isGameModeOn = false
11-29 06:51:29.679 1491 1491 I GameModeConfig: isGameModeOn = false
11-29 06:51:29.679 1491 1491 I GameModeConfig: isDisableVoice = true
11-29 06:51:29.911 1491 1600 W WindowManager: updateScale0.4617737
11-29 06:51:29.913 1491 1599 I wm_destroy_activity: [0,146450383,142,com.android.gallery3d/.app.GalleryActivity,finish-imm:idle]
11-29 06:51:29.927 1491 11109 W WindowManager: updateScale0.4617737
11-29 06:51:29.931 18441 18441 I wm_on_stop_called: [146450383,com.android.gallery3d.app.GalleryActivity,LIFECYCLER_STOP_ACTIVITY]
11-29 06:51:29.932 18441 18441 I wm_on_destroy_called: [146450383,com.android.gallery3d.app.GalleryActivity,performDestroy]
11-29 06:51:29.934 1491 11109 W WindowManager: updateScale0.4617737
11-29 06:51:30.079 0 0 I auditd : type=1400 audit(0.0:13884): avc: denied { kill } for comm="swapper/2" capability=5 scontext=u:r:kernel:s0 tcontext=u:r:kernel:s0 tclass=capability permissive=0
11-29 06:51:30.450 1491 1693 I input_interaction: Interaction with: db005ca com.android.gallery3d/com.android.gallery3d.app.GalleryActivity (server), edge-swipe (server), swipe-up (server), PointerEventDispatcher0 (server),
11-29 06:51:30.511 18441 18441 I view_enqueue_input_event: [Motion - Cancel,com.android.gallery3d/com.android.gallery3d.app.GalleryActivity]
11-29 06:51:30.512 1491 1693 I input_interaction: Interaction with: WindowManager (server), edge-swipe (server), swipe-up (server), PointerEventDispatcher0 (server),
11-29 06:51:30.525 1491 1600 D FreeFormWindowHelper: refreshTipWindow windowDragBounds:Rect(-8, 60 - 294, 598)
11-29 06:51:30.527 1491 1600 W WindowManager: updateScale0.4617737
11-29 06:51:30.544 1491 11109 W WindowManager: updateScale0.4617737
11-29 06:51:30.546 1491 1600 D FreeFormWindowHelper: refreshTipWindow windowDragBounds:Rect(-11, 53 - 291, 591)
11-29 06:51:30.547 1491 1600 W WindowManager: updateScale0.4617737
11-29 06:51:30.563 1491 1600 D FreeFormWindowHelper: refreshTipWindow windowDragBounds:Rect(-14, 41 - 288, 579)
11-29 06:51:30.564 1491 1600 W WindowManager: updateScale0.4617737
11-29 06:51:30.577 1491 1600 D FreeFormWindowHelper: refreshTipWindow windowDragBounds:Rect(-13, 18 - 289, 556)
11-29 06:51:30.578 1491 1600 W WindowManager: updateScale0.4617737
11-29 06:51:30.594 1491 1600 D FreeFormWindowHelper: refreshTipWindow windowDragBounds:Rect(-13, -8 - 289, 530)
11-29 06:51:30.595 1491 1600 W WindowManager: updateScale0.4617737
11-29 06:51:30.608 1491 11109 W WindowManager: updateScale0.4617737
11-29 06:51:30.611 1491 1600 D FreeFormWindowHelper: refreshTipWindow windowDragBounds:Rect(-8, -41 - 294, 497)
11-29 06:51:30.612 1491 1600 W WindowManager: updateScale0.4617737
11-29 06:51:30.626 1491 11109 W WindowManager: updateScale0.4617737
11-29 06:51:30.630 1491 1600 D FreeFormWindowHelper: refreshTipWindow windowDragBounds:Rect(-1, -75 - 301, 463)
11-29 06:51:30.631 1491 1600 W WindowManager: updateScale0.4617737
11-29 06:51:30.644 1491 1600 D FreeFormWindowHelper: refreshTipWindow windowDragBounds:Rect(6, -117 - 308, 421)
11-29 06:51:30.646 1491 1600 W WindowManager: updateScale0.4617737
11-29 06:51:30.667 1491 1600 D FreeFormWindowHelper: refreshTipWindow windowDragBounds:Rect(13, -156 - 315, 382)
11-29 06:51:30.668 1491 1600 W WindowManager: updateScale0.4617737
11-29 06:51:30.677 1491 11109 W WindowManager: updateScale0.4617737
11-29 06:51:30.680 1491 1600 D FreeFormWindowHelper: refreshTipWindow windowDragBounds:Rect(18, -195 - 320, 343)
11-29 06:51:30.681 1491 1600 W WindowManager: updateScale0.4617737
11-29 06:51:30.694 1491 1600 D FreeFormWindowHelper: refreshTipWindow windowDragBounds:Rect(22, -225 - 324, 313)
11-29 06:51:30.695 1491 1600 W WindowManager: updateScale0.4617737
11-29 06:51:30.711 1491 1600 D FreeFormWindowHelper: refreshTipWindow windowDragBounds:Rect(25, -257 - 327, 281)
11-29 06:51:30.712 1491 1600 W WindowManager: updateScale0.4617737
11-29 06:51:30.729 1491 1600 D FreeFormWindowHelper: refreshTipWindow windowDragBounds:Rect(28, -289 - 330, 249)
11-29 06:51:30.731 1491 1600 W WindowManager: updateScale0.4617737
11-29 06:51:30.743 1491 10785 W WindowManager: updateScale0.4617737
11-29 06:51:30.745 1491 1600 D FreeFormWindowHelper: refreshTipWindow windowDragBounds:Rect(31, -318 - 333, 220)
11-29 06:51:30.747 1491 1600 W WindowManager: updateScale0.4617737
11-29 06:51:30.761 1491 1600 D FreeFormWindowHelper: refreshTipWindow windowDragBounds:Rect(36, -347 - 338, 191)
11-29 06:51:30.763 1491 1600 W WindowManager: updateScale0.4617737
11-29 06:51:30.779 1491 1600 D FreeFormWindowHelper: refreshTipWindow windowDragBounds:Rect(43, -375 - 345, 163)
11-29 06:51:30.781 1491 1600 W WindowManager: updateScale0.4617737
11-29 06:51:30.793 1491 11109 W WindowManager: updateScale0.4617737
11-29 06:51:30.795 1491 1600 D FreeFormWindowHelper: refreshTipWindow windowDragBounds:Rect(50, -407 - 352, 131)
11-29 06:51:30.797 1491 1600 W WindowManager: updateScale0.4617737
11-29 06:51:30.811 1491 1600 D FreeFormWindowHelper: refreshTipWindow windowDragBounds:Rect(58, -431 - 360, 107)
11-29 06:51:30.812 1491 1600 W WindowManager: updateScale0.4617737
11-29 06:51:30.829 1491 1600 D FreeFormWindowHelper: refreshTipWindow windowDragBounds:Rect(67, -449 - 369, 89)
11-29 06:51:30.831 1491 1600 W WindowManager: updateScale0.4617737
11-29 06:51:30.843 1491 10785 W WindowManager: updateScale0.4617737
11-29 06:51:30.845 1491 1600 D FreeFormWindowHelper: refreshTipWindow windowDragBounds:Rect(76, -465 - 378, 73)
11-29 06:51:30.847 1491 1600 W WindowManager: updateScale0.4617737
11-29 06:51:30.861 1491 1600 D FreeFormWindowHelper: refreshTipWindow windowDragBounds:Rect(85, -473 - 387, 65)
11-29 06:51:30.863 1491 1600 W WindowManager: updateScale0.4617737
11-29 06:51:30.880 1491 1600 D FreeFormWindowHelper: refreshTipWindow windowDragBounds:Rect(89, -479 - 391, 59)
11-29 06:51:30.881 1491 1600 W WindowManager: updateScale0.4617737
11-29 06:51:30.894 1491 11109 W WindowManager: updateScale0.4617737
11-29 06:51:30.896 1491 1600 D FreeFormWindowHelper: refreshTipWindow windowDragBounds:Rect(92, -482 - 394, 56)
11-29 06:51:30.898 1491 1600 W WindowManager: updateScale0.4617737
11-29 06:51:30.911 1491 1600 D FreeFormWindowHelper: refreshTipWindow windowDragBounds:Rect(94, -484 - 396, 54)
11-29 06:51:30.913 1491 1600 W WindowManager: updateScale0.4617737
11-29 06:51:30.930 1491 1600 D FreeFormWindowHelper: refreshTipWindow windowDragBounds:Rect(97, -484 - 399, 54)
11-29 06:51:30.931 1491 1600 W WindowManager: updateScale0.4617737
11-29 06:51:30.944 1491 11109 W WindowManager: updateScale0.4617737
11-29 06:51:30.946 1491 1600 D FreeFormWindowHelper: refreshTipWindow windowDragBounds:Rect(98, -484 - 400, 54)
11-29 06:51:30.947 1491 1600 W WindowManager: updateScale0.4617737
11-29 06:51:30.960 1491 1600 D WindowManager: updateWindowDragBounds: mIsSwipeYfalse
11-29 06:51:30.960 1491 1600 D WindowManager: updateWindowDragBounds: mIsTopfalse
11-29 06:51:30.960 1491 1600 D WindowManager: updateWindowDragBounds: mIsSwipeXfalse
11-29 06:51:30.962 1491 1600 W WindowManager: updateScale0.4617737
11-29 06:51:31.010 1491 11109 W WindowManager: updateScale0.4617737
11-29 06:51:31.079 0 0 I auditd : type=1400 audit(0.0:13885): avc: denied { kill } for comm="swapper/2" capability=5 scontext=u:r:kernel:s0 tcontext=u:r:kernel:s0 tclass=capability permissive=0
11-29 06:51:31.219 1491 1693 I input_interaction: Interaction with: db005ca com.android.gallery3d/com.android.gallery3d.app.GalleryActivity (server), edge-swipe (server), swipe-up (server), PointerEventDispatcher0 (server),
11-29 06:51:31.298 18441 18441 I view_enqueue_input_event: [Motion - Cancel,com.android.gallery3d/com.android.gallery3d.app.GalleryActivity]
11-29 06:51:31.303 1491 1693 I input_interaction: Interaction with: WindowManager (server), edge-swipe (server), swipe-up (server), PointerEventDispatcher0 (server),
11-29 06:51:31.313 1491 1600 D FreeFormWindowHelper: refreshTipWindow windowDragBounds:Rect(0, 36 - 302, 574)
11-29 06:51:31.316 1491 1600 W WindowManager: updateScale0.4617737
11-29 06:51:31.329 1491 1600 D FreeFormWindowHelper: refreshTipWindow windowDragBounds:Rect(-8, -31 - 294, 507)
11-29 06:51:31.334 1491 1600 W WindowManager: updateScale0.4617737
11-29 06:51:31.345 1491 11109 W WindowManager: updateScale0.4617737
11-29 06:51:31.347 1491 1600 D FreeFormWindowHelper: refreshTipWindow windowDragBounds:Rect(-8, -118 - 294, 420)
11-29 06:51:31.349 1491 1600 W WindowManager: updateScale0.4617737
11-29 06:51:31.361 1491 11109 W WindowManager: updateScale0.4617737
11-29 06:51:31.363 1491 1600 D FreeFormWindowHelper: refreshTipWindow windowDragBounds:Rect(4, -202 - 306, 336)
11-29 06:51:31.365 1491 1600 W WindowManager: updateScale0.4617737
11-29 06:51:31.379 1491 1600 D FreeFormWindowHelper: refreshTipWindow windowDragBounds:Rect(12, -275 - 314, 263)
11-29 06:51:31.380 1491 1600 W WindowManager: updateScale0.4617737
11-29 06:51:31.393 1491 11109 W WindowManager: updateScale0.4617737
11-29 06:51:31.396 1491 1600 D FreeFormWindowHelper: refreshTipWindow windowDragBounds:Rect(19, -333 - 321, 205)
11-29 06:51:31.398 1491 1600 W WindowManager: updateScale0.4617737
11-29 06:51:31.408 1491 11109 W WindowManager: updateScale0.4617737
11-29 06:51:31.416 1491 1600 D FreeFormWindowHelper: refreshTipWindow windowDragBounds:Rect(22, -374 - 324, 164)
11-29 06:51:31.418 1491 1600 W WindowManager: updateScale0.4617737
11-29 06:51:31.425 1491 11109 W WindowManager: updateScale0.4617737
11-29 06:51:31.429 1491 1600 D FreeFormWindowHelper: refreshTipWindow windowDragBounds:Rect(23, -403 - 325, 135)
11-29 06:51:31.430 1491 1600 W WindowManager: updateScale0.4617737
11-29 06:51:31.442 1491 11109 W WindowManager: updateScale0.4617737
11-29 06:51:31.446 1491 1600 D FreeFormWindowHelper: refreshTipWindow windowDragBounds:Rect(23, -421 - 325, 117)
11-29 06:51:31.447 1491 1600 W WindowManager: updateScale0.4617737
11-29 06:51:31.458 1491 10783 W WindowManager: updateScale0.4617737
11-29 06:51:31.463 1491 1600 D FreeFormWindowHelper: refreshTipWindow windowDragBounds:Rect(23, -433 - 325, 105)
11-29 06:51:31.464 1491 1600 W WindowManager: updateScale0.4617737
11-29 06:51:31.475 1491 10783 W WindowManager: updateScale0.4617737
11-29 06:51:31.479 1491 1600 D FreeFormWindowHelper: refreshTipWindow windowDragBounds:Rect(23, -440 - 325, 98)
11-29 06:51:31.481 1491 1600 W WindowManager: updateScale0.4617737
11-29 06:51:31.492 1491 10783 W WindowManager: updateScale0.4617737
11-29 06:51:31.496 1491 1600 D FreeFormWindowHelper: refreshTipWindow windowDragBounds:Rect(13, -449 - 315, 89)
11-29 06:51:31.498 1491 1600 W WindowManager: updateScale0.4617737
11-29 06:51:31.508 1491 11109 W WindowManager: updateScale0.4617737
11-29 06:51:31.513 1491 1600 D FreeFormWindowHelper: refreshTipWindow windowDragBounds:Rect(13, -459 - 315, 79)
11-29 06:51:31.515 1491 1600 W WindowManager: updateScale0.4617737
11-29 06:51:31.525 1491 11109 W WindowManager: updateScale0.4617737
11-29 06:51:31.536 1491 1600 D WindowManager: updateWindowDragBounds: mIsSwipeYfalse
11-29 06:51:31.536 1491 1600 D WindowManager: updateWindowDragBounds: mIsTopfalse
11-29 06:51:31.536 1491 1600 D WindowManager: updateWindowDragBounds: mIsSwipeXfalse
11-29 06:51:31.538 1491 1600 W WindowManager: updateScale0.4617737
11-29 06:51:31.548 1491 11109 W WindowManager: updateScale0.4617737
11-29 06:51:31.562 1491 11109 W WindowManager: updateScale0.4617737
11-29 06:51:31.788 1491 1693 I input_interaction: Interaction with: db005ca com.android.gallery3d/com.android.gallery3d.app.GalleryActivity (server), edge-swipe (server), swipe-up (server), PointerEventDispatcher0 (server),
11-29 06:51:31.849 18441 18441 I view_enqueue_input_event: [Motion - Cancel,com.android.gallery3d/com.android.gallery3d.app.GalleryActivity]
11-29 06:51:31.849 1491 1693 I input_interaction: Interaction with: WindowManager (server), edge-swipe (server), swipe-up (server), PointerEventDispatcher0 (server),
11-29 06:51:31.864 1491 1600 D FreeFormWindowHelper: refreshTipWindow windowDragBounds:Rect(0, 44 - 302, 582)
11-29 06:51:31.866 1491 1600 W WindowManager: updateScale0.4617737
11-29 06:51:31.880 1491 1600 D FreeFormWindowHelper: refreshTipWindow windowDragBounds:Rect(0, -22 - 302, 516)
11-29 06:51:31.883 1491 1600 W WindowManager: updateScale0.4617737
11-29 06:51:31.896 1491 11109 W WindowManager: updateScale0.4617737
11-29 06:51:31.898 1491 1600 D FreeFormWindowHelper: refreshTipWindow windowDragBounds:Rect(0, -98 - 302, 440)
11-29 06:51:31.902 1491 1600 W WindowManager: updateScale0.4617737
11-29 06:51:31.913 1491 11109 W WindowManager: updateScale0.4617737
11-29 06:51:31.915 1491 1600 D FreeFormWindowHelper: refreshTipWindow windowDragBounds:Rect(0, -182 - 302, 356)
11-29 06:51:31.917 1491 1600 W WindowManager: updateScale0.4617737
11-29 06:51:31.930 1491 1600 D FreeFormWindowHelper: refreshTipWindow windowDragBounds:Rect(8, -262 - 310, 276)
11-29 06:51:31.932 1491 1600 W WindowManager: updateScale0.4617737
11-29 06:51:31.949 1491 1600 D FreeFormWindowHelper: refreshTipWindow windowDragBounds:Rect(12, -343 - 314, 195)
11-29 06:51:31.951 1491 1600 W WindowManager: updateScale0.4617737
11-29 06:51:31.963 1491 11109 W WindowManager: updateScale0.4617737
11-29 06:51:31.965 1491 1600 D FreeFormWindowHelper: refreshTipWindow windowDragBounds:Rect(16, -410 - 318, 128)
11-29 06:51:31.967 1491 1600 W WindowManager: updateScale0.4617737
11-29 06:51:31.981 1491 1600 D FreeFormWindowHelper: refreshTipWindow windowDragBounds:Rect(20, -447 - 322, 91)
11-29 06:51:31.982 1491 1600 W WindowManager: updateScale0.4617737
11-29 06:51:32.009 1491 1600 D WindowManager: updateWindowDragBounds: mIsSwipeYtrue
11-29 06:51:32.009 1491 1600 D WindowManager: updateWindowDragBounds: mIsTopfalse
11-29 06:51:32.009 1491 1600 D WindowManager: updateWindowDragBounds: mIsSwipeXfalse
11-29 06:51:32.011 1491 1600 W WindowManager: updateScale0.4617737
11-29 06:51:32.029 1491 11109 W WindowManager: updateScale0.4617737
11-29 06:51:32.079 18831 18831 I auditd : type=1400 audit(0.0:13886): avc: denied { kill } for comm="kworker/u16:15" capability=5 scontext=u:r:kernel:s0 tcontext=u:r:kernel:s0 tclass=capability permissive=0
11-29 06:51:32.355 1491 1693 I input_interaction: Interaction with: db005ca com.android.gallery3d/com.android.gallery3d.app.GalleryActivity (server), edge-swipe (server), swipe-up (server), PointerEventDispatcher0 (server),
11-29 06:51:32.386 18441 18441 I view_enqueue_input_event: [Motion - Cancel,com.android.gallery3d/com.android.gallery3d.app.GalleryActivity]
11-29 06:51:32.389 1491 1693 I input_interaction: Interaction with: WindowManager (server), edge-swipe (server), swipe-up (server), PointerEventDispatcher0 (server),
11-29 06:51:32.398 1491 1600 D FreeFormWindowHelper: refreshTipWindow windowDragBounds:Rect(0, 50 - 302, 588)
11-29 06:51:32.405 1491 1600 W WindowManager: updateScale0.4617737
11-29 06:51:32.414 1491 11109 W WindowManager: updateScale0.4617737
11-29 06:51:32.416 1491 1600 D FreeFormWindowHelper: refreshTipWindow windowDragBounds:Rect(10, 26 - 312, 564)
11-29 06:51:32.417 1491 1600 W WindowManager: updateScale0.4617737
11-29 06:51:32.432 1491 1600 D FreeFormWindowHelper: refreshTipWindow windowDragBounds:Rect(12, -13 - 314, 525)
11-29 06:51:32.433 1491 1600 W WindowManager: updateScale0.4617737
11-29 06:51:32.450 1491 1600 D FreeFormWindowHelper: refreshTipWindow windowDragBounds:Rect(14, -65 - 316, 473)
11-29 06:51:32.452 1491 1600 W WindowManager: updateScale0.4617737
11-29 06:51:32.464 1491 10785 W WindowManager: updateScale0.4617737
11-29 06:51:32.466 1491 1600 D FreeFormWindowHelper: refreshTipWindow windowDragBounds:Rect(18, -123 - 320, 415)
11-29 06:51:32.467 1491 1600 W WindowManager: updateScale0.4617737
11-29 06:51:32.482 1491 1600 D FreeFormWindowHelper: refreshTipWindow windowDragBounds:Rect(22, -183 - 324, 355)
11-29 06:51:32.483 1491 1600 W WindowManager: updateScale0.4617737
11-29 06:51:32.499 1491 1600 D FreeFormWindowHelper: refreshTipWindow windowDragBounds:Rect(28, -250 - 330, 288)
11-29 06:51:32.500 1491 1600 W WindowManager: updateScale0.4617737
11-29 06:51:32.515 1491 1600 D FreeFormWindowHelper: refreshTipWindow windowDragBounds:Rect(36, -319 - 338, 219)
11-29 06:51:32.516 1491 1600 W WindowManager: updateScale0.4617737
11-29 06:51:32.533 1491 1600 D FreeFormWindowHelper: refreshTipWindow windowDragBounds:Rect(49, -393 - 351, 145)
11-29 06:51:32.535 1491 1600 W WindowManager: updateScale0.4617737
11-29 06:51:32.549 1491 1600 D FreeFormWindowHelper: refreshTipWindow windowDragBounds:Rect(64, -433 - 366, 105)
11-29 06:51:32.552 1491 1600 W WindowManager: updateScale0.4617737
11-29 06:51:32.566 1491 1600 D FreeFormWindowHelper: refreshTipWindow windowDragBounds:Rect(74, -447 - 376, 91)
11-29 06:51:32.568 1491 1600 W WindowManager: updateScale0.4617737
11-29 06:51:32.581 1491 10785 W WindowManager: updateScale0.4617737
11-29 06:51:32.583 1491 1600 D WindowManager: updateWindowDragBounds: mIsSwipeYtrue
11-29 06:51:32.583 1491 1600 D WindowManager: updateWindowDragBounds: mIsTopfalse
11-29 06:51:32.583 1491 1600 D WindowManager: updateWindowDragBounds: mIsSwipeXfalse
11-29 06:51:32.585 1491 1600 W WindowManager: updateScale0.4617737
11-29 06:51:32.614 1491 11109 W WindowManager: updateScale0.4617737
11-29 06:51:32.907 1491 1693 I input_interaction: Interaction with: db005ca com.android.gallery3d/com.android.gallery3d.app.GalleryActivity (server), edge-swipe (server), swipe-up (server), PointerEventDispatcher0 (server),
11-29 06:51:32.935 18441 18441 I view_enqueue_input_event: [Motion - Cancel,com.android.gallery3d/com.android.gallery3d.app.GalleryActivity]
11-29 06:51:32.935 1491 1693 I input_interaction: Interaction with: WindowManager (server), edge-swipe (server), swipe-up (server), PointerEventDispatcher0 (server),
11-29 06:51:32.950 1491 1600 D FreeFormWindowHelper: refreshTipWindow windowDragBounds:Rect(0, 54 - 302, 592)
11-29 06:51:32.952 1491 1600 W WindowManager: updateScale0.4617737
11-29 06:51:32.966 1491 1600 D FreeFormWindowHelper: refreshTipWindow windowDragBounds:Rect(0, 24 - 302, 562)
11-29 06:51:32.968 1491 1600 W WindowManager: updateScale0.4617737
11-29 06:51:32.983 1491 1600 D FreeFormWindowHelper: refreshTipWindow windowDragBounds:Rect(0, -18 - 302, 520)
11-29 06:51:32.985 1491 1600 W WindowManager: updateScale0.4617737
11-29 06:51:32.999 1491 9480 W WindowManager: updateScale0.4617737
11-29 06:51:33.001 1491 1600 D FreeFormWindowHelper: refreshTipWindow windowDragBounds:Rect(7, -67 - 309, 471)
11-29 06:51:33.003 1491 1600 W WindowManager: updateScale0.4617737
11-29 06:51:33.015 1491 11109 W WindowManager: updateScale0.4617737
11-29 06:51:33.017 1491 1600 D FreeFormWindowHelper: refreshTipWindow windowDragBounds:Rect(12, -118 - 314, 420)
11-29 06:51:33.019 1491 1600 W WindowManager: updateScale0.4617737
11-29 06:51:33.033 1491 1600 D FreeFormWindowHelper: refreshTipWindow windowDragBounds:Rect(16, -166 - 318, 372)
11-29 06:51:33.034 1491 1600 W WindowManager: updateScale0.4617737
11-29 06:51:33.049 1491 9480 W WindowManager: updateScale0.4617737
11-29 06:51:33.051 1491 1600 D FreeFormWindowHelper: refreshTipWindow windowDragBounds:Rect(20, -219 - 322, 319)
11-29 06:51:33.054 1491 1600 W WindowManager: updateScale0.4617737
11-29 06:51:33.067 1491 1600 D FreeFormWindowHelper: refreshTipWindow windowDragBounds:Rect(29, -279 - 331, 259)
11-29 06:51:33.068 1491 1600 W WindowManager: updateScale0.4617737
11-29 06:51:33.071 1491 2756 E TaskPersister: File error accessing recents directory (directory doesn't exist?).
11-29 06:51:33.083 1491 1600 D FreeFormWindowHelper: refreshTipWindow windowDragBounds:Rect(40, -338 - 342, 200)
11-29 06:51:33.085 1491 1600 W WindowManager: updateScale0.4617737
11-29 06:51:33.100 1491 1600 D FreeFormWindowHelper: refreshTipWindow windowDragBounds:Rect(51, -383 - 353, 155)
11-29 06:51:33.101 1491 1600 W WindowManager: updateScale0.4617737
11-29 06:51:33.103 1491 9480 W WindowManager: updateScale0.4617737
11-29 06:51:33.117 1491 1600 D FreeFormWindowHelper: refreshTipWindow windowDragBounds:Rect(59, -418 - 361, 120)
11-29 06:51:33.118 1491 1600 W WindowManager: updateScale0.4617737
11-29 06:51:33.133 1491 1600 D FreeFormWindowHelper: refreshTipWindow windowDragBounds:Rect(67, -445 - 369, 93)
11-29 06:51:33.135 1491 1600 W WindowManager: updateScale0.4617737
11-29 06:51:33.150 1491 1600 D FreeFormWindowHelper: refreshTipWindow windowDragBounds:Rect(74, -466 - 376, 72)
11-29 06:51:33.152 1491 1600 W WindowManager: updateScale0.4617737
11-29 06:51:33.167 1491 1600 D FreeFormWindowHelper: refreshTipWindow windowDragBounds:Rect(83, -485 - 385, 53)
11-29 06:51:33.168 1491 1600 W WindowManager: updateScale0.4617737
11-29 06:51:33.184 1491 1600 D FreeFormWindowHelper: refreshTipWindow windowDragBounds:Rect(91, -490 - 393, 48)
11-29 06:51:33.185 1491 1600 W WindowManager: updateScale0.4617737
11-29 06:51:33.211 1491 1600 D WindowManager: updateWindowDragBounds: mIsSwipeYtrue
11-29 06:51:33.211 1491 1600 D WindowManager: updateWindowDragBounds: mIsTopfalse
11-29 06:51:33.211 1491 1600 D WindowManager: updateWindowDragBounds: mIsSwipeXfalse
11-29 06:51:33.213 1491 1600 W WindowManager: updateScale0.4617737
11-29 06:51:33.232 1491 9480 W WindowManager: updateScale0.4617737
11-29 06:51:33.442 1491 1693 I input_interaction: Interaction with: db005ca com.android.gallery3d/com.android.gallery3d.app.GalleryActivity (server), edge-swipe (server), swipe-up (server), PointerEventDispatcher0 (server),
11-29 06:51:33.521 1491 1693 I input_interaction: Interaction with: WindowManager (server), edge-swipe (server), swipe-up (server), PointerEventDispatcher0 (server),
11-29 06:51:33.521 18441 18441 I view_enqueue_input_event: [Motion - Cancel,com.android.gallery3d/com.android.gallery3d.app.GalleryActivity]
11-29 06:51:33.535 1491 1600 D FreeFormWindowHelper: refreshTipWindow windowDragBounds:Rect(15, 31 - 317, 569)
11-29 06:51:33.542 1491 1600 W WindowManager: updateScale0.4617737
11-29 06:51:33.550 1491 10783 W WindowManager: updateScale0.4617737
11-29 06:51:33.552 1491 1600 D FreeFormWindowHelper: refreshTipWindow windowDragBounds:Rect(21, -14 - 323, 524)
11-29 06:51:33.554 1491 1600 W WindowManager: updateScale0.4617737
11-29 06:51:33.567 1491 11109 W WindowManager: updateScale0.4617737
11-29 06:51:33.569 1491 1600 D FreeFormWindowHelper: refreshTipWindow windowDragBounds:Rect(28, -67 - 330, 471)
11-29 06:51:33.572 1491 1600 W WindowManager: updateScale0.4617737
11-29 06:51:33.575 1491 1600 D FreeFormWindowHelper: refreshTipWindow windowDragBounds:Rect(30, -79 - 332, 459)
11-29 06:51:33.577 1491 1600 W WindowManager: updateScale0.4617737
11-29 06:51:33.586 1491 1600 D FreeFormWindowHelper: refreshTipWindow windowDragBounds:Rect(35, -124 - 337, 414)
11-29 06:51:33.587 1491 1600 W WindowManager: updateScale0.4617737
11-29 06:51:33.602 1491 1600 D FreeFormWindowHelper: refreshTipWindow windowDragBounds:Rect(48, -189 - 350, 349)
11-29 06:51:33.604 1491 1600 W WindowManager: updateScale0.4617737
11-29 06:51:33.617 1491 10785 W WindowManager: updateScale0.4617737
11-29 06:51:33.619 1491 1600 D FreeFormWindowHelper: refreshTipWindow windowDragBounds:Rect(65, -253 - 367, 285)
11-29 06:51:33.621 1491 1600 W WindowManager: updateScale0.4617737
11-29 06:51:33.633 1491 10783 W WindowManager: updateScale0.4617737
11-29 06:51:33.635 1491 1600 D FreeFormWindowHelper: refreshTipWindow windowDragBounds:Rect(91, -325 - 393, 213)
11-29 06:51:33.637 1491 1600 W WindowManager: updateScale0.4617737
11-29 06:51:33.651 1491 1600 D FreeFormWindowHelper: refreshTipWindow windowDragBounds:Rect(113, -375 - 415, 163)
11-29 06:51:33.652 1491 1600 W WindowManager: updateScale0.4617737
11-29 06:51:33.669 1491 1600 D FreeFormWindowHelper: refreshTipWindow windowDragBounds:Rect(132, -414 - 434, 124)
11-29 06:51:33.671 1491 1600 W WindowManager: updateScale0.4617737
11-29 06:51:33.684 1491 10785 W WindowManager: updateScale0.4617737
11-29 06:51:33.686 1491 1600 D FreeFormWindowHelper: refreshTipWindow windowDragBounds:Rect(151, -443 - 453, 95)
11-29 06:51:33.687 1491 1600 W WindowManager: updateScale0.4617737
11-29 06:51:33.702 1491 1600 D FreeFormWindowHelper: refreshTipWindow windowDragBounds:Rect(166, -463 - 468, 75)
11-29 06:51:33.703 1491 1600 W WindowManager: updateScale0.4617737
11-29 06:51:33.717 1491 10785 W WindowManager: updateScale0.4617737
11-29 06:51:33.728 1491 1600 D WindowManager: updateWindowDragBounds: mIsSwipeYtrue
11-29 06:51:33.728 1491 1600 D WindowManager: updateWindowDragBounds: mIsTopfalse
11-29 06:51:33.728 1491 1600 D WindowManager: updateWindowDragBounds: mIsSwipeXfalse
11-29 06:51:33.729 1491 1600 W WindowManager: updateScale0.4617737
11-29 06:51:33.737 1491 10783 W WindowManager: updateScale0.4617737
11-29 06:51:33.760 1491 10783 W WindowManager: updateScale0.4617737
11-29 06:51:34.079 0 0 I auditd : type=1400 audit(0.0:13887): avc: denied { kill } for comm="swapper/2" capability=5 scontext=u:r:kernel:s0 tcontext=u:r:kernel:s0 tclass=capability permissive=0
11-29 06:51:34.509 1491 1693 I input_interaction: Interaction with: cd0514f com.android.launcher3/com.android.launcher3.uioverrides.QuickstepLauncher (server), bd931b3 com.android.systemui.ImageWallpaper (server), edge-swipe (server), swipe-up (server), PointerEventDispatcher0 (server),
11-29 06:51:35.450 1491 10785 I ActivityTaskManager: START u0 {flg=0x10008000 cmp=com.android.gallery3d/.app.GalleryActivity} from uid 10077
11-29 06:51:35.452 1491 10785 I wm_finish_activity: [0,181120707,142,com.android.gallery3d/.app.GalleryActivity,clear-task-all]
11-29 06:51:35.459 1491 10785 I wm_pause_activity: [0,181120707,com.android.gallery3d/.app.GalleryActivity,userLeaving=false,finish]
11-29 06:51:35.460 18441 18441 I wm_on_top_resumed_lost_called: [181120707,com.android.gallery3d.app.GalleryActivity,topStateChangedWhenResumed]
11-29 06:51:35.464 1491 10785 I wm_task_moved: [142,1,8]
11-29 06:51:35.464 1491 10785 I wm_create_activity: [0,163914014,142,com.android.gallery3d/.app.GalleryActivity,NULL,NULL,NULL,268468224]
11-29 06:51:35.478 18441 18441 I wm_on_paused_called: [181120707,com.android.gallery3d.app.GalleryActivity,performPause]
11-29 06:51:35.481 1491 10785 I wm_add_to_stopping: [0,181120707,com.android.gallery3d/.app.GalleryActivity,completeFinishing]
