11-29 06:51:35.482 1491 10785 I ActivityTaskManager: The Process com.android.gallery3d Already Exists in BG. So sending its PID: 18441
11-29 06:51:35.483 1491 10785 W ActivityTaskManager: Tried to set launchTime (0) < mLastActivityLaunchTime (13068038)
11-29 06:51:35.486 1491 10785 I wm_restart_activity: [0,163914014,142,com.android.gallery3d/.app.GalleryActivity]
11-29 06:51:35.488 1491 10785 I wm_set_resumed_activity: [0,com.android.gallery3d/.app.GalleryActivity,minimalResumeActivityLocked]
11-29 06:51:35.489 1491 1693 I input_focus: [Focus leaving db005ca com.android.gallery3d/com.android.gallery3d.app.GalleryActivity (server),reason=NO_WINDOW]
11-29 06:51:35.494 1491 1599 I sysui_multi_action: [757,803,799,window_time_2,802,5]
11-29 06:51:35.526 18441 18441 I wm_on_create_called: [163914014,com.android.gallery3d.app.GalleryActivity,performCreate]
11-29 06:51:35.528 18441 18441 I wm_on_start_called: [163914014,com.android.gallery3d.app.GalleryActivity,handleStartActivity]
11-29 06:51:35.530 18441 18441 I wm_on_resume_called: [163914014,com.android.gallery3d.app.GalleryActivity,RESUME_ACTIVITY]
11-29 06:51:35.532 18441 18441 I wm_on_top_resumed_gained_called: [163914014,com.android.gallery3d.app.GalleryActivity,topStateChangedWhenResumed]
11-29 06:51:35.539 1491 10783 W WindowManager: updateScale0.4617737
11-29 06:51:35.542 1491 1600 I input_focus: [Focus request e79c291 com.android.gallery3d/com.android.gallery3d.app.GalleryActivity,reason=UpdateInputWindows]
11-29 06:51:35.555 1491 1600 W WindowManager: updateScale0.4617737
11-29 06:51:35.563 1491 1600 W WindowManager: updateScale0.4617737
11-29 06:51:35.567 1491 1596 I wm_activity_launch_time: [0,163914014,com.android.gallery3d/.app.GalleryActivity,117]
11-29 06:51:35.567 1491 1600 W WindowManager: updateScale0.4617737
11-29 06:51:35.573 1491 1693 I input_focus: [Focus entering e79c291 com.android.gallery3d/com.android.gallery3d.app.GalleryActivity (server),reason=setFocusedWindow]
11-29 06:51:35.597 16043 16059 W ContextImpl: Calling a method in the system process without a qualified user: android.app.ContextImpl.startService:1816 android.content.ContextWrapper.startService:774 com.thundercomm.gamemode.ingame.services.GameModeActionUtils.startGameModeService:93 com.thundercomm.gamemode.ingame.services.GameModeActionUtils.startGameModeEntry:21 com.thundercomm.gamemode.ingame.services.ActivityMonitoringService$1.onActivityLaunch:127
11-29 06:51:35.601 1491 1491 I GameModeConfig: Current uri is uri = content://com.thundercomm.gamemode.api/gamemode_settings/gamemode_isgaming
11-29 06:51:35.605 1491 1491 I GameModeConfig: isGameModeOn = false
11-29 06:51:35.605 1491 1491 I GameModeConfig: isGameModeOn = false
11-29 06:51:35.605 1491 1491 I GameModeConfig: isDisableVoice = true
11-29 06:51:35.841 1491 1600 W WindowManager: updateScale0.4617737
11-29 06:51:35.844 1491 1599 I wm_destroy_activity: [0,181120707,142,com.android.gallery3d/.app.GalleryActivity,finish-imm:idle]
11-29 06:51:35.858 1491 10783 W WindowManager: updateScale0.4617737
11-29 06:51:35.861 18441 18441 I wm_on_stop_called: [181120707,com.android.gallery3d.app.GalleryActivity,LIFECYCLER_STOP_ACTIVITY]
11-29 06:51:35.863 18441 18441 I wm_on_destroy_called: [181120707,com.android.gallery3d.app.GalleryActivity,performDestroy]
11-29 06:51:35.865 1491 10783 W WindowManager: updateScale0.4617737
11-29 06:51:36.079 0 0 I auditd : type=1400 audit(0.0:13888): avc: denied { kill } for comm="swapper/2" capability=5 scontext=u:r:kernel:s0 tcontext=u:r:kernel:s0 tclass=capability permissive=0
11-29 06:51:36.410 1491 1693 I input_interaction: Interaction with: e79c291 com.android.gallery3d/com.android.gallery3d.app.GalleryActivity (server), edge-swipe (server), swipe-up (server), PointerEventDispatcher0 (server),
11-29 06:51:36.458 1491 1693 I input_interaction: Interaction with: WindowManager (server), edge-swipe (server), swipe-up (server), PointerEventDispatcher0 (server),
11-29 06:51:36.459 18441 18441 I view_enqueue_input_event: [Motion - Cancel,com.android.gallery3d/com.android.gallery3d.app.GalleryActivity]
11-29 06:51:36.472 1491 1600 D FreeFormWindowHelper: refreshTipWindow windowDragBounds:Rect(-9, 44 - 293, 582)
11-29 06:51:36.475 1491 1600 W WindowManager: updateScale0.4617737
11-29 06:51:36.491 1491 10783 W WindowManager: updateScale0.4617737
11-29 06:51:36.493 1491 1600 D FreeFormWindowHelper: refreshTipWindow windowDragBounds:Rect(-9, 10 - 293, 548)
11-29 06:51:36.496 1491 1600 W WindowManager: updateScale0.4617737
11-29 06:51:36.513 1491 1600 D FreeFormWindowHelper: refreshTipWindow windowDragBounds:Rect(-6, -31 - 296, 507)
11-29 06:51:36.517 1491 1600 W WindowManager: updateScale0.4617737
11-29 06:51:36.527 1491 1600 D FreeFormWindowHelper: refreshTipWindow windowDragBounds:Rect(7, -85 - 309, 453)
11-29 06:51:36.528 1491 1600 W WindowManager: updateScale0.4617737
11-29 06:51:36.542 1491 11109 W WindowManager: updateScale0.4617737
11-29 06:51:36.543 1491 1600 D FreeFormWindowHelper: refreshTipWindow windowDragBounds:Rect(18, -137 - 320, 401)
11-29 06:51:36.545 1491 1600 W WindowManager: updateScale0.4617737
11-29 06:51:36.558 1491 1600 D FreeFormWindowHelper: refreshTipWindow windowDragBounds:Rect(31, -192 - 333, 346)
11-29 06:51:36.559 1491 1600 W WindowManager: updateScale0.4617737
11-29 06:51:36.575 1491 1600 D FreeFormWindowHelper: refreshTipWindow windowDragBounds:Rect(42, -241 - 344, 297)
11-29 06:51:36.576 1491 1600 W WindowManager: updateScale0.4617737
11-29 06:51:36.593 1491 1600 D FreeFormWindowHelper: refreshTipWindow windowDragBounds:Rect(51, -293 - 353, 245)
11-29 06:51:36.594 1491 1600 W WindowManager: updateScale0.4617737
11-29 06:51:36.607 1491 11109 W WindowManager: updateScale0.4617737
11-29 06:51:36.610 1491 1600 D FreeFormWindowHelper: refreshTipWindow windowDragBounds:Rect(59, -337 - 361, 201)
11-29 06:51:36.611 1491 1600 W WindowManager: updateScale0.4617737
11-29 06:51:36.625 1491 1600 D FreeFormWindowHelper: refreshTipWindow windowDragBounds:Rect(68, -381 - 370, 157)
11-29 06:51:36.626 1491 1600 W WindowManager: updateScale0.4617737
11-29 06:51:36.640 1491 11109 W WindowManager: updateScale0.4617737
11-29 06:51:36.642 1491 1600 D FreeFormWindowHelper: refreshTipWindow windowDragBounds:Rect(77, -423 - 379, 115)
11-29 06:51:36.644 1491 1600 W WindowManager: updateScale0.4617737
11-29 06:51:36.659 1491 1600 D FreeFormWindowHelper: refreshTipWindow windowDragBounds:Rect(84, -460 - 386, 78)
11-29 06:51:36.661 1491 1600 W WindowManager: updateScale0.4617737
11-29 06:51:36.686 1491 1600 D WindowManager: updateWindowDragBounds: mIsSwipeYtrue
11-29 06:51:36.686 1491 1600 D WindowManager: updateWindowDragBounds: mIsTopfalse
11-29 06:51:36.686 1491 1600 D WindowManager: updateWindowDragBounds: mIsSwipeXfalse
11-29 06:51:36.687 1491 1600 W WindowManager: updateScale0.4617737
11-29 06:51:36.708 1491 10783 W WindowManager: updateScale0.4617737
11-29 06:51:37.079 0 0 I auditd : type=1400 audit(0.0:13889): avc: denied { kill } for comm="swapper/2" capability=5 scontext=u:r:kernel:s0 tcontext=u:r:kernel:s0 tclass=capability permissive=0
11-29 06:51:37.092 1491 1693 I input_interaction: Interaction with: e79c291 com.android.gallery3d/com.android.gallery3d.app.GalleryActivity (server), edge-swipe (server), swipe-up (server), PointerEventDispatcher0 (server),
11-29 06:51:37.112 18441 18441 I view_enqueue_input_event: [Motion - Cancel,com.android.gallery3d/com.android.gallery3d.app.GalleryActivity]
11-29 06:51:37.113 1491 1693 I input_interaction: Interaction with: WindowManager (server), edge-swipe (server), swipe-up (server), PointerEventDispatcher0 (server),
11-29 06:51:37.127 1491 1600 D FreeFormWindowHelper: refreshTipWindow windowDragBounds:Rect(0, 49 - 302, 587)
11-29 06:51:37.128 1491 1600 W WindowManager: updateScale0.4617737
11-29 06:51:37.143 1491 1600 D FreeFormWindowHelper: refreshTipWindow windowDragBounds:Rect(0, 7 - 302, 545)
11-29 06:51:37.145 1491 1600 W WindowManager: updateScale0.4617737
11-29 06:51:37.160 1491 1600 D FreeFormWindowHelper: refreshTipWindow windowDragBounds:Rect(0, -44 - 302, 494)
11-29 06:51:37.161 1491 1600 W WindowManager: updateScale0.4617737
11-29 06:51:37.175 1491 10783 W WindowManager: updateScale0.4617737
11-29 06:51:37.177 1491 1600 D FreeFormWindowHelper: refreshTipWindow windowDragBounds:Rect(0, -100 - 302, 438)
11-29 06:51:37.179 1491 1600 W WindowManager: updateScale0.4617737
11-29 06:51:37.192 1491 10783 W WindowManager: updateScale0.4617737
11-29 06:51:37.194 1491 1600 D FreeFormWindowHelper: refreshTipWindow windowDragBounds:Rect(0, -160 - 302, 378)
11-29 06:51:37.196 1491 1600 W WindowManager: updateScale0.4617737
11-29 06:51:37.210 1491 1600 D FreeFormWindowHelper: refreshTipWindow windowDragBounds:Rect(9, -227 - 311, 311)
11-29 06:51:37.211 1491 1600 W WindowManager: updateScale0.4617737
11-29 06:51:37.225 1491 10783 W WindowManager: updateScale0.4617737
11-29 06:51:37.227 1491 1600 D FreeFormWindowHelper: refreshTipWindow windowDragBounds:Rect(15, -286 - 317, 252)
11-29 06:51:37.229 1491 1600 W WindowManager: updateScale0.4617737
11-29 06:51:37.243 1491 1600 D FreeFormWindowHelper: refreshTipWindow windowDragBounds:Rect(22, -341 - 324, 197)
11-29 06:51:37.244 1491 1600 W WindowManager: updateScale0.4617737
11-29 06:51:37.260 1491 1600 D FreeFormWindowHelper: refreshTipWindow windowDragBounds:Rect(27, -390 - 329, 148)
11-29 06:51:37.261 1491 1600 W WindowManager: updateScale0.4617737
11-29 06:51:37.277 1491 1600 D FreeFormWindowHelper: refreshTipWindow windowDragBounds:Rect(32, -443 - 334, 95)
11-29 06:51:37.278 1491 1600 W WindowManager: updateScale0.4617737
11-29 06:51:37.293 1491 1600 D FreeFormWindowHelper: refreshTipWindow windowDragBounds:Rect(38, -477 - 340, 61)
11-29 06:51:37.295 1491 1600 W WindowManager: updateScale0.4617737
11-29 06:51:37.319 1491 1600 D WindowManager: updateWindowDragBounds: mIsSwipeYtrue
11-29 06:51:37.320 1491 1600 D WindowManager: updateWindowDragBounds: mIsTopfalse
11-29 06:51:37.320 1491 1600 D WindowManager: updateWindowDragBounds: mIsSwipeXfalse
11-29 06:51:37.321 1491 1600 W WindowManager: updateScale0.4617737
11-29 06:51:37.342 1491 9480 W WindowManager: updateScale0.4617737
11-29 06:51:37.651 1491 1693 I input_interaction: Interaction with: e79c291 com.android.gallery3d/com.android.gallery3d.app.GalleryActivity (server), edge-swipe (server), swipe-up (server), PointerEventDispatcher0 (server),
11-29 06:51:37.682 18441 18441 I view_enqueue_input_event: [Motion - Cancel,com.android.gallery3d/com.android.gallery3d.app.GalleryActivity]
11-29 06:51:37.686 1491 1693 I input_interaction: Interaction with: WindowManager (server), edge-swipe (server), swipe-up (server), PointerEventDispatcher0 (server),
11-29 06:51:37.695 1491 1600 D FreeFormWindowHelper: refreshTipWindow windowDragBounds:Rect(0, 48 - 302, 586)
11-29 06:51:37.696 1491 1600 W WindowManager: updateScale0.4617737
11-29 06:51:37.711 1491 1600 D FreeFormWindowHelper: refreshTipWindow windowDragBounds:Rect(0, 8 - 302, 546)
11-29 06:51:37.713 1491 1600 W WindowManager: updateScale0.4617737
11-29 06:51:37.728 1491 1600 D FreeFormWindowHelper: refreshTipWindow windowDragBounds:Rect(0, -50 - 302, 488)
11-29 06:51:37.730 1491 1600 W WindowManager: updateScale0.4617737
11-29 06:51:37.743 1491 9480 W WindowManager: updateScale0.4617737
11-29 06:51:37.745 1491 1600 D FreeFormWindowHelper: refreshTipWindow windowDragBounds:Rect(0, -115 - 302, 423)
11-29 06:51:37.747 1491 1600 W WindowManager: updateScale0.4617737
11-29 06:51:37.760 1491 9480 W WindowManager: updateScale0.4617737
11-29 06:51:37.762 1491 1600 D FreeFormWindowHelper: refreshTipWindow windowDragBounds:Rect(0, -181 - 302, 357)
11-29 06:51:37.764 1491 1600 W WindowManager: updateScale0.4617737
11-29 06:51:37.779 1491 1600 D FreeFormWindowHelper: refreshTipWindow windowDragBounds:Rect(0, -235 - 302, 303)
11-29 06:51:37.781 1491 1600 W WindowManager: updateScale0.4617737
11-29 06:51:37.794 1491 1600 D FreeFormWindowHelper: refreshTipWindow windowDragBounds:Rect(9, -290 - 311, 248)
11-29 06:51:37.796 1491 1600 W WindowManager: updateScale0.4617737
11-29 06:51:37.811 1491 1600 D FreeFormWindowHelper: refreshTipWindow windowDragBounds:Rect(14, -344 - 316, 194)
11-29 06:51:37.813 1491 1600 W WindowManager: updateScale0.4617737
11-29 06:51:37.828 1491 1600 D FreeFormWindowHelper: refreshTipWindow windowDragBounds:Rect(20, -397 - 322, 141)
11-29 06:51:37.829 1491 1600 W WindowManager: updateScale0.4617737
11-29 06:51:37.845 1491 1600 D FreeFormWindowHelper: refreshTipWindow windowDragBounds:Rect(26, -442 - 328, 96)
11-29 06:51:37.846 1491 1600 W WindowManager: updateScale0.4617737
11-29 06:51:37.862 1491 1600 D FreeFormWindowHelper: refreshTipWindow windowDragBounds:Rect(32, -464 - 334, 74)
11-29 06:51:37.863 1491 1600 W WindowManager: updateScale0.4617737
11-29 06:51:37.885 1491 1600 D WindowManager: updateWindowDragBounds: mIsSwipeYtrue
11-29 06:51:37.885 1491 1600 D WindowManager: updateWindowDragBounds: mIsTopfalse
11-29 06:51:37.885 1491 1600 D WindowManager: updateWindowDragBounds: mIsSwipeXfalse
11-29 06:51:37.886 1491 1600 W WindowManager: updateScale0.4617737
11-29 06:51:37.898 1491 9480 W WindowManager: updateScale0.4617737
11-29 06:51:38.079 0 0 I auditd : type=1400 audit(0.0:13890): avc: denied { kill } for comm="swapper/2" capability=5 scontext=u:r:kernel:s0 tcontext=u:r:kernel:s0 tclass=capability permissive=0
11-29 06:51:38.278 1491 1693 I input_interaction: Interaction with: e79c291 com.android.gallery3d/com.android.gallery3d.app.GalleryActivity (server), edge-swipe (server), swipe-up (server), PointerEventDispatcher0 (server),
11-29 06:51:38.301 18441 18441 I view_enqueue_input_event: [Motion - Cancel,com.android.gallery3d/com.android.gallery3d.app.GalleryActivity]
11-29 06:51:38.305 1491 1693 I input_interaction: Interaction with: WindowManager (server), edge-swipe (server), swipe-up (server), PointerEventDispatcher0 (server),
11-29 06:51:38.313 1491 1600 D FreeFormWindowHelper: refreshTipWindow windowDragBounds:Rect(0, 43 - 302, 581)
11-29 06:51:38.315 1491 1600 W WindowManager: updateScale0.4617737
11-29 06:51:38.329 1491 1600 D FreeFormWindowHelper: refreshTipWindow windowDragBounds:Rect(0, 5 - 302, 543)
11-29 06:51:38.331 1491 1600 W WindowManager: updateScale0.4617737
11-29 06:51:38.346 1491 1600 D FreeFormWindowHelper: refreshTipWindow windowDragBounds:Rect(0, -39 - 302, 499)
11-29 06:51:38.348 1491 1600 W WindowManager: updateScale0.4617737
11-29 06:51:38.362 1491 9480 W WindowManager: updateScale0.4617737
11-29 06:51:38.364 1491 1600 D FreeFormWindowHelper: refreshTipWindow windowDragBounds:Rect(5, -98 - 307, 440)
11-29 06:51:38.365 1491 1600 W WindowManager: updateScale0.4617737
11-29 06:51:38.379 1491 1600 D FreeFormWindowHelper: refreshTipWindow windowDragBounds:Rect(11, -162 - 313, 376)
11-29 06:51:38.380 1491 1600 W WindowManager: updateScale0.4617737
11-29 06:51:38.396 1491 1600 D FreeFormWindowHelper: refreshTipWindow windowDragBounds:Rect(15, -224 - 317, 314)
11-29 06:51:38.397 1491 1600 W WindowManager: updateScale0.4617737
11-29 06:51:38.415 1491 1600 D FreeFormWindowHelper: refreshTipWindow windowDragBounds:Rect(17, -279 - 319, 259)
11-29 06:51:38.417 1491 1600 W WindowManager: updateScale0.4617737
11-29 06:51:38.429 1491 1600 D FreeFormWindowHelper: refreshTipWindow windowDragBounds:Rect(22, -335 - 324, 203)
11-29 06:51:38.430 1491 1600 W WindowManager: updateScale0.4617737
11-29 06:51:38.446 1491 1600 D FreeFormWindowHelper: refreshTipWindow windowDragBounds:Rect(28, -390 - 330, 148)
11-29 06:51:38.447 1491 1600 W WindowManager: updateScale0.4617737
11-29 06:51:38.463 1491 1600 D FreeFormWindowHelper: refreshTipWindow windowDragBounds:Rect(36, -442 - 338, 96)
11-29 06:51:38.464 1491 1600 W WindowManager: updateScale0.4617737
11-29 06:51:38.491 1491 1600 D WindowManager: updateWindowDragBounds: mIsSwipeYtrue
11-29 06:51:38.491 1491 1600 D WindowManager: updateWindowDragBounds: mIsTopfalse
11-29 06:51:38.491 1491 1600 D WindowManager: updateWindowDragBounds: mIsSwipeXfalse
11-29 06:51:38.492 1491 1600 W WindowManager: updateScale0.4617737
11-29 06:51:38.511 1491 9480 W WindowManager: updateScale0.4617737
11-29 06:51:38.789 1491 1693 I input_interaction: Interaction with: e79c291 com.android.gallery3d/com.android.gallery3d.app.GalleryActivity (server), edge-swipe (server), swipe-up (server), PointerEventDispatcher0 (server),
11-29 06:51:38.867 18441 18441 I view_enqueue_input_event: [Motion - Cancel,com.android.gallery3d/com.android.gallery3d.app.GalleryActivity]
11-29 06:51:38.872 1491 1693 I input_interaction: Interaction with: WindowManager (server), edge-swipe (server), swipe-up (server), PointerEventDispatcher0 (server),
11-29 06:51:38.881 1491 1600 D FreeFormWindowHelper: refreshTipWindow windowDragBounds:Rect(0, 49 - 302, 587)
11-29 06:51:38.882 1491 1600 W WindowManager: updateScale0.4617737
11-29 06:51:38.896 1491 10783 W WindowManager: updateScale0.4617737
11-29 06:51:38.899 1491 1600 D FreeFormWindowHelper: refreshTipWindow windowDragBounds:Rect(0, 15 - 302, 553)
11-29 06:51:38.901 1491 1600 W WindowManager: updateScale0.4617737
11-29 06:51:38.914 1491 1600 D FreeFormWindowHelper: refreshTipWindow windowDragBounds:Rect(0, -40 - 302, 498)
11-29 06:51:38.915 1491 1600 W WindowManager: updateScale0.4617737
11-29 06:51:38.930 1491 10783 W WindowManager: updateScale0.4617737
11-29 06:51:38.932 1491 1600 D FreeFormWindowHelper: refreshTipWindow windowDragBounds:Rect(11, -96 - 313, 442)
11-29 06:51:38.934 1491 1600 W WindowManager: updateScale0.4617737
11-29 06:51:38.947 1491 10783 W WindowManager: updateScale0.4617737
11-29 06:51:38.949 1491 1600 D FreeFormWindowHelper: refreshTipWindow windowDragBounds:Rect(18, -159 - 320, 379)
11-29 06:51:38.951 1491 1600 W WindowManager: updateScale0.4617737
11-29 06:51:38.964 1491 1600 D FreeFormWindowHelper: refreshTipWindow windowDragBounds:Rect(26, -221 - 328, 317)
11-29 06:51:38.965 1491 1600 W WindowManager: updateScale0.4617737
11-29 06:51:38.981 1491 1600 D FreeFormWindowHelper: refreshTipWindow windowDragBounds:Rect(37, -292 - 339, 246)
11-29 06:51:38.982 1491 1600 W WindowManager: updateScale0.4617737
11-29 06:51:38.987 1491 2756 E TaskPersister: File error accessing recents directory (directory doesn't exist?).
11-29 06:51:38.996 1491 11109 W WindowManager: updateScale0.4617737
11-29 06:51:38.999 1491 1600 D FreeFormWindowHelper: refreshTipWindow windowDragBounds:Rect(48, -358 - 350, 180)
11-29 06:51:39.001 1491 1600 W WindowManager: updateScale0.4617737
11-29 06:51:39.014 1491 1600 D FreeFormWindowHelper: refreshTipWindow windowDragBounds:Rect(61, -420 - 363, 118)
11-29 06:51:39.016 1491 1600 W WindowManager: updateScale0.4617737
11-29 06:51:39.032 1491 1600 D FreeFormWindowHelper: refreshTipWindow windowDragBounds:Rect(75, -480 - 377, 58)
11-29 06:51:39.034 1491 1600 W WindowManager: updateScale0.4617737
11-29 06:51:39.047 1491 11109 W WindowManager: updateScale0.4617737
11-29 06:51:39.048 1491 1600 D FreeFormWindowHelper: refreshTipWindow windowDragBounds:Rect(84, -490 - 386, 48)
11-29 06:51:39.050 1491 1600 W WindowManager: updateScale0.4617737
11-29 06:51:39.065 1491 1600 D WindowManager: updateWindowDragBounds: mIsSwipeYtrue
11-29 06:51:39.065 1491 1600 D WindowManager: updateWindowDragBounds: mIsTopfalse
11-29 06:51:39.065 1491 1600 D WindowManager: updateWindowDragBounds: mIsSwipeXfalse
11-29 06:51:39.067 1491 1600 W WindowManager: updateScale0.4617737
11-29 06:51:39.079 111 111 I auditd : type=1400 audit(0.0:13891): avc: denied { kill } for comm="system" capability=5 scontext=u:r:kernel:s0 tcontext=u:r:kernel:s0 tclass=capability permissive=0
11-29 06:51:39.096 1491 11109 W WindowManager: updateScale0.4617737
11-29 06:51:39.384 1491 1693 I input_interaction: Interaction with: e79c291 com.android.gallery3d/com.android.gallery3d.app.GalleryActivity (server), edge-swipe (server), swipe-up (server), PointerEventDispatcher0 (server),
11-29 06:51:39.435 18441 18441 I view_enqueue_input_event: [Motion - Cancel,com.android.gallery3d/com.android.gallery3d.app.GalleryActivity]
11-29 06:51:39.439 1491 1693 I input_interaction: Interaction with: WindowManager (server), edge-swipe (server), swipe-up (server), PointerEventDispatcher0 (server),
11-29 06:51:39.449 1491 1600 D FreeFormWindowHelper: refreshTipWindow windowDragBounds:Rect(0, 46 - 302, 584)
11-29 06:51:39.451 1491 1600 W WindowManager: updateScale0.4617737
11-29 06:51:39.464 1491 11109 W WindowManager: updateScale0.4617737
11-29 06:51:39.467 1491 1600 D FreeFormWindowHelper: refreshTipWindow windowDragBounds:Rect(0, 7 - 302, 545)
11-29 06:51:39.468 1491 1600 W WindowManager: updateScale0.4617737
11-29 06:51:39.482 1491 1600 D FreeFormWindowHelper: refreshTipWindow windowDragBounds:Rect(0, -41 - 302, 497)
11-29 06:51:39.484 1491 1600 W WindowManager: updateScale0.4617737
11-29 06:51:39.499 1491 1600 D FreeFormWindowHelper: refreshTipWindow windowDragBounds:Rect(12, -99 - 314, 439)
11-29 06:51:39.500 1491 1600 W WindowManager: updateScale0.4617737
11-29 06:51:39.514 1491 9480 W WindowManager: updateScale0.4617737
11-29 06:51:39.516 1491 1600 D FreeFormWindowHelper: refreshTipWindow windowDragBounds:Rect(18, -156 - 320, 382)
11-29 06:51:39.518 1491 1600 W WindowManager: updateScale0.4617737
11-29 06:51:39.531 1491 9480 W WindowManager: updateScale0.4617737
11-29 06:51:39.533 1491 1600 D FreeFormWindowHelper: refreshTipWindow windowDragBounds:Rect(26, -212 - 328, 326)
11-29 06:51:39.535 1491 1600 W WindowManager: updateScale0.4617737
11-29 06:51:39.549 1491 1600 D FreeFormWindowHelper: refreshTipWindow windowDragBounds:Rect(35, -270 - 337, 268)
11-29 06:51:39.550 1491 1600 W WindowManager: updateScale0.4617737
11-29 06:51:39.566 1491 1600 D FreeFormWindowHelper: refreshTipWindow windowDragBounds:Rect(43, -312 - 345, 226)
11-29 06:51:39.568 1491 1600 W WindowManager: updateScale0.4617737
11-29 06:51:39.582 1491 1600 D FreeFormWindowHelper: refreshTipWindow windowDragBounds:Rect(49, -350 - 351, 188)
11-29 06:51:39.585 1491 1600 W WindowManager: updateScale0.4617737
11-29 06:51:39.599 1491 1600 D FreeFormWindowHelper: refreshTipWindow windowDragBounds:Rect(58, -396 - 360, 142)
11-29 06:51:39.600 1491 1600 W WindowManager: updateScale0.4617737
11-29 06:51:39.616 1491 1600 D FreeFormWindowHelper: refreshTipWindow windowDragBounds:Rect(66, -433 - 368, 105)
11-29 06:51:39.616 1491 1600 W WindowManager: updateScale0.4617737
11-29 06:51:39.618 1491 9480 W WindowManager: updateScale0.4617737
11-29 06:51:39.632 1491 1600 D FreeFormWindowHelper: refreshTipWindow windowDragBounds:Rect(75, -452 - 377, 86)
11-29 06:51:39.634 1491 1600 W WindowManager: updateScale0.4617737
11-29 06:51:39.648 1491 9480 W WindowManager: updateScale0.4617737
11-29 06:51:39.659 1491 1600 D WindowManager: updateWindowDragBounds: mIsSwipeYtrue
11-29 06:51:39.659 1491 1600 D WindowManager: updateWindowDragBounds: mIsTopfalse
11-29 06:51:39.659 1491 1600 D WindowManager: updateWindowDragBounds: mIsSwipeXfalse
11-29 06:51:39.661 1491 1600 W WindowManager: updateScale0.4617737
11-29 06:51:39.681 1491 11109 W WindowManager: updateScale0.4617737
11-29 06:51:39.937 1491 1693 I input_interaction: Interaction with: e79c291 com.android.gallery3d/com.android.gallery3d.app.GalleryActivity (server), edge-swipe (server), swipe-up (server), PointerEventDispatcher0 (server),
11-29 06:51:39.970 18441 18441 I view_enqueue_input_event: [Motion - Cancel,com.android.gallery3d/com.android.gallery3d.app.GalleryActivity]
11-29 06:51:39.970 1491 1693 I input_interaction: Interaction with: WindowManager (server), edge-swipe (server), swipe-up (server), PointerEventDispatcher0 (server),
11-29 06:51:39.983 1491 1600 D FreeFormWindowHelper: refreshTipWindow windowDragBounds:Rect(0, 48 - 302, 586)
11-29 06:51:39.985 1491 1600 W WindowManager: updateScale0.4617737
11-29 06:51:39.999 1491 11109 W WindowManager: updateScale0.4617737
11-29 06:51:40.001 1491 1600 D FreeFormWindowHelper: refreshTipWindow windowDragBounds:Rect(2, 15 - 304, 553)
11-29 06:51:40.005 1491 1600 W WindowManager: updateScale0.4617737
11-29 06:51:40.017 1491 1600 D FreeFormWindowHelper: refreshTipWindow windowDragBounds:Rect(13, -27 - 315, 511)
11-29 06:51:40.018 1491 1600 W WindowManager: updateScale0.4617737
11-29 06:51:40.032 1491 11109 W WindowManager: updateScale0.4617737
11-29 06:51:40.036 1491 1600 D FreeFormWindowHelper: refreshTipWindow windowDragBounds:Rect(24, -77 - 326, 461)
11-29 06:51:40.037 1491 1600 W WindowManager: updateScale0.4617737
11-29 06:51:40.049 1491 10785 W WindowManager: updateScale0.4617737
11-29 06:51:40.051 1491 1600 D FreeFormWindowHelper: refreshTipWindow windowDragBounds:Rect(36, -126 - 338, 412)
11-29 06:51:40.053 1491 1600 W WindowManager: updateScale0.4617737
11-29 06:51:40.067 1491 1600 D FreeFormWindowHelper: refreshTipWindow windowDragBounds:Rect(52, -183 - 354, 355)
11-29 06:51:40.068 1491 1600 W WindowManager: updateScale0.4617737
11-29 06:51:40.085 1491 1600 D FreeFormWindowHelper: refreshTipWindow windowDragBounds:Rect(69, -233 - 371, 305)
11-29 06:51:40.086 1491 1600 W WindowManager: updateScale0.4617737
11-29 06:51:40.102 1491 1600 D FreeFormWindowHelper: refreshTipWindow windowDragBounds:Rect(88, -285 - 390, 253)
11-29 06:51:40.103 1491 1600 W WindowManager: updateScale0.4617737
11-29 06:51:40.118 1491 1600 D FreeFormWindowHelper: refreshTipWindow windowDragBounds:Rect(109, -331 - 411, 207)
11-29 06:51:40.119 1491 1600 W WindowManager: updateScale0.4617737
11-29 06:51:40.135 1491 1600 D FreeFormWindowHelper: refreshTipWindow windowDragBounds:Rect(123, -361 - 425, 177)
11-29 06:51:40.136 1491 1600 W WindowManager: updateScale0.4617737
11-29 06:51:40.151 1491 1600 D FreeFormWindowHelper: refreshTipWindow windowDragBounds:Rect(138, -389 - 440, 149)
11-29 06:51:40.152 1491 1600 W WindowManager: updateScale0.4617737
11-29 06:51:40.168 1491 1600 D FreeFormWindowHelper: refreshTipWindow windowDragBounds:Rect(152, -413 - 454, 125)
11-29 06:51:40.169 1491 1600 W WindowManager: updateScale0.4617737
11-29 06:51:40.185 1491 1600 D FreeFormWindowHelper: refreshTipWindow windowDragBounds:Rect(168, -434 - 470, 104)
11-29 06:51:40.186 1491 1600 W WindowManager: updateScale0.4617737
11-29 06:51:40.201 1491 1600 D FreeFormWindowHelper: refreshTipWindow windowDragBounds:Rect(179, -449 - 481, 89)
11-29 06:51:40.203 1491 1600 W WindowManager: updateScale0.4617737
11-29 06:51:40.226 1491 1600 D WindowManager: updateWindowDragBounds: mIsSwipeYtrue
11-29 06:51:40.226 1491 1600 D WindowManager: updateWindowDragBounds: mIsTopfalse
11-29 06:51:40.226 1491 1600 D WindowManager: updateWindowDragBounds: mIsSwipeXfalse
11-29 06:51:40.227 1491 1600 W WindowManager: updateScale0.4617737
11-29 06:51:40.249 1491 11109 W WindowManager: updateScale0.4617737
11-29 06:51:40.484 1491 1693 I input_interaction: Interaction with: e79c291 com.android.gallery3d/com.android.gallery3d.app.GalleryActivity (server), edge-swipe (server), swipe-up (server), PointerEventDispatcher0 (server),
11-29 06:51:40.505 18441 18441 I view_enqueue_input_event: [Motion - Cancel,com.android.gallery3d/com.android.gallery3d.app.GalleryActivity]
11-29 06:51:40.506 1491 1693 I input_interaction: Interaction with: WindowManager (server), edge-swipe (server), swipe-up (server), PointerEventDispatcher0 (server),
11-29 06:51:40.518 1491 1600 D FreeFormWindowHelper: refreshTipWindow windowDragBounds:Rect(0, 49 - 302, 587)
11-29 06:51:40.521 1491 1600 W WindowManager: updateScale0.4617737
11-29 06:51:40.533 1491 10785 W WindowManager: updateScale0.4617737
11-29 06:51:40.535 1491 1600 D FreeFormWindowHelper: refreshTipWindow windowDragBounds:Rect(0, 18 - 302, 556)
11-29 06:51:40.537 1491 1600 W WindowManager: updateScale0.4617737
11-29 06:51:40.550 1491 10785 W WindowManager: updateScale0.4617737
11-29 06:51:40.552 1491 1600 D FreeFormWindowHelper: refreshTipWindow windowDragBounds:Rect(0, -28 - 302, 510)
11-29 06:51:40.554 1491 1600 W WindowManager: updateScale0.4617737
11-29 06:51:40.568 1491 1600 D FreeFormWindowHelper: refreshTipWindow windowDragBounds:Rect(0, -73 - 302, 465)
11-29 06:51:40.569 1491 1600 W WindowManager: updateScale0.4617737
11-29 06:51:40.584 1491 10785 W WindowManager: updateScale0.4617737
11-29 06:51:40.586 1491 1600 D FreeFormWindowHelper: refreshTipWindow windowDragBounds:Rect(8, -118 - 310, 420)
11-29 06:51:40.587 1491 1600 W WindowManager: updateScale0.4617737
11-29 06:51:40.589 1491 1491 I service_manager_stats: [100,83,53178]
11-29 06:51:40.602 1491 1600 D FreeFormWindowHelper: refreshTipWindow windowDragBounds:Rect(11, -162 - 313, 376)
11-29 06:51:40.603 1491 1600 W WindowManager: updateScale0.4617737
11-29 06:51:40.617 1491 10785 W WindowManager: updateScale0.4617737
11-29 06:51:40.618 1491 1600 D FreeFormWindowHelper: refreshTipWindow windowDragBounds:Rect(16, -213 - 318, 325)
11-29 06:51:40.620 1491 1600 W WindowManager: updateScale0.4617737
11-29 06:51:40.635 1491 1600 D FreeFormWindowHelper: refreshTipWindow windowDragBounds:Rect(20, -263 - 322, 275)
11-29 06:51:40.636 1491 1600 W WindowManager: updateScale0.4617737
11-29 06:51:40.653 1491 1600 D FreeFormWindowHelper: refreshTipWindow windowDragBounds:Rect(24, -308 - 326, 230)
11-29 06:51:40.655 1491 1600 W WindowManager: updateScale0.4617737
11-29 06:51:40.667 1491 10785 W WindowManager: updateScale0.4617737
11-29 06:51:40.669 1491 1600 D FreeFormWindowHelper: refreshTipWindow windowDragBounds:Rect(27, -343 - 329, 195)
11-29 06:51:40.671 1491 1600 W WindowManager: updateScale0.4617737
11-29 06:51:40.685 1491 1600 D FreeFormWindowHelper: refreshTipWindow windowDragBounds:Rect(31, -375 - 333, 163)
11-29 06:51:40.686 1491 1600 W WindowManager: updateScale0.4617737
11-29 06:51:40.702 1491 1600 D FreeFormWindowHelper: refreshTipWindow windowDragBounds:Rect(36, -406 - 338, 132)
11-29 06:51:40.704 1491 1600 W WindowManager: updateScale0.4617737
11-29 06:51:40.719 1491 1600 D FreeFormWindowHelper: refreshTipWindow windowDragBounds:Rect(43, -443 - 345, 95)
11-29 06:51:40.721 1491 1600 W WindowManager: updateScale0.4617737
11-29 06:51:40.736 1491 1600 D FreeFormWindowHelper: refreshTipWindow windowDragBounds:Rect(53, -477 - 355, 61)
11-29 06:51:40.738 1491 1600 W WindowManager: updateScale0.4617737
11-29 06:51:40.752 1491 1600 D FreeFormWindowHelper: refreshTipWindow windowDragBounds:Rect(63, -490 - 365, 48)
11-29 06:51:40.754 1491 1600 W WindowManager: updateScale0.4617737
11-29 06:51:40.768 1491 1600 D FreeFormWindowHelper: refreshTipWindow windowDragBounds:Rect(69, -490 - 371, 48)
11-29 06:51:40.772 1491 1600 W WindowManager: updateScale0.4617737
11-29 06:51:40.785 1491 1600 D FreeFormWindowHelper: refreshTipWindow windowDragBounds:Rect(73, -490 - 375, 48)
11-29 06:51:40.787 1491 1600 W WindowManager: updateScale0.4617737
11-29 06:51:40.802 1491 1600 D FreeFormWindowHelper: refreshTipWindow windowDragBounds:Rect(74, -490 - 376, 48)
11-29 06:51:40.804 1491 1600 W WindowManager: updateScale0.4617737
11-29 06:51:40.815 1491 1600 D WindowManager: updateWindowDragBounds: mIsSwipeYfalse
11-29 06:51:40.817 1491 1600 D WindowManager: updateWindowDragBounds: mIsTopfalse
11-29 06:51:40.818 1491 1600 D WindowManager: updateWindowDragBounds: mIsSwipeXfalse
11-29 06:51:40.819 1491 1600 W WindowManager: updateScale0.4617737
11-29 06:51:40.842 1491 10785 W WindowManager: updateScale0.4617737
11-29 06:51:40.998 1491 1693 I input_interaction: Interaction with: e79c291 com.android.gallery3d/com.android.gallery3d.app.GalleryActivity (server), edge-swipe (server), swipe-up (server), PointerEventDispatcher0 (server),
11-29 06:51:41.038 18441 18441 I view_enqueue_input_event: [Motion - Cancel,com.android.gallery3d/com.android.gallery3d.app.GalleryActivity]
11-29 06:51:41.039 1491 1693 I input_interaction: Interaction with: WindowManager (server), edge-swipe (server), swipe-up (server), PointerEventDispatcher0 (server),
11-29 06:51:41.053 1491 1600 D FreeFormWindowHelper: refreshTipWindow windowDragBounds:Rect(0, 53 - 302, 591)
11-29 06:51:41.058 1491 1600 W WindowManager: updateScale0.4617737
11-29 06:51:41.068 1491 11109 W WindowManager: updateScale0.4617737
11-29 06:51:41.070 1491 1600 D FreeFormWindowHelper: refreshTipWindow windowDragBounds:Rect(0, 21 - 302, 559)
11-29 06:51:41.071 1491 1600 W WindowManager: updateScale0.4617737
11-29 06:51:41.085 1491 10785 W WindowManager: updateScale0.4617737
11-29 06:51:41.087 1491 1600 D FreeFormWindowHelper: refreshTipWindow windowDragBounds:Rect(0, -25 - 302, 513)
11-29 06:51:41.089 1491 1600 W WindowManager: updateScale0.4617737
11-29 06:51:41.103 1491 1600 D FreeFormWindowHelper: refreshTipWindow windowDragBounds:Rect(8, -81 - 310, 457)
11-29 06:51:41.104 1491 1600 W WindowManager: updateScale0.4617737
11-29 06:51:41.118 1491 11109 W WindowManager: updateScale0.4617737
11-29 06:51:41.120 1491 1600 D FreeFormWindowHelper: refreshTipWindow windowDragBounds:Rect(15, -139 - 317, 399)
11-29 06:51:41.122 1491 1600 W WindowManager: updateScale0.4617737
11-29 06:51:41.136 1491 1600 D FreeFormWindowHelper: refreshTipWindow windowDragBounds:Rect(24, -197 - 326, 341)
11-29 06:51:41.137 1491 1600 W WindowManager: updateScale0.4617737
11-29 06:51:41.152 1491 1600 D FreeFormWindowHelper: refreshTipWindow windowDragBounds:Rect(30, -245 - 332, 293)
11-29 06:51:41.154 1491 1600 W WindowManager: updateScale0.4617737
11-29 06:51:41.169 1491 1600 D FreeFormWindowHelper: refreshTipWindow windowDragBounds:Rect(37, -294 - 339, 244)
11-29 06:51:41.171 1491 1600 W WindowManager: updateScale0.4617737
11-29 06:51:41.174 1491 10783 W WindowManager: updateScale0.4617737
11-29 06:51:41.184 1491 10783 W WindowManager: updateScale0.4617737
11-29 06:51:41.186 1491 1600 D FreeFormWindowHelper: refreshTipWindow windowDragBounds:Rect(43, -336 - 345, 202)
11-29 06:51:41.188 1491 1600 W WindowManager: updateScale0.4617737
11-29 06:51:41.203 1491 1600 D FreeFormWindowHelper: refreshTipWindow windowDragBounds:Rect(48, -374 - 350, 164)
11-29 06:51:41.204 1491 1600 W WindowManager: updateScale0.4617737
11-29 06:51:41.219 1491 1600 D FreeFormWindowHelper: refreshTipWindow windowDragBounds:Rect(54, -410 - 356, 128)
11-29 06:51:41.221 1491 1600 W WindowManager: updateScale0.4617737
11-29 06:51:41.235 1491 10783 W WindowManager: updateScale0.4617737
11-29 06:51:41.237 1491 1600 D FreeFormWindowHelper: refreshTipWindow windowDragBounds:Rect(60, -439 - 362, 99)
11-29 06:51:41.239 1491 1600 W WindowManager: updateScale0.4617737
11-29 06:51:41.252 1491 11109 W WindowManager: updateScale0.4617737
11-29 06:51:41.254 1491 1600 D FreeFormWindowHelper: refreshTipWindow windowDragBounds:Rect(67, -462 - 369, 76)
11-29 06:51:41.256 1491 1600 W WindowManager: updateScale0.4617737
11-29 06:51:41.268 1491 11109 W WindowManager: updateScale0.4617737
11-29 06:51:41.271 1491 1600 D FreeFormWindowHelper: refreshTipWindow windowDragBounds:Rect(74, -474 - 376, 64)
11-29 06:51:41.273 1491 1600 W WindowManager: updateScale0.4617737
11-29 06:51:41.294 1491 1600 D WindowManager: updateWindowDragBounds: mIsSwipeYtrue
11-29 06:51:41.295 1491 1600 D WindowManager: updateWindowDragBounds: mIsTopfalse
11-29 06:51:41.295 1491 1600 D WindowManager: updateWindowDragBounds: mIsSwipeXfalse
11-29 06:51:41.296 1491 1600 W WindowManager: updateScale0.4617737
11-29 06:51:41.318 1491 11109 W WindowManager: updateScale0.4617737
11-29 06:51:41.538 1491 1693 I input_interaction: Interaction with: e79c291 com.android.gallery3d/com.android.gallery3d.app.GalleryActivity (server), edge-swipe (server), swipe-up (server), PointerEventDispatcher0 (server),
11-29 06:51:41.573 18441 18441 I view_enqueue_input_event: [Motion - Cancel,com.android.gallery3d/com.android.gallery3d.app.GalleryActivity]
11-29 06:51:41.579 1491 1693 I input_interaction: Interaction with: WindowManager (server), edge-swipe (server), swipe-up (server), PointerEventDispatcher0 (server),
11-29 06:51:41.587 1491 1600 D FreeFormWindowHelper: refreshTipWindow windowDragBounds:Rect(0, 40 - 302, 578)
11-29 06:51:41.589 1491 1600 W WindowManager: updateScale0.4617737
11-29 06:51:41.604 1491 11109 W WindowManager: updateScale0.4617737
11-29 06:51:41.606 1491 1600 D FreeFormWindowHelper: refreshTipWindow windowDragBounds:Rect(0, -1 - 302, 537)
11-29 06:51:41.608 1491 1600 W WindowManager: updateScale0.4617737
11-29 06:51:41.620 1491 1600 D FreeFormWindowHelper: refreshTipWindow windowDragBounds:Rect(10, -53 - 312, 485)
11-29 06:51:41.622 1491 1600 W WindowManager: updateScale0.4617737
11-29 06:51:41.637 1491 10785 W WindowManager: updateScale0.4617737
11-29 06:51:41.639 1491 1600 D FreeFormWindowHelper: refreshTipWindow windowDragBounds:Rect(12, -103 - 314, 435)
11-29 06:51:41.640 1491 1600 W WindowManager: updateScale0.4617737
11-29 06:51:41.650 1491 10785 W WindowManager: updateScale0.4617737
11-29 06:51:41.654 1491 1600 D FreeFormWindowHelper: refreshTipWindow windowDragBounds:Rect(17, -162 - 319, 376)
11-29 06:51:41.655 1491 1600 W WindowManager: updateScale0.4617737
11-29 06:51:41.666 1491 10785 W WindowManager: updateScale0.4617737
11-29 06:51:41.670 1491 1600 D FreeFormWindowHelper: refreshTipWindow windowDragBounds:Rect(21, -220 - 323, 318)
11-29 06:51:41.672 1491 1600 W WindowManager: updateScale0.4617737
11-29 06:51:41.683 1491 10785 W WindowManager: updateScale0.4617737
11-29 06:51:41.687 1491 1600 D FreeFormWindowHelper: refreshTipWindow windowDragBounds:Rect(24, -278 - 326, 260)
11-29 06:51:41.689 1491 1600 W WindowManager: updateScale0.4617737
11-29 06:51:41.700 1491 10785 W WindowManager: updateScale0.4617737
11-29 06:51:41.704 1491 1600 D FreeFormWindowHelper: refreshTipWindow windowDragBounds:Rect(28, -330 - 330, 208)
11-29 06:51:41.707 1491 1600 W WindowManager: updateScale0.4617737
11-29 06:51:41.717 1491 11109 W WindowManager: updateScale0.4617737
11-29 06:51:41.721 1491 1600 D FreeFormWindowHelper: refreshTipWindow windowDragBounds:Rect(31, -376 - 333, 162)
11-29 06:51:41.724 1491 1600 W WindowManager: updateScale0.4617737
11-29 06:51:41.735 1491 10785 W WindowManager: updateScale0.4617737
11-29 06:51:41.742 1491 1600 D FreeFormWindowHelper: refreshTipWindow windowDragBounds:Rect(35, -419 - 337, 119)
11-29 06:51:41.743 1491 1600 W WindowManager: updateScale0.4617737
11-29 06:51:41.754 1491 1600 D FreeFormWindowHelper: refreshTipWindow windowDragBounds:Rect(40, -461 - 342, 77)
11-29 06:51:41.755 1491 1600 W WindowManager: updateScale0.4617737
11-29 06:51:41.771 1491 1600 D FreeFormWindowHelper: refreshTipWindow windowDragBounds:Rect(46, -490 - 348, 48)
11-29 06:51:41.771 1491 1600 W WindowManager: updateScale0.4617737
11-29 06:51:41.789 1491 1600 D FreeFormWindowHelper: refreshTipWindow windowDragBounds:Rect(52, -490 - 354, 48)
11-29 06:51:41.790 1491 1600 W WindowManager: updateScale0.4617737
11-29 06:51:41.814 1491 1600 D WindowManager: updateWindowDragBounds: mIsSwipeYtrue
11-29 06:51:41.814 1491 1600 D WindowManager: updateWindowDragBounds: mIsTopfalse
11-29 06:51:41.814 1491 1600 D WindowManager: updateWindowDragBounds: mIsSwipeXfalse
11-29 06:51:41.815 1491 1600 W WindowManager: updateScale0.4617737
11-29 06:51:41.836 1491 10785 W WindowManager: updateScale0.4617737
11-29 06:51:42.085 1491 1693 I input_interaction: Interaction with: cd0514f com.android.launcher3/com.android.launcher3.uioverrides.QuickstepLauncher (server), bd931b3 com.android.systemui.ImageWallpaper (server), edge-swipe (server), swipe-up (server), PointerEventDispatcher0 (server),
11-29 06:51:43.079 0 0 I auditd : type=1400 audit(0.0:13892): avc: denied { kill } for comm="swapper/2" capability=5 scontext=u:r:kernel:s0 tcontext=u:r:kernel:s0 tclass=capability permissive=0
11-29 06:51:43.395 1491 1693 I input_interaction: Interaction with: e79c291 com.android.gallery3d/com.android.gallery3d.app.GalleryActivity (server), edge-swipe (server), swipe-up (server), PointerEventDispatcher0 (server),
11-29 06:51:43.446 18441 18441 I view_enqueue_input_event: [Motion - Cancel,com.android.gallery3d/com.android.gallery3d.app.GalleryActivity]
11-29 06:51:43.450 1491 1693 I input_interaction: Interaction with: WindowManager (server), edge-swipe (server), swipe-up (server), PointerEventDispatcher0 (server),
11-29 06:51:43.458 1491 1600 D FreeFormWindowHelper: refreshTipWindow windowDragBounds:Rect(0, -56 - 302, 482)
11-29 06:51:43.462 1491 1600 W WindowManager: updateScale0.4617737
11-29 06:51:43.475 1491 10785 W WindowManager: updateScale0.4617737
11-29 06:51:43.477 1491 1600 D FreeFormWindowHelper: refreshTipWindow windowDragBounds:Rect(12, -147 - 314, 391)
11-29 06:51:43.479 1491 1600 W WindowManager: updateScale0.4617737
11-29 06:51:43.492 1491 1600 D FreeFormWindowHelper: refreshTipWindow windowDragBounds:Rect(31, -260 - 333, 278)
11-29 06:51:43.492 1491 1600 W WindowManager: updateScale0.4617737
11-29 06:51:43.507 1491 10785 W WindowManager: updateScale0.4617737
11-29 06:51:43.509 1491 1600 D FreeFormWindowHelper: refreshTipWindow windowDragBounds:Rect(54, -360 - 356, 178)
11-29 06:51:43.511 1491 1600 W WindowManager: updateScale0.4617737
11-29 06:51:43.525 1491 1600 D FreeFormWindowHelper: refreshTipWindow windowDragBounds:Rect(82, -463 - 384, 75)
11-29 06:51:43.526 1491 1600 W WindowManager: updateScale0.4617737
11-29 06:51:43.542 1491 1600 D FreeFormWindowHelper: refreshTipWindow windowDragBounds:Rect(100, -490 - 402, 48)
11-29 06:51:43.543 1491 1600 W WindowManager: updateScale0.4617737
11-29 06:51:43.560 1491 1600 D WindowManager: updateWindowDragBounds: mIsSwipeYtrue
11-29 06:51:43.560 1491 1600 D WindowManager: updateWindowDragBounds: mIsTopfalse
11-29 06:51:43.560 1491 1600 D WindowManager: updateWindowDragBounds: mIsSwipeXfalse
11-29 06:51:43.561 1491 1600 W WindowManager: updateScale0.4617737
11-29 06:51:43.590 1491 10785 W WindowManager: updateScale0.4617737
11-29 06:51:43.730 1491 1693 I input_interaction: Interaction with: e79c291 com.android.gallery3d/com.android.gallery3d.app.GalleryActivity (server), edge-swipe (server), swipe-up (server), PointerEventDispatcher0 (server),
11-29 06:51:43.778 18441 18441 I view_enqueue_input_event: [Motion - Cancel,com.android.gallery3d/com.android.gallery3d.app.GalleryActivity]
11-29 06:51:43.780 1491 1693 I input_interaction: Interaction with: WindowManager (server), edge-swipe (server), swipe-up (server), PointerEventDispatcher0 (server),
11-29 06:51:43.792 1491 1600 D FreeFormWindowHelper: refreshTipWindow windowDragBounds:Rect(1, -19 - 303, 519)
11-29 06:51:43.794 1491 1600 W WindowManager: updateScale0.4617737
11-29 06:51:43.808 1491 10785 W WindowManager: updateScale0.4617737
11-29 06:51:43.811 1491 1600 D FreeFormWindowHelper: refreshTipWindow windowDragBounds:Rect(17, -121 - 319, 417)
11-29 06:51:43.812 1491 1600 W WindowManager: updateScale0.4617737
11-29 06:51:43.826 1491 1600 D FreeFormWindowHelper: refreshTipWindow windowDragBounds:Rect(32, -226 - 334, 312)
11-29 06:51:43.827 1491 1600 W WindowManager: updateScale0.4617737
11-29 06:51:43.844 1491 1600 D FreeFormWindowHelper: refreshTipWindow windowDragBounds:Rect(52, -340 - 354, 198)
11-29 06:51:43.846 1491 1600 W WindowManager: updateScale0.4617737
11-29 06:51:43.861 1491 1600 D FreeFormWindowHelper: refreshTipWindow windowDragBounds:Rect(77, -452 - 379, 86)
11-29 06:51:43.862 1491 1600 W WindowManager: updateScale0.4617737
11-29 06:51:43.876 1491 1600 D FreeFormWindowHelper: refreshTipWindow windowDragBounds:Rect(95, -490 - 397, 48)
11-29 06:51:43.877 1491 1600 W WindowManager: updateScale0.4617737
11-29 06:51:43.891 1491 10785 W WindowManager: updateScale0.4617737
11-29 06:51:43.897 1491 1600 D WindowManager: updateWindowDragBounds: mIsSwipeYtrue
11-29 06:51:43.897 1491 1600 D WindowManager: updateWindowDragBounds: mIsTopfalse
11-29 06:51:43.897 1491 1600 D WindowManager: updateWindowDragBounds: mIsSwipeXfalse
11-29 06:51:43.898 1491 1600 W WindowManager: updateScale0.4617737
11-29 06:51:43.924 1491 10785 W WindowManager: updateScale0.4617737
11-29 06:51:44.066 1491 1693 I input_interaction: Interaction with: e79c291 com.android.gallery3d/com.android.gallery3d.app.GalleryActivity (server), edge-swipe (server), swipe-up (server), PointerEventDispatcher0 (server),
11-29 06:51:44.079 0 0 I auditd : type=1400 audit(0.0:13893): avc: denied { kill } for comm="swapper/2" capability=5 scontext=u:r:kernel:s0 tcontext=u:r:kernel:s0 tclass=capability permissive=0
11-29 06:51:44.113 18441 18441 I view_enqueue_input_event: [Motion - Cancel,com.android.gallery3d/com.android.gallery3d.app.GalleryActivity]
11-29 06:51:44.114 1491 1693 I input_interaction: Interaction with: WindowManager (server), edge-swipe (server), swipe-up (server), PointerEventDispatcher0 (server),
11-29 06:51:44.127 1491 1600 D FreeFormWindowHelper: refreshTipWindow windowDragBounds:Rect(30, -94 - 332, 444)
11-29 06:51:44.129 1491 1600 W WindowManager: updateScale0.4617737
11-29 06:51:44.143 1491 1600 D FreeFormWindowHelper: refreshTipWindow windowDragBounds:Rect(59, -214 - 361, 324)
11-29 06:51:44.145 1491 1600 W WindowManager: updateScale0.4617737
11-29 06:51:44.159 1491 10783 W WindowManager: updateScale0.4617737
11-29 06:51:44.161 1491 1600 D FreeFormWindowHelper: refreshTipWindow windowDragBounds:Rect(83, -300 - 385, 238)
11-29 06:51:44.163 1491 1600 W WindowManager: updateScale0.4617737
11-29 06:51:44.176 1491 10783 W WindowManager: updateScale0.4617737
11-29 06:51:44.178 1491 1600 D FreeFormWindowHelper: refreshTipWindow windowDragBounds:Rect(112, -393 - 414, 145)
11-29 06:51:44.179 1491 1600 W WindowManager: updateScale0.4617737
11-29 06:51:44.196 1491 1600 D WindowManager: updateWindowDragBounds: mIsSwipeYtrue
11-29 06:51:44.196 1491 1600 D WindowManager: updateWindowDragBounds: mIsTopfalse
11-29 06:51:44.196 1491 1600 D WindowManager: updateWindowDragBounds: mIsSwipeXfalse
11-29 06:51:44.197 1491 1600 W WindowManager: updateScale0.4617737
11-29 06:51:44.242 1491 10783 W WindowManager: updateScale0.4617737
11-29 06:51:44.429 1491 1693 I input_interaction: Interaction with: e79c291 com.android.gallery3d/com.android.gallery3d.app.GalleryActivity (server), edge-swipe (server), swipe-up (server), PointerEventDispatcher0 (server),
11-29 06:51:44.463 18441 18441 I view_enqueue_input_event: [Motion - Cancel,com.android.gallery3d/com.android.gallery3d.app.GalleryActivity]
11-29 06:51:44.473 1491 1693 I input_interaction: Interaction with: WindowManager (server), edge-swipe (server), swipe-up (server), PointerEventDispatcher0 (server),
11-29 06:51:44.477 1491 1600 D FreeFormWindowHelper: refreshTipWindow windowDragBounds:Rect(6, -35 - 308, 503)
11-29 06:51:44.482 1491 1600 W WindowManager: updateScale0.4617737
11-29 06:51:44.493 1491 9480 W WindowManager: updateScale0.4617737
11-29 06:51:44.495 1491 1600 D FreeFormWindowHelper: refreshTipWindow windowDragBounds:Rect(32, -162 - 334, 376)
11-29 06:51:44.499 1491 1600 W WindowManager: updateScale0.4617737
11-29 06:51:44.511 1491 1600 D FreeFormWindowHelper: refreshTipWindow windowDragBounds:Rect(72, -290 - 374, 248)
11-29 06:51:44.512 1491 1600 W WindowManager: updateScale0.4617737
11-29 06:51:44.530 1491 1600 D FreeFormWindowHelper: refreshTipWindow windowDragBounds:Rect(130, -413 - 432, 125)
11-29 06:51:44.532 1491 1600 W WindowManager: updateScale0.4617737
11-29 06:51:44.550 1491 1600 D WindowManager: updateWindowDragBounds: mIsSwipeYtrue
11-29 06:51:44.550 1491 1600 D WindowManager: updateWindowDragBounds: mIsTopfalse
11-29 06:51:44.550 1491 1600 D WindowManager: updateWindowDragBounds: mIsSwipeXfalse
11-29 06:51:44.552 1491 1600 W WindowManager: updateScale0.4617737
11-29 06:51:44.593 1491 10783 W WindowManager: updateScale0.4617737
11-29 06:51:45.079 0 0 I auditd : type=1400 audit(0.0:13894): avc: denied { kill } for comm="swapper/2" capability=5 scontext=u:r:kernel:s0 tcontext=u:r:kernel:s0 tclass=capability permissive=0
11-29 06:51:46.079 0 0 I auditd : type=1400 audit(0.0:13895): avc: denied { kill } for comm="swapper/2" capability=5 scontext=u:r:kernel:s0 tcontext=u:r:kernel:s0 tclass=capability permissive=0
11-29 06:51:47.079 0 0 I auditd : type=1400 audit(0.0:13896): avc: denied { kill } for comm="swapper/2" capability=5 scontext=u:r:kernel:s0 tcontext=u:r:kernel:s0 tclass=capability permissive=0
11-29 06:51:48.079 0 0 I auditd : type=1400 audit(0.0:13897): avc: denied { kill } for comm="swapper/2" capability=5 scontext=u:r:kernel:s0 tcontext=u:r:kernel:s0 tclass=capability permissive=0
11-29 06:51:49.079 0 0 I auditd : type=1400 audit(0.0:13898): avc: denied { kill } for comm="swapper/2" capability=5 scontext=u:r:kernel:s0 tcontext=u:r:kernel:s0 tclass=capability permissive=0
11-29 06:51:50.079 0 0 I auditd : type=1400 audit(0.0:13899): avc: denied { kill } for comm="swapper/2" capability=5 scontext=u:r:kernel:s0 tcontext=u:r:kernel:s0 tclass=capability permissive=0
11-29 06:51:51.079 0 0 I auditd : type=1400 audit(0.0:13900): avc: denied { kill } for comm="swapper/2" capability=5 scontext=u:r:kernel:s0 tcontext=u:r:kernel:s0 tclass=capability permissive=0
11-29 06:51:52.079 0 0 I auditd : type=1400 audit(0.0:13901): avc: denied { kill } for comm="swapper/2" capability=5 scontext=u:r:kernel:s0 tcontext=u:r:kernel:s0 tclass=capability permissive=0
11-29 06:51:53.079 0 0 I auditd : type=1400 audit(0.0:13902): avc: denied { kill } for comm="swapper/2" capability=5 scontext=u:r:kernel:s0 tcontext=u:r:kernel:s0 tclass=capability permissive=0
11-29 06:51:54.079 0 0 I auditd : type=1400 audit(0.0:13903): avc: denied { kill } for comm="swapper/2" capability=5 scontext=u:r:kernel:s0 tcontext=u:r:kernel:s0 tclass=capability permissive=0
11-29 06:51:55.079 0 0 I auditd : type=1400 audit(0.0:13904): avc: denied { kill } for comm="swapper/2" capability=5 scontext=u:r:kernel:s0 tcontext=u:r:kernel:s0 tclass=capability permissive=0
11-29 06:51:56.079 0 0 I auditd : type=1400 audit(0.0:13905): avc: denied { kill } for comm="swapper/2" capability=5 scontext=u:r:kernel:s0 tcontext=u:r:kernel:s0 tclass=capability permissive=0
11-29 06:51:57.079 0 0 I auditd : type=1400 audit(0.0:13906): avc: denied { kill } for comm="swapper/2" capability=5 scontext=u:r:kernel:s0 tcontext=u:r:kernel:s0 tclass=capability permissive=0
