11-29 06:57:48.161 19381 19381 I sysui_multi_action: [757,126,758,1,759,126,927,0,928,1,1593,1]
11-29 06:57:48.161 19381 19381 I sysui_multi_action: [757,113,758,1,759,113,927,1,928,1,1593,1]
11-29 06:57:48.161 19381 19381 I sysui_multi_action: [757,0,758,1,759,0,927,2,928,0,1593,1]
11-29 06:57:48.161 19381 19381 I sysui_multi_action: [757,0,758,1,759,0,927,3,928,0,1593,1]
11-29 06:57:48.170 1491 1760 I GameModeConfig: isGameModeOn = false
11-29 06:57:48.171 1491 1760 I GameModeConfig: isGameModeOn = false
11-29 06:57:48.171 1491 1760 I GameModeConfig: isGameModeOn = false
11-29 06:57:48.171 1491 1760 I GameModeConfig: isGameModeOn = false
11-29 06:57:48.171 19381 19381 I sysui_multi_action: [757,111,758,2]
11-29 06:57:48.172 19381 19381 I sysui_multi_action: [757,111,758,2]
11-29 06:57:48.173 1491 1491 I notification_enqueue: [10082,19381,com.android.systemui,2048,NULL,0,Notification(channel=updateNotification shortcut=null contentView=null vibrate=null sound=null defaults=0x0 flags=0x0 color=0x00000000 vis=PRIVATE),1]
11-29 06:57:48.174 19381 19381 I sysui_multi_action: [757,111,758,1]
11-29 06:57:48.175 19381 19381 I sysui_multi_action: [757,126,758,1,759,126,927,0,928,1,1593,1]
11-29 06:57:48.175 19381 19381 I sysui_multi_action: [757,113,758,1,759,113,927,1,928,1,1593,1]
11-29 06:57:48.175 19381 19381 I sysui_multi_action: [757,0,758,1,759,0,927,2,928,0,1593,1]
11-29 06:57:48.175 19381 19381 I sysui_multi_action: [757,0,758,1,759,0,927,3,928,0,1593,1]
11-29 06:57:48.175 19381 19381 I sysui_multi_action: [757,491,758,1,759,491,927,4,928,0,1311,-1,1593,0]
11-29 06:57:48.175 19381 19381 I sysui_multi_action: [757,0,758,1,759,0,927,5,928,0,1593,0]
11-29 06:57:48.175 19381 19381 I sysui_multi_action: [757,111,758,1]
11-29 06:57:48.175 19381 19381 I sysui_multi_action: [757,126,758,1,759,126,927,0,928,1,1593,1]
11-29 06:57:48.175 19381 19381 I sysui_multi_action: [757,113,758,1,759,113,927,1,928,1,1593,1]
11-29 06:57:48.175 19381 19381 I sysui_multi_action: [757,0,758,1,759,0,927,2,928,0,1593,1]
11-29 06:57:48.175 19381 19381 I sysui_multi_action: [757,0,758,1,759,0,927,3,928,0,1593,1]
11-29 06:57:48.187 1491 1760 I GameModeConfig: isGameModeOn = false
11-29 06:57:48.187 1491 1760 I GameModeConfig: isGameModeOn = false
11-29 06:57:48.187 1491 1760 I GameModeConfig: isGameModeOn = false
11-29 06:57:48.187 1491 1760 I GameModeConfig: isGameModeOn = false
11-29 06:57:48.188 19381 19381 I sysui_multi_action: [757,111,758,2]
11-29 06:57:48.188 19381 19381 I sysui_multi_action: [757,111,758,2]
11-29 06:57:48.188 1491 1491 I notification_enqueue: [10082,19381,com.android.systemui,2048,NULL,0,Notification(channel=updateNotification shortcut=null contentView=null vibrate=null sound=null defaults=0x0 flags=0x0 color=0x00000000 vis=PRIVATE),1]
11-29 06:57:48.191 19381 19381 I sysui_multi_action: [757,111,758,1]
11-29 06:57:48.191 19381 19381 I sysui_multi_action: [757,126,758,1,759,126,927,0,928,1,1593,1]
11-29 06:57:48.191 19381 19381 I sysui_multi_action: [757,113,758,1,759,113,927,1,928,1,1593,1]
11-29 06:57:48.191 19381 19381 I sysui_multi_action: [757,0,758,1,759,0,927,2,928,0,1593,1]
11-29 06:57:48.191 19381 19381 I sysui_multi_action: [757,0,758,1,759,0,927,3,928,0,1593,1]
11-29 06:57:48.192 19381 19381 I sysui_multi_action: [757,491,758,1,759,491,927,4,928,0,1311,-1,1593,0]
11-29 06:57:48.192 19381 19381 I sysui_multi_action: [757,0,758,1,759,0,927,5,928,0,1593,0]
11-29 06:57:48.192 19381 19381 I sysui_multi_action: [757,111,758,1]
11-29 06:57:48.192 19381 19381 I sysui_multi_action: [757,126,758,1,759,126,927,0,928,1,1593,1]
11-29 06:57:48.192 19381 19381 I sysui_multi_action: [757,113,758,1,759,113,927,1,928,1,1593,1]
11-29 06:57:48.192 19381 19381 I sysui_multi_action: [757,0,758,1,759,0,927,2,928,0,1593,1]
11-29 06:57:48.192 19381 19381 I sysui_multi_action: [757,0,758,1,759,0,927,3,928,0,1593,1]
11-29 06:57:48.203 1491 1760 I GameModeConfig: isGameModeOn = false
11-29 06:57:48.204 1491 1760 I GameModeConfig: isGameModeOn = false
11-29 06:57:48.204 1491 1760 I GameModeConfig: isGameModeOn = false
11-29 06:57:48.204 1491 1760 I GameModeConfig: isGameModeOn = false
11-29 06:57:48.204 19381 19381 I sysui_multi_action: [757,111,758,2]
11-29 06:57:48.204 19381 19381 I sysui_multi_action: [757,111,758,2]
11-29 06:57:48.205 1491 1491 I notification_enqueue: [10082,19381,com.android.systemui,2048,NULL,0,Notification(channel=updateNotification shortcut=null contentView=null vibrate=null sound=null defaults=0x0 flags=0x0 color=0x00000000 vis=PRIVATE),1]
11-29 06:57:48.207 19381 19381 I sysui_multi_action: [757,111,758,1]
11-29 06:57:48.207 19381 19381 I sysui_multi_action: [757,126,758,1,759,126,927,0,928,1,1593,1]
11-29 06:57:48.207 19381 19381 I sysui_multi_action: [757,113,758,1,759,113,927,1,928,1,1593,1]
11-29 06:57:48.207 19381 19381 I sysui_multi_action: [757,0,758,1,759,0,927,2,928,0,1593,1]
11-29 06:57:48.207 19381 19381 I sysui_multi_action: [757,0,758,1,759,0,927,3,928,0,1593,1]
11-29 06:57:48.207 19381 19381 I sysui_multi_action: [757,491,758,1,759,491,927,4,928,0,1311,-1,1593,0]
11-29 06:57:48.207 19381 19381 I sysui_multi_action: [757,0,758,1,759,0,927,5,928,0,1593,0]
11-29 06:57:48.207 19381 19381 I sysui_multi_action: [757,111,758,1]
11-29 06:57:48.207 19381 19381 I sysui_multi_action: [757,126,758,1,759,126,927,0,928,1,1593,1]
11-29 06:57:48.207 19381 19381 I sysui_multi_action: [757,113,758,1,759,113,927,1,928,1,1593,1]
11-29 06:57:48.207 19381 19381 I sysui_multi_action: [757,0,758,1,759,0,927,2,928,0,1593,1]
11-29 06:57:48.207 19381 19381 I sysui_multi_action: [757,0,758,1,759,0,927,3,928,0,1593,1]
11-29 06:57:48.216 1491 1607 I sysui_latency: [8,60]
11-29 06:57:48.217 1491 1760 I GameModeConfig: isGameModeOn = false
11-29 06:57:48.217 1491 1760 I GameModeConfig: isGameModeOn = false
11-29 06:57:48.217 1491 1760 I GameModeConfig: isGameModeOn = false
11-29 06:57:48.217 1491 1760 I GameModeConfig: isGameModeOn = false
11-29 06:57:48.218 19381 19381 I sysui_multi_action: [757,111,758,2]
11-29 06:57:48.218 19381 19381 I sysui_multi_action: [757,111,758,2]
11-29 06:57:48.219 1491 1491 I notification_enqueue: [10082,19381,com.android.systemui,2048,NULL,0,Notification(channel=updateNotification shortcut=null contentView=null vibrate=null sound=null defaults=0x0 flags=0x0 color=0x00000000 vis=PRIVATE),1]
11-29 06:57:48.221 19381 19381 I sysui_multi_action: [757,111,758,1]
11-29 06:57:48.221 19381 19381 I sysui_multi_action: [757,126,758,1,759,126,927,0,928,1,1593,1]
11-29 06:57:48.221 19381 19381 I sysui_multi_action: [757,113,758,1,759,113,927,1,928,1,1593,1]
11-29 06:57:48.221 19381 19381 I sysui_multi_action: [757,0,758,1,759,0,927,2,928,0,1593,1]
11-29 06:57:48.221 19381 19381 I sysui_multi_action: [757,0,758,1,759,0,927,3,928,0,1593,1]
11-29 06:57:48.221 19381 19381 I sysui_multi_action: [757,491,758,1,759,491,927,4,928,0,1311,-1,1593,0]
11-29 06:57:48.221 19381 19381 I sysui_multi_action: [757,0,758,1,759,0,927,5,928,0,1593,0]
11-29 06:57:48.221 19381 19381 I sysui_multi_action: [757,111,758,1]
11-29 06:57:48.221 19381 19381 I sysui_multi_action: [757,126,758,1,759,126,927,0,928,1,1593,1]
11-29 06:57:48.221 19381 19381 I sysui_multi_action: [757,113,758,1,759,113,927,1,928,1,1593,1]
11-29 06:57:48.221 19381 19381 I sysui_multi_action: [757,0,758,1,759,0,927,2,928,0,1593,1]
11-29 06:57:48.221 19381 19381 I sysui_multi_action: [757,0,758,1,759,0,927,3,928,0,1593,1]
11-29 06:57:48.233 1491 1760 I GameModeConfig: isGameModeOn = false
11-29 06:57:48.234 1491 1760 I GameModeConfig: isGameModeOn = false
11-29 06:57:48.234 1491 1760 I GameModeConfig: isGameModeOn = false
11-29 06:57:48.234 1491 1760 I GameModeConfig: isGameModeOn = false
11-29 06:57:48.235 19381 19381 I sysui_multi_action: [757,111,758,2]
11-29 06:57:48.235 19381 19381 I sysui_multi_action: [757,111,758,2]
11-29 06:57:48.235 1491 1491 I notification_enqueue: [10082,19381,com.android.systemui,2048,NULL,0,Notification(channel=updateNotification shortcut=null contentView=null vibrate=null sound=null defaults=0x0 flags=0x0 color=0x00000000 vis=PRIVATE),1]
11-29 06:57:48.237 19381 19381 I sysui_multi_action: [757,111,758,1]
11-29 06:57:48.237 19381 19381 I sysui_multi_action: [757,126,758,1,759,126,927,0,928,1,1593,1]
11-29 06:57:48.237 19381 19381 I sysui_multi_action: [757,113,758,1,759,113,927,1,928,1,1593,1]
11-29 06:57:48.237 19381 19381 I sysui_multi_action: [757,0,758,1,759,0,927,2,928,0,1593,1]
11-29 06:57:48.238 19381 19381 I sysui_multi_action: [757,0,758,1,759,0,927,3,928,0,1593,1]
11-29 06:57:48.238 19381 19381 I sysui_multi_action: [757,491,758,1,759,491,927,4,928,0,1311,-1,1593,0]
11-29 06:57:48.238 19381 19381 I sysui_multi_action: [757,0,758,1,759,0,927,5,928,0,1593,0]
11-29 06:57:48.238 19381 19381 I sysui_multi_action: [757,111,758,1]
11-29 06:57:48.238 19381 19381 I sysui_multi_action: [757,126,758,1,759,126,927,0,928,1,1593,1]
11-29 06:57:48.238 19381 19381 I sysui_multi_action: [757,113,758,1,759,113,927,1,928,1,1593,1]
11-29 06:57:48.238 19381 19381 I sysui_multi_action: [757,0,758,1,759,0,927,2,928,0,1593,1]
11-29 06:57:48.238 19381 19381 I sysui_multi_action: [757,0,758,1,759,0,927,3,928,0,1593,1]
11-29 06:57:48.247 1491 2061 I sysui_multi_action: [757,128,758,2,793,12033020,794,511,795,12033020,796,26,798,0,806,android,857,DEVELOPER_IMPORTANT,858,4,947,0,1395,2,1500,12032815,1688,1]
11-29 06:57:48.247 1491 2061 I notification_visibility: [-1|android|26|null|1000,0,12033020,12033020,0,0]
11-29 06:57:48.248 1491 2061 I sysui_multi_action: [757,128,758,2,793,12033024,794,509,795,12033024,796,32,798,1,806,android,857,USB,858,1,947,0,1395,2,1500,12032821,1688,1]
11-29 06:57:48.248 1491 2061 I notification_visibility: [-1|android|32|null|1000,0,12033024,12033024,0,1]
11-29 06:57:48.249 19381 19381 I sysui_multi_action: [757,111,758,2]
11-29 06:57:48.250 19381 19381 I sysui_multi_action: [757,111,758,2]
11-29 06:57:48.250 1491 1491 I notification_enqueue: [10082,19381,com.android.systemui,2048,NULL,0,Notification(channel=updateNotification shortcut=null contentView=null vibrate=null sound=null defaults=0x0 flags=0x0 color=0x00000000 vis=PRIVATE),1]
11-29 06:57:48.251 1491 1760 I GameModeConfig: isGameModeOn = false
11-29 06:57:48.251 1491 1760 I GameModeConfig: isGameModeOn = false
11-29 06:57:48.251 1491 1760 I GameModeConfig: isGameModeOn = false
11-29 06:57:48.251 1491 1760 I GameModeConfig: isGameModeOn = false
11-29 06:57:48.252 19381 19381 I sysui_multi_action: [757,111,758,1]
11-29 06:57:48.252 19381 19381 I sysui_multi_action: [757,126,758,1,759,126,927,0,928,1,1593,1]
11-29 06:57:48.252 19381 19381 I sysui_multi_action: [757,113,758,1,759,113,927,1,928,1,1593,1]
11-29 06:57:48.252 19381 19381 I sysui_multi_action: [757,0,758,1,759,0,927,2,928,0,1593,1]
11-29 06:57:48.252 19381 19381 I sysui_multi_action: [757,0,758,1,759,0,927,3,928,0,1593,1]
11-29 06:57:48.253 19381 19381 I sysui_multi_action: [757,491,758,1,759,491,927,4,928,0,1311,-1,1593,0]
11-29 06:57:48.253 19381 19381 I sysui_multi_action: [757,0,758,1,759,0,927,5,928,0,1593,0]
11-29 06:57:48.253 19381 19381 I sysui_multi_action: [757,111,758,1]
11-29 06:57:48.253 19381 19381 I sysui_multi_action: [757,126,758,1,759,126,927,0,928,1,1593,1]
11-29 06:57:48.253 19381 19381 I sysui_multi_action: [757,113,758,1,759,113,927,1,928,1,1593,1]
11-29 06:57:48.253 19381 19381 I sysui_multi_action: [757,0,758,1,759,0,927,2,928,0,1593,1]
11-29 06:57:48.253 19381 19381 I sysui_multi_action: [757,0,758,1,759,0,927,3,928,0,1593,1]
11-29 06:57:48.266 1491 1760 I GameModeConfig: isGameModeOn = false
11-29 06:57:48.267 19381 19381 I sysui_multi_action: [757,111,758,2]
11-29 06:57:48.267 19381 19381 I sysui_multi_action: [757,111,758,2]
11-29 06:57:48.267 1491 1760 I GameModeConfig: isGameModeOn = false
11-29 06:57:48.267 1491 1760 I GameModeConfig: isGameModeOn = false
11-29 06:57:48.267 1491 1760 I GameModeConfig: isGameModeOn = false
11-29 06:57:48.268 1491 1491 I notification_enqueue: [10082,19381,com.android.systemui,2048,NULL,0,Notification(channel=updateNotification shortcut=null contentView=null vibrate=null sound=null defaults=0x0 flags=0x0 color=0x00000000 vis=PRIVATE),1]
11-29 06:57:48.269 19381 19381 I sysui_multi_action: [757,111,758,1]
11-29 06:57:48.269 19381 19381 I sysui_multi_action: [757,126,758,1,759,126,927,0,928,1,1593,1]
11-29 06:57:48.270 19381 19381 I sysui_multi_action: [757,113,758,1,759,113,927,1,928,1,1593,1]
11-29 06:57:48.270 19381 19381 I sysui_multi_action: [757,0,758,1,759,0,927,2,928,0,1593,1]
11-29 06:57:48.270 19381 19381 I sysui_multi_action: [757,0,758,1,759,0,927,3,928,0,1593,1]
11-29 06:57:48.270 19381 19381 I sysui_multi_action: [757,491,758,1,759,491,927,4,928,0,1311,-1,1593,0]
11-29 06:57:48.270 19381 19381 I sysui_multi_action: [757,0,758,1,759,0,927,5,928,0,1593,0]
11-29 06:57:48.270 19381 19381 I sysui_multi_action: [757,111,758,1]
11-29 06:57:48.270 19381 19381 I sysui_multi_action: [757,126,758,1,759,126,927,0,928,1,1593,1]
11-29 06:57:48.270 19381 19381 I sysui_multi_action: [757,113,758,1,759,113,927,1,928,1,1593,1]
11-29 06:57:48.270 19381 19381 I sysui_multi_action: [757,0,758,1,759,0,927,2,928,0,1593,1]
11-29 06:57:48.270 19381 19381 I sysui_multi_action: [757,0,758,1,759,0,927,3,928,0,1593,1]
11-29 06:57:48.271 1491 1491 I GameModeConfig: isGameModeOn = false
11-29 06:57:48.272 1491 1491 I sysui_multi_action: [757,1501,758,1,793,13425533,794,0,795,204,796,2048,806,com.android.systemui,857,updateNotification,858,3,947,0,1500,0,1688,1]
11-29 06:57:48.273 1491 1491 I sysui_multi_action: [757,804,799,note_interruptive,801,0,802,1]
11-29 06:57:48.273 1491 1491 I sysui_multi_action: [757,199,758,1,759,2,793,13425534,794,0,795,205,796,2048,806,com.android.systemui,857,updateNotification,858,3,947,0,1500,1,1688,1]
11-29 06:57:48.273 1491 1491 I notification_alert: [0|com.android.systemui|2048|null|10082,0,1,0]
11-29 06:57:48.277 1491 1491 W NotificationHistory: Attempted to add notif for locked/gone/disabled user 0
11-29 06:57:48.283 1491 1760 I GameModeConfig: isGameModeOn = false
11-29 06:57:48.284 1491 1760 I GameModeConfig: isGameModeOn = false
11-29 06:57:48.284 1491 1760 I GameModeConfig: isGameModeOn = false
11-29 06:57:48.284 1491 1760 I GameModeConfig: isGameModeOn = false
11-29 06:57:48.285 19381 19381 I sysui_multi_action: [757,111,758,2]
11-29 06:57:48.286 19381 19381 I sysui_multi_action: [757,111,758,2]
11-29 06:57:48.286 1491 1491 I notification_enqueue: [10082,19381,com.android.systemui,2048,NULL,0,Notification(channel=updateNotification shortcut=null contentView=null vibrate=null sound=null defaults=0x0 flags=0x0 color=0x00000000 vis=PRIVATE),1]
11-29 06:57:48.288 19381 19381 I sysui_multi_action: [757,111,758,1]
11-29 06:57:48.288 19381 19381 I sysui_multi_action: [757,126,758,1,759,126,927,0,928,1,1593,1]
11-29 06:57:48.289 19381 19381 I sysui_multi_action: [757,113,758,1,759,113,927,1,928,1,1593,1]
11-29 06:57:48.289 19381 19381 I sysui_multi_action: [757,0,758,1,759,0,927,2,928,0,1593,1]
11-29 06:57:48.289 19381 19381 I sysui_multi_action: [757,0,758,1,759,0,927,3,928,0,1593,1]
11-29 06:57:48.289 19381 19381 I sysui_multi_action: [757,491,758,1,759,491,927,4,928,0,1311,-1,1593,0]
11-29 06:57:48.289 19381 19381 I sysui_multi_action: [757,0,758,1,759,0,927,5,928,0,1593,0]
11-29 06:57:48.289 19381 19381 I sysui_multi_action: [757,111,758,1]
11-29 06:57:48.289 19381 19381 I sysui_multi_action: [757,126,758,1,759,126,927,0,928,1,1593,1]
11-29 06:57:48.289 19381 19381 I sysui_multi_action: [757,113,758,1,759,113,927,1,928,1,1593,1]
11-29 06:57:48.289 19381 19381 I sysui_multi_action: [757,0,758,1,759,0,927,2,928,0,1593,1]
11-29 06:57:48.289 19381 19381 I sysui_multi_action: [757,0,758,1,759,0,927,3,928,0,1593,1]
11-29 06:57:48.296 1491 1491 I GameModeConfig: isGameModeOn = false
11-29 06:57:48.296 1491 1491 E NotificationService: Muting recently noisy 0|com.android.systemui|2048|null|10082
11-29 06:57:48.299 1491 1760 I GameModeConfig: isGameModeOn = false
11-29 06:57:48.299 1491 1760 I GameModeConfig: isGameModeOn = false
11-29 06:57:48.300 1491 1760 I GameModeConfig: isGameModeOn = false
11-29 06:57:48.300 1491 1760 I GameModeConfig: isGameModeOn = false
11-29 06:57:48.300 19381 19381 I sysui_multi_action: [757,111,758,2]
11-29 06:57:48.300 19381 19381 I sysui_multi_action: [757,111,758,2]
11-29 06:57:48.301 1491 1491 I notification_enqueue: [10082,19381,com.android.systemui,2048,NULL,0,Notification(channel=updateNotification shortcut=null contentView=null vibrate=null sound=null defaults=0x0 flags=0x0 color=0x00000000 vis=PRIVATE),1]
11-29 06:57:48.303 19381 19381 I sysui_multi_action: [757,111,758,1]
11-29 06:57:48.303 19381 19381 I sysui_multi_action: [757,126,758,1,759,126,927,0,928,1,1593,1]
11-29 06:57:48.303 19381 19381 I sysui_multi_action: [757,113,758,1,759,113,927,1,928,1,1593,1]
11-29 06:57:48.303 19381 19381 I sysui_multi_action: [757,0,758,1,759,0,927,2,928,0,1593,1]
11-29 06:57:48.303 19381 19381 I sysui_multi_action: [757,0,758,1,759,0,927,3,928,0,1593,1]
11-29 06:57:48.304 19381 19381 I sysui_multi_action: [757,491,758,1,759,491,927,4,928,0,1311,-1,1593,0]
11-29 06:57:48.304 19381 19381 I sysui_multi_action: [757,0,758,1,759,0,927,5,928,0,1593,0]
11-29 06:57:48.304 19381 19381 I sysui_multi_action: [757,111,758,1]
11-29 06:57:48.304 19381 19381 I sysui_multi_action: [757,126,758,1,759,126,927,0,928,1,1593,1]
11-29 06:57:48.304 19381 19381 I sysui_multi_action: [757,113,758,1,759,113,927,1,928,1,1593,1]
11-29 06:57:48.304 19381 19381 I sysui_multi_action: [757,0,758,1,759,0,927,2,928,0,1593,1]
11-29 06:57:48.304 19381 19381 I sysui_multi_action: [757,0,758,1,759,0,927,3,928,0,1593,1]
11-29 06:57:48.307 1491 1693 I input_interaction: Interaction with: b10ffe2 NotificationShade (server), 65ade7e com.android.systemui.ImageWallpaper (server), edge-swipe (server), swipe-up (server), PointerEventDispatcher0 (server),
11-29 06:57:48.316 1491 1491 I GameModeConfig: isGameModeOn = false
11-29 06:57:48.316 1491 1491 E NotificationService: Muting recently noisy 0|com.android.systemui|2048|null|10082
11-29 06:57:48.320 1491 1600 I input_focus: [Focus request b10ffe2 NotificationShade,reason=UpdateInputWindows]
11-29 06:57:48.321 1491 7658 I wm_task_moved: [32,1,6]
11-29 06:57:48.322 1491 7658 I wm_task_moved: [41,1,2147483647]
11-29 06:57:48.322 1491 7658 I wm_task_to_front: [0,41]
11-29 06:57:48.322 1491 7658 I wm_focused_root_task: [0,0,32,153,RecentsAnimation.onAnimationFinished()]
11-29 06:57:48.322 1491 7658 I wm_set_resumed_activity: [0,com.android.launcher3/.uioverrides.QuickstepLauncher,RecentsAnimation.onAnimationFinished()]
11-29 06:57:48.322 1491 7658 I wm_pause_activity: [0,266074336,com.android.settings/.homepage.SettingsHomepageActivity,userLeaving=true,pauseBackTasks]
11-29 06:57:48.323 1491 7658 I wm_add_to_stopping: [0,266074336,com.android.settings/.homepage.SettingsHomepageActivity,makeInvisible]
11-29 06:57:48.323 1491 7658 I ActivityTaskManager: FOREGROUND_APPLICATION_CHANGED to com.android.launcher3.uioverrides.QuickstepLauncher
11-29 06:57:48.323 1491 7658 I wm_set_resumed_activity: [0,com.android.launcher3/.uioverrides.QuickstepLauncher,resumeTopActivityInnerLocked]
11-29 06:57:48.323 1491 7658 I wm_resume_activity: [0,254362067,41,com.android.launcher3/.uioverrides.QuickstepLauncher]
11-29 06:57:48.332 1491 1599 I wm_stop_activity: [0,266074336,com.android.settings/.homepage.SettingsHomepageActivity]
11-29 06:57:48.332 1491 1599 I sysui_multi_action: [757,803,799,window_time_0,802,2]
11-29 06:57:48.333 19544 19544 I wm_on_top_resumed_lost_called: [266074336,com.android.settings.homepage.SettingsHomepageActivity,topStateChangedWhenResumed]
11-29 06:57:48.334 1491 1693 I input_focus: [Focus entering b10ffe2 NotificationShade (server),reason=Window became focusable. Previous reason: NOT_FOCUSABLE]
11-29 06:57:48.338 19544 19544 I sysui_multi_action: [757,35,758,2,1089,2037]
11-29 06:57:48.338 19544 19544 I sysui_multi_action: [757,1845,758,2,1089,1811]
11-29 06:57:48.338 19544 19544 I wm_on_paused_called: [266074336,com.android.settings.homepage.SettingsHomepageActivity,performPause]
11-29 06:57:48.340 1491 1491 I GameModeConfig: isGameModeOn = false
11-29 06:57:48.341 1491 1491 E NotificationService: Muting recently noisy 0|com.android.systemui|2048|null|10082
11-29 06:57:48.342 1491 1760 I GameModeConfig: isGameModeOn = false
11-29 06:57:48.343 1491 1760 I GameModeConfig: isGameModeOn = false
11-29 06:57:48.343 1491 1760 I GameModeConfig: isGameModeOn = false
11-29 06:57:48.343 1491 1760 I GameModeConfig: isGameModeOn = false
11-29 06:57:48.343 1491 1599 I sysui_multi_action: [757,803,799,window_time_0,802,0]
11-29 06:57:48.345 19381 19381 I sysui_multi_action: [757,111,758,2]
11-29 06:57:48.345 19381 19381 I sysui_multi_action: [757,111,758,2]
11-29 06:57:48.349 1491 1491 I notification_enqueue: [10082,19381,com.android.systemui,2048,NULL,0,Notification(channel=updateNotification shortcut=null contentView=null vibrate=null sound=null defaults=0x0 flags=0x0 color=0x00000000 vis=PRIVATE),1]
11-29 06:57:48.351 19381 19381 I sysui_multi_action: [757,111,758,1]
11-29 06:57:48.351 19381 19381 I sysui_multi_action: [757,126,758,1,759,126,927,0,928,1,1593,0]
11-29 06:57:48.351 19381 19381 I sysui_multi_action: [757,113,758,1,759,113,927,1,928,1,1593,0]
11-29 06:57:48.351 19381 19381 I sysui_multi_action: [757,0,758,1,759,0,927,2,928,0,1593,0]
11-29 06:57:48.351 19381 19381 I sysui_multi_action: [757,0,758,1,759,0,927,3,928,0,1593,0]
11-29 06:57:48.351 19381 19381 I sysui_multi_action: [757,491,758,1,759,491,927,4,928,0,1311,-1,1593,0]
11-29 06:57:48.351 19381 19381 I sysui_multi_action: [757,0,758,1,759,0,927,5,928,0,1593,0]
11-29 06:57:48.351 19381 19381 I sysui_multi_action: [757,111,758,1]
11-29 06:57:48.351 19381 19381 I sysui_multi_action: [757,126,758,1,759,126,927,0,928,1,1593,0]
11-29 06:57:48.351 19381 19381 I sysui_multi_action: [757,113,758,1,759,113,927,1,928,1,1593,0]
11-29 06:57:48.351 19381 19381 I sysui_multi_action: [757,0,758,1,759,0,927,2,928,0,1593,0]
11-29 06:57:48.351 19381 19381 I sysui_multi_action: [757,0,758,1,759,0,927,3,928,0,1593,0]
11-29 06:57:48.358 1491 1491 I GameModeConfig: isGameModeOn = false
11-29 06:57:48.358 1491 1491 E NotificationService: Muting recently noisy 0|com.android.systemui|2048|null|10082
11-29 06:57:48.360 1491 1760 I GameModeConfig: isGameModeOn = false
11-29 06:57:48.361 1491 1760 I GameModeConfig: isGameModeOn = false
11-29 06:57:48.361 1491 1760 I GameModeConfig: isGameModeOn = false
11-29 06:57:48.361 1491 1760 I GameModeConfig: isGameModeOn = false
11-29 06:57:48.362 1491 1491 I notification_enqueue: [10082,19381,com.android.systemui,2048,NULL,0,Notification(channel=updateNotification shortcut=null contentView=null vibrate=null sound=null defaults=0x0 flags=0x0 color=0x00000000 vis=PRIVATE),1]
11-29 06:57:48.363 19381 19381 I sysui_multi_action: [757,111,758,2]
11-29 06:57:48.363 19381 19381 I sysui_multi_action: [757,111,758,2]
11-29 06:57:48.363 19544 19544 I wm_on_stop_called: [266074336,com.android.settings.homepage.SettingsHomepageActivity,STOP_ACTIVITY_ITEM]
11-29 06:57:48.366 19381 19381 I view_enqueue_input_event: [Motion - Cancel,NotificationShade]
11-29 06:57:48.366 9956 9956 I wm_on_resume_called: [254362067,com.android.launcher3.uioverrides.QuickstepLauncher,RESUME_ACTIVITY]
11-29 06:57:48.367 9956 9956 I wm_on_top_resumed_gained_called: [254362067,com.android.launcher3.uioverrides.QuickstepLauncher,topStateChangedWhenResumed]
11-29 06:57:48.368 1491 1693 I input_interaction: Interaction with: edge-swipe (server), swipe-up (server), PointerEventDispatcher0 (server),
11-29 06:57:48.370 1491 2061 W ActivityTaskManager: getTaskSnapshot: taskId=2153 not found
11-29 06:57:48.370 1491 2061 W ActivityTaskManager: getTaskSnapshot: taskId=1153 not found
11-29 06:57:48.376 1491 1491 I GameModeConfig: isGameModeOn = false
11-29 06:57:48.376 1491 1491 E NotificationService: Muting recently noisy 0|com.android.systemui|2048|null|10082
11-29 06:57:48.377 19381 19381 I sysui_multi_action: [757,111,758,1]
11-29 06:57:48.377 19381 19381 I sysui_multi_action: [757,126,758,1,759,126,927,0,928,1,1593,0]
11-29 06:57:48.377 19381 19381 I sysui_multi_action: [757,113,758,1,759,113,927,1,928,1,1593,0]
11-29 06:57:48.377 19381 19381 I sysui_multi_action: [757,0,758,1,759,0,927,2,928,0,1593,0]
11-29 06:57:48.377 19381 19381 I sysui_multi_action: [757,0,758,1,759,0,927,3,928,0,1593,0]
11-29 06:57:48.377 1491 1600 I input_focus: [Focus request cd0514f com.android.launcher3/com.android.launcher3.uioverrides.QuickstepLauncher,reason=UpdateInputWindows]
11-29 06:57:48.378 19381 19381 I sysui_multi_action: [757,491,758,1,759,491,927,4,928,0,1311,-1,1593,0]
11-29 06:57:48.378 19381 19381 I sysui_multi_action: [757,0,758,1,759,0,927,5,928,0,1593,0]
11-29 06:57:48.378 19381 19381 I sysui_multi_action: [757,111,758,1]
11-29 06:57:48.378 19381 19381 I sysui_multi_action: [757,126,758,1,759,126,927,0,928,1,1593,1]
11-29 06:57:48.378 19381 19381 I sysui_multi_action: [757,113,758,1,759,113,927,1,928,1,1593,1]
11-29 06:57:48.378 19381 19381 I sysui_multi_action: [757,0,758,1,759,0,927,2,928,0,1593,1]
11-29 06:57:48.378 19381 19381 I sysui_multi_action: [757,0,758,1,759,0,927,3,928,0,1593,1]
11-29 06:57:48.390 1491 1491 I GameModeConfig: isGameModeOn = false
11-29 06:57:48.390 1491 1491 E NotificationService: Muting recently noisy 0|com.android.systemui|2048|null|10082
11-29 06:57:48.391 1491 1760 I GameModeConfig: isGameModeOn = false
11-29 06:57:48.391 1491 1760 I GameModeConfig: isGameModeOn = false
11-29 06:57:48.391 1491 1760 I GameModeConfig: isGameModeOn = false
11-29 06:57:48.391 1491 1760 I GameModeConfig: isGameModeOn = false
11-29 06:57:48.392 1491 1491 I notification_enqueue: [10082,19381,com.android.systemui,2048,NULL,0,Notification(channel=updateNotification shortcut=null contentView=null vibrate=null sound=null defaults=0x0 flags=0x0 color=0x00000000 vis=PRIVATE),1]
11-29 06:57:48.392 19381 19381 I sysui_multi_action: [757,111,758,2]
11-29 06:57:48.392 19381 19381 I sysui_multi_action: [757,111,758,2]
11-29 06:57:48.404 1491 1693 I input_focus: [Focus leaving b10ffe2 NotificationShade (server),reason=NOT_FOCUSABLE]
11-29 06:57:48.404 1491 1693 I input_focus: [Focus entering cd0514f com.android.launcher3/com.android.launcher3.uioverrides.QuickstepLauncher (server),reason=setFocusedWindow]
11-29 06:57:48.405 1491 1600 I input_focus: [Focus request b10ffe2 NotificationShade,reason=UpdateInputWindows]
11-29 06:57:48.407 1491 1491 I GameModeConfig: isGameModeOn = false
11-29 06:57:48.407 19381 19381 I sysui_multi_action: [757,111,758,1]
11-29 06:57:48.407 19381 19381 I sysui_multi_action: [757,126,758,1,759,126,927,0,928,1,1593,1]
11-29 06:57:48.407 19381 19381 I sysui_multi_action: [757,113,758,1,759,113,927,1,928,1,1593,1]
11-29 06:57:48.407 1491 1491 E NotificationService: Muting recently noisy 0|com.android.systemui|2048|null|10082
11-29 06:57:48.407 19381 19381 I sysui_multi_action: [757,0,758,1,759,0,927,2,928,0,1593,1]
11-29 06:57:48.407 19381 19381 I sysui_multi_action: [757,0,758,1,759,0,927,3,928,0,1593,1]
11-29 06:57:48.407 19381 19381 I sysui_multi_action: [757,491,758,1,759,491,927,4,928,0,1311,-1,1593,0]
11-29 06:57:48.407 19381 19381 I sysui_multi_action: [757,0,758,1,759,0,927,5,928,0,1593,0]
11-29 06:57:48.407 19381 19381 I sysui_multi_action: [757,111,758,1]
11-29 06:57:48.407 19381 19381 I sysui_multi_action: [757,126,758,1,759,126,927,0,928,1,1593,1]
11-29 06:57:48.407 19381 19381 I sysui_multi_action: [757,113,758,1,759,113,927,1,928,1,1593,1]
11-29 06:57:48.407 19381 19381 I sysui_multi_action: [757,0,758,1,759,0,927,2,928,0,1593,1]
11-29 06:57:48.407 19381 19381 I sysui_multi_action: [757,0,758,1,759,0,927,3,928,0,1593,1]
11-29 06:57:48.414 1491 1760 I GameModeConfig: isGameModeOn = false
11-29 06:57:48.414 1491 1760 I GameModeConfig: isGameModeOn = false
11-29 06:57:48.414 1491 1760 I GameModeConfig: isGameModeOn = false
11-29 06:57:48.414 1491 1760 I GameModeConfig: isGameModeOn = false
11-29 06:57:48.415 19381 19381 I sysui_multi_action: [757,111,758,2]
11-29 06:57:48.415 1491 1491 I notification_enqueue: [10082,19381,com.android.systemui,2048,NULL,0,Notification(channel=updateNotification shortcut=null contentView=null vibrate=null sound=null defaults=0x0 flags=0x0 color=0x00000000 vis=PRIVATE),1]
11-29 06:57:48.415 19381 19381 I sysui_multi_action: [757,111,758,2]
11-29 06:57:48.420 1491 1491 I GameModeConfig: isGameModeOn = false
11-29 06:57:48.420 1491 1491 E NotificationService: Muting recently noisy 0|com.android.systemui|2048|null|10082
11-29 06:57:48.426 1491 1600 I input_focus: [Focus request cd0514f com.android.launcher3/com.android.launcher3.uioverrides.QuickstepLauncher,reason=UpdateInputWindows]
11-29 06:57:48.427 19381 19381 I sysui_multi_action: [757,111,758,1]
11-29 06:57:48.427 19381 19381 I sysui_multi_action: [757,126,758,1,759,126,927,0,928,1,1593,0]
11-29 06:57:48.427 19381 19381 I sysui_multi_action: [757,113,758,1,759,113,927,1,928,1,1593,0]
11-29 06:57:48.427 19381 19381 I sysui_multi_action: [757,0,758,1,759,0,927,2,928,0,1593,0]
11-29 06:57:48.427 19381 19381 I sysui_multi_action: [757,0,758,1,759,0,927,3,928,0,1593,0]
11-29 06:57:48.427 19381 19381 I sysui_multi_action: [757,491,758,1,759,491,927,4,928,0,1311,-1,1593,0]
11-29 06:57:48.427 19381 19381 I sysui_multi_action: [757,0,758,1,759,0,927,5,928,0,1593,0]
11-29 06:57:48.427 19381 19381 I sysui_multi_action: [757,111,758,1]
11-29 06:57:48.427 19381 19381 I sysui_multi_action: [757,126,758,1,759,126,927,0,928,1,1593,0]
11-29 06:57:48.427 19381 19381 I sysui_multi_action: [757,113,758,1,759,113,927,1,928,1,1593,0]
11-29 06:57:48.427 19381 19381 I sysui_multi_action: [757,0,758,1,759,0,927,2,928,0,1593,0]
11-29 06:57:48.427 19381 19381 I sysui_multi_action: [757,0,758,1,759,0,927,3,928,0,1593,0]
11-29 06:57:48.428 1491 1693 I input_focus: [Focus leaving cd0514f com.android.launcher3/com.android.launcher3.uioverrides.QuickstepLauncher (server),reason=setFocusedWindow]
11-29 06:57:48.428 1491 1693 I input_focus: [Focus entering b10ffe2 NotificationShade (server),reason=setFocusedWindow]
11-29 06:57:48.428 16043 16059 W ContextImpl: Calling a method in the system process without a qualified user: android.app.ContextImpl.startService:1816 android.content.ContextWrapper.startService:774 com.thundercomm.gamemode.ingame.services.GameModeActionUtils.startGameModeService:93 com.thundercomm.gamemode.ingame.services.GameModeActionUtils.startGameModeEntry:21 com.thundercomm.gamemode.ingame.services.ActivityMonitoringService$1.onActivityLaunch:127
11-29 06:57:48.433 1491 1491 I GameModeConfig: Current uri is uri = content://com.thundercomm.gamemode.api/gamemode_settings/gamemode_isgaming
11-29 06:57:48.434 1491 1491 I GameModeConfig: isGameModeOn = false
11-29 06:57:48.434 1491 1491 I GameModeConfig: isGameModeOn = false
11-29 06:57:48.434 1491 1491 I GameModeConfig: isDisableVoice = true
11-29 06:57:48.436 1491 1491 I GameModeConfig: isGameModeOn = false
11-29 06:57:48.436 1491 1491 E NotificationService: Muting recently noisy 0|com.android.systemui|2048|null|10082
11-29 06:57:48.437 1491 1693 I input_focus: [Focus leaving b10ffe2 NotificationShade (server),reason=NOT_FOCUSABLE]
11-29 06:57:48.437 1491 1693 I input_focus: [Focus entering cd0514f com.android.launcher3/com.android.launcher3.uioverrides.QuickstepLauncher (server),reason=setFocusedWindow]
11-29 06:57:48.439 1491 1760 I GameModeConfig: isGameModeOn = false
11-29 06:57:48.439 1491 1760 I GameModeConfig: isGameModeOn = false
11-29 06:57:48.439 1491 1760 I GameModeConfig: isGameModeOn = false
11-29 06:57:48.439 1491 1760 I GameModeConfig: isGameModeOn = false
11-29 06:57:48.440 19381 19381 I sysui_multi_action: [757,111,758,2]
11-29 06:57:48.440 19381 19381 I sysui_multi_action: [757,111,758,2]
11-29 06:57:48.441 1491 1491 I notification_enqueue: [10082,19381,com.android.systemui,2048,NULL,0,Notification(channel=updateNotification shortcut=null contentView=null vibrate=null sound=null defaults=0x0 flags=0x0 color=0x00000000 vis=PRIVATE),1]
11-29 06:57:48.443 19381 19381 I sysui_multi_action: [757,111,758,1]
11-29 06:57:48.443 19381 19381 I sysui_multi_action: [757,126,758,1,759,126,927,0,928,1,1593,1]
11-29 06:57:48.443 19381 19381 I sysui_multi_action: [757,113,758,1,759,113,927,1,928,1,1593,1]
11-29 06:57:48.443 19381 19381 I sysui_multi_action: [757,0,758,1,759,0,927,2,928,0,1593,1]
11-29 06:57:48.443 19381 19381 I sysui_multi_action: [757,0,758,1,759,0,927,3,928,0,1593,1]
11-29 06:57:48.443 19381 19381 I sysui_multi_action: [757,491,758,1,759,491,927,4,928,0,1311,-1,1593,0]
11-29 06:57:48.443 19381 19381 I sysui_multi_action: [757,0,758,1,759,0,927,5,928,0,1593,0]
11-29 06:57:48.443 19381 19381 I sysui_multi_action: [757,111,758,1]
11-29 06:57:48.443 19381 19381 I sysui_multi_action: [757,126,758,1,759,126,927,0,928,1,1593,1]
11-29 06:57:48.443 19381 19381 I sysui_multi_action: [757,113,758,1,759,113,927,1,928,1,1593,1]
11-29 06:57:48.443 19381 19381 I sysui_multi_action: [757,0,758,1,759,0,927,2,928,0,1593,1]
11-29 06:57:48.443 19381 19381 I sysui_multi_action: [757,0,758,1,759,0,927,3,928,0,1593,1]
11-29 06:57:48.451 1491 1491 I GameModeConfig: isGameModeOn = false
11-29 06:57:48.451 1491 1491 E NotificationService: Muting recently noisy 0|com.android.systemui|2048|null|10082
11-29 06:57:48.452 16043 16059 W ContextImpl: Calling a method in the system process without a qualified user: android.app.ContextImpl.startService:1816 android.content.ContextWrapper.startService:774 com.thundercomm.gamemode.ingame.services.GameModeActionUtils.startGameModeService:93 com.thundercomm.gamemode.ingame.services.GameModeActionUtils.startGameModeEntry:21 com.thundercomm.gamemode.ingame.services.ActivityMonitoringService$1.onActivityLaunch:127
11-29 06:57:48.456 1491 1491 I GameModeConfig: Current uri is uri = content://com.thundercomm.gamemode.api/gamemode_settings/gamemode_isgaming
11-29 06:57:48.458 1491 1491 I GameModeConfig: isGameModeOn = false
11-29 06:57:48.458 1491 1491 I GameModeConfig: isGameModeOn = false
11-29 06:57:48.458 1491 1491 I GameModeConfig: isDisableVoice = true
11-29 06:57:48.458 1491 1760 I GameModeConfig: isGameModeOn = false
11-29 06:57:48.458 1491 1760 I GameModeConfig: isGameModeOn = false
11-29 06:57:48.458 1491 1760 I GameModeConfig: isGameModeOn = false
11-29 06:57:48.459 1491 1760 I GameModeConfig: isGameModeOn = false
11-29 06:57:48.459 19381 19381 I sysui_multi_action: [757,111,758,2]
11-29 06:57:48.459 1491 1491 I notification_enqueue: [10082,19381,com.android.systemui,2048,NULL,0,Notification(channel=updateNotification shortcut=null contentView=null vibrate=null sound=null defaults=0x0 flags=0x0 color=0x00000000 vis=PRIVATE),1]
11-29 06:57:48.459 19381 19381 I sysui_multi_action: [757,111,758,2]
11-29 06:57:48.467 19381 19381 I sysui_multi_action: [757,111,758,1]
11-29 06:57:48.467 19381 19381 I sysui_multi_action: [757,126,758,1,759,126,927,0,928,1,1593,1]
11-29 06:57:48.467 19381 19381 I sysui_multi_action: [757,113,758,1,759,113,927,1,928,1,1593,1]
11-29 06:57:48.467 19381 19381 I sysui_multi_action: [757,0,758,1,759,0,927,2,928,0,1593,1]
11-29 06:57:48.468 19381 19381 I sysui_multi_action: [757,0,758,1,759,0,927,3,928,0,1593,1]
11-29 06:57:48.468 19381 19381 I sysui_multi_action: [757,491,758,1,759,491,927,4,928,0,1311,-1,1593,0]
11-29 06:57:48.468 19381 19381 I sysui_multi_action: [757,0,758,1,759,0,927,5,928,0,1593,0]
11-29 06:57:48.468 19381 19381 I sysui_multi_action: [757,111,758,1]
11-29 06:57:48.468 19381 19381 I sysui_multi_action: [757,126,758,1,759,126,927,0,928,1,1593,1]
11-29 06:57:48.468 19381 19381 I sysui_multi_action: [757,113,758,1,759,113,927,1,928,1,1593,1]
11-29 06:57:48.468 19381 19381 I sysui_multi_action: [757,0,758,1,759,0,927,2,928,0,1593,1]
11-29 06:57:48.468 19381 19381 I sysui_multi_action: [757,0,758,1,759,0,927,3,928,0,1593,1]
11-29 06:57:48.469 1491 1491 I GameModeConfig: isGameModeOn = false
11-29 06:57:48.469 1491 1491 E NotificationService: Muting recently noisy 0|com.android.systemui|2048|null|10082
11-29 06:57:48.479 1491 1760 I GameModeConfig: isGameModeOn = false
11-29 06:57:48.505 1491 1760 I GameModeConfig: isGameModeOn = false
11-29 06:57:48.505 1491 1760 I GameModeConfig: isGameModeOn = false
11-29 06:57:48.505 1491 1760 I GameModeConfig: isGameModeOn = false
11-29 06:57:48.508 19381 19381 I sysui_multi_action: [757,111,758,2]
11-29 06:57:48.509 19381 19381 I sysui_multi_action: [757,111,758,2]
11-29 06:57:48.509 1491 1491 I GameModeConfig: isGameModeOn = false
11-29 06:57:48.510 1491 1491 E NotificationService: Muting recently noisy 0|com.android.systemui|2048|null|10082
11-29 06:57:48.511 1491 1491 I GameModeConfig: isGameModeOn = false
11-29 06:57:48.511 19381 19381 I sysui_multi_action: [757,111,758,1]
11-29 06:57:48.511 19381 19381 I sysui_multi_action: [757,126,758,1,759,126,927,0,928,1,1593,0]
11-29 06:57:48.511 1491 1491 E NotificationService: Muting recently noisy 0|com.android.systemui|2048|null|10082
11-29 06:57:48.511 19381 19381 I sysui_multi_action: [757,113,758,1,759,113,927,1,928,1,1593,0]
11-29 06:57:48.512 19381 19381 I sysui_multi_action: [757,0,758,1,759,0,927,2,928,0,1593,0]
11-29 06:57:48.512 19381 19381 I sysui_multi_action: [757,0,758,1,759,0,927,3,928,0,1593,0]
11-29 06:57:48.512 19381 19381 I sysui_multi_action: [757,491,758,1,759,491,927,4,928,0,1311,-1,1593,0]
11-29 06:57:48.512 19381 19381 I sysui_multi_action: [757,0,758,1,759,0,927,5,928,0,1593,0]
11-29 06:57:48.512 19381 19381 I sysui_multi_action: [757,111,758,1]
11-29 06:57:48.512 19381 19381 I sysui_multi_action: [757,126,758,1,759,126,927,0,928,1,1593,0]
11-29 06:57:48.512 19381 19381 I sysui_multi_action: [757,113,758,1,759,113,927,1,928,1,1593,0]
11-29 06:57:48.512 19381 19381 I sysui_multi_action: [757,0,758,1,759,0,927,2,928,0,1593,0]
11-29 06:57:48.512 19381 19381 I sysui_multi_action: [757,0,758,1,759,0,927,3,928,0,1593,0]
11-29 06:57:48.515 1491 1491 I notification_enqueue: [10082,19381,com.android.systemui,2048,NULL,0,Notification(channel=updateNotification shortcut=null contentView=null vibrate=null sound=null defaults=0x0 flags=0x0 color=0x00000000 vis=PRIVATE),1]
11-29 06:57:48.522 1491 1760 I GameModeConfig: isGameModeOn = false
11-29 06:57:48.522 1491 1760 I GameModeConfig: isGameModeOn = false
11-29 06:57:48.522 1491 1760 I GameModeConfig: isGameModeOn = false
11-29 06:57:48.522 1491 1760 I GameModeConfig: isGameModeOn = false
11-29 06:57:48.522 19381 19381 I sysui_multi_action: [757,111,758,2]
11-29 06:57:48.522 1491 1491 I notification_enqueue: [10082,19381,com.android.systemui,2048,NULL,0,Notification(channel=updateNotification shortcut=null contentView=null vibrate=null sound=null defaults=0x0 flags=0x0 color=0x00000000 vis=PRIVATE),1]
11-29 06:57:48.522 19381 19381 I sysui_multi_action: [757,111,758,2]
11-29 06:57:48.532 19381 19381 I sysui_multi_action: [757,111,758,1]
11-29 06:57:48.532 19381 19381 I sysui_multi_action: [757,126,758,1,759,126,927,0,928,1,1593,1]
11-29 06:57:48.532 19381 19381 I sysui_multi_action: [757,113,758,1,759,113,927,1,928,1,1593,1]
11-29 06:57:48.532 19381 19381 I sysui_multi_action: [757,0,758,1,759,0,927,2,928,0,1593,1]
11-29 06:57:48.532 19381 19381 I sysui_multi_action: [757,0,758,1,759,0,927,3,928,0,1593,1]
11-29 06:57:48.532 19381 19381 I sysui_multi_action: [757,491,758,1,759,491,927,4,928,0,1311,-1,1593,0]
11-29 06:57:48.532 19381 19381 I sysui_multi_action: [757,0,758,1,759,0,927,5,928,0,1593,0]
11-29 06:57:48.532 19381 19381 I sysui_multi_action: [757,111,758,1]
11-29 06:57:48.532 19381 19381 I sysui_multi_action: [757,126,758,1,759,126,927,0,928,1,1593,1]
11-29 06:57:48.532 19381 19381 I sysui_multi_action: [757,113,758,1,759,113,927,1,928,1,1593,1]
11-29 06:57:48.532 19381 19381 I sysui_multi_action: [757,0,758,1,759,0,927,2,928,0,1593,1]
11-29 06:57:48.532 19381 19381 I sysui_multi_action: [757,0,758,1,759,0,927,3,928,0,1593,1]
11-29 06:57:48.533 1491 1760 I GameModeConfig: isGameModeOn = false
11-29 06:57:48.539 1491 1760 I GameModeConfig: isGameModeOn = false
11-29 06:57:48.539 1491 1760 I GameModeConfig: isGameModeOn = false
11-29 06:57:48.539 1491 1760 I GameModeConfig: isGameModeOn = false
11-29 06:57:48.539 1491 1760 I GameModeConfig: isGameModeOn = false
11-29 06:57:48.539 19381 19381 I sysui_multi_action: [757,111,758,2]
11-29 06:57:48.539 19381 19381 I sysui_multi_action: [757,111,758,2]
11-29 06:57:48.540 1491 1491 I notification_enqueue: [10082,19381,com.android.systemui,2048,NULL,0,Notification(channel=updateNotification shortcut=null contentView=null vibrate=null sound=null defaults=0x0 flags=0x0 color=0x00000000 vis=PRIVATE),1]
11-29 06:57:48.541 1491 2060 I sysui_multi_action: [757,127,758,2]
11-29 06:57:48.541 1491 2060 I notification_panel_hidden:
11-29 06:57:48.546 1491 1673 I commit_sys_config_file: [settings-1-0,7]
11-29 06:57:48.548 19381 19381 I sysui_multi_action: [757,111,758,1]
11-29 06:57:48.548 19381 19381 I sysui_multi_action: [757,126,758,1,759,126,927,0,928,1,1593,1]
11-29 06:57:48.548 19381 19381 I sysui_multi_action: [757,113,758,1,759,113,927,1,928,1,1593,1]
11-29 06:57:48.549 19381 19381 I sysui_multi_action: [757,0,758,1,759,0,927,2,928,0,1593,1]
11-29 06:57:48.549 19381 19381 I sysui_multi_action: [757,0,758,1,759,0,927,3,928,0,1593,1]
11-29 06:57:48.549 19381 19381 I sysui_multi_action: [757,491,758,1,759,491,927,4,928,0,1311,-1,1593,0]
11-29 06:57:48.549 19381 19381 I sysui_multi_action: [757,0,758,1,759,0,927,5,928,0,1593,0]
11-29 06:57:48.549 19381 19381 I sysui_multi_action: [757,111,758,1]
11-29 06:57:48.549 19381 19381 I sysui_multi_action: [757,126,758,1,759,126,927,0,928,1,1593,1]
11-29 06:57:48.549 19381 19381 I sysui_multi_action: [757,113,758,1,759,113,927,1,928,1,1593,1]
11-29 06:57:48.549 19381 19381 I sysui_multi_action: [757,0,758,1,759,0,927,2,928,0,1593,1]
11-29 06:57:48.549 19381 19381 I sysui_multi_action: [757,0,758,1,759,0,927,3,928,0,1593,1]
11-29 06:57:48.550 1491 1491 I GameModeConfig: isGameModeOn = false
11-29 06:57:48.551 1491 1491 E NotificationService: Muting recently noisy 0|com.android.systemui|2048|null|10082
11-29 06:57:48.563 1491 1491 I GameModeConfig: isGameModeOn = false
11-29 06:57:48.564 1491 1491 E NotificationService: Muting recently noisy 0|com.android.systemui|2048|null|10082
11-29 06:57:48.594 1491 1491 I GameModeConfig: isGameModeOn = false
11-29 06:57:48.595 1491 1491 E NotificationService: Muting recently noisy 0|com.android.systemui|2048|null|10082
11-29 06:57:48.617 1491 1491 I GameModeConfig: isGameModeOn = false
11-29 06:57:48.618 1491 1491 E NotificationService: Muting recently noisy 0|com.android.systemui|2048|null|10082
11-29 06:57:48.643 1491 1491 I GameModeConfig: isGameModeOn = false
11-29 06:57:48.644 1491 1491 E NotificationService: Muting recently noisy 0|com.android.systemui|2048|null|10082
11-29 06:57:48.661 1491 1491 I GameModeConfig: isGameModeOn = false
11-29 06:57:48.661 1491 1491 E NotificationService: Muting recently noisy 0|com.android.systemui|2048|null|10082
11-29 06:57:48.716 1491 1491 I GameModeConfig: isGameModeOn = false
11-29 06:57:48.716 1491 1491 E NotificationService: Muting recently noisy 0|com.android.systemui|2048|null|10082
11-29 06:57:48.723 1491 1491 I GameModeConfig: isGameModeOn = false
11-29 06:57:48.724 1491 1491 E NotificationService: Muting recently noisy 0|com.android.systemui|2048|null|10082
11-29 06:57:48.742 1491 1491 I GameModeConfig: isGameModeOn = false
11-29 06:57:48.742 1491 1491 E NotificationService: Muting recently noisy 0|com.android.systemui|2048|null|10082
11-29 06:57:48.837 1491 1673 I commit_sys_config_file: [settings-1-0,17]
11-29 06:57:49.079 0 0 I auditd : type=1400 audit(0.0:14311): avc: denied { kill } for comm="swapper/2" capability=5 scontext=u:r:kernel:s0 tcontext=u:r:kernel:s0 tclass=capability permissive=0
11-29 06:57:49.432 1491 1760 I GameModeConfig: isGameModeOn = false
11-29 06:57:49.563 1491 1693 I input_interaction: Interaction with: cd0514f com.android.launcher3/com.android.launcher3.uioverrides.QuickstepLauncher (server), 65ade7e com.android.systemui.ImageWallpaper (server), edge-swipe (server), swipe-up (server), PointerEventDispatcher0 (server),
11-29 06:57:50.029 1491 1723 I netstats_mobile_sample: [0,0,0,0,0,0,0,0,0,0,0,0,1669676270028]
11-29 06:57:50.029 1491 1723 I netstats_wifi_sample: [338010632,781420,147166785,339096,338010632,781420,147166785,339096,411636548,1349145,74145073,173677,1669676270028]
11-29 06:57:50.079 0 0 I auditd : type=1400 audit(0.0:14312): avc: denied { kill } for comm="swapper/2" capability=5 scontext=u:r:kernel:s0 tcontext=u:r:kernel:s0 tclass=capability permissive=0
11-29 06:57:50.085 1491 8854 I wm_finish_activity: [0,266074336,153,com.android.settings/.homepage.SettingsHomepageActivity,remove-task]
11-29 06:57:50.086 1491 8854 I wm_destroy_activity: [0,266074336,153,com.android.settings/.homepage.SettingsHomepageActivity,finish-imm:finishIfPossible]
11-29 06:57:50.101 1491 1599 I ActivityManager: Killing 19544:com.android.settings/1000 (adj 900): remove task
11-29 06:57:50.101 1491 1599 I am_kill : [0,19544,com.android.settings,900,remove task]
11-29 06:57:50.102 1491 1599 I sysui_multi_action: [757,803,799,window_time_0,802,2]
11-29 06:57:50.121 1491 2756 E TaskPersister: File error accessing recents directory (directory doesn't exist?).
11-29 06:57:50.152 1491 8701 I WindowManager: WIN DEATH: Window{4a749ca u0 com.android.settings/com.android.settings.homepage.SettingsHomepageActivity}
11-29 06:57:50.153 1491 8854 I am_proc_died: [0,19544,com.android.settings,900,18]
11-29 06:57:50.161 1491 8854 I wm_task_removed: [153,removeChild:removeChild last r=ActivityRecord{fdbf8e0 u0 com.android.settings/.homepage.SettingsHomepageActivity t-1 f}} in t=Task{c89fb27 #153 type=standard A=1000:com.android.settings.root U=0 visible=false mode=fullscreen translucent=true sz=0}]
11-29 06:57:50.161 1491 8854 I wm_task_removed: [153,removeChild]
11-29 06:57:50.164 1491 1600 W ActivityTaskManager: Can't find TaskDisplayArea to determine support for multi window. Task id=153 attached=false
11-29 06:57:50.164 1491 1600 W ActivityTaskManager: Can't find TaskDisplayArea to determine support for multi window. Task id=153 attached=false
11-29 06:57:50.164 1491 1599 W ActivityManager: setHasOverlayUi called on unknown pid: 19544
11-29 06:57:50.165 1491 1607 W UsageStatsService: Unexpected activity event reported! (com.android.settings/com.android.settings.homepage.SettingsHomepageActivity event : 23 instanceId : 129138333)
11-29 06:57:50.168 1491 1599 D CompatibilityChangeReporter: Compat change id reported: 135634846; UID 1000; state: DISABLED
11-29 06:57:50.169 1491 1599 D CompatibilityChangeReporter: Compat change id reported: 177438394; UID 1000; state: DISABLED
11-29 06:57:50.169 1491 1599 D CompatibilityChangeReporter: Compat change id reported: 135772972; UID 1000; state: DISABLED
11-29 06:57:50.169 1491 1599 D CompatibilityChangeReporter: Compat change id reported: 135754954; UID 1000; state: ENABLED
11-29 06:57:50.178 1491 1609 I am_proc_start: [0,19688,1000,com.android.settings,NULL,]
11-29 06:57:50.178 1491 1609 I ActivityManager: Start proc 19688:com.android.settings/1000 for null
11-29 06:57:50.195 16043 16059 W ContextImpl: Calling a method in the system process without a qualified user: android.app.ContextImpl.startService:1816 android.content.ContextWrapper.startService:774 com.thundercomm.gamemode.ingame.services.GameModeActionUtils.startGameModeService:93 com.thundercomm.gamemode.ingame.services.GameModeActionUtils.startGameModeEntry:21 com.thundercomm.gamemode.ingame.services.ActivityMonitoringService$1.onActivityLaunch:127
11-29 06:57:50.202 1491 1491 I GameModeConfig: Current uri is uri = content://com.thundercomm.gamemode.api/gamemode_settings/gamemode_isgaming
11-29 06:57:50.204 1491 1491 I GameModeConfig: isGameModeOn = false
11-29 06:57:50.204 1491 1491 I GameModeConfig: isGameModeOn = false
11-29 06:57:50.204 1491 1491 I GameModeConfig: isDisableVoice = true
11-29 06:57:50.206 1491 8786 I am_proc_bound: [0,19688,com.android.settings]
11-29 06:57:50.869 1491 1760 I GameModeConfig: isGameModeOn = false
11-29 06:57:50.894 1491 1760 I GameModeConfig: isGameModeOn = false
11-29 06:57:50.904 1491 1760 I GameModeConfig: isGameModeOn = false
11-29 06:57:50.919 1491 1760 I GameModeConfig: isGameModeOn = false
11-29 06:57:50.934 1491 1760 I GameModeConfig: isGameModeOn = false
11-29 06:57:50.946 1491 1760 I GameModeConfig: isGameModeOn = false
11-29 06:57:50.963 1491 1760 I GameModeConfig: isGameModeOn = false
11-29 06:57:50.980 1491 1760 I GameModeConfig: isGameModeOn = false
11-29 06:57:50.997 1491 1760 I GameModeConfig: isGameModeOn = false
11-29 06:57:51.014 1491 1760 I GameModeConfig: isGameModeOn = false
11-29 06:57:51.030 1491 1760 I GameModeConfig: isGameModeOn = false
11-29 06:57:51.047 1491 1760 I GameModeConfig: isGameModeOn = false
11-29 06:57:51.063 1491 1760 I GameModeConfig: isGameModeOn = false
11-29 06:57:51.066 1491 1760 I GameModeConfig: isGameModeOn = false
11-29 06:57:51.081 1491 1760 I GameModeConfig: isGameModeOn = false
11-29 06:57:51.079 0 0 I auditd : type=1400 audit(0.0:14313): avc: denied { kill } for comm="swapper/2" capability=5 scontext=u:r:kernel:s0 tcontext=u:r:kernel:s0 tclass=capability permissive=0
11-29 06:57:51.093 1491 1760 I GameModeConfig: isGameModeOn = false
11-29 06:57:51.098 1491 1760 I GameModeConfig: isGameModeOn = false
11-29 06:57:51.110 1491 1760 I GameModeConfig: isGameModeOn = false
11-29 06:57:51.115 1491 1760 I GameModeConfig: isGameModeOn = false
11-29 06:57:51.125 1491 1760 I GameModeConfig: isGameModeOn = false
11-29 06:57:51.130 1491 1760 I GameModeConfig: isGameModeOn = false
11-29 06:57:51.138 1491 1760 I GameModeConfig: isGameModeOn = false
11-29 06:57:51.147 1491 1760 I GameModeConfig: isGameModeOn = false
11-29 06:57:51.153 1491 1760 I GameModeConfig: isGameModeOn = false
11-29 06:57:51.164 1491 1760 I GameModeConfig: isGameModeOn = false
