11-29 06:48:02.513 17555 17555 I sysui_multi_action: [757,111,758,2]
11-29 06:48:02.515 1491 1693 I input_focus: [Focus leaving 61d5e1e com.android.gallery3d/com.android.gallery3d.app.MovieActivity (server),reason=setFocusedWindow]
11-29 06:48:02.515 1491 1693 I input_focus: [Focus entering ca22503 NotificationShade (server),reason=setFocusedWindow]
11-29 06:48:02.515 1491 1491 I notification_enqueue: [10082,17555,com.android.systemui,2048,NULL,0,Notification(channel=updateNotification shortcut=null contentView=null vibrate=null sound=null defaults=0x0 flags=0x0 color=0x00000000 vis=PRIVATE),1]
11-29 06:48:02.520 17555 17555 I sysui_multi_action: [757,111,758,1]
11-29 06:48:02.520 17555 17555 I sysui_multi_action: [757,126,758,1,759,126,927,0,928,1,1593,0]
11-29 06:48:02.521 17555 17555 I sysui_multi_action: [757,113,758,1,759,113,927,1,928,1,1593,0]
11-29 06:48:02.521 17555 17555 I sysui_multi_action: [757,0,758,1,759,0,927,2,928,0,1593,0]
11-29 06:48:02.521 17555 17555 I sysui_multi_action: [757,0,758,1,759,0,927,3,928,0,1593,0]
11-29 06:48:02.521 17555 17555 I sysui_multi_action: [757,491,758,1,759,491,927,4,928,0,1311,-1,1593,0]
11-29 06:48:02.521 17555 17555 I sysui_multi_action: [757,0,758,1,759,0,927,5,928,0,1593,0]
11-29 06:48:02.521 17555 17555 I sysui_multi_action: [757,111,758,1]
11-29 06:48:02.521 17555 17555 I sysui_multi_action: [757,126,758,1,759,126,927,0,928,1,1593,0]
11-29 06:48:02.521 17555 17555 I sysui_multi_action: [757,113,758,1,759,113,927,1,928,1,1593,0]
11-29 06:48:02.521 17555 17555 I sysui_multi_action: [757,0,758,1,759,0,927,2,928,0,1593,0]
11-29 06:48:02.521 17555 17555 I sysui_multi_action: [757,0,758,1,759,0,927,3,928,0,1593,0]
11-29 06:48:02.532 1491 1760 I GameModeConfig: isGameModeOn = false
11-29 06:48:02.533 1491 1760 I GameModeConfig: isGameModeOn = false
11-29 06:48:02.533 1491 1760 I GameModeConfig: isGameModeOn = false
11-29 06:48:02.533 1491 1760 I GameModeConfig: isGameModeOn = false
11-29 06:48:02.534 17555 17555 I sysui_multi_action: [757,111,758,2]
11-29 06:48:02.534 17555 17555 I sysui_multi_action: [757,111,758,2]
11-29 06:48:02.534 1491 1491 I notification_enqueue: [10082,17555,com.android.systemui,2048,NULL,0,Notification(channel=updateNotification shortcut=null contentView=null vibrate=null sound=null defaults=0x0 flags=0x0 color=0x00000000 vis=PRIVATE),1]
11-29 06:48:02.537 17555 17555 I sysui_multi_action: [757,111,758,1]
11-29 06:48:02.537 17555 17555 I sysui_multi_action: [757,126,758,1,759,126,927,0,928,1,1593,0]
11-29 06:48:02.537 17555 17555 I sysui_multi_action: [757,113,758,1,759,113,927,1,928,1,1593,0]
11-29 06:48:02.537 17555 17555 I sysui_multi_action: [757,0,758,1,759,0,927,2,928,0,1593,0]
11-29 06:48:02.537 17555 17555 I sysui_multi_action: [757,0,758,1,759,0,927,3,928,0,1593,0]
11-29 06:48:02.537 17555 17555 I sysui_multi_action: [757,491,758,1,759,491,927,4,928,0,1311,-1,1593,0]
11-29 06:48:02.537 17555 17555 I sysui_multi_action: [757,0,758,1,759,0,927,5,928,0,1593,0]
11-29 06:48:02.537 17555 17555 I sysui_multi_action: [757,111,758,1]
11-29 06:48:02.537 17555 17555 I sysui_multi_action: [757,126,758,1,759,126,927,0,928,1,1593,0]
11-29 06:48:02.537 17555 17555 I sysui_multi_action: [757,113,758,1,759,113,927,1,928,1,1593,0]
11-29 06:48:02.537 17555 17555 I sysui_multi_action: [757,0,758,1,759,0,927,2,928,0,1593,0]
11-29 06:48:02.537 17555 17555 I sysui_multi_action: [757,0,758,1,759,0,927,3,928,0,1593,0]
11-29 06:48:02.549 1491 1760 I GameModeConfig: isGameModeOn = false
11-29 06:48:02.550 1491 1760 I GameModeConfig: isGameModeOn = false
11-29 06:48:02.550 1491 1760 I GameModeConfig: isGameModeOn = false
11-29 06:48:02.550 1491 1760 I GameModeConfig: isGameModeOn = false
11-29 06:48:02.551 17555 17555 I sysui_multi_action: [757,111,758,2]
11-29 06:48:02.551 17555 17555 I sysui_multi_action: [757,111,758,2]
11-29 06:48:02.552 1491 1491 I notification_enqueue: [10082,17555,com.android.systemui,2048,NULL,0,Notification(channel=updateNotification shortcut=null contentView=null vibrate=null sound=null defaults=0x0 flags=0x0 color=0x00000000 vis=PRIVATE),1]
11-29 06:48:02.554 17555 17555 I sysui_multi_action: [757,111,758,1]
11-29 06:48:02.554 17555 17555 I sysui_multi_action: [757,126,758,1,759,126,927,0,928,1,1593,0]
11-29 06:48:02.554 17555 17555 I sysui_multi_action: [757,113,758,1,759,113,927,1,928,1,1593,0]
11-29 06:48:02.554 17555 17555 I sysui_multi_action: [757,0,758,1,759,0,927,2,928,0,1593,0]
11-29 06:48:02.554 17555 17555 I sysui_multi_action: [757,0,758,1,759,0,927,3,928,0,1593,0]
11-29 06:48:02.554 17555 17555 I sysui_multi_action: [757,491,758,1,759,491,927,4,928,0,1311,-1,1593,0]
11-29 06:48:02.554 17555 17555 I sysui_multi_action: [757,0,758,1,759,0,927,5,928,0,1593,0]
11-29 06:48:02.555 17555 17555 I sysui_multi_action: [757,111,758,1]
11-29 06:48:02.555 17555 17555 I sysui_multi_action: [757,126,758,1,759,126,927,0,928,1,1593,0]
11-29 06:48:02.555 17555 17555 I sysui_multi_action: [757,113,758,1,759,113,927,1,928,1,1593,0]
11-29 06:48:02.555 17555 17555 I sysui_multi_action: [757,0,758,1,759,0,927,2,928,0,1593,0]
11-29 06:48:02.555 17555 17555 I sysui_multi_action: [757,0,758,1,759,0,927,3,928,0,1593,0]
11-29 06:48:02.658 1491 1491 I GameModeConfig: isGameModeOn = false
11-29 06:48:02.659 1491 1491 I sysui_multi_action: [757,1501,758,1,793,12839920,794,0,795,206,796,2048,806,com.android.systemui,857,updateNotification,858,3,947,0,1500,0,1688,1]
11-29 06:48:02.659 1491 1491 I sysui_multi_action: [757,804,799,note_interruptive,801,0,802,1]
11-29 06:48:02.659 1491 1491 I sysui_multi_action: [757,199,758,1,759,2,793,12839920,794,0,795,206,796,2048,806,com.android.systemui,857,updateNotification,858,3,947,0,1500,0,1688,1]
11-29 06:48:02.660 1491 1491 I notification_alert: [0|com.android.systemui|2048|null|10082,0,1,0]
11-29 06:48:02.661 1491 1491 W NotificationHistory: Attempted to add notif for locked/gone/disabled user 0
11-29 06:48:02.686 1491 7158 W WindowManager: updateScale0.7996942
11-29 06:48:02.686 1491 7158 W WindowManager: updateScale0.7996942
11-29 06:48:02.690 1491 2061 W WindowManager: updateScale0.7996942
11-29 06:48:02.690 1491 2061 W WindowManager: updateScale0.7996942
11-29 06:48:02.700 1491 1491 I GameModeConfig: isGameModeOn = false
11-29 06:48:02.700 1491 1491 E NotificationService: Muting recently noisy 0|com.android.systemui|2048|null|10082
11-29 06:48:02.717 1491 1491 I GameModeConfig: isGameModeOn = false
11-29 06:48:02.718 1491 1491 E NotificationService: Muting recently noisy 0|com.android.systemui|2048|null|10082
11-29 06:48:02.736 1491 1491 I GameModeConfig: isGameModeOn = false
11-29 06:48:02.737 1491 1491 E NotificationService: Muting recently noisy 0|com.android.systemui|2048|null|10082
11-29 06:48:02.757 1491 1491 I GameModeConfig: isGameModeOn = false
11-29 06:48:02.757 1491 1491 E NotificationService: Muting recently noisy 0|com.android.systemui|2048|null|10082
11-29 06:48:03.023 1491 2060 I sysui_multi_action: [757,128,758,1,793,11447795,794,0,795,11447795,796,26,798,0,806,android,857,DEVELOPER_IMPORTANT,858,4,947,0,1395,2,1500,11447590,1688,1]
11-29 06:48:03.023 1491 2060 I sysui_multi_action: [757,804,799,note_freshness,801,11447795,802,1]
11-29 06:48:03.023 1491 2060 I notification_visibility: [-1|android|26|null|1000,1,11447795,11447795,0,0]
11-29 06:48:03.024 1491 2060 I sysui_multi_action: [757,128,758,1,793,11447800,794,0,795,11447800,796,32,798,1,806,android,857,USB,858,1,947,0,1395,2,1500,11447597,1688,1]
11-29 06:48:03.024 1491 2060 I sysui_multi_action: [757,804,799,note_freshness,801,11447800,802,1]
11-29 06:48:03.024 1491 2060 I notification_visibility: [-1|android|32|null|1000,1,11447800,11447800,0,1]
11-29 06:48:03.267 1491 1693 I input_interaction: Interaction with: ca22503 NotificationShade (server), edge-swipe (server), swipe-up (server), PointerEventDispatcher0 (server),
11-29 06:48:03.338 1491 9480 I ActivityTaskManager: START u0 {act=com.android.music.PLAYBACK_VIEWER flg=0x10000000 cmp=com.android.music/.MusicBrowserActivity} from uid 10089
11-29 06:48:03.341 1491 9480 I wm_task_created: [133,-1]
11-29 06:48:03.341 1491 9480 W ActivityTaskManager: Can't find TaskDisplayArea to determine support for multi window. Task id=133 attached=false
11-29 06:48:03.344 1491 9480 D CompatibilityChangeReporter: Compat change id reported: 174042980; UID 10089; state: DISABLED
11-29 06:48:03.345 1491 9480 D CompatibilityChangeReporter: Compat change id reported: 184838306; UID 10089; state: DISABLED
11-29 06:48:03.346 1491 9480 D CompatibilityChangeReporter: Compat change id reported: 185004937; UID 10089; state: DISABLED
11-29 06:48:03.347 1491 9480 D CompatibilityChangeReporter: Compat change id reported: 181136395; UID 10089; state: DISABLED
11-29 06:48:03.347 1491 9480 D CompatibilityChangeReporter: Compat change id reported: 174042936; UID 10089; state: DISABLED
11-29 06:48:03.348 1491 9480 I wm_task_moved: [133,1,8]
11-29 06:48:03.348 1491 9480 I wm_task_to_front: [0,133]
11-29 06:48:03.349 1491 9480 I wm_create_task: [0,133]
11-29 06:48:03.349 1491 9480 I wm_create_activity: [0,18450025,133,com.android.music/.MusicBrowserActivity,com.android.music.PLAYBACK_VIEWER,NULL,NULL,268435456]
11-29 06:48:03.350 1491 9480 I wm_task_moved: [133,1,8]
11-29 06:48:03.350 18441 18441 I wm_on_top_resumed_lost_called: [69614388,com.android.gallery3d.app.MovieActivity,topStateChangedWhenResumed]
11-29 06:48:03.351 1491 9480 D CompatibilityChangeReporter: Compat change id reported: 168419799; UID 10089; state: DISABLED
11-29 06:48:03.353 1491 9480 I wm_pause_activity: [0,254362067,com.android.launcher3/.uioverrides.QuickstepLauncher,userLeaving=true,pauseBackTasks]
11-29 06:48:03.355 1491 9480 W WindowManager: updateScale0.7996942
11-29 06:48:03.355 1491 9480 W WindowManager: updateScale0.7996942
11-29 06:48:03.358 9956 9956 I wm_on_paused_called: [254362067,com.android.launcher3.uioverrides.QuickstepLauncher,performPause]
11-29 06:48:03.365 1491 7158 I ActivityTaskManager: FOREGROUND_APPLICATION_CHANGED to com.android.music.MusicBrowserActivity
11-29 06:48:03.369 1491 7158 I ActivityTaskManager: The Process com.android.music Already Exists in BG. So sending its PID: 18447
11-29 06:48:03.370 1491 7158 I wm_add_to_stopping: [0,254362067,com.android.launcher3/.uioverrides.QuickstepLauncher,makeInvisible]
11-29 06:48:03.371 1491 7158 I wm_restart_activity: [0,18450025,133,com.android.music/.MusicBrowserActivity]
11-29 06:48:03.372 1491 7158 I wm_set_resumed_activity: [0,com.android.music/.MusicBrowserActivity,minimalResumeActivityLocked]
11-29 06:48:03.391 1491 1599 I sysui_multi_action: [757,803,799,window_time_2,802,1]
11-29 06:48:03.399 16043 16059 W ContextImpl: Calling a method in the system process without a qualified user: android.app.ContextImpl.startService:1816 android.content.ContextWrapper.startService:774 com.thundercomm.gamemode.ingame.services.GameModeActionUtils.startGameModeService:93 com.thundercomm.gamemode.ingame.services.GameModeActionUtils.startGameModeEntry:21 com.thundercomm.gamemode.ingame.services.ActivityMonitoringService$1.onActivityLaunch:127
11-29 06:48:03.414 1491 1491 I GameModeConfig: Current uri is uri = content://com.thundercomm.gamemode.api/gamemode_settings/gamemode_isgaming
11-29 06:48:03.417 1491 1491 I GameModeConfig: isGameModeOn = false
11-29 06:48:03.418 1491 1491 I GameModeConfig: isGameModeOn = false
11-29 06:48:03.418 1491 1491 I GameModeConfig: isDisableVoice = true
11-29 06:48:03.424 1491 7158 W WindowManager: updateScale0.7996942
11-29 06:48:03.424 1491 7158 W WindowManager: updateScale0.7996942
11-29 06:48:03.439 18447 18447 I wm_on_create_called: [18450025,com.android.music.MusicBrowserActivity,performCreate]
11-29 06:48:03.450 18447 18447 I wm_on_start_called: [18450025,com.android.music.MusicBrowserActivity,handleStartActivity]
11-29 06:48:03.451 18447 18447 I wm_on_resume_called: [18450025,com.android.music.MusicBrowserActivity,RESUME_ACTIVITY]
11-29 06:48:03.457 18447 18447 I wm_on_top_resumed_gained_called: [18450025,com.android.music.MusicBrowserActivity,topStateChangedWhenResumed]
11-29 06:48:03.458 1491 1760 I GameModeConfig: isGameModeOn = false
11-29 06:48:03.458 1491 1760 I GameModeConfig: isGameModeOn = false
11-29 06:48:03.458 1491 1760 I GameModeConfig: isGameModeOn = false
11-29 06:48:03.458 1491 1760 I GameModeConfig: isGameModeOn = false
11-29 06:48:03.473 1491 1491 I notification_enqueue: [10089,18447,com.android.music,1,NULL,0,Notification(channel=Channel-music shortcut=null contentView=null vibrate=null sound=null defaults=0x0 flags=0x42 color=0x00000000 category=transport actions=4 vis=PRIVATE),1]
11-29 06:48:03.475 1491 1491 I notification_enqueue: [10089,18447,com.android.music,1,NULL,0,Notification(channel=Channel-music shortcut=null contentView=null vibrate=null sound=null defaults=0x0 flags=0x42 color=0x00000000 category=transport actions=4 vis=PRIVATE),1]
11-29 06:48:03.479 1491 7158 W WindowManager: updateScale0.7996942
11-29 06:48:03.479 1491 7158 W WindowManager: updateScale0.7996942
11-29 06:48:03.486 1491 1600 W WindowManager: updateScale0.7996942
11-29 06:48:03.487 1491 1600 W WindowManager: updateScale0.7996942
11-29 06:48:03.491 1491 1600 W WindowManager: updateScale0.7996942
11-29 06:48:03.491 16043 16059 W ContextImpl: Calling a method in the system process without a qualified user: android.app.ContextImpl.startService:1816 android.content.ContextWrapper.startService:774 com.thundercomm.gamemode.ingame.services.GameModeActionUtils.startGameModeService:93 com.thundercomm.gamemode.ingame.services.GameModeActionUtils.startGameModeEntry:21 com.thundercomm.gamemode.ingame.services.ActivityMonitoringService$1.onActivityLaunch:127
11-29 06:48:03.491 1491 1600 W WindowManager: updateScale0.7996942
11-29 06:48:03.491 1491 1600 W WindowManager: updateScale0.7996942
11-29 06:48:03.491 1491 1600 W WindowManager: updateScale0.7996942 --------- beginning of crash
11-29 06:48:03.494 17555 17555 E AndroidRuntime: FATAL EXCEPTION: main
11-29 06:48:03.494 17555 17555 E AndroidRuntime: Process: com.android.systemui, PID: 17555
11-29 06:48:03.494 17555 17555 E AndroidRuntime: java.lang.ClassCastException: android.graphics.drawable.NinePatchDrawable cannot be cast to com.android.systemui.media.IlluminationDrawable
11-29 06:48:03.494 17555 17555 E AndroidRuntime: at com.android.systemui.media.MediaControlPanel$1.getCurrentTopCornerRadius(MediaControlPanel.java:535)
11-29 06:48:03.494 17555 17555 E AndroidRuntime: at com.android.systemui.animation.GhostedViewLaunchAnimatorController.createAnimatorState(GhostedViewLaunchAnimatorController.kt:113)
11-29 06:48:03.494 17555 17555 E AndroidRuntime: at com.android.systemui.statusbar.phone.StatusBarLaunchAnimatorController.createAnimatorState(Unknown Source:2)
11-29 06:48:03.494 17555 17555 E AndroidRuntime: at com.android.systemui.animation.ActivityLaunchAnimator$Runner.startAnimation(ActivityLaunchAnimator.kt:445)
11-29 06:48:03.494 17555 17555 E AndroidRuntime: at com.android.systemui.animation.ActivityLaunchAnimator$Runner.access$startAnimation(ActivityLaunchAnimator.kt:365)
11-29 06:48:03.494 17555 17555 E AndroidRuntime: at com.android.systemui.animation.ActivityLaunchAnimator$Runner$onAnimationStart$1.run(ActivityLaunchAnimator.kt:418)
11-29 06:48:03.494 17555 17555 E AndroidRuntime: at android.os.Handler.handleCallback(Handler.java:938)
11-29 06:48:03.494 17555 17555 E AndroidRuntime: at android.os.Handler.dispatchMessage(Handler.java:99)
11-29 06:48:03.494 17555 17555 E AndroidRuntime: at android.os.Looper.loopOnce(Looper.java:201)
11-29 06:48:03.494 17555 17555 E AndroidRuntime: at android.os.Looper.loop(Looper.java:288)
11-29 06:48:03.494 17555 17555 E AndroidRuntime: at android.app.ActivityThread.main(ActivityThread.java:7880)
11-29 06:48:03.494 17555 17555 E AndroidRuntime: at java.lang.reflect.Method.invoke(Native Method)
11-29 06:48:03.494 17555 17555 E AndroidRuntime: at com.android.internal.os.RuntimeInit$MethodAndArgsCaller.run(RuntimeInit.java:548)
11-29 06:48:03.494 17555 17555 E AndroidRuntime: at com.android.internal.os.ZygoteInit.main(ZygoteInit.java:1009)
11-29 06:48:03.494 1491 7158 I am_crash: [17555,0,com.android.systemui,818462221,java.lang.ClassCastException,android.graphics.drawable.NinePatchDrawable cannot be cast to com.android.systemui.media.IlluminationDrawable,MediaControlPanel.java,535]
11-29 06:48:03.498 1491 1491 I GameModeConfig: Current uri is uri = content://com.thundercomm.gamemode.api/gamemode_settings/gamemode_isgaming
11-29 06:48:03.499 1491 1491 I GameModeConfig: isGameModeOn = false
11-29 06:48:03.501 1491 1491 I GameModeConfig: isGameModeOn = false
11-29 06:48:03.501 1491 1491 I GameModeConfig: isDisableVoice = true
11-29 06:48:03.501 1491 7158 I sysui_multi_action: [757,316,758,4,759,-1]
11-29 06:48:03.504 1491 18826 I DropBoxManagerService: add tag=system_app_crash isTagEnabled=true flags=0x2
11-29 06:48:03.515 1491 1600 W WindowManager: updateScale0.7996942
11-29 06:48:03.515 1491 1600 W WindowManager: updateScale0.7996942
11-29 06:48:03.515 1491 1760 I GameModeConfig: isGameModeOn = false
11-29 06:48:03.516 1491 1760 I GameModeConfig: isGameModeOn = false
11-29 06:48:03.516 1491 1760 I GameModeConfig: isGameModeOn = false
11-29 06:48:03.516 1491 1760 I GameModeConfig: isGameModeOn = false
11-29 06:48:03.530 1491 1491 I notification_enqueue: [10089,18447,com.android.music,1,NULL,0,Notification(channel=Channel-music shortcut=null contentView=null vibrate=null sound=null defaults=0x0 flags=0x42 color=0x00000000 category=transport actions=4 vis=PRIVATE),1]
11-29 06:48:03.534 1491 1491 I notification_enqueue: [10089,18447,com.android.music,1,NULL,0,Notification(channel=Channel-music shortcut=null contentView=null vibrate=null sound=null defaults=0x0 flags=0x42 color=0x00000000 category=transport actions=4 vis=PRIVATE),1]
11-29 06:48:03.593 1491 1760 I GameModeConfig: isGameModeOn = false
11-29 06:48:03.618 1491 9370 E BiometricService: Enabled callback binder died
11-29 06:48:03.618 1491 2770 I ActivityManager: Process com.android.systemui (pid 17555) has died: pers PERU
11-29 06:48:03.618 1491 2770 I am_proc_died: [0,17555,com.android.systemui,-800,1]
11-29 06:48:03.619 1491 2060 E LockoutResetTracker: Callback binder died: android.os.BinderProxy@4d8398
11-29 06:48:03.619 1491 2060 E LockoutResetTracker: Removing dead callback for: com.android.systemui
11-29 06:48:03.621 1491 8701 D NotificationListeners: Removing active service ComponentInfo{com.android.systemui/com.android.systemui.statusbar.NotificationListener}
11-29 06:48:03.621 1491 1600 W WindowManager: updateScale0.7996942
11-29 06:48:03.621 1491 1600 W WindowManager: updateScale0.7996942
11-29 06:48:03.623 1491 1600 E TaskOrganizerController: Exception sending onStartTaskFinished callback
11-29 06:48:03.623 1491 1600 E TaskOrganizerController: android.os.DeadObjectException
11-29 06:48:03.623 1491 1600 E TaskOrganizerController: at android.os.BinderProxy.transactNative(Native Method)
11-29 06:48:03.623 1491 1600 E TaskOrganizerController: at android.os.BinderProxy.transact(BinderProxy.java:571)
11-29 06:48:03.623 1491 1600 E TaskOrganizerController: at android.window.ITaskOrganizer$Stub$Proxy.removeStartingWindow(ITaskOrganizer.java:390)
11-29 06:48:03.623 1491 1600 E TaskOrganizerController: at com.android.server.wm.TaskOrganizerController$TaskOrganizerCallbacks.removeStartingWindow(TaskOrganizerController.java:205)
11-29 06:48:03.623 1491 1600 E TaskOrganizerController: at com.android.server.wm.TaskOrganizerController$TaskOrganizerState.removeStartingWindow(TaskOrganizerController.java:320)
11-29 06:48:03.623 1491 1600 E TaskOrganizerController: at com.android.server.wm.TaskOrganizerController.removeStartingWindow(TaskOrganizerController.java:569)
11-29 06:48:03.623 1491 1600 E TaskOrganizerController: at com.android.server.wm.StartingSurfaceController$ShellStartingSurface.remove(StartingSurfaceController.java:170)
11-29 06:48:03.623 1491 1600 E TaskOrganizerController: at com.android.server.wm.ActivityRecord.lambda$removeStartingWindowAnimation$3(ActivityRecord.java:2330)
11-29 06:48:03.623 1491 1600 E TaskOrganizerController: at com.android.server.wm.ActivityRecord$$ExternalSyntheticLambda5.run(Unknown Source:6)
11-29 06:48:03.623 1491 1600 E TaskOrganizerController: at com.android.server.wm.ActivityRecord.removeStartingWindowAnimation(ActivityRecord.java:2337)
11-29 06:48:03.623 1491 1600 E TaskOrganizerController: at com.android.server.wm.ActivityRecord.removeStartingWindow(ActivityRecord.java:2281)
11-29 06:48:03.623 1491 1600 E TaskOrganizerController: at com.android.server.wm.ActivityRecord.onFirstWindowDrawn(ActivityRecord.java:5960)
11-29 06:48:03.623 1491 1600 E TaskOrganizerController: at com.android.server.wm.WindowState.performShowLocked(WindowState.java:4718)
11-29 06:48:03.623 1491 1600 E TaskOrganizerController: at com.android.server.wm.WindowStateAnimator.commitFinishDrawingLocked(WindowStateAnimator.java:287)
11-29 06:48:03.623 1491 1600 E TaskOrganizerController: at com.android.server.wm.DisplayContent.lambda$new$8$DisplayContent(DisplayContent.java:959)
11-29 06:48:03.623 1491 1600 E TaskOrganizerController: at com.android.server.wm.DisplayContent$$ExternalSyntheticLambda28.accept(Unknown Source:4)
11-29 06:48:03.623 1491 1600 E TaskOrganizerController: at com.android.server.wm.WindowContainer$ForAllWindowsConsumerWrapper.apply(WindowContainer.java:2404)
11-29 06:48:03.623 1491 1600 E TaskOrganizerController: at com.android.server.wm.WindowContainer$ForAllWindowsConsumerWrapper.apply(WindowContainer.java:2394)
11-29 06:48:03.623 1491 1600 E TaskOrganizerController: at com.android.server.wm.WindowState.applyInOrderWithImeWindows(WindowState.java:4935)
11-29 06:48:03.623 1491 1600 E TaskOrganizerController: at com.android.server.wm.WindowState.forAllWindows(WindowState.java:4830)
11-29 06:48:03.623 1491 1600 E TaskOrganizerController: at com.android.server.wm.WindowContainer.forAllWindows(WindowContainer.java:1409)
11-29 06:48:03.623 1491 1600 E TaskOrganizerController: at com.android.server.wm.ActivityRecord.forAllWindowsUnchecked(ActivityRecord.java:4071)
11-29 06:48:03.623 1491 1600 E TaskOrganizerController: at com.android.server.wm.ActivityRecord.forAllWindows(ActivityRecord.java:4066)
11-29 06:48:03.623 1491 1600 E TaskOrganizerController: at com.android.server.wm.WindowContainer.forAllWindows(WindowContainer.java:1409)
11-29 06:48:03.623 1491 1600 E TaskOrganizerController: at com.android.server.wm.WindowContainer.forAllWindows(WindowContainer.java:1409)
11-29 06:48:03.623 1491 1600 E TaskOrganizerController: at com.android.server.wm.TaskDisplayArea.forAllWindows(TaskDisplayArea.java:708)
11-29 06:48:03.623 1491 1600 E TaskOrganizerController: at com.android.server.wm.WindowContainer.forAllWindows(WindowContainer.java:1409)
11-29 06:48:03.623 1491 1600 E TaskOrganizerController: at com.android.server.wm.WindowContainer.forAllWindows(WindowContainer.java:1409)
11-29 06:48:03.623 1491 1600 E TaskOrganizerController: at com.android.server.wm.WindowContainer.forAllWindows(WindowContainer.java:1409)
11-29 06:48:03.623 1491 1600 E TaskOrganizerController: at com.android.server.wm.WindowContainer.forAllWindows(WindowContainer.java:1409)
11-29 06:48:03.623 1491 1600 E TaskOrganizerController: at com.android.server.wm.WindowContainer.forAllWindows(WindowContainer.java:1409)
11-29 06:48:03.623 1491 1600 E TaskOrganizerController: at com.android.server.wm.WindowContainer.forAllWindows(WindowContainer.java:1426)
11-29 06:48:03.623 1491 1600 E TaskOrganizerController: at com.android.server.wm.DisplayContent.applySurfaceChangesTransaction(DisplayContent.java:4331)
11-29 06:48:03.623 1491 1600 E TaskOrganizerController: at com.android.server.wm.RootWindowContainer.applySurfaceChangesTransaction(RootWindowContainer.java:1076)
11-29 06:48:03.623 1491 1600 E TaskOrganizerController: at com.android.server.wm.RootWindowContainer.performSurfacePlacementNoTrace(RootWindowContainer.java:852)
11-29 06:48:03.623 1491 1600 E TaskOrganizerController: at com.android.server.wm.RootWindowContainer.performSurfacePlacement(RootWindowContainer.java:805)
11-29 06:48:03.623 1491 1600 E TaskOrganizerController: at com.android.server.wm.WindowSurfacePlacer.performSurfacePlacementLoop(WindowSurfacePlacer.java:177)
11-29 06:48:03.623 1491 1600 E TaskOrganizerController: at com.android.server.wm.WindowSurfacePlacer.performSurfacePlacement(WindowSurfacePlacer.java:126)
11-29 06:48:03.623 1491 1600 E TaskOrganizerController: at com.android.server.wm.WindowSurfacePlacer.performSurfacePlacement(WindowSurfacePlacer.java:115)
11-29 06:48:03.623 1491 1600 E TaskOrganizerController: at com.android.server.wm.WindowSurfacePlacer$Traverser.run(WindowSurfacePlacer.java:57)
11-29 06:48:03.623 1491 1600 E TaskOrganizerController: at android.os.Handler.handleCallback(Handler.java:938)
11-29 06:48:03.623 1491 1600 E TaskOrganizerController: at android.os.Handler.dispatchMessage(Handler.java:99)
11-29 06:48:03.623 1491 1600 E TaskOrganizerController: at android.os.Looper.loopOnce(Looper.java:201)
11-29 06:48:03.623 1491 1600 E TaskOrganizerController: at android.os.Looper.loop(Looper.java:288)
11-29 06:48:03.623 1491 1600 E TaskOrganizerController: at android.os.HandlerThread.run(HandlerThread.java:67)
11-29 06:48:03.623 1491 1600 E TaskOrganizerController: at com.android.server.ServiceThread.run(ServiceThread.java:44)
11-29 06:48:03.624 1491 1491 W WallpaperManagerService: Wallpaper service gone: ComponentInfo{com.android.systemui/com.android.systemui.ImageWallpaper}
11-29 06:48:03.624 1491 1491 W WallpaperManagerService: Wallpaper service gone: ComponentInfo{com.android.systemui/com.android.systemui.ImageWallpaper}
11-29 06:48:03.625 1491 1760 I GameModeConfig: isGameModeOn = false
11-29 06:48:03.626 1491 2106 D DisplayAreaOrganizerController: Organizer died before sending onDisplayAreaVanished
11-29 06:48:03.627 1491 7158 I wm_task_removed: [114,setTaskOrganizer]
11-29 06:48:03.627 1491 7158 I wm_task_removed: [115,setTaskOrganizer]
11-29 06:48:03.630 1491 7158 I wm_task_removed: [116,setTaskOrganizer]
11-29 06:48:03.631 1491 7158 I wm_task_removed: [117,setTaskOrganizer]
11-29 06:48:03.631 1491 7158 I wm_task_removed: [118,setTaskOrganizer]
11-29 06:48:03.634 1491 2923 I WindowManager: WIN DEATH: Window{2a1618f u0 Splash Screen com.android.music}
11-29 06:48:03.635 1491 2923 W WindowManager: updateScale0.7996942
11-29 06:48:03.635 1491 2923 W WindowManager: updateScale0.7996942
11-29 06:48:03.635 1491 2923 W WindowManager: updateScale0.7996942
11-29 06:48:03.635 1491 2923 W WindowManager: updateScale0.7996942
11-29 06:48:03.637 1491 1525 I WindowManager: WIN DEATH: Window{5629fab u0 NavigationBar0}
11-29 06:48:03.637 1491 1596 I sysui_multi_action: [319,153,321,150,322,285,325,12861,757,761,758,8,759,1,806,com.android.music,871,com.android.music.MusicBrowserActivity,904,com.android.music,905,0,1320,4,1321,1]
11-29 06:48:03.640 1491 1760 I GameModeConfig: isGameModeOn = false
11-29 06:48:03.644 1491 1596 I wm_activity_launch_time: [0,18450025,com.android.music/.MusicBrowserActivity,285]
11-29 06:48:03.645 1491 1525 W WindowManager: updateScale0.7996942
11-29 06:48:03.645 1491 1525 W WindowManager: updateScale0.7996942
11-29 06:48:03.646 1491 1525 W WindowManager: Failed to deliver inset state change w=Window{ca22503 u0 NotificationShade}
11-29 06:48:03.646 1491 1525 W WindowManager: android.os.DeadObjectException
11-29 06:48:03.646 1491 1525 W WindowManager: at android.os.BinderProxy.transactNative(Native Method)
11-29 06:48:03.646 1491 1525 W WindowManager: at android.os.BinderProxy.transact(BinderProxy.java:571)
11-29 06:48:03.646 1491 1525 W WindowManager: at android.view.IWindow$Stub$Proxy.insetsChanged(IWindow.java:654)
11-29 06:48:03.646 1491 1525 W WindowManager: at com.android.server.wm.WindowState.notifyInsetsChanged(WindowState.java:3966)
11-29 06:48:03.646 1491 1525 W WindowManager: at com.android.server.wm.InsetsStateController.lambda$new$0(InsetsStateController.java:82)
11-29 06:48:03.646 1491 1525 W WindowManager: at com.android.server.wm.InsetsStateController$$ExternalSyntheticLambda3.accept(Unknown Source:2)
11-29 06:48:03.646 1491 1525 W WindowManager: at com.android.server.wm.WindowContainer$ForAllWindowsConsumerWrapper.apply(WindowContainer.java:2404)
11-29 06:48:03.646 1491 1525 W WindowManager: at com.android.server.wm.WindowContainer$ForAllWindowsConsumerWrapper.apply(WindowContainer.java:2394)
11-29 06:48:03.646 1491 1525 W WindowManager: at com.android.server.wm.WindowState.applyInOrderWithImeWindows(WindowState.java:4935)
11-29 06:48:03.646 1491 1525 W WindowManager: at com.android.server.wm.WindowState.forAllWindows(WindowState.java:4830)
11-29 06:48:03.646 1491 1525 W WindowManager: at com.android.server.wm.WindowContainer.forAllWindows(WindowContainer.java:1409)
11-29 06:48:03.646 1491 1525 W WindowManager: at com.android.server.wm.WindowContainer.forAllWindows(WindowContainer.java:1409)
11-29 06:48:03.646 1491 1525 W WindowManager: at com.android.server.wm.WindowContainer.forAllWindows(WindowContainer.java:1409)
11-29 06:48:03.646 1491 1525 W WindowManager: at com.android.server.wm.WindowContainer.forAllWindows(WindowContainer.java:1409)
11-29 06:48:03.646 1491 1525 W WindowManager: at com.android.server.wm.WindowContainer.forAllWindows(WindowContainer.java:1409)
11-29 06:48:03.646 1491 1525 W WindowManager: at com.android.server.wm.WindowContainer.forAllWindows(WindowContainer.java:1409)
11-29 06:48:03.646 1491 1525 W WindowManager: at com.android.server.wm.WindowContainer.forAllWindows(WindowContainer.java:1426)
11-29 06:48:03.646 1491 1525 W WindowManager: at com.android.server.wm.DisplayContent.notifyInsetsChanged(DisplayContent.java:1847)
11-29 06:48:03.646 1491 1525 W WindowManager: at com.android.server.wm.InsetsStateController.notifyInsetsChanged(InsetsStateController.java:571)
11-29 06:48:03.646 1491 1525 W WindowManager: at com.android.server.wm.InsetsStateController.onPostLayout(InsetsStateController.java:297)
11-29 06:48:03.646 1491 1525 W WindowManager: at com.android.server.wm.DisplayContent.applySurfaceChangesTransaction(DisplayContent.java:4324)
11-29 06:48:03.646 1491 1525 W WindowManager: at com.android.server.wm.RootWindowContainer.applySurfaceChangesTransaction(RootWindowContainer.java:1076)
11-29 06:48:03.646 1491 1525 W WindowManager: at com.android.server.wm.RootWindowContainer.performSurfacePlacementNoTrace(RootWindowContainer.java:852)
11-29 06:48:03.646 1491 1525 W WindowManager: at com.android.server.wm.RootWindowContainer.performSurfacePlacement(RootWindowContainer.java:805)
11-29 06:48:03.646 1491 1525 W WindowManager: at com.android.server.wm.WindowSurfacePlacer.performSurfacePlacementLoop(WindowSurfacePlacer.java:177)
11-29 06:48:03.646 1491 1525 W WindowManager: at com.android.server.wm.WindowSurfacePlacer.performSurfacePlacement(WindowSurfacePlacer.java:126)
11-29 06:48:03.646 1491 1525 W WindowManager: at com.android.server.wm.WindowSurfacePlacer.performSurfacePlacement(WindowSurfacePlacer.java:115)
11-29 06:48:03.646 1491 1525 W WindowManager: at com.android.server.wm.WindowManagerService.postWindowRemoveCleanupLocked(WindowManagerService.java:2107)
11-29 06:48:03.646 1491 1525 W WindowManager: at com.android.server.wm.WindowState.removeImmediately(WindowState.java:2426)
11-29 06:48:03.646 1491 1525 W WindowManager: at com.android.server.wm.WindowState.removeIfPossible(WindowState.java:2562)
11-29 06:48:03.646 1491 1525 W WindowManager: at com.android.server.wm.WindowState.access$300(WindowState.java:276)
11-29 06:48:03.646 1491 1525 W WindowManager: at com.android.server.wm.WindowState$DeathRecipient.binderDied(WindowState.java:3072)
11-29 06:48:03.646 1491 1525 W WindowManager: at android.os.IBinder$DeathRecipient.binderDied(IBinder.java:314)
11-29 06:48:03.646 1491 1525 W WindowManager: at android.os.BinderProxy.sendDeathNotice(BinderProxy.java:685)
11-29 06:48:03.646 1491 1525 W WindowManager: Failed to deliver inset state change w=Window{29940ac u0 StatusBar}
11-29 06:48:03.646 1491 1525 W WindowManager: android.os.DeadObjectException
11-29 06:48:03.646 1491 1525 W WindowManager: at android.os.BinderProxy.transactNative(Native Method)
11-29 06:48:03.646 1491 1525 W WindowManager: at android.os.BinderProxy.transact(BinderProxy.java:571)
11-29 06:48:03.646 1491 1525 W WindowManager: at android.view.IWindow$Stub$Proxy.insetsChanged(IWindow.java:654)
11-29 06:48:03.646 1491 1525 W WindowManager: at com.android.server.wm.WindowState.notifyInsetsChanged(WindowState.java:3966)
11-29 06:48:03.646 1491 1525 W WindowManager: at com.android.server.wm.InsetsStateController.lambda$new$0(InsetsStateController.java:82)
11-29 06:48:03.646 1491 1525 W WindowManager: at com.android.server.wm.InsetsStateController$$ExternalSyntheticLambda3.accept(Unknown Source:2)
11-29 06:48:03.646 1491 1525 W WindowManager: at com.android.server.wm.WindowContainer$ForAllWindowsConsumerWrapper.apply(WindowContainer.java:2404)
11-29 06:48:03.646 1491 1525 W WindowManager: at com.android.server.wm.WindowContainer$ForAllWindowsConsumerWrapper.apply(WindowContainer.java:2394)
11-29 06:48:03.646 1491 1525 W WindowManager: at com.android.server.wm.WindowState.applyInOrderWithImeWindows(WindowState.java:4935)
11-29 06:48:03.646 1491 1525 W WindowManager: at com.android.server.wm.WindowState.forAllWindows(WindowState.java:4830)
11-29 06:48:03.646 1491 1525 W WindowManager: at com.android.server.wm.WindowContainer.forAllWindows(WindowContainer.java:1409)
11-29 06:48:03.646 1491 1525 W WindowManager: at com.android.server.wm.WindowContainer.forAllWindows(WindowContainer.java:1409)
11-29 06:48:03.646 1491 1525 W WindowManager: at com.android.server.wm.WindowContainer.forAllWindows(WindowContainer.java:1409)
11-29 06:48:03.646 1491 1525 W WindowManager: at com.android.server.wm.WindowContainer.forAllWindows(WindowContainer.java:1409)
11-29 06:48:03.646 1491 1525 W WindowManager: at com.android.server.wm.WindowContainer.forAllWindows(WindowContainer.java:1409)
11-29 06:48:03.646 1491 1525 W WindowManager: at com.android.server.wm.WindowContainer.forAllWindows(WindowContainer.java:1409)
11-29 06:48:03.646 1491 1525 W WindowManager: at com.android.server.wm.WindowContainer.forAllWindows(WindowContainer.java:1426)
11-29 06:48:03.646 1491 1525 W WindowManager: at com.android.server.wm.DisplayContent.notifyInsetsChanged(DisplayContent.java:1847)
11-29 06:48:03.646 1491 1525 W WindowManager: at com.android.server.wm.InsetsStateController.notifyInsetsChanged(InsetsStateController.java:571)
11-29 06:48:03.646 1491 1525 W WindowManager: at com.android.server.wm.InsetsStateController.onPostLayout(InsetsStateController.java:297)
11-29 06:48:03.646 1491 1525 W WindowManager: at com.android.server.wm.DisplayContent.applySurfaceChangesTransaction(DisplayContent.java:4324)
11-29 06:48:03.646 1491 1525 W WindowManager: at com.android.server.wm.RootWindowContainer.applySurfaceChangesTransaction(RootWindowContainer.java:1076)
11-29 06:48:03.646 1491 1525 W WindowManager: at com.android.server.wm.RootWindowContainer.performSurfacePlacementNoTrace(RootWindowContainer.java:852)
11-29 06:48:03.646 1491 1525 W WindowManager: at com.android.server.wm.RootWindowContainer.performSurfacePlacement(RootWindowContainer.java:805)
11-29 06:48:03.646 1491 1525 W WindowManager: at com.android.server.wm.WindowSurfacePlacer.performSurfacePlacementLoop(WindowSurfacePlacer.java:177)
11-29 06:48:03.646 1491 1525 W WindowManager: at com.android.server.wm.WindowSurfacePlacer.performSurfacePlacement(WindowSurfacePlacer.java:126)
11-29 06:48:03.646 1491 1525 W WindowManager: at com.android.server.wm.WindowSurfacePlacer.performSurfacePlacement(WindowSurfacePlacer.java:115)
11-29 06:48:03.646 1491 1525 W WindowManager: at com.android.server.wm.WindowManagerService.postWindowRemoveCleanupLocked(WindowManagerService.java:2107)
11-29 06:48:03.646 1491 1525 W WindowManager: at com.android.server.wm.WindowState.removeImmediately(WindowState.java:2426)
11-29 06:48:03.646 1491 1525 W WindowManager: at com.android.server.wm.WindowState.removeIfPossible(WindowState.java:2562)
11-29 06:48:03.646 1491 1525 W WindowManager: at com.android.server.wm.WindowState.access$300(WindowState.java:276)
11-29 06:48:03.646 1491 1525 W WindowManager: at com.android.server.wm.WindowState$DeathRecipient.binderDied(WindowState.java:3072)
11-29 06:48:03.646 1491 1525 W WindowManager: at android.os.IBinder$DeathRecipient.binderDied(IBinder.java:314)
11-29 06:48:03.646 1491 1525 W WindowManager: at android.os.BinderProxy.sendDeathNotice(BinderProxy.java:685)
11-29 06:48:03.647 1491 1525 W WindowManager: Failed to deliver inset state change w=Window{f9f5405 u0 com.android.systemui.ImageWallpaper}
11-29 06:48:03.647 1491 1525 W WindowManager: android.os.DeadObjectException
11-29 06:48:03.647 1491 1525 W WindowManager: at android.os.BinderProxy.transactNative(Native Method)
11-29 06:48:03.647 1491 1525 W WindowManager: at android.os.BinderProxy.transact(BinderProxy.java:571)
11-29 06:48:03.647 1491 1525 W WindowManager: at android.view.IWindow$Stub$Proxy.insetsChanged(IWindow.java:654)
11-29 06:48:03.647 1491 1525 W WindowManager: at com.android.server.wm.WindowState.notifyInsetsChanged(WindowState.java:3966)
11-29 06:48:03.647 1491 1525 W WindowManager: at com.android.server.wm.InsetsStateController.lambda$new$0(InsetsStateController.java:82)
11-29 06:48:03.647 1491 1525 W WindowManager: at com.android.server.wm.InsetsStateController$$ExternalSyntheticLambda3.accept(Unknown Source:2)
11-29 06:48:03.647 1491 1525 W WindowManager: at com.android.server.wm.WindowContainer$ForAllWindowsConsumerWrapper.apply(WindowContainer.java:2404)
11-29 06:48:03.647 1491 1525 W WindowManager: at com.android.server.wm.WindowContainer$ForAllWindowsConsumerWrapper.apply(WindowContainer.java:2394)
11-29 06:48:03.647 1491 1525 W WindowManager: at com.android.server.wm.WindowState.applyInOrderWithImeWindows(WindowState.java:4935)
11-29 06:48:03.647 1491 1525 W WindowManager: at com.android.server.wm.WindowState.forAllWindows(WindowState.java:4830)
11-29 06:48:03.647 1491 1525 W WindowManager: at com.android.server.wm.WindowContainer.forAllWindows(WindowContainer.java:1409)
11-29 06:48:03.647 1491 1525 W WindowManager: at com.android.server.wm.WindowContainer.forAllWindows(WindowContainer.java:1409)
11-29 06:48:03.647 1491 1525 W WindowManager: at com.android.server.wm.WindowContainer.forAllWindows(WindowContainer.java:1409)
11-29 06:48:03.647 1491 1525 W WindowManager: at com.android.server.wm.WindowContainer.forAllWindows(WindowContainer.java:1409)
11-29 06:48:03.647 1491 1525 W WindowManager: at com.android.server.wm.WindowContainer.forAllWindows(WindowContainer.java:1409)
11-29 06:48:03.647 1491 1525 W WindowManager: at com.android.server.wm.WindowContainer.forAllWindows(WindowContainer.java:1409)
11-29 06:48:03.647 1491 1525 W WindowManager: at com.android.server.wm.WindowContainer.forAllWindows(WindowContainer.java:1409)
11-29 06:48:03.647 1491 1525 W WindowManager: at com.android.server.wm.WindowContainer.forAllWindows(WindowContainer.java:1409)
11-29 06:48:03.647 1491 1525 W WindowManager: at com.android.server.wm.WindowContainer.forAllWindows(WindowContainer.java:1426)
11-29 06:48:03.647 1491 1525 W WindowManager: at com.android.server.wm.DisplayContent.notifyInsetsChanged(DisplayContent.java:1847)
11-29 06:48:03.647 1491 1525 W WindowManager: at com.android.server.wm.InsetsStateController.notifyInsetsChanged(InsetsStateController.java:571)
11-29 06:48:03.647 1491 1525 W WindowManager: at com.android.server.wm.InsetsStateController.onPostLayout(InsetsStateController.java:297)
11-29 06:48:03.647 1491 1525 W WindowManager: at com.android.server.wm.DisplayContent.applySurfaceChangesTransaction(DisplayContent.java:4324)
11-29 06:48:03.647 1491 1525 W WindowManager: at com.android.server.wm.RootWindowContainer.applySurfaceChangesTransaction(RootWindowContainer.java:1076)
11-29 06:48:03.647 1491 1525 W WindowManager: at com.android.server.wm.RootWindowContainer.performSurfacePlacementNoTrace(RootWindowContainer.java:852)
11-29 06:48:03.647 1491 1525 W WindowManager: at com.android.server.wm.RootWindowContainer.performSurfacePlacement(RootWindowContainer.java:805)
11-29 06:48:03.647 1491 1525 W WindowManager: at com.android.server.wm.WindowSurfacePlacer.performSurfacePlacementLoop(WindowSurfacePlacer.java:177)
11-29 06:48:03.647 1491 1525 W WindowManager: at com.android.server.wm.WindowSurfacePlacer.performSurfacePlacement(WindowSurfacePlacer.java:126)
11-29 06:48:03.647 1491 1525 W WindowManager: at com.android.server.wm.WindowSurfacePlacer.performSurfacePlacement(WindowSurfacePlacer.java:115)
11-29 06:48:03.647 1491 1525 W WindowManager: at com.android.server.wm.WindowManagerService.postWindowRemoveCleanupLocked(WindowManagerService.java:2107)
11-29 06:48:03.647 1491 1525 W WindowManager: at com.android.server.wm.WindowState.removeImmediately(WindowState.java:2426)
11-29 06:48:03.647 1491 1525 W WindowManager: at com.android.server.wm.WindowState.removeIfPossible(WindowState.java:2562)
11-29 06:48:03.647 1491 1525 W WindowManager: at com.android.server.wm.WindowState.access$300(WindowState.java:276)
11-29 06:48:03.647 1491 1525 W WindowManager: at com.android.server.wm.WindowState$DeathRecipient.binderDied(WindowState.java:3072)
11-29 06:48:03.647 1491 1525 W WindowManager: at android.os.IBinder$DeathRecipient.binderDied(IBinder.java:314)
11-29 06:48:03.647 1491 1525 W WindowManager: at android.os.BinderProxy.sendDeathNotice(BinderProxy.java:685)
11-29 06:48:03.647 1491 1525 W WindowManager: updateScale0.7996942
11-29 06:48:03.647 1491 1525 W WindowManager: updateScale0.7996942
11-29 06:48:03.649 1491 7072 I WindowManager: WIN DEATH: Window{6fc2546 u0 freeform_bottom_right_tip_window}
11-29 06:48:03.650 1491 7072 W WindowManager: updateScale0.7996942
11-29 06:48:03.650 1491 7072 W WindowManager: updateScale0.7996942
11-29 06:48:03.651 1491 1525 D CompatibilityChangeReporter: Compat change id reported: 157929241; UID 10082; state: LOGGED
11-29 06:48:03.652 1491 10785 I WindowManager: WIN DEATH: Window{f58722c u0 EdgeBackGestureHandler0}
11-29 06:48:03.652 1491 10785 W WindowManager: updateScale0.7996942
11-29 06:48:03.652 1491 10785 W WindowManager: updateScale0.7996942
11-29 06:48:03.656 1491 1597 I wm_set_keyguard_shown: [1,0,0,setKeyguardShown]
11-29 06:48:03.657 1491 9370 E WindowManager: Failed to notify cancel
11-29 06:48:03.657 1491 9370 E WindowManager: android.os.DeadObjectException
11-29 06:48:03.657 1491 9370 E WindowManager: at android.os.BinderProxy.transactNative(Native Method)
11-29 06:48:03.657 1491 9370 E WindowManager: at android.os.BinderProxy.transact(BinderProxy.java:571)
11-29 06:48:03.657 1491 9370 E WindowManager: at android.view.IRemoteAnimationRunner$Stub$Proxy.onAnimationCancelled(IRemoteAnimationRunner.java:187)
11-29 06:48:03.657 1491 9370 E WindowManager: at com.android.server.wm.RemoteAnimationController.invokeAnimationCancelled(RemoteAnimationController.java:301)
11-29 06:48:03.657 1491 9370 E WindowManager: at com.android.server.wm.RemoteAnimationController.cancelAnimation(RemoteAnimationController.java:172)
11-29 06:48:03.657 1491 9370 E WindowManager: at com.android.server.wm.RemoteAnimationController.binderDied(RemoteAnimationController.java:345)
11-29 06:48:03.657 1491 9370 E WindowManager: at android.os.IBinder$DeathRecipient.binderDied(IBinder.java:314)
11-29 06:48:03.657 1491 9370 E WindowManager: at android.os.BinderProxy.sendDeathNotice(BinderProxy.java:685)
11-29 06:48:03.658 1491 1760 I GameModeConfig: isGameModeOn = false
11-29 06:48:03.675 1491 1491 I GameModeConfig: isGameModeOn = false
11-29 06:48:03.675 1491 1491 I GameModeConfig: isGameModeOn = false
11-29 06:48:03.683 1491 1760 I GameModeConfig: isGameModeOn = false
11-29 06:48:03.684 1491 1597 D ActivityTaskManager: Top Process State changed to PROCESS_STATE_TOP_SLEEPING
11-29 06:48:03.685 1491 1597 I wm_pause_activity: [0,18450025,com.android.music/.MusicBrowserActivity,userLeaving=false,sleep]
11-29 06:48:03.686 1491 1597 I wm_pause_activity: [0,69614388,com.android.gallery3d/.app.MovieActivity,userLeaving=false,sleep]
11-29 06:48:03.686 1491 1597 W WindowManager: updateScale0.7996942
11-29 06:48:03.687 1491 1597 W WindowManager: updateScale0.7996942
11-29 06:48:03.689 1491 1597 W WindowManager: Failed to deliver inset state change
11-29 06:48:03.689 1491 1597 W WindowManager: android.os.DeadObjectException
11-29 06:48:03.689 1491 1597 W WindowManager: at android.os.BinderProxy.transactNative(Native Method)
11-29 06:48:03.689 1491 1597 W WindowManager: at android.os.BinderProxy.transact(BinderProxy.java:571)
11-29 06:48:03.689 1491 1597 W WindowManager: at android.view.IDisplayWindowInsetsController$Stub$Proxy.insetsControlChanged(IDisplayWindowInsetsController.java:271)
11-29 06:48:03.689 1491 1597 W WindowManager: at com.android.server.wm.DisplayContent$RemoteInsetsControlTarget.notifyInsetsControlChanged(DisplayContent.java:6036)
11-29 06:48:03.689 1491 1597 W WindowManager: at com.android.server.wm.InsetsStateController.lambda$notifyPendingInsetsControlChanged$6$InsetsStateController(InsetsStateController.java:552)
11-29 06:48:03.689 1491 1597 W WindowManager: at com.android.server.wm.InsetsStateController$$ExternalSyntheticLambda1.run(Unknown Source:2)
11-29 06:48:03.689 1491 1597 W WindowManager: at com.android.server.wm.WindowAnimator.executeAfterPrepareSurfacesRunnables(WindowAnimator.java:345)
11-29 06:48:03.689 1491 1597 W WindowManager: at com.android.server.wm.RootWindowContainer.performSurfacePlacementNoTrace(RootWindowContainer.java:867)
11-29 06:48:03.689 1491 1597 W WindowManager: at com.android.server.wm.RootWindowContainer.performSurfacePlacement(RootWindowContainer.java:805)
11-29 06:48:03.689 1491 1597 W WindowManager: at com.android.server.wm.WindowSurfacePlacer.performSurfacePlacementLoop(WindowSurfacePlacer.java:177)
11-29 06:48:03.689 1491 1597 W WindowManager: at com.android.server.wm.WindowSurfacePlacer.performSurfacePlacement(WindowSurfacePlacer.java:126)
11-29 06:48:03.689 1491 1597 W WindowManager: at com.android.server.wm.WindowSurfacePlacer.performSurfacePlacement(WindowSurfacePlacer.java:115)
11-29 06:48:03.689 1491 1597 W WindowManager: at com.android.server.wm.ActivityRecord.commitVisibility(ActivityRecord.java:4765)
11-29 06:48:03.689 1491 1597 W WindowManager: at com.android.server.wm.ActivityRecord.setVisibility(ActivityRecord.java:4702)
11-29 06:48:03.689 1491 1597 W WindowManager: at com.android.server.wm.ActivityRecord.setVisibility(ActivityRecord.java:4557)
11-29 06:48:03.689 1491 1597 W WindowManager: at com.android.server.wm.ActivityRecord.makeInvisible(ActivityRecord.java:5311)
11-29 06:48:03.689 1491 1597 W WindowManager: at com.android.server.wm.EnsureActivitiesVisibleHelper.setActivityVisibilityState(EnsureActivitiesVisibleHelper.java:179)
11-29 06:48:03.689 1491 1597 W WindowManager: at com.android.server.wm.EnsureActivitiesVisibleHelper.lambda$process$0$EnsureActivitiesVisibleHelper(EnsureActivitiesVisibleHelper.java:100)
11-29 06:48:03.689 1491 1597 W WindowManager: at com.android.server.wm.EnsureActivitiesVisibleHelper$$ExternalSyntheticLambda0.accept(Unknown Source:8)
11-29 06:48:03.689 1491 1597 W WindowManager: at com.android.server.wm.ActivityRecord.forAllActivities(ActivityRecord.java:4082)
11-29 06:48:03.689 1491 1597 W WindowManager: at com.android.server.wm.WindowContainer.forAllActivities(WindowContainer.java:1457)
11-29 06:48:03.689 1491 1597 W WindowManager: at com.android.server.wm.WindowContainer.forAllActivities(WindowContainer.java:1451)
11-29 06:48:03.689 1491 1597 W WindowManager: at com.android.server.wm.EnsureActivitiesVisibleHelper.process(EnsureActivitiesVisibleHelper.java:99)
11-29 06:48:03.689 1491 1597 W WindowManager: at com.android.server.wm.Task.lambda$ensureActivitiesVisible$20(Task.java:6029)
11-29 06:48:03.689 1491 1597 W WindowManager: at com.android.server.wm.Task$$ExternalSyntheticLambda23.accept(Unknown Source:10)
11-29 06:48:03.689 1491 1597 W WindowManager: at com.android.server.wm.Task.forAllLeafTasks(Task.java:3887)
11-29 06:48:03.689 1491 1597 W WindowManager: at com.android.server.wm.Task.ensureActivitiesVisible(Task.java:6029)
11-29 06:48:03.689 1491 1597 W WindowManager: at com.android.server.wm.DisplayContent.lambda$ensureActivitiesVisible$44(DisplayContent.java:5768)
11-29 06:48:03.689 1491 1597 W WindowManager: at com.android.server.wm.DisplayContent$$ExternalSyntheticLambda17.accept(Unknown Source:10)
11-29 06:48:03.689 1491 1597 W WindowManager: at com.android.server.wm.Task.forAllRootTasks(Task.java:3899)
11-29 06:48:03.689 1491 1597 W WindowManager: at com.android.server.wm.WindowContainer.forAllRootTasks(WindowContainer.java:1770)
11-29 06:48:03.689 1491 1597 W WindowManager: at com.android.server.wm.WindowContainer.forAllRootTasks(WindowContainer.java:1770)
11-29 06:48:03.689 1491 1597 W WindowManager: at com.android.server.wm.WindowContainer.forAllRootTasks(WindowContainer.java:1770)
11-29 06:48:03.689 1491 1597 W WindowManager: at com.android.server.wm.WindowContainer.forAllRootTasks(WindowContainer.java:1770)
11-29 06:48:03.689 1491 1597 W WindowManager: at com.android.server.wm.WindowContainer.forAllRootTasks(WindowContainer.java:1770)
11-29 06:48:03.689 1491 1597 W WindowManager: at com.android.server.wm.WindowContainer.forAllRootTasks(WindowContainer.java:1770)
11-29 06:48:03.689 1491 1597 W WindowManager: at com.android.server.wm.WindowContainer.forAllRootTasks(WindowContainer.java:1763)
11-29 06:48:03.689 1491 1597 W WindowManager: at com.android.server.wm.DisplayContent.ensureActivitiesVisible(DisplayContent.java:5767)
11-29 06:48:03.689 1491 1597 W WindowManager: at com.android.server.wm.RootWindowContainer.ensureActivitiesVisible(RootWindowContainer.java:1995)
