11-29 06:52:28.583 1491 1693 I input_interaction: Interaction with: e79c291 com.android.gallery3d/com.android.gallery3d.app.GalleryActivity (server), edge-swipe (server), swipe-up (server), PointerEventDispatcher0 (server),
11-29 06:52:28.657 18441 18441 I view_enqueue_input_event: [Motion - Cancel,com.android.gallery3d/com.android.gallery3d.app.GalleryActivity]
11-29 06:52:28.662 1491 1693 I input_interaction: Interaction with: WindowManager (server), edge-swipe (server), swipe-up (server), PointerEventDispatcher0 (server),
11-29 06:52:28.668 1491 1600 D FreeFormWindowHelper: refreshTipWindow windowDragBounds:Rect(0, 29 - 302, 567)
11-29 06:52:28.675 1491 1600 W WindowManager: updateScale0.4617737
11-29 06:52:28.688 1491 1600 D FreeFormWindowHelper: refreshTipWindow windowDragBounds:Rect(0, 7 - 302, 545)
11-29 06:52:28.690 1491 1600 W WindowManager: updateScale0.4617737
11-29 06:52:28.700 1491 1600 D FreeFormWindowHelper: refreshTipWindow windowDragBounds:Rect(0, -31 - 302, 507)
11-29 06:52:28.703 1491 1600 W WindowManager: updateScale0.4617737
11-29 06:52:28.707 1491 10783 W WindowManager: updateScale0.4617737
11-29 06:52:28.717 1491 1600 D FreeFormWindowHelper: refreshTipWindow windowDragBounds:Rect(0, -104 - 302, 434)
11-29 06:52:28.718 1491 1600 W WindowManager: updateScale0.4617737
11-29 06:52:28.734 1491 1600 D FreeFormWindowHelper: refreshTipWindow windowDragBounds:Rect(0, -166 - 302, 372)
11-29 06:52:28.735 1491 1600 W WindowManager: updateScale0.4617737
11-29 06:52:28.750 1491 1600 D FreeFormWindowHelper: refreshTipWindow windowDragBounds:Rect(0, -212 - 302, 326)
11-29 06:52:28.751 1491 1600 W WindowManager: updateScale0.4617737
11-29 06:52:28.768 1491 1600 D FreeFormWindowHelper: refreshTipWindow windowDragBounds:Rect(-7, -257 - 295, 281)
11-29 06:52:28.770 1491 1600 W WindowManager: updateScale0.4617737
11-29 06:52:28.784 1491 1600 D FreeFormWindowHelper: refreshTipWindow windowDragBounds:Rect(-8, -275 - 294, 263)
11-29 06:52:28.786 1491 1600 W WindowManager: updateScale0.4617737
11-29 06:52:28.799 1491 9480 W WindowManager: updateScale0.4617737
11-29 06:52:28.802 1491 1600 D FreeFormWindowHelper: refreshTipWindow windowDragBounds:Rect(-10, -292 - 292, 246)
11-29 06:52:28.804 1491 1600 W WindowManager: updateScale0.4617737
11-29 06:52:28.817 1491 1600 D FreeFormWindowHelper: refreshTipWindow windowDragBounds:Rect(-10, -323 - 292, 215)
11-29 06:52:28.818 1491 1600 W WindowManager: updateScale0.4617737
11-29 06:52:28.832 1491 10783 W WindowManager: updateScale0.4617737
11-29 06:52:28.834 1491 1600 D FreeFormWindowHelper: refreshTipWindow windowDragBounds:Rect(-10, -358 - 292, 180)
11-29 06:52:28.835 1491 1600 W WindowManager: updateScale0.4617737
11-29 06:52:28.851 1491 1600 D FreeFormWindowHelper: refreshTipWindow windowDragBounds:Rect(-10, -373 - 292, 165)
11-29 06:52:28.852 1491 1600 W WindowManager: updateScale0.4617737
11-29 06:52:28.869 1491 1600 D FreeFormWindowHelper: refreshTipWindow windowDragBounds:Rect(-10, -384 - 292, 154)
11-29 06:52:28.871 1491 1600 W WindowManager: updateScale0.4617737
11-29 06:52:28.886 1491 1600 D FreeFormWindowHelper: refreshTipWindow windowDragBounds:Rect(-8, -405 - 294, 133)
11-29 06:52:28.888 1491 1600 W WindowManager: updateScale0.4617737
11-29 06:52:28.902 1491 1600 D FreeFormWindowHelper: refreshTipWindow windowDragBounds:Rect(-6, -433 - 296, 105)
11-29 06:52:28.903 1491 1600 W WindowManager: updateScale0.4617737
11-29 06:52:28.917 1491 1600 D FreeFormWindowHelper: refreshTipWindow windowDragBounds:Rect(-1, -466 - 301, 72)
11-29 06:52:28.919 1491 1600 W WindowManager: updateScale0.4617737
11-29 06:52:28.934 1491 1600 D FreeFormWindowHelper: refreshTipWindow windowDragBounds:Rect(0, -490 - 302, 48)
11-29 06:52:28.936 1491 1600 W WindowManager: updateScale0.4617737
11-29 06:52:28.949 1491 10783 W WindowManager: updateScale0.4617737
11-29 06:52:28.951 1491 1600 D FreeFormWindowHelper: refreshTipWindow windowDragBounds:Rect(1, -490 - 303, 48)
11-29 06:52:28.953 1491 1600 W WindowManager: updateScale0.4617737
11-29 06:52:29.079 0 0 I auditd : type=1400 audit(0.0:13937): avc: denied { kill } for comm="swapper/1" capability=5 scontext=u:r:kernel:s0 tcontext=u:r:kernel:s0 tclass=capability permissive=0
11-29 06:52:29.303 1491 1600 D WindowManager: updateWindowDragBounds: mIsSwipeYtrue
11-29 06:52:29.303 1491 1600 D WindowManager: updateWindowDragBounds: mIsTopfalse
11-29 06:52:29.303 1491 1600 D WindowManager: updateWindowDragBounds: mIsSwipeXfalse
11-29 06:52:29.305 1491 1600 W WindowManager: updateScale0.4617737
11-29 06:52:29.326 1491 10783 W WindowManager: updateScale0.4617737
11-29 06:52:29.984 1491 1693 I input_interaction: Interaction with: e79c291 com.android.gallery3d/com.android.gallery3d.app.GalleryActivity (server), edge-swipe (server), swipe-up (server), PointerEventDispatcher0 (server),
11-29 06:52:30.044 18441 18441 I view_enqueue_input_event: [Motion - Cancel,com.android.gallery3d/com.android.gallery3d.app.GalleryActivity]
11-29 06:52:30.045 1491 1693 I input_interaction: Interaction with: WindowManager (server), edge-swipe (server), swipe-up (server), PointerEventDispatcher0 (server),
11-29 06:52:30.055 1491 1600 D FreeFormWindowHelper: refreshTipWindow windowDragBounds:Rect(18, -52 - 320, 486)
11-29 06:52:30.059 1491 1600 W WindowManager: updateScale0.4617737
11-29 06:52:30.070 1491 1600 D FreeFormWindowHelper: refreshTipWindow windowDragBounds:Rect(29, -215 - 331, 323)
11-29 06:52:30.072 1491 1600 W WindowManager: updateScale0.4617737
11-29 06:52:30.087 1491 1600 D FreeFormWindowHelper: refreshTipWindow windowDragBounds:Rect(34, -443 - 336, 95)
11-29 06:52:30.088 1491 1600 W WindowManager: updateScale0.4617737
11-29 06:52:30.091 1491 10783 W WindowManager: updateScale0.4617737
11-29 06:52:30.180 1491 1600 D WindowManager: updateWindowDragBounds: mIsSwipeYtrue
11-29 06:52:30.180 1491 1600 D WindowManager: updateWindowDragBounds: mIsTopfalse
11-29 06:52:30.180 1491 1600 D WindowManager: updateWindowDragBounds: mIsSwipeXfalse
11-29 06:52:30.182 1491 1600 W WindowManager: updateScale0.4617737
11-29 06:52:30.202 1491 10783 W WindowManager: updateScale0.4617737
11-29 06:52:30.667 1491 1693 I input_interaction: Interaction with: e79c291 com.android.gallery3d/com.android.gallery3d.app.GalleryActivity (server), edge-swipe (server), swipe-up (server), PointerEventDispatcher0 (server),
11-29 06:52:30.725 18441 18441 I view_enqueue_input_event: [Motion - Cancel,com.android.gallery3d/com.android.gallery3d.app.GalleryActivity]
11-29 06:52:30.729 1491 1693 I input_interaction: Interaction with: WindowManager (server), edge-swipe (server), swipe-up (server), PointerEventDispatcher0 (server),
11-29 06:52:30.739 1491 1600 D FreeFormWindowHelper: refreshTipWindow windowDragBounds:Rect(2, -51 - 304, 487)
11-29 06:52:30.741 1491 1600 W WindowManager: updateScale0.4617737
11-29 06:52:30.754 1491 9480 W WindowManager: updateScale0.4617737
11-29 06:52:30.757 1491 1600 D FreeFormWindowHelper: refreshTipWindow windowDragBounds:Rect(4, -241 - 306, 297)
11-29 06:52:30.758 1491 1600 W WindowManager: updateScale0.4617737
11-29 06:52:30.771 1491 9480 W WindowManager: updateScale0.4617737
11-29 06:52:30.774 1491 1600 D FreeFormWindowHelper: refreshTipWindow windowDragBounds:Rect(4, -442 - 306, 96)
11-29 06:52:30.776 1491 1600 W WindowManager: updateScale0.4617737
11-29 06:52:30.789 1491 1600 D FreeFormWindowHelper: refreshTipWindow windowDragBounds:Rect(4, -481 - 306, 57)
11-29 06:52:30.790 1491 1600 W WindowManager: updateScale0.4617737
11-29 06:52:30.866 1491 1600 D WindowManager: updateWindowDragBounds: mIsSwipeYtrue
11-29 06:52:30.866 1491 1600 D WindowManager: updateWindowDragBounds: mIsToptrue
11-29 06:52:30.866 1491 1600 I wm_finish_activity: [0,163914014,142,com.android.gallery3d/.app.GalleryActivity,app-request]
11-29 06:52:30.866 1491 1600 I wm_task_moved: [32,1,8]
11-29 06:52:30.868 1491 1600 I wm_set_resumed_activity: [0,com.android.launcher3/.uioverrides.QuickstepLauncher,positionChildAt]
11-29 06:52:30.868 1491 1600 I wm_task_moved: [41,1,2147483647]
11-29 06:52:30.868 1491 1600 I wm_task_to_front: [0,41]
11-29 06:52:30.869 1491 1600 I wm_focused_root_task: [0,0,32,-1,finish-top adjustFocusToNextFocusableTask]
11-29 06:52:30.869 1491 1600 I wm_set_resumed_activity: [0,com.android.launcher3/.uioverrides.QuickstepLauncher,finish-top]
11-29 06:52:30.869 18441 18441 I wm_on_top_resumed_lost_called: [163914014,com.android.gallery3d.app.GalleryActivity,topStateChangedWhenResumed]
11-29 06:52:30.875 1491 1600 I wm_pause_activity: [0,163914014,com.android.gallery3d/.app.GalleryActivity,userLeaving=false,finish]
11-29 06:52:30.878 1491 1600 D WindowManager: updateWindowDragBounds: mIsSwipeXfalse
11-29 06:52:30.881 1491 1600 I input_focus: [Focus request cd0514f com.android.launcher3/com.android.launcher3.uioverrides.QuickstepLauncher,reason=UpdateInputWindows]
11-29 06:52:30.881 9956 9956 I wm_on_top_resumed_gained_called: [254362067,com.android.launcher3.uioverrides.QuickstepLauncher,topStateChangedWhenResumed]
11-29 06:52:30.888 18441 18441 I wm_on_paused_called: [163914014,com.android.gallery3d.app.GalleryActivity,performPause]
11-29 06:52:30.895 1491 1693 I input_focus: [Focus leaving e79c291 com.android.gallery3d/com.android.gallery3d.app.GalleryActivity (server),reason=NO_WINDOW]
11-29 06:52:30.896 1491 1693 I input_focus: [Focus entering cd0514f com.android.launcher3/com.android.launcher3.uioverrides.QuickstepLauncher (server),reason=setFocusedWindow]
11-29 06:52:30.906 1491 9480 I ActivityTaskManager: FOREGROUND_APPLICATION_CHANGED to com.android.launcher3.uioverrides.QuickstepLauncher
11-29 06:52:30.906 1491 9480 I wm_destroy_activity: [0,163914014,142,com.android.gallery3d/.app.GalleryActivity,finish-imm:completePausedLocked]
11-29 06:52:30.919 1491 1599 I sysui_multi_action: [757,803,799,window_time_2,802,56]
11-29 06:52:30.934 16043 16059 W ContextImpl: Calling a method in the system process without a qualified user: android.app.ContextImpl.startService:1816 android.content.ContextWrapper.startService:774 com.thundercomm.gamemode.ingame.services.GameModeActionUtils.startGameModeService:93 com.thundercomm.gamemode.ingame.services.GameModeActionUtils.startGameModeEntry:21 com.thundercomm.gamemode.ingame.services.ActivityMonitoringService$1.onActivityLaunch:127
11-29 06:52:30.939 1491 1491 I GameModeConfig: Current uri is uri = content://com.thundercomm.gamemode.api/gamemode_settings/gamemode_isgaming
11-29 06:52:30.942 1491 1491 I GameModeConfig: isGameModeOn = false
11-29 06:52:30.943 1491 1491 I GameModeConfig: isGameModeOn = false
11-29 06:52:30.943 1491 1491 I GameModeConfig: isDisableVoice = true
11-29 06:52:30.940 18441 18441 I wm_on_stop_called: [163914014,com.android.gallery3d.app.GalleryActivity,LIFECYCLER_STOP_ACTIVITY]
11-29 06:52:30.948 18441 18441 I wm_on_destroy_called: [163914014,com.android.gallery3d.app.GalleryActivity,performDestroy]
11-29 06:52:31.020 16043 16059 W ContextImpl: Calling a method in the system process without a qualified user: android.app.ContextImpl.startService:1816 android.content.ContextWrapper.startService:774 com.thundercomm.gamemode.ingame.services.GameModeActionUtils.startGameModeService:93 com.thundercomm.gamemode.ingame.services.GameModeActionUtils.startGameModeEntry:21 com.thundercomm.gamemode.ingame.services.ActivityMonitoringService$1.onActivityLaunch:127
11-29 06:52:31.025 1491 1491 I GameModeConfig: Current uri is uri = content://com.thundercomm.gamemode.api/gamemode_settings/gamemode_isgaming
11-29 06:52:31.027 1491 1491 I GameModeConfig: isGameModeOn = false
11-29 06:52:31.027 1491 1491 I GameModeConfig: isGameModeOn = false
11-29 06:52:31.027 1491 1491 I GameModeConfig: isDisableVoice = true
11-29 06:52:31.079 0 0 I auditd : type=1400 audit(0.0:13938): avc: denied { kill } for comm="swapper/1" capability=5 scontext=u:r:kernel:s0 tcontext=u:r:kernel:s0 tclass=capability permissive=0
11-29 06:52:31.205 1491 1600 I wm_task_removed: [142,removeChild:removeChild last r=ActivityRecord{9c5211e u0 com.android.gallery3d/.app.GalleryActivity t-1 f}} in t=Task{cbde02e #142 type=standard A=10068:com.android.gallery3d U=0 visible=false mode=freeform translucent=true sz=0}]
11-29 06:52:31.205 1491 1600 I wm_task_removed: [142,removeChild]
11-29 06:52:31.205 1491 1600 D FreeFormWindowHelper: Remove freefrom task=Task{cbde02e #142 type=standard A=10068:com.android.gallery3d U=0 visible=false mode=freeform translucent=true sz=0}
11-29 06:52:32.079 0 0 I auditd : type=1400 audit(0.0:13939): avc: denied { kill } for comm="swapper/1" capability=5 scontext=u:r:kernel:s0 tcontext=u:r:kernel:s0 tclass=capability permissive=0
11-29 06:52:33.079 0 0 I auditd : type=1400 audit(0.0:13940): avc: denied { kill } for comm="swapper/1" capability=5 scontext=u:r:kernel:s0 tcontext=u:r:kernel:s0 tclass=capability permissive=0
11-29 06:52:34.079 0 0 I auditd : type=1400 audit(0.0:13941): avc: denied { kill } for comm="swapper/1" capability=5 scontext=u:r:kernel:s0 tcontext=u:r:kernel:s0 tclass=capability permissive=0
11-29 06:52:34.212 1491 2756 E TaskPersister: File error accessing recents directory (directory doesn't exist?).
11-29 06:52:35.079 0 0 I auditd : type=1400 audit(0.0:13942): avc: denied { kill } for comm="swapper/1" capability=5 scontext=u:r:kernel:s0 tcontext=u:r:kernel:s0 tclass=capability permissive=0
11-29 06:52:36.079 0 0 I auditd : type=1400 audit(0.0:13943): avc: denied { kill } for comm="swapper/1" capability=5 scontext=u:r:kernel:s0 tcontext=u:r:kernel:s0 tclass=capability permissive=0
11-29 06:52:37.079 0 0 I auditd : type=1400 audit(0.0:13944): avc: denied { kill } for comm="swapper/1" capability=5 scontext=u:r:kernel:s0 tcontext=u:r:kernel:s0 tclass=capability permissive=0
11-29 06:52:38.079 0 0 I auditd : type=1400 audit(0.0:13945): avc: denied { kill } for comm="swapper/1" capability=5 scontext=u:r:kernel:s0 tcontext=u:r:kernel:s0 tclass=capability permissive=0
11-29 06:52:39.079 0 0 I auditd : type=1400 audit(0.0:13946): avc: denied { kill } for comm="swapper/1" capability=5 scontext=u:r:kernel:s0 tcontext=u:r:kernel:s0 tclass=capability permissive=0
11-29 06:52:40.079 0 0 I auditd : type=1400 audit(0.0:13947): avc: denied { kill } for comm="swapper/1" capability=5 scontext=u:r:kernel:s0 tcontext=u:r:kernel:s0 tclass=capability permissive=0
11-29 06:52:40.886 1491 1599 W ActivityTaskManager: Launch timeout has expired, giving up wake lock!
11-29 06:52:41.079 0 0 I auditd : type=1400 audit(0.0:13948): avc: denied { kill } for comm="swapper/1" capability=5 scontext=u:r:kernel:s0 tcontext=u:r:kernel:s0 tclass=capability permissive=0
11-29 06:52:42.079 0 0 I auditd : type=1400 audit(0.0:13949): avc: denied { kill } for comm="swapper/1" capability=5 scontext=u:r:kernel:s0 tcontext=u:r:kernel:s0 tclass=capability permissive=0
11-29 06:52:43.079 0 0 I auditd : type=1400 audit(0.0:13950): avc: denied { kill } for comm="swapper/1" capability=5 scontext=u:r:kernel:s0 tcontext=u:r:kernel:s0 tclass=capability permissive=0
11-29 06:52:43.675 1491 1693 I input_interaction: Interaction with: cd0514f com.android.launcher3/com.android.launcher3.uioverrides.QuickstepLauncher (server), bd931b3 com.android.systemui.ImageWallpaper (server), edge-swipe (server), swipe-up (server), PointerEventDispatcher0 (server),
11-29 06:52:44.079 0 0 I auditd : type=1400 audit(0.0:13951): avc: denied { kill } for comm="swapper/1" capability=5 scontext=u:r:kernel:s0 tcontext=u:r:kernel:s0 tclass=capability permissive=0
11-29 06:52:44.843 1491 9682 I ActivityTaskManager: START u0 {flg=0x10008000 cmp=com.android.gallery3d/.app.GalleryActivity} from uid 10077
11-29 06:52:44.851 1491 9682 I wm_task_created: [143,-1]
11-29 06:52:44.851 1491 9682 W ActivityTaskManager: Can't find TaskDisplayArea to determine support for multi window. Task id=143 attached=false
11-29 06:52:44.853 1491 9682 D FreeFormWindowHelper: Add freeform task=Task{7b537f2 #143 type=standard ?? U=0 visible=false mode=freeform translucent=true sz=0}
11-29 06:52:44.856 1491 9682 I wm_task_moved: [143,1,8]
11-29 06:52:44.856 1491 9682 I wm_task_to_front: [0,143]
11-29 06:52:44.857 1491 9682 I wm_create_task: [0,143]
11-29 06:52:44.857 1491 9682 I wm_create_activity: [0,107003459,143,com.android.gallery3d/.app.GalleryActivity,NULL,NULL,NULL,268468224]
11-29 06:52:44.858 1491 9682 I wm_task_moved: [143,1,8]
11-29 06:52:44.860 1491 9682 I ActivityTaskManager: FOREGROUND_APPLICATION_CHANGED to com.android.gallery3d.app.GalleryActivity
11-29 06:52:44.860 1491 9682 I ActivityTaskManager: The Process com.android.gallery3d Already Exists in BG. So sending its PID: 18441
11-29 06:52:44.860 1491 9682 W ActivityTaskManager: Tried to set launchTime (0) < mLastActivityLaunchTime (13073964)
11-29 06:52:44.862 1491 9682 I wm_restart_activity: [0,107003459,143,com.android.gallery3d/.app.GalleryActivity]
11-29 06:52:44.864 1491 9682 I wm_set_resumed_activity: [0,com.android.gallery3d/.app.GalleryActivity,minimalResumeActivityLocked]
11-29 06:52:44.871 9956 9956 I wm_on_top_resumed_lost_called: [254362067,com.android.launcher3.uioverrides.QuickstepLauncher,topStateChangedWhenResumed]
11-29 06:52:44.886 16043 16059 W ContextImpl: Calling a method in the system process without a qualified user: android.app.ContextImpl.startService:1816 android.content.ContextWrapper.startService:774 com.thundercomm.gamemode.ingame.services.GameModeActionUtils.startGameModeService:93 com.thundercomm.gamemode.ingame.services.GameModeActionUtils.startGameModeEntry:21 com.thundercomm.gamemode.ingame.services.ActivityMonitoringService$1.onActivityLaunch:127
11-29 06:52:44.895 1491 1491 I GameModeConfig: Current uri is uri = content://com.thundercomm.gamemode.api/gamemode_settings/gamemode_isgaming
11-29 06:52:44.896 18441 18441 I wm_on_create_called: [107003459,com.android.gallery3d.app.GalleryActivity,performCreate]
11-29 06:52:44.897 18441 18441 I wm_on_start_called: [107003459,com.android.gallery3d.app.GalleryActivity,handleStartActivity]
11-29 06:52:44.899 1491 1491 I GameModeConfig: isGameModeOn = false
11-29 06:52:44.899 18441 18441 I wm_on_resume_called: [107003459,com.android.gallery3d.app.GalleryActivity,RESUME_ACTIVITY]
11-29 06:52:44.899 1491 1491 I GameModeConfig: isGameModeOn = false
11-29 06:52:44.899 1491 1491 I GameModeConfig: isDisableVoice = true
11-29 06:52:44.901 1491 1607 I am_pss : [9956,10077,com.android.launcher3,113699840,102768640,0,249585664,0,2,9]
11-29 06:52:44.902 18441 18441 I wm_on_top_resumed_gained_called: [107003459,com.android.gallery3d.app.GalleryActivity,topStateChangedWhenResumed]
11-29 06:52:44.906 1491 9480 W WindowManager: updateScale0.7996942
11-29 06:52:44.910 1491 1600 I input_focus: [Focus request 174f0b5 com.android.gallery3d/com.android.gallery3d.app.GalleryActivity,reason=UpdateInputWindows]
11-29 06:52:44.939 1491 1600 W WindowManager: updateScale0.7996942
11-29 06:52:44.939 1491 1693 I input_focus: [Focus leaving cd0514f com.android.launcher3/com.android.launcher3.uioverrides.QuickstepLauncher (server),reason=Waiting for window because NOT_VISIBLE]
11-29 06:52:44.942 1491 1600 W WindowManager: updateScale0.7996942
11-29 06:52:44.943 1491 1600 W WindowManager: updateScale0.7996942
11-29 06:52:44.946 1491 1596 I sysui_multi_action: [319,98,322,97,325,13143,757,761,758,8,759,2,806,com.android.gallery3d,871,com.android.gallery3d.app.GalleryActivity,904,com.android.launcher3,905,0,1320,4,1321,1]
11-29 06:52:44.947 1491 1596 I wm_activity_launch_time: [0,107003459,com.android.gallery3d/.app.GalleryActivity,97]
11-29 06:52:44.956 1491 1693 I input_focus: [Focus entering 174f0b5 com.android.gallery3d/com.android.gallery3d.app.GalleryActivity (server),reason=Window became focusable. Previous reason: NOT_VISIBLE]
11-29 06:52:45.032 1491 1607 I am_pss : [19161,1000,com.qti.diagservices,6066176,3850240,0,93691904,0,10,6]
11-29 06:52:45.079 0 0 I auditd : type=1400 audit(0.0:13952): avc: denied { kill } for comm="swapper/1" capability=5 scontext=u:r:kernel:s0 tcontext=u:r:kernel:s0 tclass=capability permissive=0
11-29 06:52:45.224 1491 1600 W WindowManager: updateScale0.7996942
11-29 06:52:46.072 1491 1693 I input_interaction: Interaction with: 174f0b5 com.android.gallery3d/com.android.gallery3d.app.GalleryActivity (server), edge-swipe (server), swipe-up (server), PointerEventDispatcher0 (server),
11-29 06:52:46.079 0 0 I auditd : type=1400 audit(0.0:13953): avc: denied { kill } for comm="swapper/1" capability=5 scontext=u:r:kernel:s0 tcontext=u:r:kernel:s0 tclass=capability permissive=0
11-29 06:52:46.160 1491 10783 W WindowManager: updateScale0.4617737
11-29 06:52:46.162 1491 10783 I wm_relaunch_resume_activity: [0,107003459,143,com.android.gallery3d/.app.GalleryActivity]
11-29 06:52:46.164 1491 10783 W WindowManager: updateScale0.4617737
11-29 06:52:46.184 18441 18441 I wm_on_top_resumed_lost_called: [107003459,com.android.gallery3d.app.GalleryActivity,pausing]
11-29 06:52:46.209 18441 18441 I wm_on_paused_called: [107003459,com.android.gallery3d.app.GalleryActivity,performPause]
11-29 06:52:46.210 18441 18441 I wm_on_stop_called: [107003459,com.android.gallery3d.app.GalleryActivity,handleRelaunchActivity]
11-29 06:52:46.213 18441 18441 I wm_on_destroy_called: [107003459,com.android.gallery3d.app.GalleryActivity,performDestroy]
11-29 06:52:46.214 1491 10783 I WindowManager: finishDrawing of relaunch: Window{174f0b5 u0 com.android.gallery3d/com.android.gallery3d.app.GalleryActivity} 52ms
11-29 06:52:46.236 18441 18441 I wm_on_create_called: [107003459,com.android.gallery3d.app.GalleryActivity,performCreate]
11-29 06:52:46.237 18441 18441 I wm_on_start_called: [107003459,com.android.gallery3d.app.GalleryActivity,handleStartActivity]
11-29 06:52:46.245 18441 18441 I wm_on_resume_called: [107003459,com.android.gallery3d.app.GalleryActivity,RESUME_ACTIVITY]
11-29 06:52:46.245 18441 18441 I wm_on_top_resumed_gained_called: [107003459,com.android.gallery3d.app.GalleryActivity,topWhenResuming]
11-29 06:52:46.249 1491 9480 W WindowManager: updateScale0.4617737
11-29 06:52:46.251 1491 9480 W WindowManager: updateScale0.4617737
11-29 06:52:46.982 18441 18441 I view_enqueue_input_event: [Motion - Cancel,com.android.gallery3d/com.android.gallery3d.app.GalleryActivity]
11-29 06:52:46.984 1491 1693 I input_interaction: Interaction with: WindowManager (server), edge-swipe (server), swipe-up (server), PointerEventDispatcher0 (server),
11-29 06:52:46.995 1491 1600 D FreeFormWindowHelper: refreshTipWindow windowDragBounds:Rect(3, 15 - 305, 553)
11-29 06:52:46.999 1491 1600 W WindowManager: updateScale0.4617737
11-29 06:52:47.012 1491 1600 D FreeFormWindowHelper: refreshTipWindow windowDragBounds:Rect(4, -57 - 306, 481)
11-29 06:52:47.016 1491 1600 W WindowManager: updateScale0.4617737
11-29 06:52:47.023 1491 11109 W WindowManager: updateScale0.4617737
11-29 06:52:47.028 1491 1600 D FreeFormWindowHelper: refreshTipWindow windowDragBounds:Rect(7, -214 - 309, 324)
11-29 06:52:47.030 1491 1600 W WindowManager: updateScale0.4617737
11-29 06:52:47.047 1491 1600 D FreeFormWindowHelper: refreshTipWindow windowDragBounds:Rect(13, -403 - 315, 135)
11-29 06:52:47.050 1491 1600 W WindowManager: updateScale0.4617737
11-29 06:52:47.078 1491 1600 D FreeFormWindowHelper: refreshTipWindow windowDragBounds:Rect(17, -439 - 319, 99)
11-29 06:52:47.079 1491 1600 W WindowManager: updateScale0.4617737
11-29 06:52:47.095 1491 10783 W WindowManager: updateScale0.4617737
11-29 06:52:47.290 1491 1600 D WindowManager: updateWindowDragBounds: mIsSwipeYtrue
11-29 06:52:47.290 1491 1600 D WindowManager: updateWindowDragBounds: mIsTopfalse
11-29 06:52:47.290 1491 1600 D WindowManager: updateWindowDragBounds: mIsSwipeXfalse
11-29 06:52:47.291 1491 1600 W WindowManager: updateScale0.4617737
11-29 06:52:47.310 1491 10783 W WindowManager: updateScale0.4617737
11-29 06:52:48.008 1491 1693 I input_interaction: Interaction with: 174f0b5 com.android.gallery3d/com.android.gallery3d.app.GalleryActivity (server), edge-swipe (server), swipe-up (server), PointerEventDispatcher0 (server),
11-29 06:52:48.084 18441 18441 I view_enqueue_input_event: [Motion - Cancel,com.android.gallery3d/com.android.gallery3d.app.GalleryActivity]
11-29 06:52:48.088 1491 1693 I input_interaction: Interaction with: WindowManager (server), edge-swipe (server), swipe-up (server), PointerEventDispatcher0 (server),
11-29 06:52:48.097 1491 1600 D FreeFormWindowHelper: refreshTipWindow windowDragBounds:Rect(0, 10 - 302, 548)
11-29 06:52:48.098 1491 1600 W WindowManager: updateScale0.4617737
11-29 06:52:48.113 1491 11109 W WindowManager: updateScale0.4617737
11-29 06:52:48.116 1491 1600 D FreeFormWindowHelper: refreshTipWindow windowDragBounds:Rect(-17, -106 - 285, 432)
11-29 06:52:48.117 1491 1600 W WindowManager: updateScale0.4617737
11-29 06:52:48.129 1491 9682 W WindowManager: updateScale0.4617737
11-29 06:52:48.131 1491 1600 D FreeFormWindowHelper: refreshTipWindow windowDragBounds:Rect(-50, -262 - 252, 276)
11-29 06:52:48.134 1491 1600 W WindowManager: updateScale0.4617737
11-29 06:52:48.147 1491 1600 D FreeFormWindowHelper: refreshTipWindow windowDragBounds:Rect(-62, -318 - 240, 220)
11-29 06:52:48.148 1491 1600 W WindowManager: updateScale0.4617737
11-29 06:52:48.163 1491 11109 W WindowManager: updateScale0.4617737
11-29 06:52:48.176 1491 9682 W WindowManager: updateScale0.4617737
11-29 06:52:48.280 1491 1491 I service_manager_stats: [100,83,67692]
11-29 06:52:48.282 1491 1600 D WindowManager: updateWindowDragBounds: mIsSwipeYtrue
11-29 06:52:48.282 1491 1600 D WindowManager: updateWindowDragBounds: mIsTopfalse
11-29 06:52:48.282 1491 1600 D WindowManager: updateWindowDragBounds: mIsSwipeXfalse
11-29 06:52:48.284 1491 1600 W WindowManager: updateScale0.4617737
11-29 06:52:48.303 1491 9682 W WindowManager: updateScale0.4617737
11-29 06:52:48.374 1491 2756 E TaskPersister: File error accessing recents directory (directory doesn't exist?).
11-29 06:52:48.712 1491 1693 I input_interaction: Interaction with: 174f0b5 com.android.gallery3d/com.android.gallery3d.app.GalleryActivity (server), edge-swipe (server), swipe-up (server), PointerEventDispatcher0 (server),
11-29 06:52:48.753 18441 18441 I view_enqueue_input_event: [Motion - Cancel,com.android.gallery3d/com.android.gallery3d.app.GalleryActivity]
11-29 06:52:48.756 1491 1693 I input_interaction: Interaction with: WindowManager (server), edge-swipe (server), swipe-up (server), PointerEventDispatcher0 (server),
11-29 06:52:48.766 1491 1600 D FreeFormWindowHelper: refreshTipWindow windowDragBounds:Rect(-3, 40 - 299, 578)
11-29 06:52:48.770 1491 1600 W WindowManager: updateScale0.4617737
11-29 06:52:48.782 1491 1600 D FreeFormWindowHelper: refreshTipWindow windowDragBounds:Rect(-4, 29 - 298, 567)
11-29 06:52:48.785 1491 1600 W WindowManager: updateScale0.4617737
11-29 06:52:48.793 1491 11109 W WindowManager: updateScale0.4617737
11-29 06:52:48.799 1491 1600 D FreeFormWindowHelper: refreshTipWindow windowDragBounds:Rect(-8, -55 - 294, 483)
11-29 06:52:48.801 1491 1600 W WindowManager: updateScale0.4617737
11-29 06:52:48.816 1491 1600 D FreeFormWindowHelper: refreshTipWindow windowDragBounds:Rect(-13, -130 - 289, 408)
11-29 06:52:48.817 1491 1600 W WindowManager: updateScale0.4617737
11-29 06:52:48.833 1491 1600 D FreeFormWindowHelper: refreshTipWindow windowDragBounds:Rect(-20, -263 - 282, 275)
11-29 06:52:48.833 1491 1600 W WindowManager: updateScale0.4617737
11-29 06:52:48.850 1491 1600 D FreeFormWindowHelper: refreshTipWindow windowDragBounds:Rect(-21, -454 - 281, 84)
11-29 06:52:48.851 1491 1600 W WindowManager: updateScale0.4617737
11-29 06:52:48.867 1491 1600 D FreeFormWindowHelper: refreshTipWindow windowDragBounds:Rect(-21, -490 - 281, 48)
11-29 06:52:48.868 1491 1600 W WindowManager: updateScale0.4617737
11-29 06:52:48.881 1491 9682 W WindowManager: updateScale0.4617737
11-29 06:52:48.895 1491 11109 W WindowManager: updateScale0.4617737
11-29 06:52:48.999 1491 1600 D WindowManager: updateWindowDragBounds: mIsSwipeYtrue
11-29 06:52:48.999 1491 1600 D WindowManager: updateWindowDragBounds: mIsTopfalse
11-29 06:52:49.000 1491 1600 D WindowManager: updateWindowDragBounds: mIsSwipeXfalse
11-29 06:52:49.001 1491 1600 W WindowManager: updateScale0.4617737
11-29 06:52:49.022 1491 11109 W WindowManager: updateScale0.4617737
11-29 06:52:49.079 0 0 I auditd : type=1400 audit(0.0:13954): avc: denied { kill } for comm="swapper/3" capability=5 scontext=u:r:kernel:s0 tcontext=u:r:kernel:s0 tclass=capability permissive=0
11-29 06:52:50.079 0 0 I auditd : type=1400 audit(0.0:13955): avc: denied { kill } for comm="swapper/3" capability=5 scontext=u:r:kernel:s0 tcontext=u:r:kernel:s0 tclass=capability permissive=0
11-29 06:52:50.792 1491 1693 I input_interaction: Interaction with: 174f0b5 com.android.gallery3d/com.android.gallery3d.app.GalleryActivity (server), edge-swipe (server), swipe-up (server), PointerEventDispatcher0 (server),
11-29 06:52:50.887 18441 18441 I view_enqueue_input_event: [Motion - Cancel,com.android.gallery3d/com.android.gallery3d.app.GalleryActivity]
11-29 06:52:50.891 1491 1693 I input_interaction: Interaction with: WindowManager (server), edge-swipe (server), swipe-up (server), PointerEventDispatcher0 (server),
11-29 06:52:50.904 1491 1600 D FreeFormWindowHelper: refreshTipWindow windowDragBounds:Rect(3, 3 - 305, 541)
11-29 06:52:50.908 1491 1600 W WindowManager: updateScale0.4617737
11-29 06:52:50.924 1491 1600 D FreeFormWindowHelper: refreshTipWindow windowDragBounds:Rect(3, -42 - 305, 496)
11-29 06:52:50.926 1491 1600 W WindowManager: updateScale0.4617737
11-29 06:52:50.932 1491 9480 W WindowManager: updateScale0.4617737
11-29 06:52:50.937 1491 1600 D FreeFormWindowHelper: refreshTipWindow windowDragBounds:Rect(11, -253 - 313, 285)
11-29 06:52:50.938 1491 1600 W WindowManager: updateScale0.4617737
11-29 06:52:50.954 1491 1600 D FreeFormWindowHelper: refreshTipWindow windowDragBounds:Rect(27, -445 - 329, 93)
11-29 06:52:50.955 1491 1600 W WindowManager: updateScale0.4617737
11-29 06:52:50.970 1491 1600 D FreeFormWindowHelper: refreshTipWindow windowDragBounds:Rect(31, -490 - 333, 48)
11-29 06:52:50.971 1491 1600 W WindowManager: updateScale0.4617737
11-29 06:52:51.079 0 0 I auditd : type=1400 audit(0.0:13956): avc: denied { kill } for comm="swapper/3" capability=5 scontext=u:r:kernel:s0 tcontext=u:r:kernel:s0 tclass=capability permissive=0
11-29 06:52:51.128 1491 1600 D WindowManager: updateWindowDragBounds: mIsSwipeYtrue
11-29 06:52:51.128 1491 1600 D WindowManager: updateWindowDragBounds: mIsTopfalse
11-29 06:52:51.128 1491 1600 D WindowManager: updateWindowDragBounds: mIsSwipeXfalse
11-29 06:52:51.130 1491 1600 W WindowManager: updateScale0.4617737
11-29 06:52:51.144 1491 9480 W WindowManager: updateScale0.4617737
11-29 06:52:52.018 1491 1693 I input_interaction: Interaction with: 174f0b5 com.android.gallery3d/com.android.gallery3d.app.GalleryActivity (server), edge-swipe (server), swipe-up (server), PointerEventDispatcher0 (server),
11-29 06:52:52.079 0 0 I auditd : type=1400 audit(0.0:13957): avc: denied { kill } for comm="swapper/3" capability=5 scontext=u:r:kernel:s0 tcontext=u:r:kernel:s0 tclass=capability permissive=0
11-29 06:52:52.112 18441 18441 I view_enqueue_input_event: [Motion - Cancel,com.android.gallery3d/com.android.gallery3d.app.GalleryActivity]
11-29 06:52:52.116 1491 1693 I input_interaction: Interaction with: WindowManager (server), edge-swipe (server), swipe-up (server), PointerEventDispatcher0 (server),
11-29 06:52:52.140 1491 1600 D FreeFormWindowHelper: refreshTipWindow windowDragBounds:Rect(0, -98 - 302, 440)
11-29 06:52:52.144 1491 1600 W WindowManager: updateScale0.4617737
11-29 06:52:52.156 1491 1600 D FreeFormWindowHelper: refreshTipWindow windowDragBounds:Rect(-1, -275 - 301, 263)
11-29 06:52:52.158 1491 1600 W WindowManager: updateScale0.4617737
11-29 06:52:52.161 1491 9480 W WindowManager: updateScale0.4617737
11-29 06:52:52.173 1491 1600 D FreeFormWindowHelper: refreshTipWindow windowDragBounds:Rect(-1, -441 - 301, 97)
11-29 06:52:52.175 1491 1600 W WindowManager: updateScale0.4617737
11-29 06:52:52.190 1491 1600 D FreeFormWindowHelper: refreshTipWindow windowDragBounds:Rect(0, -490 - 302, 48)
11-29 06:52:52.192 1491 1600 W WindowManager: updateScale0.4617737
11-29 06:52:52.208 1491 9480 W WindowManager: updateScale0.4617737
11-29 06:52:52.278 1491 1600 D WindowManager: updateWindowDragBounds: mIsSwipeYtrue
11-29 06:52:52.280 1491 1600 D WindowManager: updateWindowDragBounds: mIsTopfalse
11-29 06:52:52.280 1491 1600 D WindowManager: updateWindowDragBounds: mIsSwipeXfalse
11-29 06:52:52.282 1491 1600 W WindowManager: updateScale0.4617737
11-29 06:52:52.297 1491 9480 W WindowManager: updateScale0.4617737
11-29 06:52:52.861 1491 1693 I input_interaction: Interaction with: 174f0b5 com.android.gallery3d/com.android.gallery3d.app.GalleryActivity (server), edge-swipe (server), swipe-up (server), PointerEventDispatcher0 (server),
11-29 06:52:52.929 18441 18441 I view_enqueue_input_event: [Motion - Cancel,com.android.gallery3d/com.android.gallery3d.app.GalleryActivity]
11-29 06:52:52.934 1491 1693 I input_interaction: Interaction with: WindowManager (server), edge-swipe (server), swipe-up (server), PointerEventDispatcher0 (server),
11-29 06:52:52.942 1491 1600 D FreeFormWindowHelper: refreshTipWindow windowDragBounds:Rect(0, 29 - 302, 567)
11-29 06:52:52.944 1491 1600 W WindowManager: updateScale0.4617737
11-29 06:52:52.958 1491 1600 D FreeFormWindowHelper: refreshTipWindow windowDragBounds:Rect(0, -45 - 302, 493)
11-29 06:52:52.960 1491 1600 W WindowManager: updateScale0.4617737
11-29 06:52:52.974 1491 11109 W WindowManager: updateScale0.4617737
11-29 06:52:52.976 1491 1600 D FreeFormWindowHelper: refreshTipWindow windowDragBounds:Rect(3, -175 - 305, 363)
11-29 06:52:52.978 1491 1600 W WindowManager: updateScale0.4617737
11-29 06:52:52.992 1491 1600 D FreeFormWindowHelper: refreshTipWindow windowDragBounds:Rect(26, -361 - 328, 177)
11-29 06:52:52.993 1491 1600 W WindowManager: updateScale0.4617737
11-29 06:52:53.010 1491 1600 D FreeFormWindowHelper: refreshTipWindow windowDragBounds:Rect(42, -490 - 344, 48)
11-29 06:52:53.012 1491 1600 W WindowManager: updateScale0.4617737
11-29 06:52:53.079 0 0 I auditd : type=1400 audit(0.0:13958): avc: denied { kill } for comm="swapper/3" capability=5 scontext=u:r:kernel:s0 tcontext=u:r:kernel:s0 tclass=capability permissive=0
11-29 06:52:53.105 1491 1600 D WindowManager: updateWindowDragBounds: mIsSwipeYtrue
11-29 06:52:53.105 1491 1600 D WindowManager: updateWindowDragBounds: mIsTopfalse
11-29 06:52:53.105 1491 1600 D WindowManager: updateWindowDragBounds: mIsSwipeXfalse
11-29 06:52:53.107 1491 1600 W WindowManager: updateScale0.4617737
11-29 06:52:53.148 1491 10783 W WindowManager: updateScale0.4617737
11-29 06:52:53.928 1491 1693 I input_interaction: Interaction with: 174f0b5 com.android.gallery3d/com.android.gallery3d.app.GalleryActivity (server), edge-swipe (server), swipe-up (server), PointerEventDispatcher0 (server),
11-29 06:52:53.980 18441 18441 I view_enqueue_input_event: [Motion - Cancel,com.android.gallery3d/com.android.gallery3d.app.GalleryActivity]
11-29 06:52:53.985 1491 1693 I input_interaction: Interaction with: WindowManager (server), edge-swipe (server), swipe-up (server), PointerEventDispatcher0 (server),
11-29 06:52:53.996 1491 1600 D FreeFormWindowHelper: refreshTipWindow windowDragBounds:Rect(-5, 27 - 297, 565)
11-29 06:52:53.999 1491 1600 W WindowManager: updateScale0.4617737
11-29 06:52:54.015 1491 1600 D FreeFormWindowHelper: refreshTipWindow windowDragBounds:Rect(-10, -54 - 292, 484)
11-29 06:52:54.018 1491 1600 W WindowManager: updateScale0.4617737
11-29 06:52:54.027 1491 1600 D FreeFormWindowHelper: refreshTipWindow windowDragBounds:Rect(-13, -204 - 289, 334)
11-29 06:52:54.029 1491 1600 W WindowManager: updateScale0.4617737
11-29 06:52:54.031 1491 10783 W WindowManager: updateScale0.4617737
11-29 06:52:54.044 1491 1600 D FreeFormWindowHelper: refreshTipWindow windowDragBounds:Rect(-15, -397 - 287, 141)
11-29 06:52:54.047 1491 1600 W WindowManager: updateScale0.4617737
11-29 06:52:54.061 1491 1600 D FreeFormWindowHelper: refreshTipWindow windowDragBounds:Rect(-15, -485 - 287, 53)
11-29 06:52:54.063 1491 1600 W WindowManager: updateScale0.4617737
11-29 06:52:54.155 1491 1600 D WindowManager: updateWindowDragBounds: mIsSwipeYtrue
11-29 06:52:54.155 1491 1600 D WindowManager: updateWindowDragBounds: mIsToptrue
11-29 06:52:54.155 1491 1600 I wm_finish_activity: [0,107003459,143,com.android.gallery3d/.app.GalleryActivity,app-request]
11-29 06:52:54.156 1491 1600 I wm_task_moved: [32,1,8]
11-29 06:52:54.158 1491 1600 I wm_set_resumed_activity: [0,com.android.launcher3/.uioverrides.QuickstepLauncher,positionChildAt]
11-29 06:52:54.158 1491 1600 I wm_task_moved: [41,1,2147483647]
11-29 06:52:54.158 1491 1600 I wm_task_to_front: [0,41]
11-29 06:52:54.158 1491 1600 I wm_focused_root_task: [0,0,32,-1,finish-top adjustFocusToNextFocusableTask]
11-29 06:52:54.158 1491 1600 I wm_set_resumed_activity: [0,com.android.launcher3/.uioverrides.QuickstepLauncher,finish-top]
11-29 06:52:54.158 18441 18441 I wm_on_top_resumed_lost_called: [107003459,com.android.gallery3d.app.GalleryActivity,topStateChangedWhenResumed]
11-29 06:52:54.165 1491 1600 I wm_pause_activity: [0,107003459,com.android.gallery3d/.app.GalleryActivity,userLeaving=false,finish]
11-29 06:52:54.168 1491 1600 D WindowManager: updateWindowDragBounds: mIsSwipeXfalse
11-29 06:52:54.170 9956 9956 I wm_on_top_resumed_gained_called: [254362067,com.android.launcher3.uioverrides.QuickstepLauncher,topStateChangedWhenResumed]
11-29 06:52:54.172 1491 1600 I input_focus: [Focus request cd0514f com.android.launcher3/com.android.launcher3.uioverrides.QuickstepLauncher,reason=UpdateInputWindows]
11-29 06:52:54.173 18441 18441 I wm_on_paused_called: [107003459,com.android.gallery3d.app.GalleryActivity,performPause]
11-29 06:52:54.177 1491 9480 I ActivityTaskManager: FOREGROUND_APPLICATION_CHANGED to com.android.launcher3.uioverrides.QuickstepLauncher
11-29 06:52:54.178 1491 9480 I wm_destroy_activity: [0,107003459,143,com.android.gallery3d/.app.GalleryActivity,finish-imm:completePausedLocked]
11-29 06:52:54.184 1491 1693 I input_focus: [Focus leaving 174f0b5 com.android.gallery3d/com.android.gallery3d.app.GalleryActivity (server),reason=NO_WINDOW]
11-29 06:52:54.185 1491 1693 I input_focus: [Focus entering cd0514f com.android.launcher3/com.android.launcher3.uioverrides.QuickstepLauncher (server),reason=setFocusedWindow]
11-29 06:52:54.193 18441 18441 I wm_on_stop_called: [107003459,com.android.gallery3d.app.GalleryActivity,LIFECYCLER_STOP_ACTIVITY]
11-29 06:52:54.217 18441 18441 I wm_on_destroy_called: [107003459,com.android.gallery3d.app.GalleryActivity,performDestroy]
11-29 06:52:54.227 1491 1599 I sysui_multi_action: [757,803,799,window_time_0,802,23]
11-29 06:52:54.236 16043 16059 W ContextImpl: Calling a method in the system process without a qualified user: android.app.ContextImpl.startService:1816 android.content.ContextWrapper.startService:774 com.thundercomm.gamemode.ingame.services.GameModeActionUtils.startGameModeService:93 com.thundercomm.gamemode.ingame.services.GameModeActionUtils.startGameModeEntry:21 com.thundercomm.gamemode.ingame.services.ActivityMonitoringService$1.onActivityLaunch:127
11-29 06:52:54.247 1491 1491 I GameModeConfig: Current uri is uri = content://com.thundercomm.gamemode.api/gamemode_settings/gamemode_isgaming
11-29 06:52:54.251 1491 1491 I GameModeConfig: isGameModeOn = false
11-29 06:52:54.251 1491 1491 I GameModeConfig: isGameModeOn = false
11-29 06:52:54.251 1491 1491 I GameModeConfig: isDisableVoice = true
11-29 06:52:54.289 16043 16059 W ContextImpl: Calling a method in the system process without a qualified user: android.app.ContextImpl.startService:1816 android.content.ContextWrapper.startService:774 com.thundercomm.gamemode.ingame.services.GameModeActionUtils.startGameModeService:93 com.thundercomm.gamemode.ingame.services.GameModeActionUtils.startGameModeEntry:21 com.thundercomm.gamemode.ingame.services.ActivityMonitoringService$1.onActivityLaunch:127
11-29 06:52:54.294 1491 1491 I GameModeConfig: Current uri is uri = content://com.thundercomm.gamemode.api/gamemode_settings/gamemode_isgaming
11-29 06:52:54.296 1491 1491 I GameModeConfig: isGameModeOn = false
11-29 06:52:54.300 1491 1491 I GameModeConfig: isGameModeOn = false
11-29 06:52:54.300 1491 1491 I GameModeConfig: isDisableVoice = true
11-29 06:52:54.477 1491 1600 I wm_task_removed: [143,removeChild:removeChild last r=ActivityRecord{660be43 u0 com.android.gallery3d/.app.GalleryActivity t-1 f}} in t=Task{7b537f2 #143 type=standard A=10068:com.android.gallery3d U=0 visible=false mode=freeform translucent=true sz=0}]
11-29 06:52:54.477 1491 1600 I wm_task_removed: [143,removeChild]
11-29 06:52:54.477 1491 1600 D FreeFormWindowHelper: Remove freefrom task=Task{7b537f2 #143 type=standard A=10068:com.android.gallery3d U=0 visible=false mode=freeform translucent=true sz=0}
11-29 06:52:55.079 0 0 I auditd : type=1400 audit(0.0:13959): avc: denied { kill } for comm="swapper/3" capability=5 scontext=u:r:kernel:s0 tcontext=u:r:kernel:s0 tclass=capability permissive=0
11-29 06:52:56.079 0 0 I auditd : type=1400 audit(0.0:13960): avc: denied { kill } for comm="swapper/3" capability=5 scontext=u:r:kernel:s0 tcontext=u:r:kernel:s0 tclass=capability permissive=0
11-29 06:52:57.079 0 0 I auditd : type=1400 audit(0.0:13961): avc: denied { kill } for comm="swapper/3" capability=5 scontext=u:r:kernel:s0 tcontext=u:r:kernel:s0 tclass=capability permissive=0
11-29 06:52:57.488 1491 2756 E TaskPersister: File error accessing recents directory (directory doesn't exist?).
11-29 06:52:58.079 0 0 I auditd : type=1400 audit(0.0:13962): avc: denied { kill } for comm="swapper/3" capability=5 scontext=u:r:kernel:s0 tcontext=u:r:kernel:s0 tclass=capability permissive=0
11-29 06:52:59.079 0 0 I auditd : type=1400 audit(0.0:13963): avc: denied { kill } for comm="swapper/3" capability=5 scontext=u:r:kernel:s0 tcontext=u:r:kernel:s0 tclass=capability permissive=0
11-29 06:53:00.079 0 0 I auditd : type=1400 audit(0.0:13964): avc: denied { kill } for comm="swapper/3" capability=5 scontext=u:r:kernel:s0 tcontext=u:r:kernel:s0 tclass=capability permissive=0
11-29 06:53:01.079 0 0 I auditd : type=1400 audit(0.0:13965): avc: denied { kill } for comm="swapper/3" capability=5 scontext=u:r:kernel:s0 tcontext=u:r:kernel:s0 tclass=capability permissive=0
11-29 06:53:02.079 0 0 I auditd : type=1400 audit(0.0:13966): avc: denied { kill } for comm="swapper/3" capability=5 scontext=u:r:kernel:s0 tcontext=u:r:kernel:s0 tclass=capability permissive=0
11-29 06:53:03.079 0 0 I auditd : type=1400 audit(0.0:13967): avc: denied { kill } for comm="swapper/3" capability=5 scontext=u:r:kernel:s0 tcontext=u:r:kernel:s0 tclass=capability permissive=0
11-29 06:53:04.176 1491 1599 W ActivityTaskManager: Launch timeout has expired, giving up wake lock!
11-29 06:53:05.079 18682 18682 I auditd : type=1400 audit(0.0:13968): avc: denied { kill } for comm="kworker/u17:8" capability=5 scontext=u:r:kernel:s0 tcontext=u:r:kernel:s0 tclass=capability permissive=0
11-29 06:53:06.079 0 0 I auditd : type=1400 audit(0.0:13969): avc: denied { kill } for comm="swapper/3" capability=5 scontext=u:r:kernel:s0 tcontext=u:r:kernel:s0 tclass=capability permissive=0
11-29 06:53:07.079 0 0 I auditd : type=1400 audit(0.0:13970): avc: denied { kill } for comm="swapper/3" capability=5 scontext=u:r:kernel:s0 tcontext=u:r:kernel:s0 tclass=capability permissive=0
11-29 06:53:08.079 0 0 I auditd : type=1400 audit(0.0:13971): avc: denied { kill } for comm="swapper/3" capability=5 scontext=u:r:kernel:s0 tcontext=u:r:kernel:s0 tclass=capability permissive=0
11-29 06:53:09.079 0 0 I auditd : type=1400 audit(0.0:13972): avc: denied { kill } for comm="swapper/3" capability=5 scontext=u:r:kernel:s0 tcontext=u:r:kernel:s0 tclass=capability permissive=0
11-29 06:53:10.079 0 0 I auditd : type=1400 audit(0.0:13973): avc: denied { kill } for comm="swapper/3" capability=5 scontext=u:r:kernel:s0 tcontext=u:r:kernel:s0 tclass=capability permissive=0
11-29 06:53:11.079 0 0 I auditd : type=1400 audit(0.0:13974): avc: denied { kill } for comm="swapper/3" capability=5 scontext=u:r:kernel:s0 tcontext=u:r:kernel:s0 tclass=capability permissive=0
11-29 06:53:12.079 0 0 I auditd : type=1400 audit(0.0:13975): avc: denied { kill } for comm="swapper/3" capability=5 scontext=u:r:kernel:s0 tcontext=u:r:kernel:s0 tclass=capability permissive=0
11-29 06:53:13.079 0 0 I auditd : type=1400 audit(0.0:13976): avc: denied { kill } for comm="swapper/3" capability=5 scontext=u:r:kernel:s0 tcontext=u:r:kernel:s0 tclass=capability permissive=0
11-29 06:53:14.079 0 0 I auditd : type=1400 audit(0.0:13977): avc: denied { kill } for comm="swapper/3" capability=5 scontext=u:r:kernel:s0 tcontext=u:r:kernel:s0 tclass=capability permissive=0
11-29 06:53:15.079 0 0 I auditd : type=1400 audit(0.0:13978): avc: denied { kill } for comm="swapper/3" capability=5 scontext=u:r:kernel:s0 tcontext=u:r:kernel:s0 tclass=capability permissive=0
11-29 06:53:16.079 0 0 I auditd : type=1400 audit(0.0:13979): avc: denied { kill } for comm="swapper/3" capability=5 scontext=u:r:kernel:s0 tcontext=u:r:kernel:s0 tclass=capability permissive=0
11-29 06:53:17.079 0 0 I auditd : type=1400 audit(0.0:13980): avc: denied { kill } for comm="swapper/3" capability=5 scontext=u:r:kernel:s0 tcontext=u:r:kernel:s0 tclass=capability permissive=0
11-29 06:53:18.079 0 0 I auditd : type=1400 audit(0.0:13981): avc: denied { kill } for comm="swapper/3" capability=5 scontext=u:r:kernel:s0 tcontext=u:r:kernel:s0 tclass=capability permissive=0
11-29 06:53:19.079 0 0 I auditd : type=1400 audit(0.0:13982): avc: denied { kill } for comm="swapper/3" capability=5 scontext=u:r:kernel:s0 tcontext=u:r:kernel:s0 tclass=capability permissive=0
11-29 06:53:20.079 0 0 I auditd : type=1400 audit(0.0:13983): avc: denied { kill } for comm="swapper/3" capability=5 scontext=u:r:kernel:s0 tcontext=u:r:kernel:s0 tclass=capability permissive=0
11-29 06:53:20.493 1491 1723 I netstats_mobile_sample: [0,0,0,0,0,0,0,0,0,0,0,0,1669676000492]
11-29 06:53:20.493 1491 1723 I netstats_wifi_sample: [331207517,765732,144157723,332247,331207517,765732,144157723,332247,403261804,1322492,72635934,170196,1669676000492]
11-29 06:53:21.079 0 0 I auditd : type=1400 audit(0.0:13984): avc: denied { kill } for comm="swapper/3" capability=5 scontext=u:r:kernel:s0 tcontext=u:r:kernel:s0 tclass=capability permissive=0
11-29 06:53:22.079 0 0 I auditd : type=1400 audit(0.0:13985): avc: denied { kill } for comm="swapper/3" capability=5 scontext=u:r:kernel:s0 tcontext=u:r:kernel:s0 tclass=capability permissive=0
11-29 06:53:23.079 0 0 I auditd : type=1400 audit(0.0:13986): avc: denied { kill } for comm="swapper/3" capability=5 scontext=u:r:kernel:s0 tcontext=u:r:kernel:s0 tclass=capability permissive=0
11-29 06:53:24.079 0 0 I auditd : type=1400 audit(0.0:13987): avc: denied { kill } for comm="swapper/3" capability=5 scontext=u:r:kernel:s0 tcontext=u:r:kernel:s0 tclass=capability permissive=0
11-29 06:53:25.079 0 0 I auditd : type=1400 audit(0.0:13988): avc: denied { kill } for comm="swapper/3" capability=5 scontext=u:r:kernel:s0 tcontext=u:r:kernel:s0 tclass=capability permissive=0
11-29 06:53:26.079 0 0 I auditd : type=1400 audit(0.0:13989): avc: denied { kill } for comm="swapper/3" capability=5 scontext=u:r:kernel:s0 tcontext=u:r:kernel:s0 tclass=capability permissive=0
11-29 06:53:27.079 0 0 I auditd : type=1400 audit(0.0:13990): avc: denied { kill } for comm="swapper/3" capability=5 scontext=u:r:kernel:s0 tcontext=u:r:kernel:s0 tclass=capability permissive=0
11-29 06:53:28.079 0 0 I auditd : type=1400 audit(0.0:13991): avc: denied { kill } for comm="swapper/3" capability=5 scontext=u:r:kernel:s0 tcontext=u:r:kernel:s0 tclass=capability permissive=0
11-29 06:53:29.079 0 0 I auditd : type=1400 audit(0.0:13992): avc: denied { kill } for comm="swapper/3" capability=5 scontext=u:r:kernel:s0 tcontext=u:r:kernel:s0 tclass=capability permissive=0
11-29 06:53:30.079 0 0 I auditd : type=1400 audit(0.0:13993): avc: denied { kill } for comm="swapper/3" capability=5 scontext=u:r:kernel:s0 tcontext=u:r:kernel:s0 tclass=capability permissive=0
11-29 06:53:31.079 0 0 I auditd : type=1400 audit(0.0:13994): avc: denied { kill } for comm="swapper/3" capability=5 scontext=u:r:kernel:s0 tcontext=u:r:kernel:s0 tclass=capability permissive=0
11-29 06:53:32.079 0 0 I auditd : type=1400 audit(0.0:13995): avc: denied { kill } for comm="swapper/3" capability=5 scontext=u:r:kernel:s0 tcontext=u:r:kernel:s0 tclass=capability permissive=0
11-29 06:53:33.079 0 0 I auditd : type=1400 audit(0.0:13996): avc: denied { kill } for comm="swapper/3" capability=5 scontext=u:r:kernel:s0 tcontext=u:r:kernel:s0 tclass=capability permissive=0
11-29 06:53:34.079 0 0 I auditd : type=1400 audit(0.0:13997): avc: denied { kill } for comm="swapper/3" capability=5 scontext=u:r:kernel:s0 tcontext=u:r:kernel:s0 tclass=capability permissive=0
11-29 06:53:35.079 0 0 I auditd : type=1400 audit(0.0:13998): avc: denied { kill } for comm="swapper/3" capability=5 scontext=u:r:kernel:s0 tcontext=u:r:kernel:s0 tclass=capability permissive=0
11-29 06:53:36.079 0 0 I auditd : type=1400 audit(0.0:13999): avc: denied { kill } for comm="swapper/3" capability=5 scontext=u:r:kernel:s0 tcontext=u:r:kernel:s0 tclass=capability permissive=0
11-29 06:53:37.079 0 0 I auditd : type=1400 audit(0.0:14000): avc: denied { kill } for comm="swapper/3" capability=5 scontext=u:r:kernel:s0 tcontext=u:r:kernel:s0 tclass=capability permissive=0
11-29 06:53:38.079 0 0 I auditd : type=1400 audit(0.0:14001): avc: denied { kill } for comm="swapper/3" capability=5 scontext=u:r:kernel:s0 tcontext=u:r:kernel:s0 tclass=capability permissive=0
