11-29 06:57:20.529 18834 18834 I sysui_multi_action: [757,113,758,1,759,113,927,1,928,1,1593,0]
11-29 06:57:20.529 18834 18834 I sysui_multi_action: [757,0,758,1,759,0,927,2,928,0,1593,0]
11-29 06:57:20.530 18834 18834 I sysui_multi_action: [757,0,758,1,759,0,927,3,928,0,1593,0]
11-29 06:57:20.541 1491 1760 I GameModeConfig: isGameModeOn = false
11-29 06:57:20.541 1491 1760 I GameModeConfig: isGameModeOn = false
11-29 06:57:20.542 1491 1760 I GameModeConfig: isGameModeOn = false
11-29 06:57:20.542 1491 1760 I GameModeConfig: isGameModeOn = false
11-29 06:57:20.543 18834 18834 I sysui_multi_action: [757,111,758,2]
11-29 06:57:20.543 18834 18834 I sysui_multi_action: [757,111,758,2]
11-29 06:57:20.544 1491 1491 I notification_enqueue: [10082,18834,com.android.systemui,2048,NULL,0,Notification(channel=updateNotification shortcut=null contentView=null vibrate=null sound=null defaults=0x0 flags=0x0 color=0x00000000 vis=PRIVATE),1]
11-29 06:57:20.547 18834 18834 I sysui_multi_action: [757,111,758,1]
11-29 06:57:20.547 18834 18834 I sysui_multi_action: [757,126,758,1,759,126,927,0,928,1,1593,0]
11-29 06:57:20.547 18834 18834 I sysui_multi_action: [757,113,758,1,759,113,927,1,928,1,1593,0]
11-29 06:57:20.547 18834 18834 I sysui_multi_action: [757,0,758,1,759,0,927,2,928,0,1593,0]
11-29 06:57:20.547 18834 18834 I sysui_multi_action: [757,0,758,1,759,0,927,3,928,0,1593,0]
11-29 06:57:20.548 18834 18834 I sysui_multi_action: [757,491,758,1,759,491,927,4,928,0,1311,-1,1593,0]
11-29 06:57:20.548 18834 18834 I sysui_multi_action: [757,0,758,1,759,0,927,5,928,0,1593,0]
11-29 06:57:20.548 18834 18834 I sysui_multi_action: [757,111,758,1]
11-29 06:57:20.548 18834 18834 I sysui_multi_action: [757,126,758,1,759,126,927,0,928,1,1593,0]
11-29 06:57:20.548 18834 18834 I sysui_multi_action: [757,113,758,1,759,113,927,1,928,1,1593,0]
11-29 06:57:20.548 18834 18834 I sysui_multi_action: [757,0,758,1,759,0,927,2,928,0,1593,0]
11-29 06:57:20.548 18834 18834 I sysui_multi_action: [757,0,758,1,759,0,927,3,928,0,1593,0]
11-29 06:57:20.560 1491 1760 I GameModeConfig: isGameModeOn = false
11-29 06:57:20.561 1491 1760 I GameModeConfig: isGameModeOn = false
11-29 06:57:20.562 1491 1760 I GameModeConfig: isGameModeOn = false
11-29 06:57:20.562 1491 1760 I GameModeConfig: isGameModeOn = false
11-29 06:57:20.563 18834 18834 I sysui_multi_action: [757,111,758,2]
11-29 06:57:20.563 18834 18834 I sysui_multi_action: [757,111,758,2]
11-29 06:57:20.563 1491 1491 I notification_enqueue: [10082,18834,com.android.systemui,2048,NULL,0,Notification(channel=updateNotification shortcut=null contentView=null vibrate=null sound=null defaults=0x0 flags=0x0 color=0x00000000 vis=PRIVATE),1]
11-29 06:57:20.568 18834 18834 I sysui_multi_action: [757,111,758,1]
11-29 06:57:20.568 18834 18834 I sysui_multi_action: [757,126,758,1,759,126,927,0,928,1,1593,0]
11-29 06:57:20.568 18834 18834 I sysui_multi_action: [757,113,758,1,759,113,927,1,928,1,1593,0]
11-29 06:57:20.568 18834 18834 I sysui_multi_action: [757,0,758,1,759,0,927,2,928,0,1593,0]
11-29 06:57:20.568 18834 18834 I sysui_multi_action: [757,0,758,1,759,0,927,3,928,0,1593,0]
11-29 06:57:20.569 18834 18834 I sysui_multi_action: [757,491,758,1,759,491,927,4,928,0,1311,-1,1593,0]
11-29 06:57:20.569 18834 18834 I sysui_multi_action: [757,0,758,1,759,0,927,5,928,0,1593,0]
11-29 06:57:20.569 18834 18834 I sysui_multi_action: [757,111,758,1]
11-29 06:57:20.569 18834 18834 I sysui_multi_action: [757,126,758,1,759,126,927,0,928,1,1593,0]
11-29 06:57:20.569 18834 18834 I sysui_multi_action: [757,113,758,1,759,113,927,1,928,1,1593,0]
11-29 06:57:20.569 18834 18834 I sysui_multi_action: [757,0,758,1,759,0,927,2,928,0,1593,0]
11-29 06:57:20.569 18834 18834 I sysui_multi_action: [757,0,758,1,759,0,927,3,928,0,1593,0]
11-29 06:57:20.580 1491 1760 I GameModeConfig: isGameModeOn = false
11-29 06:57:20.581 1491 1760 I GameModeConfig: isGameModeOn = false
11-29 06:57:20.581 1491 1760 I GameModeConfig: isGameModeOn = false
11-29 06:57:20.581 1491 1760 I GameModeConfig: isGameModeOn = false
11-29 06:57:20.582 18834 18834 I sysui_multi_action: [757,111,758,2]
11-29 06:57:20.582 18834 18834 I sysui_multi_action: [757,111,758,2]
11-29 06:57:20.582 1491 1491 I notification_enqueue: [10082,18834,com.android.systemui,2048,NULL,0,Notification(channel=updateNotification shortcut=null contentView=null vibrate=null sound=null defaults=0x0 flags=0x0 color=0x00000000 vis=PRIVATE),1]
11-29 06:57:20.585 18834 18834 I sysui_multi_action: [757,111,758,1]
11-29 06:57:20.585 18834 18834 I sysui_multi_action: [757,126,758,1,759,126,927,0,928,1,1593,0]
11-29 06:57:20.585 18834 18834 I sysui_multi_action: [757,113,758,1,759,113,927,1,928,1,1593,0]
11-29 06:57:20.585 18834 18834 I sysui_multi_action: [757,0,758,1,759,0,927,2,928,0,1593,0]
11-29 06:57:20.585 18834 18834 I sysui_multi_action: [757,0,758,1,759,0,927,3,928,0,1593,0]
11-29 06:57:20.586 18834 18834 I sysui_multi_action: [757,491,758,1,759,491,927,4,928,0,1311,-1,1593,0]
11-29 06:57:20.586 18834 18834 I sysui_multi_action: [757,0,758,1,759,0,927,5,928,0,1593,0]
11-29 06:57:20.586 18834 18834 I sysui_multi_action: [757,111,758,1]
11-29 06:57:20.586 18834 18834 I sysui_multi_action: [757,126,758,1,759,126,927,0,928,1,1593,0]
11-29 06:57:20.586 18834 18834 I sysui_multi_action: [757,113,758,1,759,113,927,1,928,1,1593,0]
11-29 06:57:20.586 18834 18834 I sysui_multi_action: [757,0,758,1,759,0,927,2,928,0,1593,0]
11-29 06:57:20.586 18834 18834 I sysui_multi_action: [757,0,758,1,759,0,927,3,928,0,1593,0]
11-29 06:57:20.674 1491 1491 I GameModeConfig: isGameModeOn = false
11-29 06:57:20.680 1491 1491 I sysui_multi_action: [757,1501,758,1,793,13397941,794,0,795,210,796,2048,806,com.android.systemui,857,updateNotification,858,3,947,0,1500,0,1688,1]
11-29 06:57:20.681 1491 1491 I sysui_multi_action: [757,804,799,note_interruptive,801,0,802,1]
11-29 06:57:20.681 1491 1491 I sysui_multi_action: [757,199,758,1,759,2,793,13397942,794,0,795,211,796,2048,806,com.android.systemui,857,updateNotification,858,3,947,0,1500,1,1688,1]
11-29 06:57:20.682 1491 1491 I notification_alert: [0|com.android.systemui|2048|null|10082,0,1,0]
11-29 06:57:20.683 1491 1491 W NotificationHistory: Attempted to add notif for locked/gone/disabled user 0
11-29 06:57:20.713 1491 1491 I GameModeConfig: isGameModeOn = false
11-29 06:57:20.713 1491 1491 E NotificationService: Muting recently noisy 0|com.android.systemui|2048|null|10082
11-29 06:57:20.726 1491 1491 I GameModeConfig: isGameModeOn = false
11-29 06:57:20.727 1491 1491 E NotificationService: Muting recently noisy 0|com.android.systemui|2048|null|10082
11-29 06:57:20.745 1491 1491 I GameModeConfig: isGameModeOn = false
11-29 06:57:20.745 1491 1491 E NotificationService: Muting recently noisy 0|com.android.systemui|2048|null|10082
11-29 06:57:20.766 1491 1491 I GameModeConfig: isGameModeOn = false
11-29 06:57:20.766 1491 1491 E NotificationService: Muting recently noisy 0|com.android.systemui|2048|null|10082
11-29 06:57:20.784 1491 1491 I GameModeConfig: isGameModeOn = false
11-29 06:57:20.785 1491 1491 E NotificationService: Muting recently noisy 0|com.android.systemui|2048|null|10082
11-29 06:57:21.017 1491 10067 I sysui_multi_action: [757,128,758,1,793,12005790,794,0,795,12005790,796,26,798,0,806,android,857,DEVELOPER_IMPORTANT,858,4,947,0,1395,2,1500,12005585,1688,1]
11-29 06:57:21.017 1491 10067 I sysui_multi_action: [757,804,799,note_freshness,801,12005790,802,1]
11-29 06:57:21.017 1491 10067 I notification_visibility: [-1|android|26|null|1000,1,12005790,12005790,0,0]
11-29 06:57:21.018 1491 10067 I sysui_multi_action: [757,128,758,1,793,12005794,794,0,795,12005794,796,32,798,1,806,android,857,USB,858,1,947,0,1395,2,1500,12005591,1688,1]
11-29 06:57:21.018 1491 10067 I sysui_multi_action: [757,804,799,note_freshness,801,12005794,802,1]
11-29 06:57:21.018 1491 10067 I notification_visibility: [-1|android|32|null|1000,1,12005794,12005794,0,1]
11-29 06:57:21.079 0 0 I auditd : type=1400 audit(0.0:14200): avc: denied { kill } for comm="swapper/3" capability=5 scontext=u:r:kernel:s0 tcontext=u:r:kernel:s0 tclass=capability permissive=0
11-29 06:57:21.183 1491 1693 I input_interaction: Interaction with: ddf32c3 NotificationShade (server), edge-swipe (server), swipe-up (server), PointerEventDispatcher0 (server),
11-29 06:57:21.270 1491 7072 D CompatibilityChangeReporter: Compat change id reported: 157233955; UID 10089; state: ENABLED
11-29 06:57:21.286 1491 1760 I GameModeConfig: isGameModeOn = false
11-29 06:57:21.289 1491 1760 I GameModeConfig: isGameModeOn = false
11-29 06:57:21.289 1491 1760 I GameModeConfig: isGameModeOn = false
11-29 06:57:21.289 1491 1760 I GameModeConfig: isGameModeOn = false
11-29 06:57:21.304 1491 1491 I notification_enqueue: [10089,18447,com.android.music,1,NULL,0,Notification(channel=Channel-music shortcut=null contentView=null vibrate=null sound=null defaults=0x0 flags=0x42 color=0x00000000 category=transport actions=4 vis=PRIVATE),1]
11-29 06:57:21.505 1491 1491 I GameModeConfig: isGameModeOn = false
11-29 06:57:21.571 1491 1599 W ActivityTaskManager: Launch timeout has expired, giving up wake lock!
11-29 06:57:22.079 0 0 I auditd : type=1400 audit(0.0:14201): avc: denied { kill } for comm="swapper/3" capability=5 scontext=u:r:kernel:s0 tcontext=u:r:kernel:s0 tclass=capability permissive=0
11-29 06:57:23.079 0 0 I auditd : type=1400 audit(0.0:14202): avc: denied { kill } for comm="swapper/3" capability=5 scontext=u:r:kernel:s0 tcontext=u:r:kernel:s0 tclass=capability permissive=0
11-29 06:57:23.431 1491 1760 I GameModeConfig: isGameModeOn = false
11-29 06:57:23.433 1491 1760 I GameModeConfig: isGameModeOn = false
11-29 06:57:23.433 1491 1760 I GameModeConfig: isGameModeOn = false
11-29 06:57:23.433 1491 1760 I GameModeConfig: isGameModeOn = false
11-29 06:57:23.457 1491 1491 I notification_enqueue: [10089,18447,com.android.music,1,NULL,0,Notification(channel=Channel-music shortcut=null contentView=null vibrate=null sound=null defaults=0x0 flags=0x40 color=0x00000000 category=transport actions=4 vis=PRIVATE),1]
11-29 06:57:23.488 1491 5277 I snet_event_log: [172655291,-1,]
11-29 06:57:23.658 1491 1491 I GameModeConfig: isGameModeOn = false
11-29 06:57:24.788 1491 9480 I ActivityTaskManager: START u0 {act=android.settings.ACTION_MEDIA_CONTROLS_SETTINGS flg=0x14000000 cmp=com.android.settings/.Settings$MediaControlsSettingsActivity} from uid 10082
11-29 06:57:24.796 1491 9480 I wm_task_created: [146,-1]
11-29 06:57:24.796 1491 9480 W ActivityTaskManager: Can't find TaskDisplayArea to determine support for multi window. Task id=146 attached=false
11-29 06:57:24.801 1491 9480 D CompatibilityChangeReporter: Compat change id reported: 174042980; UID 1000; state: DISABLED
11-29 06:57:24.802 1491 9480 I wm_task_moved: [146,1,8]
11-29 06:57:24.802 1491 9480 I wm_task_to_front: [0,146]
11-29 06:57:24.803 1491 9480 I wm_create_task: [0,146]
11-29 06:57:24.803 1491 9480 I wm_create_activity: [0,93886398,146,com.android.settings/.Settings$MediaControlsSettingsActivity,android.settings.ACTION_MEDIA_CONTROLS_SETTINGS,NULL,NULL,335544320]
11-29 06:57:24.803 1491 9480 I wm_task_moved: [146,1,8]
11-29 06:57:24.804 9956 9956 I wm_on_top_resumed_lost_called: [254362067,com.android.launcher3.uioverrides.QuickstepLauncher,topStateChangedWhenResumed]
11-29 06:57:24.805 1491 9480 D CompatibilityChangeReporter: Compat change id reported: 168419799; UID 1000; state: DISABLED
11-29 06:57:24.807 1491 9480 I wm_pause_activity: [0,254362067,com.android.launcher3/.uioverrides.QuickstepLauncher,userLeaving=true,pauseBackTasks]
11-29 06:57:24.821 1491 1600 I input_focus: [Focus request cd0514f com.android.launcher3/com.android.launcher3.uioverrides.QuickstepLauncher,reason=UpdateInputWindows]
11-29 06:57:24.823 9956 9956 I wm_on_paused_called: [254362067,com.android.launcher3.uioverrides.QuickstepLauncher,performPause]
11-29 06:57:24.825 1491 2106 I ActivityTaskManager: FOREGROUND_APPLICATION_CHANGED to com.android.settings.Settings$MediaControlsSettingsActivity
11-29 06:57:24.833 1491 2106 I ActivityTaskManager: The Process com.android.settings Already Exists in BG. So sending its PID: 18449
11-29 06:57:24.834 1491 2106 W ActivityTaskManager: Tried to set launchTime (0) < mLastActivityLaunchTime (12855260)
11-29 06:57:24.835 1491 2106 I wm_add_to_stopping: [0,254362067,com.android.launcher3/.uioverrides.QuickstepLauncher,makeInvisible]
11-29 06:57:24.838 1491 2106 D CompatibilityChangeReporter: Compat change id reported: 181136395; UID 1000; state: DISABLED
11-29 06:57:24.838 1491 1693 I input_focus: [Focus leaving ddf32c3 NotificationShade (server),reason=NOT_FOCUSABLE]
11-29 06:57:24.839 1491 2106 D CompatibilityChangeReporter: Compat change id reported: 174042936; UID 1000; state: DISABLED
11-29 06:57:24.839 1491 1693 I input_focus: [Focus entering cd0514f com.android.launcher3/com.android.launcher3.uioverrides.QuickstepLauncher (server),reason=setFocusedWindow]
11-29 06:57:24.839 1491 2106 I wm_restart_activity: [0,93886398,146,com.android.settings/.Settings$MediaControlsSettingsActivity]
11-29 06:57:24.841 1491 2106 I wm_set_resumed_activity: [0,com.android.settings/.Settings$MediaControlsSettingsActivity,minimalResumeActivityLocked]
11-29 06:57:24.856 1491 1599 I sysui_multi_action: [757,803,799,window_time_0,802,13]
11-29 06:57:24.861 1491 1693 I input_focus: [Focus leaving cd0514f com.android.launcher3/com.android.launcher3.uioverrides.QuickstepLauncher (server),reason=NO_WINDOW]
11-29 06:57:24.869 1491 10785 I am_uid_active: 10083
11-29 06:57:24.874 16043 16059 W ContextImpl: Calling a method in the system process without a qualified user: android.app.ContextImpl.startService:1816 android.content.ContextWrapper.startService:774 com.thundercomm.gamemode.ingame.services.GameModeActionUtils.startGameModeService:93 com.thundercomm.gamemode.ingame.services.GameModeActionUtils.startGameModeEntry:21 com.thundercomm.gamemode.ingame.services.ActivityMonitoringService$1.onActivityLaunch:127
11-29 06:57:24.874 1491 10785 I ActivityTaskManager: START u0 {act=android.settings.ACTION_MEDIA_CONTROLS_SETTINGS flg=0x14000000 cmp=com.android.settings/.homepage.SettingsHomepageActivity (has extras)} from uid 1000
11-29 06:57:24.875 1491 10785 I wm_task_moved: [132,1,8]
11-29 06:57:24.875 1491 10785 I wm_task_to_front: [0,132]
11-29 06:57:24.875 1491 10785 I wm_focused_root_task: [0,0,132,146,bringingFoundTaskToFront]
11-29 06:57:24.875 1491 10785 I wm_set_resumed_activity: [0,com.android.settings/.homepage.SettingsHomepageActivity,bringingFoundTaskToFront]
11-29 06:57:24.875 1491 10785 I wm_new_intent: [0,71134982,132,com.android.settings/.homepage.SettingsHomepageActivity,android.settings.ACTION_MEDIA_CONTROLS_SETTINGS,NULL,NULL,335544320]
11-29 06:57:24.876 1491 10785 I wm_pause_activity: [0,93886398,com.android.settings/.Settings$MediaControlsSettingsActivity,userLeaving=true,pauseBackTasks]
11-29 06:57:24.878 1491 9370 I wm_finish_activity: [0,93886398,146,com.android.settings/.Settings$MediaControlsSettingsActivity,app-request]
11-29 06:57:24.878 18449 18449 I wm_on_create_called: [93886398,com.android.settings.Settings$MediaControlsSettingsActivity,performCreate]
11-29 06:57:24.881 1491 1491 I GameModeConfig: Current uri is uri = content://com.thundercomm.gamemode.api/gamemode_settings/gamemode_isgaming
11-29 06:57:24.882 1491 9370 I wm_add_to_stopping: [0,93886398,com.android.settings/.Settings$MediaControlsSettingsActivity,completeFinishing]
11-29 06:57:24.883 1491 9370 I ActivityTaskManager: FOREGROUND_APPLICATION_CHANGED to com.android.settings.homepage.SettingsHomepageActivity
11-29 06:57:24.884 1491 9370 I wm_set_resumed_activity: [0,com.android.settings/.homepage.SettingsHomepageActivity,resumeTopActivityInnerLocked]
11-29 06:57:24.885 1491 9370 I wm_resume_activity: [0,71134982,132,com.android.settings/.homepage.SettingsHomepageActivity]
11-29 06:57:24.888 18449 18449 I wm_on_restart_called: [71134982,com.android.settings.homepage.SettingsHomepageActivity,performRestartActivity]
11-29 06:57:24.890 18449 18449 I wm_on_start_called: [71134982,com.android.settings.homepage.SettingsHomepageActivity,handleStartActivity]
11-29 06:57:24.890 18449 18449 I snet_event_log: [120484087,-1,]
11-29 06:57:24.891 1491 1491 I GameModeConfig: isGameModeOn = false
11-29 06:57:24.891 18449 18449 I wm_on_resume_called: [71134982,com.android.settings.homepage.SettingsHomepageActivity,RESUME_ACTIVITY]
11-29 06:57:24.891 1491 1491 I GameModeConfig: isGameModeOn = false
11-29 06:57:24.891 18449 18449 I sysui_multi_action: [757,35,758,1,833,0,1089,0]
11-29 06:57:24.891 1491 1491 I GameModeConfig: isDisableVoice = true
11-29 06:57:24.892 18449 18449 I sysui_multi_action: [757,1845,758,1,833,0,1089,0]
11-29 06:57:24.893 18449 18449 I wm_on_top_resumed_gained_called: [71134982,com.android.settings.homepage.SettingsHomepageActivity,topWhenResuming]
11-29 06:57:24.894 1491 1599 I wm_destroy_activity: [0,93886398,146,com.android.settings/.Settings$MediaControlsSettingsActivity,finish-imm:idle]
11-29 06:57:24.896 1491 1599 I sysui_multi_action: [757,803,799,window_time_0,802,0]
11-29 06:57:24.905 1491 1600 I input_focus: [Focus request 260f9bc com.android.settings/com.android.settings.homepage.SettingsHomepageActivity,reason=UpdateInputWindows]
11-29 06:57:24.907 1491 1618 W BatteryExternalStatsWorker: error reading modem stats:ERROR_PHONE_NOT_AVAILABLE
11-29 06:57:24.917 18449 18449 I wm_on_destroy_called: [93886398,com.android.settings.Settings$MediaControlsSettingsActivity,performDestroy]
11-29 06:57:24.924 1491 2106 I wm_task_removed: [146,removeChild:removeChild last r=ActivityRecord{59897be u0 com.android.settings/.Settings$MediaControlsSettingsActivity t-1 f}} in t=Task{2037004 #146 type=standard A=1000:com.android.settings U=0 visible=false mode=fullscreen translucent=true sz=0}]
11-29 06:57:24.924 1491 2106 I wm_task_removed: [146,removeChild]
11-29 06:57:24.927 1491 1600 W ActivityTaskManager: Can't find TaskDisplayArea to determine support for multi window. Task id=146 attached=false
11-29 06:57:24.927 1491 1600 W ActivityTaskManager: Can't find TaskDisplayArea to determine support for multi window. Task id=146 attached=false
11-29 06:57:24.929 1491 5277 W WindowManager: Failed looking up window session=Session{a26be00 18834:u0a10082} callers=com.android.server.wm.WindowManagerService.windowForClientLocked:5628 com.android.server.wm.WindowManagerService.relayoutWindow:2229 com.android.server.wm.Session.relayout:235
11-29 06:57:24.930 1491 1693 I input_focus: [Focus entering 260f9bc com.android.settings/com.android.settings.homepage.SettingsHomepageActivity (server),reason=setFocusedWindow]
11-29 06:57:24.932 1491 1596 I sysui_multi_action: [319,132,322,132,325,13423,757,761,758,8,759,2,806,com.android.settings,871,com.android.settings.homepage.SettingsHomepageActivity,904,com.android.settings,905,0,1320,8,1321,5]
11-29 06:57:24.933 1491 1596 I wm_activity_launch_time: [0,71134982,com.android.settings/.homepage.SettingsHomepageActivity,132]
11-29 06:57:24.934 1491 1618 E KernelCpuSpeedReader: Failed to read cpu-freq: /sys/devices/system/cpu/cpu4/cpufreq/stats/time_in_state: open failed: ENOENT (No such file or directory)
11-29 06:57:24.934 1491 1618 E KernelCpuSpeedReader: Failed to read cpu-freq: /sys/devices/system/cpu/cpu0/cpufreq/stats/time_in_state: open failed: ENOENT (No such file or directory)
11-29 06:57:24.934 1491 10783 W WindowManager: Failed looking up window session=Session{a26be00 18834:u0a10082} callers=com.android.server.wm.WindowManagerService.windowForClientLocked:5628 com.android.server.wm.WindowManagerService.removeWindow:2033 com.android.server.wm.Session.remove:218
11-29 06:57:24.931 568 568 I auditd : type=1400 audit(0.0:14203): avc: denied { read } for comm="Binder:568_2" name="wakeup58" dev="sysfs" ino=71848 scontext=u:r:system_suspend:s0 tcontext=u:object_r:sysfs:s0 tclass=dir permissive=0
11-29 06:57:24.931 568 568 I auditd : type=1400 audit(0.0:14204): avc: denied { read } for comm="Binder:568_2" name="wakeup48" dev="sysfs" ino=67173 scontext=u:r:system_suspend:s0 tcontext=u:object_r:sysfs:s0 tclass=dir permissive=0
11-29 06:57:24.931 568 568 I auditd : type=1400 audit(0.0:14205): avc: denied { read } for comm="Binder:568_2" name="wakeup4" dev="sysfs" ino=47032 scontext=u:r:system_suspend:s0 tcontext=u:object_r:sysfs:s0 tclass=dir permissive=0
11-29 06:57:24.931 568 568 I auditd : type=1400 audit(0.0:14206): avc: denied { read } for comm="Binder:568_2" name="wakeup76" dev="sysfs" ino=76854 scontext=u:r:system_suspend:s0 tcontext=u:object_r:sysfs:s0 tclass=dir permissive=0
11-29 06:57:24.931 568 568 I auditd : type=1400 audit(0.0:14207): avc: denied { read } for comm="Binder:568_2" name="wakeup28" dev="sysfs" ino=53097 scontext=u:r:system_suspend:s0 tcontext=u:object_r:sysfs:s0 tclass=dir permissive=0
11-29 06:57:24.931 568 568 I auditd : type=1400 audit(0.0:14208): avc: denied { read } for comm="Binder:568_2" name="wakeup56" dev="sysfs" ino=71776 scontext=u:r:system_suspend:s0 tcontext=u:object_r:sysfs:s0 tclass=dir permissive=0
11-29 06:57:24.964 1491 1618 W BatteryExternalStatsWorker: error reading modem stats:ERROR_PHONE_NOT_AVAILABLE
11-29 06:57:24.967 1491 1618 E KernelCpuSpeedReader: Failed to read cpu-freq: /sys/devices/system/cpu/cpu4/cpufreq/stats/time_in_state: open failed: ENOENT (No such file or directory)
11-29 06:57:24.967 1491 1618 E KernelCpuSpeedReader: Failed to read cpu-freq: /sys/devices/system/cpu/cpu0/cpufreq/stats/time_in_state: open failed: ENOENT (No such file or directory)
11-29 06:57:25.002 16043 16059 W ContextImpl: Calling a method in the system process without a qualified user: android.app.ContextImpl.startService:1816 android.content.ContextWrapper.startService:774 com.thundercomm.gamemode.ingame.services.GameModeActionUtils.startGameModeService:93 com.thundercomm.gamemode.ingame.services.GameModeActionUtils.startGameModeEntry:21 com.thundercomm.gamemode.ingame.services.ActivityMonitoringService$1.onActivityLaunch:127
11-29 06:57:25.008 1491 1491 I GameModeConfig: Current uri is uri = content://com.thundercomm.gamemode.api/gamemode_settings/gamemode_isgaming
11-29 06:57:25.013 1491 1491 I GameModeConfig: isGameModeOn = false
11-29 06:57:25.013 1491 1491 I GameModeConfig: isGameModeOn = false
11-29 06:57:25.013 1491 1491 I GameModeConfig: isDisableVoice = true
11-29 06:57:25.078 1491 1760 I GameModeConfig: isGameModeOn = false
11-29 06:57:25.079 1491 1760 I GameModeConfig: isGameModeOn = false
11-29 06:57:25.079 1491 1760 I GameModeConfig: isGameModeOn = false
11-29 06:57:25.079 1491 1760 I GameModeConfig: isGameModeOn = false
11-29 06:57:25.081 18834 18834 I sysui_multi_action: [757,111,758,2]
11-29 06:57:25.081 18834 18834 I sysui_multi_action: [757,111,758,2]
11-29 06:57:25.081 1491 1491 I notification_enqueue: [10082,18834,com.android.systemui,2048,NULL,0,Notification(channel=updateNotification shortcut=null contentView=null vibrate=null sound=null defaults=0x0 flags=0x0 color=0x00000000 vis=PRIVATE),1]
11-29 06:57:25.091 18834 18834 I sysui_multi_action: [757,111,758,1]
11-29 06:57:25.092 18834 18834 I sysui_multi_action: [757,126,758,1,759,126,927,0,928,1,1593,1]
11-29 06:57:25.092 18834 18834 I sysui_multi_action: [757,113,758,1,759,113,927,1,928,1,1593,1]
11-29 06:57:25.092 18834 18834 I sysui_multi_action: [757,0,758,1,759,0,927,2,928,0,1593,1]
11-29 06:57:25.092 18449 18449 I sysui_multi_action: [757,1845,758,2,1089,199]
11-29 06:57:25.092 18834 18834 I sysui_multi_action: [757,0,758,1,759,0,927,3,928,0,1593,1]
11-29 06:57:25.093 18834 18834 I sysui_multi_action: [757,491,758,1,759,491,927,4,928,0,1311,-1,1593,0]
11-29 06:57:25.093 18834 18834 I sysui_multi_action: [757,0,758,1,759,0,927,5,928,0,1593,0]
11-29 06:57:25.093 18834 18834 I sysui_multi_action: [757,111,758,1]
11-29 06:57:25.093 18834 18834 I sysui_multi_action: [757,126,758,1,759,126,927,0,928,1,1593,1]
11-29 06:57:25.093 18834 18834 I sysui_multi_action: [757,113,758,1,759,113,927,1,928,1,1593,1]
11-29 06:57:25.093 18834 18834 I sysui_multi_action: [757,0,758,1,759,0,927,2,928,0,1593,1]
11-29 06:57:25.093 18834 18834 I sysui_multi_action: [757,0,758,1,759,0,927,3,928,0,1593,1]
11-29 06:57:25.104 1491 1760 I GameModeConfig: isGameModeOn = false
11-29 06:57:25.105 1491 1760 I GameModeConfig: isGameModeOn = false
11-29 06:57:25.105 1491 1760 I GameModeConfig: isGameModeOn = false
11-29 06:57:25.106 18449 18449 I sysui_multi_action: [757,1845,758,1,833,0,1089,10]
11-29 06:57:25.106 1491 1760 I GameModeConfig: isGameModeOn = false
11-29 06:57:25.106 18449 18449 I sysui_multi_action: [757,1729,758,4,854,isParalleledControllers:false,1089,11]
11-29 06:57:25.107 18834 18834 I sysui_multi_action: [757,111,758,2]
11-29 06:57:25.108 18834 18834 I sysui_multi_action: [757,111,758,2]
11-29 06:57:25.108 1491 1491 I notification_enqueue: [10082,18834,com.android.systemui,2048,NULL,0,Notification(channel=updateNotification shortcut=null contentView=null vibrate=null sound=null defaults=0x0 flags=0x0 color=0x00000000 vis=PRIVATE),1]
11-29 06:57:25.112 18834 18834 I sysui_multi_action: [757,111,758,1]
11-29 06:57:25.113 18834 18834 I sysui_multi_action: [757,126,758,1,759,126,927,0,928,1,1593,1]
11-29 06:57:25.113 18834 18834 I sysui_multi_action: [757,113,758,1,759,113,927,1,928,1,1593,1]
11-29 06:57:25.113 18834 18834 I sysui_multi_action: [757,0,758,1,759,0,927,2,928,0,1593,1]
11-29 06:57:25.113 18834 18834 I sysui_multi_action: [757,0,758,1,759,0,927,3,928,0,1593,1]
11-29 06:57:25.113 18834 18834 I sysui_multi_action: [757,491,758,1,759,491,927,4,928,0,1311,-1,1593,0]
11-29 06:57:25.114 18834 18834 I sysui_multi_action: [757,0,758,1,759,0,927,5,928,0,1593,0]
11-29 06:57:25.114 18834 18834 I sysui_multi_action: [757,111,758,1]
11-29 06:57:25.114 18834 18834 I sysui_multi_action: [757,126,758,1,759,126,927,0,928,1,1593,1]
11-29 06:57:25.114 18834 18834 I sysui_multi_action: [757,113,758,1,759,113,927,1,928,1,1593,1]
11-29 06:57:25.114 18834 18834 I sysui_multi_action: [757,0,758,1,759,0,927,2,928,0,1593,1]
11-29 06:57:25.114 18834 18834 I sysui_multi_action: [757,0,758,1,759,0,927,3,928,0,1593,1]
11-29 06:57:25.122 1491 1760 I GameModeConfig: isGameModeOn = false
11-29 06:57:25.122 1491 1760 I GameModeConfig: isGameModeOn = false
11-29 06:57:25.122 1491 1760 I GameModeConfig: isGameModeOn = false
11-29 06:57:25.122 1491 1760 I GameModeConfig: isGameModeOn = false
11-29 06:57:25.123 18834 18834 I sysui_multi_action: [757,111,758,2]
11-29 06:57:25.123 18834 18834 I sysui_multi_action: [757,111,758,2]
11-29 06:57:25.124 1491 1491 I notification_enqueue: [10082,18834,com.android.systemui,2048,NULL,0,Notification(channel=updateNotification shortcut=null contentView=null vibrate=null sound=null defaults=0x0 flags=0x0 color=0x00000000 vis=PRIVATE),1]
11-29 06:57:25.127 18834 18834 I sysui_multi_action: [757,111,758,1]
11-29 06:57:25.127 18834 18834 I sysui_multi_action: [757,126,758,1,759,126,927,0,928,1,1593,1]
11-29 06:57:25.127 18834 18834 I sysui_multi_action: [757,113,758,1,759,113,927,1,928,1,1593,1]
11-29 06:57:25.127 18834 18834 I sysui_multi_action: [757,0,758,1,759,0,927,2,928,0,1593,1]
11-29 06:57:25.127 18834 18834 I sysui_multi_action: [757,0,758,1,759,0,927,3,928,0,1593,1]
11-29 06:57:25.128 18834 18834 I sysui_multi_action: [757,491,758,1,759,491,927,4,928,0,1311,-1,1593,0]
11-29 06:57:25.128 18834 18834 I sysui_multi_action: [757,0,758,1,759,0,927,5,928,0,1593,0]
11-29 06:57:25.128 18834 18834 I sysui_multi_action: [757,111,758,1]
11-29 06:57:25.128 18834 18834 I sysui_multi_action: [757,126,758,1,759,126,927,0,928,1,1593,1]
11-29 06:57:25.128 18834 18834 I sysui_multi_action: [757,113,758,1,759,113,927,1,928,1,1593,1]
11-29 06:57:25.128 18834 18834 I sysui_multi_action: [757,0,758,1,759,0,927,2,928,0,1593,1]
11-29 06:57:25.128 18834 18834 I sysui_multi_action: [757,0,758,1,759,0,927,3,928,0,1593,1]
11-29 06:57:25.135 1491 1760 I GameModeConfig: isGameModeOn = false
11-29 06:57:25.135 1491 1760 I GameModeConfig: isGameModeOn = false
11-29 06:57:25.135 1491 1760 I GameModeConfig: isGameModeOn = false
11-29 06:57:25.136 1491 1760 I GameModeConfig: isGameModeOn = false
11-29 06:57:25.137 18834 18834 I sysui_multi_action: [757,111,758,2]
11-29 06:57:25.137 18834 18834 I sysui_multi_action: [757,111,758,2]
11-29 06:57:25.139 1491 1491 I notification_enqueue: [10082,18834,com.android.systemui,2048,NULL,0,Notification(channel=updateNotification shortcut=null contentView=null vibrate=null sound=null defaults=0x0 flags=0x0 color=0x00000000 vis=PRIVATE),1]
11-29 06:57:25.140 18834 18834 I sysui_multi_action: [757,111,758,1]
11-29 06:57:25.140 18834 18834 I sysui_multi_action: [757,126,758,1,759,126,927,0,928,1,1593,1]
11-29 06:57:25.140 18834 18834 I sysui_multi_action: [757,113,758,1,759,113,927,1,928,1,1593,1]
11-29 06:57:25.140 18834 18834 I sysui_multi_action: [757,0,758,1,759,0,927,2,928,0,1593,1]
11-29 06:57:25.140 18834 18834 I sysui_multi_action: [757,0,758,1,759,0,927,3,928,0,1593,1]
11-29 06:57:25.140 18834 18834 I sysui_multi_action: [757,491,758,1,759,491,927,4,928,0,1311,-1,1593,0]
11-29 06:57:25.141 18834 18834 I sysui_multi_action: [757,0,758,1,759,0,927,5,928,0,1593,0]
11-29 06:57:25.141 18834 18834 I sysui_multi_action: [757,111,758,1]
11-29 06:57:25.141 18834 18834 I sysui_multi_action: [757,126,758,1,759,126,927,0,928,1,1593,1]
11-29 06:57:25.141 18834 18834 I sysui_multi_action: [757,113,758,1,759,113,927,1,928,1,1593,1]
11-29 06:57:25.141 18834 18834 I sysui_multi_action: [757,0,758,1,759,0,927,2,928,0,1593,1]
11-29 06:57:25.141 18834 18834 I sysui_multi_action: [757,0,758,1,759,0,927,3,928,0,1593,1]
11-29 06:57:25.147 1491 1760 I GameModeConfig: isGameModeOn = false
11-29 06:57:25.148 1491 1760 I GameModeConfig: isGameModeOn = false
11-29 06:57:25.148 1491 1760 I GameModeConfig: isGameModeOn = false
11-29 06:57:25.148 1491 1760 I GameModeConfig: isGameModeOn = false
11-29 06:57:25.150 18834 18834 I sysui_multi_action: [757,111,758,2]
11-29 06:57:25.150 18834 18834 I sysui_multi_action: [757,111,758,2]
11-29 06:57:25.150 1491 1491 I notification_enqueue: [10082,18834,com.android.systemui,2048,NULL,0,Notification(channel=updateNotification shortcut=null contentView=null vibrate=null sound=null defaults=0x0 flags=0x0 color=0x00000000 vis=PRIVATE),1]
11-29 06:57:25.152 18834 18834 I sysui_multi_action: [757,111,758,1]
11-29 06:57:25.152 18834 18834 I sysui_multi_action: [757,126,758,1,759,126,927,0,928,1,1593,1]
11-29 06:57:25.152 18834 18834 I sysui_multi_action: [757,113,758,1,759,113,927,1,928,1,1593,1]
11-29 06:57:25.152 18834 18834 I sysui_multi_action: [757,0,758,1,759,0,927,2,928,0,1593,1]
11-29 06:57:25.152 18834 18834 I sysui_multi_action: [757,0,758,1,759,0,927,3,928,0,1593,1]
11-29 06:57:25.152 18834 18834 I sysui_multi_action: [757,491,758,1,759,491,927,4,928,0,1311,-1,1593,0]
11-29 06:57:25.153 18834 18834 I sysui_multi_action: [757,0,758,1,759,0,927,5,928,0,1593,0]
11-29 06:57:25.153 18834 18834 I sysui_multi_action: [757,111,758,1]
11-29 06:57:25.153 18834 18834 I sysui_multi_action: [757,126,758,1,759,126,927,0,928,1,1593,1]
11-29 06:57:25.153 18834 18834 I sysui_multi_action: [757,113,758,1,759,113,927,1,928,1,1593,1]
11-29 06:57:25.153 18834 18834 I sysui_multi_action: [757,0,758,1,759,0,927,2,928,0,1593,1]
11-29 06:57:25.153 18834 18834 I sysui_multi_action: [757,0,758,1,759,0,927,3,928,0,1593,1]
11-29 06:57:25.161 1491 1760 I GameModeConfig: isGameModeOn = false
11-29 06:57:25.161 1491 1760 I GameModeConfig: isGameModeOn = false
11-29 06:57:25.161 1491 1760 I GameModeConfig: isGameModeOn = false
11-29 06:57:25.162 1491 1760 I GameModeConfig: isGameModeOn = false
11-29 06:57:25.162 18834 18834 I sysui_multi_action: [757,111,758,2]
11-29 06:57:25.162 18834 18834 I sysui_multi_action: [757,111,758,2]
11-29 06:57:25.163 1491 1491 I notification_enqueue: [10082,18834,com.android.systemui,2048,NULL,0,Notification(channel=updateNotification shortcut=null contentView=null vibrate=null sound=null defaults=0x0 flags=0x0 color=0x00000000 vis=PRIVATE),1]
11-29 06:57:25.165 18834 18834 I sysui_multi_action: [757,111,758,1]
11-29 06:57:25.165 18834 18834 I sysui_multi_action: [757,126,758,1,759,126,927,0,928,1,1593,1]
11-29 06:57:25.165 18834 18834 I sysui_multi_action: [757,113,758,1,759,113,927,1,928,1,1593,1]
11-29 06:57:25.165 18834 18834 I sysui_multi_action: [757,0,758,1,759,0,927,2,928,0,1593,1]
11-29 06:57:25.165 18834 18834 I sysui_multi_action: [757,0,758,1,759,0,927,3,928,0,1593,1]
11-29 06:57:25.165 18834 18834 I sysui_multi_action: [757,491,758,1,759,491,927,4,928,0,1311,-1,1593,0]
11-29 06:57:25.165 18834 18834 I sysui_multi_action: [757,0,758,1,759,0,927,5,928,0,1593,0]
11-29 06:57:25.165 18834 18834 I sysui_multi_action: [757,111,758,1]
11-29 06:57:25.165 18834 18834 I sysui_multi_action: [757,126,758,1,759,126,927,0,928,1,1593,1]
11-29 06:57:25.165 18834 18834 I sysui_multi_action: [757,113,758,1,759,113,927,1,928,1,1593,1]
11-29 06:57:25.165 18834 18834 I sysui_multi_action: [757,0,758,1,759,0,927,2,928,0,1593,1]
11-29 06:57:25.165 18834 18834 I sysui_multi_action: [757,0,758,1,759,0,927,3,928,0,1593,1]
11-29 06:57:25.178 1491 1760 I GameModeConfig: isGameModeOn = false
11-29 06:57:25.178 1491 1760 I GameModeConfig: isGameModeOn = false
11-29 06:57:25.178 1491 1760 I GameModeConfig: isGameModeOn = false
11-29 06:57:25.178 1491 1760 I GameModeConfig: isGameModeOn = false
11-29 06:57:25.180 18834 18834 I sysui_multi_action: [757,111,758,2]
11-29 06:57:25.180 18834 18834 I sysui_multi_action: [757,111,758,2]
11-29 06:57:25.180 1491 1491 I notification_enqueue: [10082,18834,com.android.systemui,2048,NULL,0,Notification(channel=updateNotification shortcut=null contentView=null vibrate=null sound=null defaults=0x0 flags=0x0 color=0x00000000 vis=PRIVATE),1]
11-29 06:57:25.182 18834 18834 I sysui_multi_action: [757,111,758,1]
11-29 06:57:25.183 18834 18834 I sysui_multi_action: [757,126,758,1,759,126,927,0,928,1,1593,1]
11-29 06:57:25.183 18834 18834 I sysui_multi_action: [757,113,758,1,759,113,927,1,928,1,1593,1]
11-29 06:57:25.183 18834 18834 I sysui_multi_action: [757,0,758,1,759,0,927,2,928,0,1593,1]
11-29 06:57:25.183 18834 18834 I sysui_multi_action: [757,0,758,1,759,0,927,3,928,0,1593,1]
11-29 06:57:25.183 18834 18834 I sysui_multi_action: [757,491,758,1,759,491,927,4,928,0,1311,-1,1593,0]
11-29 06:57:25.183 18834 18834 I sysui_multi_action: [757,0,758,1,759,0,927,5,928,0,1593,0]
11-29 06:57:25.183 18834 18834 I sysui_multi_action: [757,111,758,1]
11-29 06:57:25.183 18834 18834 I sysui_multi_action: [757,126,758,1,759,126,927,0,928,1,1593,1]
11-29 06:57:25.183 18834 18834 I sysui_multi_action: [757,113,758,1,759,113,927,1,928,1,1593,1]
11-29 06:57:25.183 18834 18834 I sysui_multi_action: [757,0,758,1,759,0,927,2,928,0,1593,1]
11-29 06:57:25.183 18834 18834 I sysui_multi_action: [757,0,758,1,759,0,927,3,928,0,1593,1]
11-29 06:57:25.195 1491 1760 I GameModeConfig: isGameModeOn = false
11-29 06:57:25.195 1491 1760 I GameModeConfig: isGameModeOn = false
11-29 06:57:25.195 1491 1760 I GameModeConfig: isGameModeOn = false
11-29 06:57:25.196 1491 1760 I GameModeConfig: isGameModeOn = false
11-29 06:57:25.197 1491 1599 I wm_stop_activity: [0,254362067,com.android.launcher3/.uioverrides.QuickstepLauncher]
11-29 06:57:25.202 18834 18834 I sysui_multi_action: [757,111,758,2]
11-29 06:57:25.202 18834 18834 I sysui_multi_action: [757,111,758,2]
11-29 06:57:25.202 1491 1491 I notification_enqueue: [10082,18834,com.android.systemui,2048,NULL,0,Notification(channel=updateNotification shortcut=null contentView=null vibrate=null sound=null defaults=0x0 flags=0x0 color=0x00000000 vis=PRIVATE),1]
11-29 06:57:25.205 18834 18834 I sysui_multi_action: [757,111,758,1]
11-29 06:57:25.205 18834 18834 I sysui_multi_action: [757,126,758,1,759,126,927,0,928,1,1593,1]
11-29 06:57:25.205 18834 18834 I sysui_multi_action: [757,113,758,1,759,113,927,1,928,1,1593,1]
11-29 06:57:25.205 18834 18834 I sysui_multi_action: [757,0,758,1,759,0,927,2,928,0,1593,1]
11-29 06:57:25.205 18834 18834 I sysui_multi_action: [757,0,758,1,759,0,927,3,928,0,1593,1]
11-29 06:57:25.206 18834 18834 I sysui_multi_action: [757,491,758,1,759,491,927,4,928,0,1311,-1,1593,0]
11-29 06:57:25.206 18834 18834 I sysui_multi_action: [757,0,758,1,759,0,927,5,928,0,1593,0]
11-29 06:57:25.206 18834 18834 I sysui_multi_action: [757,111,758,1]
11-29 06:57:25.206 18834 18834 I sysui_multi_action: [757,126,758,1,759,126,927,0,928,1,1593,1]
11-29 06:57:25.206 18834 18834 I sysui_multi_action: [757,113,758,1,759,113,927,1,928,1,1593,1]
11-29 06:57:25.206 18834 18834 I sysui_multi_action: [757,0,758,1,759,0,927,2,928,0,1593,1]
11-29 06:57:25.206 18834 18834 I sysui_multi_action: [757,0,758,1,759,0,927,3,928,0,1593,1]
11-29 06:57:25.213 1491 1760 I GameModeConfig: isGameModeOn = false
11-29 06:57:25.213 1491 1760 I GameModeConfig: isGameModeOn = false
11-29 06:57:25.214 1491 1760 I GameModeConfig: isGameModeOn = false
11-29 06:57:25.214 1491 1760 I GameModeConfig: isGameModeOn = false
11-29 06:57:25.215 18834 18834 I sysui_multi_action: [757,111,758,2]
11-29 06:57:25.215 18834 18834 I sysui_multi_action: [757,111,758,2]
11-29 06:57:25.215 1491 1491 I notification_enqueue: [10082,18834,com.android.systemui,2048,NULL,0,Notification(channel=updateNotification shortcut=null contentView=null vibrate=null sound=null defaults=0x0 flags=0x0 color=0x00000000 vis=PRIVATE),1]
11-29 06:57:25.218 18834 18834 I sysui_multi_action: [757,111,758,1]
11-29 06:57:25.219 18834 18834 I sysui_multi_action: [757,126,758,1,759,126,927,0,928,1,1593,1]
11-29 06:57:25.219 18834 18834 I sysui_multi_action: [757,113,758,1,759,113,927,1,928,1,1593,1]
11-29 06:57:25.219 18834 18834 I sysui_multi_action: [757,0,758,1,759,0,927,2,928,0,1593,1]
11-29 06:57:25.219 18834 18834 I sysui_multi_action: [757,0,758,1,759,0,927,3,928,0,1593,1]
11-29 06:57:25.219 18834 18834 I sysui_multi_action: [757,491,758,1,759,491,927,4,928,0,1311,-1,1593,0]
11-29 06:57:25.219 18834 18834 I sysui_multi_action: [757,0,758,1,759,0,927,5,928,0,1593,0]
11-29 06:57:25.219 18834 18834 I sysui_multi_action: [757,111,758,1]
11-29 06:57:25.219 18834 18834 I sysui_multi_action: [757,126,758,1,759,126,927,0,928,1,1593,1]
11-29 06:57:25.219 18834 18834 I sysui_multi_action: [757,113,758,1,759,113,927,1,928,1,1593,1]
11-29 06:57:25.219 18834 18834 I sysui_multi_action: [757,0,758,1,759,0,927,2,928,0,1593,1]
11-29 06:57:25.219 18834 18834 I sysui_multi_action: [757,0,758,1,759,0,927,3,928,0,1593,1]
11-29 06:57:25.228 1491 1760 I GameModeConfig: isGameModeOn = false
11-29 06:57:25.228 1491 1760 I GameModeConfig: isGameModeOn = false
11-29 06:57:25.228 1491 1760 I GameModeConfig: isGameModeOn = false
11-29 06:57:25.228 1491 1760 I GameModeConfig: isGameModeOn = false
11-29 06:57:25.229 9956 9956 I wm_on_stop_called: [254362067,com.android.launcher3.uioverrides.QuickstepLauncher,STOP_ACTIVITY_ITEM]
11-29 06:57:25.229 1491 1491 I notification_enqueue: [10082,18834,com.android.systemui,2048,NULL,0,Notification(channel=updateNotification shortcut=null contentView=null vibrate=null sound=null defaults=0x0 flags=0x0 color=0x00000000 vis=PRIVATE),1]
11-29 06:57:25.230 18834 18834 I sysui_multi_action: [757,111,758,2]
11-29 06:57:25.230 18834 18834 I sysui_multi_action: [757,111,758,2]
11-29 06:57:25.233 18834 18834 I sysui_multi_action: [757,111,758,1]
11-29 06:57:25.233 18834 18834 I sysui_multi_action: [757,126,758,1,759,126,927,0,928,1,1593,1]
11-29 06:57:25.233 18834 18834 I sysui_multi_action: [757,113,758,1,759,113,927,1,928,1,1593,1]
11-29 06:57:25.233 18834 18834 I sysui_multi_action: [757,0,758,1,759,0,927,2,928,0,1593,1]
11-29 06:57:25.233 18834 18834 I sysui_multi_action: [757,0,758,1,759,0,927,3,928,0,1593,1]
11-29 06:57:25.233 18834 18834 I sysui_multi_action: [757,491,758,1,759,491,927,4,928,0,1311,-1,1593,0]
11-29 06:57:25.233 18834 18834 I sysui_multi_action: [757,0,758,1,759,0,927,5,928,0,1593,0]
11-29 06:57:25.233 18834 18834 I sysui_multi_action: [757,111,758,1]
11-29 06:57:25.233 18834 18834 I sysui_multi_action: [757,126,758,1,759,126,927,0,928,1,1593,1]
11-29 06:57:25.233 18834 18834 I sysui_multi_action: [757,113,758,1,759,113,927,1,928,1,1593,1]
11-29 06:57:25.233 18834 18834 I sysui_multi_action: [757,0,758,1,759,0,927,2,928,0,1593,1]
11-29 06:57:25.233 18834 18834 I sysui_multi_action: [757,0,758,1,759,0,927,3,928,0,1593,1]
11-29 06:57:25.245 18834 18834 I sysui_multi_action: [757,111,758,2]
11-29 06:57:25.245 18834 18834 I sysui_multi_action: [757,111,758,2]
11-29 06:57:25.246 1491 1491 I notification_enqueue: [10082,18834,com.android.systemui,2048,NULL,0,Notification(channel=updateNotification shortcut=null contentView=null vibrate=null sound=null defaults=0x0 flags=0x0 color=0x00000000 vis=PRIVATE),1]
11-29 06:57:25.247 1491 1760 I GameModeConfig: isGameModeOn = false
11-29 06:57:25.248 1491 1760 I GameModeConfig: isGameModeOn = false
11-29 06:57:25.248 1491 1760 I GameModeConfig: isGameModeOn = false
11-29 06:57:25.248 1491 1760 I GameModeConfig: isGameModeOn = false
11-29 06:57:25.248 18834 18834 I sysui_multi_action: [757,111,758,1]
11-29 06:57:25.248 18834 18834 I sysui_multi_action: [757,126,758,1,759,126,927,0,928,1,1593,1]
11-29 06:57:25.248 18834 18834 I sysui_multi_action: [757,113,758,1,759,113,927,1,928,1,1593,1]
11-29 06:57:25.248 18834 18834 I sysui_multi_action: [757,0,758,1,759,0,927,2,928,0,1593,1]
11-29 06:57:25.248 18834 18834 I sysui_multi_action: [757,0,758,1,759,0,927,3,928,0,1593,1]
11-29 06:57:25.249 18834 18834 I sysui_multi_action: [757,491,758,1,759,491,927,4,928,0,1311,-1,1593,0]
11-29 06:57:25.249 18834 18834 I sysui_multi_action: [757,0,758,1,759,0,927,5,928,0,1593,0]
11-29 06:57:25.249 18834 18834 I sysui_multi_action: [757,111,758,1]
11-29 06:57:25.249 18834 18834 I sysui_multi_action: [757,126,758,1,759,126,927,0,928,1,1593,1]
11-29 06:57:25.249 18834 18834 I sysui_multi_action: [757,113,758,1,759,113,927,1,928,1,1593,1]
11-29 06:57:25.249 18834 18834 I sysui_multi_action: [757,0,758,1,759,0,927,2,928,0,1593,1]
11-29 06:57:25.249 18834 18834 I sysui_multi_action: [757,0,758,1,759,0,927,3,928,0,1593,1]
11-29 06:57:25.254 16043 16059 W ContextImpl: Calling a method in the system process without a qualified user: android.app.ContextImpl.startService:1816 android.content.ContextWrapper.startService:774 com.thundercomm.gamemode.ingame.services.GameModeActionUtils.startGameModeService:93 com.thundercomm.gamemode.ingame.services.GameModeActionUtils.startGameModeEntry:21 com.thundercomm.gamemode.ingame.services.ActivityMonitoringService$1.onActivityLaunch:127
11-29 06:57:25.258 1491 1491 I GameModeConfig: Current uri is uri = content://com.thundercomm.gamemode.api/gamemode_settings/gamemode_isgaming
11-29 06:57:25.259 18834 18834 I sysui_multi_action: [757,111,758,2]
11-29 06:57:25.259 18834 18834 I sysui_multi_action: [757,111,758,2]
11-29 06:57:25.261 1491 1491 I GameModeConfig: isGameModeOn = false
11-29 06:57:25.261 18834 18834 I sysui_multi_action: [757,111,758,1]
11-29 06:57:25.261 18834 18834 I sysui_multi_action: [757,126,758,1,759,126,927,0,928,1,1593,1]
11-29 06:57:25.261 18834 18834 I sysui_multi_action: [757,113,758,1,759,113,927,1,928,1,1593,1]
11-29 06:57:25.261 1491 1491 I GameModeConfig: isGameModeOn = false
11-29 06:57:25.261 1491 1491 I GameModeConfig: isDisableVoice = true
11-29 06:57:25.261 18834 18834 I sysui_multi_action: [757,0,758,1,759,0,927,2,928,0,1593,1]
11-29 06:57:25.261 18834 18834 I sysui_multi_action: [757,0,758,1,759,0,927,3,928,0,1593,1]
11-29 06:57:25.261 18834 18834 I sysui_multi_action: [757,491,758,1,759,491,927,4,928,0,1311,-1,1593,0]
11-29 06:57:25.261 18834 18834 I sysui_multi_action: [757,0,758,1,759,0,927,5,928,0,1593,0]
11-29 06:57:25.261 1491 1491 I notification_enqueue: [10082,18834,com.android.systemui,2048,NULL,0,Notification(channel=updateNotification shortcut=null contentView=null vibrate=null sound=null defaults=0x0 flags=0x0 color=0x00000000 vis=PRIVATE),1]
11-29 06:57:25.262 18834 18834 I sysui_multi_action: [757,111,758,1]
11-29 06:57:25.262 18834 18834 I sysui_multi_action: [757,126,758,1,759,126,927,0,928,1,1593,1]
11-29 06:57:25.262 18834 18834 I sysui_multi_action: [757,113,758,1,759,113,927,1,928,1,1593,1]
11-29 06:57:25.262 18834 18834 I sysui_multi_action: [757,0,758,1,759,0,927,2,928,0,1593,1]
11-29 06:57:25.262 18834 18834 I sysui_multi_action: [757,0,758,1,759,0,927,3,928,0,1593,1]
11-29 06:57:25.263 1491 1760 I GameModeConfig: isGameModeOn = false
11-29 06:57:25.266 1491 1760 I GameModeConfig: isGameModeOn = false
11-29 06:57:25.267 1491 1760 I GameModeConfig: isGameModeOn = false
11-29 06:57:25.268 1491 1760 I GameModeConfig: isGameModeOn = false
11-29 06:57:25.275 1491 1760 I GameModeConfig: isGameModeOn = false
11-29 06:57:25.275 1491 1760 I GameModeConfig: isGameModeOn = false
11-29 06:57:25.275 1491 1760 I GameModeConfig: isGameModeOn = false
11-29 06:57:25.275 1491 1760 I GameModeConfig: isGameModeOn = false
11-29 06:57:25.276 18834 18834 I sysui_multi_action: [757,111,758,2]
11-29 06:57:25.276 18834 18834 I sysui_multi_action: [757,111,758,2]
11-29 06:57:25.276 1491 1491 I notification_enqueue: [10082,18834,com.android.systemui,2048,NULL,0,Notification(channel=updateNotification shortcut=null contentView=null vibrate=null sound=null defaults=0x0 flags=0x0 color=0x00000000 vis=PRIVATE),1]
11-29 06:57:25.278 18834 18834 I sysui_multi_action: [757,111,758,1]
11-29 06:57:25.278 18834 18834 I sysui_multi_action: [757,126,758,1,759,126,927,0,928,1,1593,1]
11-29 06:57:25.278 18834 18834 I sysui_multi_action: [757,113,758,1,759,113,927,1,928,1,1593,1]
11-29 06:57:25.279 18834 18834 I sysui_multi_action: [757,0,758,1,759,0,927,2,928,0,1593,1]
11-29 06:57:25.279 18834 18834 I sysui_multi_action: [757,0,758,1,759,0,927,3,928,0,1593,1]
11-29 06:57:25.279 18834 18834 I sysui_multi_action: [757,491,758,1,759,491,927,4,928,0,1311,-1,1593,0]
11-29 06:57:25.279 18834 18834 I sysui_multi_action: [757,0,758,1,759,0,927,5,928,0,1593,0]
11-29 06:57:25.279 18834 18834 I sysui_multi_action: [757,111,758,1]
11-29 06:57:25.279 18834 18834 I sysui_multi_action: [757,126,758,1,759,126,927,0,928,1,1593,1]
11-29 06:57:25.279 18834 18834 I sysui_multi_action: [757,113,758,1,759,113,927,1,928,1,1593,1]
11-29 06:57:25.279 18834 18834 I sysui_multi_action: [757,0,758,1,759,0,927,2,928,0,1593,1]
11-29 06:57:25.279 18834 18834 I sysui_multi_action: [757,0,758,1,759,0,927,3,928,0,1593,1]
11-29 06:57:25.284 1491 1491 I GameModeConfig: isGameModeOn = false
11-29 06:57:25.285 1491 1491 I sysui_multi_action: [757,1501,758,1,793,13402546,794,0,795,207,796,2048,806,com.android.systemui,857,updateNotification,858,3,947,0,1500,0,1688,1]
11-29 06:57:25.285 1491 1491 I sysui_multi_action: [757,804,799,note_interruptive,801,0,802,1]
11-29 06:57:25.285 1491 1491 I sysui_multi_action: [757,199,758,1,759,2,793,13402546,794,0,795,207,796,2048,806,com.android.systemui,857,updateNotification,858,3,947,0,1500,0,1688,1]
11-29 06:57:25.285 1491 1491 I notification_alert: [0|com.android.systemui|2048|null|10082,0,1,0]
11-29 06:57:25.286 1491 1491 W NotificationHistory: Attempted to add notif for locked/gone/disabled user 0
11-29 06:57:25.292 1491 1760 I GameModeConfig: isGameModeOn = false
11-29 06:57:25.292 1491 1760 I GameModeConfig: isGameModeOn = false
11-29 06:57:25.292 1491 1760 I GameModeConfig: isGameModeOn = false
11-29 06:57:25.292 1491 1760 I GameModeConfig: isGameModeOn = false
11-29 06:57:25.293 18834 18834 I sysui_multi_action: [757,111,758,2]
11-29 06:57:25.293 18834 18834 I sysui_multi_action: [757,111,758,2]
11-29 06:57:25.294 1491 1491 I notification_enqueue: [10082,18834,com.android.systemui,2048,NULL,0,Notification(channel=updateNotification shortcut=null contentView=null vibrate=null sound=null defaults=0x0 flags=0x0 color=0x00000000 vis=PRIVATE),1]
11-29 06:57:25.296 18834 18834 I sysui_multi_action: [757,111,758,1]
11-29 06:57:25.296 18834 18834 I sysui_multi_action: [757,126,758,1,759,126,927,0,928,1,1593,0]
11-29 06:57:25.296 18834 18834 I sysui_multi_action: [757,113,758,1,759,113,927,1,928,1,1593,0]
11-29 06:57:25.296 18834 18834 I sysui_multi_action: [757,0,758,1,759,0,927,2,928,0,1593,0]
11-29 06:57:25.296 18834 18834 I sysui_multi_action: [757,0,758,1,759,0,927,3,928,0,1593,0]
11-29 06:57:25.296 18834 18834 I sysui_multi_action: [757,491,758,1,759,491,927,4,928,0,1311,-1,1593,0]
11-29 06:57:25.296 18834 18834 I sysui_multi_action: [757,0,758,1,759,0,927,5,928,0,1593,0]
11-29 06:57:25.296 18834 18834 I sysui_multi_action: [757,111,758,1]
11-29 06:57:25.296 18834 18834 I sysui_multi_action: [757,126,758,1,759,126,927,0,928,1,1593,1]
11-29 06:57:25.296 18834 18834 I sysui_multi_action: [757,113,758,1,759,113,927,1,928,1,1593,1]
11-29 06:57:25.296 18834 18834 I sysui_multi_action: [757,0,758,1,759,0,927,2,928,0,1593,1]
11-29 06:57:25.297 18834 18834 I sysui_multi_action: [757,0,758,1,759,0,927,3,928,0,1593,1]
11-29 06:57:25.309 1491 1760 I GameModeConfig: isGameModeOn = false
11-29 06:57:25.309 1491 1760 I GameModeConfig: isGameModeOn = false
11-29 06:57:25.309 1491 1760 I GameModeConfig: isGameModeOn = false
11-29 06:57:25.309 1491 1760 I GameModeConfig: isGameModeOn = false
11-29 06:57:25.310 18834 18834 I sysui_multi_action: [757,111,758,2]
11-29 06:57:25.310 18834 18834 I sysui_multi_action: [757,111,758,2]
11-29 06:57:25.311 1491 1491 I GameModeConfig: isGameModeOn = false
11-29 06:57:25.311 1491 1491 E NotificationService: Muting recently noisy 0|com.android.systemui|2048|null|10082
11-29 06:57:25.312 1491 1491 I notification_enqueue: [10082,18834,com.android.systemui,2048,NULL,0,Notification(channel=updateNotification shortcut=null contentView=null vibrate=null sound=null defaults=0x0 flags=0x0 color=0x00000000 vis=PRIVATE),1]
11-29 06:57:25.313 18834 18834 I sysui_multi_action: [757,111,758,1]
11-29 06:57:25.313 18834 18834 I sysui_multi_action: [757,126,758,1,759,126,927,0,928,1,1593,1]
11-29 06:57:25.313 18834 18834 I sysui_multi_action: [757,113,758,1,759,113,927,1,928,1,1593,1]
