11-29 06:57:56.026 1491 1491 I notification_enqueue: [10082,19381,com.android.systemui,2048,NULL,0,Notification(channel=updateNotification shortcut=null contentView=null vibrate=null sound=null defaults=0x0 flags=0x0 color=0x00000000 vis=PRIVATE),1]
11-29 06:57:56.029 19381 19381 I sysui_multi_action: [757,111,758,1]
11-29 06:57:56.029 19381 19381 I sysui_multi_action: [757,126,758,1,759,126,927,0,928,1,1593,1]
11-29 06:57:56.029 19381 19381 I sysui_multi_action: [757,113,758,1,759,113,927,1,928,1,1593,1]
11-29 06:57:56.029 19381 19381 I sysui_multi_action: [757,0,758,1,759,0,927,2,928,0,1593,1]
11-29 06:57:56.029 19381 19381 I sysui_multi_action: [757,0,758,1,759,0,927,3,928,0,1593,1]
11-29 06:57:56.029 19381 19381 I sysui_multi_action: [757,491,758,1,759,491,927,4,928,0,1311,-1,1593,0]
11-29 06:57:56.029 19381 19381 I sysui_multi_action: [757,0,758,1,759,0,927,5,928,0,1593,0]
11-29 06:57:56.029 19381 19381 I sysui_multi_action: [757,111,758,1]
11-29 06:57:56.029 19381 19381 I sysui_multi_action: [757,126,758,1,759,126,927,0,928,1,1593,1]
11-29 06:57:56.030 19381 19381 I sysui_multi_action: [757,113,758,1,759,113,927,1,928,1,1593,1]
11-29 06:57:56.030 19381 19381 I sysui_multi_action: [757,0,758,1,759,0,927,2,928,0,1593,1]
11-29 06:57:56.030 19381 19381 I sysui_multi_action: [757,0,758,1,759,0,927,3,928,0,1593,1]
11-29 06:57:56.041 1491 1760 I GameModeConfig: isGameModeOn = false
11-29 06:57:56.042 1491 1760 I GameModeConfig: isGameModeOn = false
11-29 06:57:56.042 1491 1760 I GameModeConfig: isGameModeOn = false
11-29 06:57:56.042 1491 1760 I GameModeConfig: isGameModeOn = false
11-29 06:57:56.043 19381 19381 I sysui_multi_action: [757,111,758,2]
11-29 06:57:56.043 19381 19381 I sysui_multi_action: [757,111,758,2]
11-29 06:57:56.043 1491 1491 I notification_enqueue: [10082,19381,com.android.systemui,2048,NULL,0,Notification(channel=updateNotification shortcut=null contentView=null vibrate=null sound=null defaults=0x0 flags=0x0 color=0x00000000 vis=PRIVATE),1]
11-29 06:57:56.046 19381 19381 I sysui_multi_action: [757,111,758,1]
11-29 06:57:56.046 19381 19381 I sysui_multi_action: [757,126,758,1,759,126,927,0,928,1,1593,1]
11-29 06:57:56.046 19381 19381 I sysui_multi_action: [757,113,758,1,759,113,927,1,928,1,1593,1]
11-29 06:57:56.046 19381 19381 I sysui_multi_action: [757,0,758,1,759,0,927,2,928,0,1593,1]
11-29 06:57:56.046 19381 19381 I sysui_multi_action: [757,0,758,1,759,0,927,3,928,0,1593,1]
11-29 06:57:56.047 19381 19381 I sysui_multi_action: [757,491,758,1,759,491,927,4,928,0,1311,-1,1593,0]
11-29 06:57:56.047 19381 19381 I sysui_multi_action: [757,0,758,1,759,0,927,5,928,0,1593,0]
11-29 06:57:56.047 19381 19381 I sysui_multi_action: [757,111,758,1]
11-29 06:57:56.047 19381 19381 I sysui_multi_action: [757,126,758,1,759,126,927,0,928,1,1593,1]
11-29 06:57:56.047 19381 19381 I sysui_multi_action: [757,113,758,1,759,113,927,1,928,1,1593,1]
11-29 06:57:56.047 19381 19381 I sysui_multi_action: [757,0,758,1,759,0,927,2,928,0,1593,1]
11-29 06:57:56.047 19381 19381 I sysui_multi_action: [757,0,758,1,759,0,927,3,928,0,1593,1]
11-29 06:57:56.049 1491 1607 I sysui_latency: [8,78]
11-29 06:57:56.057 1491 1760 I GameModeConfig: isGameModeOn = false
11-29 06:57:56.057 1491 1760 I GameModeConfig: isGameModeOn = false
11-29 06:57:56.058 1491 1760 I GameModeConfig: isGameModeOn = false
11-29 06:57:56.058 1491 1760 I GameModeConfig: isGameModeOn = false
11-29 06:57:56.059 19381 19381 I sysui_multi_action: [757,111,758,2]
11-29 06:57:56.059 19381 19381 I sysui_multi_action: [757,111,758,2]
11-29 06:57:56.059 1491 1491 I notification_enqueue: [10082,19381,com.android.systemui,2048,NULL,0,Notification(channel=updateNotification shortcut=null contentView=null vibrate=null sound=null defaults=0x0 flags=0x0 color=0x00000000 vis=PRIVATE),1]
11-29 06:57:56.062 19381 19381 I sysui_multi_action: [757,111,758,1]
11-29 06:57:56.062 19381 19381 I sysui_multi_action: [757,126,758,1,759,126,927,0,928,1,1593,1]
11-29 06:57:56.062 19381 19381 I sysui_multi_action: [757,113,758,1,759,113,927,1,928,1,1593,1]
11-29 06:57:56.062 19381 19381 I sysui_multi_action: [757,0,758,1,759,0,927,2,928,0,1593,1]
11-29 06:57:56.062 19381 19381 I sysui_multi_action: [757,0,758,1,759,0,927,3,928,0,1593,1]
11-29 06:57:56.062 19381 19381 I sysui_multi_action: [757,491,758,1,759,491,927,4,928,0,1311,-1,1593,0]
11-29 06:57:56.062 19381 19381 I sysui_multi_action: [757,0,758,1,759,0,927,5,928,0,1593,0]
11-29 06:57:56.062 19381 19381 I sysui_multi_action: [757,111,758,1]
11-29 06:57:56.062 19381 19381 I sysui_multi_action: [757,126,758,1,759,126,927,0,928,1,1593,1]
11-29 06:57:56.062 19381 19381 I sysui_multi_action: [757,113,758,1,759,113,927,1,928,1,1593,1]
11-29 06:57:56.062 19381 19381 I sysui_multi_action: [757,0,758,1,759,0,927,2,928,0,1593,1]
11-29 06:57:56.062 19381 19381 I sysui_multi_action: [757,0,758,1,759,0,927,3,928,0,1593,1]
11-29 06:57:56.071 1491 1760 I GameModeConfig: isGameModeOn = false
11-29 06:57:56.071 1491 1760 I GameModeConfig: isGameModeOn = false
11-29 06:57:56.071 1491 1760 I GameModeConfig: isGameModeOn = false
11-29 06:57:56.071 1491 1760 I GameModeConfig: isGameModeOn = false
11-29 06:57:56.072 19381 19381 I sysui_multi_action: [757,111,758,2]
11-29 06:57:56.072 19381 19381 I sysui_multi_action: [757,111,758,2]
11-29 06:57:56.072 1491 1491 I notification_enqueue: [10082,19381,com.android.systemui,2048,NULL,0,Notification(channel=updateNotification shortcut=null contentView=null vibrate=null sound=null defaults=0x0 flags=0x0 color=0x00000000 vis=PRIVATE),1]
11-29 06:57:56.075 19381 19381 I sysui_multi_action: [757,111,758,1]
11-29 06:57:56.075 19381 19381 I sysui_multi_action: [757,126,758,1,759,126,927,0,928,1,1593,1]
11-29 06:57:56.075 19381 19381 I sysui_multi_action: [757,113,758,1,759,113,927,1,928,1,1593,1]
11-29 06:57:56.075 19381 19381 I sysui_multi_action: [757,0,758,1,759,0,927,2,928,0,1593,1]
11-29 06:57:56.075 19381 19381 I sysui_multi_action: [757,0,758,1,759,0,927,3,928,0,1593,1]
11-29 06:57:56.075 19381 19381 I sysui_multi_action: [757,491,758,1,759,491,927,4,928,0,1311,-1,1593,0]
11-29 06:57:56.075 19381 19381 I sysui_multi_action: [757,0,758,1,759,0,927,5,928,0,1593,0]
11-29 06:57:56.075 19381 19381 I sysui_multi_action: [757,111,758,1]
11-29 06:57:56.075 19381 19381 I sysui_multi_action: [757,126,758,1,759,126,927,0,928,1,1593,1]
11-29 06:57:56.075 19381 19381 I sysui_multi_action: [757,113,758,1,759,113,927,1,928,1,1593,1]
11-29 06:57:56.075 19381 19381 I sysui_multi_action: [757,0,758,1,759,0,927,2,928,0,1593,1]
11-29 06:57:56.075 19381 19381 I sysui_multi_action: [757,0,758,1,759,0,927,3,928,0,1593,1]
11-29 06:57:56.079 19376 19376 I auditd : type=1400 audit(0.0:14317): avc: denied { kill } for comm="kworker/u16:16" capability=5 scontext=u:r:kernel:s0 tcontext=u:r:kernel:s0 tclass=capability permissive=0
11-29 06:57:56.085 1491 1760 I GameModeConfig: isGameModeOn = false
11-29 06:57:56.085 1491 1760 I GameModeConfig: isGameModeOn = false
11-29 06:57:56.085 1491 1760 I GameModeConfig: isGameModeOn = false
11-29 06:57:56.085 1491 1760 I GameModeConfig: isGameModeOn = false
11-29 06:57:56.086 19381 19381 I sysui_multi_action: [757,111,758,2]
11-29 06:57:56.086 19381 19381 I sysui_multi_action: [757,111,758,2]
11-29 06:57:56.089 19381 19381 I sysui_multi_action: [757,111,758,1]
11-29 06:57:56.089 19381 19381 I sysui_multi_action: [757,126,758,1,759,126,927,0,928,1,1593,1]
11-29 06:57:56.089 19381 19381 I sysui_multi_action: [757,113,758,1,759,113,927,1,928,1,1593,1]
11-29 06:57:56.089 19381 19381 I sysui_multi_action: [757,0,758,1,759,0,927,2,928,0,1593,1]
11-29 06:57:56.089 19381 19381 I sysui_multi_action: [757,0,758,1,759,0,927,3,928,0,1593,1]
11-29 06:57:56.089 19381 19381 I sysui_multi_action: [757,491,758,1,759,491,927,4,928,0,1311,-1,1593,0]
11-29 06:57:56.089 19381 19381 I sysui_multi_action: [757,0,758,1,759,0,927,5,928,0,1593,0]
11-29 06:57:56.089 19381 19381 I sysui_multi_action: [757,111,758,1]
11-29 06:57:56.089 19381 19381 I sysui_multi_action: [757,126,758,1,759,126,927,0,928,1,1593,1]
11-29 06:57:56.089 19381 19381 I sysui_multi_action: [757,113,758,1,759,113,927,1,928,1,1593,1]
11-29 06:57:56.089 19381 19381 I sysui_multi_action: [757,0,758,1,759,0,927,2,928,0,1593,1]
11-29 06:57:56.089 19381 19381 I sysui_multi_action: [757,0,758,1,759,0,927,3,928,0,1593,1]
11-29 06:57:56.092 1491 1491 I notification_enqueue: [10082,19381,com.android.systemui,2048,NULL,0,Notification(channel=updateNotification shortcut=null contentView=null vibrate=null sound=null defaults=0x0 flags=0x0 color=0x00000000 vis=PRIVATE),1]
11-29 06:57:56.102 19381 19381 I sysui_multi_action: [757,111,758,2]
11-29 06:57:56.102 19381 19381 I sysui_multi_action: [757,111,758,2]
11-29 06:57:56.102 1491 1491 I notification_enqueue: [10082,19381,com.android.systemui,2048,NULL,0,Notification(channel=updateNotification shortcut=null contentView=null vibrate=null sound=null defaults=0x0 flags=0x0 color=0x00000000 vis=PRIVATE),1]
11-29 06:57:56.103 1491 1760 I GameModeConfig: isGameModeOn = false
11-29 06:57:56.105 19381 19381 I sysui_multi_action: [757,111,758,1]
11-29 06:57:56.105 19381 19381 I sysui_multi_action: [757,126,758,1,759,126,927,0,928,1,1593,1]
11-29 06:57:56.105 19381 19381 I sysui_multi_action: [757,113,758,1,759,113,927,1,928,1,1593,1]
11-29 06:57:56.105 19381 19381 I sysui_multi_action: [757,0,758,1,759,0,927,2,928,0,1593,1]
11-29 06:57:56.105 19381 19381 I sysui_multi_action: [757,0,758,1,759,0,927,3,928,0,1593,1]
11-29 06:57:56.105 19381 19381 I sysui_multi_action: [757,491,758,1,759,491,927,4,928,0,1311,-1,1593,0]
11-29 06:57:56.105 19381 19381 I sysui_multi_action: [757,0,758,1,759,0,927,5,928,0,1593,0]
11-29 06:57:56.105 19381 19381 I sysui_multi_action: [757,111,758,1]
11-29 06:57:56.105 19381 19381 I sysui_multi_action: [757,126,758,1,759,126,927,0,928,1,1593,1]
11-29 06:57:56.105 19381 19381 I sysui_multi_action: [757,113,758,1,759,113,927,1,928,1,1593,1]
11-29 06:57:56.105 19381 19381 I sysui_multi_action: [757,0,758,1,759,0,927,2,928,0,1593,1]
11-29 06:57:56.105 19381 19381 I sysui_multi_action: [757,0,758,1,759,0,927,3,928,0,1593,1]
11-29 06:57:56.109 1491 1760 I GameModeConfig: isGameModeOn = false
11-29 06:57:56.109 1491 1760 I GameModeConfig: isGameModeOn = false
11-29 06:57:56.109 1491 1760 I GameModeConfig: isGameModeOn = false
11-29 06:57:56.115 1491 1491 I GameModeConfig: isGameModeOn = false
11-29 06:57:56.115 1491 1491 I sysui_multi_action: [757,1501,758,1,793,13433376,794,0,795,204,796,2048,806,com.android.systemui,857,updateNotification,858,3,947,0,1500,0,1688,1]
11-29 06:57:56.115 1491 1491 I sysui_multi_action: [757,804,799,note_interruptive,801,0,802,1]
11-29 06:57:56.116 1491 1491 I sysui_multi_action: [757,199,758,1,759,2,793,13433376,794,0,795,204,796,2048,806,com.android.systemui,857,updateNotification,858,3,947,0,1500,0,1688,1]
11-29 06:57:56.116 1491 1491 I notification_alert: [0|com.android.systemui|2048|null|10082,0,1,0]
11-29 06:57:56.117 1491 1491 W NotificationHistory: Attempted to add notif for locked/gone/disabled user 0
11-29 06:57:56.118 1491 1760 I GameModeConfig: isGameModeOn = false
11-29 06:57:56.121 1491 1760 I GameModeConfig: isGameModeOn = false
11-29 06:57:56.121 1491 1760 I GameModeConfig: isGameModeOn = false
11-29 06:57:56.121 1491 1760 I GameModeConfig: isGameModeOn = false
11-29 06:57:56.121 19381 19381 I sysui_multi_action: [757,111,758,2]
11-29 06:57:56.122 19381 19381 I sysui_multi_action: [757,111,758,2]
11-29 06:57:56.122 1491 1491 I notification_enqueue: [10082,19381,com.android.systemui,2048,NULL,0,Notification(channel=updateNotification shortcut=null contentView=null vibrate=null sound=null defaults=0x0 flags=0x0 color=0x00000000 vis=PRIVATE),1]
11-29 06:57:56.125 19381 19381 I sysui_multi_action: [757,111,758,1]
11-29 06:57:56.125 19381 19381 I sysui_multi_action: [757,126,758,1,759,126,927,0,928,1,1593,1]
11-29 06:57:56.125 19381 19381 I sysui_multi_action: [757,113,758,1,759,113,927,1,928,1,1593,1]
11-29 06:57:56.125 19381 19381 I sysui_multi_action: [757,0,758,1,759,0,927,2,928,0,1593,1]
11-29 06:57:56.125 19381 19381 I sysui_multi_action: [757,0,758,1,759,0,927,3,928,0,1593,1]
11-29 06:57:56.125 19381 19381 I sysui_multi_action: [757,491,758,1,759,491,927,4,928,0,1311,-1,1593,0]
11-29 06:57:56.125 19381 19381 I sysui_multi_action: [757,0,758,1,759,0,927,5,928,0,1593,0]
11-29 06:57:56.125 19381 19381 I sysui_multi_action: [757,111,758,1]
11-29 06:57:56.125 19381 19381 I sysui_multi_action: [757,126,758,1,759,126,927,0,928,1,1593,1]
11-29 06:57:56.126 19381 19381 I sysui_multi_action: [757,113,758,1,759,113,927,1,928,1,1593,1]
11-29 06:57:56.126 19381 19381 I sysui_multi_action: [757,0,758,1,759,0,927,2,928,0,1593,1]
11-29 06:57:56.126 19381 19381 I sysui_multi_action: [757,0,758,1,759,0,927,3,928,0,1593,1]
11-29 06:57:56.129 1491 1693 I input_interaction: Interaction with: b10ffe2 NotificationShade (server), 65ade7e com.android.systemui.ImageWallpaper (server), edge-swipe (server), swipe-up (server), PointerEventDispatcher0 (server),
11-29 06:57:56.144 1491 1491 I GameModeConfig: isGameModeOn = false
11-29 06:57:56.145 1491 1491 E NotificationService: Muting recently noisy 0|com.android.systemui|2048|null|10082
11-29 06:57:56.157 1491 1693 I input_interaction: Interaction with: edge-swipe (server), swipe-up (server), PointerEventDispatcher0 (server),
11-29 06:57:56.161 19381 19381 I view_enqueue_input_event: [Motion - Cancel,NotificationShade]
11-29 06:57:56.162 19381 19381 I sysui_multi_action: [757,111,758,2]
11-29 06:57:56.163 19381 19381 I sysui_multi_action: [757,111,758,2]
11-29 06:57:56.163 1491 1491 I notification_enqueue: [10082,19381,com.android.systemui,2048,NULL,0,Notification(channel=updateNotification shortcut=null contentView=null vibrate=null sound=null defaults=0x0 flags=0x0 color=0x00000000 vis=PRIVATE),1]
11-29 06:57:56.165 1491 1600 I input_focus: [Focus request b10ffe2 NotificationShade,reason=UpdateInputWindows]
11-29 06:57:56.166 1491 1491 I GameModeConfig: isGameModeOn = false
11-29 06:57:56.167 1491 1491 E NotificationService: Muting recently noisy 0|com.android.systemui|2048|null|10082
11-29 06:57:56.168 1491 1760 I GameModeConfig: isGameModeOn = false
11-29 06:57:56.168 1491 1760 I GameModeConfig: isGameModeOn = false
11-29 06:57:56.169 1491 1760 I GameModeConfig: isGameModeOn = false
11-29 06:57:56.169 1491 1760 I GameModeConfig: isGameModeOn = false
11-29 06:57:56.171 1491 1693 I input_focus: [Focus entering b10ffe2 NotificationShade (server),reason=Window became focusable. Previous reason: NOT_FOCUSABLE]
11-29 06:57:56.173 19381 19381 I sysui_multi_action: [757,111,758,1]
11-29 06:57:56.173 19381 19381 I sysui_multi_action: [757,126,758,1,759,126,927,0,928,1,1593,0]
11-29 06:57:56.173 19381 19381 I sysui_multi_action: [757,113,758,1,759,113,927,1,928,1,1593,0]
11-29 06:57:56.173 19381 19381 I sysui_multi_action: [757,0,758,1,759,0,927,2,928,0,1593,0]
11-29 06:57:56.173 19381 19381 I sysui_multi_action: [757,0,758,1,759,0,927,3,928,0,1593,0]
11-29 06:57:56.173 19381 19381 I sysui_multi_action: [757,491,758,1,759,491,927,4,928,0,1311,-1,1593,0]
11-29 06:57:56.173 19381 19381 I sysui_multi_action: [757,0,758,1,759,0,927,5,928,0,1593,0]
11-29 06:57:56.173 19381 19381 I sysui_multi_action: [757,111,758,1]
11-29 06:57:56.173 19381 19381 I sysui_multi_action: [757,126,758,1,759,126,927,0,928,1,1593,0]
11-29 06:57:56.173 19381 19381 I sysui_multi_action: [757,113,758,1,759,113,927,1,928,1,1593,0]
11-29 06:57:56.174 19381 19381 I sysui_multi_action: [757,0,758,1,759,0,927,2,928,0,1593,0]
11-29 06:57:56.174 19381 19381 I sysui_multi_action: [757,0,758,1,759,0,927,3,928,0,1593,0]
11-29 06:57:56.174 1491 2068 W ActivityTaskManager: getTaskSnapshot: taskId=2155 not found
11-29 06:57:56.176 1491 2068 I wm_task_moved: [32,1,6]
11-29 06:57:56.176 1491 2068 I wm_task_moved: [41,1,2147483647]
11-29 06:57:56.176 1491 2068 I wm_task_to_front: [0,41]
11-29 06:57:56.176 1491 2068 I wm_focused_root_task: [0,0,32,155,RecentsAnimation.onAnimationFinished()]
11-29 06:57:56.176 1491 2068 I wm_set_resumed_activity: [0,com.android.launcher3/.uioverrides.QuickstepLauncher,RecentsAnimation.onAnimationFinished()]
11-29 06:57:56.176 1491 2068 I wm_pause_activity: [0,240728994,com.android.settings/.homepage.SettingsHomepageActivity,userLeaving=true,pauseBackTasks]
11-29 06:57:56.177 1491 2068 I wm_add_to_stopping: [0,240728994,com.android.settings/.homepage.SettingsHomepageActivity,makeInvisible]
11-29 06:57:56.177 1491 2068 I ActivityTaskManager: FOREGROUND_APPLICATION_CHANGED to com.android.launcher3.uioverrides.QuickstepLauncher
11-29 06:57:56.177 1491 2068 I wm_set_resumed_activity: [0,com.android.launcher3/.uioverrides.QuickstepLauncher,resumeTopActivityInnerLocked]
11-29 06:57:56.179 1491 2068 I wm_resume_activity: [0,254362067,41,com.android.launcher3/.uioverrides.QuickstepLauncher]
11-29 06:57:56.181 1491 1491 I GameModeConfig: isGameModeOn = false
11-29 06:57:56.182 1491 1491 E NotificationService: Muting recently noisy 0|com.android.systemui|2048|null|10082
11-29 06:57:56.184 1491 2058 W ActivityTaskManager: getTaskSnapshot: taskId=1155 not found
11-29 06:57:56.185 1491 8592 I sysui_multi_action: [757,128,758,2,793,12040958,794,512,795,12040958,796,26,798,0,806,android,857,DEVELOPER_IMPORTANT,858,4,947,0,1395,2,1500,12040753,1688,1]
11-29 06:57:56.185 1491 8592 I notification_visibility: [-1|android|26|null|1000,0,12040958,12040958,0,0]
11-29 06:57:56.185 1491 8592 I sysui_multi_action: [757,128,758,2,793,12040961,794,511,795,12040961,796,32,798,1,806,android,857,USB,858,1,947,0,1395,2,1500,12040758,1688,1]
11-29 06:57:56.185 1491 8592 I notification_visibility: [-1|android|32|null|1000,0,12040961,12040961,0,1]
11-29 06:57:56.185 1491 1599 I wm_stop_activity: [0,240728994,com.android.settings/.homepage.SettingsHomepageActivity]
11-29 06:57:56.186 1491 1599 I sysui_multi_action: [757,803,799,window_time_0,802,2]
11-29 06:57:56.186 1491 1491 I notification_enqueue: [10082,19381,com.android.systemui,2048,NULL,0,Notification(channel=updateNotification shortcut=null contentView=null vibrate=null sound=null defaults=0x0 flags=0x0 color=0x00000000 vis=PRIVATE),1]
11-29 06:57:56.186 19381 19381 I sysui_multi_action: [757,111,758,2]
11-29 06:57:56.186 19381 19381 I sysui_multi_action: [757,111,758,2]
11-29 06:57:56.188 1491 1760 I GameModeConfig: isGameModeOn = false
11-29 06:57:56.188 1491 1599 I sysui_multi_action: [757,803,799,window_time_0,802,0]
11-29 06:57:56.190 1491 1760 I GameModeConfig: isGameModeOn = false
11-29 06:57:56.190 1491 1760 I GameModeConfig: isGameModeOn = false
11-29 06:57:56.190 1491 1760 I GameModeConfig: isGameModeOn = false
11-29 06:57:56.192 19381 19381 I sysui_multi_action: [757,111,758,1]
11-29 06:57:56.192 19381 19381 I sysui_multi_action: [757,126,758,1,759,126,927,0,928,1,1593,1]
11-29 06:57:56.192 19381 19381 I sysui_multi_action: [757,113,758,1,759,113,927,1,928,1,1593,1]
11-29 06:57:56.192 19381 19381 I sysui_multi_action: [757,0,758,1,759,0,927,2,928,0,1593,1]
11-29 06:57:56.192 19381 19381 I sysui_multi_action: [757,0,758,1,759,0,927,3,928,0,1593,1]
11-29 06:57:56.192 19381 19381 I sysui_multi_action: [757,491,758,1,759,491,927,4,928,0,1311,-1,1593,0]
11-29 06:57:56.192 19381 19381 I sysui_multi_action: [757,0,758,1,759,0,927,5,928,0,1593,0]
11-29 06:57:56.192 19381 19381 I sysui_multi_action: [757,111,758,1]
11-29 06:57:56.192 19381 19381 I sysui_multi_action: [757,126,758,1,759,126,927,0,928,1,1593,1]
11-29 06:57:56.192 19381 19381 I sysui_multi_action: [757,113,758,1,759,113,927,1,928,1,1593,1]
11-29 06:57:56.192 19381 19381 I sysui_multi_action: [757,0,758,1,759,0,927,2,928,0,1593,1]
11-29 06:57:56.192 19381 19381 I sysui_multi_action: [757,0,758,1,759,0,927,3,928,0,1593,1]
11-29 06:57:56.198 9956 9956 I wm_on_resume_called: [254362067,com.android.launcher3.uioverrides.QuickstepLauncher,RESUME_ACTIVITY]
11-29 06:57:56.207 1491 1760 I GameModeConfig: isGameModeOn = false
11-29 06:57:56.207 1491 1760 I GameModeConfig: isGameModeOn = false
11-29 06:57:56.208 1491 1760 I GameModeConfig: isGameModeOn = false
11-29 06:57:56.208 1491 1760 I GameModeConfig: isGameModeOn = false
11-29 06:57:56.210 1491 1491 I GameModeConfig: isGameModeOn = false
11-29 06:57:56.210 1491 1491 E NotificationService: Muting recently noisy 0|com.android.systemui|2048|null|10082
11-29 06:57:56.211 19381 19381 I sysui_multi_action: [757,111,758,2]
11-29 06:57:56.211 19381 19381 I sysui_multi_action: [757,111,758,2]
11-29 06:57:56.212 19688 19688 I wm_on_top_resumed_lost_called: [240728994,com.android.settings.homepage.SettingsHomepageActivity,topStateChangedWhenResumed]
11-29 06:57:56.212 1491 1491 I notification_enqueue: [10082,19381,com.android.systemui,2048,NULL,0,Notification(channel=updateNotification shortcut=null contentView=null vibrate=null sound=null defaults=0x0 flags=0x0 color=0x00000000 vis=PRIVATE),1]
11-29 06:57:56.215 19688 19688 I sysui_multi_action: [757,35,758,2,1089,2006]
11-29 06:57:56.216 19688 19688 I sysui_multi_action: [757,1845,758,2,1089,1810]
11-29 06:57:56.216 19688 19688 I wm_on_paused_called: [240728994,com.android.settings.homepage.SettingsHomepageActivity,performPause]
11-29 06:57:56.221 9956 9956 I wm_on_top_resumed_gained_called: [254362067,com.android.launcher3.uioverrides.QuickstepLauncher,topStateChangedWhenResumed]
11-29 06:57:56.222 1491 1600 I input_focus: [Focus request cd0514f com.android.launcher3/com.android.launcher3.uioverrides.QuickstepLauncher,reason=UpdateInputWindows]
11-29 06:57:56.223 19381 19381 I sysui_multi_action: [757,111,758,1]
11-29 06:57:56.223 19381 19381 I sysui_multi_action: [757,126,758,1,759,126,927,0,928,1,1593,1]
11-29 06:57:56.223 19381 19381 I sysui_multi_action: [757,113,758,1,759,113,927,1,928,1,1593,1]
11-29 06:57:56.223 19381 19381 I sysui_multi_action: [757,0,758,1,759,0,927,2,928,0,1593,1]
11-29 06:57:56.223 19381 19381 I sysui_multi_action: [757,0,758,1,759,0,927,3,928,0,1593,1]
11-29 06:57:56.223 19381 19381 I sysui_multi_action: [757,491,758,1,759,491,927,4,928,0,1311,-1,1593,0]
11-29 06:57:56.223 19381 19381 I sysui_multi_action: [757,0,758,1,759,0,927,5,928,0,1593,0]
11-29 06:57:56.223 19381 19381 I sysui_multi_action: [757,111,758,1]
11-29 06:57:56.223 19381 19381 I sysui_multi_action: [757,126,758,1,759,126,927,0,928,1,1593,1]
11-29 06:57:56.223 19381 19381 I sysui_multi_action: [757,113,758,1,759,113,927,1,928,1,1593,1]
11-29 06:57:56.223 19381 19381 I sysui_multi_action: [757,0,758,1,759,0,927,2,928,0,1593,1]
11-29 06:57:56.223 19381 19381 I sysui_multi_action: [757,0,758,1,759,0,927,3,928,0,1593,1]
11-29 06:57:56.228 1491 1491 I GameModeConfig: isGameModeOn = false
11-29 06:57:56.228 1491 1491 E NotificationService: Muting recently noisy 0|com.android.systemui|2048|null|10082
11-29 06:57:56.234 1491 1760 I GameModeConfig: isGameModeOn = false
11-29 06:57:56.236 19688 19688 I wm_on_stop_called: [240728994,com.android.settings.homepage.SettingsHomepageActivity,STOP_ACTIVITY_ITEM]
11-29 06:57:56.237 1491 1760 I GameModeConfig: isGameModeOn = false
11-29 06:57:56.237 1491 1760 I GameModeConfig: isGameModeOn = false
11-29 06:57:56.237 1491 1760 I GameModeConfig: isGameModeOn = false
11-29 06:57:56.238 19381 19381 I sysui_multi_action: [757,111,758,2]
11-29 06:57:56.238 19381 19381 I sysui_multi_action: [757,111,758,2]
11-29 06:57:56.238 1491 1491 I notification_enqueue: [10082,19381,com.android.systemui,2048,NULL,0,Notification(channel=updateNotification shortcut=null contentView=null vibrate=null sound=null defaults=0x0 flags=0x0 color=0x00000000 vis=PRIVATE),1]
11-29 06:57:56.239 1491 1693 I input_focus: [Focus leaving b10ffe2 NotificationShade (server),reason=NOT_FOCUSABLE]
11-29 06:57:56.240 1491 1693 I input_focus: [Focus entering cd0514f com.android.launcher3/com.android.launcher3.uioverrides.QuickstepLauncher (server),reason=setFocusedWindow]
11-29 06:57:56.240 19381 19381 I sysui_multi_action: [757,111,758,1]
11-29 06:57:56.240 19381 19381 I sysui_multi_action: [757,126,758,1,759,126,927,0,928,1,1593,1]
11-29 06:57:56.240 19381 19381 I sysui_multi_action: [757,113,758,1,759,113,927,1,928,1,1593,1]
11-29 06:57:56.240 19381 19381 I sysui_multi_action: [757,0,758,1,759,0,927,2,928,0,1593,1]
11-29 06:57:56.240 19381 19381 I sysui_multi_action: [757,0,758,1,759,0,927,3,928,0,1593,1]
11-29 06:57:56.241 19381 19381 I sysui_multi_action: [757,491,758,1,759,491,927,4,928,0,1311,-1,1593,0]
11-29 06:57:56.241 19381 19381 I sysui_multi_action: [757,0,758,1,759,0,927,5,928,0,1593,0]
11-29 06:57:56.241 19381 19381 I sysui_multi_action: [757,111,758,1]
11-29 06:57:56.241 19381 19381 I sysui_multi_action: [757,126,758,1,759,126,927,0,928,1,1593,1]
11-29 06:57:56.241 19381 19381 I sysui_multi_action: [757,113,758,1,759,113,927,1,928,1,1593,1]
11-29 06:57:56.241 19381 19381 I sysui_multi_action: [757,0,758,1,759,0,927,2,928,0,1593,1]
11-29 06:57:56.241 19381 19381 I sysui_multi_action: [757,0,758,1,759,0,927,3,928,0,1593,1]
11-29 06:57:56.245 1491 1491 I GameModeConfig: isGameModeOn = false
11-29 06:57:56.245 1491 1491 E NotificationService: Muting recently noisy 0|com.android.systemui|2048|null|10082
11-29 06:57:56.250 1491 1760 I GameModeConfig: isGameModeOn = false
11-29 06:57:56.250 1491 1760 I GameModeConfig: isGameModeOn = false
11-29 06:57:56.251 1491 1760 I GameModeConfig: isGameModeOn = false
11-29 06:57:56.251 1491 1760 I GameModeConfig: isGameModeOn = false
11-29 06:57:56.252 19381 19381 I sysui_multi_action: [757,111,758,2]
11-29 06:57:56.252 19381 19381 I sysui_multi_action: [757,111,758,2]
11-29 06:57:56.253 1491 1491 I notification_enqueue: [10082,19381,com.android.systemui,2048,NULL,0,Notification(channel=updateNotification shortcut=null contentView=null vibrate=null sound=null defaults=0x0 flags=0x0 color=0x00000000 vis=PRIVATE),1]
11-29 06:57:56.255 19381 19381 I sysui_multi_action: [757,111,758,1]
11-29 06:57:56.255 19381 19381 I sysui_multi_action: [757,126,758,1,759,126,927,0,928,1,1593,1]
11-29 06:57:56.256 19381 19381 I sysui_multi_action: [757,113,758,1,759,113,927,1,928,1,1593,1]
11-29 06:57:56.256 19381 19381 I sysui_multi_action: [757,0,758,1,759,0,927,2,928,0,1593,1]
11-29 06:57:56.256 19381 19381 I sysui_multi_action: [757,0,758,1,759,0,927,3,928,0,1593,1]
11-29 06:57:56.256 19381 19381 I sysui_multi_action: [757,491,758,1,759,491,927,4,928,0,1311,-1,1593,0]
11-29 06:57:56.256 19381 19381 I sysui_multi_action: [757,0,758,1,759,0,927,5,928,0,1593,0]
11-29 06:57:56.256 19381 19381 I sysui_multi_action: [757,111,758,1]
11-29 06:57:56.256 19381 19381 I sysui_multi_action: [757,126,758,1,759,126,927,0,928,1,1593,1]
11-29 06:57:56.256 19381 19381 I sysui_multi_action: [757,113,758,1,759,113,927,1,928,1,1593,1]
11-29 06:57:56.256 19381 19381 I sysui_multi_action: [757,0,758,1,759,0,927,2,928,0,1593,1]
11-29 06:57:56.256 19381 19381 I sysui_multi_action: [757,0,758,1,759,0,927,3,928,0,1593,1]
11-29 06:57:56.261 1491 1491 I GameModeConfig: isGameModeOn = false
11-29 06:57:56.261 1491 1491 E NotificationService: Muting recently noisy 0|com.android.systemui|2048|null|10082
11-29 06:57:56.266 19381 19381 I sysui_multi_action: [757,111,758,2]
11-29 06:57:56.266 19381 19381 I sysui_multi_action: [757,111,758,2]
11-29 06:57:56.266 1491 1491 I notification_enqueue: [10082,19381,com.android.systemui,2048,NULL,0,Notification(channel=updateNotification shortcut=null contentView=null vibrate=null sound=null defaults=0x0 flags=0x0 color=0x00000000 vis=PRIVATE),1]
11-29 06:57:56.267 1491 1760 I GameModeConfig: isGameModeOn = false
11-29 06:57:56.267 1491 1760 I GameModeConfig: isGameModeOn = false
11-29 06:57:56.267 1491 1760 I GameModeConfig: isGameModeOn = false
11-29 06:57:56.267 1491 1760 I GameModeConfig: isGameModeOn = false
11-29 06:57:56.269 19381 19381 I sysui_multi_action: [757,111,758,1]
11-29 06:57:56.269 19381 19381 I sysui_multi_action: [757,126,758,1,759,126,927,0,928,1,1593,1]
11-29 06:57:56.269 19381 19381 I sysui_multi_action: [757,113,758,1,759,113,927,1,928,1,1593,1]
11-29 06:57:56.269 19381 19381 I sysui_multi_action: [757,0,758,1,759,0,927,2,928,0,1593,1]
11-29 06:57:56.269 19381 19381 I sysui_multi_action: [757,0,758,1,759,0,927,3,928,0,1593,1]
11-29 06:57:56.269 19381 19381 I sysui_multi_action: [757,491,758,1,759,491,927,4,928,0,1311,-1,1593,0]
11-29 06:57:56.269 19381 19381 I sysui_multi_action: [757,0,758,1,759,0,927,5,928,0,1593,0]
11-29 06:57:56.269 19381 19381 I sysui_multi_action: [757,111,758,1]
11-29 06:57:56.269 19381 19381 I sysui_multi_action: [757,126,758,1,759,126,927,0,928,1,1593,1]
11-29 06:57:56.269 19381 19381 I sysui_multi_action: [757,113,758,1,759,113,927,1,928,1,1593,1]
11-29 06:57:56.269 19381 19381 I sysui_multi_action: [757,0,758,1,759,0,927,2,928,0,1593,1]
11-29 06:57:56.270 19381 19381 I sysui_multi_action: [757,0,758,1,759,0,927,3,928,0,1593,1]
11-29 06:57:56.275 16043 16059 W ContextImpl: Calling a method in the system process without a qualified user: android.app.ContextImpl.startService:1816 android.content.ContextWrapper.startService:774 com.thundercomm.gamemode.ingame.services.GameModeActionUtils.startGameModeService:93 com.thundercomm.gamemode.ingame.services.GameModeActionUtils.startGameModeEntry:21 com.thundercomm.gamemode.ingame.services.ActivityMonitoringService$1.onActivityLaunch:127
11-29 06:57:56.278 1491 1491 I GameModeConfig: isGameModeOn = false
11-29 06:57:56.278 1491 1491 E NotificationService: Muting recently noisy 0|com.android.systemui|2048|null|10082
11-29 06:57:56.281 1491 1491 I GameModeConfig: Current uri is uri = content://com.thundercomm.gamemode.api/gamemode_settings/gamemode_isgaming
11-29 06:57:56.283 1491 1760 I GameModeConfig: isGameModeOn = false
11-29 06:57:56.283 1491 1760 I GameModeConfig: isGameModeOn = false
11-29 06:57:56.283 1491 1760 I GameModeConfig: isGameModeOn = false
11-29 06:57:56.283 1491 1760 I GameModeConfig: isGameModeOn = false
11-29 06:57:56.283 19381 19381 I sysui_multi_action: [757,111,758,2]
11-29 06:57:56.283 19381 19381 I sysui_multi_action: [757,111,758,2]
11-29 06:57:56.286 1491 1491 I GameModeConfig: isGameModeOn = false
11-29 06:57:56.286 1491 1491 I GameModeConfig: isGameModeOn = false
11-29 06:57:56.286 1491 1491 I GameModeConfig: isDisableVoice = true
11-29 06:57:56.287 1491 1491 I notification_enqueue: [10082,19381,com.android.systemui,2048,NULL,0,Notification(channel=updateNotification shortcut=null contentView=null vibrate=null sound=null defaults=0x0 flags=0x0 color=0x00000000 vis=PRIVATE),1]
11-29 06:57:56.293 1491 1491 I GameModeConfig: isGameModeOn = false
11-29 06:57:56.293 1491 1491 E NotificationService: Muting recently noisy 0|com.android.systemui|2048|null|10082
11-29 06:57:56.297 19381 19381 I sysui_multi_action: [757,111,758,1]
11-29 06:57:56.297 19381 19381 I sysui_multi_action: [757,126,758,1,759,126,927,0,928,1,1593,1]
11-29 06:57:56.297 19381 19381 I sysui_multi_action: [757,113,758,1,759,113,927,1,928,1,1593,1]
11-29 06:57:56.297 19381 19381 I sysui_multi_action: [757,0,758,1,759,0,927,2,928,0,1593,1]
11-29 06:57:56.297 19381 19381 I sysui_multi_action: [757,0,758,1,759,0,927,3,928,0,1593,1]
11-29 06:57:56.297 19381 19381 I sysui_multi_action: [757,491,758,1,759,491,927,4,928,0,1311,-1,1593,0]
11-29 06:57:56.298 19381 19381 I sysui_multi_action: [757,0,758,1,759,0,927,5,928,0,1593,0]
11-29 06:57:56.298 19381 19381 I sysui_multi_action: [757,111,758,1]
11-29 06:57:56.298 19381 19381 I sysui_multi_action: [757,126,758,1,759,126,927,0,928,1,1593,1]
11-29 06:57:56.298 19381 19381 I sysui_multi_action: [757,113,758,1,759,113,927,1,928,1,1593,1]
11-29 06:57:56.298 19381 19381 I sysui_multi_action: [757,0,758,1,759,0,927,2,928,0,1593,1]
11-29 06:57:56.298 19381 19381 I sysui_multi_action: [757,0,758,1,759,0,927,3,928,0,1593,1]
11-29 06:57:56.301 16043 16059 W ContextImpl: Calling a method in the system process without a qualified user: android.app.ContextImpl.startService:1816 android.content.ContextWrapper.startService:774 com.thundercomm.gamemode.ingame.services.GameModeActionUtils.startGameModeService:93 com.thundercomm.gamemode.ingame.services.GameModeActionUtils.startGameModeEntry:21 com.thundercomm.gamemode.ingame.services.ActivityMonitoringService$1.onActivityLaunch:127
11-29 06:57:56.303 1491 1491 I GameModeConfig: isGameModeOn = false
11-29 06:57:56.303 1491 1491 E NotificationService: Muting recently noisy 0|com.android.systemui|2048|null|10082
11-29 06:57:56.304 1491 1491 I GameModeConfig: Current uri is uri = content://com.thundercomm.gamemode.api/gamemode_settings/gamemode_isgaming
11-29 06:57:56.305 1491 1491 I GameModeConfig: isGameModeOn = false
11-29 06:57:56.305 1491 1491 I GameModeConfig: isGameModeOn = false
11-29 06:57:56.305 1491 1491 I GameModeConfig: isDisableVoice = true
11-29 06:57:56.306 1491 1760 I GameModeConfig: isGameModeOn = false
11-29 06:57:56.306 1491 1760 I GameModeConfig: isGameModeOn = false
11-29 06:57:56.306 1491 1760 I GameModeConfig: isGameModeOn = false
11-29 06:57:56.306 1491 1760 I GameModeConfig: isGameModeOn = false
11-29 06:57:56.307 19381 19381 I sysui_multi_action: [757,111,758,2]
11-29 06:57:56.307 19381 19381 I sysui_multi_action: [757,111,758,2]
11-29 06:57:56.307 1491 1491 I notification_enqueue: [10082,19381,com.android.systemui,2048,NULL,0,Notification(channel=updateNotification shortcut=null contentView=null vibrate=null sound=null defaults=0x0 flags=0x0 color=0x00000000 vis=PRIVATE),1]
11-29 06:57:56.308 1491 9315 I sysui_multi_action: [757,127,758,2]
11-29 06:57:56.308 1491 9315 I notification_panel_hidden:
11-29 06:57:56.314 19381 19381 I sysui_multi_action: [757,111,758,1]
11-29 06:57:56.314 19381 19381 I sysui_multi_action: [757,126,758,1,759,126,927,0,928,1,1593,1]
11-29 06:57:56.314 19381 19381 I sysui_multi_action: [757,113,758,1,759,113,927,1,928,1,1593,1]
11-29 06:57:56.314 19381 19381 I sysui_multi_action: [757,0,758,1,759,0,927,2,928,0,1593,1]
11-29 06:57:56.314 19381 19381 I sysui_multi_action: [757,0,758,1,759,0,927,3,928,0,1593,1]
11-29 06:57:56.315 19381 19381 I sysui_multi_action: [757,491,758,1,759,491,927,4,928,0,1311,-1,1593,0]
11-29 06:57:56.315 19381 19381 I sysui_multi_action: [757,0,758,1,759,0,927,5,928,0,1593,0]
11-29 06:57:56.315 19381 19381 I sysui_multi_action: [757,111,758,1]
11-29 06:57:56.315 19381 19381 I sysui_multi_action: [757,126,758,1,759,126,927,0,928,1,1593,1]
11-29 06:57:56.315 19381 19381 I sysui_multi_action: [757,113,758,1,759,113,927,1,928,1,1593,1]
11-29 06:57:56.315 19381 19381 I sysui_multi_action: [757,0,758,1,759,0,927,2,928,0,1593,1]
11-29 06:57:56.315 19381 19381 I sysui_multi_action: [757,0,758,1,759,0,927,3,928,0,1593,1]
11-29 06:57:56.323 1491 1491 I GameModeConfig: isGameModeOn = false
11-29 06:57:56.324 1491 1491 E NotificationService: Muting recently noisy 0|com.android.systemui|2048|null|10082
11-29 06:57:56.363 1491 1673 I commit_sys_config_file: [settings-1-0,10]
11-29 06:57:56.365 1491 1491 I GameModeConfig: isGameModeOn = false
11-29 06:57:56.366 1491 1491 E NotificationService: Muting recently noisy 0|com.android.systemui|2048|null|10082
11-29 06:57:56.388 1491 1491 I GameModeConfig: isGameModeOn = false
11-29 06:57:56.388 1491 1491 E NotificationService: Muting recently noisy 0|com.android.systemui|2048|null|10082
11-29 06:57:56.415 1491 1491 I GameModeConfig: isGameModeOn = false
11-29 06:57:56.415 1491 1491 E NotificationService: Muting recently noisy 0|com.android.systemui|2048|null|10082
11-29 06:57:56.440 1491 1491 I GameModeConfig: isGameModeOn = false
11-29 06:57:56.441 1491 1491 E NotificationService: Muting recently noisy 0|com.android.systemui|2048|null|10082
11-29 06:57:56.455 1491 1491 I GameModeConfig: isGameModeOn = false
11-29 06:57:56.455 1491 1491 E NotificationService: Muting recently noisy 0|com.android.systemui|2048|null|10082
11-29 06:57:56.463 1491 1760 I GameModeConfig: isGameModeOn = false
11-29 06:57:56.467 1491 1491 I GameModeConfig: isGameModeOn = false
11-29 06:57:56.468 1491 1491 E NotificationService: Muting recently noisy 0|com.android.systemui|2048|null|10082
11-29 06:57:56.489 1491 1491 I GameModeConfig: isGameModeOn = false
11-29 06:57:56.489 1491 1491 E NotificationService: Muting recently noisy 0|com.android.systemui|2048|null|10082
11-29 06:57:56.499 1491 1760 I GameModeConfig: isGameModeOn = false
11-29 06:57:56.508 1491 1491 I GameModeConfig: isGameModeOn = false
11-29 06:57:56.509 1491 1491 E NotificationService: Muting recently noisy 0|com.android.systemui|2048|null|10082
11-29 06:57:56.517 1491 1760 I GameModeConfig: isGameModeOn = false
11-29 06:57:56.548 1491 1760 I GameModeConfig: isGameModeOn = false
11-29 06:57:56.565 1491 1760 I GameModeConfig: isGameModeOn = false
11-29 06:57:56.583 1491 1760 I GameModeConfig: isGameModeOn = false
11-29 06:57:56.597 1491 1760 I GameModeConfig: isGameModeOn = false
11-29 06:57:56.614 1491 1760 I GameModeConfig: isGameModeOn = false
11-29 06:57:56.644 1491 1760 I GameModeConfig: isGameModeOn = false
11-29 06:57:56.649 1491 1760 I GameModeConfig: isGameModeOn = false
11-29 06:57:56.654 1491 1673 I commit_sys_config_file: [settings-1-0,15]
11-29 06:57:56.664 1491 1760 I GameModeConfig: isGameModeOn = false
11-29 06:57:56.667 1491 1760 I GameModeConfig: isGameModeOn = false
11-29 06:57:56.679 1491 1760 I GameModeConfig: isGameModeOn = false
11-29 06:57:56.697 1491 1760 I GameModeConfig: isGameModeOn = false
11-29 06:57:56.701 1491 1760 I GameModeConfig: isGameModeOn = false
11-29 06:57:56.714 1491 1760 I GameModeConfig: isGameModeOn = false
11-29 06:57:56.723 1491 1760 I GameModeConfig: isGameModeOn = false
11-29 06:57:56.740 1491 1760 I GameModeConfig: isGameModeOn = false
11-29 06:57:56.752 1491 1760 I GameModeConfig: isGameModeOn = false
11-29 06:57:56.754 1491 1760 I GameModeConfig: isGameModeOn = false
11-29 06:57:56.770 1491 1760 I GameModeConfig: isGameModeOn = false
11-29 06:57:56.772 1491 1760 I GameModeConfig: isGameModeOn = false
11-29 06:57:56.786 1491 1760 I GameModeConfig: isGameModeOn = false
11-29 06:57:56.799 1491 1760 I GameModeConfig: isGameModeOn = false
11-29 06:57:56.799 1491 1760 I GameModeConfig: isGameModeOn = false
11-29 06:57:56.803 1491 1760 I GameModeConfig: isGameModeOn = false
11-29 06:57:56.814 1491 1760 I GameModeConfig: isGameModeOn = false
11-29 06:57:56.819 1491 1760 I GameModeConfig: isGameModeOn = false
11-29 06:57:56.834 1491 1760 I GameModeConfig: isGameModeOn = false
11-29 06:57:56.854 1491 1760 I GameModeConfig: isGameModeOn = false
11-29 06:57:56.866 1491 1760 I GameModeConfig: isGameModeOn = false
11-29 06:57:56.892 1491 1760 I GameModeConfig: isGameModeOn = false
11-29 06:57:56.900 1491 1760 I GameModeConfig: isGameModeOn = false
11-29 06:57:56.916 1491 1760 I GameModeConfig: isGameModeOn = false
11-29 06:57:56.944 1491 1760 I GameModeConfig: isGameModeOn = false
11-29 06:57:56.959 1491 1760 I GameModeConfig: isGameModeOn = false
11-29 06:57:56.976 1491 1760 I GameModeConfig: isGameModeOn = false
11-29 06:57:56.990 1491 1760 I GameModeConfig: isGameModeOn = false
11-29 06:57:57.004 1491 1760 I GameModeConfig: isGameModeOn = false
11-29 06:57:57.018 1491 1760 I GameModeConfig: isGameModeOn = false
11-29 06:57:57.079 0 0 I auditd : type=1400 audit(0.0:14318): avc: denied { kill } for comm="swapper/0" capability=5 scontext=u:r:kernel:s0 tcontext=u:r:kernel:s0 tclass=capability permissive=0
11-29 06:57:57.171 1491 1760 I GameModeConfig: isGameModeOn = false
11-29 06:57:57.206 1491 1693 I input_interaction: Interaction with: cd0514f com.android.launcher3/com.android.launcher3.uioverrides.QuickstepLauncher (server), 65ade7e com.android.systemui.ImageWallpaper (server), edge-swipe (server), swipe-up (server), PointerEventDispatcher0 (server),
11-29 06:57:57.210 1491 1760 I GameModeConfig: isGameModeOn = false
11-29 06:57:57.230 1491 1760 I GameModeConfig: isGameModeOn = false
11-29 06:57:57.245 1491 1760 I GameModeConfig: isGameModeOn = false
11-29 06:57:57.262 1491 1760 I GameModeConfig: isGameModeOn = false
11-29 06:57:57.284 1491 1760 I GameModeConfig: isGameModeOn = false
11-29 06:57:57.379 1491 1760 I GameModeConfig: isGameModeOn = false
11-29 06:57:57.415 1491 1760 I GameModeConfig: isGameModeOn = false
11-29 06:57:57.434 1491 1760 I GameModeConfig: isGameModeOn = false
11-29 06:57:57.450 1491 1760 I GameModeConfig: isGameModeOn = false
11-29 06:57:57.465 1491 1760 I GameModeConfig: isGameModeOn = false
11-29 06:57:57.481 1491 1760 I GameModeConfig: isGameModeOn = false
11-29 06:57:57.737 1491 8943 I wm_finish_activity: [0,240728994,155,com.android.settings/.homepage.SettingsHomepageActivity,remove-task]
11-29 06:57:57.739 1491 8943 I wm_destroy_activity: [0,240728994,155,com.android.settings/.homepage.SettingsHomepageActivity,finish-imm:finishIfPossible]
11-29 06:57:57.741 1491 1599 I ActivityManager: Killing 19688:com.android.settings/1000 (adj 900): remove task
11-29 06:57:57.741 1491 1599 I am_kill : [0,19688,com.android.settings,900,remove task]
11-29 06:57:57.744 1491 1599 I sysui_multi_action: [757,803,799,window_time_0,802,2]
11-29 06:57:57.753 1491 2756 E TaskPersister: File error accessing recents directory (directory doesn't exist?).
11-29 06:57:57.804 1491 9480 I WindowManager: WIN DEATH: Window{50d677c u0 com.android.settings/com.android.settings.homepage.SettingsHomepageActivity}
11-29 06:57:57.806 1491 2060 I am_proc_died: [0,19688,com.android.settings,900,18]
11-29 06:57:57.813 1491 2060 I wm_task_removed: [155,removeChild:removeChild last r=ActivityRecord{e593ba2 u0 com.android.settings/.homepage.SettingsHomepageActivity t-1 f}} in t=Task{b51b09e #155 type=standard A=1000:com.android.settings.root U=0 visible=false mode=fullscreen translucent=true sz=0}]
11-29 06:57:57.813 1491 2060 I wm_task_removed: [155,removeChild]
11-29 06:57:57.816 1491 1599 W ActivityManager: setHasOverlayUi called on unknown pid: 19688
11-29 06:57:57.816 1491 1600 W ActivityTaskManager: Can't find TaskDisplayArea to determine support for multi window. Task id=155 attached=false
11-29 06:57:57.816 1491 1600 W ActivityTaskManager: Can't find TaskDisplayArea to determine support for multi window. Task id=155 attached=false
11-29 06:57:57.817 1491 1607 W UsageStatsService: Unexpected activity event reported! (com.android.settings/com.android.settings.homepage.SettingsHomepageActivity event : 23 instanceId : 160420247)
11-29 06:57:57.821 1491 1599 D CompatibilityChangeReporter: Compat change id reported: 135634846; UID 1000; state: DISABLED
11-29 06:57:57.821 1491 1599 D CompatibilityChangeReporter: Compat change id reported: 177438394; UID 1000; state: DISABLED
11-29 06:57:57.821 1491 1599 D CompatibilityChangeReporter: Compat change id reported: 135772972; UID 1000; state: DISABLED
11-29 06:57:57.821 1491 1599 D CompatibilityChangeReporter: Compat change id reported: 135754954; UID 1000; state: ENABLED
11-29 06:57:57.830 1491 1609 I am_proc_start: [0,19783,1000,com.android.settings,NULL,]
11-29 06:57:57.831 1491 1609 I ActivityManager: Start proc 19783:com.android.settings/1000 for null
11-29 06:57:57.850 16043 16059 W ContextImpl: Calling a method in the system process without a qualified user: android.app.ContextImpl.startService:1816 android.content.ContextWrapper.startService:774 com.thundercomm.gamemode.ingame.services.GameModeActionUtils.startGameModeService:93 com.thundercomm.gamemode.ingame.services.GameModeActionUtils.startGameModeEntry:21 com.thundercomm.gamemode.ingame.services.ActivityMonitoringService$1.onActivityLaunch:127
11-29 06:57:57.855 1491 1491 I GameModeConfig: Current uri is uri = content://com.thundercomm.gamemode.api/gamemode_settings/gamemode_isgaming
11-29 06:57:57.857 1491 1491 I GameModeConfig: isGameModeOn = false
11-29 06:57:57.859 1491 1491 I GameModeConfig: isGameModeOn = false
11-29 06:57:57.859 1491 1491 I GameModeConfig: isDisableVoice = true
11-29 06:57:57.864 1491 2060 I am_proc_bound: [0,19783,com.android.settings]
11-29 06:57:58.070 1491 1760 I GameModeConfig: isGameModeOn = false
11-29 06:57:58.093 1491 1760 I GameModeConfig: isGameModeOn = false
11-29 06:57:58.111 1491 1760 I GameModeConfig: isGameModeOn = false
11-29 06:57:58.140 1491 1760 I GameModeConfig: isGameModeOn = false
11-29 06:57:58.156 1491 1760 I GameModeConfig: isGameModeOn = false
11-29 06:57:58.173 1491 1760 I GameModeConfig: isGameModeOn = false
11-29 06:57:58.187 1491 1760 I GameModeConfig: isGameModeOn = false
11-29 06:57:58.204 1491 1760 I GameModeConfig: isGameModeOn = false
11-29 06:57:58.217 1491 1760 I GameModeConfig: isGameModeOn = false
11-29 06:57:58.233 1491 1760 I GameModeConfig: isGameModeOn = false
11-29 06:57:58.252 1491 1760 I GameModeConfig: isGameModeOn = false
11-29 06:57:58.267 1491 1760 I GameModeConfig: isGameModeOn = false
11-29 06:57:58.273 1491 1760 I GameModeConfig: isGameModeOn = false
11-29 06:57:58.283 1491 1760 I GameModeConfig: isGameModeOn = false
11-29 06:57:58.297 1491 1760 I GameModeConfig: isGameModeOn = false
11-29 06:57:58.297 1491 1693 I input_interaction: Interaction with: bd11fcf StatusBar (server), edge-swipe (server), swipe-up (server), PointerEventDispatcher0 (server),
11-29 06:57:58.304 19381 19381 I sysui_multi_action: [757,803,799,panel_open,802,1]
11-29 06:57:58.307 19381 19381 I sysui_multi_action: [757,1328,758,4,1326,62,1327,0,1329,0]
11-29 06:57:58.309 1491 1760 I GameModeConfig: isGameModeOn = false
11-29 06:57:58.315 1491 1760 I GameModeConfig: isGameModeOn = false
11-29 06:57:58.340 1491 1760 I GameModeConfig: isGameModeOn = false
11-29 06:57:58.342 1491 1760 I GameModeConfig: isGameModeOn = false
11-29 06:57:58.348 1491 1524 I sysui_multi_action: [757,127,758,1]
11-29 06:57:58.348 1491 1524 I sysui_multi_action: [757,804,799,note_load,801,2,802,1]
11-29 06:57:58.349 1491 1524 I notification_panel_revealed: 2
11-29 06:57:58.350 19381 19381 I sysui_multi_action: [757,111,758,2]
11-29 06:57:58.351 19381 19381 I sysui_multi_action: [757,111,758,2]
11-29 06:57:58.351 1491 1491 I notification_enqueue: [10082,19381,com.android.systemui,2048,NULL,0,Notification(channel=updateNotification shortcut=null contentView=null vibrate=null sound=null defaults=0x0 flags=0x0 color=0x00000000 vis=PRIVATE),1]
11-29 06:57:58.353 1491 1760 I GameModeConfig: isGameModeOn = false
11-29 06:57:58.353 1491 1760 I GameModeConfig: isGameModeOn = false
11-29 06:57:58.353 1491 1760 I GameModeConfig: isGameModeOn = false
11-29 06:57:58.355 1491 1760 I GameModeConfig: isGameModeOn = false
11-29 06:57:58.363 1491 1760 I GameModeConfig: isGameModeOn = false
11-29 06:57:58.363 1491 1760 I GameModeConfig: isGameModeOn = false
11-29 06:57:58.370 1491 1600 I input_focus: [Focus request b10ffe2 NotificationShade,reason=UpdateInputWindows]
11-29 06:57:58.374 19381 19381 I sysui_multi_action: [757,111,758,1]
11-29 06:57:58.374 19381 19381 I sysui_multi_action: [757,126,758,1,759,126,927,0,928,1,1593,0]
11-29 06:57:58.374 19381 19381 I sysui_multi_action: [757,113,758,1,759,113,927,1,928,1,1593,0]
11-29 06:57:58.374 19381 19381 I sysui_multi_action: [757,0,758,1,759,0,927,2,928,0,1593,0]
11-29 06:57:58.374 19381 19381 I sysui_multi_action: [757,0,758,1,759,0,927,3,928,0,1593,0]
11-29 06:57:58.375 19381 19381 I sysui_multi_action: [757,491,758,1,759,491,927,4,928,0,1311,-1,1593,0]
11-29 06:57:58.375 19381 19381 I sysui_multi_action: [757,0,758,1,759,0,927,5,928,0,1593,0]
11-29 06:57:58.375 19381 19381 I sysui_multi_action: [757,111,758,1]
11-29 06:57:58.375 19381 19381 I sysui_multi_action: [757,126,758,1,759,126,927,0,928,1,1593,0]
11-29 06:57:58.375 19381 19381 I sysui_multi_action: [757,113,758,1,759,113,927,1,928,1,1593,0]
11-29 06:57:58.375 19381 19381 I sysui_multi_action: [757,0,758,1,759,0,927,2,928,0,1593,0]
11-29 06:57:58.375 19381 19381 I sysui_multi_action: [757,0,758,1,759,0,927,3,928,0,1593,0]
11-29 06:57:58.375 1491 1760 I GameModeConfig: isGameModeOn = false
11-29 06:57:58.387 1491 1760 I GameModeConfig: isGameModeOn = false
11-29 06:57:58.388 1491 1760 I GameModeConfig: isGameModeOn = false
11-29 06:57:58.389 1491 1760 I GameModeConfig: isGameModeOn = false
11-29 06:57:58.389 1491 1760 I GameModeConfig: isGameModeOn = false
11-29 06:57:58.389 19381 19381 I sysui_multi_action: [757,111,758,2]
11-29 06:57:58.389 19381 19381 I sysui_multi_action: [757,111,758,2]
11-29 06:57:58.390 1491 1491 I notification_enqueue: [10082,19381,com.android.systemui,2048,NULL,0,Notification(channel=updateNotification shortcut=null contentView=null vibrate=null sound=null defaults=0x0 flags=0x0 color=0x00000000 vis=PRIVATE),1]
11-29 06:57:58.391 1491 1760 I GameModeConfig: isGameModeOn = false
11-29 06:57:58.391 1491 1760 I GameModeConfig: isGameModeOn = false
11-29 06:57:58.393 19381 19381 I sysui_multi_action: [757,111,758,1]
11-29 06:57:58.393 19381 19381 I sysui_multi_action: [757,126,758,1,759,126,927,0,928,1,1593,0]
11-29 06:57:58.393 19381 19381 I sysui_multi_action: [757,113,758,1,759,113,927,1,928,1,1593,0]
11-29 06:57:58.393 19381 19381 I sysui_multi_action: [757,0,758,1,759,0,927,2,928,0,1593,0]
11-29 06:57:58.393 19381 19381 I sysui_multi_action: [757,0,758,1,759,0,927,3,928,0,1593,0]
11-29 06:57:58.393 19381 19381 I sysui_multi_action: [757,491,758,1,759,491,927,4,928,0,1311,-1,1593,0]
11-29 06:57:58.393 19381 19381 I sysui_multi_action: [757,0,758,1,759,0,927,5,928,0,1593,0]
11-29 06:57:58.394 19381 19381 I sysui_multi_action: [757,111,758,1]
11-29 06:57:58.394 19381 19381 I sysui_multi_action: [757,126,758,1,759,126,927,0,928,1,1593,0]
11-29 06:57:58.394 1491 1693 I input_focus: [Focus leaving cd0514f com.android.launcher3/com.android.launcher3.uioverrides.QuickstepLauncher (server),reason=setFocusedWindow]
11-29 06:57:58.394 19381 19381 I sysui_multi_action: [757,113,758,1,759,113,927,1,928,1,1593,0]
11-29 06:57:58.394 19381 19381 I sysui_multi_action: [757,0,758,1,759,0,927,2,928,0,1593,0]
11-29 06:57:58.394 19381 19381 I sysui_multi_action: [757,0,758,1,759,0,927,3,928,0,1593,0]
11-29 06:57:58.394 1491 1693 I input_focus: [Focus entering b10ffe2 NotificationShade (server),reason=setFocusedWindow]
11-29 06:57:58.406 1491 1760 I GameModeConfig: isGameModeOn = false
