11-29 06:51:58.079 0 0 I auditd : type=1400 audit(0.0:13907): avc: denied { kill } for comm="swapper/2" capability=5 scontext=u:r:kernel:s0 tcontext=u:r:kernel:s0 tclass=capability permissive=0
11-29 06:51:59.079 0 0 I auditd : type=1400 audit(0.0:13908): avc: denied { kill } for comm="swapper/2" capability=5 scontext=u:r:kernel:s0 tcontext=u:r:kernel:s0 tclass=capability permissive=0
11-29 06:52:00.079 0 0 I auditd : type=1400 audit(0.0:13909): avc: denied { kill } for comm="swapper/2" capability=5 scontext=u:r:kernel:s0 tcontext=u:r:kernel:s0 tclass=capability permissive=0
11-29 06:52:01.079 0 0 I auditd : type=1400 audit(0.0:13910): avc: denied { kill } for comm="swapper/2" capability=5 scontext=u:r:kernel:s0 tcontext=u:r:kernel:s0 tclass=capability permissive=0
11-29 06:52:02.079 0 0 I auditd : type=1400 audit(0.0:13911): avc: denied { kill } for comm="swapper/2" capability=5 scontext=u:r:kernel:s0 tcontext=u:r:kernel:s0 tclass=capability permissive=0
11-29 06:52:03.079 0 0 I auditd : type=1400 audit(0.0:13912): avc: denied { kill } for comm="swapper/2" capability=5 scontext=u:r:kernel:s0 tcontext=u:r:kernel:s0 tclass=capability permissive=0
11-29 06:52:03.741 1491 1693 I input_interaction: Interaction with: e79c291 com.android.gallery3d/com.android.gallery3d.app.GalleryActivity (server), edge-swipe (server), swipe-up (server), PointerEventDispatcher0 (server),
11-29 06:52:03.860 18441 18441 I view_enqueue_input_event: [Motion - Cancel,com.android.gallery3d/com.android.gallery3d.app.GalleryActivity]
11-29 06:52:03.869 1491 1693 I input_interaction: Interaction with: WindowManager (server), edge-swipe (server), swipe-up (server), PointerEventDispatcher0 (server),
11-29 06:52:03.874 1491 1600 D FreeFormWindowHelper: refreshTipWindow windowDragBounds:Rect(14, 42 - 316, 580)
11-29 06:52:03.877 1491 1600 W WindowManager: updateScale0.4617737
11-29 06:52:03.892 1491 1600 D FreeFormWindowHelper: refreshTipWindow windowDragBounds:Rect(25, 17 - 327, 555)
11-29 06:52:03.894 1491 1600 W WindowManager: updateScale0.4617737
11-29 06:52:03.910 1491 1600 D FreeFormWindowHelper: refreshTipWindow windowDragBounds:Rect(35, -10 - 337, 528)
11-29 06:52:03.911 1491 1600 W WindowManager: updateScale0.4617737
11-29 06:52:03.914 1491 9480 W WindowManager: updateScale0.4617737
11-29 06:52:03.924 1491 1600 D FreeFormWindowHelper: refreshTipWindow windowDragBounds:Rect(42, -35 - 344, 503)
11-29 06:52:03.925 1491 1600 W WindowManager: updateScale0.4617737
11-29 06:52:03.941 1491 1600 D FreeFormWindowHelper: refreshTipWindow windowDragBounds:Rect(49, -61 - 351, 477)
11-29 06:52:03.942 1491 1600 W WindowManager: updateScale0.4617737
11-29 06:52:03.958 1491 1600 D FreeFormWindowHelper: refreshTipWindow windowDragBounds:Rect(55, -88 - 357, 450)
11-29 06:52:03.959 1491 1600 W WindowManager: updateScale0.4617737
11-29 06:52:03.975 1491 1600 D FreeFormWindowHelper: refreshTipWindow windowDragBounds:Rect(62, -119 - 364, 419)
11-29 06:52:03.976 1491 1600 W WindowManager: updateScale0.4617737
11-29 06:52:03.990 1491 10785 W WindowManager: updateScale0.4617737
11-29 06:52:03.992 1491 1600 D FreeFormWindowHelper: refreshTipWindow windowDragBounds:Rect(68, -144 - 370, 394)
11-29 06:52:03.994 1491 1600 W WindowManager: updateScale0.4617737
11-29 06:52:04.008 1491 1600 D FreeFormWindowHelper: refreshTipWindow windowDragBounds:Rect(71, -168 - 373, 370)
11-29 06:52:04.009 1491 1600 W WindowManager: updateScale0.4617737
11-29 06:52:04.026 1491 1600 D FreeFormWindowHelper: refreshTipWindow windowDragBounds:Rect(74, -189 - 376, 349)
11-29 06:52:04.028 1491 1600 W WindowManager: updateScale0.4617737
11-29 06:52:04.042 1491 1600 D FreeFormWindowHelper: refreshTipWindow windowDragBounds:Rect(75, -209 - 377, 329)
11-29 06:52:04.044 1491 1600 W WindowManager: updateScale0.4617737
11-29 06:52:04.058 1491 1600 D FreeFormWindowHelper: refreshTipWindow windowDragBounds:Rect(77, -228 - 379, 310)
11-29 06:52:04.062 1491 1600 W WindowManager: updateScale0.4617737
11-29 06:52:04.073 1491 9480 W WindowManager: updateScale0.4617737
11-29 06:52:04.075 1491 1600 D FreeFormWindowHelper: refreshTipWindow windowDragBounds:Rect(79, -248 - 381, 290)
11-29 06:52:04.077 1491 1600 W WindowManager: updateScale0.4617737
11-29 06:52:04.091 1491 1600 D FreeFormWindowHelper: refreshTipWindow windowDragBounds:Rect(81, -268 - 383, 270)
11-29 06:52:04.093 1491 1600 W WindowManager: updateScale0.4617737
11-29 06:52:04.109 1491 1600 D FreeFormWindowHelper: refreshTipWindow windowDragBounds:Rect(83, -286 - 385, 252)
11-29 06:52:04.111 1491 1600 W WindowManager: updateScale0.4617737
11-29 06:52:04.126 1491 1600 D FreeFormWindowHelper: refreshTipWindow windowDragBounds:Rect(83, -302 - 385, 236)
11-29 06:52:04.128 1491 1600 W WindowManager: updateScale0.4617737
11-29 06:52:04.142 1491 1600 D FreeFormWindowHelper: refreshTipWindow windowDragBounds:Rect(84, -314 - 386, 224)
11-29 06:52:04.144 1491 1600 W WindowManager: updateScale0.4617737
11-29 06:52:04.159 1491 1600 D FreeFormWindowHelper: refreshTipWindow windowDragBounds:Rect(84, -326 - 386, 212)
11-29 06:52:04.161 1491 1600 W WindowManager: updateScale0.4617737
11-29 06:52:04.176 1491 1600 D FreeFormWindowHelper: refreshTipWindow windowDragBounds:Rect(84, -338 - 386, 200)
11-29 06:52:04.178 1491 1600 W WindowManager: updateScale0.4617737
11-29 06:52:04.192 1491 1600 D FreeFormWindowHelper: refreshTipWindow windowDragBounds:Rect(84, -346 - 386, 192)
11-29 06:52:04.194 1491 1600 W WindowManager: updateScale0.4617737
11-29 06:52:04.209 1491 1600 D FreeFormWindowHelper: refreshTipWindow windowDragBounds:Rect(84, -352 - 386, 186)
11-29 06:52:04.211 1491 1600 W WindowManager: updateScale0.4617737
11-29 06:52:04.226 1491 1600 D FreeFormWindowHelper: refreshTipWindow windowDragBounds:Rect(84, -357 - 386, 181)
11-29 06:52:04.228 1491 1600 W WindowManager: updateScale0.4617737
11-29 06:52:04.242 1491 1600 D FreeFormWindowHelper: refreshTipWindow windowDragBounds:Rect(84, -362 - 386, 176)
11-29 06:52:04.244 1491 1600 W WindowManager: updateScale0.4617737
11-29 06:52:04.260 1491 1600 D FreeFormWindowHelper: refreshTipWindow windowDragBounds:Rect(84, -367 - 386, 171)
11-29 06:52:04.262 1491 1600 W WindowManager: updateScale0.4617737
11-29 06:52:04.275 1491 1600 D FreeFormWindowHelper: refreshTipWindow windowDragBounds:Rect(84, -372 - 386, 166)
11-29 06:52:04.277 1491 1600 W WindowManager: updateScale0.4617737
11-29 06:52:04.290 1491 9480 W WindowManager: updateScale0.4617737
11-29 06:52:04.293 1491 1600 D FreeFormWindowHelper: refreshTipWindow windowDragBounds:Rect(84, -377 - 386, 161)
11-29 06:52:04.294 1491 1600 W WindowManager: updateScale0.4617737
11-29 06:52:04.307 1491 10785 W WindowManager: updateScale0.4617737
11-29 06:52:04.309 1491 1600 D FreeFormWindowHelper: refreshTipWindow windowDragBounds:Rect(84, -384 - 386, 154)
11-29 06:52:04.311 1491 1600 W WindowManager: updateScale0.4617737
11-29 06:52:04.325 1491 1600 D FreeFormWindowHelper: refreshTipWindow windowDragBounds:Rect(79, -391 - 381, 147)
11-29 06:52:04.326 1491 1600 W WindowManager: updateScale0.4617737
11-29 06:52:04.343 1491 1600 D FreeFormWindowHelper: refreshTipWindow windowDragBounds:Rect(75, -397 - 377, 141)
11-29 06:52:04.345 1491 1600 W WindowManager: updateScale0.4617737
11-29 06:52:04.360 1491 1600 D FreeFormWindowHelper: refreshTipWindow windowDragBounds:Rect(74, -403 - 376, 135)
11-29 06:52:04.362 1491 1600 W WindowManager: updateScale0.4617737
11-29 06:52:04.376 1491 1600 D FreeFormWindowHelper: refreshTipWindow windowDragBounds:Rect(74, -409 - 376, 129)
11-29 06:52:04.378 1491 1600 W WindowManager: updateScale0.4617737
11-29 06:52:04.393 1491 1600 D FreeFormWindowHelper: refreshTipWindow windowDragBounds:Rect(73, -413 - 375, 125)
11-29 06:52:04.395 1491 1600 W WindowManager: updateScale0.4617737
11-29 06:52:04.410 1491 1600 D FreeFormWindowHelper: refreshTipWindow windowDragBounds:Rect(73, -416 - 375, 122)
11-29 06:52:04.412 1491 1600 W WindowManager: updateScale0.4617737
11-29 06:52:04.426 1491 1600 D FreeFormWindowHelper: refreshTipWindow windowDragBounds:Rect(73, -421 - 375, 117)
11-29 06:52:04.428 1491 1600 W WindowManager: updateScale0.4617737
11-29 06:52:04.443 1491 1600 D FreeFormWindowHelper: refreshTipWindow windowDragBounds:Rect(73, -426 - 375, 112)
11-29 06:52:04.444 1491 1600 W WindowManager: updateScale0.4617737
11-29 06:52:04.460 1491 1600 D FreeFormWindowHelper: refreshTipWindow windowDragBounds:Rect(73, -429 - 375, 109)
11-29 06:52:04.461 1491 1600 W WindowManager: updateScale0.4617737
11-29 06:52:04.474 1491 10783 W WindowManager: updateScale0.4617737
11-29 06:52:04.477 1491 1600 D FreeFormWindowHelper: refreshTipWindow windowDragBounds:Rect(73, -433 - 375, 105)
11-29 06:52:04.478 1491 1600 W WindowManager: updateScale0.4617737
11-29 06:52:04.488 1491 10783 W WindowManager: updateScale0.4617737
11-29 06:52:04.492 1491 1600 D FreeFormWindowHelper: refreshTipWindow windowDragBounds:Rect(73, -435 - 375, 103)
11-29 06:52:04.493 1491 1600 W WindowManager: updateScale0.4617737
11-29 06:52:04.505 1491 10785 W WindowManager: updateScale0.4617737
11-29 06:52:04.509 1491 1600 D FreeFormWindowHelper: refreshTipWindow windowDragBounds:Rect(73, -437 - 375, 101)
11-29 06:52:04.510 1491 1600 W WindowManager: updateScale0.4617737
11-29 06:52:04.521 1491 10785 W WindowManager: updateScale0.4617737
11-29 06:52:04.525 1491 1600 D FreeFormWindowHelper: refreshTipWindow windowDragBounds:Rect(73, -439 - 375, 99)
11-29 06:52:04.527 1491 1600 W WindowManager: updateScale0.4617737
11-29 06:52:04.538 1491 10785 W WindowManager: updateScale0.4617737
11-29 06:52:04.542 1491 1600 D FreeFormWindowHelper: refreshTipWindow windowDragBounds:Rect(73, -443 - 375, 95)
11-29 06:52:04.544 1491 1600 W WindowManager: updateScale0.4617737
11-29 06:52:04.555 1491 10785 W WindowManager: updateScale0.4617737
11-29 06:52:04.559 1491 1600 D FreeFormWindowHelper: refreshTipWindow windowDragBounds:Rect(73, -445 - 375, 93)
11-29 06:52:04.560 1491 1600 W WindowManager: updateScale0.4617737
11-29 06:52:04.572 1491 10785 W WindowManager: updateScale0.4617737
11-29 06:52:04.576 1491 1600 D FreeFormWindowHelper: refreshTipWindow windowDragBounds:Rect(73, -446 - 375, 92)
11-29 06:52:04.577 1491 1600 W WindowManager: updateScale0.4617737
11-29 06:52:04.588 1491 10785 W WindowManager: updateScale0.4617737
11-29 06:52:04.592 1491 1600 D FreeFormWindowHelper: refreshTipWindow windowDragBounds:Rect(82, -446 - 384, 92)
11-29 06:52:04.595 1491 1600 W WindowManager: updateScale0.4617737
11-29 06:52:04.605 1491 10785 W WindowManager: updateScale0.4617737
11-29 06:52:04.614 1491 1600 D FreeFormWindowHelper: refreshTipWindow windowDragBounds:Rect(83, -446 - 385, 92)
11-29 06:52:04.615 1491 1600 W WindowManager: updateScale0.4617737
11-29 06:52:04.621 1491 10785 W WindowManager: updateScale0.4617737
11-29 06:52:04.629 1491 1600 D FreeFormWindowHelper: refreshTipWindow windowDragBounds:Rect(84, -446 - 386, 92)
11-29 06:52:04.630 1491 1600 W WindowManager: updateScale0.4617737
11-29 06:52:04.638 1491 11109 W WindowManager: updateScale0.4617737
11-29 06:52:04.655 1491 11109 W WindowManager: updateScale0.4617737
11-29 06:52:04.659 1491 1600 D FreeFormWindowHelper: refreshTipWindow windowDragBounds:Rect(85, -446 - 387, 92)
11-29 06:52:04.660 1491 1600 W WindowManager: updateScale0.4617737
11-29 06:52:04.674 1491 11109 W WindowManager: updateScale0.4617737
11-29 06:52:04.692 1491 1600 D FreeFormWindowHelper: refreshTipWindow windowDragBounds:Rect(86, -446 - 388, 92)
11-29 06:52:04.694 1491 1600 W WindowManager: updateScale0.4617737
11-29 06:52:04.708 1491 11109 W WindowManager: updateScale0.4617737
11-29 06:52:04.710 1491 1600 D FreeFormWindowHelper: refreshTipWindow windowDragBounds:Rect(87, -446 - 389, 92)
11-29 06:52:04.712 1491 1600 W WindowManager: updateScale0.4617737
11-29 06:52:04.759 1491 1600 D FreeFormWindowHelper: refreshTipWindow windowDragBounds:Rect(88, -446 - 390, 92)
11-29 06:52:04.761 1491 1600 W WindowManager: updateScale0.4617737
11-29 06:52:04.775 1491 9682 W WindowManager: updateScale0.4617737
11-29 06:52:04.796 1491 1600 D WindowManager: updateWindowDragBounds: mIsSwipeYfalse
11-29 06:52:04.796 1491 1600 D WindowManager: updateWindowDragBounds: mIsTopfalse
11-29 06:52:04.796 1491 1600 D WindowManager: updateWindowDragBounds: mIsSwipeXfalse
11-29 06:52:04.797 1491 1600 W WindowManager: updateScale0.4617737
11-29 06:52:04.815 1491 9682 W WindowManager: updateScale0.4617737
11-29 06:52:05.079 0 0 I auditd : type=1400 audit(0.0:13913): avc: denied { kill } for comm="swapper/2" capability=5 scontext=u:r:kernel:s0 tcontext=u:r:kernel:s0 tclass=capability permissive=0
11-29 06:52:05.202 1491 1693 I input_interaction: Interaction with: e79c291 com.android.gallery3d/com.android.gallery3d.app.GalleryActivity (server), edge-swipe (server), swipe-up (server), PointerEventDispatcher0 (server),
11-29 06:52:05.230 1491 1693 I input_interaction: Interaction with: WindowManager (server), edge-swipe (server), swipe-up (server), PointerEventDispatcher0 (server),
11-29 06:52:05.230 18441 18441 I view_enqueue_input_event: [Motion - Cancel,com.android.gallery3d/com.android.gallery3d.app.GalleryActivity]
11-29 06:52:05.244 1491 1600 D FreeFormWindowHelper: refreshTipWindow windowDragBounds:Rect(-13, 49 - 289, 587)
11-29 06:52:05.246 1491 1600 W WindowManager: updateScale0.4617737
11-29 06:52:05.261 1491 9480 W WindowManager: updateScale0.4617737
11-29 06:52:05.263 1491 1600 D FreeFormWindowHelper: refreshTipWindow windowDragBounds:Rect(-19, 9 - 283, 547)
11-29 06:52:05.265 1491 1600 W WindowManager: updateScale0.4617737
11-29 06:52:05.278 1491 1600 D FreeFormWindowHelper: refreshTipWindow windowDragBounds:Rect(-24, -42 - 278, 496)
11-29 06:52:05.279 1491 1600 W WindowManager: updateScale0.4617737
11-29 06:52:05.295 1491 9480 W WindowManager: updateScale0.4617737
11-29 06:52:05.297 1491 1600 D FreeFormWindowHelper: refreshTipWindow windowDragBounds:Rect(-27, -96 - 275, 442)
11-29 06:52:05.299 1491 1600 W WindowManager: updateScale0.4617737
11-29 06:52:05.311 1491 1600 D FreeFormWindowHelper: refreshTipWindow windowDragBounds:Rect(-30, -162 - 272, 376)
11-29 06:52:05.312 1491 1600 W WindowManager: updateScale0.4617737
11-29 06:52:05.327 1491 1600 D FreeFormWindowHelper: refreshTipWindow windowDragBounds:Rect(-31, -233 - 271, 305)
11-29 06:52:05.328 1491 1600 W WindowManager: updateScale0.4617737
11-29 06:52:05.345 1491 1600 D FreeFormWindowHelper: refreshTipWindow windowDragBounds:Rect(-31, -307 - 271, 231)
11-29 06:52:05.346 1491 1600 W WindowManager: updateScale0.4617737
11-29 06:52:05.362 1491 1600 D FreeFormWindowHelper: refreshTipWindow windowDragBounds:Rect(-20, -374 - 282, 164)
11-29 06:52:05.363 1491 1600 W WindowManager: updateScale0.4617737
11-29 06:52:05.377 1491 1600 D FreeFormWindowHelper: refreshTipWindow windowDragBounds:Rect(-8, -438 - 294, 100)
11-29 06:52:05.379 1491 1600 W WindowManager: updateScale0.4617737
11-29 06:52:05.393 1491 9682 W WindowManager: updateScale0.4617737
11-29 06:52:05.395 1491 1600 D FreeFormWindowHelper: refreshTipWindow windowDragBounds:Rect(-2, -453 - 300, 85)
11-29 06:52:05.397 1491 1600 W WindowManager: updateScale0.4617737
11-29 06:52:05.408 1491 1600 D WindowManager: updateWindowDragBounds: mIsSwipeYtrue
11-29 06:52:05.410 1491 1600 D WindowManager: updateWindowDragBounds: mIsTopfalse
11-29 06:52:05.411 1491 1600 D WindowManager: updateWindowDragBounds: mIsSwipeXfalse
11-29 06:52:05.412 1491 1600 W WindowManager: updateScale0.4617737
11-29 06:52:05.433 1491 11109 W WindowManager: updateScale0.4617737
11-29 06:52:05.443 1491 11109 W WindowManager: updateScale0.4617737
11-29 06:52:05.701 1491 1693 I input_interaction: Interaction with: e79c291 com.android.gallery3d/com.android.gallery3d.app.GalleryActivity (server), edge-swipe (server), swipe-up (server), PointerEventDispatcher0 (server),
11-29 06:52:05.731 18441 18441 I view_enqueue_input_event: [Motion - Cancel,com.android.gallery3d/com.android.gallery3d.app.GalleryActivity]
11-29 06:52:05.734 1491 1693 I input_interaction: Interaction with: WindowManager (server), edge-swipe (server), swipe-up (server), PointerEventDispatcher0 (server),
11-29 06:52:05.745 1491 1600 D FreeFormWindowHelper: refreshTipWindow windowDragBounds:Rect(0, 13 - 302, 551)
11-29 06:52:05.747 1491 1600 W WindowManager: updateScale0.4617737
11-29 06:52:05.761 1491 11109 W WindowManager: updateScale0.4617737
11-29 06:52:05.763 1491 1600 D FreeFormWindowHelper: refreshTipWindow windowDragBounds:Rect(3, -80 - 305, 458)
11-29 06:52:05.765 1491 1600 W WindowManager: updateScale0.4617737
11-29 06:52:05.778 1491 1600 D FreeFormWindowHelper: refreshTipWindow windowDragBounds:Rect(28, -183 - 330, 355)
11-29 06:52:05.780 1491 1600 W WindowManager: updateScale0.4617737
11-29 06:52:05.794 1491 9682 W WindowManager: updateScale0.4617737
11-29 06:52:05.797 1491 1600 D FreeFormWindowHelper: refreshTipWindow windowDragBounds:Rect(59, -297 - 361, 241)
11-29 06:52:05.798 1491 1600 W WindowManager: updateScale0.4617737
11-29 06:52:05.811 1491 11109 W WindowManager: updateScale0.4617737
11-29 06:52:05.813 1491 1600 D FreeFormWindowHelper: refreshTipWindow windowDragBounds:Rect(102, -399 - 404, 139)
11-29 06:52:05.815 1491 1600 W WindowManager: updateScale0.4617737
11-29 06:52:05.829 1491 1600 D FreeFormWindowHelper: refreshTipWindow windowDragBounds:Rect(130, -460 - 432, 78)
11-29 06:52:05.830 1491 1600 W WindowManager: updateScale0.4617737
11-29 06:52:05.847 1491 1600 D WindowManager: updateWindowDragBounds: mIsSwipeYtrue
11-29 06:52:05.847 1491 1600 D WindowManager: updateWindowDragBounds: mIsTopfalse
11-29 06:52:05.847 1491 1600 D WindowManager: updateWindowDragBounds: mIsSwipeXfalse
11-29 06:52:05.849 1491 1600 W WindowManager: updateScale0.4617737
11-29 06:52:05.894 1491 11109 W WindowManager: updateScale0.4617737
11-29 06:52:06.079 0 0 I auditd : type=1400 audit(0.0:13914): avc: denied { kill } for comm="swapper/2" capability=5 scontext=u:r:kernel:s0 tcontext=u:r:kernel:s0 tclass=capability permissive=0
11-29 06:52:07.079 0 0 I auditd : type=1400 audit(0.0:13915): avc: denied { kill } for comm="swapper/2" capability=5 scontext=u:r:kernel:s0 tcontext=u:r:kernel:s0 tclass=capability permissive=0
11-29 06:52:08.079 0 0 I auditd : type=1400 audit(0.0:13916): avc: denied { kill } for comm="swapper/2" capability=5 scontext=u:r:kernel:s0 tcontext=u:r:kernel:s0 tclass=capability permissive=0
11-29 06:52:09.079 0 0 I auditd : type=1400 audit(0.0:13917): avc: denied { kill } for comm="swapper/2" capability=5 scontext=u:r:kernel:s0 tcontext=u:r:kernel:s0 tclass=capability permissive=0
11-29 06:52:10.079 0 0 I auditd : type=1400 audit(0.0:13918): avc: denied { kill } for comm="swapper/2" capability=5 scontext=u:r:kernel:s0 tcontext=u:r:kernel:s0 tclass=capability permissive=0
11-29 06:52:11.079 3342 3342 I auditd : type=1400 audit(0.0:13919): avc: denied { kill } for comm="scheduler_threa" capability=5 scontext=u:r:kernel:s0 tcontext=u:r:kernel:s0 tclass=capability permissive=0
11-29 06:52:12.079 0 0 I auditd : type=1400 audit(0.0:13920): avc: denied { kill } for comm="swapper/2" capability=5 scontext=u:r:kernel:s0 tcontext=u:r:kernel:s0 tclass=capability permissive=0
11-29 06:52:13.079 0 0 I auditd : type=1400 audit(0.0:13921): avc: denied { kill } for comm="swapper/2" capability=5 scontext=u:r:kernel:s0 tcontext=u:r:kernel:s0 tclass=capability permissive=0
11-29 06:52:13.084 1491 1723 I netstats_mobile_sample: [0,0,0,0,0,0,0,0,0,0,0,0,1669675933084]
11-29 06:52:13.084 1491 1723 I netstats_wifi_sample: [329501266,761802,143408611,330530,329501266,761802,143408611,330530,401176557,1315885,72259820,169317,1669675933084]
11-29 06:52:14.079 0 0 I auditd : type=1400 audit(0.0:13922): avc: denied { kill } for comm="swapper/2" capability=5 scontext=u:r:kernel:s0 tcontext=u:r:kernel:s0 tclass=capability permissive=0
11-29 06:52:15.079 0 0 I auditd : type=1400 audit(0.0:13923): avc: denied { kill } for comm="swapper/2" capability=5 scontext=u:r:kernel:s0 tcontext=u:r:kernel:s0 tclass=capability permissive=0
11-29 06:52:16.079 0 0 I auditd : type=1400 audit(0.0:13924): avc: denied { kill } for comm="swapper/2" capability=5 scontext=u:r:kernel:s0 tcontext=u:r:kernel:s0 tclass=capability permissive=0
11-29 06:52:17.079 0 0 I auditd : type=1400 audit(0.0:13925): avc: denied { kill } for comm="swapper/2" capability=5 scontext=u:r:kernel:s0 tcontext=u:r:kernel:s0 tclass=capability permissive=0
11-29 06:52:18.002 1491 1674 D ActivityManager: freezing 16626 com.qti.diagservices
11-29 06:52:18.002 1491 1674 E ActivityManager: Unable to freeze binder for 16626 com.qti.diagservices
11-29 06:52:18.005 1491 1674 D ActivityManager: froze 16626 com.qti.diagservices
11-29 06:52:18.005 1491 1674 I am_freeze: [16626,com.qti.diagservices]
11-29 06:52:18.005 1491 1674 E ActivityManager: Unable to freeze binder for 16626 com.qti.diagservices
11-29 06:52:18.007 1491 1674 I ActivityManager: Killing 16626:com.qti.diagservices/1000 (adj 965): Unable to freeze binder interface
11-29 06:52:18.007 1491 1674 I am_kill : [0,16626,com.qti.diagservices,965,Unable to freeze binder interface]
11-29 06:52:18.036 1491 9682 I am_proc_died: [0,16626,com.qti.diagservices,965,10]
11-29 06:52:18.037 1491 9682 W ActivityManager: Scheduling restart of crashed service com.qti.diagservices/.QTIDiagServices in 1000ms for start-requested
11-29 06:52:18.037 1491 9682 I am_schedule_service_restart: [0,com.qti.diagservices/.QTIDiagServices,1000]
11-29 06:52:18.048 1491 1607 I commit_sys_config_file: [procstats,7]
11-29 06:52:18.079 0 0 I auditd : type=1400 audit(0.0:13926): avc: denied { kill } for comm="swapper/2" capability=5 scontext=u:r:kernel:s0 tcontext=u:r:kernel:s0 tclass=capability permissive=0
11-29 06:52:18.187 1491 1693 I input_interaction: Interaction with: e79c291 com.android.gallery3d/com.android.gallery3d.app.GalleryActivity (server), edge-swipe (server), swipe-up (server), PointerEventDispatcher0 (server),
11-29 06:52:18.266 18441 18441 I view_enqueue_input_event: [Motion - Cancel,com.android.gallery3d/com.android.gallery3d.app.GalleryActivity]
11-29 06:52:18.268 1491 1693 I input_interaction: Interaction with: WindowManager (server), edge-swipe (server), swipe-up (server), PointerEventDispatcher0 (server),
11-29 06:52:18.276 1491 1600 D FreeFormWindowHelper: refreshTipWindow windowDragBounds:Rect(9, 12 - 311, 550)
11-29 06:52:18.283 1491 1600 W WindowManager: updateScale0.4617737
11-29 06:52:18.298 1491 1600 D FreeFormWindowHelper: refreshTipWindow windowDragBounds:Rect(14, -22 - 316, 516)
11-29 06:52:18.300 1491 1600 W WindowManager: updateScale0.4617737
11-29 06:52:18.308 1491 1600 D FreeFormWindowHelper: refreshTipWindow windowDragBounds:Rect(18, -87 - 320, 451)
11-29 06:52:18.309 1491 1600 W WindowManager: updateScale0.4617737
11-29 06:52:18.314 1491 11109 W WindowManager: updateScale0.4617737
11-29 06:52:18.327 1491 1600 D FreeFormWindowHelper: refreshTipWindow windowDragBounds:Rect(23, -215 - 325, 323)
11-29 06:52:18.335 1491 1600 W WindowManager: updateScale0.4617737
11-29 06:52:18.342 1491 1600 D FreeFormWindowHelper: refreshTipWindow windowDragBounds:Rect(34, -341 - 336, 197)
11-29 06:52:18.343 1491 1600 W WindowManager: updateScale0.4617737
11-29 06:52:18.359 1491 1600 D FreeFormWindowHelper: refreshTipWindow windowDragBounds:Rect(41, -397 - 343, 141)
11-29 06:52:18.360 1491 1600 W WindowManager: updateScale0.4617737
11-29 06:52:18.375 1491 1600 D FreeFormWindowHelper: refreshTipWindow windowDragBounds:Rect(40, -441 - 342, 97)
11-29 06:52:18.376 1491 1600 W WindowManager: updateScale0.4617737
11-29 06:52:18.553 1491 1600 D WindowManager: updateWindowDragBounds: mIsSwipeYtrue
11-29 06:52:18.553 1491 1600 D WindowManager: updateWindowDragBounds: mIsTopfalse
11-29 06:52:18.553 1491 1600 D WindowManager: updateWindowDragBounds: mIsSwipeXfalse
11-29 06:52:18.555 1491 1600 W WindowManager: updateScale0.4617737
11-29 06:52:18.574 1491 10783 W WindowManager: updateScale0.4617737
11-29 06:52:19.042 1491 1608 D CompatibilityChangeReporter: Compat change id reported: 135634846; UID 1000; state: DISABLED
11-29 06:52:19.043 1491 1608 D CompatibilityChangeReporter: Compat change id reported: 177438394; UID 1000; state: DISABLED
11-29 06:52:19.044 1491 1608 D CompatibilityChangeReporter: Compat change id reported: 135772972; UID 1000; state: DISABLED
11-29 06:52:19.044 1491 1608 D CompatibilityChangeReporter: Compat change id reported: 135754954; UID 1000; state: ENABLED
11-29 06:52:19.072 1491 1609 I am_proc_start: [0,19161,1000,com.qti.diagservices,service,{com.qti.diagservices/com.qti.diagservices.QTIDiagServices}]
11-29 06:52:19.072 1491 1609 I ActivityManager: Start proc 19161:com.qti.diagservices/1000 for service {com.qti.diagservices/com.qti.diagservices.QTIDiagServices}
11-29 06:52:19.079 0 0 I auditd : type=1400 audit(0.0:13927): avc: denied { kill } for comm="swapper/2" capability=5 scontext=u:r:kernel:s0 tcontext=u:r:kernel:s0 tclass=capability permissive=0
11-29 06:52:19.117 1491 10783 I am_proc_bound: [0,19161,com.qti.diagservices]
11-29 06:52:19.147 19161 19161 I auditd : type=1400 audit(0.0:13928): avc: denied { read write } for comm="ti.diagservices" name="diag" dev="tmpfs" ino=12012 scontext=u:r:system_app:s0 tcontext=u:object_r:vendor_diag_device:s0 tclass=chr_file permissive=0
11-29 06:52:19.226 1491 1693 I input_interaction: Interaction with: e79c291 com.android.gallery3d/com.android.gallery3d.app.GalleryActivity (server), edge-swipe (server), swipe-up (server), PointerEventDispatcher0 (server),
11-29 06:52:19.284 18441 18441 I view_enqueue_input_event: [Motion - Cancel,com.android.gallery3d/com.android.gallery3d.app.GalleryActivity]
11-29 06:52:19.288 1491 1693 I input_interaction: Interaction with: WindowManager (server), edge-swipe (server), swipe-up (server), PointerEventDispatcher0 (server),
11-29 06:52:19.295 1491 1600 D FreeFormWindowHelper: refreshTipWindow windowDragBounds:Rect(8, 26 - 310, 564)
11-29 06:52:19.301 1491 1600 W WindowManager: updateScale0.4617737
11-29 06:52:19.311 1491 1600 D FreeFormWindowHelper: refreshTipWindow windowDragBounds:Rect(15, -14 - 317, 524)
11-29 06:52:19.312 1491 1600 W WindowManager: updateScale0.4617737
11-29 06:52:19.328 1491 1600 D FreeFormWindowHelper: refreshTipWindow windowDragBounds:Rect(28, -162 - 330, 376)
11-29 06:52:19.329 1491 1600 W WindowManager: updateScale0.4617737
11-29 06:52:19.344 1491 1600 D FreeFormWindowHelper: refreshTipWindow windowDragBounds:Rect(38, -309 - 340, 229)
11-29 06:52:19.346 1491 1600 W WindowManager: updateScale0.4617737
11-29 06:52:19.349 1491 11109 W WindowManager: updateScale0.4617737
11-29 06:52:19.361 1491 1600 D FreeFormWindowHelper: refreshTipWindow windowDragBounds:Rect(55, -443 - 357, 95)
11-29 06:52:19.363 1491 1600 W WindowManager: updateScale0.4617737
11-29 06:52:19.365 1491 10783 W WindowManager: updateScale0.4617737
11-29 06:52:19.379 1491 10783 W WindowManager: updateScale0.4617737
11-29 06:52:19.496 1491 1600 D WindowManager: updateWindowDragBounds: mIsSwipeYtrue
11-29 06:52:19.496 1491 1600 D WindowManager: updateWindowDragBounds: mIsTopfalse
11-29 06:52:19.496 1491 1600 D WindowManager: updateWindowDragBounds: mIsSwipeXfalse
11-29 06:52:19.498 1491 1600 W WindowManager: updateScale0.4617737
11-29 06:52:19.517 1491 10783 W WindowManager: updateScale0.4617737
11-29 06:52:20.063 1491 1693 I input_interaction: Interaction with: e79c291 com.android.gallery3d/com.android.gallery3d.app.GalleryActivity (server), edge-swipe (server), swipe-up (server), PointerEventDispatcher0 (server),
11-29 06:52:20.079 0 0 I auditd : type=1400 audit(0.0:13929): avc: denied { kill } for comm="swapper/2" capability=5 scontext=u:r:kernel:s0 tcontext=u:r:kernel:s0 tclass=capability permissive=0
11-29 06:52:20.136 18441 18441 I view_enqueue_input_event: [Motion - Cancel,com.android.gallery3d/com.android.gallery3d.app.GalleryActivity]
11-29 06:52:20.142 1491 1693 I input_interaction: Interaction with: WindowManager (server), edge-swipe (server), swipe-up (server), PointerEventDispatcher0 (server),
11-29 06:52:20.146 1491 1600 D FreeFormWindowHelper: refreshTipWindow windowDragBounds:Rect(3, 18 - 305, 556)
11-29 06:52:20.159 1491 1600 W WindowManager: updateScale0.4617737
11-29 06:52:20.168 1491 1600 D FreeFormWindowHelper: refreshTipWindow windowDragBounds:Rect(16, -61 - 318, 477)
11-29 06:52:20.169 1491 1600 W WindowManager: updateScale0.4617737
11-29 06:52:20.179 1491 9480 W WindowManager: updateScale0.4617737
11-29 06:52:20.180 1491 1600 D FreeFormWindowHelper: refreshTipWindow windowDragBounds:Rect(35, -214 - 337, 324)
11-29 06:52:20.182 1491 1600 W WindowManager: updateScale0.4617737
11-29 06:52:20.197 1491 1600 D FreeFormWindowHelper: refreshTipWindow windowDragBounds:Rect(50, -343 - 352, 195)
11-29 06:52:20.198 1491 1600 W WindowManager: updateScale0.4617737
11-29 06:52:20.204 1491 10783 W WindowManager: updateScale0.4617737
11-29 06:52:20.327 1491 1600 D WindowManager: updateWindowDragBounds: mIsSwipeYtrue
11-29 06:52:20.327 1491 1600 D WindowManager: updateWindowDragBounds: mIsTopfalse
11-29 06:52:20.327 1491 1600 D WindowManager: updateWindowDragBounds: mIsSwipeXfalse
11-29 06:52:20.328 1491 1600 W WindowManager: updateScale0.4617737
11-29 06:52:20.354 1491 9480 W WindowManager: updateScale0.4617737
11-29 06:52:20.863 1491 1693 I input_interaction: Interaction with: e79c291 com.android.gallery3d/com.android.gallery3d.app.GalleryActivity (server), edge-swipe (server), swipe-up (server), PointerEventDispatcher0 (server),
11-29 06:52:20.934 1491 1693 I input_interaction: Interaction with: WindowManager (server), edge-swipe (server), swipe-up (server), PointerEventDispatcher0 (server),
11-29 06:52:20.935 18441 18441 I view_enqueue_input_event: [Motion - Cancel,com.android.gallery3d/com.android.gallery3d.app.GalleryActivity]
11-29 06:52:20.949 1491 1600 D FreeFormWindowHelper: refreshTipWindow windowDragBounds:Rect(13, -30 - 315, 508)
11-29 06:52:20.951 1491 1600 W WindowManager: updateScale0.4617737
11-29 06:52:20.965 1491 9682 W WindowManager: updateScale0.4617737
11-29 06:52:20.968 1491 1600 D FreeFormWindowHelper: refreshTipWindow windowDragBounds:Rect(27, -146 - 329, 392)
11-29 06:52:20.971 1491 1600 W WindowManager: updateScale0.4617737
11-29 06:52:20.982 1491 1600 D FreeFormWindowHelper: refreshTipWindow windowDragBounds:Rect(46, -311 - 348, 227)
11-29 06:52:20.982 1491 1600 W WindowManager: updateScale0.4617737
11-29 06:52:20.997 1491 9682 W WindowManager: updateScale0.4617737
11-29 06:52:20.999 1491 1600 D FreeFormWindowHelper: refreshTipWindow windowDragBounds:Rect(55, -446 - 357, 92)
11-29 06:52:21.001 1491 1600 W WindowManager: updateScale0.4617737
11-29 06:52:21.079 0 0 I auditd : type=1400 audit(0.0:13930): avc: denied { kill } for comm="swapper/2" capability=5 scontext=u:r:kernel:s0 tcontext=u:r:kernel:s0 tclass=capability permissive=0
11-29 06:52:21.097 1491 1600 D WindowManager: updateWindowDragBounds: mIsSwipeYtrue
11-29 06:52:21.097 1491 1600 D WindowManager: updateWindowDragBounds: mIsTopfalse
11-29 06:52:21.097 1491 1600 D WindowManager: updateWindowDragBounds: mIsSwipeXfalse
11-29 06:52:21.098 1491 1600 W WindowManager: updateScale0.4617737
11-29 06:52:21.120 1491 9682 W WindowManager: updateScale0.4617737
11-29 06:52:21.699 1491 1693 I input_interaction: Interaction with: e79c291 com.android.gallery3d/com.android.gallery3d.app.GalleryActivity (server), edge-swipe (server), swipe-up (server), PointerEventDispatcher0 (server),
11-29 06:52:21.759 18441 18441 I view_enqueue_input_event: [Motion - Cancel,com.android.gallery3d/com.android.gallery3d.app.GalleryActivity]
11-29 06:52:21.762 1491 1693 I input_interaction: Interaction with: WindowManager (server), edge-swipe (server), swipe-up (server), PointerEventDispatcher0 (server),
11-29 06:52:21.767 1491 1600 D FreeFormWindowHelper: refreshTipWindow windowDragBounds:Rect(12, -2 - 314, 536)
11-29 06:52:21.771 1491 1600 W WindowManager: updateScale0.4617737
11-29 06:52:21.784 1491 1600 D FreeFormWindowHelper: refreshTipWindow windowDragBounds:Rect(18, -72 - 320, 466)
11-29 06:52:21.785 1491 1600 W WindowManager: updateScale0.4617737
11-29 06:52:21.792 1491 11109 W WindowManager: updateScale0.4617737
11-29 06:52:21.800 1491 1600 D FreeFormWindowHelper: refreshTipWindow windowDragBounds:Rect(24, -259 - 326, 279)
11-29 06:52:21.806 1491 1600 W WindowManager: updateScale0.4617737
11-29 06:52:21.817 1491 11109 W WindowManager: updateScale0.4617737
11-29 06:52:21.819 1491 1600 D FreeFormWindowHelper: refreshTipWindow windowDragBounds:Rect(24, -477 - 326, 61)
11-29 06:52:21.820 1491 1600 W WindowManager: updateScale0.4617737
11-29 06:52:21.836 1491 11109 W WindowManager: updateScale0.4617737
11-29 06:52:21.846 1491 11109 W WindowManager: updateScale0.4617737
11-29 06:52:21.901 1491 1600 D WindowManager: updateWindowDragBounds: mIsSwipeYtrue
11-29 06:52:21.901 1491 1600 D WindowManager: updateWindowDragBounds: mIsTopfalse
11-29 06:52:21.901 1491 1600 D WindowManager: updateWindowDragBounds: mIsSwipeXfalse
11-29 06:52:21.902 1491 1600 W WindowManager: updateScale0.4617737
11-29 06:52:21.923 1491 11109 W WindowManager: updateScale0.4617737
11-29 06:52:22.079 0 0 I auditd : type=1400 audit(0.0:13931): avc: denied { kill } for comm="swapper/2" capability=5 scontext=u:r:kernel:s0 tcontext=u:r:kernel:s0 tclass=capability permissive=0
11-29 06:52:22.417 1491 1693 I input_interaction: Interaction with: e79c291 com.android.gallery3d/com.android.gallery3d.app.GalleryActivity (server), edge-swipe (server), swipe-up (server), PointerEventDispatcher0 (server),
11-29 06:52:22.490 18441 18441 I view_enqueue_input_event: [Motion - Cancel,com.android.gallery3d/com.android.gallery3d.app.GalleryActivity]
11-29 06:52:22.492 1491 1693 I input_interaction: Interaction with: WindowManager (server), edge-swipe (server), swipe-up (server), PointerEventDispatcher0 (server),
11-29 06:52:22.503 1491 1600 D FreeFormWindowHelper: refreshTipWindow windowDragBounds:Rect(2, 11 - 304, 549)
11-29 06:52:22.504 1491 1600 W WindowManager: updateScale0.4617737
11-29 06:52:22.518 1491 11109 W WindowManager: updateScale0.4617737
11-29 06:52:22.521 1491 1600 D FreeFormWindowHelper: refreshTipWindow windowDragBounds:Rect(2, -116 - 304, 422)
11-29 06:52:22.523 1491 1600 W WindowManager: updateScale0.4617737
11-29 06:52:22.536 1491 1600 D FreeFormWindowHelper: refreshTipWindow windowDragBounds:Rect(5, -242 - 307, 296)
11-29 06:52:22.537 1491 1600 W WindowManager: updateScale0.4617737
11-29 06:52:22.551 1491 10783 W WindowManager: updateScale0.4617737
11-29 06:52:22.554 1491 1600 D FreeFormWindowHelper: refreshTipWindow windowDragBounds:Rect(11, -408 - 313, 130)
11-29 06:52:22.554 1491 1600 W WindowManager: updateScale0.4617737
11-29 06:52:22.567 1491 10783 W WindowManager: updateScale0.4617737
11-29 06:52:22.570 1491 1600 D FreeFormWindowHelper: refreshTipWindow windowDragBounds:Rect(10, -482 - 312, 56)
11-29 06:52:22.572 1491 1600 W WindowManager: updateScale0.4617737
11-29 06:52:22.600 1491 10783 W WindowManager: updateScale0.4617737
11-29 06:52:22.645 1491 1600 D WindowManager: updateWindowDragBounds: mIsSwipeYtrue
11-29 06:52:22.645 1491 1600 D WindowManager: updateWindowDragBounds: mIsTopfalse
11-29 06:52:22.645 1491 1600 D WindowManager: updateWindowDragBounds: mIsSwipeXfalse
11-29 06:52:22.646 1491 1600 W WindowManager: updateScale0.4617737
11-29 06:52:22.668 1491 10783 W WindowManager: updateScale0.4617737
11-29 06:52:23.079 0 0 I auditd : type=1400 audit(0.0:13932): avc: denied { kill } for comm="swapper/2" capability=5 scontext=u:r:kernel:s0 tcontext=u:r:kernel:s0 tclass=capability permissive=0
11-29 06:52:23.122 1491 1693 I input_interaction: Interaction with: e79c291 com.android.gallery3d/com.android.gallery3d.app.GalleryActivity (server), edge-swipe (server), swipe-up (server), PointerEventDispatcher0 (server),
11-29 06:52:23.160 18441 18441 I view_enqueue_input_event: [Motion - Cancel,com.android.gallery3d/com.android.gallery3d.app.GalleryActivity]
11-29 06:52:23.165 1491 1693 I input_interaction: Interaction with: WindowManager (server), edge-swipe (server), swipe-up (server), PointerEventDispatcher0 (server),
11-29 06:52:23.171 1491 1600 D FreeFormWindowHelper: refreshTipWindow windowDragBounds:Rect(0, 55 - 302, 593)
11-29 06:52:23.182 1491 1600 W WindowManager: updateScale0.4617737
11-29 06:52:23.196 1491 1600 D FreeFormWindowHelper: refreshTipWindow windowDragBounds:Rect(1, 37 - 303, 575)
11-29 06:52:23.198 1491 1600 W WindowManager: updateScale0.4617737
11-29 06:52:23.204 1491 1600 D FreeFormWindowHelper: refreshTipWindow windowDragBounds:Rect(15, -51 - 317, 487)
11-29 06:52:23.205 1491 1600 W WindowManager: updateScale0.4617737
11-29 06:52:23.208 1491 10783 W WindowManager: updateScale0.4617737
11-29 06:52:23.220 1491 1600 D FreeFormWindowHelper: refreshTipWindow windowDragBounds:Rect(23, -142 - 325, 396)
11-29 06:52:23.222 1491 1600 W WindowManager: updateScale0.4617737
11-29 06:52:23.238 1491 1600 D FreeFormWindowHelper: refreshTipWindow windowDragBounds:Rect(28, -221 - 330, 317)
11-29 06:52:23.239 1491 1600 W WindowManager: updateScale0.4617737
11-29 06:52:23.254 1491 1600 D FreeFormWindowHelper: refreshTipWindow windowDragBounds:Rect(38, -413 - 340, 125)
11-29 06:52:23.255 1491 1600 W WindowManager: updateScale0.4617737
11-29 06:52:23.270 1491 1600 D FreeFormWindowHelper: refreshTipWindow windowDragBounds:Rect(54, -490 - 356, 48)
11-29 06:52:23.271 1491 1600 W WindowManager: updateScale0.4617737
11-29 06:52:23.286 1491 11109 W WindowManager: updateScale0.4617737
11-29 06:52:23.352 1491 1600 D WindowManager: updateWindowDragBounds: mIsSwipeYtrue
11-29 06:52:23.352 1491 1600 D WindowManager: updateWindowDragBounds: mIsTopfalse
11-29 06:52:23.352 1491 1600 D WindowManager: updateWindowDragBounds: mIsSwipeXfalse
11-29 06:52:23.354 1491 1600 W WindowManager: updateScale0.4617737
11-29 06:52:23.377 1491 9480 W WindowManager: updateScale0.4617737
11-29 06:52:23.839 1491 1693 I input_interaction: Interaction with: e79c291 com.android.gallery3d/com.android.gallery3d.app.GalleryActivity (server), edge-swipe (server), swipe-up (server), PointerEventDispatcher0 (server),
11-29 06:52:23.909 18441 18441 I view_enqueue_input_event: [Motion - Cancel,com.android.gallery3d/com.android.gallery3d.app.GalleryActivity]
11-29 06:52:23.913 1491 1693 I input_interaction: Interaction with: WindowManager (server), edge-swipe (server), swipe-up (server), PointerEventDispatcher0 (server),
11-29 06:52:23.923 1491 1600 D FreeFormWindowHelper: refreshTipWindow windowDragBounds:Rect(7, -4 - 309, 534)
11-29 06:52:23.924 1491 1600 W WindowManager: updateScale0.4617737
11-29 06:52:23.939 1491 10783 W WindowManager: updateScale0.4617737
11-29 06:52:23.941 1491 1600 D FreeFormWindowHelper: refreshTipWindow windowDragBounds:Rect(9, -125 - 311, 413)
11-29 06:52:23.943 1491 1600 W WindowManager: updateScale0.4617737
11-29 06:52:23.956 1491 1600 D FreeFormWindowHelper: refreshTipWindow windowDragBounds:Rect(21, -271 - 323, 267)
11-29 06:52:23.957 1491 1600 W WindowManager: updateScale0.4617737
11-29 06:52:23.973 1491 1600 D FreeFormWindowHelper: refreshTipWindow windowDragBounds:Rect(30, -431 - 332, 107)
11-29 06:52:23.974 1491 1600 W WindowManager: updateScale0.4617737
11-29 06:52:24.074 1491 1600 D WindowManager: updateWindowDragBounds: mIsSwipeYtrue
11-29 06:52:24.074 1491 1600 D WindowManager: updateWindowDragBounds: mIsTopfalse
11-29 06:52:24.074 1491 1600 D WindowManager: updateWindowDragBounds: mIsSwipeXfalse
11-29 06:52:24.076 1491 1600 W WindowManager: updateScale0.4617737
11-29 06:52:24.079 0 0 I auditd : type=1400 audit(0.0:13933): avc: denied { kill } for comm="swapper/2" capability=5 scontext=u:r:kernel:s0 tcontext=u:r:kernel:s0 tclass=capability permissive=0
11-29 06:52:24.095 1491 10783 W WindowManager: updateScale0.4617737
11-29 06:52:24.802 1491 1693 I input_interaction: Interaction with: e79c291 com.android.gallery3d/com.android.gallery3d.app.GalleryActivity (server), edge-swipe (server), swipe-up (server), PointerEventDispatcher0 (server),
11-29 06:52:24.845 1491 1693 I input_interaction: Interaction with: WindowManager (server), edge-swipe (server), swipe-up (server), PointerEventDispatcher0 (server),
11-29 06:52:24.845 18441 18441 I view_enqueue_input_event: [Motion - Cancel,com.android.gallery3d/com.android.gallery3d.app.GalleryActivity]
11-29 06:52:24.858 1491 1600 D FreeFormWindowHelper: refreshTipWindow windowDragBounds:Rect(0, 55 - 302, 593)
11-29 06:52:24.861 1491 1600 W WindowManager: updateScale0.4617737
11-29 06:52:24.874 1491 1600 D FreeFormWindowHelper: refreshTipWindow windowDragBounds:Rect(0, 35 - 302, 573)
11-29 06:52:24.877 1491 1600 W WindowManager: updateScale0.4617737
11-29 06:52:24.883 1491 10783 W WindowManager: updateScale0.4617737
11-29 06:52:24.891 1491 1600 D FreeFormWindowHelper: refreshTipWindow windowDragBounds:Rect(0, 11 - 302, 549)
11-29 06:52:24.894 1491 1600 W WindowManager: updateScale0.4617737
11-29 06:52:24.908 1491 1600 D FreeFormWindowHelper: refreshTipWindow windowDragBounds:Rect(1, -15 - 303, 523)
11-29 06:52:24.909 1491 1600 W WindowManager: updateScale0.4617737
11-29 06:52:24.924 1491 1600 D FreeFormWindowHelper: refreshTipWindow windowDragBounds:Rect(4, -75 - 306, 463)
11-29 06:52:24.926 1491 1600 W WindowManager: updateScale0.4617737
11-29 06:52:24.928 1491 9682 W WindowManager: updateScale0.4617737
11-29 06:52:24.941 1491 1600 D FreeFormWindowHelper: refreshTipWindow windowDragBounds:Rect(7, -102 - 309, 436)
11-29 06:52:24.942 1491 1600 W WindowManager: updateScale0.4617737
11-29 06:52:24.944 1491 9682 W WindowManager: updateScale0.4617737
11-29 06:52:24.954 1491 10783 W WindowManager: updateScale0.4617737
11-29 06:52:24.958 1491 1600 D FreeFormWindowHelper: refreshTipWindow windowDragBounds:Rect(12, -137 - 314, 401)
11-29 06:52:24.958 1491 1600 W WindowManager: updateScale0.4617737
11-29 06:52:24.972 1491 9682 W WindowManager: updateScale0.4617737
11-29 06:52:24.975 1491 1600 D FreeFormWindowHelper: refreshTipWindow windowDragBounds:Rect(16, -155 - 318, 383)
11-29 06:52:24.975 1491 1600 W WindowManager: updateScale0.4617737
11-29 06:52:24.991 1491 1600 D FreeFormWindowHelper: refreshTipWindow windowDragBounds:Rect(22, -185 - 324, 353)
11-29 06:52:24.993 1491 1600 W WindowManager: updateScale0.4617737
11-29 06:52:25.009 1491 1600 D FreeFormWindowHelper: refreshTipWindow windowDragBounds:Rect(27, -202 - 329, 336)
11-29 06:52:25.011 1491 1600 W WindowManager: updateScale0.4617737
11-29 06:52:25.025 1491 1600 D FreeFormWindowHelper: refreshTipWindow windowDragBounds:Rect(29, -212 - 331, 326)
11-29 06:52:25.026 1491 1600 W WindowManager: updateScale0.4617737
11-29 06:52:25.041 1491 1600 D FreeFormWindowHelper: refreshTipWindow windowDragBounds:Rect(31, -218 - 333, 320)
11-29 06:52:25.043 1491 1600 W WindowManager: updateScale0.4617737
11-29 06:52:25.055 1491 10783 W WindowManager: updateScale0.4617737
11-29 06:52:25.058 1491 1600 D FreeFormWindowHelper: refreshTipWindow windowDragBounds:Rect(31, -231 - 333, 307)
11-29 06:52:25.059 1491 1600 W WindowManager: updateScale0.4617737
11-29 06:52:25.075 1491 1600 D FreeFormWindowHelper: refreshTipWindow windowDragBounds:Rect(32, -244 - 334, 294)
11-29 06:52:25.076 1491 1600 W WindowManager: updateScale0.4617737
11-29 06:52:25.093 1491 1600 D FreeFormWindowHelper: refreshTipWindow windowDragBounds:Rect(33, -274 - 335, 264)
11-29 06:52:25.095 1491 1600 W WindowManager: updateScale0.4617737
11-29 06:52:25.110 1491 1600 D FreeFormWindowHelper: refreshTipWindow windowDragBounds:Rect(37, -299 - 339, 239)
11-29 06:52:25.112 1491 1600 W WindowManager: updateScale0.4617737
11-29 06:52:25.125 1491 1600 D FreeFormWindowHelper: refreshTipWindow windowDragBounds:Rect(41, -333 - 343, 205)
11-29 06:52:25.127 1491 1600 W WindowManager: updateScale0.4617737
11-29 06:52:25.141 1491 10783 W WindowManager: updateScale0.4617737
11-29 06:52:25.143 1491 1600 D FreeFormWindowHelper: refreshTipWindow windowDragBounds:Rect(45, -375 - 347, 163)
11-29 06:52:25.145 1491 1600 W WindowManager: updateScale0.4617737
11-29 06:52:25.154 1491 10783 W WindowManager: updateScale0.4617737
11-29 06:52:25.158 1491 1600 D FreeFormWindowHelper: refreshTipWindow windowDragBounds:Rect(48, -390 - 350, 148)
11-29 06:52:25.160 1491 1600 W WindowManager: updateScale0.4617737
11-29 06:52:25.171 1491 11109 W WindowManager: updateScale0.4617737
11-29 06:52:25.175 1491 1600 D FreeFormWindowHelper: refreshTipWindow windowDragBounds:Rect(52, -442 - 354, 96)
11-29 06:52:25.177 1491 1600 W WindowManager: updateScale0.4617737
11-29 06:52:25.189 1491 10783 W WindowManager: updateScale0.4617737
11-29 06:52:25.192 1491 1600 D FreeFormWindowHelper: refreshTipWindow windowDragBounds:Rect(55, -485 - 357, 53)
11-29 06:52:25.194 1491 1600 W WindowManager: updateScale0.4617737
11-29 06:52:25.204 1491 10783 W WindowManager: updateScale0.4617737
11-29 06:52:25.208 1491 1600 D FreeFormWindowHelper: refreshTipWindow windowDragBounds:Rect(55, -490 - 357, 48)
11-29 06:52:25.210 1491 1600 W WindowManager: updateScale0.4617737
11-29 06:52:25.221 1491 11109 W WindowManager: updateScale0.4617737
11-29 06:52:25.238 1491 11109 W WindowManager: updateScale0.4617737
11-29 06:52:25.296 1491 1600 D WindowManager: updateWindowDragBounds: mIsSwipeYtrue
11-29 06:52:25.296 1491 1600 D WindowManager: updateWindowDragBounds: mIsTopfalse
11-29 06:52:25.296 1491 1600 D WindowManager: updateWindowDragBounds: mIsSwipeXfalse
11-29 06:52:25.297 1491 1600 W WindowManager: updateScale0.4617737
11-29 06:52:25.314 1491 11109 W WindowManager: updateScale0.4617737
11-29 06:52:26.079 0 0 I auditd : type=1400 audit(0.0:13934): avc: denied { kill } for comm="swapper/2" capability=5 scontext=u:r:kernel:s0 tcontext=u:r:kernel:s0 tclass=capability permissive=0
11-29 06:52:26.770 1491 1693 I input_interaction: Interaction with: e79c291 com.android.gallery3d/com.android.gallery3d.app.GalleryActivity (server), edge-swipe (server), swipe-up (server), PointerEventDispatcher0 (server),
11-29 06:52:26.835 18441 18441 I view_enqueue_input_event: [Motion - Cancel,com.android.gallery3d/com.android.gallery3d.app.GalleryActivity]
11-29 06:52:26.839 1491 1693 I input_interaction: Interaction with: WindowManager (server), edge-swipe (server), swipe-up (server), PointerEventDispatcher0 (server),
11-29 06:52:26.842 1491 1600 D FreeFormWindowHelper: refreshTipWindow windowDragBounds:Rect(8, -1 - 310, 537)
11-29 06:52:26.847 1491 1600 W WindowManager: updateScale0.4617737
11-29 06:52:26.862 1491 1600 D FreeFormWindowHelper: refreshTipWindow windowDragBounds:Rect(17, -75 - 319, 463)
11-29 06:52:26.864 1491 1600 W WindowManager: updateScale0.4617737
11-29 06:52:26.866 1491 10783 W WindowManager: updateScale0.4617737
11-29 06:52:26.879 1491 1600 D FreeFormWindowHelper: refreshTipWindow windowDragBounds:Rect(22, -138 - 324, 400)
11-29 06:52:26.881 1491 1600 W WindowManager: updateScale0.4617737
11-29 06:52:26.896 1491 1600 D FreeFormWindowHelper: refreshTipWindow windowDragBounds:Rect(31, -356 - 333, 182)
11-29 06:52:26.897 1491 1600 W WindowManager: updateScale0.4617737
11-29 06:52:26.912 1491 1600 D FreeFormWindowHelper: refreshTipWindow windowDragBounds:Rect(36, -477 - 338, 61)
11-29 06:52:26.913 1491 1600 W WindowManager: updateScale0.4617737
11-29 06:52:26.927 1491 10783 W WindowManager: updateScale0.4617737
11-29 06:52:27.079 0 0 I auditd : type=1400 audit(0.0:13935): avc: denied { kill } for comm="swapper/2" capability=5 scontext=u:r:kernel:s0 tcontext=u:r:kernel:s0 tclass=capability permissive=0
11-29 06:52:27.088 1491 1600 D WindowManager: updateWindowDragBounds: mIsSwipeYtrue
11-29 06:52:27.088 1491 1600 D WindowManager: updateWindowDragBounds: mIsTopfalse
11-29 06:52:27.088 1491 1600 D WindowManager: updateWindowDragBounds: mIsSwipeXfalse
11-29 06:52:27.089 1491 1600 W WindowManager: updateScale0.4617737
11-29 06:52:27.106 1491 10783 W WindowManager: updateScale0.4617737
11-29 06:52:27.690 1491 1693 I input_interaction: Interaction with: e79c291 com.android.gallery3d/com.android.gallery3d.app.GalleryActivity (server), edge-swipe (server), swipe-up (server), PointerEventDispatcher0 (server),
11-29 06:52:27.769 18441 18441 I view_enqueue_input_event: [Motion - Cancel,com.android.gallery3d/com.android.gallery3d.app.GalleryActivity]
11-29 06:52:27.774 1491 1693 I input_interaction: Interaction with: WindowManager (server), edge-swipe (server), swipe-up (server), PointerEventDispatcher0 (server),
11-29 06:52:27.782 1491 1600 D FreeFormWindowHelper: refreshTipWindow windowDragBounds:Rect(11, -2 - 313, 536)
11-29 06:52:27.784 1491 1600 W WindowManager: updateScale0.4617737
11-29 06:52:27.797 1491 10783 W WindowManager: updateScale0.4617737
11-29 06:52:27.800 1491 1600 D FreeFormWindowHelper: refreshTipWindow windowDragBounds:Rect(25, -124 - 327, 414)
11-29 06:52:27.801 1491 1600 W WindowManager: updateScale0.4617737
11-29 06:52:27.814 1491 11109 W WindowManager: updateScale0.4617737
11-29 06:52:27.816 1491 1600 D FreeFormWindowHelper: refreshTipWindow windowDragBounds:Rect(43, -252 - 345, 286)
11-29 06:52:27.818 1491 1600 W WindowManager: updateScale0.4617737
11-29 06:52:27.830 1491 10783 W WindowManager: updateScale0.4617737
11-29 06:52:27.832 1491 1600 D FreeFormWindowHelper: refreshTipWindow windowDragBounds:Rect(63, -446 - 365, 92)
11-29 06:52:27.834 1491 1600 W WindowManager: updateScale0.4617737
11-29 06:52:27.999 1491 1600 D WindowManager: updateWindowDragBounds: mIsSwipeYtrue
11-29 06:52:27.999 1491 1600 D WindowManager: updateWindowDragBounds: mIsTopfalse
11-29 06:52:27.999 1491 1600 D WindowManager: updateWindowDragBounds: mIsSwipeXfalse
11-29 06:52:28.000 1491 1600 W WindowManager: updateScale0.4617737
11-29 06:52:28.021 1491 10783 W WindowManager: updateScale0.4617737
11-29 06:52:28.079 3345 3345 I auditd : type=1400 audit(0.0:13936): avc: denied { kill } for comm="dp_rx_thread_0" capability=5 scontext=u:r:kernel:s0 tcontext=u:r:kernel:s0 tclass=capability permissive=0
