11-29 06:57:36.783 19381 19381 I sysui_multi_action: [757,113,758,1,759,113,927,1,928,1,1593,0]
11-29 06:57:36.783 19381 19381 I sysui_multi_action: [757,0,758,1,759,0,927,2,928,0,1593,0]
11-29 06:57:36.783 19381 19381 I sysui_multi_action: [757,0,758,1,759,0,927,3,928,0,1593,0]
11-29 06:57:36.791 1491 1760 I GameModeConfig: isGameModeOn = false
11-29 06:57:36.791 1491 1760 I GameModeConfig: isGameModeOn = false
11-29 06:57:36.791 1491 1760 I GameModeConfig: isGameModeOn = false
11-29 06:57:36.792 1491 1760 I GameModeConfig: isGameModeOn = false
11-29 06:57:36.793 19381 19381 I sysui_multi_action: [757,111,758,2]
11-29 06:57:36.793 19381 19381 I sysui_multi_action: [757,111,758,2]
11-29 06:57:36.793 1491 1491 I notification_enqueue: [10082,19381,com.android.systemui,2048,NULL,0,Notification(channel=updateNotification shortcut=null contentView=null vibrate=null sound=null defaults=0x0 flags=0x0 color=0x00000000 vis=PRIVATE),1]
11-29 06:57:36.795 19381 19381 I sysui_multi_action: [757,111,758,1]
11-29 06:57:36.796 19381 19381 I sysui_multi_action: [757,126,758,1,759,126,927,0,928,1,1593,0]
11-29 06:57:36.796 19381 19381 I sysui_multi_action: [757,113,758,1,759,113,927,1,928,1,1593,0]
11-29 06:57:36.796 19381 19381 I sysui_multi_action: [757,0,758,1,759,0,927,2,928,0,1593,0]
11-29 06:57:36.796 19381 19381 I sysui_multi_action: [757,0,758,1,759,0,927,3,928,0,1593,0]
11-29 06:57:36.796 19381 19381 I sysui_multi_action: [757,491,758,1,759,491,927,4,928,0,1311,-1,1593,0]
11-29 06:57:36.796 19381 19381 I sysui_multi_action: [757,0,758,1,759,0,927,5,928,0,1593,0]
11-29 06:57:36.796 19381 19381 I sysui_multi_action: [757,111,758,1]
11-29 06:57:36.796 19381 19381 I sysui_multi_action: [757,126,758,1,759,126,927,0,928,1,1593,0]
11-29 06:57:36.796 19381 19381 I sysui_multi_action: [757,113,758,1,759,113,927,1,928,1,1593,0]
11-29 06:57:36.796 19381 19381 I sysui_multi_action: [757,0,758,1,759,0,927,2,928,0,1593,0]
11-29 06:57:36.796 19381 19381 I sysui_multi_action: [757,0,758,1,759,0,927,3,928,0,1593,0]
11-29 06:57:36.803 1491 1760 I GameModeConfig: isGameModeOn = false
11-29 06:57:36.806 1491 1760 I GameModeConfig: isGameModeOn = false
11-29 06:57:36.807 1491 1760 I GameModeConfig: isGameModeOn = false
11-29 06:57:36.807 1491 1760 I GameModeConfig: isGameModeOn = false
11-29 06:57:36.807 1491 1760 I GameModeConfig: isGameModeOn = false
11-29 06:57:36.808 19381 19381 I sysui_multi_action: [757,111,758,2]
11-29 06:57:36.808 19381 19381 I sysui_multi_action: [757,111,758,2]
11-29 06:57:36.808 1491 1491 I notification_enqueue: [10082,19381,com.android.systemui,2048,NULL,0,Notification(channel=updateNotification shortcut=null contentView=null vibrate=null sound=null defaults=0x0 flags=0x0 color=0x00000000 vis=PRIVATE),1]
11-29 06:57:36.811 19381 19381 I sysui_multi_action: [757,111,758,1]
11-29 06:57:36.811 19381 19381 I sysui_multi_action: [757,126,758,1,759,126,927,0,928,1,1593,0]
11-29 06:57:36.811 19381 19381 I sysui_multi_action: [757,113,758,1,759,113,927,1,928,1,1593,0]
11-29 06:57:36.811 19381 19381 I sysui_multi_action: [757,0,758,1,759,0,927,2,928,0,1593,0]
11-29 06:57:36.811 19381 19381 I sysui_multi_action: [757,0,758,1,759,0,927,3,928,0,1593,0]
11-29 06:57:36.811 19381 19381 I sysui_multi_action: [757,491,758,1,759,491,927,4,928,0,1311,-1,1593,0]
11-29 06:57:36.811 19381 19381 I sysui_multi_action: [757,0,758,1,759,0,927,5,928,0,1593,0]
11-29 06:57:36.811 19381 19381 I sysui_multi_action: [757,111,758,1]
11-29 06:57:36.811 19381 19381 I sysui_multi_action: [757,126,758,1,759,126,927,0,928,1,1593,0]
11-29 06:57:36.811 19381 19381 I sysui_multi_action: [757,113,758,1,759,113,927,1,928,1,1593,0]
11-29 06:57:36.811 19381 19381 I sysui_multi_action: [757,0,758,1,759,0,927,2,928,0,1593,0]
11-29 06:57:36.811 19381 19381 I sysui_multi_action: [757,0,758,1,759,0,927,3,928,0,1593,0]
11-29 06:57:36.820 1491 1760 I GameModeConfig: isGameModeOn = false
11-29 06:57:36.821 1491 1760 I GameModeConfig: isGameModeOn = false
11-29 06:57:36.821 1491 1760 I GameModeConfig: isGameModeOn = false
11-29 06:57:36.821 1491 1760 I GameModeConfig: isGameModeOn = false
11-29 06:57:36.821 1491 1760 I GameModeConfig: isGameModeOn = false
11-29 06:57:36.822 19381 19381 I sysui_multi_action: [757,111,758,2]
11-29 06:57:36.822 19381 19381 I sysui_multi_action: [757,111,758,2]
11-29 06:57:36.822 1491 1491 I notification_enqueue: [10082,19381,com.android.systemui,2048,NULL,0,Notification(channel=updateNotification shortcut=null contentView=null vibrate=null sound=null defaults=0x0 flags=0x0 color=0x00000000 vis=PRIVATE),1]
11-29 06:57:36.825 19381 19381 I sysui_multi_action: [757,111,758,1]
11-29 06:57:36.825 19381 19381 I sysui_multi_action: [757,126,758,1,759,126,927,0,928,1,1593,0]
11-29 06:57:36.825 19381 19381 I sysui_multi_action: [757,113,758,1,759,113,927,1,928,1,1593,0]
11-29 06:57:36.825 19381 19381 I sysui_multi_action: [757,0,758,1,759,0,927,2,928,0,1593,0]
11-29 06:57:36.826 19381 19381 I sysui_multi_action: [757,0,758,1,759,0,927,3,928,0,1593,0]
11-29 06:57:36.826 19381 19381 I sysui_multi_action: [757,491,758,1,759,491,927,4,928,0,1311,-1,1593,0]
11-29 06:57:36.826 19381 19381 I sysui_multi_action: [757,0,758,1,759,0,927,5,928,0,1593,0]
11-29 06:57:36.826 19381 19381 I sysui_multi_action: [757,111,758,1]
11-29 06:57:36.826 19381 19381 I sysui_multi_action: [757,126,758,1,759,126,927,0,928,1,1593,0]
11-29 06:57:36.826 19381 19381 I sysui_multi_action: [757,113,758,1,759,113,927,1,928,1,1593,0]
11-29 06:57:36.826 19381 19381 I sysui_multi_action: [757,0,758,1,759,0,927,2,928,0,1593,0]
11-29 06:57:36.826 19381 19381 I sysui_multi_action: [757,0,758,1,759,0,927,3,928,0,1593,0]
11-29 06:57:36.836 1491 1760 I GameModeConfig: isGameModeOn = false
11-29 06:57:36.837 1491 1760 I GameModeConfig: isGameModeOn = false
11-29 06:57:36.837 1491 1760 I GameModeConfig: isGameModeOn = false
11-29 06:57:36.837 1491 1760 I GameModeConfig: isGameModeOn = false
11-29 06:57:36.838 19381 19381 I sysui_multi_action: [757,111,758,2]
11-29 06:57:36.838 19381 19381 I sysui_multi_action: [757,111,758,2]
11-29 06:57:36.838 1491 1491 I notification_enqueue: [10082,19381,com.android.systemui,2048,NULL,0,Notification(channel=updateNotification shortcut=null contentView=null vibrate=null sound=null defaults=0x0 flags=0x0 color=0x00000000 vis=PRIVATE),1]
11-29 06:57:36.841 19381 19381 I sysui_multi_action: [757,111,758,1]
11-29 06:57:36.841 19381 19381 I sysui_multi_action: [757,126,758,1,759,126,927,0,928,1,1593,0]
11-29 06:57:36.841 19381 19381 I sysui_multi_action: [757,113,758,1,759,113,927,1,928,1,1593,0]
11-29 06:57:36.841 19381 19381 I sysui_multi_action: [757,0,758,1,759,0,927,2,928,0,1593,0]
11-29 06:57:36.841 19381 19381 I sysui_multi_action: [757,0,758,1,759,0,927,3,928,0,1593,0]
11-29 06:57:36.842 19381 19381 I sysui_multi_action: [757,491,758,1,759,491,927,4,928,0,1311,-1,1593,0]
11-29 06:57:36.842 19381 19381 I sysui_multi_action: [757,0,758,1,759,0,927,5,928,0,1593,0]
11-29 06:57:36.842 19381 19381 I sysui_multi_action: [757,111,758,1]
11-29 06:57:36.842 19381 19381 I sysui_multi_action: [757,126,758,1,759,126,927,0,928,1,1593,0]
11-29 06:57:36.842 19381 19381 I sysui_multi_action: [757,113,758,1,759,113,927,1,928,1,1593,0]
11-29 06:57:36.842 19381 19381 I sysui_multi_action: [757,0,758,1,759,0,927,2,928,0,1593,0]
11-29 06:57:36.842 19381 19381 I sysui_multi_action: [757,0,758,1,759,0,927,3,928,0,1593,0]
11-29 06:57:36.872 1491 1760 I GameModeConfig: isGameModeOn = false
11-29 06:57:36.938 1491 1491 I GameModeConfig: isGameModeOn = false
11-29 06:57:36.939 1491 1491 I sysui_multi_action: [757,1501,758,1,793,13414200,794,0,795,212,796,2048,806,com.android.systemui,857,updateNotification,858,3,947,0,1500,0,1688,1]
11-29 06:57:36.940 1491 1491 I sysui_multi_action: [757,804,799,note_interruptive,801,0,802,1]
11-29 06:57:36.940 1491 1491 I sysui_multi_action: [757,199,758,1,759,2,793,13414201,794,0,795,213,796,2048,806,com.android.systemui,857,updateNotification,858,3,947,0,1500,1,1688,1]
11-29 06:57:36.941 1491 1491 I notification_alert: [0|com.android.systemui|2048|null|10082,0,1,0]
11-29 06:57:36.942 1491 1491 W NotificationHistory: Attempted to add notif for locked/gone/disabled user 0
11-29 06:57:36.962 1491 1491 I GameModeConfig: isGameModeOn = false
11-29 06:57:36.962 1491 1491 E NotificationService: Muting recently noisy 0|com.android.systemui|2048|null|10082
11-29 06:57:36.982 1491 1491 I GameModeConfig: isGameModeOn = false
11-29 06:57:36.982 1491 1491 E NotificationService: Muting recently noisy 0|com.android.systemui|2048|null|10082
11-29 06:57:36.995 1491 1491 I GameModeConfig: isGameModeOn = false
11-29 06:57:36.995 1491 1491 E NotificationService: Muting recently noisy 0|com.android.systemui|2048|null|10082
11-29 06:57:37.011 1491 1491 I GameModeConfig: isGameModeOn = false
11-29 06:57:37.012 1491 1491 E NotificationService: Muting recently noisy 0|com.android.systemui|2048|null|10082
11-29 06:57:37.024 1491 1491 I GameModeConfig: isGameModeOn = false
11-29 06:57:37.024 1491 1491 E NotificationService: Muting recently noisy 0|com.android.systemui|2048|null|10082
11-29 06:57:37.041 1491 1491 I GameModeConfig: isGameModeOn = false
11-29 06:57:37.042 1491 1491 E NotificationService: Muting recently noisy 0|com.android.systemui|2048|null|10082
11-29 06:57:37.271 1491 2058 I sysui_multi_action: [757,128,758,1,793,12022044,794,0,795,12022044,796,26,798,0,806,android,857,DEVELOPER_IMPORTANT,858,4,947,0,1395,2,1500,12021839,1688,1]
11-29 06:57:37.272 1491 2058 I sysui_multi_action: [757,804,799,note_freshness,801,12022044,802,1]
11-29 06:57:37.272 1491 2058 I notification_visibility: [-1|android|26|null|1000,1,12022044,12022044,0,0]
11-29 06:57:37.272 1491 2058 I sysui_multi_action: [757,128,758,1,793,12022048,794,0,795,12022048,796,32,798,1,806,android,857,USB,858,1,947,0,1395,2,1500,12021845,1688,1]
11-29 06:57:37.272 1491 2058 I sysui_multi_action: [757,804,799,note_freshness,801,12022048,802,1]
11-29 06:57:37.272 1491 2058 I notification_visibility: [-1|android|32|null|1000,1,12022048,12022048,0,1]
11-29 06:57:37.489 1491 1693 I input_interaction: Interaction with: b10ffe2 NotificationShade (server), edge-swipe (server), swipe-up (server), PointerEventDispatcher0 (server),
11-29 06:57:37.546 1491 1760 I GameModeConfig: isGameModeOn = false
11-29 06:57:37.587 1491 1760 I GameModeConfig: isGameModeOn = false
11-29 06:57:37.589 1491 1760 I GameModeConfig: isGameModeOn = false
11-29 06:57:37.589 1491 1760 I GameModeConfig: isGameModeOn = false
11-29 06:57:37.589 1491 1760 I GameModeConfig: isGameModeOn = false
11-29 06:57:37.605 1491 1760 I GameModeConfig: isGameModeOn = false
11-29 06:57:37.629 1491 1760 I GameModeConfig: isGameModeOn = false
11-29 06:57:37.647 1491 1491 I notification_enqueue: [10089,18447,com.android.music,1,NULL,0,Notification(channel=Channel-music shortcut=null contentView=null vibrate=null sound=null defaults=0x0 flags=0x42 color=0x00000000 category=transport actions=4 vis=PRIVATE),1]
11-29 06:57:37.752 1491 1760 I GameModeConfig: isGameModeOn = false
11-29 06:57:37.805 1491 1760 I GameModeConfig: isGameModeOn = false
11-29 06:57:37.835 1491 1760 I GameModeConfig: isGameModeOn = false
11-29 06:57:37.849 1491 1491 I GameModeConfig: isGameModeOn = false
11-29 06:57:38.079 9 9 I auditd : type=1400 audit(0.0:14306): avc: denied { kill } for comm="ksoftirqd/0" capability=5 scontext=u:r:kernel:s0 tcontext=u:r:kernel:s0 tclass=capability permissive=0
11-29 06:57:38.533 1491 1760 I GameModeConfig: isGameModeOn = false
11-29 06:57:38.533 1491 1760 I GameModeConfig: isGameModeOn = false
11-29 06:57:38.533 1491 1760 I GameModeConfig: isGameModeOn = false
11-29 06:57:38.533 1491 1760 I GameModeConfig: isGameModeOn = false
11-29 06:57:38.589 1491 1491 I notification_enqueue: [10089,18447,com.android.music,1,NULL,0,Notification(channel=Channel-music shortcut=null contentView=null vibrate=null sound=null defaults=0x0 flags=0x40 color=0x00000000 category=transport actions=4 vis=PRIVATE),1]
11-29 06:57:38.592 1491 9316 I snet_event_log: [172655291,-1,]
11-29 06:57:38.790 1491 1491 I GameModeConfig: isGameModeOn = false
11-29 06:57:38.850 1491 1760 I GameModeConfig: isGameModeOn = false
11-29 06:57:39.079 101 101 I auditd : type=1400 audit(0.0:14307): avc: denied { kill } for comm="irq/41-tsens-up" capability=5 scontext=u:r:kernel:s0 tcontext=u:r:kernel:s0 tclass=capability permissive=0
11-29 06:57:39.427 1491 1760 I GameModeConfig: isGameModeOn = false
11-29 06:57:39.427 1491 1760 I GameModeConfig: isGameModeOn = false
11-29 06:57:39.427 1491 1760 I GameModeConfig: isGameModeOn = false
11-29 06:57:39.427 1491 1760 I GameModeConfig: isGameModeOn = false
11-29 06:57:39.469 1491 1491 I notification_enqueue: [10089,18447,com.android.music,1,NULL,0,Notification(channel=Channel-music shortcut=null contentView=null vibrate=null sound=null defaults=0x0 flags=0x42 color=0x00000000 category=transport actions=4 vis=PRIVATE),1]
11-29 06:57:39.644 1491 2756 E TaskPersister: File error accessing recents directory (directory doesn't exist?).
11-29 06:57:39.674 1491 1491 I GameModeConfig: isGameModeOn = false
11-29 06:57:39.953 1491 1760 I GameModeConfig: isGameModeOn = false
11-29 06:57:40.079 353 353 I auditd : type=1400 audit(0.0:14308): avc: denied { kill } for comm="irq/382-atmel_m" capability=5 scontext=u:r:kernel:s0 tcontext=u:r:kernel:s0 tclass=capability permissive=0
11-29 06:57:40.841 1491 1760 I GameModeConfig: isGameModeOn = false
11-29 06:57:40.863 1491 1760 I GameModeConfig: isGameModeOn = false
11-29 06:57:40.863 1491 1760 I GameModeConfig: isGameModeOn = false
11-29 06:57:40.863 1491 1760 I GameModeConfig: isGameModeOn = false
11-29 06:57:40.864 1491 1760 I GameModeConfig: isGameModeOn = false
11-29 06:57:40.865 19381 19381 I sysui_multi_action: [757,111,758,2]
11-29 06:57:40.865 1491 1491 I notification_enqueue: [10082,19381,com.android.systemui,2048,NULL,0,Notification(channel=updateNotification shortcut=null contentView=null vibrate=null sound=null defaults=0x0 flags=0x0 color=0x00000000 vis=PRIVATE),1]
11-29 06:57:40.865 19381 19381 I sysui_multi_action: [757,111,758,2]
11-29 06:57:40.871 1491 1760 I GameModeConfig: isGameModeOn = false
11-29 06:57:40.877 19381 19381 I sysui_multi_action: [757,111,758,1]
11-29 06:57:40.878 19381 19381 I sysui_multi_action: [757,126,758,1,759,126,927,0,928,1,1593,1]
11-29 06:57:40.878 19381 19381 I sysui_multi_action: [757,113,758,1,759,113,927,1,928,1,1593,1]
11-29 06:57:40.878 19381 19381 I sysui_multi_action: [757,0,758,1,759,0,927,2,928,0,1593,1]
11-29 06:57:40.878 19381 19381 I sysui_multi_action: [757,0,758,1,759,0,927,3,928,0,1593,1]
11-29 06:57:40.879 19381 19381 I sysui_multi_action: [757,491,758,1,759,491,927,4,928,0,1311,-1,1593,0]
11-29 06:57:40.879 19381 19381 I sysui_multi_action: [757,0,758,1,759,0,927,5,928,0,1593,0]
11-29 06:57:40.879 19381 19381 I sysui_multi_action: [757,111,758,1]
11-29 06:57:40.879 19381 19381 I sysui_multi_action: [757,126,758,1,759,126,927,0,928,1,1593,1]
11-29 06:57:40.879 19381 19381 I sysui_multi_action: [757,113,758,1,759,113,927,1,928,1,1593,1]
11-29 06:57:40.879 19381 19381 I sysui_multi_action: [757,0,758,1,759,0,927,2,928,0,1593,1]
11-29 06:57:40.879 19381 19381 I sysui_multi_action: [757,0,758,1,759,0,927,3,928,0,1593,1]
11-29 06:57:40.884 1491 1760 I GameModeConfig: isGameModeOn = false
11-29 06:57:40.891 19381 19381 I sysui_multi_action: [757,111,758,2]
11-29 06:57:40.891 19381 19381 I sysui_multi_action: [757,111,758,2]
11-29 06:57:40.891 1491 1491 I notification_enqueue: [10082,19381,com.android.systemui,2048,NULL,0,Notification(channel=updateNotification shortcut=null contentView=null vibrate=null sound=null defaults=0x0 flags=0x0 color=0x00000000 vis=PRIVATE),1]
11-29 06:57:40.893 1491 1760 I GameModeConfig: isGameModeOn = false
11-29 06:57:40.894 1491 1760 I GameModeConfig: isGameModeOn = false
11-29 06:57:40.894 1491 1760 I GameModeConfig: isGameModeOn = false
11-29 06:57:40.894 1491 1760 I GameModeConfig: isGameModeOn = false
11-29 06:57:40.895 19381 19381 I sysui_multi_action: [757,111,758,1]
11-29 06:57:40.895 19381 19381 I sysui_multi_action: [757,126,758,1,759,126,927,0,928,1,1593,1]
11-29 06:57:40.895 19381 19381 I sysui_multi_action: [757,113,758,1,759,113,927,1,928,1,1593,1]
11-29 06:57:40.895 19381 19381 I sysui_multi_action: [757,0,758,1,759,0,927,2,928,0,1593,1]
11-29 06:57:40.895 19381 19381 I sysui_multi_action: [757,0,758,1,759,0,927,3,928,0,1593,1]
11-29 06:57:40.896 19381 19381 I sysui_multi_action: [757,491,758,1,759,491,927,4,928,0,1311,-1,1593,0]
11-29 06:57:40.896 19381 19381 I sysui_multi_action: [757,0,758,1,759,0,927,5,928,0,1593,0]
11-29 06:57:40.896 19381 19381 I sysui_multi_action: [757,111,758,1]
11-29 06:57:40.896 19381 19381 I sysui_multi_action: [757,126,758,1,759,126,927,0,928,1,1593,1]
11-29 06:57:40.896 19381 19381 I sysui_multi_action: [757,113,758,1,759,113,927,1,928,1,1593,1]
11-29 06:57:40.896 19381 19381 I sysui_multi_action: [757,0,758,1,759,0,927,2,928,0,1593,1]
11-29 06:57:40.897 19381 19381 I sysui_multi_action: [757,0,758,1,759,0,927,3,928,0,1593,1]
11-29 06:57:40.901 1491 1760 I GameModeConfig: isGameModeOn = false
11-29 06:57:40.905 1491 1760 I GameModeConfig: isGameModeOn = false
11-29 06:57:40.906 1491 1760 I GameModeConfig: isGameModeOn = false
11-29 06:57:40.906 1491 1760 I GameModeConfig: isGameModeOn = false
11-29 06:57:40.906 1491 1760 I GameModeConfig: isGameModeOn = false
11-29 06:57:40.907 19381 19381 I sysui_multi_action: [757,111,758,2]
11-29 06:57:40.907 19381 19381 I sysui_multi_action: [757,111,758,2]
11-29 06:57:40.907 1491 1491 I notification_enqueue: [10082,19381,com.android.systemui,2048,NULL,0,Notification(channel=updateNotification shortcut=null contentView=null vibrate=null sound=null defaults=0x0 flags=0x0 color=0x00000000 vis=PRIVATE),1]
11-29 06:57:40.911 19381 19381 I sysui_multi_action: [757,111,758,1]
11-29 06:57:40.911 19381 19381 I sysui_multi_action: [757,126,758,1,759,126,927,0,928,1,1593,1]
11-29 06:57:40.911 19381 19381 I sysui_multi_action: [757,113,758,1,759,113,927,1,928,1,1593,1]
11-29 06:57:40.911 19381 19381 I sysui_multi_action: [757,0,758,1,759,0,927,2,928,0,1593,1]
11-29 06:57:40.911 19381 19381 I sysui_multi_action: [757,0,758,1,759,0,927,3,928,0,1593,1]
11-29 06:57:40.911 19381 19381 I sysui_multi_action: [757,491,758,1,759,491,927,4,928,0,1311,-1,1593,0]
11-29 06:57:40.911 19381 19381 I sysui_multi_action: [757,0,758,1,759,0,927,5,928,0,1593,0]
11-29 06:57:40.911 19381 19381 I sysui_multi_action: [757,111,758,1]
11-29 06:57:40.912 19381 19381 I sysui_multi_action: [757,126,758,1,759,126,927,0,928,1,1593,1]
11-29 06:57:40.912 19381 19381 I sysui_multi_action: [757,113,758,1,759,113,927,1,928,1,1593,1]
11-29 06:57:40.912 19381 19381 I sysui_multi_action: [757,0,758,1,759,0,927,2,928,0,1593,1]
11-29 06:57:40.912 19381 19381 I sysui_multi_action: [757,0,758,1,759,0,927,3,928,0,1593,1]
11-29 06:57:40.913 1491 1760 I GameModeConfig: isGameModeOn = false
11-29 06:57:40.918 1491 1760 I GameModeConfig: isGameModeOn = false
11-29 06:57:40.920 1491 1760 I GameModeConfig: isGameModeOn = false
11-29 06:57:40.920 1491 1760 I GameModeConfig: isGameModeOn = false
11-29 06:57:40.920 1491 1760 I GameModeConfig: isGameModeOn = false
11-29 06:57:40.921 19381 19381 I sysui_multi_action: [757,111,758,2]
11-29 06:57:40.922 19381 19381 I sysui_multi_action: [757,111,758,2]
11-29 06:57:40.922 1491 1491 I notification_enqueue: [10082,19381,com.android.systemui,2048,NULL,0,Notification(channel=updateNotification shortcut=null contentView=null vibrate=null sound=null defaults=0x0 flags=0x0 color=0x00000000 vis=PRIVATE),1]
11-29 06:57:40.925 19381 19381 I sysui_multi_action: [757,111,758,1]
11-29 06:57:40.925 19381 19381 I sysui_multi_action: [757,126,758,1,759,126,927,0,928,1,1593,1]
11-29 06:57:40.925 19381 19381 I sysui_multi_action: [757,113,758,1,759,113,927,1,928,1,1593,1]
11-29 06:57:40.925 19381 19381 I sysui_multi_action: [757,0,758,1,759,0,927,2,928,0,1593,1]
11-29 06:57:40.925 19381 19381 I sysui_multi_action: [757,0,758,1,759,0,927,3,928,0,1593,1]
11-29 06:57:40.925 19381 19381 I sysui_multi_action: [757,491,758,1,759,491,927,4,928,0,1311,-1,1593,0]
11-29 06:57:40.925 19381 19381 I sysui_multi_action: [757,0,758,1,759,0,927,5,928,0,1593,0]
11-29 06:57:40.925 19381 19381 I sysui_multi_action: [757,111,758,1]
11-29 06:57:40.926 19381 19381 I sysui_multi_action: [757,126,758,1,759,126,927,0,928,1,1593,1]
11-29 06:57:40.926 19381 19381 I sysui_multi_action: [757,113,758,1,759,113,927,1,928,1,1593,1]
11-29 06:57:40.926 19381 19381 I sysui_multi_action: [757,0,758,1,759,0,927,2,928,0,1593,1]
11-29 06:57:40.926 19381 19381 I sysui_multi_action: [757,0,758,1,759,0,927,3,928,0,1593,1]
11-29 06:57:40.928 1491 1760 I GameModeConfig: isGameModeOn = false
11-29 06:57:40.932 1491 1760 I GameModeConfig: isGameModeOn = false
11-29 06:57:40.933 1491 1760 I GameModeConfig: isGameModeOn = false
11-29 06:57:40.933 1491 1760 I GameModeConfig: isGameModeOn = false
11-29 06:57:40.933 1491 1760 I GameModeConfig: isGameModeOn = false
11-29 06:57:40.934 19381 19381 I sysui_multi_action: [757,111,758,2]
11-29 06:57:40.934 19381 19381 I sysui_multi_action: [757,111,758,2]
11-29 06:57:40.935 1491 1491 I notification_enqueue: [10082,19381,com.android.systemui,2048,NULL,0,Notification(channel=updateNotification shortcut=null contentView=null vibrate=null sound=null defaults=0x0 flags=0x0 color=0x00000000 vis=PRIVATE),1]
11-29 06:57:40.937 19381 19381 I sysui_multi_action: [757,111,758,1]
11-29 06:57:40.937 19381 19381 I sysui_multi_action: [757,126,758,1,759,126,927,0,928,1,1593,1]
11-29 06:57:40.937 19381 19381 I sysui_multi_action: [757,113,758,1,759,113,927,1,928,1,1593,1]
11-29 06:57:40.938 19381 19381 I sysui_multi_action: [757,0,758,1,759,0,927,2,928,0,1593,1]
11-29 06:57:40.938 19381 19381 I sysui_multi_action: [757,0,758,1,759,0,927,3,928,0,1593,1]
11-29 06:57:40.938 19381 19381 I sysui_multi_action: [757,491,758,1,759,491,927,4,928,0,1311,-1,1593,0]
11-29 06:57:40.938 19381 19381 I sysui_multi_action: [757,0,758,1,759,0,927,5,928,0,1593,0]
11-29 06:57:40.938 19381 19381 I sysui_multi_action: [757,111,758,1]
11-29 06:57:40.938 19381 19381 I sysui_multi_action: [757,126,758,1,759,126,927,0,928,1,1593,1]
11-29 06:57:40.938 19381 19381 I sysui_multi_action: [757,113,758,1,759,113,927,1,928,1,1593,1]
11-29 06:57:40.938 19381 19381 I sysui_multi_action: [757,0,758,1,759,0,927,2,928,0,1593,1]
11-29 06:57:40.938 19381 19381 I sysui_multi_action: [757,0,758,1,759,0,927,3,928,0,1593,1]
11-29 06:57:40.940 1491 1760 I GameModeConfig: isGameModeOn = false
11-29 06:57:40.946 1491 1760 I GameModeConfig: isGameModeOn = false
11-29 06:57:40.946 1491 1760 I GameModeConfig: isGameModeOn = false
11-29 06:57:40.946 1491 1760 I GameModeConfig: isGameModeOn = false
11-29 06:57:40.947 1491 1760 I GameModeConfig: isGameModeOn = false
11-29 06:57:40.948 19381 19381 I sysui_multi_action: [757,111,758,2]
11-29 06:57:40.948 19381 19381 I sysui_multi_action: [757,111,758,2]
11-29 06:57:40.948 1491 1491 I notification_enqueue: [10082,19381,com.android.systemui,2048,NULL,0,Notification(channel=updateNotification shortcut=null contentView=null vibrate=null sound=null defaults=0x0 flags=0x0 color=0x00000000 vis=PRIVATE),1]
11-29 06:57:40.951 19381 19381 I sysui_multi_action: [757,111,758,1]
11-29 06:57:40.951 19381 19381 I sysui_multi_action: [757,126,758,1,759,126,927,0,928,1,1593,1]
11-29 06:57:40.951 19381 19381 I sysui_multi_action: [757,113,758,1,759,113,927,1,928,1,1593,1]
11-29 06:57:40.951 19381 19381 I sysui_multi_action: [757,0,758,1,759,0,927,2,928,0,1593,1]
11-29 06:57:40.951 19381 19381 I sysui_multi_action: [757,0,758,1,759,0,927,3,928,0,1593,1]
11-29 06:57:40.952 19381 19381 I sysui_multi_action: [757,491,758,1,759,491,927,4,928,0,1311,-1,1593,0]
11-29 06:57:40.952 19381 19381 I sysui_multi_action: [757,0,758,1,759,0,927,5,928,0,1593,0]
11-29 06:57:40.952 19381 19381 I sysui_multi_action: [757,111,758,1]
11-29 06:57:40.952 19381 19381 I sysui_multi_action: [757,126,758,1,759,126,927,0,928,1,1593,1]
11-29 06:57:40.952 19381 19381 I sysui_multi_action: [757,113,758,1,759,113,927,1,928,1,1593,1]
11-29 06:57:40.952 19381 19381 I sysui_multi_action: [757,0,758,1,759,0,927,2,928,0,1593,1]
11-29 06:57:40.952 19381 19381 I sysui_multi_action: [757,0,758,1,759,0,927,3,928,0,1593,1]
11-29 06:57:40.956 1491 1760 I GameModeConfig: isGameModeOn = false
11-29 06:57:40.963 1491 1760 I GameModeConfig: isGameModeOn = false
11-29 06:57:40.963 1491 1760 I GameModeConfig: isGameModeOn = false
11-29 06:57:40.963 1491 1760 I GameModeConfig: isGameModeOn = false
11-29 06:57:40.963 1491 1760 I GameModeConfig: isGameModeOn = false
11-29 06:57:40.964 19381 19381 I sysui_multi_action: [757,111,758,2]
11-29 06:57:40.964 19381 19381 I sysui_multi_action: [757,111,758,2]
11-29 06:57:40.965 1491 1491 I notification_enqueue: [10082,19381,com.android.systemui,2048,NULL,0,Notification(channel=updateNotification shortcut=null contentView=null vibrate=null sound=null defaults=0x0 flags=0x0 color=0x00000000 vis=PRIVATE),1]
11-29 06:57:40.968 19381 19381 I sysui_multi_action: [757,111,758,1]
11-29 06:57:40.968 19381 19381 I sysui_multi_action: [757,126,758,1,759,126,927,0,928,1,1593,1]
11-29 06:57:40.968 19381 19381 I sysui_multi_action: [757,113,758,1,759,113,927,1,928,1,1593,1]
11-29 06:57:40.968 19381 19381 I sysui_multi_action: [757,0,758,1,759,0,927,2,928,0,1593,1]
11-29 06:57:40.968 19381 19381 I sysui_multi_action: [757,0,758,1,759,0,927,3,928,0,1593,1]
11-29 06:57:40.968 19381 19381 I sysui_multi_action: [757,491,758,1,759,491,927,4,928,0,1311,-1,1593,0]
11-29 06:57:40.968 19381 19381 I sysui_multi_action: [757,0,758,1,759,0,927,5,928,0,1593,0]
11-29 06:57:40.968 19381 19381 I sysui_multi_action: [757,111,758,1]
11-29 06:57:40.968 19381 19381 I sysui_multi_action: [757,126,758,1,759,126,927,0,928,1,1593,1]
11-29 06:57:40.968 19381 19381 I sysui_multi_action: [757,113,758,1,759,113,927,1,928,1,1593,1]
11-29 06:57:40.968 19381 19381 I sysui_multi_action: [757,0,758,1,759,0,927,2,928,0,1593,1]
11-29 06:57:40.968 19381 19381 I sysui_multi_action: [757,0,758,1,759,0,927,3,928,0,1593,1]
11-29 06:57:40.973 1491 1760 I GameModeConfig: isGameModeOn = false
11-29 06:57:40.979 1491 1760 I GameModeConfig: isGameModeOn = false
11-29 06:57:40.980 1491 1760 I GameModeConfig: isGameModeOn = false
11-29 06:57:40.980 1491 1760 I GameModeConfig: isGameModeOn = false
11-29 06:57:40.980 1491 1760 I GameModeConfig: isGameModeOn = false
11-29 06:57:40.980 19381 19381 I sysui_multi_action: [757,111,758,2]
11-29 06:57:40.981 19381 19381 I sysui_multi_action: [757,111,758,2]
11-29 06:57:40.981 1491 1491 I notification_enqueue: [10082,19381,com.android.systemui,2048,NULL,0,Notification(channel=updateNotification shortcut=null contentView=null vibrate=null sound=null defaults=0x0 flags=0x0 color=0x00000000 vis=PRIVATE),1]
11-29 06:57:40.984 19381 19381 I sysui_multi_action: [757,111,758,1]
11-29 06:57:40.985 19381 19381 I sysui_multi_action: [757,126,758,1,759,126,927,0,928,1,1593,1]
11-29 06:57:40.985 19381 19381 I sysui_multi_action: [757,113,758,1,759,113,927,1,928,1,1593,1]
11-29 06:57:40.985 19381 19381 I sysui_multi_action: [757,0,758,1,759,0,927,2,928,0,1593,1]
11-29 06:57:40.985 19381 19381 I sysui_multi_action: [757,0,758,1,759,0,927,3,928,0,1593,1]
11-29 06:57:40.985 19381 19381 I sysui_multi_action: [757,491,758,1,759,491,927,4,928,0,1311,-1,1593,0]
11-29 06:57:40.985 19381 19381 I sysui_multi_action: [757,0,758,1,759,0,927,5,928,0,1593,0]
11-29 06:57:40.985 19381 19381 I sysui_multi_action: [757,111,758,1]
11-29 06:57:40.985 19381 19381 I sysui_multi_action: [757,126,758,1,759,126,927,0,928,1,1593,1]
11-29 06:57:40.985 19381 19381 I sysui_multi_action: [757,113,758,1,759,113,927,1,928,1,1593,1]
11-29 06:57:40.985 19381 19381 I sysui_multi_action: [757,0,758,1,759,0,927,2,928,0,1593,1]
11-29 06:57:40.985 19381 19381 I sysui_multi_action: [757,0,758,1,759,0,927,3,928,0,1593,1]
11-29 06:57:40.988 1491 1760 I GameModeConfig: isGameModeOn = false
11-29 06:57:40.996 1491 1760 I GameModeConfig: isGameModeOn = false
11-29 06:57:40.996 1491 1760 I GameModeConfig: isGameModeOn = false
11-29 06:57:40.996 1491 1760 I GameModeConfig: isGameModeOn = false
11-29 06:57:40.996 1491 1760 I GameModeConfig: isGameModeOn = false
11-29 06:57:40.998 19381 19381 I sysui_multi_action: [757,111,758,2]
11-29 06:57:40.998 19381 19381 I sysui_multi_action: [757,111,758,2]
11-29 06:57:40.999 1491 1491 I notification_enqueue: [10082,19381,com.android.systemui,2048,NULL,0,Notification(channel=updateNotification shortcut=null contentView=null vibrate=null sound=null defaults=0x0 flags=0x0 color=0x00000000 vis=PRIVATE),1]
11-29 06:57:41.002 19381 19381 I sysui_multi_action: [757,111,758,1]
11-29 06:57:41.002 19381 19381 I sysui_multi_action: [757,126,758,1,759,126,927,0,928,1,1593,1]
11-29 06:57:41.002 19381 19381 I sysui_multi_action: [757,113,758,1,759,113,927,1,928,1,1593,1]
11-29 06:57:41.002 19381 19381 I sysui_multi_action: [757,0,758,1,759,0,927,2,928,0,1593,1]
11-29 06:57:41.002 19381 19381 I sysui_multi_action: [757,0,758,1,759,0,927,3,928,0,1593,1]
11-29 06:57:41.002 19381 19381 I sysui_multi_action: [757,491,758,1,759,491,927,4,928,0,1311,-1,1593,0]
11-29 06:57:41.002 19381 19381 I sysui_multi_action: [757,0,758,1,759,0,927,5,928,0,1593,0]
11-29 06:57:41.002 19381 19381 I sysui_multi_action: [757,111,758,1]
11-29 06:57:41.003 19381 19381 I sysui_multi_action: [757,126,758,1,759,126,927,0,928,1,1593,1]
11-29 06:57:41.003 19381 19381 I sysui_multi_action: [757,113,758,1,759,113,927,1,928,1,1593,1]
11-29 06:57:41.003 19381 19381 I sysui_multi_action: [757,0,758,1,759,0,927,2,928,0,1593,1]
11-29 06:57:41.003 19381 19381 I sysui_multi_action: [757,0,758,1,759,0,927,3,928,0,1593,1]
11-29 06:57:41.006 1491 1760 I GameModeConfig: isGameModeOn = false
11-29 06:57:41.013 1491 1760 I GameModeConfig: isGameModeOn = false
11-29 06:57:41.014 1491 1760 I GameModeConfig: isGameModeOn = false
11-29 06:57:41.014 1491 1760 I GameModeConfig: isGameModeOn = false
11-29 06:57:41.014 1491 1760 I GameModeConfig: isGameModeOn = false
11-29 06:57:41.017 19381 19381 I sysui_multi_action: [757,111,758,2]
11-29 06:57:41.017 19381 19381 I sysui_multi_action: [757,111,758,2]
11-29 06:57:41.018 1491 1491 I notification_enqueue: [10082,19381,com.android.systemui,2048,NULL,0,Notification(channel=updateNotification shortcut=null contentView=null vibrate=null sound=null defaults=0x0 flags=0x0 color=0x00000000 vis=PRIVATE),1]
11-29 06:57:41.020 19381 19381 I sysui_multi_action: [757,111,758,1]
11-29 06:57:41.020 19381 19381 I sysui_multi_action: [757,126,758,1,759,126,927,0,928,1,1593,1]
11-29 06:57:41.020 19381 19381 I sysui_multi_action: [757,113,758,1,759,113,927,1,928,1,1593,1]
11-29 06:57:41.020 19381 19381 I sysui_multi_action: [757,0,758,1,759,0,927,2,928,0,1593,1]
11-29 06:57:41.020 19381 19381 I sysui_multi_action: [757,0,758,1,759,0,927,3,928,0,1593,1]
11-29 06:57:41.020 19381 19381 I sysui_multi_action: [757,491,758,1,759,491,927,4,928,0,1311,-1,1593,0]
11-29 06:57:41.020 19381 19381 I sysui_multi_action: [757,0,758,1,759,0,927,5,928,0,1593,0]
11-29 06:57:41.020 19381 19381 I sysui_multi_action: [757,111,758,1]
11-29 06:57:41.021 19381 19381 I sysui_multi_action: [757,126,758,1,759,126,927,0,928,1,1593,1]
11-29 06:57:41.021 19381 19381 I sysui_multi_action: [757,113,758,1,759,113,927,1,928,1,1593,1]
11-29 06:57:41.021 19381 19381 I sysui_multi_action: [757,0,758,1,759,0,927,2,928,0,1593,1]
11-29 06:57:41.021 19381 19381 I sysui_multi_action: [757,0,758,1,759,0,927,3,928,0,1593,1]
11-29 06:57:41.022 1491 1760 I GameModeConfig: isGameModeOn = false
11-29 06:57:41.030 1491 1760 I GameModeConfig: isGameModeOn = false
11-29 06:57:41.030 1491 1760 I GameModeConfig: isGameModeOn = false
11-29 06:57:41.030 1491 1760 I GameModeConfig: isGameModeOn = false
11-29 06:57:41.030 1491 1760 I GameModeConfig: isGameModeOn = false
11-29 06:57:41.031 19381 19381 I sysui_multi_action: [757,111,758,2]
11-29 06:57:41.031 1491 1491 I notification_enqueue: [10082,19381,com.android.systemui,2048,NULL,0,Notification(channel=updateNotification shortcut=null contentView=null vibrate=null sound=null defaults=0x0 flags=0x0 color=0x00000000 vis=PRIVATE),1]
11-29 06:57:41.031 19381 19381 I sysui_multi_action: [757,111,758,2]
11-29 06:57:41.035 19381 19381 I sysui_multi_action: [757,111,758,1]
11-29 06:57:41.035 19381 19381 I sysui_multi_action: [757,126,758,1,759,126,927,0,928,1,1593,1]
11-29 06:57:41.035 19381 19381 I sysui_multi_action: [757,113,758,1,759,113,927,1,928,1,1593,1]
11-29 06:57:41.035 19381 19381 I sysui_multi_action: [757,0,758,1,759,0,927,2,928,0,1593,1]
11-29 06:57:41.035 19381 19381 I sysui_multi_action: [757,0,758,1,759,0,927,3,928,0,1593,1]
11-29 06:57:41.036 19381 19381 I sysui_multi_action: [757,491,758,1,759,491,927,4,928,0,1311,-1,1593,0]
11-29 06:57:41.036 19381 19381 I sysui_multi_action: [757,0,758,1,759,0,927,5,928,0,1593,0]
11-29 06:57:41.036 19381 19381 I sysui_multi_action: [757,111,758,1]
11-29 06:57:41.036 19381 19381 I sysui_multi_action: [757,126,758,1,759,126,927,0,928,1,1593,1]
11-29 06:57:41.036 19381 19381 I sysui_multi_action: [757,113,758,1,759,113,927,1,928,1,1593,1]
11-29 06:57:41.036 19381 19381 I sysui_multi_action: [757,0,758,1,759,0,927,2,928,0,1593,1]
11-29 06:57:41.036 19381 19381 I sysui_multi_action: [757,0,758,1,759,0,927,3,928,0,1593,1]
11-29 06:57:41.042 1491 1760 I GameModeConfig: isGameModeOn = false
11-29 06:57:41.044 1491 1760 I GameModeConfig: isGameModeOn = false
11-29 06:57:41.046 1491 1760 I GameModeConfig: isGameModeOn = false
11-29 06:57:41.046 1491 1760 I GameModeConfig: isGameModeOn = false
11-29 06:57:41.046 1491 1760 I GameModeConfig: isGameModeOn = false
11-29 06:57:41.047 1491 1760 I GameModeConfig: isGameModeOn = false
11-29 06:57:41.047 19381 19381 I sysui_multi_action: [757,111,758,2]
11-29 06:57:41.048 1491 1491 I notification_enqueue: [10082,19381,com.android.systemui,2048,NULL,0,Notification(channel=updateNotification shortcut=null contentView=null vibrate=null sound=null defaults=0x0 flags=0x0 color=0x00000000 vis=PRIVATE),1]
11-29 06:57:41.048 19381 19381 I sysui_multi_action: [757,111,758,2]
11-29 06:57:41.051 19381 19381 I sysui_multi_action: [757,111,758,1]
11-29 06:57:41.051 19381 19381 I sysui_multi_action: [757,126,758,1,759,126,927,0,928,1,1593,1]
11-29 06:57:41.051 19381 19381 I sysui_multi_action: [757,113,758,1,759,113,927,1,928,1,1593,1]
11-29 06:57:41.051 19381 19381 I sysui_multi_action: [757,0,758,1,759,0,927,2,928,0,1593,1]
11-29 06:57:41.051 19381 19381 I sysui_multi_action: [757,0,758,1,759,0,927,3,928,0,1593,1]
11-29 06:57:41.051 19381 19381 I sysui_multi_action: [757,491,758,1,759,491,927,4,928,0,1311,-1,1593,0]
11-29 06:57:41.051 19381 19381 I sysui_multi_action: [757,0,758,1,759,0,927,5,928,0,1593,0]
11-29 06:57:41.051 19381 19381 I sysui_multi_action: [757,111,758,1]
11-29 06:57:41.051 19381 19381 I sysui_multi_action: [757,126,758,1,759,126,927,0,928,1,1593,1]
11-29 06:57:41.051 19381 19381 I sysui_multi_action: [757,113,758,1,759,113,927,1,928,1,1593,1]
11-29 06:57:41.051 19381 19381 I sysui_multi_action: [757,0,758,1,759,0,927,2,928,0,1593,1]
11-29 06:57:41.051 19381 19381 I sysui_multi_action: [757,0,758,1,759,0,927,3,928,0,1593,1]
11-29 06:57:41.058 1491 1760 I GameModeConfig: isGameModeOn = false
11-29 06:57:41.063 1491 1760 I GameModeConfig: isGameModeOn = false
11-29 06:57:41.063 1491 1760 I GameModeConfig: isGameModeOn = false
11-29 06:57:41.063 1491 1760 I GameModeConfig: isGameModeOn = false
11-29 06:57:41.063 1491 1760 I GameModeConfig: isGameModeOn = false
11-29 06:57:41.064 19381 19381 I sysui_multi_action: [757,111,758,2]
11-29 06:57:41.064 19381 19381 I sysui_multi_action: [757,111,758,2]
11-29 06:57:41.065 1491 1491 I notification_enqueue: [10082,19381,com.android.systemui,2048,NULL,0,Notification(channel=updateNotification shortcut=null contentView=null vibrate=null sound=null defaults=0x0 flags=0x0 color=0x00000000 vis=PRIVATE),1]
11-29 06:57:41.067 1491 1491 I GameModeConfig: isGameModeOn = false
11-29 06:57:41.067 19381 19381 I sysui_multi_action: [757,111,758,1]
11-29 06:57:41.067 19381 19381 I sysui_multi_action: [757,126,758,1,759,126,927,0,928,1,1593,1]
11-29 06:57:41.067 19381 19381 I sysui_multi_action: [757,113,758,1,759,113,927,1,928,1,1593,1]
11-29 06:57:41.067 19381 19381 I sysui_multi_action: [757,0,758,1,759,0,927,2,928,0,1593,1]
11-29 06:57:41.067 19381 19381 I sysui_multi_action: [757,0,758,1,759,0,927,3,928,0,1593,1]
11-29 06:57:41.068 19381 19381 I sysui_multi_action: [757,491,758,1,759,491,927,4,928,0,1311,-1,1593,0]
11-29 06:57:41.068 19381 19381 I sysui_multi_action: [757,0,758,1,759,0,927,5,928,0,1593,0]
11-29 06:57:41.068 19381 19381 I sysui_multi_action: [757,111,758,1]
11-29 06:57:41.068 19381 19381 I sysui_multi_action: [757,126,758,1,759,126,927,0,928,1,1593,1]
11-29 06:57:41.068 19381 19381 I sysui_multi_action: [757,113,758,1,759,113,927,1,928,1,1593,1]
11-29 06:57:41.068 19381 19381 I sysui_multi_action: [757,0,758,1,759,0,927,2,928,0,1593,1]
11-29 06:57:41.068 19381 19381 I sysui_multi_action: [757,0,758,1,759,0,927,3,928,0,1593,1]
11-29 06:57:41.069 1491 1491 I sysui_multi_action: [757,1501,758,1,793,13418330,794,0,795,206,796,2048,806,com.android.systemui,857,updateNotification,858,3,947,0,1500,0,1688,1]
11-29 06:57:41.069 1491 1491 I sysui_multi_action: [757,804,799,note_interruptive,801,0,802,1]
11-29 06:57:41.070 1491 1491 I sysui_multi_action: [757,199,758,1,759,2,793,13418330,794,0,795,206,796,2048,806,com.android.systemui,857,updateNotification,858,3,947,0,1500,0,1688,1]
11-29 06:57:41.070 1491 1491 I notification_alert: [0|com.android.systemui|2048|null|10082,0,1,0]
11-29 06:57:41.071 1491 1491 W NotificationHistory: Attempted to add notif for locked/gone/disabled user 0
11-29 06:57:41.074 1491 1760 I GameModeConfig: isGameModeOn = false
11-29 06:57:41.075 1491 1760 I GameModeConfig: isGameModeOn = false
11-29 06:57:41.080 19381 19381 I sysui_multi_action: [757,111,758,2]
11-29 06:57:41.080 1491 1760 I GameModeConfig: isGameModeOn = false
11-29 06:57:41.081 19381 19381 I sysui_multi_action: [757,111,758,2]
11-29 06:57:41.081 1491 1760 I GameModeConfig: isGameModeOn = false
11-29 06:57:41.081 1491 1760 I GameModeConfig: isGameModeOn = false
11-29 06:57:41.082 1491 1760 I GameModeConfig: isGameModeOn = false
11-29 06:57:41.082 1491 1491 I notification_enqueue: [10082,19381,com.android.systemui,2048,NULL,0,Notification(channel=updateNotification shortcut=null contentView=null vibrate=null sound=null defaults=0x0 flags=0x0 color=0x00000000 vis=PRIVATE),1]
11-29 06:57:41.083 19381 19381 I sysui_multi_action: [757,111,758,1]
11-29 06:57:41.084 19381 19381 I sysui_multi_action: [757,126,758,1,759,126,927,0,928,1,1593,1]
11-29 06:57:41.084 19381 19381 I sysui_multi_action: [757,113,758,1,759,113,927,1,928,1,1593,1]
11-29 06:57:41.084 19381 19381 I sysui_multi_action: [757,0,758,1,759,0,927,2,928,0,1593,1]
11-29 06:57:41.084 19381 19381 I sysui_multi_action: [757,0,758,1,759,0,927,3,928,0,1593,1]
11-29 06:57:41.084 19381 19381 I sysui_multi_action: [757,491,758,1,759,491,927,4,928,0,1311,-1,1593,0]
11-29 06:57:41.084 19381 19381 I sysui_multi_action: [757,0,758,1,759,0,927,5,928,0,1593,0]
11-29 06:57:41.084 19381 19381 I sysui_multi_action: [757,111,758,1]
11-29 06:57:41.084 19381 19381 I sysui_multi_action: [757,126,758,1,759,126,927,0,928,1,1593,1]
11-29 06:57:41.084 19381 19381 I sysui_multi_action: [757,113,758,1,759,113,927,1,928,1,1593,1]
11-29 06:57:41.084 19381 19381 I sysui_multi_action: [757,0,758,1,759,0,927,2,928,0,1593,1]
11-29 06:57:41.084 19381 19381 I sysui_multi_action: [757,0,758,1,759,0,927,3,928,0,1593,1]
11-29 06:57:41.089 1491 1760 I GameModeConfig: isGameModeOn = false
11-29 06:57:41.094 1491 1491 I GameModeConfig: isGameModeOn = false
11-29 06:57:41.094 1491 1491 E NotificationService: Muting recently noisy 0|com.android.systemui|2048|null|10082
11-29 06:57:41.095 1491 1760 I GameModeConfig: isGameModeOn = false
11-29 06:57:41.098 1491 1760 I GameModeConfig: isGameModeOn = false
11-29 06:57:41.098 1491 1760 I GameModeConfig: isGameModeOn = false
11-29 06:57:41.098 1491 1760 I GameModeConfig: isGameModeOn = false
11-29 06:57:41.098 1491 1760 I GameModeConfig: isGameModeOn = false
11-29 06:57:41.099 19381 19381 I sysui_multi_action: [757,111,758,2]
11-29 06:57:41.099 19381 19381 I sysui_multi_action: [757,111,758,2]
11-29 06:57:41.100 1491 1491 I notification_enqueue: [10082,19381,com.android.systemui,2048,NULL,0,Notification(channel=updateNotification shortcut=null contentView=null vibrate=null sound=null defaults=0x0 flags=0x0 color=0x00000000 vis=PRIVATE),1]
11-29 06:57:41.102 19381 19381 I sysui_multi_action: [757,111,758,1]
11-29 06:57:41.102 19381 19381 I sysui_multi_action: [757,126,758,1,759,126,927,0,928,1,1593,1]
11-29 06:57:41.102 19381 19381 I sysui_multi_action: [757,113,758,1,759,113,927,1,928,1,1593,1]
11-29 06:57:41.102 19381 19381 I sysui_multi_action: [757,0,758,1,759,0,927,2,928,0,1593,1]
11-29 06:57:41.102 19381 19381 I sysui_multi_action: [757,0,758,1,759,0,927,3,928,0,1593,1]
11-29 06:57:41.102 1491 1760 I GameModeConfig: isGameModeOn = false
11-29 06:57:41.102 19381 19381 I sysui_multi_action: [757,491,758,1,759,491,927,4,928,0,1311,-1,1593,0]
11-29 06:57:41.103 19381 19381 I sysui_multi_action: [757,0,758,1,759,0,927,5,928,0,1593,0]
11-29 06:57:41.103 19381 19381 I sysui_multi_action: [757,111,758,1]
11-29 06:57:41.103 19381 19381 I sysui_multi_action: [757,126,758,1,759,126,927,0,928,1,1593,1]
11-29 06:57:41.103 19381 19381 I sysui_multi_action: [757,113,758,1,759,113,927,1,928,1,1593,1]
11-29 06:57:41.103 19381 19381 I sysui_multi_action: [757,0,758,1,759,0,927,2,928,0,1593,1]
11-29 06:57:41.103 19381 19381 I sysui_multi_action: [757,0,758,1,759,0,927,3,928,0,1593,1]
11-29 06:57:41.106 1491 1760 I GameModeConfig: isGameModeOn = false
11-29 06:57:41.111 1491 1491 I GameModeConfig: isGameModeOn = false
11-29 06:57:41.111 1491 1491 E NotificationService: Muting recently noisy 0|com.android.systemui|2048|null|10082
11-29 06:57:41.113 19381 19381 I sysui_multi_action: [757,111,758,2]
11-29 06:57:41.114 19381 19381 I sysui_multi_action: [757,111,758,2]
11-29 06:57:41.114 1491 1491 I notification_enqueue: [10082,19381,com.android.systemui,2048,NULL,0,Notification(channel=updateNotification shortcut=null contentView=null vibrate=null sound=null defaults=0x0 flags=0x0 color=0x00000000 vis=PRIVATE),1]
11-29 06:57:41.115 1491 1760 I GameModeConfig: isGameModeOn = false
11-29 06:57:41.115 1491 1760 I GameModeConfig: isGameModeOn = false
11-29 06:57:41.115 1491 1760 I GameModeConfig: isGameModeOn = false
11-29 06:57:41.115 1491 1760 I GameModeConfig: isGameModeOn = false
11-29 06:57:41.115 1491 1760 I GameModeConfig: isGameModeOn = false
11-29 06:57:41.116 19381 19381 I sysui_multi_action: [757,111,758,1]
11-29 06:57:41.116 19381 19381 I sysui_multi_action: [757,126,758,1,759,126,927,0,928,1,1593,1]
11-29 06:57:41.117 19381 19381 I sysui_multi_action: [757,113,758,1,759,113,927,1,928,1,1593,1]
11-29 06:57:41.117 19381 19381 I sysui_multi_action: [757,0,758,1,759,0,927,2,928,0,1593,1]
11-29 06:57:41.117 19381 19381 I sysui_multi_action: [757,0,758,1,759,0,927,3,928,0,1593,1]
11-29 06:57:41.117 19381 19381 I sysui_multi_action: [757,491,758,1,759,491,927,4,928,0,1311,-1,1593,0]
11-29 06:57:41.117 19381 19381 I sysui_multi_action: [757,0,758,1,759,0,927,5,928,0,1593,0]
11-29 06:57:41.117 19381 19381 I sysui_multi_action: [757,111,758,1]
11-29 06:57:41.117 19381 19381 I sysui_multi_action: [757,126,758,1,759,126,927,0,928,1,1593,1]
11-29 06:57:41.117 19381 19381 I sysui_multi_action: [757,113,758,1,759,113,927,1,928,1,1593,1]
11-29 06:57:41.117 19381 19381 I sysui_multi_action: [757,0,758,1,759,0,927,2,928,0,1593,1]
11-29 06:57:41.117 19381 19381 I sysui_multi_action: [757,0,758,1,759,0,927,3,928,0,1593,1]
11-29 06:57:41.122 1491 1760 I GameModeConfig: isGameModeOn = false
11-29 06:57:41.124 1491 1491 I GameModeConfig: isGameModeOn = false
11-29 06:57:41.125 1491 1491 E NotificationService: Muting recently noisy 0|com.android.systemui|2048|null|10082
11-29 06:57:41.126 1491 1760 I GameModeConfig: isGameModeOn = false
11-29 06:57:41.130 1491 1760 I GameModeConfig: isGameModeOn = false
11-29 06:57:41.130 1491 1760 I GameModeConfig: isGameModeOn = false
11-29 06:57:41.130 1491 1760 I GameModeConfig: isGameModeOn = false
11-29 06:57:41.130 1491 1760 I GameModeConfig: isGameModeOn = false
11-29 06:57:41.131 19381 19381 I sysui_multi_action: [757,111,758,2]
11-29 06:57:41.131 19381 19381 I sysui_multi_action: [757,111,758,2]
11-29 06:57:41.131 1491 1491 I notification_enqueue: [10082,19381,com.android.systemui,2048,NULL,0,Notification(channel=updateNotification shortcut=null contentView=null vibrate=null sound=null defaults=0x0 flags=0x0 color=0x00000000 vis=PRIVATE),1]
11-29 06:57:41.134 19381 19381 I sysui_multi_action: [757,111,758,1]
11-29 06:57:41.134 19381 19381 I sysui_multi_action: [757,126,758,1,759,126,927,0,928,1,1593,1]
11-29 06:57:41.134 19381 19381 I sysui_multi_action: [757,113,758,1,759,113,927,1,928,1,1593,1]
11-29 06:57:41.134 19381 19381 I sysui_multi_action: [757,0,758,1,759,0,927,2,928,0,1593,1]
11-29 06:57:41.134 19381 19381 I sysui_multi_action: [757,0,758,1,759,0,927,3,928,0,1593,1]
11-29 06:57:41.134 19381 19381 I sysui_multi_action: [757,491,758,1,759,491,927,4,928,0,1311,-1,1593,0]
11-29 06:57:41.134 19381 19381 I sysui_multi_action: [757,0,758,1,759,0,927,5,928,0,1593,0]
11-29 06:57:41.134 19381 19381 I sysui_multi_action: [757,111,758,1]
11-29 06:57:41.134 19381 19381 I sysui_multi_action: [757,126,758,1,759,126,927,0,928,1,1593,1]
11-29 06:57:41.134 19381 19381 I sysui_multi_action: [757,113,758,1,759,113,927,1,928,1,1593,1]
11-29 06:57:41.134 19381 19381 I sysui_multi_action: [757,0,758,1,759,0,927,2,928,0,1593,1]
11-29 06:57:41.134 19381 19381 I sysui_multi_action: [757,0,758,1,759,0,927,3,928,0,1593,1]
11-29 06:57:41.136 1491 1491 I GameModeConfig: isGameModeOn = false
11-29 06:57:41.137 1491 1491 E NotificationService: Muting recently noisy 0|com.android.systemui|2048|null|10082
11-29 06:57:41.140 1491 1760 I GameModeConfig: isGameModeOn = false
11-29 06:57:41.141 1491 1760 I GameModeConfig: isGameModeOn = false
11-29 06:57:41.146 1491 1760 I GameModeConfig: isGameModeOn = false
11-29 06:57:41.147 1491 1760 I GameModeConfig: isGameModeOn = false
11-29 06:57:41.147 1491 1760 I GameModeConfig: isGameModeOn = false
11-29 06:57:41.147 1491 1760 I GameModeConfig: isGameModeOn = false
11-29 06:57:41.148 19381 19381 I sysui_multi_action: [757,111,758,2]
11-29 06:57:41.148 19381 19381 I sysui_multi_action: [757,111,758,2]
11-29 06:57:41.148 1491 1491 I notification_enqueue: [10082,19381,com.android.systemui,2048,NULL,0,Notification(channel=updateNotification shortcut=null contentView=null vibrate=null sound=null defaults=0x0 flags=0x0 color=0x00000000 vis=PRIVATE),1]
11-29 06:57:41.151 19381 19381 I sysui_multi_action: [757,111,758,1]
11-29 06:57:41.151 19381 19381 I sysui_multi_action: [757,126,758,1,759,126,927,0,928,1,1593,1]
11-29 06:57:41.151 19381 19381 I sysui_multi_action: [757,113,758,1,759,113,927,1,928,1,1593,1]
11-29 06:57:41.151 19381 19381 I sysui_multi_action: [757,0,758,1,759,0,927,2,928,0,1593,1]
11-29 06:57:41.151 19381 19381 I sysui_multi_action: [757,0,758,1,759,0,927,3,928,0,1593,1]
11-29 06:57:41.151 19381 19381 I sysui_multi_action: [757,491,758,1,759,491,927,4,928,0,1311,-1,1593,0]
11-29 06:57:41.151 19381 19381 I sysui_multi_action: [757,0,758,1,759,0,927,5,928,0,1593,0]
11-29 06:57:41.151 19381 19381 I sysui_multi_action: [757,111,758,1]
11-29 06:57:41.151 19381 19381 I sysui_multi_action: [757,126,758,1,759,126,927,0,928,1,1593,1]
11-29 06:57:41.151 19381 19381 I sysui_multi_action: [757,113,758,1,759,113,927,1,928,1,1593,1]
11-29 06:57:41.151 19381 19381 I sysui_multi_action: [757,0,758,1,759,0,927,2,928,0,1593,1]
11-29 06:57:41.151 19381 19381 I sysui_multi_action: [757,0,758,1,759,0,927,3,928,0,1593,1]
11-29 06:57:41.153 1491 1491 I GameModeConfig: isGameModeOn = false
11-29 06:57:41.153 1491 1491 E NotificationService: Muting recently noisy 0|com.android.systemui|2048|null|10082
11-29 06:57:41.156 1491 1760 I GameModeConfig: isGameModeOn = false
11-29 06:57:41.159 1491 1760 I GameModeConfig: isGameModeOn = false
11-29 06:57:41.163 1491 1760 I GameModeConfig: isGameModeOn = false
11-29 06:57:41.163 1491 1760 I GameModeConfig: isGameModeOn = false
11-29 06:57:41.163 1491 1760 I GameModeConfig: isGameModeOn = false
11-29 06:57:41.163 1491 1760 I GameModeConfig: isGameModeOn = false
11-29 06:57:41.164 19381 19381 I sysui_multi_action: [757,111,758,2]
11-29 06:57:41.164 1491 1491 I notification_enqueue: [10082,19381,com.android.systemui,2048,NULL,0,Notification(channel=updateNotification shortcut=null contentView=null vibrate=null sound=null defaults=0x0 flags=0x0 color=0x00000000 vis=PRIVATE),1]
11-29 06:57:41.164 19381 19381 I sysui_multi_action: [757,111,758,2]
11-29 06:57:41.167 1491 1491 I GameModeConfig: isGameModeOn = false
11-29 06:57:41.167 19381 19381 I sysui_multi_action: [757,111,758,1]
11-29 06:57:41.167 1491 1491 E NotificationService: Muting recently noisy 0|com.android.systemui|2048|null|10082
11-29 06:57:41.167 19381 19381 I sysui_multi_action: [757,126,758,1,759,126,927,0,928,1,1593,1]
11-29 06:57:41.167 19381 19381 I sysui_multi_action: [757,113,758,1,759,113,927,1,928,1,1593,1]
11-29 06:57:41.168 19381 19381 I sysui_multi_action: [757,0,758,1,759,0,927,2,928,0,1593,1]
11-29 06:57:41.168 19381 19381 I sysui_multi_action: [757,0,758,1,759,0,927,3,928,0,1593,1]
11-29 06:57:41.168 19381 19381 I sysui_multi_action: [757,491,758,1,759,491,927,4,928,0,1311,-1,1593,0]
11-29 06:57:41.168 19381 19381 I sysui_multi_action: [757,0,758,1,759,0,927,5,928,0,1593,0]
11-29 06:57:41.168 19381 19381 I sysui_multi_action: [757,111,758,1]
11-29 06:57:41.168 19381 19381 I sysui_multi_action: [757,126,758,1,759,126,927,0,928,1,1593,1]
