11-29 06:57:51.168 1491 1760 I GameModeConfig: isGameModeOn = false
11-29 06:57:51.180 1491 1760 I GameModeConfig: isGameModeOn = false
11-29 06:57:51.184 1491 1760 I GameModeConfig: isGameModeOn = false
11-29 06:57:51.197 1491 1760 I GameModeConfig: isGameModeOn = false
11-29 06:57:51.203 1491 1760 I GameModeConfig: isGameModeOn = false
11-29 06:57:51.217 1491 1760 I GameModeConfig: isGameModeOn = false
11-29 06:57:51.233 1491 1760 I GameModeConfig: isGameModeOn = false
11-29 06:57:51.235 1491 1760 I GameModeConfig: isGameModeOn = false
11-29 06:57:51.249 1491 1760 I GameModeConfig: isGameModeOn = false
11-29 06:57:51.267 1491 1760 I GameModeConfig: isGameModeOn = false
11-29 06:57:51.285 1491 1760 I GameModeConfig: isGameModeOn = false
11-29 06:57:51.303 1491 1760 I GameModeConfig: isGameModeOn = false
11-29 06:57:51.317 1491 1760 I GameModeConfig: isGameModeOn = false
11-29 06:57:51.337 1491 1760 I GameModeConfig: isGameModeOn = false
11-29 06:57:51.350 1491 1760 I GameModeConfig: isGameModeOn = false
11-29 06:57:51.367 1491 1760 I GameModeConfig: isGameModeOn = false
11-29 06:57:51.384 1491 1760 I GameModeConfig: isGameModeOn = false
11-29 06:57:51.400 1491 1760 I GameModeConfig: isGameModeOn = false
11-29 06:57:51.437 1491 1760 I GameModeConfig: isGameModeOn = false
11-29 06:57:51.502 1491 1693 I input_interaction: Interaction with: bd11fcf StatusBar (server), edge-swipe (server), swipe-up (server), PointerEventDispatcher0 (server),
11-29 06:57:51.508 19381 19381 I sysui_multi_action: [757,803,799,panel_open,802,1]
11-29 06:57:51.509 19381 19381 I sysui_multi_action: [757,1328,758,4,1326,67,1327,1,1329,0]
11-29 06:57:51.516 1491 1760 I GameModeConfig: isGameModeOn = false
11-29 06:57:51.525 1491 9950 I sysui_multi_action: [757,127,758,1]
11-29 06:57:51.526 1491 9950 I sysui_multi_action: [757,804,799,note_load,801,2,802,1]
11-29 06:57:51.526 1491 9950 I notification_panel_revealed: 2
11-29 06:57:51.527 1491 1760 I GameModeConfig: isGameModeOn = false
11-29 06:57:51.528 1491 1760 I GameModeConfig: isGameModeOn = false
11-29 06:57:51.528 1491 1760 I GameModeConfig: isGameModeOn = false
11-29 06:57:51.528 1491 1760 I GameModeConfig: isGameModeOn = false
11-29 06:57:51.530 1491 1491 I notification_enqueue: [10082,19381,com.android.systemui,2048,NULL,0,Notification(channel=updateNotification shortcut=null contentView=null vibrate=null sound=null defaults=0x0 flags=0x0 color=0x00000000 vis=PRIVATE),1]
11-29 06:57:51.530 19381 19381 I sysui_multi_action: [757,111,758,2]
11-29 06:57:51.531 19381 19381 I sysui_multi_action: [757,111,758,2]
11-29 06:57:51.545 1491 1760 I GameModeConfig: isGameModeOn = false
11-29 06:57:51.549 1491 1600 I input_focus: [Focus request b10ffe2 NotificationShade,reason=UpdateInputWindows]
11-29 06:57:51.551 19381 19381 I sysui_multi_action: [757,111,758,1]
11-29 06:57:51.551 19381 19381 I sysui_multi_action: [757,126,758,1,759,126,927,0,928,1,1593,0]
11-29 06:57:51.551 19381 19381 I sysui_multi_action: [757,113,758,1,759,113,927,1,928,1,1593,0]
11-29 06:57:51.551 19381 19381 I sysui_multi_action: [757,0,758,1,759,0,927,2,928,0,1593,0]
11-29 06:57:51.551 19381 19381 I sysui_multi_action: [757,0,758,1,759,0,927,3,928,0,1593,0]
11-29 06:57:51.551 19381 19381 I sysui_multi_action: [757,491,758,1,759,491,927,4,928,0,1311,-1,1593,0]
11-29 06:57:51.551 19381 19381 I sysui_multi_action: [757,0,758,1,759,0,927,5,928,0,1593,0]
11-29 06:57:51.551 19381 19381 I sysui_multi_action: [757,111,758,1]
11-29 06:57:51.551 19381 19381 I sysui_multi_action: [757,126,758,1,759,126,927,0,928,1,1593,0]
11-29 06:57:51.552 19381 19381 I sysui_multi_action: [757,113,758,1,759,113,927,1,928,1,1593,0]
11-29 06:57:51.552 19381 19381 I sysui_multi_action: [757,0,758,1,759,0,927,2,928,0,1593,0]
11-29 06:57:51.552 19381 19381 I sysui_multi_action: [757,0,758,1,759,0,927,3,928,0,1593,0]
11-29 06:57:51.563 1491 1760 I GameModeConfig: isGameModeOn = false
11-29 06:57:51.563 1491 1760 I GameModeConfig: isGameModeOn = false
11-29 06:57:51.563 1491 1760 I GameModeConfig: isGameModeOn = false
11-29 06:57:51.563 1491 1760 I GameModeConfig: isGameModeOn = false
11-29 06:57:51.564 19381 19381 I sysui_multi_action: [757,111,758,2]
11-29 06:57:51.564 19381 19381 I sysui_multi_action: [757,111,758,2]
11-29 06:57:51.564 1491 1491 I notification_enqueue: [10082,19381,com.android.systemui,2048,NULL,0,Notification(channel=updateNotification shortcut=null contentView=null vibrate=null sound=null defaults=0x0 flags=0x0 color=0x00000000 vis=PRIVATE),1]
11-29 06:57:51.565 1491 1760 I GameModeConfig: isGameModeOn = false
11-29 06:57:51.568 19381 19381 I sysui_multi_action: [757,111,758,1]
11-29 06:57:51.568 19381 19381 I sysui_multi_action: [757,126,758,1,759,126,927,0,928,1,1593,0]
11-29 06:57:51.568 19381 19381 I sysui_multi_action: [757,113,758,1,759,113,927,1,928,1,1593,0]
11-29 06:57:51.568 19381 19381 I sysui_multi_action: [757,0,758,1,759,0,927,2,928,0,1593,0]
11-29 06:57:51.568 19381 19381 I sysui_multi_action: [757,0,758,1,759,0,927,3,928,0,1593,0]
11-29 06:57:51.568 19381 19381 I sysui_multi_action: [757,491,758,1,759,491,927,4,928,0,1311,-1,1593,0]
11-29 06:57:51.568 19381 19381 I sysui_multi_action: [757,0,758,1,759,0,927,5,928,0,1593,0]
11-29 06:57:51.568 19381 19381 I sysui_multi_action: [757,111,758,1]
11-29 06:57:51.568 19381 19381 I sysui_multi_action: [757,126,758,1,759,126,927,0,928,1,1593,0]
11-29 06:57:51.568 19381 19381 I sysui_multi_action: [757,113,758,1,759,113,927,1,928,1,1593,0]
11-29 06:57:51.568 19381 19381 I sysui_multi_action: [757,0,758,1,759,0,927,2,928,0,1593,0]
11-29 06:57:51.568 19381 19381 I sysui_multi_action: [757,0,758,1,759,0,927,3,928,0,1593,0]
11-29 06:57:51.579 1491 1693 I input_focus: [Focus leaving cd0514f com.android.launcher3/com.android.launcher3.uioverrides.QuickstepLauncher (server),reason=setFocusedWindow]
11-29 06:57:51.579 1491 1693 I input_focus: [Focus entering b10ffe2 NotificationShade (server),reason=setFocusedWindow]
11-29 06:57:51.580 19381 19381 I sysui_multi_action: [757,111,758,2]
11-29 06:57:51.580 19381 19381 I sysui_multi_action: [757,111,758,2]
11-29 06:57:51.580 1491 1491 I notification_enqueue: [10082,19381,com.android.systemui,2048,NULL,0,Notification(channel=updateNotification shortcut=null contentView=null vibrate=null sound=null defaults=0x0 flags=0x0 color=0x00000000 vis=PRIVATE),1]
11-29 06:57:51.580 1491 1760 I GameModeConfig: isGameModeOn = false
11-29 06:57:51.581 1491 1760 I GameModeConfig: isGameModeOn = false
11-29 06:57:51.581 1491 1760 I GameModeConfig: isGameModeOn = false
11-29 06:57:51.581 1491 1760 I GameModeConfig: isGameModeOn = false
11-29 06:57:51.583 19381 19381 I sysui_multi_action: [757,111,758,1]
11-29 06:57:51.583 19381 19381 I sysui_multi_action: [757,126,758,1,759,126,927,0,928,1,1593,0]
11-29 06:57:51.583 19381 19381 I sysui_multi_action: [757,113,758,1,759,113,927,1,928,1,1593,0]
11-29 06:57:51.583 19381 19381 I sysui_multi_action: [757,0,758,1,759,0,927,2,928,0,1593,0]
11-29 06:57:51.583 19381 19381 I sysui_multi_action: [757,0,758,1,759,0,927,3,928,0,1593,0]
11-29 06:57:51.583 19381 19381 I sysui_multi_action: [757,491,758,1,759,491,927,4,928,0,1311,-1,1593,0]
11-29 06:57:51.583 19381 19381 I sysui_multi_action: [757,0,758,1,759,0,927,5,928,0,1593,0]
11-29 06:57:51.583 19381 19381 I sysui_multi_action: [757,111,758,1]
11-29 06:57:51.584 19381 19381 I sysui_multi_action: [757,126,758,1,759,126,927,0,928,1,1593,0]
11-29 06:57:51.584 19381 19381 I sysui_multi_action: [757,113,758,1,759,113,927,1,928,1,1593,0]
11-29 06:57:51.584 19381 19381 I sysui_multi_action: [757,0,758,1,759,0,927,2,928,0,1593,0]
11-29 06:57:51.584 19381 19381 I sysui_multi_action: [757,0,758,1,759,0,927,3,928,0,1593,0]
11-29 06:57:51.584 1491 1760 I GameModeConfig: isGameModeOn = false
11-29 06:57:51.594 19381 19381 I sysui_multi_action: [757,111,758,2]
11-29 06:57:51.594 19381 19381 I sysui_multi_action: [757,111,758,2]
11-29 06:57:51.595 1491 1491 I notification_enqueue: [10082,19381,com.android.systemui,2048,NULL,0,Notification(channel=updateNotification shortcut=null contentView=null vibrate=null sound=null defaults=0x0 flags=0x0 color=0x00000000 vis=PRIVATE),1]
11-29 06:57:51.596 1491 1760 I GameModeConfig: isGameModeOn = false
11-29 06:57:51.596 1491 1760 I GameModeConfig: isGameModeOn = false
11-29 06:57:51.596 1491 1760 I GameModeConfig: isGameModeOn = false
11-29 06:57:51.596 1491 1760 I GameModeConfig: isGameModeOn = false
11-29 06:57:51.597 19381 19381 I sysui_multi_action: [757,111,758,1]
11-29 06:57:51.597 19381 19381 I sysui_multi_action: [757,126,758,1,759,126,927,0,928,1,1593,0]
11-29 06:57:51.597 19381 19381 I sysui_multi_action: [757,113,758,1,759,113,927,1,928,1,1593,0]
11-29 06:57:51.597 19381 19381 I sysui_multi_action: [757,0,758,1,759,0,927,2,928,0,1593,0]
11-29 06:57:51.597 19381 19381 I sysui_multi_action: [757,0,758,1,759,0,927,3,928,0,1593,0]
11-29 06:57:51.597 19381 19381 I sysui_multi_action: [757,491,758,1,759,491,927,4,928,0,1311,-1,1593,0]
11-29 06:57:51.597 19381 19381 I sysui_multi_action: [757,0,758,1,759,0,927,5,928,0,1593,0]
11-29 06:57:51.597 19381 19381 I sysui_multi_action: [757,111,758,1]
11-29 06:57:51.597 19381 19381 I sysui_multi_action: [757,126,758,1,759,126,927,0,928,1,1593,0]
11-29 06:57:51.598 19381 19381 I sysui_multi_action: [757,113,758,1,759,113,927,1,928,1,1593,0]
11-29 06:57:51.598 19381 19381 I sysui_multi_action: [757,0,758,1,759,0,927,2,928,0,1593,0]
11-29 06:57:51.598 19381 19381 I sysui_multi_action: [757,0,758,1,759,0,927,3,928,0,1593,0]
11-29 06:57:51.604 1491 1760 I GameModeConfig: isGameModeOn = false
11-29 06:57:51.614 1491 1760 I GameModeConfig: isGameModeOn = false
11-29 06:57:51.615 1491 1760 I GameModeConfig: isGameModeOn = false
11-29 06:57:51.615 1491 1760 I GameModeConfig: isGameModeOn = false
11-29 06:57:51.615 1491 1760 I GameModeConfig: isGameModeOn = false
11-29 06:57:51.616 19381 19381 I sysui_multi_action: [757,111,758,2]
11-29 06:57:51.616 19381 19381 I sysui_multi_action: [757,111,758,2]
11-29 06:57:51.616 1491 1491 I notification_enqueue: [10082,19381,com.android.systemui,2048,NULL,0,Notification(channel=updateNotification shortcut=null contentView=null vibrate=null sound=null defaults=0x0 flags=0x0 color=0x00000000 vis=PRIVATE),1]
11-29 06:57:51.617 1491 1760 I GameModeConfig: isGameModeOn = false
11-29 06:57:51.622 19381 19381 I sysui_multi_action: [757,111,758,1]
11-29 06:57:51.622 19381 19381 I sysui_multi_action: [757,126,758,1,759,126,927,0,928,1,1593,0]
11-29 06:57:51.622 19381 19381 I sysui_multi_action: [757,113,758,1,759,113,927,1,928,1,1593,0]
11-29 06:57:51.622 19381 19381 I sysui_multi_action: [757,0,758,1,759,0,927,2,928,0,1593,0]
11-29 06:57:51.622 19381 19381 I sysui_multi_action: [757,0,758,1,759,0,927,3,928,0,1593,0]
11-29 06:57:51.623 19381 19381 I sysui_multi_action: [757,491,758,1,759,491,927,4,928,0,1311,-1,1593,0]
11-29 06:57:51.623 19381 19381 I sysui_multi_action: [757,0,758,1,759,0,927,5,928,0,1593,0]
11-29 06:57:51.623 19381 19381 I sysui_multi_action: [757,111,758,1]
11-29 06:57:51.623 19381 19381 I sysui_multi_action: [757,126,758,1,759,126,927,0,928,1,1593,0]
11-29 06:57:51.623 19381 19381 I sysui_multi_action: [757,113,758,1,759,113,927,1,928,1,1593,0]
11-29 06:57:51.623 19381 19381 I sysui_multi_action: [757,0,758,1,759,0,927,2,928,0,1593,0]
11-29 06:57:51.623 19381 19381 I sysui_multi_action: [757,0,758,1,759,0,927,3,928,0,1593,0]
11-29 06:57:51.639 1491 1760 I GameModeConfig: isGameModeOn = false
11-29 06:57:51.657 1491 1760 I GameModeConfig: isGameModeOn = false
11-29 06:57:51.668 1491 1760 I GameModeConfig: isGameModeOn = false
11-29 06:57:51.682 1491 1760 I GameModeConfig: isGameModeOn = false
11-29 06:57:51.698 1491 1760 I GameModeConfig: isGameModeOn = false
11-29 06:57:51.714 1491 1760 I GameModeConfig: isGameModeOn = false
11-29 06:57:51.720 1491 1760 I GameModeConfig: isGameModeOn = false
11-29 06:57:51.734 1491 1491 I GameModeConfig: isGameModeOn = false
11-29 06:57:51.736 1491 1491 I sysui_multi_action: [757,1501,758,1,793,13428997,794,0,795,208,796,2048,806,com.android.systemui,857,updateNotification,858,3,947,0,1500,0,1688,1]
11-29 06:57:51.737 1491 1491 I sysui_multi_action: [757,804,799,note_interruptive,801,0,802,1]
11-29 06:57:51.738 1491 1491 I sysui_multi_action: [757,199,758,1,759,2,793,13428998,794,0,795,209,796,2048,806,com.android.systemui,857,updateNotification,858,3,947,0,1500,1,1688,1]
11-29 06:57:51.739 1491 1491 I notification_alert: [0|com.android.systemui|2048|null|10082,0,1,0]
11-29 06:57:51.741 1491 1491 W NotificationHistory: Attempted to add notif for locked/gone/disabled user 0
11-29 06:57:51.752 1491 1760 I GameModeConfig: isGameModeOn = false
11-29 06:57:51.765 1491 1491 I GameModeConfig: isGameModeOn = false
11-29 06:57:51.766 1491 1491 E NotificationService: Muting recently noisy 0|com.android.systemui|2048|null|10082
11-29 06:57:51.766 1491 1760 I GameModeConfig: isGameModeOn = false
11-29 06:57:51.771 1491 1760 I GameModeConfig: isGameModeOn = false
11-29 06:57:51.781 1491 1491 I GameModeConfig: isGameModeOn = false
11-29 06:57:51.781 1491 1491 E NotificationService: Muting recently noisy 0|com.android.systemui|2048|null|10082
11-29 06:57:51.790 1491 1760 I GameModeConfig: isGameModeOn = false
11-29 06:57:51.792 1491 1760 I GameModeConfig: isGameModeOn = false
11-29 06:57:51.797 1491 1491 I GameModeConfig: isGameModeOn = false
11-29 06:57:51.798 1491 1491 E NotificationService: Muting recently noisy 0|com.android.systemui|2048|null|10082
11-29 06:57:51.810 1491 1760 I GameModeConfig: isGameModeOn = false
11-29 06:57:51.810 1491 1760 I GameModeConfig: isGameModeOn = false
11-29 06:57:51.817 1491 1491 I GameModeConfig: isGameModeOn = false
11-29 06:57:51.818 1491 1491 E NotificationService: Muting recently noisy 0|com.android.systemui|2048|null|10082
11-29 06:57:51.825 1491 1760 I GameModeConfig: isGameModeOn = false
11-29 06:57:51.829 1491 1760 I GameModeConfig: isGameModeOn = false
11-29 06:57:51.839 1491 1760 I GameModeConfig: isGameModeOn = false
11-29 06:57:51.848 1491 1760 I GameModeConfig: isGameModeOn = false
11-29 06:57:51.852 1491 1760 I GameModeConfig: isGameModeOn = false
11-29 06:57:51.860 1491 1760 I GameModeConfig: isGameModeOn = false
11-29 06:57:51.876 1491 1760 I GameModeConfig: isGameModeOn = false
11-29 06:57:51.882 1491 1760 I GameModeConfig: isGameModeOn = false
11-29 06:57:51.885 1491 1760 I GameModeConfig: isGameModeOn = false
11-29 06:57:51.902 1491 1760 I GameModeConfig: isGameModeOn = false
11-29 06:57:51.903 1491 1760 I GameModeConfig: isGameModeOn = false
11-29 06:57:51.922 1491 1760 I GameModeConfig: isGameModeOn = false
11-29 06:57:51.972 1491 1760 I GameModeConfig: isGameModeOn = false
11-29 06:57:51.993 1491 1760 I GameModeConfig: isGameModeOn = false
11-29 06:57:52.016 1491 1760 I GameModeConfig: isGameModeOn = false
11-29 06:57:52.027 1491 1760 I GameModeConfig: isGameModeOn = false
11-29 06:57:52.044 1491 1760 I GameModeConfig: isGameModeOn = false
11-29 06:57:52.062 1491 1760 I GameModeConfig: isGameModeOn = false
11-29 06:57:52.076 1491 8854 I sysui_multi_action: [757,128,758,1,793,12036848,794,0,795,12036848,796,26,798,0,806,android,857,DEVELOPER_IMPORTANT,858,4,947,0,1395,2,1500,12036643,1688,1]
11-29 06:57:52.076 1491 8854 I sysui_multi_action: [757,804,799,note_freshness,801,12036848,802,1]
11-29 06:57:52.076 1491 8854 I notification_visibility: [-1|android|26|null|1000,1,12036848,12036848,0,0]
11-29 06:57:52.076 1491 8854 I sysui_multi_action: [757,128,758,1,793,12036852,794,0,795,12036852,796,32,798,1,806,android,857,USB,858,1,947,0,1395,2,1500,12036649,1688,1]
11-29 06:57:52.076 1491 8854 I sysui_multi_action: [757,804,799,note_freshness,801,12036852,802,1]
11-29 06:57:52.077 1491 8854 I notification_visibility: [-1|android|32|null|1000,1,12036852,12036852,0,1]
11-29 06:57:52.079 0 0 I auditd : type=1400 audit(0.0:14314): avc: denied { kill } for comm="swapper/2" capability=5 scontext=u:r:kernel:s0 tcontext=u:r:kernel:s0 tclass=capability permissive=0
11-29 06:57:52.090 1491 1760 I GameModeConfig: isGameModeOn = false
11-29 06:57:52.109 1491 1760 I GameModeConfig: isGameModeOn = false
11-29 06:57:52.478 1491 1693 I input_interaction: Interaction with: b10ffe2 NotificationShade (server), edge-swipe (server), swipe-up (server), PointerEventDispatcher0 (server),
11-29 06:57:52.578 1491 1760 I GameModeConfig: isGameModeOn = false
11-29 06:57:52.578 1491 1760 I GameModeConfig: isGameModeOn = false
11-29 06:57:52.578 1491 1760 I GameModeConfig: isGameModeOn = false
11-29 06:57:52.584 1491 1760 I GameModeConfig: isGameModeOn = false
11-29 06:57:52.630 1491 1491 I notification_enqueue: [10089,18447,com.android.music,1,NULL,0,Notification(channel=Channel-music shortcut=null contentView=null vibrate=null sound=null defaults=0x0 flags=0x42 color=0x00000000 category=transport actions=4 vis=PRIVATE),1]
11-29 06:57:52.832 1491 1491 I GameModeConfig: isGameModeOn = false
11-29 06:57:53.079 0 0 I auditd : type=1400 audit(0.0:14315): avc: denied { kill } for comm="swapper/2" capability=5 scontext=u:r:kernel:s0 tcontext=u:r:kernel:s0 tclass=capability permissive=0
11-29 06:57:53.128 1491 1760 I GameModeConfig: isGameModeOn = false
11-29 06:57:53.163 1491 2756 E TaskPersister: File error accessing recents directory (directory doesn't exist?).
11-29 06:57:53.165 1491 1760 I GameModeConfig: isGameModeOn = false
11-29 06:57:53.186 1491 1760 I GameModeConfig: isGameModeOn = false
11-29 06:57:53.203 1491 1760 I GameModeConfig: isGameModeOn = false
11-29 06:57:53.226 1491 1760 I GameModeConfig: isGameModeOn = false
11-29 06:57:53.329 1491 1760 I GameModeConfig: isGameModeOn = false
11-29 06:57:53.369 1491 1760 I GameModeConfig: isGameModeOn = false
11-29 06:57:53.385 1491 1760 I GameModeConfig: isGameModeOn = false
11-29 06:57:53.409 1491 1760 I GameModeConfig: isGameModeOn = false
11-29 06:57:53.438 1491 1760 I GameModeConfig: isGameModeOn = false
11-29 06:57:53.898 1491 1760 I GameModeConfig: isGameModeOn = false
11-29 06:57:54.071 1491 9682 I ActivityTaskManager: START u0 {act=android.settings.ACTION_MEDIA_CONTROLS_SETTINGS flg=0x14000000 cmp=com.android.settings/.Settings$MediaControlsSettingsActivity} from uid 10082
11-29 06:57:54.079 1491 9682 I wm_task_created: [154,-1]
11-29 06:57:54.079 1491 9682 W ActivityTaskManager: Can't find TaskDisplayArea to determine support for multi window. Task id=154 attached=false
11-29 06:57:54.083 1491 9682 I wm_task_moved: [154,1,6]
11-29 06:57:54.079 0 0 I auditd : type=1400 audit(0.0:14316): avc: denied { kill } for comm="swapper/2" capability=5 scontext=u:r:kernel:s0 tcontext=u:r:kernel:s0 tclass=capability permissive=0
11-29 06:57:54.083 1491 9682 I wm_task_to_front: [0,154]
11-29 06:57:54.084 1491 9682 I wm_create_task: [0,154]
11-29 06:57:54.084 1491 9682 I wm_create_activity: [0,245658098,154,com.android.settings/.Settings$MediaControlsSettingsActivity,android.settings.ACTION_MEDIA_CONTROLS_SETTINGS,NULL,NULL,335544320]
11-29 06:57:54.084 1491 9682 I wm_task_moved: [154,1,6]
11-29 06:57:54.084 9956 9956 I wm_on_top_resumed_lost_called: [254362067,com.android.launcher3.uioverrides.QuickstepLauncher,topStateChangedWhenResumed]
11-29 06:57:54.086 1491 9682 I wm_pause_activity: [0,254362067,com.android.launcher3/.uioverrides.QuickstepLauncher,userLeaving=true,pauseBackTasks]
11-29 06:57:54.095 9956 9956 I wm_on_paused_called: [254362067,com.android.launcher3.uioverrides.QuickstepLauncher,performPause]
11-29 06:57:54.096 1491 1600 I input_focus: [Focus request cd0514f com.android.launcher3/com.android.launcher3.uioverrides.QuickstepLauncher,reason=UpdateInputWindows]
11-29 06:57:54.097 1491 9682 I ActivityTaskManager: FOREGROUND_APPLICATION_CHANGED to com.android.settings.Settings$MediaControlsSettingsActivity
11-29 06:57:54.102 1491 9682 I ActivityTaskManager: The Process com.android.settings Already Exists in BG. So sending its PID: 19688
11-29 06:57:54.103 1491 9682 I wm_add_to_stopping: [0,254362067,com.android.launcher3/.uioverrides.QuickstepLauncher,makeInvisible]
11-29 06:57:54.103 1491 9682 I wm_restart_activity: [0,245658098,154,com.android.settings/.Settings$MediaControlsSettingsActivity]
11-29 06:57:54.106 1491 9682 I wm_set_resumed_activity: [0,com.android.settings/.Settings$MediaControlsSettingsActivity,minimalResumeActivityLocked]
11-29 06:57:54.118 1491 1693 I input_focus: [Focus leaving b10ffe2 NotificationShade (server),reason=NOT_FOCUSABLE]
11-29 06:57:54.118 1491 1693 I input_focus: [Focus entering cd0514f com.android.launcher3/com.android.launcher3.uioverrides.QuickstepLauncher (server),reason=setFocusedWindow]
11-29 06:57:54.130 1491 1599 I sysui_multi_action: [757,803,799,window_time_0,802,4]
11-29 06:57:54.138 1491 1693 I input_focus: [Focus leaving cd0514f com.android.launcher3/com.android.launcher3.uioverrides.QuickstepLauncher (server),reason=NO_WINDOW]
11-29 06:57:54.140 16043 16059 W ContextImpl: Calling a method in the system process without a qualified user: android.app.ContextImpl.startService:1816 android.content.ContextWrapper.startService:774 com.thundercomm.gamemode.ingame.services.GameModeActionUtils.startGameModeService:93 com.thundercomm.gamemode.ingame.services.GameModeActionUtils.startGameModeEntry:21 com.thundercomm.gamemode.ingame.services.ActivityMonitoringService$1.onActivityLaunch:127
11-29 06:57:54.152 1491 1491 I GameModeConfig: Current uri is uri = content://com.thundercomm.gamemode.api/gamemode_settings/gamemode_isgaming
11-29 06:57:54.153 1491 8786 I ActivityTaskManager: START u0 {act=android.settings.ACTION_MEDIA_CONTROLS_SETTINGS flg=0x14000000 cmp=com.android.settings/.homepage.SettingsHomepageActivity (has extras)} from uid 1000
11-29 06:57:54.153 1491 1607 I am_pss : [18441,10068,com.android.gallery3d,50591744,43900928,0,173789184,0,19,9]
11-29 06:57:54.154 1491 8786 I wm_task_created: [155,-1]
11-29 06:57:54.154 1491 8786 W ActivityTaskManager: Can't find TaskDisplayArea to determine support for multi window. Task id=155 attached=false
11-29 06:57:54.155 1491 8786 I wm_task_moved: [155,1,7]
11-29 06:57:54.155 1491 8786 I wm_task_to_front: [0,155]
11-29 06:57:54.155 1491 8786 I wm_create_task: [0,155]
11-29 06:57:54.155 1491 8786 I wm_create_activity: [0,240728994,155,com.android.settings/.homepage.SettingsHomepageActivity,android.settings.ACTION_MEDIA_CONTROLS_SETTINGS,NULL,NULL,335544320]
11-29 06:57:54.155 1491 8786 I wm_task_moved: [155,1,7]
11-29 06:57:54.156 1491 8786 I wm_pause_activity: [0,245658098,com.android.settings/.Settings$MediaControlsSettingsActivity,userLeaving=true,pauseBackTasks]
11-29 06:57:54.157 1491 1491 I GameModeConfig: isGameModeOn = false
11-29 06:57:54.157 1491 1491 I GameModeConfig: isGameModeOn = false
11-29 06:57:54.157 1491 1491 I GameModeConfig: isDisableVoice = true
11-29 06:57:54.158 1491 9682 I wm_finish_activity: [0,245658098,154,com.android.settings/.Settings$MediaControlsSettingsActivity,app-request]
11-29 06:57:54.158 19688 19688 I wm_on_create_called: [245658098,com.android.settings.Settings$MediaControlsSettingsActivity,performCreate]
11-29 06:57:54.159 1491 9682 I wm_add_to_stopping: [0,245658098,com.android.settings/.Settings$MediaControlsSettingsActivity,completeFinishing]
11-29 06:57:54.159 1491 9682 I ActivityTaskManager: FOREGROUND_APPLICATION_CHANGED to com.android.settings.homepage.SettingsHomepageActivity
11-29 06:57:54.160 1491 9682 I ActivityTaskManager: The Process com.android.settings Already Exists in BG. So sending its PID: 19688
11-29 06:57:54.160 1491 9682 W ActivityTaskManager: Tried to set launchTime (0) < mLastActivityLaunchTime (13452582)
11-29 06:57:54.160 1491 9682 I wm_restart_activity: [0,240728994,155,com.android.settings/.homepage.SettingsHomepageActivity]
11-29 06:57:54.160 1491 9682 I wm_set_resumed_activity: [0,com.android.settings/.homepage.SettingsHomepageActivity,minimalResumeActivityLocked]
11-29 06:57:54.167 1491 1599 I wm_destroy_activity: [0,245658098,154,com.android.settings/.Settings$MediaControlsSettingsActivity,finish-imm:idle]
11-29 06:57:54.168 1491 1599 I sysui_multi_action: [757,803,799,window_time_0,802,0]
11-29 06:57:54.183 19688 19688 I wm_on_create_called: [240728994,com.android.settings.homepage.SettingsHomepageActivity,performCreate]
11-29 06:57:54.187 1491 8786 E UserRestrictionsUtils: Unknown restriction queried by uid 1000 (com.qualcomm.qti.qdma et al): null
11-29 06:57:54.187 1491 8786 E UserRestrictionsUtils: Unknown restriction queried by uid 1000 (com.qualcomm.qti.qdma et al): null
11-29 06:57:54.187 1491 8786 E UserRestrictionsUtils: Unknown restriction queried by uid 1000 (com.qualcomm.qti.qdma et al): null
11-29 06:57:54.187 1491 8786 E UserRestrictionsUtils: Unknown restriction queried by uid 1000 (com.qualcomm.qti.qdma et al): null
11-29 06:57:54.188 1491 8786 E UserRestrictionsUtils: Unknown restriction queried by uid 1000 (com.qualcomm.qti.qdma et al): null
11-29 06:57:54.188 1491 8786 E UserRestrictionsUtils: Unknown restriction queried by uid 1000 (com.qualcomm.qti.qdma et al): null
11-29 06:57:54.188 1491 8786 E UserRestrictionsUtils: Unknown restriction queried by uid 1000 (com.qualcomm.qti.qdma et al): null
11-29 06:57:54.188 1491 8786 E UserRestrictionsUtils: Unknown restriction queried by uid 1000 (com.qualcomm.qti.qdma et al): null
11-29 06:57:54.188 1491 8786 E UserRestrictionsUtils: Unknown restriction queried by uid 1000 (com.qualcomm.qti.qdma et al): null
11-29 06:57:54.188 1491 8786 E UserRestrictionsUtils: Unknown restriction queried by uid 1000 (com.qualcomm.qti.qdma et al): null
11-29 06:57:54.188 1491 8786 E UserRestrictionsUtils: Unknown restriction queried by uid 1000 (com.qualcomm.qti.qdma et al): null
11-29 06:57:54.189 1491 8786 E UserRestrictionsUtils: Unknown restriction queried by uid 1000 (com.qualcomm.qti.qdma et al): null
11-29 06:57:54.189 1491 8786 E UserRestrictionsUtils: Unknown restriction queried by uid 1000 (com.qualcomm.qti.qdma et al): null
11-29 06:57:54.189 1491 8786 E UserRestrictionsUtils: Unknown restriction queried by uid 1000 (com.qualcomm.qti.qdma et al): null
11-29 06:57:54.189 1491 8786 E UserRestrictionsUtils: Unknown restriction queried by uid 1000 (com.qualcomm.qti.qdma et al): null
11-29 06:57:54.189 1491 8786 E UserRestrictionsUtils: Unknown restriction queried by uid 1000 (com.qualcomm.qti.qdma et al): null
11-29 06:57:54.189 1491 8786 E UserRestrictionsUtils: Unknown restriction queried by uid 1000 (com.qualcomm.qti.qdma et al): null
11-29 06:57:54.190 1491 8786 E UserRestrictionsUtils: Unknown restriction queried by uid 1000 (com.qualcomm.qti.qdma et al): null
11-29 06:57:54.206 19688 19688 I wm_on_start_called: [240728994,com.android.settings.homepage.SettingsHomepageActivity,handleStartActivity]
11-29 06:57:54.207 19688 19688 I snet_event_log: [120484087,-1,]
11-29 06:57:54.207 19688 19688 I wm_on_resume_called: [240728994,com.android.settings.homepage.SettingsHomepageActivity,RESUME_ACTIVITY]
11-29 06:57:54.209 19688 19688 I sysui_multi_action: [757,35,758,1,833,0,1089,25]
11-29 06:57:54.224 19688 19688 I sysui_multi_action: [757,1729,758,4,854,isParalleledControllers:false,1089,40]
11-29 06:57:54.233 19688 19688 I wm_on_top_resumed_gained_called: [240728994,com.android.settings.homepage.SettingsHomepageActivity,topStateChangedWhenResumed]
11-29 06:57:54.233 19688 19688 I wm_on_destroy_called: [245658098,com.android.settings.Settings$MediaControlsSettingsActivity,performDestroy]
11-29 06:57:54.235 1491 9682 I wm_task_removed: [154,removeChild:removeChild last r=ActivityRecord{ea471f2 u0 com.android.settings/.Settings$MediaControlsSettingsActivity t-1 f}} in t=Task{d75f033 #154 type=standard A=1000:com.android.settings U=0 visible=false mode=fullscreen translucent=true sz=0}]
11-29 06:57:54.235 1491 9682 I wm_task_removed: [154,removeChild]
11-29 06:57:54.238 1491 1600 W ActivityTaskManager: Can't find TaskDisplayArea to determine support for multi window. Task id=154 attached=false
11-29 06:57:54.238 1491 1600 W ActivityTaskManager: Can't find TaskDisplayArea to determine support for multi window. Task id=154 attached=false
11-29 06:57:54.256 1491 1600 I input_focus: [Focus request 50d677c com.android.settings/com.android.settings.homepage.SettingsHomepageActivity,reason=UpdateInputWindows]
11-29 06:57:54.272 16043 16059 W ContextImpl: Calling a method in the system process without a qualified user: android.app.ContextImpl.startService:1816 android.content.ContextWrapper.startService:774 com.thundercomm.gamemode.ingame.services.GameModeActionUtils.startGameModeService:93 com.thundercomm.gamemode.ingame.services.GameModeActionUtils.startGameModeEntry:21 com.thundercomm.gamemode.ingame.services.ActivityMonitoringService$1.onActivityLaunch:127
11-29 06:57:54.278 1491 1491 I GameModeConfig: Current uri is uri = content://com.thundercomm.gamemode.api/gamemode_settings/gamemode_isgaming
11-29 06:57:54.282 1491 1491 I GameModeConfig: isGameModeOn = false
11-29 06:57:54.282 1491 1491 I GameModeConfig: isGameModeOn = false
11-29 06:57:54.282 1491 1491 I GameModeConfig: isDisableVoice = true
11-29 06:57:54.288 1491 1600 I sysui_multi_action: [324,1,757,1090,758,12,806,com.android.settings,871,com.android.settings.homepage.SettingsHomepageActivity,1091,218]
11-29 06:57:54.300 1491 1596 I sysui_multi_action: [319,151,321,149,322,218,325,13452,757,761,758,8,759,1,806,com.android.settings,871,com.android.settings.homepage.SettingsHomepageActivity,904,com.android.settings,905,0,1320,8,1321,5]
11-29 06:57:54.301 1491 1693 I input_focus: [Focus entering 50d677c com.android.settings/com.android.settings.homepage.SettingsHomepageActivity (server),reason=Window became focusable. Previous reason: NOT_VISIBLE]
11-29 06:57:54.302 1491 1596 I wm_activity_launch_time: [0,240728994,com.android.settings/.homepage.SettingsHomepageActivity,218]
11-29 06:57:54.364 1491 1760 I GameModeConfig: isGameModeOn = false
11-29 06:57:54.364 1491 1760 I GameModeConfig: isGameModeOn = false
11-29 06:57:54.365 1491 1760 I GameModeConfig: isGameModeOn = false
11-29 06:57:54.365 1491 1760 I GameModeConfig: isGameModeOn = false
11-29 06:57:54.366 1491 1491 I notification_enqueue: [10082,19381,com.android.systemui,2048,NULL,0,Notification(channel=updateNotification shortcut=null contentView=null vibrate=null sound=null defaults=0x0 flags=0x0 color=0x00000000 vis=PRIVATE),1]
11-29 06:57:54.366 19381 19381 I sysui_multi_action: [757,111,758,2]
11-29 06:57:54.366 19381 19381 I sysui_multi_action: [757,111,758,2]
11-29 06:57:54.376 19381 19381 I sysui_multi_action: [757,111,758,1]
11-29 06:57:54.377 19381 19381 I sysui_multi_action: [757,126,758,1,759,126,927,0,928,1,1593,1]
11-29 06:57:54.377 19381 19381 I sysui_multi_action: [757,113,758,1,759,113,927,1,928,1,1593,1]
11-29 06:57:54.377 19381 19381 I sysui_multi_action: [757,0,758,1,759,0,927,2,928,0,1593,1]
11-29 06:57:54.377 19381 19381 I sysui_multi_action: [757,0,758,1,759,0,927,3,928,0,1593,1]
11-29 06:57:54.377 19381 19381 I sysui_multi_action: [757,491,758,1,759,491,927,4,928,0,1311,-1,1593,0]
11-29 06:57:54.378 19381 19381 I sysui_multi_action: [757,0,758,1,759,0,927,5,928,0,1593,0]
11-29 06:57:54.378 19381 19381 I sysui_multi_action: [757,111,758,1]
11-29 06:57:54.378 19381 19381 I sysui_multi_action: [757,126,758,1,759,126,927,0,928,1,1593,1]
11-29 06:57:54.378 19381 19381 I sysui_multi_action: [757,113,758,1,759,113,927,1,928,1,1593,1]
11-29 06:57:54.378 19381 19381 I sysui_multi_action: [757,0,758,1,759,0,927,2,928,0,1593,1]
11-29 06:57:54.378 19381 19381 I sysui_multi_action: [757,0,758,1,759,0,927,3,928,0,1593,1]
11-29 06:57:54.390 1491 1760 I GameModeConfig: isGameModeOn = false
11-29 06:57:54.391 1491 1760 I GameModeConfig: isGameModeOn = false
11-29 06:57:54.391 1491 1760 I GameModeConfig: isGameModeOn = false
11-29 06:57:54.391 1491 1760 I GameModeConfig: isGameModeOn = false
11-29 06:57:54.392 19381 19381 I sysui_multi_action: [757,111,758,2]
11-29 06:57:54.392 1491 1491 I notification_enqueue: [10082,19381,com.android.systemui,2048,NULL,0,Notification(channel=updateNotification shortcut=null contentView=null vibrate=null sound=null defaults=0x0 flags=0x0 color=0x00000000 vis=PRIVATE),1]
11-29 06:57:54.392 19381 19381 I sysui_multi_action: [757,111,758,2]
11-29 06:57:54.398 19381 19381 I sysui_multi_action: [757,111,758,1]
11-29 06:57:54.398 19381 19381 I sysui_multi_action: [757,126,758,1,759,126,927,0,928,1,1593,0]
11-29 06:57:54.398 19381 19381 I sysui_multi_action: [757,113,758,1,759,113,927,1,928,1,1593,0]
11-29 06:57:54.398 19381 19381 I sysui_multi_action: [757,0,758,1,759,0,927,2,928,0,1593,0]
11-29 06:57:54.398 19381 19381 I sysui_multi_action: [757,0,758,1,759,0,927,3,928,0,1593,0]
11-29 06:57:54.399 19381 19381 I sysui_multi_action: [757,491,758,1,759,491,927,4,928,0,1311,-1,1593,0]
11-29 06:57:54.399 19381 19381 I sysui_multi_action: [757,0,758,1,759,0,927,5,928,0,1593,0]
11-29 06:57:54.399 19381 19381 I sysui_multi_action: [757,111,758,1]
11-29 06:57:54.399 19381 19381 I sysui_multi_action: [757,126,758,1,759,126,927,0,928,1,1593,0]
11-29 06:57:54.399 19381 19381 I sysui_multi_action: [757,113,758,1,759,113,927,1,928,1,1593,0]
11-29 06:57:54.399 19381 19381 I sysui_multi_action: [757,0,758,1,759,0,927,2,928,0,1593,0]
11-29 06:57:54.399 19381 19381 I sysui_multi_action: [757,0,758,1,759,0,927,3,928,0,1593,0]
11-29 06:57:54.406 19688 19688 I sysui_multi_action: [757,1845,758,1,833,0,1089,9]
11-29 06:57:54.407 19688 19688 I sysui_multi_action: [757,1729,758,4,854,isParalleledControllers:false,1089,10]
11-29 06:57:54.408 1491 1760 I GameModeConfig: isGameModeOn = false
11-29 06:57:54.408 1491 1760 I GameModeConfig: isGameModeOn = false
11-29 06:57:54.408 1491 1760 I GameModeConfig: isGameModeOn = false
11-29 06:57:54.408 1491 1760 I GameModeConfig: isGameModeOn = false
11-29 06:57:54.409 19381 19381 I sysui_multi_action: [757,111,758,2]
11-29 06:57:54.409 19381 19381 I sysui_multi_action: [757,111,758,2]
11-29 06:57:54.409 1491 1491 I notification_enqueue: [10082,19381,com.android.systemui,2048,NULL,0,Notification(channel=updateNotification shortcut=null contentView=null vibrate=null sound=null defaults=0x0 flags=0x0 color=0x00000000 vis=PRIVATE),1]
11-29 06:57:54.413 19381 19381 I sysui_multi_action: [757,111,758,1]
11-29 06:57:54.413 19381 19381 I sysui_multi_action: [757,126,758,1,759,126,927,0,928,1,1593,1]
11-29 06:57:54.413 19381 19381 I sysui_multi_action: [757,113,758,1,759,113,927,1,928,1,1593,1]
11-29 06:57:54.413 19381 19381 I sysui_multi_action: [757,0,758,1,759,0,927,2,928,0,1593,1]
11-29 06:57:54.413 19381 19381 I sysui_multi_action: [757,0,758,1,759,0,927,3,928,0,1593,1]
11-29 06:57:54.413 19381 19381 I sysui_multi_action: [757,491,758,1,759,491,927,4,928,0,1311,-1,1593,0]
11-29 06:57:54.413 19381 19381 I sysui_multi_action: [757,0,758,1,759,0,927,5,928,0,1593,0]
11-29 06:57:54.413 19381 19381 I sysui_multi_action: [757,111,758,1]
11-29 06:57:54.414 19381 19381 I sysui_multi_action: [757,126,758,1,759,126,927,0,928,1,1593,1]
11-29 06:57:54.414 19381 19381 I sysui_multi_action: [757,113,758,1,759,113,927,1,928,1,1593,1]
11-29 06:57:54.414 19381 19381 I sysui_multi_action: [757,0,758,1,759,0,927,2,928,0,1593,1]
11-29 06:57:54.414 19381 19381 I sysui_multi_action: [757,0,758,1,759,0,927,3,928,0,1593,1]
11-29 06:57:54.421 1491 1760 I GameModeConfig: isGameModeOn = false
11-29 06:57:54.421 1491 1760 I GameModeConfig: isGameModeOn = false
11-29 06:57:54.422 1491 1760 I GameModeConfig: isGameModeOn = false
11-29 06:57:54.422 1491 1760 I GameModeConfig: isGameModeOn = false
11-29 06:57:54.423 19381 19381 I sysui_multi_action: [757,111,758,2]
11-29 06:57:54.423 19381 19381 I sysui_multi_action: [757,111,758,2]
11-29 06:57:54.425 1491 1491 I notification_enqueue: [10082,19381,com.android.systemui,2048,NULL,0,Notification(channel=updateNotification shortcut=null contentView=null vibrate=null sound=null defaults=0x0 flags=0x0 color=0x00000000 vis=PRIVATE),1]
11-29 06:57:54.426 19381 19381 I sysui_multi_action: [757,111,758,1]
11-29 06:57:54.426 19381 19381 I sysui_multi_action: [757,126,758,1,759,126,927,0,928,1,1593,1]
11-29 06:57:54.426 19381 19381 I sysui_multi_action: [757,113,758,1,759,113,927,1,928,1,1593,1]
11-29 06:57:54.426 19381 19381 I sysui_multi_action: [757,0,758,1,759,0,927,2,928,0,1593,1]
11-29 06:57:54.426 19381 19381 I sysui_multi_action: [757,0,758,1,759,0,927,3,928,0,1593,1]
11-29 06:57:54.426 19381 19381 I sysui_multi_action: [757,491,758,1,759,491,927,4,928,0,1311,-1,1593,0]
11-29 06:57:54.427 19381 19381 I sysui_multi_action: [757,0,758,1,759,0,927,5,928,0,1593,0]
11-29 06:57:54.427 19381 19381 I sysui_multi_action: [757,111,758,1]
11-29 06:57:54.427 19381 19381 I sysui_multi_action: [757,126,758,1,759,126,927,0,928,1,1593,1]
11-29 06:57:54.427 19381 19381 I sysui_multi_action: [757,113,758,1,759,113,927,1,928,1,1593,1]
11-29 06:57:54.427 19381 19381 I sysui_multi_action: [757,0,758,1,759,0,927,2,928,0,1593,1]
11-29 06:57:54.427 19381 19381 I sysui_multi_action: [757,0,758,1,759,0,927,3,928,0,1593,1]
11-29 06:57:54.433 1491 1760 I GameModeConfig: isGameModeOn = false
11-29 06:57:54.433 19381 19381 I sysui_multi_action: [757,111,758,2]
11-29 06:57:54.433 19381 19381 I sysui_multi_action: [757,111,758,2]
11-29 06:57:54.433 1491 1760 I GameModeConfig: isGameModeOn = false
11-29 06:57:54.433 1491 1760 I GameModeConfig: isGameModeOn = false
11-29 06:57:54.433 1491 1760 I GameModeConfig: isGameModeOn = false
11-29 06:57:54.434 1491 1491 I notification_enqueue: [10082,19381,com.android.systemui,2048,NULL,0,Notification(channel=updateNotification shortcut=null contentView=null vibrate=null sound=null defaults=0x0 flags=0x0 color=0x00000000 vis=PRIVATE),1]
11-29 06:57:54.435 19381 19381 I sysui_multi_action: [757,111,758,1]
11-29 06:57:54.435 19381 19381 I sysui_multi_action: [757,126,758,1,759,126,927,0,928,1,1593,1]
11-29 06:57:54.435 19381 19381 I sysui_multi_action: [757,113,758,1,759,113,927,1,928,1,1593,1]
11-29 06:57:54.435 19381 19381 I sysui_multi_action: [757,0,758,1,759,0,927,2,928,0,1593,1]
11-29 06:57:54.435 19381 19381 I sysui_multi_action: [757,0,758,1,759,0,927,3,928,0,1593,1]
11-29 06:57:54.435 19381 19381 I sysui_multi_action: [757,491,758,1,759,491,927,4,928,0,1311,-1,1593,0]
11-29 06:57:54.435 19381 19381 I sysui_multi_action: [757,0,758,1,759,0,927,5,928,0,1593,0]
11-29 06:57:54.435 19381 19381 I sysui_multi_action: [757,111,758,1]
11-29 06:57:54.435 19381 19381 I sysui_multi_action: [757,126,758,1,759,126,927,0,928,1,1593,1]
11-29 06:57:54.435 19381 19381 I sysui_multi_action: [757,113,758,1,759,113,927,1,928,1,1593,1]
11-29 06:57:54.435 19381 19381 I sysui_multi_action: [757,0,758,1,759,0,927,2,928,0,1593,1]
11-29 06:57:54.435 19381 19381 I sysui_multi_action: [757,0,758,1,759,0,927,3,928,0,1593,1]
11-29 06:57:54.447 1491 1760 I GameModeConfig: isGameModeOn = false
11-29 06:57:54.448 1491 1760 I GameModeConfig: isGameModeOn = false
11-29 06:57:54.448 1491 1760 I GameModeConfig: isGameModeOn = false
11-29 06:57:54.448 1491 1760 I GameModeConfig: isGameModeOn = false
11-29 06:57:54.448 19381 19381 I sysui_multi_action: [757,111,758,2]
11-29 06:57:54.448 19381 19381 I sysui_multi_action: [757,111,758,2]
11-29 06:57:54.449 1491 1491 I notification_enqueue: [10082,19381,com.android.systemui,2048,NULL,0,Notification(channel=updateNotification shortcut=null contentView=null vibrate=null sound=null defaults=0x0 flags=0x0 color=0x00000000 vis=PRIVATE),1]
11-29 06:57:54.451 19381 19381 I sysui_multi_action: [757,111,758,1]
11-29 06:57:54.451 19381 19381 I sysui_multi_action: [757,126,758,1,759,126,927,0,928,1,1593,1]
11-29 06:57:54.451 19381 19381 I sysui_multi_action: [757,113,758,1,759,113,927,1,928,1,1593,1]
11-29 06:57:54.451 19381 19381 I sysui_multi_action: [757,0,758,1,759,0,927,2,928,0,1593,1]
11-29 06:57:54.451 19381 19381 I sysui_multi_action: [757,0,758,1,759,0,927,3,928,0,1593,1]
11-29 06:57:54.451 19381 19381 I sysui_multi_action: [757,491,758,1,759,491,927,4,928,0,1311,-1,1593,0]
11-29 06:57:54.451 19381 19381 I sysui_multi_action: [757,0,758,1,759,0,927,5,928,0,1593,0]
11-29 06:57:54.451 19381 19381 I sysui_multi_action: [757,111,758,1]
11-29 06:57:54.451 19381 19381 I sysui_multi_action: [757,126,758,1,759,126,927,0,928,1,1593,1]
11-29 06:57:54.451 19381 19381 I sysui_multi_action: [757,113,758,1,759,113,927,1,928,1,1593,1]
11-29 06:57:54.451 19381 19381 I sysui_multi_action: [757,0,758,1,759,0,927,2,928,0,1593,1]
11-29 06:57:54.451 19381 19381 I sysui_multi_action: [757,0,758,1,759,0,927,3,928,0,1593,1]
11-29 06:57:54.464 1491 1760 I GameModeConfig: isGameModeOn = false
11-29 06:57:54.464 1491 1760 I GameModeConfig: isGameModeOn = false
11-29 06:57:54.464 1491 1760 I GameModeConfig: isGameModeOn = false
11-29 06:57:54.465 1491 1760 I GameModeConfig: isGameModeOn = false
11-29 06:57:54.466 19381 19381 I sysui_multi_action: [757,111,758,2]
11-29 06:57:54.466 19381 19381 I sysui_multi_action: [757,111,758,2]
11-29 06:57:54.466 1491 1491 I notification_enqueue: [10082,19381,com.android.systemui,2048,NULL,0,Notification(channel=updateNotification shortcut=null contentView=null vibrate=null sound=null defaults=0x0 flags=0x0 color=0x00000000 vis=PRIVATE),1]
11-29 06:57:54.468 19381 19381 I sysui_multi_action: [757,111,758,1]
11-29 06:57:54.468 19381 19381 I sysui_multi_action: [757,126,758,1,759,126,927,0,928,1,1593,1]
11-29 06:57:54.468 19381 19381 I sysui_multi_action: [757,113,758,1,759,113,927,1,928,1,1593,1]
11-29 06:57:54.468 19381 19381 I sysui_multi_action: [757,0,758,1,759,0,927,2,928,0,1593,1]
11-29 06:57:54.469 19381 19381 I sysui_multi_action: [757,0,758,1,759,0,927,3,928,0,1593,1]
11-29 06:57:54.469 19381 19381 I sysui_multi_action: [757,491,758,1,759,491,927,4,928,0,1311,-1,1593,0]
11-29 06:57:54.469 19381 19381 I sysui_multi_action: [757,0,758,1,759,0,927,5,928,0,1593,0]
11-29 06:57:54.469 19381 19381 I sysui_multi_action: [757,111,758,1]
11-29 06:57:54.469 19381 19381 I sysui_multi_action: [757,126,758,1,759,126,927,0,928,1,1593,1]
11-29 06:57:54.469 19381 19381 I sysui_multi_action: [757,113,758,1,759,113,927,1,928,1,1593,1]
11-29 06:57:54.469 19381 19381 I sysui_multi_action: [757,0,758,1,759,0,927,2,928,0,1593,1]
11-29 06:57:54.469 19381 19381 I sysui_multi_action: [757,0,758,1,759,0,927,3,928,0,1593,1]
11-29 06:57:54.481 1491 1760 I GameModeConfig: isGameModeOn = false
11-29 06:57:54.482 1491 1760 I GameModeConfig: isGameModeOn = false
11-29 06:57:54.482 1491 1760 I GameModeConfig: isGameModeOn = false
11-29 06:57:54.482 1491 1760 I GameModeConfig: isGameModeOn = false
11-29 06:57:54.483 19381 19381 I sysui_multi_action: [757,111,758,2]
11-29 06:57:54.483 19381 19381 I sysui_multi_action: [757,111,758,2]
11-29 06:57:54.485 19381 19381 I sysui_multi_action: [757,111,758,1]
11-29 06:57:54.485 19381 19381 I sysui_multi_action: [757,126,758,1,759,126,927,0,928,1,1593,1]
11-29 06:57:54.486 19381 19381 I sysui_multi_action: [757,113,758,1,759,113,927,1,928,1,1593,1]
11-29 06:57:54.486 19381 19381 I sysui_multi_action: [757,0,758,1,759,0,927,2,928,0,1593,1]
11-29 06:57:54.486 19381 19381 I sysui_multi_action: [757,0,758,1,759,0,927,3,928,0,1593,1]
11-29 06:57:54.486 19381 19381 I sysui_multi_action: [757,491,758,1,759,491,927,4,928,0,1311,-1,1593,0]
11-29 06:57:54.486 19381 19381 I sysui_multi_action: [757,0,758,1,759,0,927,5,928,0,1593,0]
11-29 06:57:54.486 19381 19381 I sysui_multi_action: [757,111,758,1]
11-29 06:57:54.486 19381 19381 I sysui_multi_action: [757,126,758,1,759,126,927,0,928,1,1593,1]
11-29 06:57:54.486 19381 19381 I sysui_multi_action: [757,113,758,1,759,113,927,1,928,1,1593,1]
11-29 06:57:54.486 19381 19381 I sysui_multi_action: [757,0,758,1,759,0,927,2,928,0,1593,1]
11-29 06:57:54.486 19381 19381 I sysui_multi_action: [757,0,758,1,759,0,927,3,928,0,1593,1]
11-29 06:57:54.487 1491 1491 I notification_enqueue: [10082,19381,com.android.systemui,2048,NULL,0,Notification(channel=updateNotification shortcut=null contentView=null vibrate=null sound=null defaults=0x0 flags=0x0 color=0x00000000 vis=PRIVATE),1]
11-29 06:57:54.498 1491 1760 I GameModeConfig: isGameModeOn = false
11-29 06:57:54.498 1491 1760 I GameModeConfig: isGameModeOn = false
11-29 06:57:54.498 1491 1760 I GameModeConfig: isGameModeOn = false
11-29 06:57:54.499 1491 1760 I GameModeConfig: isGameModeOn = false
11-29 06:57:54.500 19381 19381 I sysui_multi_action: [757,111,758,2]
11-29 06:57:54.500 19381 19381 I sysui_multi_action: [757,111,758,2]
11-29 06:57:54.500 1491 1599 I wm_stop_activity: [0,254362067,com.android.launcher3/.uioverrides.QuickstepLauncher]
11-29 06:57:54.503 19381 19381 I sysui_multi_action: [757,111,758,1]
11-29 06:57:54.503 19381 19381 I sysui_multi_action: [757,126,758,1,759,126,927,0,928,1,1593,1]
11-29 06:57:54.503 19381 19381 I sysui_multi_action: [757,113,758,1,759,113,927,1,928,1,1593,1]
11-29 06:57:54.503 19381 19381 I sysui_multi_action: [757,0,758,1,759,0,927,2,928,0,1593,1]
11-29 06:57:54.503 19381 19381 I sysui_multi_action: [757,0,758,1,759,0,927,3,928,0,1593,1]
11-29 06:57:54.504 19381 19381 I sysui_multi_action: [757,491,758,1,759,491,927,4,928,0,1311,-1,1593,0]
11-29 06:57:54.504 19381 19381 I sysui_multi_action: [757,0,758,1,759,0,927,5,928,0,1593,0]
11-29 06:57:54.504 19381 19381 I sysui_multi_action: [757,111,758,1]
11-29 06:57:54.504 19381 19381 I sysui_multi_action: [757,126,758,1,759,126,927,0,928,1,1593,1]
11-29 06:57:54.504 19381 19381 I sysui_multi_action: [757,113,758,1,759,113,927,1,928,1,1593,1]
11-29 06:57:54.504 19381 19381 I sysui_multi_action: [757,0,758,1,759,0,927,2,928,0,1593,1]
11-29 06:57:54.504 19381 19381 I sysui_multi_action: [757,0,758,1,759,0,927,3,928,0,1593,1]
11-29 06:57:54.505 1491 1491 I notification_enqueue: [10082,19381,com.android.systemui,2048,NULL,0,Notification(channel=updateNotification shortcut=null contentView=null vibrate=null sound=null defaults=0x0 flags=0x0 color=0x00000000 vis=PRIVATE),1]
11-29 06:57:54.515 19381 19381 I sysui_multi_action: [757,111,758,2]
11-29 06:57:54.515 19381 19381 I sysui_multi_action: [757,111,758,2]
11-29 06:57:54.515 1491 1491 I notification_enqueue: [10082,19381,com.android.systemui,2048,NULL,0,Notification(channel=updateNotification shortcut=null contentView=null vibrate=null sound=null defaults=0x0 flags=0x0 color=0x00000000 vis=PRIVATE),1]
11-29 06:57:54.518 19381 19381 I sysui_multi_action: [757,111,758,1]
11-29 06:57:54.518 19381 19381 I sysui_multi_action: [757,126,758,1,759,126,927,0,928,1,1593,1]
11-29 06:57:54.518 19381 19381 I sysui_multi_action: [757,113,758,1,759,113,927,1,928,1,1593,1]
11-29 06:57:54.518 19381 19381 I sysui_multi_action: [757,0,758,1,759,0,927,2,928,0,1593,1]
11-29 06:57:54.518 19381 19381 I sysui_multi_action: [757,0,758,1,759,0,927,3,928,0,1593,1]
11-29 06:57:54.518 19381 19381 I sysui_multi_action: [757,491,758,1,759,491,927,4,928,0,1311,-1,1593,0]
11-29 06:57:54.518 19381 19381 I sysui_multi_action: [757,0,758,1,759,0,927,5,928,0,1593,0]
11-29 06:57:54.518 19381 19381 I sysui_multi_action: [757,111,758,1]
11-29 06:57:54.519 19381 19381 I sysui_multi_action: [757,126,758,1,759,126,927,0,928,1,1593,1]
11-29 06:57:54.519 19381 19381 I sysui_multi_action: [757,113,758,1,759,113,927,1,928,1,1593,1]
11-29 06:57:54.519 19381 19381 I sysui_multi_action: [757,0,758,1,759,0,927,2,928,0,1593,1]
11-29 06:57:54.519 19381 19381 I sysui_multi_action: [757,0,758,1,759,0,927,3,928,0,1593,1]
11-29 06:57:54.522 1491 1760 I GameModeConfig: isGameModeOn = false
11-29 06:57:54.522 1491 1760 I GameModeConfig: isGameModeOn = false
11-29 06:57:54.522 1491 1760 I GameModeConfig: isGameModeOn = false
11-29 06:57:54.522 1491 1760 I GameModeConfig: isGameModeOn = false
11-29 06:57:54.526 9956 9956 I wm_on_stop_called: [254362067,com.android.launcher3.uioverrides.QuickstepLauncher,STOP_ACTIVITY_ITEM]
11-29 06:57:54.531 1491 1760 I GameModeConfig: isGameModeOn = false
11-29 06:57:54.531 1491 1760 I GameModeConfig: isGameModeOn = false
11-29 06:57:54.531 1491 1760 I GameModeConfig: isGameModeOn = false
11-29 06:57:54.531 1491 1760 I GameModeConfig: isGameModeOn = false
11-29 06:57:54.532 19381 19381 I sysui_multi_action: [757,111,758,2]
11-29 06:57:54.532 19381 19381 I sysui_multi_action: [757,111,758,2]
11-29 06:57:54.532 1491 1491 I notification_enqueue: [10082,19381,com.android.systemui,2048,NULL,0,Notification(channel=updateNotification shortcut=null contentView=null vibrate=null sound=null defaults=0x0 flags=0x0 color=0x00000000 vis=PRIVATE),1]
11-29 06:57:54.534 19381 19381 I sysui_multi_action: [757,111,758,1]
11-29 06:57:54.534 19381 19381 I sysui_multi_action: [757,126,758,1,759,126,927,0,928,1,1593,1]
11-29 06:57:54.534 19381 19381 I sysui_multi_action: [757,113,758,1,759,113,927,1,928,1,1593,1]
11-29 06:57:54.534 19381 19381 I sysui_multi_action: [757,0,758,1,759,0,927,2,928,0,1593,1]
11-29 06:57:54.534 19381 19381 I sysui_multi_action: [757,0,758,1,759,0,927,3,928,0,1593,1]
11-29 06:57:54.534 19381 19381 I sysui_multi_action: [757,491,758,1,759,491,927,4,928,0,1311,-1,1593,0]
11-29 06:57:54.535 19381 19381 I sysui_multi_action: [757,0,758,1,759,0,927,5,928,0,1593,0]
11-29 06:57:54.535 19381 19381 I sysui_multi_action: [757,111,758,1]
11-29 06:57:54.535 19381 19381 I sysui_multi_action: [757,126,758,1,759,126,927,0,928,1,1593,1]
11-29 06:57:54.535 19381 19381 I sysui_multi_action: [757,113,758,1,759,113,927,1,928,1,1593,1]
11-29 06:57:54.535 19381 19381 I sysui_multi_action: [757,0,758,1,759,0,927,2,928,0,1593,1]
11-29 06:57:54.535 19381 19381 I sysui_multi_action: [757,0,758,1,759,0,927,3,928,0,1593,1]
11-29 06:57:54.542 16043 16059 W ContextImpl: Calling a method in the system process without a qualified user: android.app.ContextImpl.startService:1816 android.content.ContextWrapper.startService:774 com.thundercomm.gamemode.ingame.services.GameModeActionUtils.startGameModeService:93 com.thundercomm.gamemode.ingame.services.GameModeActionUtils.startGameModeEntry:21 com.thundercomm.gamemode.ingame.services.ActivityMonitoringService$1.onActivityLaunch:127
