11-29 06:50:31.070 1491 11109 W WindowManager: updateScale0.4617737
11-29 06:50:31.082 1491 11109 W WindowManager: updateScale0.4617737
11-29 06:50:31.309 1491 1693 I input_interaction: Interaction with: 197ade1 com.android.gallery3d/com.android.gallery3d.app.GalleryActivity (server), edge-swipe (server), swipe-up (server), PointerEventDispatcher0 (server),
11-29 06:50:31.371 18441 18441 I view_enqueue_input_event: [Motion - Cancel,com.android.gallery3d/com.android.gallery3d.app.GalleryActivity]
11-29 06:50:31.371 1491 1693 I input_interaction: Interaction with: WindowManager (server), edge-swipe (server), swipe-up (server), PointerEventDispatcher0 (server),
11-29 06:50:31.385 1491 1600 D FreeFormWindowHelper: refreshTipWindow windowDragBounds:Rect(0, 35 - 302, 573)
11-29 06:50:31.387 1491 1600 W WindowManager: updateScale0.4617737
11-29 06:50:31.402 1491 1600 D FreeFormWindowHelper: refreshTipWindow windowDragBounds:Rect(0, -17 - 302, 521)
11-29 06:50:31.403 1491 1600 W WindowManager: updateScale0.4617737
11-29 06:50:31.417 1491 9480 W WindowManager: updateScale0.4617737
11-29 06:50:31.419 1491 1600 D FreeFormWindowHelper: refreshTipWindow windowDragBounds:Rect(0, -83 - 302, 455)
11-29 06:50:31.421 1491 1600 W WindowManager: updateScale0.4617737
11-29 06:50:31.434 1491 9480 W WindowManager: updateScale0.4617737
11-29 06:50:31.436 1491 1600 D FreeFormWindowHelper: refreshTipWindow windowDragBounds:Rect(8, -151 - 310, 387)
11-29 06:50:31.437 1491 1600 W WindowManager: updateScale0.4617737
11-29 06:50:31.452 1491 1600 D FreeFormWindowHelper: refreshTipWindow windowDragBounds:Rect(9, -227 - 311, 311)
11-29 06:50:31.453 1491 1600 W WindowManager: updateScale0.4617737
11-29 06:50:31.470 1491 1600 D FreeFormWindowHelper: refreshTipWindow windowDragBounds:Rect(14, -301 - 316, 237)
11-29 06:50:31.471 1491 1600 W WindowManager: updateScale0.4617737
11-29 06:50:31.485 1491 1600 D FreeFormWindowHelper: refreshTipWindow windowDragBounds:Rect(17, -357 - 319, 181)
11-29 06:50:31.487 1491 1600 W WindowManager: updateScale0.4617737
11-29 06:50:31.503 1491 1600 D FreeFormWindowHelper: refreshTipWindow windowDragBounds:Rect(20, -401 - 322, 137)
11-29 06:50:31.504 1491 1600 W WindowManager: updateScale0.4617737
11-29 06:50:31.518 1491 9480 W WindowManager: updateScale0.4617737
11-29 06:50:31.520 1491 1600 D FreeFormWindowHelper: refreshTipWindow windowDragBounds:Rect(21, -440 - 323, 98)
11-29 06:50:31.521 1491 1600 W WindowManager: updateScale0.4617737
11-29 06:50:31.535 1491 1600 D FreeFormWindowHelper: refreshTipWindow windowDragBounds:Rect(22, -469 - 324, 69)
11-29 06:50:31.536 1491 1600 W WindowManager: updateScale0.4617737
11-29 06:50:31.554 1491 1600 D FreeFormWindowHelper: refreshTipWindow windowDragBounds:Rect(27, -490 - 329, 48)
11-29 06:50:31.555 1491 1600 W WindowManager: updateScale0.4617737
11-29 06:50:31.570 1491 1600 D FreeFormWindowHelper: refreshTipWindow windowDragBounds:Rect(28, -490 - 330, 48)
11-29 06:50:31.572 1491 1600 W WindowManager: updateScale0.4617737
11-29 06:50:31.585 1491 1600 D WindowManager: updateWindowDragBounds: mIsSwipeYtrue
11-29 06:50:31.585 1491 1600 D WindowManager: updateWindowDragBounds: mIsTopfalse
11-29 06:50:31.585 1491 1600 D WindowManager: updateWindowDragBounds: mIsSwipeXfalse
11-29 06:50:31.587 1491 1600 W WindowManager: updateScale0.4617737
11-29 06:50:31.608 1491 9480 W WindowManager: updateScale0.4617737
11-29 06:50:31.850 1491 1693 I input_interaction: Interaction with: 197ade1 com.android.gallery3d/com.android.gallery3d.app.GalleryActivity (server), edge-swipe (server), swipe-up (server), PointerEventDispatcher0 (server),
11-29 06:50:31.873 18441 18441 I view_enqueue_input_event: [Motion - Cancel,com.android.gallery3d/com.android.gallery3d.app.GalleryActivity]
11-29 06:50:31.877 1491 1693 I input_interaction: Interaction with: WindowManager (server), edge-swipe (server), swipe-up (server), PointerEventDispatcher0 (server),
11-29 06:50:31.887 1491 1600 D FreeFormWindowHelper: refreshTipWindow windowDragBounds:Rect(0, 56 - 302, 594)
11-29 06:50:31.888 1491 1600 W WindowManager: updateScale0.4617737
11-29 06:50:31.902 1491 9480 W WindowManager: updateScale0.4617737
11-29 06:50:31.904 1491 1600 D FreeFormWindowHelper: refreshTipWindow windowDragBounds:Rect(0, 28 - 302, 566)
11-29 06:50:31.906 1491 1600 W WindowManager: updateScale0.4617737
11-29 06:50:31.920 1491 1600 D FreeFormWindowHelper: refreshTipWindow windowDragBounds:Rect(0, -15 - 302, 523)
11-29 06:50:31.921 1491 1600 W WindowManager: updateScale0.4617737
11-29 06:50:31.938 1491 1600 D FreeFormWindowHelper: refreshTipWindow windowDragBounds:Rect(0, -70 - 302, 468)
11-29 06:50:31.940 1491 1600 W WindowManager: updateScale0.4617737
11-29 06:50:31.952 1491 9480 W WindowManager: updateScale0.4617737
11-29 06:50:31.955 1491 1600 D FreeFormWindowHelper: refreshTipWindow windowDragBounds:Rect(0, -141 - 302, 397)
11-29 06:50:31.956 1491 1600 W WindowManager: updateScale0.4617737
11-29 06:50:31.970 1491 1600 D FreeFormWindowHelper: refreshTipWindow windowDragBounds:Rect(0, -209 - 302, 329)
11-29 06:50:31.971 1491 1600 W WindowManager: updateScale0.4617737
11-29 06:50:31.988 1491 1600 D FreeFormWindowHelper: refreshTipWindow windowDragBounds:Rect(0, -273 - 302, 265)
11-29 06:50:31.990 1491 1600 W WindowManager: updateScale0.4617737
11-29 06:50:32.005 1491 1600 D FreeFormWindowHelper: refreshTipWindow windowDragBounds:Rect(0, -331 - 302, 207)
11-29 06:50:32.006 1491 1600 W WindowManager: updateScale0.4617737
11-29 06:50:32.022 1491 1600 D FreeFormWindowHelper: refreshTipWindow windowDragBounds:Rect(0, -385 - 302, 153)
11-29 06:50:32.024 1491 1600 W WindowManager: updateScale0.4617737
11-29 06:50:32.037 1491 1600 D FreeFormWindowHelper: refreshTipWindow windowDragBounds:Rect(0, -431 - 302, 107)
11-29 06:50:32.041 1491 1600 W WindowManager: updateScale0.4617737
11-29 06:50:32.053 1491 1600 D FreeFormWindowHelper: refreshTipWindow windowDragBounds:Rect(0, -471 - 302, 67)
11-29 06:50:32.055 1491 1600 W WindowManager: updateScale0.4617737
11-29 06:50:32.070 1491 1600 D FreeFormWindowHelper: refreshTipWindow windowDragBounds:Rect(0, -490 - 302, 48)
11-29 06:50:32.072 1491 1600 W WindowManager: updateScale0.4617737
11-29 06:50:32.086 1491 9480 W WindowManager: updateScale0.4617737
11-29 06:50:32.118 1491 1600 D WindowManager: updateWindowDragBounds: mIsSwipeYtrue
11-29 06:50:32.118 1491 1600 D WindowManager: updateWindowDragBounds: mIsTopfalse
11-29 06:50:32.118 1491 1600 D WindowManager: updateWindowDragBounds: mIsSwipeXfalse
11-29 06:50:32.120 1491 1600 W WindowManager: updateScale0.4617737
11-29 06:50:32.142 1491 9480 W WindowManager: updateScale0.4617737
11-29 06:50:32.498 1491 1693 I input_interaction: Interaction with: 197ade1 com.android.gallery3d/com.android.gallery3d.app.GalleryActivity (server), edge-swipe (server), swipe-up (server), PointerEventDispatcher0 (server),
11-29 06:50:32.558 18441 18441 I view_enqueue_input_event: [Motion - Cancel,com.android.gallery3d/com.android.gallery3d.app.GalleryActivity]
11-29 06:50:32.560 1491 1693 I input_interaction: Interaction with: WindowManager (server), edge-swipe (server), swipe-up (server), PointerEventDispatcher0 (server),
11-29 06:50:32.571 1491 1600 D FreeFormWindowHelper: refreshTipWindow windowDragBounds:Rect(12, 20 - 314, 558)
11-29 06:50:32.574 1491 1600 W WindowManager: updateScale0.4617737
11-29 06:50:32.588 1491 1600 D FreeFormWindowHelper: refreshTipWindow windowDragBounds:Rect(22, -38 - 324, 500)
11-29 06:50:32.589 1491 1600 W WindowManager: updateScale0.4617737
11-29 06:50:32.605 1491 1600 D FreeFormWindowHelper: refreshTipWindow windowDragBounds:Rect(30, -108 - 332, 430)
11-29 06:50:32.606 1491 1600 W WindowManager: updateScale0.4617737
11-29 06:50:32.609 1491 9480 W WindowManager: updateScale0.4617737
11-29 06:50:32.622 1491 1600 D FreeFormWindowHelper: refreshTipWindow windowDragBounds:Rect(41, -189 - 343, 349)
11-29 06:50:32.631 1491 1600 W WindowManager: updateScale0.4617737
11-29 06:50:32.633 1491 9480 W WindowManager: updateScale0.4617737
11-29 06:50:32.639 1491 1600 D FreeFormWindowHelper: refreshTipWindow windowDragBounds:Rect(63, -309 - 365, 229)
11-29 06:50:32.643 1491 1600 W WindowManager: updateScale0.4617737
11-29 06:50:32.651 1491 1525 W WindowManager: updateScale0.4617737
11-29 06:50:32.655 1491 1600 D FreeFormWindowHelper: refreshTipWindow windowDragBounds:Rect(103, -428 - 405, 110)
11-29 06:50:32.656 1491 1600 W WindowManager: updateScale0.4617737
11-29 06:50:32.667 1491 9480 W WindowManager: updateScale0.4617737
11-29 06:50:32.672 1491 1600 D FreeFormWindowHelper: refreshTipWindow windowDragBounds:Rect(114, -450 - 416, 88)
11-29 06:50:32.673 1491 1600 W WindowManager: updateScale0.4617737
11-29 06:50:32.684 1491 9480 W WindowManager: updateScale0.4617737
11-29 06:50:32.686 1491 1600 D WindowManager: updateWindowDragBounds: mIsSwipeYtrue
11-29 06:50:32.686 1491 1600 D WindowManager: updateWindowDragBounds: mIsTopfalse
11-29 06:50:32.686 1491 1600 D WindowManager: updateWindowDragBounds: mIsSwipeXfalse
11-29 06:50:32.688 1491 1600 W WindowManager: updateScale0.4617737
11-29 06:50:32.708 1491 9480 W WindowManager: updateScale0.4617737
11-29 06:50:32.718 1491 9480 W WindowManager: updateScale0.4617737
11-29 06:50:32.969 1491 1693 I input_interaction: Interaction with: 197ade1 com.android.gallery3d/com.android.gallery3d.app.GalleryActivity (server), edge-swipe (server), swipe-up (server), PointerEventDispatcher0 (server),
11-29 06:50:33.008 18441 18441 I view_enqueue_input_event: [Motion - Cancel,com.android.gallery3d/com.android.gallery3d.app.GalleryActivity]
11-29 06:50:33.009 1491 1693 I input_interaction: Interaction with: WindowManager (server), edge-swipe (server), swipe-up (server), PointerEventDispatcher0 (server),
11-29 06:50:33.022 1491 1600 D FreeFormWindowHelper: refreshTipWindow windowDragBounds:Rect(-14, 35 - 288, 573)
11-29 06:50:33.024 1491 1600 W WindowManager: updateScale0.4617737
11-29 06:50:33.039 1491 9480 W WindowManager: updateScale0.4617737
11-29 06:50:33.041 1491 1600 D FreeFormWindowHelper: refreshTipWindow windowDragBounds:Rect(-22, 1 - 280, 539)
11-29 06:50:33.043 1491 1600 W WindowManager: updateScale0.4617737
11-29 06:50:33.056 1491 9480 W WindowManager: updateScale0.4617737
11-29 06:50:33.058 1491 1600 D FreeFormWindowHelper: refreshTipWindow windowDragBounds:Rect(-29, -38 - 273, 500)
11-29 06:50:33.060 1491 1600 W WindowManager: updateScale0.4617737
11-29 06:50:33.072 1491 1600 D FreeFormWindowHelper: refreshTipWindow windowDragBounds:Rect(-36, -77 - 266, 461)
11-29 06:50:33.074 1491 1600 W WindowManager: updateScale0.4617737
11-29 06:50:33.090 1491 1525 W WindowManager: updateScale0.4617737
11-29 06:50:33.094 1491 1600 D FreeFormWindowHelper: refreshTipWindow windowDragBounds:Rect(-41, -120 - 261, 418)
11-29 06:50:33.095 1491 1600 W WindowManager: updateScale0.4617737
11-29 06:50:33.105 1491 1525 W WindowManager: updateScale0.4617737
11-29 06:50:33.107 1491 1600 D FreeFormWindowHelper: refreshTipWindow windowDragBounds:Rect(-46, -173 - 256, 365)
11-29 06:50:33.108 1491 1600 W WindowManager: updateScale0.4617737
11-29 06:50:33.123 1491 1600 D FreeFormWindowHelper: refreshTipWindow windowDragBounds:Rect(-49, -233 - 253, 305)
11-29 06:50:33.124 1491 1600 W WindowManager: updateScale0.4617737
11-29 06:50:33.139 1491 1600 D FreeFormWindowHelper: refreshTipWindow windowDragBounds:Rect(-49, -299 - 253, 239)
11-29 06:50:33.140 1491 1600 W WindowManager: updateScale0.4617737
11-29 06:50:33.156 1491 1600 D FreeFormWindowHelper: refreshTipWindow windowDragBounds:Rect(-45, -373 - 257, 165)
11-29 06:50:33.158 1491 1600 W WindowManager: updateScale0.4617737
11-29 06:50:33.173 1491 1525 W WindowManager: updateScale0.4617737
11-29 06:50:33.174 1491 1600 D FreeFormWindowHelper: refreshTipWindow windowDragBounds:Rect(-30, -443 - 272, 95)
11-29 06:50:33.176 1491 1600 W WindowManager: updateScale0.4617737
11-29 06:50:33.189 1491 1525 W WindowManager: updateScale0.4617737
11-29 06:50:33.191 1491 1600 D FreeFormWindowHelper: refreshTipWindow windowDragBounds:Rect(-25, -464 - 277, 74)
11-29 06:50:33.193 1491 1600 W WindowManager: updateScale0.4617737
11-29 06:50:33.202 1491 1600 D WindowManager: updateWindowDragBounds: mIsSwipeYtrue
11-29 06:50:33.202 1491 1600 D WindowManager: updateWindowDragBounds: mIsTopfalse
11-29 06:50:33.202 1491 1600 D WindowManager: updateWindowDragBounds: mIsSwipeXfalse
11-29 06:50:33.204 1491 1600 W WindowManager: updateScale0.4617737
11-29 06:50:33.238 1491 1525 W WindowManager: updateScale0.4617737
11-29 06:50:33.494 1491 1693 I input_interaction: Interaction with: 197ade1 com.android.gallery3d/com.android.gallery3d.app.GalleryActivity (server), edge-swipe (server), swipe-up (server), PointerEventDispatcher0 (server),
11-29 06:50:33.543 1491 1693 I input_interaction: Interaction with: WindowManager (server), edge-swipe (server), swipe-up (server), PointerEventDispatcher0 (server),
11-29 06:50:33.544 18441 18441 I view_enqueue_input_event: [Motion - Cancel,com.android.gallery3d/com.android.gallery3d.app.GalleryActivity]
11-29 06:50:33.557 1491 1600 D FreeFormWindowHelper: refreshTipWindow windowDragBounds:Rect(0, 45 - 302, 583)
11-29 06:50:33.561 1491 1600 W WindowManager: updateScale0.4617737
11-29 06:50:33.569 1491 1608 I am_uid_idle: 10063
11-29 06:50:33.573 1491 1525 W WindowManager: updateScale0.4617737
11-29 06:50:33.575 1491 1600 D FreeFormWindowHelper: refreshTipWindow windowDragBounds:Rect(0, 12 - 302, 550)
11-29 06:50:33.577 1491 1600 W WindowManager: updateScale0.4617737
11-29 06:50:33.590 1491 1600 D FreeFormWindowHelper: refreshTipWindow windowDragBounds:Rect(0, -42 - 302, 496)
11-29 06:50:33.592 1491 1600 W WindowManager: updateScale0.4617737
11-29 06:50:33.606 1491 1525 W WindowManager: updateScale0.4617737
11-29 06:50:33.608 1491 1600 D FreeFormWindowHelper: refreshTipWindow windowDragBounds:Rect(0, -99 - 302, 439)
11-29 06:50:33.609 1491 1600 W WindowManager: updateScale0.4617737
11-29 06:50:33.624 1491 1600 D FreeFormWindowHelper: refreshTipWindow windowDragBounds:Rect(0, -155 - 302, 383)
11-29 06:50:33.625 1491 1600 W WindowManager: updateScale0.4617737
11-29 06:50:33.640 1491 1600 D FreeFormWindowHelper: refreshTipWindow windowDragBounds:Rect(0, -202 - 302, 336)
11-29 06:50:33.642 1491 1600 W WindowManager: updateScale0.4617737
11-29 06:50:33.657 1491 1600 D FreeFormWindowHelper: refreshTipWindow windowDragBounds:Rect(0, -246 - 302, 292)
11-29 06:50:33.659 1491 1600 W WindowManager: updateScale0.4617737
11-29 06:50:33.676 1491 1600 D FreeFormWindowHelper: refreshTipWindow windowDragBounds:Rect(0, -288 - 302, 250)
11-29 06:50:33.679 1491 1600 W WindowManager: updateScale0.4617737
11-29 06:50:33.691 1491 1600 D FreeFormWindowHelper: refreshTipWindow windowDragBounds:Rect(0, -332 - 302, 206)
11-29 06:50:33.692 1491 1600 W WindowManager: updateScale0.4617737
11-29 06:50:33.706 1491 1525 W WindowManager: updateScale0.4617737
11-29 06:50:33.711 1491 1600 D FreeFormWindowHelper: refreshTipWindow windowDragBounds:Rect(0, -377 - 302, 161)
11-29 06:50:33.714 1491 1600 W WindowManager: updateScale0.4617737
11-29 06:50:33.724 1491 1600 D FreeFormWindowHelper: refreshTipWindow windowDragBounds:Rect(0, -417 - 302, 121)
11-29 06:50:33.725 1491 1600 W WindowManager: updateScale0.4617737
11-29 06:50:33.744 1491 1600 D FreeFormWindowHelper: refreshTipWindow windowDragBounds:Rect(0, -455 - 302, 83)
11-29 06:50:33.745 1491 1600 W WindowManager: updateScale0.4617737
11-29 06:50:33.760 1491 1600 D FreeFormWindowHelper: refreshTipWindow windowDragBounds:Rect(0, -478 - 302, 60)
11-29 06:50:33.762 1491 1600 W WindowManager: updateScale0.4617737
11-29 06:50:33.774 1491 1600 D FreeFormWindowHelper: refreshTipWindow windowDragBounds:Rect(0, -490 - 302, 48)
11-29 06:50:33.776 1491 1600 W WindowManager: updateScale0.4617737
11-29 06:50:33.790 1491 1525 W WindowManager: updateScale0.4617737
11-29 06:50:33.811 1491 1600 D WindowManager: updateWindowDragBounds: mIsSwipeYtrue
11-29 06:50:33.811 1491 1600 D WindowManager: updateWindowDragBounds: mIsTopfalse
11-29 06:50:33.811 1491 1600 D WindowManager: updateWindowDragBounds: mIsSwipeXfalse
11-29 06:50:33.813 1491 1600 W WindowManager: updateScale0.4617737
11-29 06:50:33.830 1491 9480 W WindowManager: updateScale0.4617737
11-29 06:50:34.079 0 0 I auditd : type=1400 audit(0.0:13830): avc: denied { kill } for comm="swapper/3" capability=5 scontext=u:r:kernel:s0 tcontext=u:r:kernel:s0 tclass=capability permissive=0
11-29 06:50:34.198 1491 1693 I input_interaction: Interaction with: 197ade1 com.android.gallery3d/com.android.gallery3d.app.GalleryActivity (server), edge-swipe (server), swipe-up (server), PointerEventDispatcher0 (server),
11-29 06:50:34.245 18441 18441 I view_enqueue_input_event: [Motion - Cancel,com.android.gallery3d/com.android.gallery3d.app.GalleryActivity]
11-29 06:50:34.245 1491 1693 I input_interaction: Interaction with: WindowManager (server), edge-swipe (server), swipe-up (server), PointerEventDispatcher0 (server),
11-29 06:50:34.259 1491 1600 D FreeFormWindowHelper: refreshTipWindow windowDragBounds:Rect(9, 47 - 311, 585)
11-29 06:50:34.260 1491 1600 W WindowManager: updateScale0.4617737
11-29 06:50:34.276 1491 1600 D FreeFormWindowHelper: refreshTipWindow windowDragBounds:Rect(12, 16 - 314, 554)
11-29 06:50:34.278 1491 1600 W WindowManager: updateScale0.4617737
11-29 06:50:34.292 1491 1600 D FreeFormWindowHelper: refreshTipWindow windowDragBounds:Rect(14, -19 - 316, 519)
11-29 06:50:34.295 1491 1600 W WindowManager: updateScale0.4617737
11-29 06:50:34.309 1491 1600 D FreeFormWindowHelper: refreshTipWindow windowDragBounds:Rect(17, -63 - 319, 475)
11-29 06:50:34.315 1491 1600 W WindowManager: updateScale0.4617737
11-29 06:50:34.317 1491 9480 W WindowManager: updateScale0.4617737
11-29 06:50:34.325 1491 1600 D FreeFormWindowHelper: refreshTipWindow windowDragBounds:Rect(18, -109 - 320, 429)
11-29 06:50:34.327 1491 1600 W WindowManager: updateScale0.4617737
11-29 06:50:34.341 1491 9480 W WindowManager: updateScale0.4617737
11-29 06:50:34.343 1491 1600 D FreeFormWindowHelper: refreshTipWindow windowDragBounds:Rect(19, -162 - 321, 376)
11-29 06:50:34.344 1491 1600 W WindowManager: updateScale0.4617737
11-29 06:50:34.354 1491 9480 W WindowManager: updateScale0.4617737
11-29 06:50:34.359 1491 1600 D FreeFormWindowHelper: refreshTipWindow windowDragBounds:Rect(20, -207 - 322, 331)
11-29 06:50:34.360 1491 1600 W WindowManager: updateScale0.4617737
11-29 06:50:34.371 1491 9480 W WindowManager: updateScale0.4617737
11-29 06:50:34.375 1491 1600 D FreeFormWindowHelper: refreshTipWindow windowDragBounds:Rect(21, -248 - 323, 290)
11-29 06:50:34.377 1491 1600 W WindowManager: updateScale0.4617737
11-29 06:50:34.388 1491 9480 W WindowManager: updateScale0.4617737
11-29 06:50:34.392 1491 1600 D FreeFormWindowHelper: refreshTipWindow windowDragBounds:Rect(22, -290 - 324, 248)
11-29 06:50:34.394 1491 1600 W WindowManager: updateScale0.4617737
11-29 06:50:34.405 1491 9480 W WindowManager: updateScale0.4617737
11-29 06:50:34.409 1491 1600 D FreeFormWindowHelper: refreshTipWindow windowDragBounds:Rect(25, -332 - 327, 206)
11-29 06:50:34.411 1491 1600 W WindowManager: updateScale0.4617737
11-29 06:50:34.422 1491 9480 W WindowManager: updateScale0.4617737
11-29 06:50:34.426 1491 1600 D FreeFormWindowHelper: refreshTipWindow windowDragBounds:Rect(29, -374 - 331, 164)
11-29 06:50:34.427 1491 1600 W WindowManager: updateScale0.4617737
11-29 06:50:34.438 1491 1525 W WindowManager: updateScale0.4617737
11-29 06:50:34.442 1491 1600 D FreeFormWindowHelper: refreshTipWindow windowDragBounds:Rect(36, -420 - 338, 118)
11-29 06:50:34.444 1491 1600 W WindowManager: updateScale0.4617737
11-29 06:50:34.455 1491 1525 W WindowManager: updateScale0.4617737
11-29 06:50:34.459 1491 1600 D FreeFormWindowHelper: refreshTipWindow windowDragBounds:Rect(42, -447 - 344, 91)
11-29 06:50:34.461 1491 1600 W WindowManager: updateScale0.4617737
11-29 06:50:34.472 1491 1525 W WindowManager: updateScale0.4617737
11-29 06:50:34.476 1491 1600 D FreeFormWindowHelper: refreshTipWindow windowDragBounds:Rect(45, -457 - 347, 81)
11-29 06:50:34.478 1491 1600 W WindowManager: updateScale0.4617737
11-29 06:50:34.488 1491 9480 W WindowManager: updateScale0.4617737
11-29 06:50:34.496 1491 1600 D WindowManager: updateWindowDragBounds: mIsSwipeYtrue
11-29 06:50:34.496 1491 1600 D WindowManager: updateWindowDragBounds: mIsTopfalse
11-29 06:50:34.496 1491 1600 D WindowManager: updateWindowDragBounds: mIsSwipeXfalse
11-29 06:50:34.497 1491 1600 W WindowManager: updateScale0.4617737
11-29 06:50:34.512 1491 1525 W WindowManager: updateScale0.4617737
11-29 06:50:34.523 1491 1525 W WindowManager: updateScale0.4617737
11-29 06:50:34.860 1491 1693 I input_interaction: Interaction with: 197ade1 com.android.gallery3d/com.android.gallery3d.app.GalleryActivity (server), edge-swipe (server), swipe-up (server), PointerEventDispatcher0 (server),
11-29 06:50:34.913 18441 18441 I view_enqueue_input_event: [Motion - Cancel,com.android.gallery3d/com.android.gallery3d.app.GalleryActivity]
11-29 06:50:34.916 1491 1693 I input_interaction: Interaction with: WindowManager (server), edge-swipe (server), swipe-up (server), PointerEventDispatcher0 (server),
11-29 06:50:34.927 1491 1600 D FreeFormWindowHelper: refreshTipWindow windowDragBounds:Rect(11, 21 - 313, 559)
11-29 06:50:34.928 1491 1600 W WindowManager: updateScale0.4617737
11-29 06:50:34.943 1491 9480 W WindowManager: updateScale0.4617737
11-29 06:50:34.946 1491 1600 D FreeFormWindowHelper: refreshTipWindow windowDragBounds:Rect(21, -36 - 323, 502)
11-29 06:50:34.952 1491 1600 W WindowManager: updateScale0.4617737
11-29 06:50:34.960 1491 1600 D FreeFormWindowHelper: refreshTipWindow windowDragBounds:Rect(37, -115 - 339, 423)
11-29 06:50:34.962 1491 1600 W WindowManager: updateScale0.4617737
11-29 06:50:34.975 1491 9480 W WindowManager: updateScale0.4617737
11-29 06:50:34.978 1491 1600 D FreeFormWindowHelper: refreshTipWindow windowDragBounds:Rect(53, -189 - 355, 349)
11-29 06:50:34.979 1491 1600 W WindowManager: updateScale0.4617737
11-29 06:50:34.994 1491 1600 D FreeFormWindowHelper: refreshTipWindow windowDragBounds:Rect(70, -261 - 372, 277)
11-29 06:50:34.995 1491 1600 W WindowManager: updateScale0.4617737
11-29 06:50:35.001 1491 9480 W WindowManager: updateScale0.4617737
11-29 06:50:35.013 1491 1600 D FreeFormWindowHelper: refreshTipWindow windowDragBounds:Rect(83, -315 - 385, 223)
11-29 06:50:35.015 1491 1600 W WindowManager: updateScale0.4617737
11-29 06:50:35.027 1491 1600 D FreeFormWindowHelper: refreshTipWindow windowDragBounds:Rect(95, -371 - 397, 167)
11-29 06:50:35.028 1491 1600 W WindowManager: updateScale0.4617737
11-29 06:50:35.042 1491 9480 W WindowManager: updateScale0.4617737
11-29 06:50:35.044 1491 1600 D FreeFormWindowHelper: refreshTipWindow windowDragBounds:Rect(110, -426 - 412, 112)
11-29 06:50:35.046 1491 1600 W WindowManager: updateScale0.4617737
11-29 06:50:35.061 1491 1600 D FreeFormWindowHelper: refreshTipWindow windowDragBounds:Rect(114, -437 - 416, 101)
11-29 06:50:35.062 1491 1600 W WindowManager: updateScale0.4617737
11-29 06:50:35.075 1491 1600 D WindowManager: updateWindowDragBounds: mIsSwipeYtrue
11-29 06:50:35.075 1491 1600 D WindowManager: updateWindowDragBounds: mIsTopfalse
11-29 06:50:35.075 1491 1600 D WindowManager: updateWindowDragBounds: mIsSwipeXfalse
11-29 06:50:35.076 1491 1600 W WindowManager: updateScale0.4617737
11-29 06:50:35.079 0 0 I auditd : type=1400 audit(0.0:13831): avc: denied { kill } for comm="swapper/3" capability=5 scontext=u:r:kernel:s0 tcontext=u:r:kernel:s0 tclass=capability permissive=0
11-29 06:50:35.096 1491 10785 W WindowManager: updateScale0.4617737
11-29 06:50:35.420 1491 1693 I input_interaction: Interaction with: 197ade1 com.android.gallery3d/com.android.gallery3d.app.GalleryActivity (server), edge-swipe (server), swipe-up (server), PointerEventDispatcher0 (server),
11-29 06:50:35.448 18441 18441 I view_enqueue_input_event: [Motion - Cancel,com.android.gallery3d/com.android.gallery3d.app.GalleryActivity]
11-29 06:50:35.455 1491 1693 I input_interaction: Interaction with: WindowManager (server), edge-swipe (server), swipe-up (server), PointerEventDispatcher0 (server),
11-29 06:50:35.462 1491 1600 D FreeFormWindowHelper: refreshTipWindow windowDragBounds:Rect(0, 49 - 302, 587)
11-29 06:50:35.463 1491 1600 W WindowManager: updateScale0.4617737
11-29 06:50:35.478 1491 1600 D FreeFormWindowHelper: refreshTipWindow windowDragBounds:Rect(0, 21 - 302, 559)
11-29 06:50:35.480 1491 1600 W WindowManager: updateScale0.4617737
11-29 06:50:35.494 1491 10785 W WindowManager: updateScale0.4617737
11-29 06:50:35.496 1491 1600 D FreeFormWindowHelper: refreshTipWindow windowDragBounds:Rect(0, -17 - 302, 521)
11-29 06:50:35.497 1491 1600 W WindowManager: updateScale0.4617737
11-29 06:50:35.513 1491 1600 D FreeFormWindowHelper: refreshTipWindow windowDragBounds:Rect(0, -68 - 302, 470)
11-29 06:50:35.515 1491 1600 W WindowManager: updateScale0.4617737
11-29 06:50:35.519 1491 1525 W WindowManager: updateScale0.4617737
11-29 06:50:35.529 1491 1600 D FreeFormWindowHelper: refreshTipWindow windowDragBounds:Rect(0, -114 - 302, 424)
11-29 06:50:35.530 1491 1600 W WindowManager: updateScale0.4617737
11-29 06:50:35.545 1491 1600 D FreeFormWindowHelper: refreshTipWindow windowDragBounds:Rect(0, -153 - 302, 385)
11-29 06:50:35.546 1491 1600 W WindowManager: updateScale0.4617737
11-29 06:50:35.562 1491 1600 D FreeFormWindowHelper: refreshTipWindow windowDragBounds:Rect(0, -189 - 302, 349)
11-29 06:50:35.563 1491 1600 W WindowManager: updateScale0.4617737
11-29 06:50:35.578 1491 1600 D FreeFormWindowHelper: refreshTipWindow windowDragBounds:Rect(0, -228 - 302, 310)
11-29 06:50:35.580 1491 1600 W WindowManager: updateScale0.4617737
11-29 06:50:35.595 1491 1600 D FreeFormWindowHelper: refreshTipWindow windowDragBounds:Rect(0, -274 - 302, 264)
11-29 06:50:35.596 1491 1600 W WindowManager: updateScale0.4617737
11-29 06:50:35.612 1491 1600 D FreeFormWindowHelper: refreshTipWindow windowDragBounds:Rect(0, -336 - 302, 202)
11-29 06:50:35.613 1491 1600 W WindowManager: updateScale0.4617737
11-29 06:50:35.628 1491 1600 D FreeFormWindowHelper: refreshTipWindow windowDragBounds:Rect(17, -379 - 319, 159)
11-29 06:50:35.630 1491 1600 W WindowManager: updateScale0.4617737
11-29 06:50:35.654 1491 1600 D WindowManager: updateWindowDragBounds: mIsSwipeYtrue
11-29 06:50:35.654 1491 1600 D WindowManager: updateWindowDragBounds: mIsTopfalse
11-29 06:50:35.654 1491 1600 D WindowManager: updateWindowDragBounds: mIsSwipeXfalse
11-29 06:50:35.655 1491 1600 W WindowManager: updateScale0.4617737
11-29 06:50:35.668 1491 10785 W WindowManager: updateScale0.4617737
11-29 06:50:35.966 1491 1693 I input_interaction: Interaction with: 197ade1 com.android.gallery3d/com.android.gallery3d.app.GalleryActivity (server), edge-swipe (server), swipe-up (server), PointerEventDispatcher0 (server),
11-29 06:50:36.015 18441 18441 I view_enqueue_input_event: [Motion - Cancel,com.android.gallery3d/com.android.gallery3d.app.GalleryActivity]
11-29 06:50:36.020 1491 1693 I input_interaction: Interaction with: WindowManager (server), edge-swipe (server), swipe-up (server), PointerEventDispatcher0 (server),
11-29 06:50:36.030 1491 1600 D FreeFormWindowHelper: refreshTipWindow windowDragBounds:Rect(0, 48 - 302, 586)
11-29 06:50:36.031 1491 1600 W WindowManager: updateScale0.4617737
11-29 06:50:36.045 1491 10785 W WindowManager: updateScale0.4617737
11-29 06:50:36.047 1491 1600 D FreeFormWindowHelper: refreshTipWindow windowDragBounds:Rect(0, 19 - 302, 557)
11-29 06:50:36.049 1491 1600 W WindowManager: updateScale0.4617737
11-29 06:50:36.063 1491 1600 D FreeFormWindowHelper: refreshTipWindow windowDragBounds:Rect(0, -17 - 302, 521)
11-29 06:50:36.064 1491 1600 W WindowManager: updateScale0.4617737
11-29 06:50:36.080 1491 1600 D FreeFormWindowHelper: refreshTipWindow windowDragBounds:Rect(0, -64 - 302, 474)
11-29 06:50:36.081 1491 1600 W WindowManager: updateScale0.4617737
11-29 06:50:36.095 1491 1525 W WindowManager: updateScale0.4617737
11-29 06:50:36.097 1491 1600 D FreeFormWindowHelper: refreshTipWindow windowDragBounds:Rect(0, -120 - 302, 418)
11-29 06:50:36.099 1491 1600 W WindowManager: updateScale0.4617737
11-29 06:50:36.113 1491 1600 D FreeFormWindowHelper: refreshTipWindow windowDragBounds:Rect(0, -187 - 302, 351)
11-29 06:50:36.115 1491 1600 W WindowManager: updateScale0.4617737
11-29 06:50:36.131 1491 1600 D FreeFormWindowHelper: refreshTipWindow windowDragBounds:Rect(0, -268 - 302, 270)
11-29 06:50:36.133 1491 1600 W WindowManager: updateScale0.4617737
11-29 06:50:36.148 1491 1600 D FreeFormWindowHelper: refreshTipWindow windowDragBounds:Rect(5, -354 - 307, 184)
11-29 06:50:36.150 1491 1600 W WindowManager: updateScale0.4617737
11-29 06:50:36.162 1491 1525 W WindowManager: updateScale0.4617737
11-29 06:50:36.164 1491 1600 D FreeFormWindowHelper: refreshTipWindow windowDragBounds:Rect(27, -442 - 329, 96)
11-29 06:50:36.166 1491 1600 W WindowManager: updateScale0.4617737
11-29 06:50:36.180 1491 1600 D FreeFormWindowHelper: refreshTipWindow windowDragBounds:Rect(32, -458 - 334, 80)
11-29 06:50:36.184 1491 1600 W WindowManager: updateScale0.4617737
11-29 06:50:36.193 1491 1600 D WindowManager: updateWindowDragBounds: mIsSwipeYtrue
11-29 06:50:36.193 1491 1600 D WindowManager: updateWindowDragBounds: mIsTopfalse
11-29 06:50:36.193 1491 1600 D WindowManager: updateWindowDragBounds: mIsSwipeXfalse
11-29 06:50:36.197 1491 1600 W WindowManager: updateScale0.4617737
11-29 06:50:36.221 1491 1525 W WindowManager: updateScale0.4617737
11-29 06:50:37.079 0 0 I auditd : type=1400 audit(0.0:13832): avc: denied { kill } for comm="swapper/3" capability=5 scontext=u:r:kernel:s0 tcontext=u:r:kernel:s0 tclass=capability permissive=0
11-29 06:50:38.079 0 0 I auditd : type=1400 audit(0.0:13833): avc: denied { kill } for comm="swapper/3" capability=5 scontext=u:r:kernel:s0 tcontext=u:r:kernel:s0 tclass=capability permissive=0
11-29 06:50:39.079 0 0 I auditd : type=1400 audit(0.0:13834): avc: denied { kill } for comm="swapper/3" capability=5 scontext=u:r:kernel:s0 tcontext=u:r:kernel:s0 tclass=capability permissive=0
11-29 06:50:40.079 0 0 I auditd : type=1400 audit(0.0:13835): avc: denied { kill } for comm="swapper/3" capability=5 scontext=u:r:kernel:s0 tcontext=u:r:kernel:s0 tclass=capability permissive=0
11-29 06:50:41.079 0 0 I auditd : type=1400 audit(0.0:13836): avc: denied { kill } for comm="swapper/3" capability=5 scontext=u:r:kernel:s0 tcontext=u:r:kernel:s0 tclass=capability permissive=0
11-29 06:50:42.079 0 0 I auditd : type=1400 audit(0.0:13837): avc: denied { kill } for comm="swapper/3" capability=5 scontext=u:r:kernel:s0 tcontext=u:r:kernel:s0 tclass=capability permissive=0
11-29 06:50:42.655 834 834 I auditd : type=1400 audit(0.0:13838): avc: denied { search } for comm="wifi@1.0-servic" name="tombstones" dev="dm-10" ino=36 scontext=u:r:hal_wifi_default:s0 tcontext=u:object_r:vendor_tombstone_data_file:s0 tclass=dir permissive=0
11-29 06:50:42.660 834 834 E android.hardware.wifi@1.0-service: Failed to open directory: Permission denied
11-29 06:50:42.660 834 834 E android.hardware.wifi@1.0-service: Error occurred while deleting old tombstone files
11-29 06:50:42.660 834 834 E android.hardware.wifi@1.0-service: Error writing files to flash
11-29 06:50:43.079 0 0 I auditd : type=1400 audit(0.0:13839): avc: denied { kill } for comm="swapper/3" capability=5 scontext=u:r:kernel:s0 tcontext=u:r:kernel:s0 tclass=capability permissive=0
11-29 06:50:44.079 0 0 I auditd : type=1400 audit(0.0:13840): avc: denied { kill } for comm="swapper/3" capability=5 scontext=u:r:kernel:s0 tcontext=u:r:kernel:s0 tclass=capability permissive=0
11-29 06:50:44.535 1491 1693 I input_interaction: Interaction with: 197ade1 com.android.gallery3d/com.android.gallery3d.app.GalleryActivity (server), edge-swipe (server), swipe-up (server), PointerEventDispatcher0 (server),
11-29 06:50:44.621 18441 18441 I view_enqueue_input_event: [Motion - Cancel,com.android.gallery3d/com.android.gallery3d.app.GalleryActivity]
11-29 06:50:44.622 1491 1693 I input_interaction: Interaction with: WindowManager (server), edge-swipe (server), swipe-up (server), PointerEventDispatcher0 (server),
11-29 06:50:44.634 1491 1600 D FreeFormWindowHelper: refreshTipWindow windowDragBounds:Rect(3, 25 - 305, 563)
11-29 06:50:44.636 1491 1600 W WindowManager: updateScale0.4617737
11-29 06:50:44.650 1491 1600 D FreeFormWindowHelper: refreshTipWindow windowDragBounds:Rect(11, -61 - 313, 477)
11-29 06:50:44.652 1491 1600 W WindowManager: updateScale0.4617737
11-29 06:50:44.667 1491 1600 D FreeFormWindowHelper: refreshTipWindow windowDragBounds:Rect(32, -174 - 334, 364)
11-29 06:50:44.669 1491 1600 W WindowManager: updateScale0.4617737
11-29 06:50:44.683 1491 1600 D FreeFormWindowHelper: refreshTipWindow windowDragBounds:Rect(46, -227 - 348, 311)
11-29 06:50:44.685 1491 1600 W WindowManager: updateScale0.4617737
11-29 06:50:44.688 1491 2059 W WindowManager: updateScale0.4617737
11-29 06:50:44.700 1491 1600 D FreeFormWindowHelper: refreshTipWindow windowDragBounds:Rect(84, -350 - 386, 188)
11-29 06:50:44.701 1491 1600 W WindowManager: updateScale0.4617737
11-29 06:50:44.718 1491 1600 D FreeFormWindowHelper: refreshTipWindow windowDragBounds:Rect(101, -408 - 403, 130)
11-29 06:50:44.719 1491 1600 W WindowManager: updateScale0.4617737
11-29 06:50:44.734 1491 1600 D FreeFormWindowHelper: refreshTipWindow windowDragBounds:Rect(106, -436 - 408, 102)
11-29 06:50:44.735 1491 1600 W WindowManager: updateScale0.4617737
11-29 06:50:44.749 1491 9480 W WindowManager: updateScale0.4617737
11-29 06:50:44.751 1491 1600 D FreeFormWindowHelper: refreshTipWindow windowDragBounds:Rect(105, -449 - 407, 89)
11-29 06:50:44.753 1491 1600 W WindowManager: updateScale0.4617737
11-29 06:50:44.763 1491 9480 W WindowManager: updateScale0.4617737
11-29 06:50:44.767 1491 1600 D FreeFormWindowHelper: refreshTipWindow windowDragBounds:Rect(105, -463 - 407, 75)
11-29 06:50:44.769 1491 1600 W WindowManager: updateScale0.4617737
11-29 06:50:44.780 1491 9480 W WindowManager: updateScale0.4617737
11-29 06:50:44.784 1491 1600 D FreeFormWindowHelper: refreshTipWindow windowDragBounds:Rect(105, -471 - 407, 67)
11-29 06:50:44.785 1491 1600 W WindowManager: updateScale0.4617737
11-29 06:50:44.796 1491 9480 W WindowManager: updateScale0.4617737
11-29 06:50:44.813 1491 9480 W WindowManager: updateScale0.4617737
11-29 06:50:45.061 1491 1600 D WindowManager: updateWindowDragBounds: mIsSwipeYtrue
11-29 06:50:45.061 1491 1600 D WindowManager: updateWindowDragBounds: mIsTopfalse
11-29 06:50:45.061 1491 1600 D WindowManager: updateWindowDragBounds: mIsSwipeXfalse
11-29 06:50:45.063 1491 1600 W WindowManager: updateScale0.4617737
11-29 06:50:45.079 0 0 I auditd : type=1400 audit(0.0:13841): avc: denied { kill } for comm="swapper/3" capability=5 scontext=u:r:kernel:s0 tcontext=u:r:kernel:s0 tclass=capability permissive=0
11-29 06:50:45.083 1491 9480 W WindowManager: updateScale0.4617737
11-29 06:50:45.739 1491 1693 I input_interaction: Interaction with: 197ade1 com.android.gallery3d/com.android.gallery3d.app.GalleryActivity (server), edge-swipe (server), swipe-up (server), PointerEventDispatcher0 (server),
11-29 06:50:45.807 18441 18441 I view_enqueue_input_event: [Motion - Cancel,com.android.gallery3d/com.android.gallery3d.app.GalleryActivity]
11-29 06:50:45.812 1491 1693 I input_interaction: Interaction with: WindowManager (server), edge-swipe (server), swipe-up (server), PointerEventDispatcher0 (server),
11-29 06:50:45.820 1491 1600 D FreeFormWindowHelper: refreshTipWindow windowDragBounds:Rect(19, -10 - 321, 528)
11-29 06:50:45.822 1491 1600 W WindowManager: updateScale0.4617737
11-29 06:50:45.836 1491 1600 D FreeFormWindowHelper: refreshTipWindow windowDragBounds:Rect(39, -114 - 341, 424)
11-29 06:50:45.838 1491 1600 W WindowManager: updateScale0.4617737
11-29 06:50:45.843 1491 9480 W WindowManager: updateScale0.4617737
11-29 06:50:45.853 1491 1600 D FreeFormWindowHelper: refreshTipWindow windowDragBounds:Rect(49, -236 - 351, 302)
11-29 06:50:45.855 1491 1600 W WindowManager: updateScale0.4617737
11-29 06:50:45.862 1491 9480 W WindowManager: updateScale0.4617737
11-29 06:50:45.870 1491 1600 D FreeFormWindowHelper: refreshTipWindow windowDragBounds:Rect(50, -385 - 352, 153)
11-29 06:50:45.871 1491 1600 W WindowManager: updateScale0.4617737
11-29 06:50:45.882 1491 9480 W WindowManager: updateScale0.4617737
11-29 06:50:45.887 1491 1600 D FreeFormWindowHelper: refreshTipWindow windowDragBounds:Rect(50, -413 - 352, 125)
11-29 06:50:45.889 1491 1600 W WindowManager: updateScale0.4617737
11-29 06:50:45.899 1491 2923 W WindowManager: updateScale0.4617737
11-29 06:50:45.916 1491 2923 W WindowManager: updateScale0.4617737
11-29 06:50:45.964 1491 1600 D WindowManager: updateWindowDragBounds: mIsSwipeYtrue
11-29 06:50:45.964 1491 1600 D WindowManager: updateWindowDragBounds: mIsTopfalse
11-29 06:50:45.964 1491 1600 D WindowManager: updateWindowDragBounds: mIsSwipeXfalse
11-29 06:50:45.966 1491 1600 W WindowManager: updateScale0.4617737
11-29 06:50:45.985 1491 2923 W WindowManager: updateScale0.4617737
11-29 06:50:46.305 834 834 E android.hardware.wifi@1.0-service: Failed to open directory: Permission denied
11-29 06:50:46.305 834 834 E android.hardware.wifi@1.0-service: Error occurred while deleting old tombstone files
11-29 06:50:46.305 834 834 E android.hardware.wifi@1.0-service: Error writing files to flash
11-29 06:50:46.299 834 834 I auditd : type=1400 audit(0.0:13842): avc: denied { search } for comm="wifi@1.0-servic" name="tombstones" dev="dm-10" ino=36 scontext=u:r:hal_wifi_default:s0 tcontext=u:object_r:vendor_tombstone_data_file:s0 tclass=dir permissive=0
11-29 06:50:46.480 1491 1693 I input_interaction: Interaction with: 197ade1 com.android.gallery3d/com.android.gallery3d.app.GalleryActivity (server), edge-swipe (server), swipe-up (server), PointerEventDispatcher0 (server),
11-29 06:50:46.508 18441 18441 I view_enqueue_input_event: [Motion - Cancel,com.android.gallery3d/com.android.gallery3d.app.GalleryActivity]
11-29 06:50:46.511 1491 1693 I input_interaction: Interaction with: WindowManager (server), edge-swipe (server), swipe-up (server), PointerEventDispatcher0 (server),
11-29 06:50:46.522 1491 1600 D FreeFormWindowHelper: refreshTipWindow windowDragBounds:Rect(0, 63 - 302, 601)
11-29 06:50:46.523 1491 1600 W WindowManager: updateScale0.4617737
11-29 06:50:46.538 1491 10067 W WindowManager: updateScale0.4617737
11-29 06:50:46.541 1491 1600 D FreeFormWindowHelper: refreshTipWindow windowDragBounds:Rect(0, 51 - 302, 589)
11-29 06:50:46.543 1491 1600 W WindowManager: updateScale0.4617737
11-29 06:50:46.554 1491 2058 W WindowManager: updateScale0.4617737
11-29 06:50:46.556 1491 1600 D FreeFormWindowHelper: refreshTipWindow windowDragBounds:Rect(0, 42 - 302, 580)
11-29 06:50:46.558 1491 1600 W WindowManager: updateScale0.4617737
11-29 06:50:46.571 1491 1600 D FreeFormWindowHelper: refreshTipWindow windowDragBounds:Rect(0, 32 - 302, 570)
11-29 06:50:46.573 1491 1600 W WindowManager: updateScale0.4617737
11-29 06:50:46.587 1491 10067 W WindowManager: updateScale0.4617737
11-29 06:50:46.589 1491 1600 D FreeFormWindowHelper: refreshTipWindow windowDragBounds:Rect(1, 19 - 303, 557)
11-29 06:50:46.591 1491 1600 W WindowManager: updateScale0.4617737
11-29 06:50:46.605 1491 1600 D FreeFormWindowHelper: refreshTipWindow windowDragBounds:Rect(5, 2 - 307, 540)
11-29 06:50:46.606 1491 1600 W WindowManager: updateScale0.4617737
11-29 06:50:46.622 1491 1600 D FreeFormWindowHelper: refreshTipWindow windowDragBounds:Rect(8, -24 - 310, 514)
11-29 06:50:46.623 1491 1600 W WindowManager: updateScale0.4617737
11-29 06:50:46.637 1491 10067 W WindowManager: updateScale0.4617737
11-29 06:50:46.639 1491 1600 D FreeFormWindowHelper: refreshTipWindow windowDragBounds:Rect(12, -49 - 314, 489)
11-29 06:50:46.641 1491 1600 W WindowManager: updateScale0.4617737
11-29 06:50:46.655 1491 1600 D FreeFormWindowHelper: refreshTipWindow windowDragBounds:Rect(19, -70 - 321, 468)
11-29 06:50:46.656 1491 1600 W WindowManager: updateScale0.4617737
11-29 06:50:46.672 1491 1600 D FreeFormWindowHelper: refreshTipWindow windowDragBounds:Rect(29, -114 - 331, 424)
11-29 06:50:46.673 1491 1600 W WindowManager: updateScale0.4617737
11-29 06:50:46.688 1491 1600 D FreeFormWindowHelper: refreshTipWindow windowDragBounds:Rect(33, -156 - 335, 382)
11-29 06:50:46.690 1491 1600 W WindowManager: updateScale0.4617737
11-29 06:50:46.705 1491 1600 D FreeFormWindowHelper: refreshTipWindow windowDragBounds:Rect(38, -175 - 340, 363)
11-29 06:50:46.708 1491 1600 W WindowManager: updateScale0.4617737
11-29 06:50:46.722 1491 10067 W WindowManager: updateScale0.4617737
11-29 06:50:46.724 1491 1600 D FreeFormWindowHelper: refreshTipWindow windowDragBounds:Rect(47, -241 - 349, 297)
11-29 06:50:46.725 1491 1600 W WindowManager: updateScale0.4617737
11-29 06:50:46.739 1491 1600 D FreeFormWindowHelper: refreshTipWindow windowDragBounds:Rect(56, -298 - 358, 240)
11-29 06:50:46.740 1491 1600 W WindowManager: updateScale0.4617737
11-29 06:50:46.755 1491 1600 D FreeFormWindowHelper: refreshTipWindow windowDragBounds:Rect(59, -335 - 361, 203)
11-29 06:50:46.756 1491 1600 W WindowManager: updateScale0.4617737
11-29 06:50:46.770 1491 10067 W WindowManager: updateScale0.4617737
11-29 06:50:46.772 1491 1600 D FreeFormWindowHelper: refreshTipWindow windowDragBounds:Rect(63, -374 - 365, 164)
11-29 06:50:46.773 1491 1600 W WindowManager: updateScale0.4617737
11-29 06:50:46.789 1491 1600 D FreeFormWindowHelper: refreshTipWindow windowDragBounds:Rect(65, -392 - 367, 146)
11-29 06:50:46.790 1491 1600 W WindowManager: updateScale0.4617737
11-29 06:50:46.807 1491 1600 D FreeFormWindowHelper: refreshTipWindow windowDragBounds:Rect(69, -449 - 371, 89)
11-29 06:50:46.809 1491 1600 W WindowManager: updateScale0.4617737
11-29 06:50:46.823 1491 1600 D FreeFormWindowHelper: refreshTipWindow windowDragBounds:Rect(70, -473 - 372, 65)
11-29 06:50:46.825 1491 1600 W WindowManager: updateScale0.4617737
11-29 06:50:46.839 1491 1600 D FreeFormWindowHelper: refreshTipWindow windowDragBounds:Rect(72, -490 - 374, 48)
11-29 06:50:46.840 1491 1600 W WindowManager: updateScale0.4617737
11-29 06:50:46.856 1491 1600 D FreeFormWindowHelper: refreshTipWindow windowDragBounds:Rect(66, -490 - 368, 48)
11-29 06:50:46.857 1491 1600 W WindowManager: updateScale0.4617737
11-29 06:50:46.872 1491 1600 D FreeFormWindowHelper: refreshTipWindow windowDragBounds:Rect(63, -490 - 365, 48)
11-29 06:50:46.874 1491 1600 W WindowManager: updateScale0.4617737
11-29 06:50:46.876 1491 2058 W WindowManager: updateScale0.4617737
11-29 06:50:46.882 1491 1600 D WindowManager: updateWindowDragBounds: mIsSwipeYtrue
11-29 06:50:46.882 1491 1600 D WindowManager: updateWindowDragBounds: mIsTopfalse
11-29 06:50:46.882 1491 1600 D WindowManager: updateWindowDragBounds: mIsSwipeXfalse
11-29 06:50:46.884 1491 1600 W WindowManager: updateScale0.4617737
11-29 06:50:46.921 1491 2058 W WindowManager: updateScale0.4617737
11-29 06:50:47.079 0 0 I auditd : type=1400 audit(0.0:13843): avc: denied { kill } for comm="swapper/3" capability=5 scontext=u:r:kernel:s0 tcontext=u:r:kernel:s0 tclass=capability permissive=0
11-29 06:50:47.408 1491 1693 I input_interaction: Interaction with: 197ade1 com.android.gallery3d/com.android.gallery3d.app.GalleryActivity (server), edge-swipe (server), swipe-up (server), PointerEventDispatcher0 (server),
11-29 06:50:47.411 1491 1491 I service_manager_stats: [100,70,86166]
11-29 06:50:47.496 18441 18441 I view_enqueue_input_event: [Motion - Cancel,com.android.gallery3d/com.android.gallery3d.app.GalleryActivity]
11-29 06:50:47.496 1491 1693 I input_interaction: Interaction with: WindowManager (server), edge-swipe (server), swipe-up (server), PointerEventDispatcher0 (server),
11-29 06:50:47.508 1491 1600 D FreeFormWindowHelper: refreshTipWindow windowDragBounds:Rect(8, 13 - 310, 551)
11-29 06:50:47.511 1491 1600 W WindowManager: updateScale0.4617737
11-29 06:50:47.524 1491 1600 D FreeFormWindowHelper: refreshTipWindow windowDragBounds:Rect(17, -40 - 319, 498)
11-29 06:50:47.526 1491 1600 W WindowManager: updateScale0.4617737
11-29 06:50:47.541 1491 1600 D FreeFormWindowHelper: refreshTipWindow windowDragBounds:Rect(29, -97 - 331, 441)
11-29 06:50:47.545 1491 1600 W WindowManager: updateScale0.4617737
11-29 06:50:47.553 1491 7658 W WindowManager: updateScale0.4617737
11-29 06:50:47.557 1491 1600 D FreeFormWindowHelper: refreshTipWindow windowDragBounds:Rect(53, -236 - 355, 302)
11-29 06:50:47.558 1491 1600 W WindowManager: updateScale0.4617737
11-29 06:50:47.574 1491 1600 D FreeFormWindowHelper: refreshTipWindow windowDragBounds:Rect(83, -455 - 385, 83)
11-29 06:50:47.576 1491 1600 W WindowManager: updateScale0.4617737
11-29 06:50:47.591 1491 1600 D FreeFormWindowHelper: refreshTipWindow windowDragBounds:Rect(81, -490 - 383, 48)
11-29 06:50:47.593 1491 1600 W WindowManager: updateScale0.4617737
11-29 06:50:47.711 1491 1600 D WindowManager: updateWindowDragBounds: mIsSwipeYtrue
11-29 06:50:47.711 1491 1600 D WindowManager: updateWindowDragBounds: mIsTopfalse
11-29 06:50:47.711 1491 1600 D WindowManager: updateWindowDragBounds: mIsSwipeXfalse
11-29 06:50:47.712 1491 1600 W WindowManager: updateScale0.4617737
11-29 06:50:47.731 1491 10067 W WindowManager: updateScale0.4617737
11-29 06:50:48.079 0 0 I auditd : type=1400 audit(0.0:13844): avc: denied { kill } for comm="swapper/3" capability=5 scontext=u:r:kernel:s0 tcontext=u:r:kernel:s0 tclass=capability permissive=0
11-29 06:50:48.115 1491 1693 I input_interaction: Interaction with: 197ade1 com.android.gallery3d/com.android.gallery3d.app.GalleryActivity (server), edge-swipe (server), swipe-up (server), PointerEventDispatcher0 (server),
11-29 06:50:48.180 18441 18441 I view_enqueue_input_event: [Motion - Cancel,com.android.gallery3d/com.android.gallery3d.app.GalleryActivity]
11-29 06:50:48.190 1491 1693 I input_interaction: Interaction with: WindowManager (server), edge-swipe (server), swipe-up (server), PointerEventDispatcher0 (server),
11-29 06:50:48.193 1491 1600 D FreeFormWindowHelper: refreshTipWindow windowDragBounds:Rect(27, -93 - 329, 445)
11-29 06:50:48.194 1491 1600 W WindowManager: updateScale0.4617737
11-29 06:50:48.208 1491 10067 W WindowManager: updateScale0.4617737
11-29 06:50:48.211 1491 1600 D FreeFormWindowHelper: refreshTipWindow windowDragBounds:Rect(42, -287 - 344, 251)
11-29 06:50:48.213 1491 1600 W WindowManager: updateScale0.4617737
11-29 06:50:48.226 1491 1600 D FreeFormWindowHelper: refreshTipWindow windowDragBounds:Rect(45, -391 - 347, 147)
11-29 06:50:48.227 1491 1600 W WindowManager: updateScale0.4617737
11-29 06:50:48.241 1491 10067 W WindowManager: updateScale0.4617737
11-29 06:50:48.255 1491 10067 W WindowManager: updateScale0.4617737
11-29 06:50:48.354 1491 1600 D WindowManager: updateWindowDragBounds: mIsSwipeYtrue
11-29 06:50:48.354 1491 1600 D WindowManager: updateWindowDragBounds: mIsTopfalse
11-29 06:50:48.354 1491 1600 D WindowManager: updateWindowDragBounds: mIsSwipeXfalse
11-29 06:50:48.357 1491 1600 W WindowManager: updateScale0.4617737
11-29 06:50:48.398 1491 11109 W WindowManager: updateScale0.4617737
11-29 06:50:48.606 834 834 E android.hardware.wifi@1.0-service: Failed to open directory: Permission denied
11-29 06:50:48.603 834 834 I auditd : type=1400 audit(0.0:13845): avc: denied { search } for comm="wifi@1.0-servic" name="tombstones" dev="dm-10" ino=36 scontext=u:r:hal_wifi_default:s0 tcontext=u:object_r:vendor_tombstone_data_file:s0 tclass=dir permissive=0
11-29 06:50:48.606 834 834 E android.hardware.wifi@1.0-service: Error occurred while deleting old tombstone files
11-29 06:50:48.606 834 834 E android.hardware.wifi@1.0-service: Error writing files to flash
11-29 06:50:48.795 1491 1693 I input_interaction: Interaction with: 197ade1 com.android.gallery3d/com.android.gallery3d.app.GalleryActivity (server), edge-swipe (server), swipe-up (server), PointerEventDispatcher0 (server),
11-29 06:50:48.865 18441 18441 I view_enqueue_input_event: [Motion - Cancel,com.android.gallery3d/com.android.gallery3d.app.GalleryActivity]
11-29 06:50:48.869 1491 1693 I input_interaction: Interaction with: WindowManager (server), edge-swipe (server), swipe-up (server), PointerEventDispatcher0 (server),
11-29 06:50:48.878 1491 1600 D FreeFormWindowHelper: refreshTipWindow windowDragBounds:Rect(0, 45 - 302, 583)
11-29 06:50:48.881 1491 1600 W WindowManager: updateScale0.4617737
11-29 06:50:48.894 1491 1600 D FreeFormWindowHelper: refreshTipWindow windowDragBounds:Rect(3, -14 - 305, 524)
11-29 06:50:48.902 1491 1600 W WindowManager: updateScale0.4617737
11-29 06:50:48.911 1491 1600 D FreeFormWindowHelper: refreshTipWindow windowDragBounds:Rect(9, -104 - 311, 434)
11-29 06:50:48.913 1491 1600 W WindowManager: updateScale0.4617737
11-29 06:50:48.922 1491 9480 W WindowManager: updateScale0.4617737
11-29 06:50:48.928 1491 1600 D FreeFormWindowHelper: refreshTipWindow windowDragBounds:Rect(22, -249 - 324, 289)
11-29 06:50:48.930 1491 1600 W WindowManager: updateScale0.4617737
11-29 06:50:48.944 1491 1600 D FreeFormWindowHelper: refreshTipWindow windowDragBounds:Rect(36, -380 - 338, 158)
11-29 06:50:48.952 1491 1600 W WindowManager: updateScale0.4617737
11-29 06:50:48.961 1491 9480 W WindowManager: updateScale0.4617737
11-29 06:50:48.963 1491 1600 D FreeFormWindowHelper: refreshTipWindow windowDragBounds:Rect(60, -490 - 362, 48)
11-29 06:50:48.964 1491 1600 W WindowManager: updateScale0.4617737
11-29 06:50:49.079 0 0 I auditd : type=1400 audit(0.0:13846): avc: denied { kill } for comm="swapper/3" capability=5 scontext=u:r:kernel:s0 tcontext=u:r:kernel:s0 tclass=capability permissive=0
11-29 06:50:49.103 1491 1600 D WindowManager: updateWindowDragBounds: mIsSwipeYtrue
11-29 06:50:49.104 1491 1600 D WindowManager: updateWindowDragBounds: mIsTopfalse
