11-29 06:48:06.548 1491 9316 W ContextImpl: Calling a method in the system process without a qualified user: android.app.ContextImpl.startActivity:1067 com.android.server.wm.FreeFormWindowHelper.exitRecentTasks:423 com.android.server.wm.ActivityTaskManagerService.exitRecentTasks:3795 android.app.IActivityTaskManager$Stub.onTransact:2307 com.android.server.wm.ActivityTaskManagerService.onTransact:5046
11-29 06:48:06.549 1491 1491 I GameModeConfig: Current uri is uri = content://com.thundercomm.gamemode.api/gamemode_settings/gamemode_isgaming
11-29 06:48:06.550 1491 9316 I ActivityTaskManager: START u0 {flg=0x10008000 cmp=com.android.gallery3d/.app.GalleryActivity} from uid 1000
11-29 06:48:06.551 1491 1491 I GameModeConfig: isGameModeOn = false
11-29 06:48:06.551 1491 1491 I GameModeConfig: isGameModeOn = false
11-29 06:48:06.551 1491 1491 I GameModeConfig: isDisableVoice = true
11-29 06:48:06.555 1491 9316 I wm_task_created: [140,-1]
11-29 06:48:06.555 1491 9316 W ActivityTaskManager: Can't find TaskDisplayArea to determine support for multi window. Task id=140 attached=false
11-29 06:48:06.556 1491 9316 D FreeFormWindowHelper: Add freeform task=Task{37ed654 #140 type=standard ?? U=0 visible=false mode=freeform translucent=true sz=0}
11-29 06:48:06.557 1491 9316 I wm_task_moved: [140,1,8]
11-29 06:48:06.557 1491 9316 I wm_task_to_front: [0,140]
11-29 06:48:06.557 1491 9316 I wm_create_task: [0,140]
11-29 06:48:06.557 1491 9316 I wm_create_activity: [0,189204989,140,com.android.gallery3d/.app.GalleryActivity,NULL,NULL,NULL,268468224]
11-29 06:48:06.557 1491 9316 I wm_task_moved: [140,1,8]
11-29 06:48:06.557 1491 9316 I ActivityTaskManager: FOREGROUND_APPLICATION_CHANGED to com.android.gallery3d.app.GalleryActivity
11-29 06:48:06.557 1491 9316 I ActivityTaskManager: The Process com.android.gallery3d Already Exists in BG. So sending its PID: 18441
11-29 06:48:06.557 1491 9316 W ActivityTaskManager: Tried to set launchTime (0) < mLastActivityLaunchTime (12863913)
11-29 06:48:06.558 1491 9316 I wm_restart_activity: [0,189204989,140,com.android.gallery3d/.app.GalleryActivity]
11-29 06:48:06.558 1491 9316 I wm_set_resumed_activity: [0,com.android.gallery3d/.app.GalleryActivity,minimalResumeActivityLocked]
11-29 06:48:06.568 16043 16059 W ContextImpl: Calling a method in the system process without a qualified user: android.app.ContextImpl.startService:1816 android.content.ContextWrapper.startService:774 com.thundercomm.gamemode.ingame.services.GameModeActionUtils.startGameModeService:93 com.thundercomm.gamemode.ingame.services.GameModeActionUtils.startGameModeEntry:21 com.thundercomm.gamemode.ingame.services.ActivityMonitoringService$1.onActivityLaunch:127
11-29 06:48:06.575 18441 18441 I wm_on_create_called: [189204989,com.android.gallery3d.app.GalleryActivity,performCreate]
11-29 06:48:06.576 1491 1491 I GameModeConfig: Current uri is uri = content://com.thundercomm.gamemode.api/gamemode_settings/gamemode_isgaming
11-29 06:48:06.576 18441 18441 I wm_on_start_called: [189204989,com.android.gallery3d.app.GalleryActivity,handleStartActivity]
11-29 06:48:06.577 1491 1491 I GameModeConfig: isGameModeOn = false
11-29 06:48:06.578 1491 1491 I GameModeConfig: isGameModeOn = false
11-29 06:48:06.578 1491 1491 I GameModeConfig: isDisableVoice = true
11-29 06:48:06.579 18441 18441 I wm_on_resume_called: [189204989,com.android.gallery3d.app.GalleryActivity,RESUME_ACTIVITY]
11-29 06:48:06.580 18447 18447 I wm_on_top_resumed_lost_called: [18450025,com.android.music.MusicBrowserActivity,topStateChangedWhenResumed]
11-29 06:48:06.587 1491 9315 W WindowManager: updateScale0.7996942
11-29 06:48:06.588 1491 1600 I input_focus: [Focus request b08ce9f com.android.gallery3d/com.android.gallery3d.app.GalleryActivity,reason=UpdateInputWindows]
11-29 06:48:06.591 16043 16059 W ContextImpl: Calling a method in the system process without a qualified user: android.app.ContextImpl.startService:1816 android.content.ContextWrapper.startService:774 com.thundercomm.gamemode.ingame.services.GameModeActionUtils.startGameModeService:93 com.thundercomm.gamemode.ingame.services.GameModeActionUtils.startGameModeEntry:21 com.thundercomm.gamemode.ingame.services.ActivityMonitoringService$1.onActivityLaunch:127
11-29 06:48:06.595 1491 1491 I GameModeConfig: Current uri is uri = content://com.thundercomm.gamemode.api/gamemode_settings/gamemode_isgaming
11-29 06:48:06.595 18441 18441 I wm_on_top_resumed_gained_called: [189204989,com.android.gallery3d.app.GalleryActivity,topStateChangedWhenResumed]
11-29 06:48:06.600 1491 1491 I GameModeConfig: isGameModeOn = false
11-29 06:48:06.600 1491 1491 I GameModeConfig: isGameModeOn = false
11-29 06:48:06.600 1491 1491 I GameModeConfig: isDisableVoice = true
11-29 06:48:06.606 1491 1693 I input_focus: [Focus leaving recents_animation_input_consumer (server),reason=Waiting for window because NOT_VISIBLE]
11-29 06:48:06.611 16043 16059 W ContextImpl: Calling a method in the system process without a qualified user: android.app.ContextImpl.startService:1816 android.content.ContextWrapper.startService:774 com.thundercomm.gamemode.ingame.services.GameModeActionUtils.startGameModeService:93 com.thundercomm.gamemode.ingame.services.GameModeActionUtils.startGameModeEntry:21 com.thundercomm.gamemode.ingame.services.ActivityMonitoringService$1.onActivityLaunch:127
11-29 06:48:06.617 1491 1491 I GameModeConfig: Current uri is uri = content://com.thundercomm.gamemode.api/gamemode_settings/gamemode_isgaming
11-29 06:48:06.617 1491 1491 I GameModeConfig: isGameModeOn = false
11-29 06:48:06.617 1491 1491 I GameModeConfig: isGameModeOn = false
11-29 06:48:06.618 1491 1491 I GameModeConfig: isDisableVoice = true
11-29 06:48:06.621 1491 1600 W WindowManager: updateScale0.7996942
11-29 06:48:06.622 1491 1600 W WindowManager: updateScale0.7996942
11-29 06:48:06.623 1491 1600 W WindowManager: updateScale0.7996942
11-29 06:48:06.623 1491 1596 I sysui_multi_action: [319,72,322,71,325,12865,757,761,758,8,759,2,806,com.android.gallery3d,871,com.android.gallery3d.app.GalleryActivity,904,android,905,0,1320,4,1321,1]
11-29 06:48:06.624 1491 1596 I wm_activity_launch_time: [0,189204989,com.android.gallery3d/.app.GalleryActivity,71]
11-29 06:48:06.641 1491 1693 I input_focus: [Focus entering b08ce9f com.android.gallery3d/com.android.gallery3d.app.GalleryActivity (server),reason=Window became focusable. Previous reason: NOT_VISIBLE]
11-29 06:48:06.710 1491 1673 I commit_sys_config_file: [settings-1-0,5]
11-29 06:48:06.833 1491 1607 I sysui_latency: [8,75]
11-29 06:48:07.026 1491 1760 I GameModeConfig: isGameModeOn = false
11-29 06:48:07.079 0 0 I auditd : type=1400 audit(0.0:13693): avc: denied { kill } for comm="swapper/0" capability=5 scontext=u:r:kernel:s0 tcontext=u:r:kernel:s0 tclass=capability permissive=0
11-29 06:48:07.093 1491 1760 I GameModeConfig: isGameModeOn = false
11-29 06:48:07.138 1491 1760 I GameModeConfig: isGameModeOn = false
11-29 06:48:07.211 1491 1760 I GameModeConfig: isGameModeOn = false
11-29 06:48:07.220 1491 1760 I GameModeConfig: isGameModeOn = false
11-29 06:48:07.257 1491 1760 I GameModeConfig: isGameModeOn = false
11-29 06:48:07.279 1491 1760 I GameModeConfig: isGameModeOn = false
11-29 06:48:07.292 1491 1760 I GameModeConfig: isGameModeOn = false
11-29 06:48:07.301 1491 1760 I GameModeConfig: isGameModeOn = false
11-29 06:48:07.307 1491 1760 I GameModeConfig: isGameModeOn = false
11-29 06:48:07.318 1491 1760 I GameModeConfig: isGameModeOn = false
11-29 06:48:07.337 1491 1760 I GameModeConfig: isGameModeOn = false
11-29 06:48:07.342 1491 1760 I GameModeConfig: isGameModeOn = false
11-29 06:48:07.367 1491 1760 I GameModeConfig: isGameModeOn = false
11-29 06:48:07.416 1491 2770 I wm_task_moved: [32,1,8]
11-29 06:48:07.418 1491 2770 I wm_task_moved: [41,1,2147483647]
11-29 06:48:07.418 1491 2770 I wm_task_to_front: [0,41]
11-29 06:48:07.418 1491 2770 I wm_focused_root_task: [0,0,32,140,RecentsAnimation.onAnimationFinished()]
11-29 06:48:07.418 1491 2770 I wm_set_resumed_activity: [0,com.android.launcher3/.uioverrides.QuickstepLauncher,RecentsAnimation.onAnimationFinished()]
11-29 06:48:07.418 18441 18441 I wm_on_top_resumed_lost_called: [189204989,com.android.gallery3d.app.GalleryActivity,topStateChangedWhenResumed]
11-29 06:48:07.419 1491 2770 I wm_pause_activity: [0,18450025,com.android.music/.MusicBrowserActivity,userLeaving=true,pauseBackTasks]
11-29 06:48:07.420 1491 2770 I wm_add_to_stopping: [0,18450025,com.android.music/.MusicBrowserActivity,makeInvisible]
11-29 06:48:07.420 1491 2770 I ActivityTaskManager: FOREGROUND_APPLICATION_CHANGED to com.android.launcher3.uioverrides.QuickstepLauncher
11-29 06:48:07.420 1491 2770 I wm_set_resumed_activity: [0,com.android.launcher3/.uioverrides.QuickstepLauncher,resumeTopActivityInnerLocked]
11-29 06:48:07.421 18447 18447 I wm_on_paused_called: [18450025,com.android.music.MusicBrowserActivity,performPause]
11-29 06:48:07.423 1491 2770 I wm_resume_activity: [0,254362067,41,com.android.launcher3/.uioverrides.QuickstepLauncher]
11-29 06:48:07.424 9956 9956 I wm_on_resume_called: [254362067,com.android.launcher3.uioverrides.QuickstepLauncher,RESUME_ACTIVITY]
11-29 06:48:07.425 1491 2770 W WindowManager: updateScale0.7996942
11-29 06:48:07.426 1491 1760 I GameModeConfig: isGameModeOn = false
11-29 06:48:07.429 1491 2770 W WindowManager: updateScale0.7996942
11-29 06:48:07.432 1491 1600 I input_focus: [Focus request cd0514f com.android.launcher3/com.android.launcher3.uioverrides.QuickstepLauncher,reason=UpdateInputWindows]
11-29 06:48:07.440 1491 1693 I input_focus: [Focus leaving b08ce9f com.android.gallery3d/com.android.gallery3d.app.GalleryActivity (server),reason=setFocusedWindow]
11-29 06:48:07.440 1491 1693 I input_focus: [Focus entering cd0514f com.android.launcher3/com.android.launcher3.uioverrides.QuickstepLauncher (server),reason=setFocusedWindow]
11-29 06:48:07.442 1491 1599 I wm_stop_activity: [0,18450025,com.android.music/.MusicBrowserActivity]
11-29 06:48:07.442 1491 1599 I sysui_multi_action: [757,803,799,window_time_0,802,0]
11-29 06:48:07.442 1491 10785 W WindowManager: updateScale0.7996942
11-29 06:48:07.445 1491 1599 I sysui_multi_action: [757,803,799,window_time_0,802,0]
11-29 06:48:07.448 9956 9956 I wm_on_top_resumed_gained_called: [254362067,com.android.launcher3.uioverrides.QuickstepLauncher,topStateChangedWhenResumed]
11-29 06:48:07.449 1491 10785 W WindowManager: updateScale0.7996942
11-29 06:48:07.460 18447 18447 I wm_on_stop_called: [18450025,com.android.music.MusicBrowserActivity,STOP_ACTIVITY_ITEM]
11-29 06:48:07.460 1491 1760 I GameModeConfig: isGameModeOn = false
11-29 06:48:07.472 1491 2770 W WindowManager: updateScale0.7996942
11-29 06:48:07.480 1491 1760 I GameModeConfig: isGameModeOn = false
11-29 06:48:07.483 16043 16059 W ContextImpl: Calling a method in the system process without a qualified user: android.app.ContextImpl.startService:1816 android.content.ContextWrapper.startService:774 com.thundercomm.gamemode.ingame.services.GameModeActionUtils.startGameModeService:93 com.thundercomm.gamemode.ingame.services.GameModeActionUtils.startGameModeEntry:21 com.thundercomm.gamemode.ingame.services.ActivityMonitoringService$1.onActivityLaunch:127
11-29 06:48:07.486 1491 1491 I GameModeConfig: Current uri is uri = content://com.thundercomm.gamemode.api/gamemode_settings/gamemode_isgaming
11-29 06:48:07.489 1491 1491 I GameModeConfig: isGameModeOn = false
11-29 06:48:07.490 969 969 I sf_frame_dur: [com.android.music/com.android.music.MusicBrowserActivity#0,1,1,0,0,0,0,0]
11-29 06:48:07.490 1491 1491 I GameModeConfig: isGameModeOn = false
11-29 06:48:07.490 1491 1491 I GameModeConfig: isDisableVoice = true
11-29 06:48:07.496 1491 1760 I GameModeConfig: isGameModeOn = false
11-29 06:48:07.513 1491 1760 I GameModeConfig: isGameModeOn = false
11-29 06:48:07.522 1491 1760 I GameModeConfig: isGameModeOn = false
11-29 06:48:07.540 1491 1760 I GameModeConfig: isGameModeOn = false
11-29 06:48:07.541 16043 16059 W ContextImpl: Calling a method in the system process without a qualified user: android.app.ContextImpl.startService:1816 android.content.ContextWrapper.startService:774 com.thundercomm.gamemode.ingame.services.GameModeActionUtils.startGameModeService:93 com.thundercomm.gamemode.ingame.services.GameModeActionUtils.startGameModeEntry:21 com.thundercomm.gamemode.ingame.services.ActivityMonitoringService$1.onActivityLaunch:127
11-29 06:48:07.546 1491 1491 I GameModeConfig: Current uri is uri = content://com.thundercomm.gamemode.api/gamemode_settings/gamemode_isgaming
11-29 06:48:07.548 1491 1491 I GameModeConfig: isGameModeOn = false
11-29 06:48:07.549 1491 1491 I GameModeConfig: isGameModeOn = false
11-29 06:48:07.549 1491 1491 I GameModeConfig: isDisableVoice = true
11-29 06:48:07.576 1491 1760 I GameModeConfig: isGameModeOn = false
11-29 06:48:07.871 1491 2756 E TaskPersister: File error accessing recents directory (directory doesn't exist?).
11-29 06:48:08.079 0 0 I auditd : type=1400 audit(0.0:13694): avc: denied { kill } for comm="swapper/0" capability=5 scontext=u:r:kernel:s0 tcontext=u:r:kernel:s0 tclass=capability permissive=0
11-29 06:48:09.078 1491 1977 I commit_sys_config_file: [appops,12847424]
11-29 06:48:09.079 353 353 I auditd : type=1400 audit(0.0:13695): avc: denied { kill } for comm="irq/382-atmel_m" capability=5 scontext=u:r:kernel:s0 tcontext=u:r:kernel:s0 tclass=capability permissive=0
11-29 06:48:09.980 1491 1760 I GameModeConfig: isGameModeOn = false
11-29 06:48:10.013 1491 1760 I GameModeConfig: isGameModeOn = false
11-29 06:48:10.037 1491 1760 I GameModeConfig: isGameModeOn = false
11-29 06:48:10.054 1491 1760 I GameModeConfig: isGameModeOn = false
11-29 06:48:10.077 1491 1760 I GameModeConfig: isGameModeOn = false
11-29 06:48:10.079 0 0 I auditd : type=1400 audit(0.0:13696): avc: denied { kill } for comm="swapper/0" capability=5 scontext=u:r:kernel:s0 tcontext=u:r:kernel:s0 tclass=capability permissive=0
11-29 06:48:10.098 1491 1760 I GameModeConfig: isGameModeOn = false
11-29 06:48:10.182 1491 1760 I GameModeConfig: isGameModeOn = false
11-29 06:48:10.216 1491 1760 I GameModeConfig: isGameModeOn = false
11-29 06:48:10.241 1491 1760 I GameModeConfig: isGameModeOn = false
11-29 06:48:10.260 1491 1760 I GameModeConfig: isGameModeOn = false
11-29 06:48:10.277 1491 1760 I GameModeConfig: isGameModeOn = false
11-29 06:48:10.302 1491 1760 I GameModeConfig: isGameModeOn = false
11-29 06:48:10.432 18834 18834 I sysui_heads_up_status: [-1|android|26|null|1000,0]
11-29 06:48:10.449 1491 2770 W WindowManager: updateScale0.7996942
11-29 06:48:10.867 1491 2770 W WindowManager: updateScale0.7996942
11-29 06:48:10.871 1491 2770 W WindowManager: updateScale0.7996942
11-29 06:48:10.874 1491 1760 I GameModeConfig: isGameModeOn = false
11-29 06:48:10.874 1491 1760 I GameModeConfig: isGameModeOn = false
11-29 06:48:10.874 1491 1760 I GameModeConfig: isGameModeOn = false
11-29 06:48:10.874 1491 1760 I GameModeConfig: isGameModeOn = false
11-29 06:48:10.875 1491 9315 I sysui_multi_action: [757,128,758,2,793,11455647,794,5617,795,11455647,796,26,798,0,806,android,857,DEVELOPER_IMPORTANT,858,4,947,0,1395,2,1500,11455442,1688,1]
11-29 06:48:10.875 1491 9315 I notification_visibility: [-1|android|26|null|1000,0,11455647,11455647,0,0]
11-29 06:48:10.877 18834 18834 I sysui_multi_action: [757,111,758,2]
11-29 06:48:10.877 1491 1491 I notification_enqueue: [10082,18834,com.android.systemui,2048,NULL,0,Notification(channel=updateNotification shortcut=null contentView=null vibrate=null sound=null defaults=0x0 flags=0x0 color=0x00000000 vis=PRIVATE),1]
11-29 06:48:10.877 18834 18834 I sysui_multi_action: [757,111,758,2]
11-29 06:48:10.885 1491 9480 I sysui_multi_action: [757,127,758,2]
11-29 06:48:10.885 1491 9480 I notification_panel_hidden:
11-29 06:48:10.907 1491 9480 W WindowManager: updateScale0.7996942
11-29 06:48:10.912 18834 18834 I sysui_multi_action: [757,111,758,1]
11-29 06:48:10.913 18834 18834 I sysui_multi_action: [757,126,758,1,759,126,927,0,928,1,1593,0]
11-29 06:48:10.913 18834 18834 I sysui_multi_action: [757,113,758,1,759,113,927,1,928,1,1593,0]
11-29 06:48:10.913 18834 18834 I sysui_multi_action: [757,0,758,1,759,0,927,2,928,0,1593,0]
11-29 06:48:10.913 18834 18834 I sysui_multi_action: [757,0,758,1,759,0,927,3,928,0,1593,0]
11-29 06:48:10.914 18834 18834 I sysui_multi_action: [757,491,758,1,759,491,927,4,928,0,1311,-1,1593,0]
11-29 06:48:10.914 18834 18834 I sysui_multi_action: [757,0,758,1,759,0,927,5,928,0,1593,0]
11-29 06:48:10.914 18834 18834 I sysui_multi_action: [757,111,758,1]
11-29 06:48:10.914 18834 18834 I sysui_multi_action: [757,126,758,1,759,126,927,0,928,1,1593,0]
11-29 06:48:10.915 18834 18834 I sysui_multi_action: [757,113,758,1,759,113,927,1,928,1,1593,0]
11-29 06:48:10.915 18834 18834 I sysui_multi_action: [757,0,758,1,759,0,927,2,928,0,1593,0]
11-29 06:48:10.915 18834 18834 I sysui_multi_action: [757,0,758,1,759,0,927,3,928,0,1593,0]
11-29 06:48:10.923 1491 9480 W WindowManager: updateScale0.7996942
11-29 06:48:11.081 1491 1491 I GameModeConfig: isGameModeOn = false
11-29 06:48:11.082 1491 1491 I sysui_multi_action: [757,1501,758,1,793,12848343,794,0,795,208,796,2048,806,com.android.systemui,857,updateNotification,858,3,947,0,1500,0,1688,1]
11-29 06:48:11.083 1491 1491 I sysui_multi_action: [757,804,799,note_interruptive,801,0,802,1]
11-29 06:48:11.079 0 0 I auditd : type=1400 audit(0.0:13697): avc: denied { kill } for comm="swapper/0" capability=5 scontext=u:r:kernel:s0 tcontext=u:r:kernel:s0 tclass=capability permissive=0
11-29 06:48:11.083 1491 1491 I sysui_multi_action: [757,199,758,1,759,2,793,12848344,794,0,795,209,796,2048,806,com.android.systemui,857,updateNotification,858,3,947,0,1500,1,1688,1]
11-29 06:48:11.084 1491 1491 I notification_alert: [0|com.android.systemui|2048|null|10082,0,1,0]
11-29 06:48:11.085 1491 1491 W NotificationHistory: Attempted to add notif for locked/gone/disabled user 0
11-29 06:48:11.124 1491 1760 I GameModeConfig: isGameModeOn = false
11-29 06:48:11.169 1491 1760 I GameModeConfig: isGameModeOn = false
11-29 06:48:11.180 1491 1760 I GameModeConfig: isGameModeOn = false
11-29 06:48:11.198 1491 1760 I GameModeConfig: isGameModeOn = false
11-29 06:48:11.215 1491 1760 I GameModeConfig: isGameModeOn = false
11-29 06:48:11.230 1491 1760 I GameModeConfig: isGameModeOn = false
11-29 06:48:11.246 1491 1760 I GameModeConfig: isGameModeOn = false
11-29 06:48:11.264 1491 1760 I GameModeConfig: isGameModeOn = false
11-29 06:48:11.281 1491 1760 I GameModeConfig: isGameModeOn = false
11-29 06:48:11.300 1491 1760 I GameModeConfig: isGameModeOn = false
11-29 06:48:11.313 1491 1760 I GameModeConfig: isGameModeOn = false
11-29 06:48:11.324 1491 1760 I GameModeConfig: isGameModeOn = false
11-29 06:48:11.331 1491 1760 I GameModeConfig: isGameModeOn = false
11-29 06:48:11.337 1491 1760 I GameModeConfig: isGameModeOn = false
11-29 06:48:11.363 1491 1760 I GameModeConfig: isGameModeOn = false
11-29 06:48:11.366 1491 1760 I GameModeConfig: isGameModeOn = false
11-29 06:48:11.372 1491 1760 I GameModeConfig: isGameModeOn = false
11-29 06:48:11.382 1491 1760 I GameModeConfig: isGameModeOn = false
11-29 06:48:11.388 1491 1760 I GameModeConfig: isGameModeOn = false
11-29 06:48:11.402 1491 1760 I GameModeConfig: isGameModeOn = false
11-29 06:48:11.412 1491 1760 I GameModeConfig: isGameModeOn = false
11-29 06:48:11.421 1491 1760 I GameModeConfig: isGameModeOn = false
11-29 06:48:11.434 1491 1760 I GameModeConfig: isGameModeOn = false
11-29 06:48:11.441 1491 1760 I GameModeConfig: isGameModeOn = false
11-29 06:48:11.450 1491 1760 I GameModeConfig: isGameModeOn = false
11-29 06:48:11.469 1491 1760 I GameModeConfig: isGameModeOn = false
11-29 06:48:11.485 1491 1760 I GameModeConfig: isGameModeOn = false
11-29 06:48:11.503 1491 1760 I GameModeConfig: isGameModeOn = false
11-29 06:48:11.513 1491 1760 I GameModeConfig: isGameModeOn = false
11-29 06:48:11.533 1491 1760 I GameModeConfig: isGameModeOn = false
11-29 06:48:11.545 1491 1760 I GameModeConfig: isGameModeOn = false
11-29 06:48:11.563 1491 1760 I GameModeConfig: isGameModeOn = false
11-29 06:48:11.574 1491 1760 I GameModeConfig: isGameModeOn = false
11-29 06:48:11.591 1491 1760 I GameModeConfig: isGameModeOn = false
11-29 06:48:11.613 1491 1760 I GameModeConfig: isGameModeOn = false
11-29 06:48:11.640 1491 1760 I GameModeConfig: isGameModeOn = false
11-29 06:48:12.079 0 0 I auditd : type=1400 audit(0.0:13698): avc: denied { kill } for comm="swapper/0" capability=5 scontext=u:r:kernel:s0 tcontext=u:r:kernel:s0 tclass=capability permissive=0
11-29 06:48:12.456 1491 1760 I GameModeConfig: isGameModeOn = false
11-29 06:48:12.497 1491 1760 I GameModeConfig: isGameModeOn = false
11-29 06:48:12.512 1491 1760 I GameModeConfig: isGameModeOn = false
11-29 06:48:12.533 1491 1760 I GameModeConfig: isGameModeOn = false
11-29 06:48:12.550 1491 1760 I GameModeConfig: isGameModeOn = false
11-29 06:48:12.658 1491 1760 I GameModeConfig: isGameModeOn = false
11-29 06:48:12.700 1491 1760 I GameModeConfig: isGameModeOn = false
11-29 06:48:12.717 1491 1760 I GameModeConfig: isGameModeOn = false
11-29 06:48:12.737 1491 1760 I GameModeConfig: isGameModeOn = false
11-29 06:48:12.756 1491 1760 I GameModeConfig: isGameModeOn = false
11-29 06:48:13.079 0 0 I auditd : type=1400 audit(0.0:13699): avc: denied { kill } for comm="swapper/0" capability=5 scontext=u:r:kernel:s0 tcontext=u:r:kernel:s0 tclass=capability permissive=0
11-29 06:48:13.459 1491 1760 I GameModeConfig: isGameModeOn = false
11-29 06:48:13.516 1491 1760 I GameModeConfig: isGameModeOn = false
11-29 06:48:13.893 1491 1760 I GameModeConfig: isGameModeOn = false
11-29 06:48:13.899 1491 1760 I GameModeConfig: isGameModeOn = false
11-29 06:48:13.900 1491 1760 I GameModeConfig: isGameModeOn = false
11-29 06:48:13.957 1491 1760 I GameModeConfig: isGameModeOn = false
11-29 06:48:13.990 1491 1760 I GameModeConfig: isGameModeOn = false
11-29 06:48:14.079 0 0 I auditd : type=1400 audit(0.0:13700): avc: denied { kill } for comm="swapper/0" capability=5 scontext=u:r:kernel:s0 tcontext=u:r:kernel:s0 tclass=capability permissive=0
11-29 06:48:15.079 0 0 I auditd : type=1400 audit(0.0:13701): avc: denied { kill } for comm="swapper/0" capability=5 scontext=u:r:kernel:s0 tcontext=u:r:kernel:s0 tclass=capability permissive=0
11-29 06:48:16.079 0 0 I auditd : type=1400 audit(0.0:13702): avc: denied { kill } for comm="swapper/0" capability=5 scontext=u:r:kernel:s0 tcontext=u:r:kernel:s0 tclass=capability permissive=0
11-29 06:48:17.079 0 0 I auditd : type=1400 audit(0.0:13703): avc: denied { kill } for comm="swapper/0" capability=5 scontext=u:r:kernel:s0 tcontext=u:r:kernel:s0 tclass=capability permissive=0
11-29 06:48:18.079 0 0 I auditd : type=1400 audit(0.0:13704): avc: denied { kill } for comm="swapper/0" capability=5 scontext=u:r:kernel:s0 tcontext=u:r:kernel:s0 tclass=capability permissive=0
11-29 06:48:19.079 0 0 I auditd : type=1400 audit(0.0:13705): avc: denied { kill } for comm="swapper/0" capability=5 scontext=u:r:kernel:s0 tcontext=u:r:kernel:s0 tclass=capability permissive=0
11-29 06:48:20.079 0 0 I auditd : type=1400 audit(0.0:13706): avc: denied { kill } for comm="swapper/0" capability=5 scontext=u:r:kernel:s0 tcontext=u:r:kernel:s0 tclass=capability permissive=0
11-29 06:48:20.908 1491 1760 I GameModeConfig: isGameModeOn = false
11-29 06:48:21.081 1491 1760 I GameModeConfig: isGameModeOn = false
11-29 06:48:21.079 0 0 I auditd : type=1400 audit(0.0:13707): avc: denied { kill } for comm="swapper/0" capability=5 scontext=u:r:kernel:s0 tcontext=u:r:kernel:s0 tclass=capability permissive=0
11-29 06:48:22.079 0 0 I auditd : type=1400 audit(0.0:13708): avc: denied { kill } for comm="swapper/0" capability=5 scontext=u:r:kernel:s0 tcontext=u:r:kernel:s0 tclass=capability permissive=0
11-29 06:48:22.190 1491 1608 I am_uid_idle: 10052
11-29 06:48:23.079 0 0 I auditd : type=1400 audit(0.0:13709): avc: denied { kill } for comm="swapper/0" capability=5 scontext=u:r:kernel:s0 tcontext=u:r:kernel:s0 tclass=capability permissive=0
11-29 06:48:24.079 0 0 I auditd : type=1400 audit(0.0:13710): avc: denied { kill } for comm="swapper/0" capability=5 scontext=u:r:kernel:s0 tcontext=u:r:kernel:s0 tclass=capability permissive=0
11-29 06:48:25.079 9 9 I auditd : type=1400 audit(0.0:13711): avc: denied { kill } for comm="ksoftirqd/0" capability=5 scontext=u:r:kernel:s0 tcontext=u:r:kernel:s0 tclass=capability permissive=0
11-29 06:48:26.079 0 0 I auditd : type=1400 audit(0.0:13712): avc: denied { kill } for comm="swapper/0" capability=5 scontext=u:r:kernel:s0 tcontext=u:r:kernel:s0 tclass=capability permissive=0
11-29 06:48:27.079 0 0 I auditd : type=1400 audit(0.0:13713): avc: denied { kill } for comm="swapper/0" capability=5 scontext=u:r:kernel:s0 tcontext=u:r:kernel:s0 tclass=capability permissive=0
11-29 06:48:28.079 0 0 I auditd : type=1400 audit(0.0:13714): avc: denied { kill } for comm="swapper/0" capability=5 scontext=u:r:kernel:s0 tcontext=u:r:kernel:s0 tclass=capability permissive=0
11-29 06:48:29.079 0 0 I auditd : type=1400 audit(0.0:13715): avc: denied { kill } for comm="swapper/0" capability=5 scontext=u:r:kernel:s0 tcontext=u:r:kernel:s0 tclass=capability permissive=0
11-29 06:48:30.079 0 0 I auditd : type=1400 audit(0.0:13716): avc: denied { kill } for comm="swapper/0" capability=5 scontext=u:r:kernel:s0 tcontext=u:r:kernel:s0 tclass=capability permissive=0
11-29 06:48:31.079 353 353 I auditd : type=1400 audit(0.0:13717): avc: denied { kill } for comm="irq/382-atmel_m" capability=5 scontext=u:r:kernel:s0 tcontext=u:r:kernel:s0 tclass=capability permissive=0
11-29 06:48:32.079 0 0 I auditd : type=1400 audit(0.0:13718): avc: denied { kill } for comm="swapper/0" capability=5 scontext=u:r:kernel:s0 tcontext=u:r:kernel:s0 tclass=capability permissive=0
11-29 06:48:33.079 0 0 I auditd : type=1400 audit(0.0:13719): avc: denied { kill } for comm="swapper/0" capability=5 scontext=u:r:kernel:s0 tcontext=u:r:kernel:s0 tclass=capability permissive=0
11-29 06:48:33.367 1491 1607 I am_pss : [18910,10032,android.process.acore,13087744,9461760,0,116572160,0,19,12]
11-29 06:48:34.079 0 0 I auditd : type=1400 audit(0.0:13720): avc: denied { kill } for comm="swapper/0" capability=5 scontext=u:r:kernel:s0 tcontext=u:r:kernel:s0 tclass=capability permissive=0
11-29 06:48:35.079 0 0 I auditd : type=1400 audit(0.0:13721): avc: denied { kill } for comm="swapper/0" capability=5 scontext=u:r:kernel:s0 tcontext=u:r:kernel:s0 tclass=capability permissive=0
11-29 06:48:36.079 0 0 I auditd : type=1400 audit(0.0:13722): avc: denied { kill } for comm="swapper/0" capability=5 scontext=u:r:kernel:s0 tcontext=u:r:kernel:s0 tclass=capability permissive=0
11-29 06:48:37.079 353 353 I auditd : type=1400 audit(0.0:13723): avc: denied { kill } for comm="irq/382-atmel_m" capability=5 scontext=u:r:kernel:s0 tcontext=u:r:kernel:s0 tclass=capability permissive=0
11-29 06:48:38.079 0 0 I auditd : type=1400 audit(0.0:13724): avc: denied { kill } for comm="swapper/0" capability=5 scontext=u:r:kernel:s0 tcontext=u:r:kernel:s0 tclass=capability permissive=0
11-29 06:48:39.079 0 0 I auditd : type=1400 audit(0.0:13725): avc: denied { kill } for comm="swapper/0" capability=5 scontext=u:r:kernel:s0 tcontext=u:r:kernel:s0 tclass=capability permissive=0
11-29 06:48:40.079 353 353 I auditd : type=1400 audit(0.0:13726): avc: denied { kill } for comm="irq/382-atmel_m" capability=5 scontext=u:r:kernel:s0 tcontext=u:r:kernel:s0 tclass=capability permissive=0
11-29 06:48:41.079 353 353 I auditd : type=1400 audit(0.0:13727): avc: denied { kill } for comm="irq/382-atmel_m" capability=5 scontext=u:r:kernel:s0 tcontext=u:r:kernel:s0 tclass=capability permissive=0
11-29 06:48:42.079 0 0 I auditd : type=1400 audit(0.0:13728): avc: denied { kill } for comm="swapper/0" capability=5 scontext=u:r:kernel:s0 tcontext=u:r:kernel:s0 tclass=capability permissive=0
11-29 06:48:43.079 0 0 I auditd : type=1400 audit(0.0:13729): avc: denied { kill } for comm="swapper/0" capability=5 scontext=u:r:kernel:s0 tcontext=u:r:kernel:s0 tclass=capability permissive=0
11-29 06:48:44.079 0 0 I auditd : type=1400 audit(0.0:13730): avc: denied { kill } for comm="swapper/0" capability=5 scontext=u:r:kernel:s0 tcontext=u:r:kernel:s0 tclass=capability permissive=0
11-29 06:48:45.079 0 0 I auditd : type=1400 audit(0.0:13731): avc: denied { kill } for comm="swapper/0" capability=5 scontext=u:r:kernel:s0 tcontext=u:r:kernel:s0 tclass=capability permissive=0
11-29 06:48:46.079 0 0 I auditd : type=1400 audit(0.0:13732): avc: denied { kill } for comm="swapper/0" capability=5 scontext=u:r:kernel:s0 tcontext=u:r:kernel:s0 tclass=capability permissive=0
11-29 06:48:47.079 0 0 I auditd : type=1400 audit(0.0:13733): avc: denied { kill } for comm="swapper/0" capability=5 scontext=u:r:kernel:s0 tcontext=u:r:kernel:s0 tclass=capability permissive=0
11-29 06:48:48.079 353 353 I auditd : type=1400 audit(0.0:13734): avc: denied { kill } for comm="irq/382-atmel_m" capability=5 scontext=u:r:kernel:s0 tcontext=u:r:kernel:s0 tclass=capability permissive=0
11-29 06:48:48.800 1491 1723 I netstats_mobile_sample: [0,0,0,0,0,0,0,0,0,0,0,0,1669675728799]
11-29 06:48:48.800 1491 1723 I netstats_wifi_sample: [324382223,750010,141119079,325311,324382223,750010,141119079,325311,394916494,1296096,71111242,166660,1669675728799]
11-29 06:48:49.079 353 353 I auditd : type=1400 audit(0.0:13735): avc: denied { kill } for comm="irq/382-atmel_m" capability=5 scontext=u:r:kernel:s0 tcontext=u:r:kernel:s0 tclass=capability permissive=0
11-29 06:48:50.079 0 0 I auditd : type=1400 audit(0.0:13736): avc: denied { kill } for comm="swapper/0" capability=5 scontext=u:r:kernel:s0 tcontext=u:r:kernel:s0 tclass=capability permissive=0
11-29 06:48:51.079 0 0 I auditd : type=1400 audit(0.0:13737): avc: denied { kill } for comm="swapper/0" capability=5 scontext=u:r:kernel:s0 tcontext=u:r:kernel:s0 tclass=capability permissive=0
11-29 06:48:52.079 353 353 I auditd : type=1400 audit(0.0:13738): avc: denied { kill } for comm="irq/382-atmel_m" capability=5 scontext=u:r:kernel:s0 tcontext=u:r:kernel:s0 tclass=capability permissive=0
11-29 06:48:53.079 353 353 I auditd : type=1400 audit(0.0:13739): avc: denied { kill } for comm="irq/382-atmel_m" capability=5 scontext=u:r:kernel:s0 tcontext=u:r:kernel:s0 tclass=capability permissive=0
11-29 06:48:54.079 0 0 I auditd : type=1400 audit(0.0:13740): avc: denied { kill } for comm="swapper/0" capability=5 scontext=u:r:kernel:s0 tcontext=u:r:kernel:s0 tclass=capability permissive=0
11-29 06:48:55.079 353 353 I auditd : type=1400 audit(0.0:13741): avc: denied { kill } for comm="irq/382-atmel_m" capability=5 scontext=u:r:kernel:s0 tcontext=u:r:kernel:s0 tclass=capability permissive=0
11-29 06:48:56.079 0 0 I auditd : type=1400 audit(0.0:13742): avc: denied { kill } for comm="swapper/0" capability=5 scontext=u:r:kernel:s0 tcontext=u:r:kernel:s0 tclass=capability permissive=0
11-29 06:48:57.079 0 0 I auditd : type=1400 audit(0.0:13743): avc: denied { kill } for comm="swapper/0" capability=5 scontext=u:r:kernel:s0 tcontext=u:r:kernel:s0 tclass=capability permissive=0
11-29 06:48:58.079 353 353 I auditd : type=1400 audit(0.0:13744): avc: denied { kill } for comm="irq/382-atmel_m" capability=5 scontext=u:r:kernel:s0 tcontext=u:r:kernel:s0 tclass=capability permissive=0
11-29 06:48:59.079 0 0 I auditd : type=1400 audit(0.0:13745): avc: denied { kill } for comm="swapper/0" capability=5 scontext=u:r:kernel:s0 tcontext=u:r:kernel:s0 tclass=capability permissive=0
11-29 06:48:59.458 1491 1626 V DisplayPowerController[0]: Brightness [0.05] reason changing to: 'manual [ dim ]', previous reason: 'manual'.
11-29 06:48:59.458 1491 1626 I sysui_multi_action: [757,1696,758,6,759,2]
11-29 06:48:59.458 1491 1626 W PowerManagerService: Screen on took 97552 ms
11-29 06:48:59.469 1491 1874 E DisplayDeviceConfig: requesting nits when no mapping exists.
11-29 06:48:59.470 1491 1874 E DisplayDeviceConfig: requesting nits when no mapping exists.
11-29 06:48:59.470 1491 1608 I am_wtf : [0,1491,system_server,-1,DisplayDeviceConfig,requesting nits when no mapping exists.]
11-29 06:48:59.471 1491 1608 I DropBoxManagerService: add tag=system_server_wtf isTagEnabled=true flags=0x2
11-29 06:48:59.472 1491 1608 I am_wtf : [0,1491,system_server,-1,DisplayDeviceConfig,requesting nits when no mapping exists.]
11-29 06:48:59.473 1491 1608 I DropBoxManagerService: add tag=system_server_wtf isTagEnabled=true flags=0x2
11-29 06:48:59.485 1491 1874 E DisplayDeviceConfig: requesting nits when no mapping exists.
11-29 06:48:59.486 1491 1874 E DisplayDeviceConfig: requesting nits when no mapping exists.
11-29 06:48:59.486 1491 1608 I am_wtf : [0,1491,system_server,-1,DisplayDeviceConfig,requesting nits when no mapping exists.]
11-29 06:48:59.487 1491 1608 I DropBoxManagerService: add tag=system_server_wtf isTagEnabled=true flags=0x2
11-29 06:48:59.488 1491 1608 I am_wtf : [0,1491,system_server,-1,DisplayDeviceConfig,requesting nits when no mapping exists.]
11-29 06:48:59.489 1491 1608 I DropBoxManagerService: add tag=system_server_wtf isTagEnabled=true flags=0x2
11-29 06:48:59.494 1491 1874 E DisplayDeviceConfig: requesting nits when no mapping exists.
11-29 06:48:59.494 1491 1608 I am_wtf : [0,1491,system_server,-1,DisplayDeviceConfig,requesting nits when no mapping exists.]
11-29 06:48:59.494 1491 1874 E DisplayDeviceConfig: requesting nits when no mapping exists.
11-29 06:48:59.495 1491 1608 I DropBoxManagerService: add tag=system_server_wtf isTagEnabled=true flags=0x2
11-29 06:48:59.496 1491 1608 I am_wtf : [0,1491,system_server,-1,DisplayDeviceConfig,requesting nits when no mapping exists.]
11-29 06:48:59.510 1491 1874 E DisplayDeviceConfig: requesting nits when no mapping exists.
11-29 06:48:59.511 1491 1874 E DisplayDeviceConfig: requesting nits when no mapping exists.
11-29 06:48:59.511 1491 1608 I am_wtf : [0,1491,system_server,-1,DisplayDeviceConfig,requesting nits when no mapping exists.]
11-29 06:48:59.512 1491 1608 I am_wtf : [0,1491,system_server,-1,DisplayDeviceConfig,requesting nits when no mapping exists.]
11-29 06:48:59.528 1491 1874 E DisplayDeviceConfig: requesting nits when no mapping exists.
11-29 06:48:59.528 1491 1874 E DisplayDeviceConfig: requesting nits when no mapping exists.
11-29 06:48:59.528 1491 1608 I am_wtf : [0,1491,system_server,-1,DisplayDeviceConfig,requesting nits when no mapping exists.]
11-29 06:48:59.530 1491 1608 I am_wtf : [0,1491,system_server,-1,DisplayDeviceConfig,requesting nits when no mapping exists.]
11-29 06:48:59.543 1491 1874 E DisplayDeviceConfig: requesting nits when no mapping exists.
11-29 06:48:59.544 1491 1874 E DisplayDeviceConfig: requesting nits when no mapping exists.
11-29 06:48:59.544 1491 1608 I am_wtf : [0,1491,system_server,-1,DisplayDeviceConfig,requesting nits when no mapping exists.]
11-29 06:48:59.546 1491 1608 I am_wtf : [0,1491,system_server,-1,DisplayDeviceConfig,requesting nits when no mapping exists.]
11-29 06:48:59.560 1491 1874 E DisplayDeviceConfig: requesting nits when no mapping exists.
11-29 06:48:59.560 1491 1874 E DisplayDeviceConfig: requesting nits when no mapping exists.
11-29 06:48:59.561 1491 1608 I am_wtf : [0,1491,system_server,-1,DisplayDeviceConfig,requesting nits when no mapping exists.]
11-29 06:48:59.562 1491 1608 I am_wtf : [0,1491,system_server,-1,DisplayDeviceConfig,requesting nits when no mapping exists.]
11-29 06:48:59.577 1491 1874 E DisplayDeviceConfig: requesting nits when no mapping exists.
11-29 06:48:59.577 1491 1874 E DisplayDeviceConfig: requesting nits when no mapping exists.
11-29 06:48:59.577 1491 1608 I am_wtf : [0,1491,system_server,-1,DisplayDeviceConfig,requesting nits when no mapping exists.]
11-29 06:48:59.578 1491 1608 I am_wtf : [0,1491,system_server,-1,DisplayDeviceConfig,requesting nits when no mapping exists.]
11-29 06:48:59.594 1491 1874 E DisplayDeviceConfig: requesting nits when no mapping exists.
11-29 06:48:59.595 1491 1608 I am_wtf : [0,1491,system_server,-1,DisplayDeviceConfig,requesting nits when no mapping exists.]
11-29 06:48:59.595 1491 1874 E DisplayDeviceConfig: requesting nits when no mapping exists.
11-29 06:48:59.596 1491 1608 I am_wtf : [0,1491,system_server,-1,DisplayDeviceConfig,requesting nits when no mapping exists.]
11-29 06:48:59.610 1491 1874 E DisplayDeviceConfig: requesting nits when no mapping exists.
11-29 06:48:59.611 1491 1874 E DisplayDeviceConfig: requesting nits when no mapping exists.
11-29 06:48:59.611 1491 1608 I am_wtf : [0,1491,system_server,-1,DisplayDeviceConfig,requesting nits when no mapping exists.]
11-29 06:48:59.612 1491 1608 I am_wtf : [0,1491,system_server,-1,DisplayDeviceConfig,requesting nits when no mapping exists.]
11-29 06:48:59.627 1491 1874 E DisplayDeviceConfig: requesting nits when no mapping exists.
11-29 06:48:59.628 1491 1874 E DisplayDeviceConfig: requesting nits when no mapping exists.
11-29 06:48:59.628 1491 1608 I am_wtf : [0,1491,system_server,-1,DisplayDeviceConfig,requesting nits when no mapping exists.]
11-29 06:48:59.629 1491 1608 I am_wtf : [0,1491,system_server,-1,DisplayDeviceConfig,requesting nits when no mapping exists.]
11-29 06:48:59.644 1491 1874 E DisplayDeviceConfig: requesting nits when no mapping exists.
11-29 06:48:59.644 1491 1874 E DisplayDeviceConfig: requesting nits when no mapping exists.
11-29 06:48:59.644 1491 1608 I am_wtf : [0,1491,system_server,-1,DisplayDeviceConfig,requesting nits when no mapping exists.]
11-29 06:48:59.645 1491 1608 I am_wtf : [0,1491,system_server,-1,DisplayDeviceConfig,requesting nits when no mapping exists.]
11-29 06:48:59.660 1491 1874 E DisplayDeviceConfig: requesting nits when no mapping exists.
11-29 06:48:59.661 1491 1608 I am_wtf : [0,1491,system_server,-1,DisplayDeviceConfig,requesting nits when no mapping exists.]
11-29 06:48:59.662 1491 1874 E DisplayDeviceConfig: requesting nits when no mapping exists.
11-29 06:48:59.662 1491 1608 I am_wtf : [0,1491,system_server,-1,DisplayDeviceConfig,requesting nits when no mapping exists.]
11-29 06:48:59.677 1491 1874 E DisplayDeviceConfig: requesting nits when no mapping exists.
11-29 06:48:59.678 1491 1608 I am_wtf : [0,1491,system_server,-1,DisplayDeviceConfig,requesting nits when no mapping exists.]
11-29 06:48:59.679 1491 1874 E DisplayDeviceConfig: requesting nits when no mapping exists.
11-29 06:48:59.680 1491 1608 I am_wtf : [0,1491,system_server,-1,DisplayDeviceConfig,requesting nits when no mapping exists.]
11-29 06:48:59.694 1491 1874 E DisplayDeviceConfig: requesting nits when no mapping exists.
11-29 06:48:59.695 1491 1874 E DisplayDeviceConfig: requesting nits when no mapping exists.
11-29 06:48:59.695 1491 1608 I am_wtf : [0,1491,system_server,-1,DisplayDeviceConfig,requesting nits when no mapping exists.]
11-29 06:48:59.696 1491 1608 I am_wtf : [0,1491,system_server,-1,DisplayDeviceConfig,requesting nits when no mapping exists.]
11-29 06:48:59.711 1491 1874 E DisplayDeviceConfig: requesting nits when no mapping exists.
11-29 06:48:59.711 1491 1608 I am_wtf : [0,1491,system_server,-1,DisplayDeviceConfig,requesting nits when no mapping exists.]
11-29 06:48:59.711 1491 1874 E DisplayDeviceConfig: requesting nits when no mapping exists.
11-29 06:48:59.712 1491 1608 I am_wtf : [0,1491,system_server,-1,DisplayDeviceConfig,requesting nits when no mapping exists.]
11-29 06:48:59.727 1491 1874 E DisplayDeviceConfig: requesting nits when no mapping exists.
11-29 06:48:59.728 1491 1874 E DisplayDeviceConfig: requesting nits when no mapping exists.
11-29 06:48:59.728 1491 1608 I am_wtf : [0,1491,system_server,-1,DisplayDeviceConfig,requesting nits when no mapping exists.]
11-29 06:48:59.729 1491 1608 I am_wtf : [0,1491,system_server,-1,DisplayDeviceConfig,requesting nits when no mapping exists.]
11-29 06:48:59.744 1491 1874 E DisplayDeviceConfig: requesting nits when no mapping exists.
11-29 06:48:59.745 1491 1874 E DisplayDeviceConfig: requesting nits when no mapping exists.
11-29 06:48:59.745 1491 1608 I am_wtf : [0,1491,system_server,-1,DisplayDeviceConfig,requesting nits when no mapping exists.]
11-29 06:48:59.746 1491 1608 I am_wtf : [0,1491,system_server,-1,DisplayDeviceConfig,requesting nits when no mapping exists.]
11-29 06:48:59.761 1491 1874 E DisplayDeviceConfig: requesting nits when no mapping exists.
11-29 06:48:59.762 1491 1608 I am_wtf : [0,1491,system_server,-1,DisplayDeviceConfig,requesting nits when no mapping exists.]
11-29 06:48:59.763 1491 1874 E DisplayDeviceConfig: requesting nits when no mapping exists.
11-29 06:48:59.763 1491 1608 I am_wtf : [0,1491,system_server,-1,DisplayDeviceConfig,requesting nits when no mapping exists.]
11-29 06:48:59.777 1491 1874 E DisplayDeviceConfig: requesting nits when no mapping exists.
11-29 06:48:59.778 1491 1874 E DisplayDeviceConfig: requesting nits when no mapping exists.
11-29 06:48:59.778 1491 1608 I am_wtf : [0,1491,system_server,-1,DisplayDeviceConfig,requesting nits when no mapping exists.]
11-29 06:48:59.779 1491 1608 I am_wtf : [0,1491,system_server,-1,DisplayDeviceConfig,requesting nits when no mapping exists.]
11-29 06:48:59.794 1491 1874 E DisplayDeviceConfig: requesting nits when no mapping exists.
11-29 06:48:59.795 1491 1608 I am_wtf : [0,1491,system_server,-1,DisplayDeviceConfig,requesting nits when no mapping exists.]
11-29 06:48:59.795 1491 1874 E DisplayDeviceConfig: requesting nits when no mapping exists.
11-29 06:48:59.795 1491 1608 I am_wtf : [0,1491,system_server,-1,DisplayDeviceConfig,requesting nits when no mapping exists.]
11-29 06:48:59.811 1491 1874 E DisplayDeviceConfig: requesting nits when no mapping exists.
11-29 06:48:59.811 1491 1874 E DisplayDeviceConfig: requesting nits when no mapping exists.
11-29 06:48:59.811 1491 1608 I am_wtf : [0,1491,system_server,-1,DisplayDeviceConfig,requesting nits when no mapping exists.]
11-29 06:48:59.813 1491 1608 I am_wtf : [0,1491,system_server,-1,DisplayDeviceConfig,requesting nits when no mapping exists.]
11-29 06:48:59.827 1491 1874 E DisplayDeviceConfig: requesting nits when no mapping exists.
11-29 06:48:59.828 1491 1874 E DisplayDeviceConfig: requesting nits when no mapping exists.
11-29 06:48:59.828 1491 1608 I am_wtf : [0,1491,system_server,-1,DisplayDeviceConfig,requesting nits when no mapping exists.]
11-29 06:48:59.829 1491 1608 I am_wtf : [0,1491,system_server,-1,DisplayDeviceConfig,requesting nits when no mapping exists.]
11-29 06:48:59.844 1491 1874 E DisplayDeviceConfig: requesting nits when no mapping exists.
11-29 06:48:59.845 1491 1608 I am_wtf : [0,1491,system_server,-1,DisplayDeviceConfig,requesting nits when no mapping exists.]
11-29 06:48:59.845 1491 1874 E DisplayDeviceConfig: requesting nits when no mapping exists.
11-29 06:48:59.846 1491 1608 I am_wtf : [0,1491,system_server,-1,DisplayDeviceConfig,requesting nits when no mapping exists.]
11-29 06:48:59.861 1491 1874 E DisplayDeviceConfig: requesting nits when no mapping exists.
11-29 06:48:59.861 1491 1874 E DisplayDeviceConfig: requesting nits when no mapping exists.
11-29 06:48:59.861 1491 1608 I am_wtf : [0,1491,system_server,-1,DisplayDeviceConfig,requesting nits when no mapping exists.]
11-29 06:48:59.862 1491 1608 I am_wtf : [0,1491,system_server,-1,DisplayDeviceConfig,requesting nits when no mapping exists.]
11-29 06:48:59.863 1491 1608 I service_manager_stats: [100,55,59809]
11-29 06:48:59.878 1491 1874 E DisplayDeviceConfig: requesting nits when no mapping exists.
11-29 06:48:59.878 1491 1608 I am_wtf : [0,1491,system_server,-1,DisplayDeviceConfig,requesting nits when no mapping exists.]
11-29 06:48:59.878 1491 1874 E DisplayDeviceConfig: requesting nits when no mapping exists.
11-29 06:48:59.879 1491 1608 I am_wtf : [0,1491,system_server,-1,DisplayDeviceConfig,requesting nits when no mapping exists.]
11-29 06:48:59.894 1491 1874 E DisplayDeviceConfig: requesting nits when no mapping exists.
11-29 06:48:59.895 1491 1608 I am_wtf : [0,1491,system_server,-1,DisplayDeviceConfig,requesting nits when no mapping exists.]
11-29 06:48:59.895 1491 1874 E DisplayDeviceConfig: requesting nits when no mapping exists.
11-29 06:48:59.895 1491 1608 I am_wtf : [0,1491,system_server,-1,DisplayDeviceConfig,requesting nits when no mapping exists.]
11-29 06:48:59.911 1491 1874 E DisplayDeviceConfig: requesting nits when no mapping exists.
11-29 06:48:59.912 1491 1608 I am_wtf : [0,1491,system_server,-1,DisplayDeviceConfig,requesting nits when no mapping exists.]
11-29 06:48:59.913 1491 1874 E DisplayDeviceConfig: requesting nits when no mapping exists.
11-29 06:48:59.914 1491 1608 I am_wtf : [0,1491,system_server,-1,DisplayDeviceConfig,requesting nits when no mapping exists.]
11-29 06:48:59.928 1491 1874 E DisplayDeviceConfig: requesting nits when no mapping exists.
11-29 06:48:59.928 1491 1608 I am_wtf : [0,1491,system_server,-1,DisplayDeviceConfig,requesting nits when no mapping exists.]
11-29 06:48:59.929 1491 1874 E DisplayDeviceConfig: requesting nits when no mapping exists.
11-29 06:48:59.930 1491 1608 I am_wtf : [0,1491,system_server,-1,DisplayDeviceConfig,requesting nits when no mapping exists.]
11-29 06:48:59.944 1491 1874 E DisplayDeviceConfig: requesting nits when no mapping exists.
11-29 06:48:59.945 1491 1608 I am_wtf : [0,1491,system_server,-1,DisplayDeviceConfig,requesting nits when no mapping exists.]
11-29 06:48:59.945 1491 1874 E DisplayDeviceConfig: requesting nits when no mapping exists.
11-29 06:48:59.946 1491 1608 I am_wtf : [0,1491,system_server,-1,DisplayDeviceConfig,requesting nits when no mapping exists.]
11-29 06:48:59.961 1491 1874 E DisplayDeviceConfig: requesting nits when no mapping exists.
11-29 06:48:59.962 1491 1608 I am_wtf : [0,1491,system_server,-1,DisplayDeviceConfig,requesting nits when no mapping exists.]
11-29 06:48:59.962 1491 1874 E DisplayDeviceConfig: requesting nits when no mapping exists.
11-29 06:48:59.963 1491 1608 I am_wtf : [0,1491,system_server,-1,DisplayDeviceConfig,requesting nits when no mapping exists.]
11-29 06:48:59.978 1491 1874 E DisplayDeviceConfig: requesting nits when no mapping exists.
11-29 06:48:59.978 1491 1608 I am_wtf : [0,1491,system_server,-1,DisplayDeviceConfig,requesting nits when no mapping exists.]
11-29 06:48:59.978 1491 1874 E DisplayDeviceConfig: requesting nits when no mapping exists.
11-29 06:48:59.979 1491 1608 I am_wtf : [0,1491,system_server,-1,DisplayDeviceConfig,requesting nits when no mapping exists.]
11-29 06:48:59.995 1491 1874 E DisplayDeviceConfig: requesting nits when no mapping exists.
11-29 06:48:59.995 1491 1608 I am_wtf : [0,1491,system_server,-1,DisplayDeviceConfig,requesting nits when no mapping exists.]
11-29 06:48:59.996 1491 1874 E DisplayDeviceConfig: requesting nits when no mapping exists.
11-29 06:48:59.997 1491 1608 I am_wtf : [0,1491,system_server,-1,DisplayDeviceConfig,requesting nits when no mapping exists.]
11-29 06:49:00.011 1491 1874 E DisplayDeviceConfig: requesting nits when no mapping exists.
11-29 06:49:00.012 1491 1608 I am_wtf : [0,1491,system_server,-1,DisplayDeviceConfig,requesting nits when no mapping exists.]
11-29 06:49:00.012 1491 1874 E DisplayDeviceConfig: requesting nits when no mapping exists.
11-29 06:49:00.013 1491 1608 I am_wtf : [0,1491,system_server,-1,DisplayDeviceConfig,requesting nits when no mapping exists.]
11-29 06:49:00.027 1491 1874 E DisplayDeviceConfig: requesting nits when no mapping exists.
11-29 06:49:00.028 1491 1874 E DisplayDeviceConfig: requesting nits when no mapping exists.
11-29 06:49:00.030 1491 1608 I am_wtf : [0,1491,system_server,-1,DisplayDeviceConfig,requesting nits when no mapping exists.]
11-29 06:49:00.031 1491 1608 I am_wtf : [0,1491,system_server,-1,DisplayDeviceConfig,requesting nits when no mapping exists.]
11-29 06:49:00.044 1491 1874 E DisplayDeviceConfig: requesting nits when no mapping exists.
11-29 06:49:00.045 1491 1874 E DisplayDeviceConfig: requesting nits when no mapping exists.
11-29 06:49:00.045 1491 1608 I am_wtf : [0,1491,system_server,-1,DisplayDeviceConfig,requesting nits when no mapping exists.]
11-29 06:49:00.045 1491 1608 I am_wtf : [0,1491,system_server,-1,DisplayDeviceConfig,requesting nits when no mapping exists.]
11-29 06:49:00.061 1491 1874 E DisplayDeviceConfig: requesting nits when no mapping exists.
11-29 06:49:00.062 1491 1608 I am_wtf : [0,1491,system_server,-1,DisplayDeviceConfig,requesting nits when no mapping exists.]
11-29 06:49:00.063 1491 1874 E DisplayDeviceConfig: requesting nits when no mapping exists.
11-29 06:49:00.063 1491 1608 I am_wtf : [0,1491,system_server,-1,DisplayDeviceConfig,requesting nits when no mapping exists.]
11-29 06:49:00.078 1491 1874 E DisplayDeviceConfig: requesting nits when no mapping exists.
11-29 06:49:00.079 1491 1608 I am_wtf : [0,1491,system_server,-1,DisplayDeviceConfig,requesting nits when no mapping exists.]
11-29 06:49:00.080 1491 1874 E DisplayDeviceConfig: requesting nits when no mapping exists.
11-29 06:49:00.080 1491 1608 I am_wtf : [0,1491,system_server,-1,DisplayDeviceConfig,requesting nits when no mapping exists.]
11-29 06:49:00.079 0 0 I auditd : type=1400 audit(0.0:13746): avc: denied { kill } for comm="swapper/0" capability=5 scontext=u:r:kernel:s0 tcontext=u:r:kernel:s0 tclass=capability permissive=0
11-29 06:49:00.095 1491 1874 E DisplayDeviceConfig: requesting nits when no mapping exists.
11-29 06:49:00.095 1491 1874 E DisplayDeviceConfig: requesting nits when no mapping exists.
11-29 06:49:00.096 1491 1608 I am_wtf : [0,1491,system_server,-1,DisplayDeviceConfig,requesting nits when no mapping exists.]
11-29 06:49:00.096 1491 1608 I am_wtf : [0,1491,system_server,-1,DisplayDeviceConfig,requesting nits when no mapping exists.]
11-29 06:49:00.112 1491 1874 E DisplayDeviceConfig: requesting nits when no mapping exists.
11-29 06:49:00.112 1491 1608 I am_wtf : [0,1491,system_server,-1,DisplayDeviceConfig,requesting nits when no mapping exists.]
11-29 06:49:00.112 1491 1874 E DisplayDeviceConfig: requesting nits when no mapping exists.
