11-29 06:55:59.079 0 0 I auditd : type=1400 audit(0.0:14130): avc: denied { kill } for comm="swapper/0" capability=5 scontext=u:r:kernel:s0 tcontext=u:r:kernel:s0 tclass=capability permissive=0
11-29 06:55:59.752 1491 1608 I am_uid_idle: 10063
11-29 06:56:00.079 0 0 I auditd : type=1400 audit(0.0:14131): avc: denied { kill } for comm="swapper/0" capability=5 scontext=u:r:kernel:s0 tcontext=u:r:kernel:s0 tclass=capability permissive=0
11-29 06:56:01.079 0 0 I auditd : type=1400 audit(0.0:14132): avc: denied { kill } for comm="swapper/0" capability=5 scontext=u:r:kernel:s0 tcontext=u:r:kernel:s0 tclass=capability permissive=0
11-29 06:56:02.079 0 0 I auditd : type=1400 audit(0.0:14133): avc: denied { kill } for comm="swapper/0" capability=5 scontext=u:r:kernel:s0 tcontext=u:r:kernel:s0 tclass=capability permissive=0
11-29 06:56:03.079 353 353 I auditd : type=1400 audit(0.0:14134): avc: denied { kill } for comm="irq/382-atmel_m" capability=5 scontext=u:r:kernel:s0 tcontext=u:r:kernel:s0 tclass=capability permissive=0
11-29 06:56:04.079 0 0 I auditd : type=1400 audit(0.0:14135): avc: denied { kill } for comm="swapper/0" capability=5 scontext=u:r:kernel:s0 tcontext=u:r:kernel:s0 tclass=capability permissive=0
11-29 06:56:05.079 0 0 I auditd : type=1400 audit(0.0:14136): avc: denied { kill } for comm="swapper/0" capability=5 scontext=u:r:kernel:s0 tcontext=u:r:kernel:s0 tclass=capability permissive=0
11-29 06:56:06.079 0 0 I auditd : type=1400 audit(0.0:14137): avc: denied { kill } for comm="swapper/0" capability=5 scontext=u:r:kernel:s0 tcontext=u:r:kernel:s0 tclass=capability permissive=0
11-29 06:56:07.079 0 0 I auditd : type=1400 audit(0.0:14138): avc: denied { kill } for comm="swapper/0" capability=5 scontext=u:r:kernel:s0 tcontext=u:r:kernel:s0 tclass=capability permissive=0
11-29 06:56:08.079 0 0 I auditd : type=1400 audit(0.0:14139): avc: denied { kill } for comm="swapper/0" capability=5 scontext=u:r:kernel:s0 tcontext=u:r:kernel:s0 tclass=capability permissive=0
11-29 06:56:09.079 353 353 I auditd : type=1400 audit(0.0:14140): avc: denied { kill } for comm="irq/382-atmel_m" capability=5 scontext=u:r:kernel:s0 tcontext=u:r:kernel:s0 tclass=capability permissive=0
11-29 06:56:10.079 353 353 I auditd : type=1400 audit(0.0:14141): avc: denied { kill } for comm="irq/382-atmel_m" capability=5 scontext=u:r:kernel:s0 tcontext=u:r:kernel:s0 tclass=capability permissive=0
11-29 06:56:11.079 0 0 I auditd : type=1400 audit(0.0:14142): avc: denied { kill } for comm="swapper/0" capability=5 scontext=u:r:kernel:s0 tcontext=u:r:kernel:s0 tclass=capability permissive=0
11-29 06:56:12.079 353 353 I auditd : type=1400 audit(0.0:14143): avc: denied { kill } for comm="irq/382-atmel_m" capability=5 scontext=u:r:kernel:s0 tcontext=u:r:kernel:s0 tclass=capability permissive=0
11-29 06:56:13.079 0 0 I auditd : type=1400 audit(0.0:14144): avc: denied { kill } for comm="swapper/0" capability=5 scontext=u:r:kernel:s0 tcontext=u:r:kernel:s0 tclass=capability permissive=0
11-29 06:56:14.079 0 0 I auditd : type=1400 audit(0.0:14145): avc: denied { kill } for comm="swapper/0" capability=5 scontext=u:r:kernel:s0 tcontext=u:r:kernel:s0 tclass=capability permissive=0
11-29 06:56:15.079 353 353 I auditd : type=1400 audit(0.0:14146): avc: denied { kill } for comm="irq/382-atmel_m" capability=5 scontext=u:r:kernel:s0 tcontext=u:r:kernel:s0 tclass=capability permissive=0
11-29 06:56:16.079 0 0 I auditd : type=1400 audit(0.0:14147): avc: denied { kill } for comm="swapper/0" capability=5 scontext=u:r:kernel:s0 tcontext=u:r:kernel:s0 tclass=capability permissive=0
11-29 06:56:17.079 0 0 I auditd : type=1400 audit(0.0:14148): avc: denied { kill } for comm="swapper/0" capability=5 scontext=u:r:kernel:s0 tcontext=u:r:kernel:s0 tclass=capability permissive=0
11-29 06:56:18.079 0 0 I auditd : type=1400 audit(0.0:14149): avc: denied { kill } for comm="swapper/0" capability=5 scontext=u:r:kernel:s0 tcontext=u:r:kernel:s0 tclass=capability permissive=0
11-29 06:56:19.079 0 0 I auditd : type=1400 audit(0.0:14150): avc: denied { kill } for comm="swapper/0" capability=5 scontext=u:r:kernel:s0 tcontext=u:r:kernel:s0 tclass=capability permissive=0
11-29 06:56:20.079 0 0 I auditd : type=1400 audit(0.0:14151): avc: denied { kill } for comm="swapper/0" capability=5 scontext=u:r:kernel:s0 tcontext=u:r:kernel:s0 tclass=capability permissive=0
11-29 06:56:21.079 0 0 I auditd : type=1400 audit(0.0:14152): avc: denied { kill } for comm="swapper/0" capability=5 scontext=u:r:kernel:s0 tcontext=u:r:kernel:s0 tclass=capability permissive=0
11-29 06:56:23.079 0 0 I auditd : type=1400 audit(0.0:14153): avc: denied { kill } for comm="swapper/3" capability=5 scontext=u:r:kernel:s0 tcontext=u:r:kernel:s0 tclass=capability permissive=0
11-29 06:56:24.079 0 0 I auditd : type=1400 audit(0.0:14154): avc: denied { kill } for comm="swapper/3" capability=5 scontext=u:r:kernel:s0 tcontext=u:r:kernel:s0 tclass=capability permissive=0
11-29 06:56:25.079 0 0 I auditd : type=1400 audit(0.0:14155): avc: denied { kill } for comm="swapper/3" capability=5 scontext=u:r:kernel:s0 tcontext=u:r:kernel:s0 tclass=capability permissive=0
11-29 06:56:26.079 0 0 I auditd : type=1400 audit(0.0:14156): avc: denied { kill } for comm="swapper/3" capability=5 scontext=u:r:kernel:s0 tcontext=u:r:kernel:s0 tclass=capability permissive=0
11-29 06:56:27.079 0 0 I auditd : type=1400 audit(0.0:14157): avc: denied { kill } for comm="swapper/3" capability=5 scontext=u:r:kernel:s0 tcontext=u:r:kernel:s0 tclass=capability permissive=0
11-29 06:56:28.079 0 0 I auditd : type=1400 audit(0.0:14158): avc: denied { kill } for comm="swapper/3" capability=5 scontext=u:r:kernel:s0 tcontext=u:r:kernel:s0 tclass=capability permissive=0
11-29 06:56:29.079 0 0 I auditd : type=1400 audit(0.0:14159): avc: denied { kill } for comm="swapper/3" capability=5 scontext=u:r:kernel:s0 tcontext=u:r:kernel:s0 tclass=capability permissive=0
11-29 06:56:30.079 0 0 I auditd : type=1400 audit(0.0:14160): avc: denied { kill } for comm="swapper/3" capability=5 scontext=u:r:kernel:s0 tcontext=u:r:kernel:s0 tclass=capability permissive=0
11-29 06:56:31.079 0 0 I auditd : type=1400 audit(0.0:14161): avc: denied { kill } for comm="swapper/3" capability=5 scontext=u:r:kernel:s0 tcontext=u:r:kernel:s0 tclass=capability permissive=0
11-29 06:56:32.079 0 0 I auditd : type=1400 audit(0.0:14162): avc: denied { kill } for comm="swapper/3" capability=5 scontext=u:r:kernel:s0 tcontext=u:r:kernel:s0 tclass=capability permissive=0
11-29 06:56:33.079 0 0 I auditd : type=1400 audit(0.0:14163): avc: denied { kill } for comm="swapper/3" capability=5 scontext=u:r:kernel:s0 tcontext=u:r:kernel:s0 tclass=capability permissive=0
11-29 06:56:34.079 0 0 I auditd : type=1400 audit(0.0:14164): avc: denied { kill } for comm="swapper/3" capability=5 scontext=u:r:kernel:s0 tcontext=u:r:kernel:s0 tclass=capability permissive=0
11-29 06:56:35.079 0 0 I auditd : type=1400 audit(0.0:14165): avc: denied { kill } for comm="swapper/3" capability=5 scontext=u:r:kernel:s0 tcontext=u:r:kernel:s0 tclass=capability permissive=0
11-29 06:56:36.079 0 0 I auditd : type=1400 audit(0.0:14166): avc: denied { kill } for comm="swapper/3" capability=5 scontext=u:r:kernel:s0 tcontext=u:r:kernel:s0 tclass=capability permissive=0
11-29 06:56:37.079 0 0 I auditd : type=1400 audit(0.0:14167): avc: denied { kill } for comm="swapper/3" capability=5 scontext=u:r:kernel:s0 tcontext=u:r:kernel:s0 tclass=capability permissive=0
11-29 06:56:38.079 0 0 I auditd : type=1400 audit(0.0:14168): avc: denied { kill } for comm="swapper/3" capability=5 scontext=u:r:kernel:s0 tcontext=u:r:kernel:s0 tclass=capability permissive=0
11-29 06:56:39.079 0 0 I auditd : type=1400 audit(0.0:14169): avc: denied { kill } for comm="swapper/3" capability=5 scontext=u:r:kernel:s0 tcontext=u:r:kernel:s0 tclass=capability permissive=0
11-29 06:56:40.079 0 0 I auditd : type=1400 audit(0.0:14170): avc: denied { kill } for comm="swapper/3" capability=5 scontext=u:r:kernel:s0 tcontext=u:r:kernel:s0 tclass=capability permissive=0
11-29 06:56:41.079 0 0 I auditd : type=1400 audit(0.0:14171): avc: denied { kill } for comm="swapper/3" capability=5 scontext=u:r:kernel:s0 tcontext=u:r:kernel:s0 tclass=capability permissive=0
11-29 06:56:42.079 0 0 I auditd : type=1400 audit(0.0:14172): avc: denied { kill } for comm="swapper/3" capability=5 scontext=u:r:kernel:s0 tcontext=u:r:kernel:s0 tclass=capability permissive=0
11-29 06:56:43.079 0 0 I auditd : type=1400 audit(0.0:14173): avc: denied { kill } for comm="swapper/3" capability=5 scontext=u:r:kernel:s0 tcontext=u:r:kernel:s0 tclass=capability permissive=0
11-29 06:56:44.079 0 0 I auditd : type=1400 audit(0.0:14174): avc: denied { kill } for comm="swapper/3" capability=5 scontext=u:r:kernel:s0 tcontext=u:r:kernel:s0 tclass=capability permissive=0
11-29 06:56:45.079 0 0 I auditd : type=1400 audit(0.0:14175): avc: denied { kill } for comm="swapper/3" capability=5 scontext=u:r:kernel:s0 tcontext=u:r:kernel:s0 tclass=capability permissive=0
11-29 06:56:46.026 1491 1723 I netstats_mobile_sample: [0,0,0,0,0,0,0,0,0,0,0,0,1669676206026]
11-29 06:56:46.027 1491 1723 I netstats_wifi_sample: [336288408,777456,146451817,337464,336288408,777456,146451817,337464,409530691,1342514,73786329,172845,1669676206026]
11-29 06:56:46.079 0 0 I auditd : type=1400 audit(0.0:14176): avc: denied { kill } for comm="swapper/3" capability=5 scontext=u:r:kernel:s0 tcontext=u:r:kernel:s0 tclass=capability permissive=0
11-29 06:56:47.079 0 0 I auditd : type=1400 audit(0.0:14177): avc: denied { kill } for comm="swapper/3" capability=5 scontext=u:r:kernel:s0 tcontext=u:r:kernel:s0 tclass=capability permissive=0
11-29 06:56:49.079 0 0 I auditd : type=1400 audit(0.0:14178): avc: denied { kill } for comm="swapper/3" capability=5 scontext=u:r:kernel:s0 tcontext=u:r:kernel:s0 tclass=capability permissive=0
11-29 06:56:51.079 0 0 I auditd : type=1400 audit(0.0:14179): avc: denied { kill } for comm="swapper/3" capability=5 scontext=u:r:kernel:s0 tcontext=u:r:kernel:s0 tclass=capability permissive=0
11-29 06:56:53.079 0 0 I auditd : type=1400 audit(0.0:14180): avc: denied { kill } for comm="swapper/3" capability=5 scontext=u:r:kernel:s0 tcontext=u:r:kernel:s0 tclass=capability permissive=0
11-29 06:56:54.079 0 0 I auditd : type=1400 audit(0.0:14181): avc: denied { kill } for comm="swapper/3" capability=5 scontext=u:r:kernel:s0 tcontext=u:r:kernel:s0 tclass=capability permissive=0
11-29 06:56:55.079 0 0 I auditd : type=1400 audit(0.0:14182): avc: denied { kill } for comm="swapper/3" capability=5 scontext=u:r:kernel:s0 tcontext=u:r:kernel:s0 tclass=capability permissive=0
11-29 06:56:56.079 0 0 I auditd : type=1400 audit(0.0:14183): avc: denied { kill } for comm="swapper/3" capability=5 scontext=u:r:kernel:s0 tcontext=u:r:kernel:s0 tclass=capability permissive=0
11-29 06:56:59.079 0 0 I auditd : type=1400 audit(0.0:14184): avc: denied { kill } for comm="swapper/3" capability=5 scontext=u:r:kernel:s0 tcontext=u:r:kernel:s0 tclass=capability permissive=0
11-29 06:57:00.079 0 0 I auditd : type=1400 audit(0.0:14185): avc: denied { kill } for comm="swapper/3" capability=5 scontext=u:r:kernel:s0 tcontext=u:r:kernel:s0 tclass=capability permissive=0
11-29 06:57:01.079 0 0 I auditd : type=1400 audit(0.0:14186): avc: denied { kill } for comm="swapper/3" capability=5 scontext=u:r:kernel:s0 tcontext=u:r:kernel:s0 tclass=capability permissive=0
11-29 06:57:03.079 0 0 I auditd : type=1400 audit(0.0:14187): avc: denied { kill } for comm="swapper/3" capability=5 scontext=u:r:kernel:s0 tcontext=u:r:kernel:s0 tclass=capability permissive=0
11-29 06:57:04.079 0 0 I auditd : type=1400 audit(0.0:14188): avc: denied { kill } for comm="swapper/3" capability=5 scontext=u:r:kernel:s0 tcontext=u:r:kernel:s0 tclass=capability permissive=0
11-29 06:57:05.079 0 0 I auditd : type=1400 audit(0.0:14189): avc: denied { kill } for comm="swapper/3" capability=5 scontext=u:r:kernel:s0 tcontext=u:r:kernel:s0 tclass=capability permissive=0
11-29 06:57:06.079 0 0 I auditd : type=1400 audit(0.0:14190): avc: denied { kill } for comm="swapper/3" capability=5 scontext=u:r:kernel:s0 tcontext=u:r:kernel:s0 tclass=capability permissive=0
11-29 06:57:06.582 1491 1693 I input_interaction: Interaction with: 53d18d0 com.thundercomm.screensaver/android.service.dreams.DreamActivity (server), edge-swipe (server), swipe-up (server), PointerEventDispatcher0 (server),
11-29 06:57:06.586 1491 10785 I wm_finish_activity: [0,240634870,145,com.thundercomm.screensaver/android.service.dreams.DreamActivity,finish-activity]
11-29 06:57:06.586 1491 10785 I wm_task_moved: [144,1,8]
11-29 06:57:06.586 1491 10785 I wm_task_to_front: [0,144]
11-29 06:57:06.587 1491 10785 I wm_set_resumed_activity: [0,com.android.gallery3d/.app.GalleryActivity,positionChildAt]
11-29 06:57:06.587 1491 10785 I wm_focused_root_task: [0,0,144,145,finish-top adjustFocusToNextFocusableTask]
11-29 06:57:06.588 1491 10785 I wm_set_resumed_activity: [0,com.android.gallery3d/.app.GalleryActivity,finish-top]
11-29 06:57:06.589 1491 10785 I wm_pause_activity: [0,240634870,com.thundercomm.screensaver/android.service.dreams.DreamActivity,userLeaving=false,finish]
11-29 06:57:06.590 1491 10785 W WindowManager: updateScale0.4617737
11-29 06:57:06.597 1491 1599 I sysui_multi_action: [757,803,799,window_time_0,802,134]
11-29 06:57:06.599 1491 10785 I DreamManagerService: Gently waking up from dream.
11-29 06:57:06.600 1491 1596 I DreamManagerService: Performing gentle wake from dream.
11-29 06:57:06.600 5601 5601 I wm_on_top_resumed_lost_called: [240634870,android.service.dreams.DreamActivity,topStateChangedWhenResumed]
11-29 06:57:06.601 5601 5601 I wm_on_paused_called: [240634870,android.service.dreams.DreamActivity,performPause]
11-29 06:57:06.601 18441 18441 I wm_on_top_resumed_gained_called: [180037668,com.android.gallery3d.app.GalleryActivity,topStateChangedWhenResumed]
11-29 06:57:06.602 1491 7072 I ActivityTaskManager: FOREGROUND_APPLICATION_CHANGED to com.android.launcher3.uioverrides.QuickstepLauncher
11-29 06:57:06.605 1491 7072 I wm_resume_activity: [0,254362067,41,com.android.launcher3/.uioverrides.QuickstepLauncher]
11-29 06:57:06.606 1491 7072 I ActivityTaskManager: FOREGROUND_APPLICATION_CHANGED to com.android.gallery3d.app.GalleryActivity
11-29 06:57:06.607 1491 7072 W WindowManager: updateScale0.4617737
11-29 06:57:06.611 1491 7072 W WindowManager: updateScale0.4617737
11-29 06:57:06.617 1491 10783 W WindowManager: updateScale0.4617737
11-29 06:57:06.623 1491 1599 I sysui_multi_action: [757,803,799,window_time_2,802,0]
11-29 06:57:06.624 1491 1600 I input_focus: [Focus request 7bd638e com.android.gallery3d/com.android.gallery3d.app.GalleryActivity,reason=UpdateInputWindows]
11-29 06:57:06.625 1491 1600 W WindowManager: updateScale0.4617737
11-29 06:57:06.625 9956 9956 I wm_on_restart_called: [254362067,com.android.launcher3.uioverrides.QuickstepLauncher,performRestartActivity]
11-29 06:57:06.626 1491 1600 W WindowManager: updateScale0.4617737
11-29 06:57:06.626 9956 9956 I wm_on_start_called: [254362067,com.android.launcher3.uioverrides.QuickstepLauncher,handleStartActivity]
11-29 06:57:06.627 9956 9956 I wm_on_resume_called: [254362067,com.android.launcher3.uioverrides.QuickstepLauncher,RESUME_ACTIVITY]
11-29 06:57:06.627 1491 1599 W WindowManager: updateScale0.4617737
11-29 06:57:06.629 1491 1599 W WindowManager: updateScale0.4617737
11-29 06:57:06.632 16043 16059 W ContextImpl: Calling a method in the system process without a qualified user: android.app.ContextImpl.startService:1816 android.content.ContextWrapper.startService:774 com.thundercomm.gamemode.ingame.services.GameModeActionUtils.startGameModeService:93 com.thundercomm.gamemode.ingame.services.GameModeActionUtils.startGameModeEntry:21 com.thundercomm.gamemode.ingame.services.ActivityMonitoringService$1.onActivityLaunch:127
11-29 06:57:06.635 1491 1693 I input_focus: [Focus leaving 53d18d0 com.thundercomm.screensaver/android.service.dreams.DreamActivity (server),reason=NO_WINDOW]
11-29 06:57:06.635 5601 5601 I view_enqueue_input_event: [Motion - Cancel,com.thundercomm.screensaver/android.service.dreams.DreamActivity]
11-29 06:57:06.636 1491 1693 I input_focus: [Focus entering 7bd638e com.android.gallery3d/com.android.gallery3d.app.GalleryActivity (server),reason=setFocusedWindow]
11-29 06:57:06.641 1491 10785 W WindowManager: updateScale0.4617737
11-29 06:57:06.644 1491 1491 I GameModeConfig: Current uri is uri = content://com.thundercomm.gamemode.api/gamemode_settings/gamemode_isgaming
11-29 06:57:06.646 1491 1491 I am_uid_active: 10063
11-29 06:57:06.653 1491 1491 I GameModeConfig: isGameModeOn = false
11-29 06:57:06.653 1491 1491 I GameModeConfig: isGameModeOn = false
11-29 06:57:06.653 1491 1491 I GameModeConfig: isDisableVoice = true
11-29 06:57:06.660 16043 16059 W ContextImpl: Calling a method in the system process without a qualified user: android.app.ContextImpl.startService:1816 android.content.ContextWrapper.startService:774 com.thundercomm.gamemode.ingame.services.GameModeActionUtils.startGameModeService:93 com.thundercomm.gamemode.ingame.services.GameModeActionUtils.startGameModeEntry:21 com.thundercomm.gamemode.ingame.services.ActivityMonitoringService$1.onActivityLaunch:127
11-29 06:57:06.667 1491 1491 I GameModeConfig: Current uri is uri = content://com.thundercomm.gamemode.api/gamemode_settings/gamemode_isgaming
11-29 06:57:06.668 1491 1491 I GameModeConfig: isGameModeOn = false
11-29 06:57:06.669 1491 1491 I GameModeConfig: isGameModeOn = false
11-29 06:57:06.669 1491 1491 I GameModeConfig: isDisableVoice = true
11-29 06:57:06.682 1491 1600 W WindowManager: updateScale0.4617737
11-29 06:57:06.690 1491 1600 W WindowManager: updateScale0.4617737
11-29 06:57:06.692 1491 1600 W WindowManager: updateScale0.4617737
11-29 06:57:06.714 16043 16059 W ContextImpl: Calling a method in the system process without a qualified user: android.app.ContextImpl.startService:1816 android.content.ContextWrapper.startService:774 com.thundercomm.gamemode.ingame.services.GameModeActionUtils.startGameModeService:93 com.thundercomm.gamemode.ingame.services.GameModeActionUtils.startGameModeEntry:21 com.thundercomm.gamemode.ingame.services.ActivityMonitoringService$1.onActivityLaunch:127
11-29 06:57:06.722 1491 1491 I GameModeConfig: Current uri is uri = content://com.thundercomm.gamemode.api/gamemode_settings/gamemode_isgaming
11-29 06:57:06.723 1491 10785 I wm_destroy_activity: [0,240634870,145,com.thundercomm.screensaver/android.service.dreams.DreamActivity,finish-idle]
11-29 06:57:06.723 1491 1491 I GameModeConfig: isGameModeOn = false
11-29 06:57:06.724 1491 1491 I GameModeConfig: isGameModeOn = false
11-29 06:57:06.724 1491 1491 I GameModeConfig: isDisableVoice = true
11-29 06:57:06.724 1491 1626 I PowerManagerService: Powering on display group fromDreaming (groupId=0, uid=1000, reason=WAKE_REASON_UNKNOWN, details=android.server.power:DREAM_FINISHED)...
11-29 06:57:06.724 1491 1626 I PowerManagerService: Waking up from Dreaming (uid=1000, reason=WAKE_REASON_UNKNOWN, details=android.server.power:DREAM_FINISHED)...
11-29 06:57:06.724 5601 5601 I wm_on_stop_called: [240634870,android.service.dreams.DreamActivity,LIFECYCLER_STOP_ACTIVITY]
11-29 06:57:06.725 5601 5601 I wm_on_destroy_called: [240634870,android.service.dreams.DreamActivity,performDestroy]
11-29 06:57:06.727 1491 7072 I DreamManagerService: Leaving dreamland.
11-29 06:57:06.728 1491 1596 I DreamManagerService: Performing gentle wake from dream.
11-29 06:57:06.728 1491 1596 I DreamController: Stopping dream: name=ComponentInfo{com.thundercomm.screensaver/com.thundercomm.saverclock.service.ClockScreensaver}, isTest=false, canDoze=false, userId=0, reason='finished self'(from 'finished self')
11-29 06:57:06.728 1491 1596 I sysui_multi_action: [757,222,758,2]
11-29 06:57:06.728 1491 1596 I sysui_multi_action: [757,804,799,dreaming_minutes,801,2,802,1]
11-29 06:57:06.737 1491 10067 W WindowManager: updateScale0.4617737
11-29 06:57:06.747 1491 1607 I am_pss : [18441,10068,com.android.gallery3d,76460032,70021120,0,199921664,0,2,9]
11-29 06:57:06.937 1491 1600 W WindowManager: updateScale0.4617737
11-29 06:57:06.941 1491 1600 W WindowManager: updateScale0.4617737
11-29 06:57:06.950 1491 1600 I wm_task_removed: [145,removeChild:removeChild last r=ActivityRecord{e57cbf6 u0 com.thundercomm.screensaver/android.service.dreams.DreamActivity t-1 f}} in t=Task{408ce39 #145 type=dream A=10052:android:com.thundercomm.screensaver/dream U=0 visible=false mode=fullscreen translucent=true sz=0}]
11-29 06:57:06.950 1491 1600 I wm_task_removed: [145,removeChild]
11-29 06:57:06.952 1491 1600 W ActivityTaskManager: Can't find TaskDisplayArea to determine support for multi window. Task id=145 attached=false
11-29 06:57:06.953 1491 1600 W WindowManager: updateScale0.4617737
11-29 06:57:07.206 1491 1693 I input_interaction: Interaction with: fc3876c StatusBar (server), edge-swipe (server), swipe-up (server), PointerEventDispatcher0 (server),
11-29 06:57:07.214 18834 18834 I sysui_multi_action: [757,803,799,panel_open,802,1]
11-29 06:57:07.215 18834 18834 I sysui_multi_action: [757,1328,758,4,1326,53,1327,0,1329,0]
11-29 06:57:07.309 1491 10785 I sysui_multi_action: [757,127,758,1]
11-29 06:57:07.311 1491 1491 I notification_enqueue: [10082,18834,com.android.systemui,2048,NULL,0,Notification(channel=updateNotification shortcut=null contentView=null vibrate=null sound=null defaults=0x0 flags=0x0 color=0x00000000 vis=PRIVATE),1]
11-29 06:57:07.311 18834 18834 I sysui_multi_action: [757,111,758,2]
11-29 06:57:07.311 18834 18834 I sysui_multi_action: [757,111,758,2]
11-29 06:57:07.313 1491 10785 I sysui_multi_action: [757,804,799,note_load,801,2,802,1]
11-29 06:57:07.313 1491 1760 I GameModeConfig: isGameModeOn = false
11-29 06:57:07.313 1491 10785 I notification_panel_revealed: 2
11-29 06:57:07.313 1491 1760 I GameModeConfig: isGameModeOn = false
11-29 06:57:07.313 1491 1760 I GameModeConfig: isGameModeOn = false
11-29 06:57:07.314 1491 1760 I GameModeConfig: isGameModeOn = false
11-29 06:57:07.326 1491 10785 W WindowManager: updateScale0.4617737
11-29 06:57:07.330 1491 1600 I input_focus: [Focus request ddf32c3 NotificationShade,reason=UpdateInputWindows]
11-29 06:57:07.334 18834 18834 I sysui_multi_action: [757,111,758,1]
11-29 06:57:07.334 18834 18834 I sysui_multi_action: [757,126,758,1,759,126,927,0,928,1,1593,0]
11-29 06:57:07.334 18834 18834 I sysui_multi_action: [757,113,758,1,759,113,927,1,928,1,1593,0]
11-29 06:57:07.334 18834 18834 I sysui_multi_action: [757,0,758,1,759,0,927,2,928,0,1593,0]
11-29 06:57:07.334 18834 18834 I sysui_multi_action: [757,0,758,1,759,0,927,3,928,0,1593,0]
11-29 06:57:07.334 18834 18834 I sysui_multi_action: [757,491,758,1,759,491,927,4,928,0,1311,-1,1593,0]
11-29 06:57:07.335 18834 18834 I sysui_multi_action: [757,0,758,1,759,0,927,5,928,0,1593,0]
11-29 06:57:07.335 18834 18834 I sysui_multi_action: [757,111,758,1]
11-29 06:57:07.335 18834 18834 I sysui_multi_action: [757,126,758,1,759,126,927,0,928,1,1593,0]
11-29 06:57:07.335 18834 18834 I sysui_multi_action: [757,113,758,1,759,113,927,1,928,1,1593,0]
11-29 06:57:07.335 18834 18834 I sysui_multi_action: [757,0,758,1,759,0,927,2,928,0,1593,0]
11-29 06:57:07.335 18834 18834 I sysui_multi_action: [757,0,758,1,759,0,927,3,928,0,1593,0]
11-29 06:57:07.346 1491 1600 W WindowManager: updateScale0.4617737
11-29 06:57:07.346 1491 1760 I GameModeConfig: isGameModeOn = false
11-29 06:57:07.347 1491 1760 I GameModeConfig: isGameModeOn = false
11-29 06:57:07.347 1491 1760 I GameModeConfig: isGameModeOn = false
11-29 06:57:07.347 1491 1760 I GameModeConfig: isGameModeOn = false
11-29 06:57:07.348 18834 18834 I sysui_multi_action: [757,111,758,2]
11-29 06:57:07.348 1491 1491 I notification_enqueue: [10082,18834,com.android.systemui,2048,NULL,0,Notification(channel=updateNotification shortcut=null contentView=null vibrate=null sound=null defaults=0x0 flags=0x0 color=0x00000000 vis=PRIVATE),1]
11-29 06:57:07.348 18834 18834 I sysui_multi_action: [757,111,758,2]
11-29 06:57:07.352 18834 18834 I sysui_multi_action: [757,111,758,1]
11-29 06:57:07.352 18834 18834 I sysui_multi_action: [757,126,758,1,759,126,927,0,928,1,1593,0]
11-29 06:57:07.352 18834 18834 I sysui_multi_action: [757,113,758,1,759,113,927,1,928,1,1593,0]
11-29 06:57:07.352 18834 18834 I sysui_multi_action: [757,0,758,1,759,0,927,2,928,0,1593,0]
11-29 06:57:07.352 18834 18834 I sysui_multi_action: [757,0,758,1,759,0,927,3,928,0,1593,0]
11-29 06:57:07.353 18834 18834 I sysui_multi_action: [757,491,758,1,759,491,927,4,928,0,1311,-1,1593,0]
11-29 06:57:07.353 18834 18834 I sysui_multi_action: [757,0,758,1,759,0,927,5,928,0,1593,0]
11-29 06:57:07.353 18834 18834 I sysui_multi_action: [757,111,758,1]
11-29 06:57:07.353 18834 18834 I sysui_multi_action: [757,126,758,1,759,126,927,0,928,1,1593,0]
11-29 06:57:07.353 18834 18834 I sysui_multi_action: [757,113,758,1,759,113,927,1,928,1,1593,0]
11-29 06:57:07.353 18834 18834 I sysui_multi_action: [757,0,758,1,759,0,927,2,928,0,1593,0]
11-29 06:57:07.353 18834 18834 I sysui_multi_action: [757,0,758,1,759,0,927,3,928,0,1593,0]
11-29 06:57:07.358 1491 1693 I input_focus: [Focus leaving 7bd638e com.android.gallery3d/com.android.gallery3d.app.GalleryActivity (server),reason=setFocusedWindow]
11-29 06:57:07.358 1491 1693 I input_focus: [Focus entering ddf32c3 NotificationShade (server),reason=setFocusedWindow]
11-29 06:57:07.365 1491 1760 I GameModeConfig: isGameModeOn = false
11-29 06:57:07.366 1491 1760 I GameModeConfig: isGameModeOn = false
11-29 06:57:07.366 1491 1760 I GameModeConfig: isGameModeOn = false
11-29 06:57:07.366 1491 1760 I GameModeConfig: isGameModeOn = false
11-29 06:57:07.367 18834 18834 I sysui_multi_action: [757,111,758,2]
11-29 06:57:07.367 1491 1491 I notification_enqueue: [10082,18834,com.android.systemui,2048,NULL,0,Notification(channel=updateNotification shortcut=null contentView=null vibrate=null sound=null defaults=0x0 flags=0x0 color=0x00000000 vis=PRIVATE),1]
11-29 06:57:07.367 18834 18834 I sysui_multi_action: [757,111,758,2]
11-29 06:57:07.372 18834 18834 I sysui_multi_action: [757,111,758,1]
11-29 06:57:07.372 18834 18834 I sysui_multi_action: [757,126,758,1,759,126,927,0,928,1,1593,0]
11-29 06:57:07.372 18834 18834 I sysui_multi_action: [757,113,758,1,759,113,927,1,928,1,1593,0]
11-29 06:57:07.372 18834 18834 I sysui_multi_action: [757,0,758,1,759,0,927,2,928,0,1593,0]
11-29 06:57:07.372 18834 18834 I sysui_multi_action: [757,0,758,1,759,0,927,3,928,0,1593,0]
11-29 06:57:07.373 18834 18834 I sysui_multi_action: [757,491,758,1,759,491,927,4,928,0,1311,-1,1593,0]
11-29 06:57:07.373 18834 18834 I sysui_multi_action: [757,0,758,1,759,0,927,5,928,0,1593,0]
11-29 06:57:07.373 18834 18834 I sysui_multi_action: [757,111,758,1]
11-29 06:57:07.373 18834 18834 I sysui_multi_action: [757,126,758,1,759,126,927,0,928,1,1593,0]
11-29 06:57:07.373 18834 18834 I sysui_multi_action: [757,113,758,1,759,113,927,1,928,1,1593,0]
11-29 06:57:07.373 18834 18834 I sysui_multi_action: [757,0,758,1,759,0,927,2,928,0,1593,0]
11-29 06:57:07.373 18834 18834 I sysui_multi_action: [757,0,758,1,759,0,927,3,928,0,1593,0]
11-29 06:57:07.387 1491 1760 I GameModeConfig: isGameModeOn = false
11-29 06:57:07.387 1491 1760 I GameModeConfig: isGameModeOn = false
11-29 06:57:07.388 1491 1760 I GameModeConfig: isGameModeOn = false
11-29 06:57:07.388 1491 1760 I GameModeConfig: isGameModeOn = false
11-29 06:57:07.389 18834 18834 I sysui_multi_action: [757,111,758,2]
11-29 06:57:07.389 18834 18834 I sysui_multi_action: [757,111,758,2]
11-29 06:57:07.389 1491 1491 I notification_enqueue: [10082,18834,com.android.systemui,2048,NULL,0,Notification(channel=updateNotification shortcut=null contentView=null vibrate=null sound=null defaults=0x0 flags=0x0 color=0x00000000 vis=PRIVATE),1]
11-29 06:57:07.392 18834 18834 I sysui_multi_action: [757,111,758,1]
11-29 06:57:07.392 18834 18834 I sysui_multi_action: [757,126,758,1,759,126,927,0,928,1,1593,0]
11-29 06:57:07.392 18834 18834 I sysui_multi_action: [757,113,758,1,759,113,927,1,928,1,1593,0]
11-29 06:57:07.393 18834 18834 I sysui_multi_action: [757,0,758,1,759,0,927,2,928,0,1593,0]
11-29 06:57:07.393 18834 18834 I sysui_multi_action: [757,0,758,1,759,0,927,3,928,0,1593,0]
11-29 06:57:07.393 18834 18834 I sysui_multi_action: [757,491,758,1,759,491,927,4,928,0,1311,-1,1593,0]
11-29 06:57:07.393 18834 18834 I sysui_multi_action: [757,0,758,1,759,0,927,5,928,0,1593,0]
11-29 06:57:07.393 18834 18834 I sysui_multi_action: [757,111,758,1]
11-29 06:57:07.393 18834 18834 I sysui_multi_action: [757,126,758,1,759,126,927,0,928,1,1593,0]
11-29 06:57:07.393 18834 18834 I sysui_multi_action: [757,113,758,1,759,113,927,1,928,1,1593,0]
11-29 06:57:07.393 18834 18834 I sysui_multi_action: [757,0,758,1,759,0,927,2,928,0,1593,0]
11-29 06:57:07.393 18834 18834 I sysui_multi_action: [757,0,758,1,759,0,927,3,928,0,1593,0]
11-29 06:57:07.420 1491 1760 I GameModeConfig: isGameModeOn = false
11-29 06:57:07.420 1491 1760 I GameModeConfig: isGameModeOn = false
11-29 06:57:07.420 1491 1760 I GameModeConfig: isGameModeOn = false
11-29 06:57:07.420 1491 1760 I GameModeConfig: isGameModeOn = false
11-29 06:57:07.421 18834 18834 I sysui_multi_action: [757,111,758,2]
11-29 06:57:07.421 18834 18834 I sysui_multi_action: [757,111,758,2]
11-29 06:57:07.422 1491 1491 I notification_enqueue: [10082,18834,com.android.systemui,2048,NULL,0,Notification(channel=updateNotification shortcut=null contentView=null vibrate=null sound=null defaults=0x0 flags=0x0 color=0x00000000 vis=PRIVATE),1]
11-29 06:57:07.426 18834 18834 I sysui_multi_action: [757,111,758,1]
11-29 06:57:07.426 18834 18834 I sysui_multi_action: [757,126,758,1,759,126,927,0,928,1,1593,0]
11-29 06:57:07.426 18834 18834 I sysui_multi_action: [757,113,758,1,759,113,927,1,928,1,1593,0]
11-29 06:57:07.427 18834 18834 I sysui_multi_action: [757,0,758,1,759,0,927,2,928,0,1593,0]
11-29 06:57:07.427 18834 18834 I sysui_multi_action: [757,0,758,1,759,0,927,3,928,0,1593,0]
11-29 06:57:07.427 18834 18834 I sysui_multi_action: [757,491,758,1,759,491,927,4,928,0,1311,-1,1593,0]
11-29 06:57:07.427 18834 18834 I sysui_multi_action: [757,0,758,1,759,0,927,5,928,0,1593,0]
11-29 06:57:07.427 18834 18834 I sysui_multi_action: [757,111,758,1]
11-29 06:57:07.427 18834 18834 I sysui_multi_action: [757,126,758,1,759,126,927,0,928,1,1593,0]
11-29 06:57:07.427 18834 18834 I sysui_multi_action: [757,113,758,1,759,113,927,1,928,1,1593,0]
11-29 06:57:07.427 18834 18834 I sysui_multi_action: [757,0,758,1,759,0,927,2,928,0,1593,0]
11-29 06:57:07.427 18834 18834 I sysui_multi_action: [757,0,758,1,759,0,927,3,928,0,1593,0]
11-29 06:57:07.516 1491 1491 I GameModeConfig: isGameModeOn = false
11-29 06:57:07.517 1491 1491 I sysui_multi_action: [757,1501,758,1,793,13384778,794,0,795,208,796,2048,806,com.android.systemui,857,updateNotification,858,3,947,0,1500,0,1688,1]
11-29 06:57:07.518 1491 1491 I sysui_multi_action: [757,804,799,note_interruptive,801,0,802,1]
11-29 06:57:07.518 1491 1491 I sysui_multi_action: [757,199,758,1,759,2,793,13384779,794,0,795,209,796,2048,806,com.android.systemui,857,updateNotification,858,3,947,0,1500,1,1688,1]
11-29 06:57:07.518 1491 1491 I notification_alert: [0|com.android.systemui|2048|null|10082,0,1,0]
11-29 06:57:07.519 1491 1491 W NotificationHistory: Attempted to add notif for locked/gone/disabled user 0
11-29 06:57:07.550 1491 1491 I GameModeConfig: isGameModeOn = false
11-29 06:57:07.551 1491 1491 E NotificationService: Muting recently noisy 0|com.android.systemui|2048|null|10082
11-29 06:57:07.569 1491 1491 I GameModeConfig: isGameModeOn = false
11-29 06:57:07.570 1491 1491 E NotificationService: Muting recently noisy 0|com.android.systemui|2048|null|10082
11-29 06:57:07.589 1491 7072 W WindowManager: updateScale0.4617737
11-29 06:57:07.592 1491 7072 W WindowManager: updateScale0.4617737
11-29 06:57:07.594 1491 1491 I GameModeConfig: isGameModeOn = false
11-29 06:57:07.595 1491 1491 E NotificationService: Muting recently noisy 0|com.android.systemui|2048|null|10082
11-29 06:57:07.624 1491 1491 I GameModeConfig: isGameModeOn = false
11-29 06:57:07.624 1491 1491 E NotificationService: Muting recently noisy 0|com.android.systemui|2048|null|10082
11-29 06:57:07.860 1491 7072 I sysui_multi_action: [757,128,758,1,793,11992633,794,0,795,11992633,796,26,798,0,806,android,857,DEVELOPER_IMPORTANT,858,4,947,0,1395,2,1500,11992428,1688,1]
11-29 06:57:07.860 1491 7072 I sysui_multi_action: [757,804,799,note_freshness,801,11992633,802,1]
11-29 06:57:07.860 1491 7072 I notification_visibility: [-1|android|26|null|1000,1,11992633,11992633,0,0]
11-29 06:57:07.860 1491 7072 I sysui_multi_action: [757,128,758,1,793,11992636,794,0,795,11992636,796,32,798,1,806,android,857,USB,858,1,947,0,1395,2,1500,11992433,1688,1]
11-29 06:57:07.861 1491 7072 I sysui_multi_action: [757,804,799,note_freshness,801,11992636,802,1]
11-29 06:57:07.861 1491 7072 I notification_visibility: [-1|android|32|null|1000,1,11992636,11992636,0,1]
11-29 06:57:08.079 0 0 I auditd : type=1400 audit(0.0:14191): avc: denied { kill } for comm="swapper/3" capability=5 scontext=u:r:kernel:s0 tcontext=u:r:kernel:s0 tclass=capability permissive=0
11-29 06:57:08.820 1491 1693 I input_interaction: Interaction with: ddf32c3 NotificationShade (server), edge-swipe (server), swipe-up (server), PointerEventDispatcher0 (server),
11-29 06:57:08.870 18834 18834 I view_enqueue_input_event: [Motion - Cancel,NotificationShade]
11-29 06:57:08.875 1491 1693 I input_interaction: Interaction with: edge-swipe (server), swipe-up (server), PointerEventDispatcher0 (server),
11-29 06:57:08.928 1491 10067 I ActivityTaskManager: START u0 {act=android.intent.action.MAIN cat=[android.intent.category.HOME] flg=0x10000000 cmp=com.android.launcher3/.uioverrides.QuickstepLauncher} from uid 10077
11-29 06:57:08.930 1491 10067 I wm_task_moved: [32,1,8]
11-29 06:57:08.932 18441 18441 I wm_on_top_resumed_lost_called: [180037668,com.android.gallery3d.app.GalleryActivity,topStateChangedWhenResumed]
11-29 06:57:08.932 1491 10067 I wm_set_resumed_activity: [0,com.android.launcher3/.uioverrides.QuickstepLauncher,positionChildAt]
11-29 06:57:08.932 1491 10067 I wm_task_moved: [41,1,2147483647]
11-29 06:57:08.932 1491 10067 I wm_task_to_front: [0,41]
11-29 06:57:08.932 1491 10067 I wm_focused_root_task: [0,0,32,144,bringingFoundTaskToFront]
11-29 06:57:08.932 1491 10067 I wm_set_resumed_activity: [0,com.android.launcher3/.uioverrides.QuickstepLauncher,bringingFoundTaskToFront]
11-29 06:57:08.933 1491 10067 I wm_new_intent: [0,254362067,41,com.android.launcher3/.uioverrides.QuickstepLauncher,android.intent.action.MAIN,NULL,NULL,268435712]
11-29 06:57:08.933 1491 10067 I wm_task_moved: [32,1,8]
11-29 06:57:08.933 1491 10067 I wm_set_resumed_activity: [0,com.android.launcher3/.uioverrides.QuickstepLauncher,positionChildAt]
11-29 06:57:08.934 1491 10067 I ActivityTaskManager: FOREGROUND_APPLICATION_CHANGED to com.android.launcher3.uioverrides.QuickstepLauncher
11-29 06:57:08.934 1491 10067 W WindowManager: updateScale0.4617737
11-29 06:57:08.936 1491 10067 W WindowManager: updateScale0.4617737
11-29 06:57:08.944 9956 9956 I wm_on_paused_called: [254362067,com.android.launcher3.uioverrides.QuickstepLauncher,performPause]
11-29 06:57:08.947 9956 9956 I wm_on_resume_called: [254362067,com.android.launcher3.uioverrides.QuickstepLauncher,LIFECYCLER_RESUME_ACTIVITY]
11-29 06:57:08.947 9956 9956 I wm_on_top_resumed_gained_called: [254362067,com.android.launcher3.uioverrides.QuickstepLauncher,topStateChangedWhenResumed]
11-29 06:57:08.981 1491 10067 W WindowManager: updateScale0.4617737
11-29 06:57:08.985 1491 1600 I input_focus: [Focus request cd0514f com.android.launcher3/com.android.launcher3.uioverrides.QuickstepLauncher,reason=UpdateInputWindows]
11-29 06:57:08.992 1491 1600 W WindowManager: updateScale0.4617737
11-29 06:57:08.994 1491 7072 W WindowManager: updateScale0.4617737
11-29 06:57:08.998 1491 7072 W WindowManager: updateScale0.4617737
11-29 06:57:09.009 1491 1693 I input_focus: [Focus leaving ddf32c3 NotificationShade (server),reason=NOT_FOCUSABLE]
11-29 06:57:09.009 1491 1693 I input_focus: [Focus entering cd0514f com.android.launcher3/com.android.launcher3.uioverrides.QuickstepLauncher (server),reason=setFocusedWindow]
11-29 06:57:09.138 1491 1760 I GameModeConfig: isGameModeOn = false
11-29 06:57:09.138 1491 1760 I GameModeConfig: isGameModeOn = false
11-29 06:57:09.138 1491 1760 I GameModeConfig: isGameModeOn = false
11-29 06:57:09.138 1491 1760 I GameModeConfig: isGameModeOn = false
11-29 06:57:09.139 18834 18834 I sysui_multi_action: [757,111,758,2]
11-29 06:57:09.140 1491 1491 I notification_enqueue: [10082,18834,com.android.systemui,2048,NULL,0,Notification(channel=updateNotification shortcut=null contentView=null vibrate=null sound=null defaults=0x0 flags=0x0 color=0x00000000 vis=PRIVATE),1]
11-29 06:57:09.140 18834 18834 I sysui_multi_action: [757,111,758,2]
11-29 06:57:09.146 1491 10067 W WindowManager: updateScale0.4617737
11-29 06:57:09.151 18834 18834 I sysui_multi_action: [757,111,758,1]
11-29 06:57:09.152 18834 18834 I sysui_multi_action: [757,126,758,1,759,126,927,0,928,1,1593,1]
11-29 06:57:09.152 18834 18834 I sysui_multi_action: [757,113,758,1,759,113,927,1,928,1,1593,1]
11-29 06:57:09.152 18834 18834 I sysui_multi_action: [757,0,758,1,759,0,927,2,928,0,1593,1]
11-29 06:57:09.152 18834 18834 I sysui_multi_action: [757,0,758,1,759,0,927,3,928,0,1593,1]
11-29 06:57:09.152 18834 18834 I sysui_multi_action: [757,491,758,1,759,491,927,4,928,0,1311,-1,1593,0]
11-29 06:57:09.153 18834 18834 I sysui_multi_action: [757,0,758,1,759,0,927,5,928,0,1593,0]
11-29 06:57:09.153 18834 18834 I sysui_multi_action: [757,111,758,1]
11-29 06:57:09.153 18834 18834 I sysui_multi_action: [757,126,758,1,759,126,927,0,928,1,1593,1]
11-29 06:57:09.153 18834 18834 I sysui_multi_action: [757,113,758,1,759,113,927,1,928,1,1593,1]
11-29 06:57:09.153 18834 18834 I sysui_multi_action: [757,0,758,1,759,0,927,2,928,0,1593,1]
11-29 06:57:09.153 18834 18834 I sysui_multi_action: [757,0,758,1,759,0,927,3,928,0,1593,1]
11-29 06:57:09.167 1491 1760 I GameModeConfig: isGameModeOn = false
11-29 06:57:09.167 18834 18834 I sysui_multi_action: [757,111,758,2]
11-29 06:57:09.167 18834 18834 I sysui_multi_action: [757,111,758,2]
11-29 06:57:09.167 1491 1760 I GameModeConfig: isGameModeOn = false
11-29 06:57:09.167 1491 1760 I GameModeConfig: isGameModeOn = false
11-29 06:57:09.167 1491 1760 I GameModeConfig: isGameModeOn = false
11-29 06:57:09.168 1491 1491 I notification_enqueue: [10082,18834,com.android.systemui,2048,NULL,0,Notification(channel=updateNotification shortcut=null contentView=null vibrate=null sound=null defaults=0x0 flags=0x0 color=0x00000000 vis=PRIVATE),1]
11-29 06:57:09.172 18834 18834 I sysui_multi_action: [757,111,758,1]
11-29 06:57:09.172 18834 18834 I sysui_multi_action: [757,126,758,1,759,126,927,0,928,1,1593,1]
11-29 06:57:09.172 18834 18834 I sysui_multi_action: [757,113,758,1,759,113,927,1,928,1,1593,1]
11-29 06:57:09.172 18834 18834 I sysui_multi_action: [757,0,758,1,759,0,927,2,928,0,1593,1]
11-29 06:57:09.173 18834 18834 I sysui_multi_action: [757,0,758,1,759,0,927,3,928,0,1593,1]
11-29 06:57:09.174 18834 18834 I sysui_multi_action: [757,491,758,1,759,491,927,4,928,0,1311,-1,1593,0]
11-29 06:57:09.174 18834 18834 I sysui_multi_action: [757,0,758,1,759,0,927,5,928,0,1593,1]
11-29 06:57:09.174 18834 18834 I sysui_multi_action: [757,111,758,1]
11-29 06:57:09.174 18834 18834 I sysui_multi_action: [757,126,758,1,759,126,927,0,928,1,1593,1]
11-29 06:57:09.174 18834 18834 I sysui_multi_action: [757,113,758,1,759,113,927,1,928,1,1593,1]
11-29 06:57:09.174 18834 18834 I sysui_multi_action: [757,0,758,1,759,0,927,2,928,0,1593,1]
11-29 06:57:09.174 18834 18834 I sysui_multi_action: [757,0,758,1,759,0,927,3,928,0,1593,1]
11-29 06:57:09.181 1491 1760 I GameModeConfig: isGameModeOn = false
11-29 06:57:09.181 1491 1760 I GameModeConfig: isGameModeOn = false
11-29 06:57:09.181 1491 1760 I GameModeConfig: isGameModeOn = false
11-29 06:57:09.182 1491 1760 I GameModeConfig: isGameModeOn = false
11-29 06:57:09.184 18834 18834 I sysui_multi_action: [757,111,758,2]
11-29 06:57:09.185 18834 18834 I sysui_multi_action: [757,111,758,2]
11-29 06:57:09.185 1491 1491 I notification_enqueue: [10082,18834,com.android.systemui,2048,NULL,0,Notification(channel=updateNotification shortcut=null contentView=null vibrate=null sound=null defaults=0x0 flags=0x0 color=0x00000000 vis=PRIVATE),1]
11-29 06:57:09.188 18834 18834 I sysui_multi_action: [757,111,758,1]
11-29 06:57:09.188 18834 18834 I sysui_multi_action: [757,126,758,1,759,126,927,0,928,1,1593,1]
11-29 06:57:09.188 18834 18834 I sysui_multi_action: [757,113,758,1,759,113,927,1,928,1,1593,1]
11-29 06:57:09.188 18834 18834 I sysui_multi_action: [757,0,758,1,759,0,927,2,928,0,1593,1]
11-29 06:57:09.188 18834 18834 I sysui_multi_action: [757,0,758,1,759,0,927,3,928,0,1593,1]
11-29 06:57:09.188 18834 18834 I sysui_multi_action: [757,491,758,1,759,491,927,4,928,0,1311,-1,1593,0]
11-29 06:57:09.188 18834 18834 I sysui_multi_action: [757,0,758,1,759,0,927,5,928,0,1593,0]
11-29 06:57:09.188 18834 18834 I sysui_multi_action: [757,111,758,1]
11-29 06:57:09.188 18834 18834 I sysui_multi_action: [757,126,758,1,759,126,927,0,928,1,1593,1]
11-29 06:57:09.188 18834 18834 I sysui_multi_action: [757,113,758,1,759,113,927,1,928,1,1593,1]
11-29 06:57:09.188 18834 18834 I sysui_multi_action: [757,0,758,1,759,0,927,2,928,0,1593,1]
11-29 06:57:09.188 18834 18834 I sysui_multi_action: [757,0,758,1,759,0,927,3,928,0,1593,1]
11-29 06:57:09.195 1491 1760 I GameModeConfig: isGameModeOn = false
11-29 06:57:09.196 1491 1760 I GameModeConfig: isGameModeOn = false
11-29 06:57:09.196 1491 1760 I GameModeConfig: isGameModeOn = false
11-29 06:57:09.196 1491 1760 I GameModeConfig: isGameModeOn = false
11-29 06:57:09.196 18834 18834 I sysui_multi_action: [757,111,758,2]
11-29 06:57:09.197 18834 18834 I sysui_multi_action: [757,111,758,2]
11-29 06:57:09.198 1491 1491 I notification_enqueue: [10082,18834,com.android.systemui,2048,NULL,0,Notification(channel=updateNotification shortcut=null contentView=null vibrate=null sound=null defaults=0x0 flags=0x0 color=0x00000000 vis=PRIVATE),1]
11-29 06:57:09.201 18834 18834 I sysui_multi_action: [757,111,758,1]
11-29 06:57:09.201 18834 18834 I sysui_multi_action: [757,126,758,1,759,126,927,0,928,1,1593,1]
11-29 06:57:09.201 18834 18834 I sysui_multi_action: [757,113,758,1,759,113,927,1,928,1,1593,1]
11-29 06:57:09.201 18834 18834 I sysui_multi_action: [757,0,758,1,759,0,927,2,928,0,1593,1]
11-29 06:57:09.201 18834 18834 I sysui_multi_action: [757,0,758,1,759,0,927,3,928,0,1593,1]
11-29 06:57:09.201 18834 18834 I sysui_multi_action: [757,491,758,1,759,491,927,4,928,0,1311,-1,1593,0]
11-29 06:57:09.201 18834 18834 I sysui_multi_action: [757,0,758,1,759,0,927,5,928,0,1593,0]
11-29 06:57:09.201 18834 18834 I sysui_multi_action: [757,111,758,1]
11-29 06:57:09.201 18834 18834 I sysui_multi_action: [757,126,758,1,759,126,927,0,928,1,1593,1]
11-29 06:57:09.201 18834 18834 I sysui_multi_action: [757,113,758,1,759,113,927,1,928,1,1593,1]
11-29 06:57:09.202 18834 18834 I sysui_multi_action: [757,0,758,1,759,0,927,2,928,0,1593,1]
11-29 06:57:09.202 18834 18834 I sysui_multi_action: [757,0,758,1,759,0,927,3,928,0,1593,1]
11-29 06:57:09.207 1491 1760 I GameModeConfig: isGameModeOn = false
11-29 06:57:09.207 1491 1760 I GameModeConfig: isGameModeOn = false
11-29 06:57:09.207 1491 1760 I GameModeConfig: isGameModeOn = false
11-29 06:57:09.207 1491 1760 I GameModeConfig: isGameModeOn = false
11-29 06:57:09.208 18834 18834 I sysui_multi_action: [757,111,758,2]
11-29 06:57:09.208 18834 18834 I sysui_multi_action: [757,111,758,2]
11-29 06:57:09.208 1491 1491 I notification_enqueue: [10082,18834,com.android.systemui,2048,NULL,0,Notification(channel=updateNotification shortcut=null contentView=null vibrate=null sound=null defaults=0x0 flags=0x0 color=0x00000000 vis=PRIVATE),1]
11-29 06:57:09.211 18834 18834 I sysui_multi_action: [757,111,758,1]
11-29 06:57:09.211 18834 18834 I sysui_multi_action: [757,126,758,1,759,126,927,0,928,1,1593,1]
11-29 06:57:09.211 18834 18834 I sysui_multi_action: [757,113,758,1,759,113,927,1,928,1,1593,1]
11-29 06:57:09.211 18834 18834 I sysui_multi_action: [757,0,758,1,759,0,927,2,928,0,1593,1]
11-29 06:57:09.211 18834 18834 I sysui_multi_action: [757,0,758,1,759,0,927,3,928,0,1593,1]
11-29 06:57:09.211 18834 18834 I sysui_multi_action: [757,491,758,1,759,491,927,4,928,0,1311,-1,1593,0]
11-29 06:57:09.211 18834 18834 I sysui_multi_action: [757,0,758,1,759,0,927,5,928,0,1593,0]
11-29 06:57:09.211 18834 18834 I sysui_multi_action: [757,111,758,1]
11-29 06:57:09.211 18834 18834 I sysui_multi_action: [757,126,758,1,759,126,927,0,928,1,1593,1]
11-29 06:57:09.211 18834 18834 I sysui_multi_action: [757,113,758,1,759,113,927,1,928,1,1593,1]
11-29 06:57:09.211 18834 18834 I sysui_multi_action: [757,0,758,1,759,0,927,2,928,0,1593,1]
11-29 06:57:09.212 18834 18834 I sysui_multi_action: [757,0,758,1,759,0,927,3,928,0,1593,1]
11-29 06:57:09.220 18834 18834 I sysui_multi_action: [757,111,758,2]
11-29 06:57:09.220 18834 18834 I sysui_multi_action: [757,111,758,2]
11-29 06:57:09.220 1491 1491 I notification_enqueue: [10082,18834,com.android.systemui,2048,NULL,0,Notification(channel=updateNotification shortcut=null contentView=null vibrate=null sound=null defaults=0x0 flags=0x0 color=0x00000000 vis=PRIVATE),1]
11-29 06:57:09.223 18834 18834 I sysui_multi_action: [757,111,758,1]
11-29 06:57:09.223 1491 1760 I GameModeConfig: isGameModeOn = false
11-29 06:57:09.223 18834 18834 I sysui_multi_action: [757,126,758,1,759,126,927,0,928,1,1593,1]
11-29 06:57:09.223 18834 18834 I sysui_multi_action: [757,113,758,1,759,113,927,1,928,1,1593,1]
11-29 06:57:09.223 18834 18834 I sysui_multi_action: [757,0,758,1,759,0,927,2,928,0,1593,1]
11-29 06:57:09.223 18834 18834 I sysui_multi_action: [757,0,758,1,759,0,927,3,928,0,1593,1]
11-29 06:57:09.223 18834 18834 I sysui_multi_action: [757,491,758,1,759,491,927,4,928,0,1311,-1,1593,0]
11-29 06:57:09.223 18834 18834 I sysui_multi_action: [757,0,758,1,759,0,927,5,928,0,1593,0]
11-29 06:57:09.223 18834 18834 I sysui_multi_action: [757,111,758,1]
11-29 06:57:09.223 18834 18834 I sysui_multi_action: [757,126,758,1,759,126,927,0,928,1,1593,1]
11-29 06:57:09.223 18834 18834 I sysui_multi_action: [757,113,758,1,759,113,927,1,928,1,1593,1]
11-29 06:57:09.223 18834 18834 I sysui_multi_action: [757,0,758,1,759,0,927,2,928,0,1593,1]
11-29 06:57:09.223 18834 18834 I sysui_multi_action: [757,0,758,1,759,0,927,3,928,0,1593,1]
11-29 06:57:09.230 1491 1760 I GameModeConfig: isGameModeOn = false
11-29 06:57:09.230 1491 1760 I GameModeConfig: isGameModeOn = false
11-29 06:57:09.231 1491 1760 I GameModeConfig: isGameModeOn = false
11-29 06:57:09.237 18834 18834 I sysui_multi_action: [757,111,758,2]
11-29 06:57:09.237 18834 18834 I sysui_multi_action: [757,111,758,2]
11-29 06:57:09.239 18834 18834 I sysui_multi_action: [757,111,758,1]
11-29 06:57:09.237 1491 1491 I notification_enqueue: [10082,18834,com.android.systemui,2048,NULL,0,Notification(channel=updateNotification shortcut=null contentView=null vibrate=null sound=null defaults=0x0 flags=0x0 color=0x00000000 vis=PRIVATE),1]
11-29 06:57:09.239 18834 18834 I sysui_multi_action: [757,126,758,1,759,126,927,0,928,1,1593,1]
11-29 06:57:09.240 18834 18834 I sysui_multi_action: [757,113,758,1,759,113,927,1,928,1,1593,1]
11-29 06:57:09.240 18834 18834 I sysui_multi_action: [757,0,758,1,759,0,927,2,928,0,1593,1]
11-29 06:57:09.240 18834 18834 I sysui_multi_action: [757,0,758,1,759,0,927,3,928,0,1593,1]
11-29 06:57:09.240 18834 18834 I sysui_multi_action: [757,491,758,1,759,491,927,4,928,0,1311,-1,1593,0]
11-29 06:57:09.240 18834 18834 I sysui_multi_action: [757,0,758,1,759,0,927,5,928,0,1593,0]
11-29 06:57:09.240 18834 18834 I sysui_multi_action: [757,111,758,1]
11-29 06:57:09.240 18834 18834 I sysui_multi_action: [757,126,758,1,759,126,927,0,928,1,1593,1]
11-29 06:57:09.240 18834 18834 I sysui_multi_action: [757,113,758,1,759,113,927,1,928,1,1593,1]
11-29 06:57:09.240 18834 18834 I sysui_multi_action: [757,0,758,1,759,0,927,2,928,0,1593,1]
11-29 06:57:09.240 18834 18834 I sysui_multi_action: [757,0,758,1,759,0,927,3,928,0,1593,1]
11-29 06:57:09.242 1491 1760 I GameModeConfig: isGameModeOn = false
11-29 06:57:09.242 1491 1760 I GameModeConfig: isGameModeOn = false
11-29 06:57:09.242 1491 1760 I GameModeConfig: isGameModeOn = false
11-29 06:57:09.242 1491 1760 I GameModeConfig: isGameModeOn = false
11-29 06:57:09.254 1491 1760 I GameModeConfig: isGameModeOn = false
11-29 06:57:09.254 1491 1760 I GameModeConfig: isGameModeOn = false
11-29 06:57:09.254 1491 1760 I GameModeConfig: isGameModeOn = false
11-29 06:57:09.254 1491 1760 I GameModeConfig: isGameModeOn = false
11-29 06:57:09.255 18834 18834 I sysui_multi_action: [757,111,758,2]
11-29 06:57:09.255 18834 18834 I sysui_multi_action: [757,111,758,2]
11-29 06:57:09.255 1491 1491 I notification_enqueue: [10082,18834,com.android.systemui,2048,NULL,0,Notification(channel=updateNotification shortcut=null contentView=null vibrate=null sound=null defaults=0x0 flags=0x0 color=0x00000000 vis=PRIVATE),1]
11-29 06:57:09.257 18834 18834 I sysui_multi_action: [757,111,758,1]
11-29 06:57:09.258 18834 18834 I sysui_multi_action: [757,126,758,1,759,126,927,0,928,1,1593,0]
11-29 06:57:09.258 18834 18834 I sysui_multi_action: [757,113,758,1,759,113,927,1,928,1,1593,0]
11-29 06:57:09.258 18834 18834 I sysui_multi_action: [757,0,758,1,759,0,927,2,928,0,1593,0]
11-29 06:57:09.258 18834 18834 I sysui_multi_action: [757,0,758,1,759,0,927,3,928,0,1593,0]
11-29 06:57:09.258 18834 18834 I sysui_multi_action: [757,491,758,1,759,491,927,4,928,0,1311,-1,1593,0]
11-29 06:57:09.258 18834 18834 I sysui_multi_action: [757,0,758,1,759,0,927,5,928,0,1593,0]
11-29 06:57:09.258 18834 18834 I sysui_multi_action: [757,111,758,1]
