11-29 06:57:41.168 19381 19381 I sysui_multi_action: [757,113,758,1,759,113,927,1,928,1,1593,1]
11-29 06:57:41.168 19381 19381 I sysui_multi_action: [757,0,758,1,759,0,927,2,928,0,1593,1]
11-29 06:57:41.168 19381 19381 I sysui_multi_action: [757,0,758,1,759,0,927,3,928,0,1593,1]
11-29 06:57:41.173 1491 1760 I GameModeConfig: isGameModeOn = false
11-29 06:57:41.177 1491 1760 I GameModeConfig: isGameModeOn = false
11-29 06:57:41.180 1491 1760 I GameModeConfig: isGameModeOn = false
11-29 06:57:41.180 1491 1760 I GameModeConfig: isGameModeOn = false
11-29 06:57:41.180 1491 1760 I GameModeConfig: isGameModeOn = false
11-29 06:57:41.180 1491 1760 I GameModeConfig: isGameModeOn = false
11-29 06:57:41.181 19381 19381 I sysui_multi_action: [757,111,758,2]
11-29 06:57:41.181 1491 1491 I notification_enqueue: [10082,19381,com.android.systemui,2048,NULL,0,Notification(channel=updateNotification shortcut=null contentView=null vibrate=null sound=null defaults=0x0 flags=0x0 color=0x00000000 vis=PRIVATE),1]
11-29 06:57:41.182 19381 19381 I sysui_multi_action: [757,111,758,2]
11-29 06:57:41.184 1491 1491 I GameModeConfig: isGameModeOn = false
11-29 06:57:41.184 1491 1491 E NotificationService: Muting recently noisy 0|com.android.systemui|2048|null|10082
11-29 06:57:41.186 19381 19381 I sysui_multi_action: [757,111,758,1]
11-29 06:57:41.186 19381 19381 I sysui_multi_action: [757,126,758,1,759,126,927,0,928,1,1593,1]
11-29 06:57:41.186 19381 19381 I sysui_multi_action: [757,113,758,1,759,113,927,1,928,1,1593,1]
11-29 06:57:41.186 19381 19381 I sysui_multi_action: [757,0,758,1,759,0,927,2,928,0,1593,1]
11-29 06:57:41.186 19381 19381 I sysui_multi_action: [757,0,758,1,759,0,927,3,928,0,1593,1]
11-29 06:57:41.187 19381 19381 I sysui_multi_action: [757,491,758,1,759,491,927,4,928,0,1311,-1,1593,0]
11-29 06:57:41.187 19381 19381 I sysui_multi_action: [757,0,758,1,759,0,927,5,928,0,1593,0]
11-29 06:57:41.187 19381 19381 I sysui_multi_action: [757,111,758,1]
11-29 06:57:41.187 19381 19381 I sysui_multi_action: [757,126,758,1,759,126,927,0,928,1,1593,1]
11-29 06:57:41.187 19381 19381 I sysui_multi_action: [757,113,758,1,759,113,927,1,928,1,1593,1]
11-29 06:57:41.187 19381 19381 I sysui_multi_action: [757,0,758,1,759,0,927,2,928,0,1593,1]
11-29 06:57:41.187 19381 19381 I sysui_multi_action: [757,0,758,1,759,0,927,3,928,0,1593,1]
11-29 06:57:41.190 1491 1760 I GameModeConfig: isGameModeOn = false
11-29 06:57:41.194 1491 1760 I GameModeConfig: isGameModeOn = false
11-29 06:57:41.197 1491 1760 I GameModeConfig: isGameModeOn = false
11-29 06:57:41.197 1491 1760 I GameModeConfig: isGameModeOn = false
11-29 06:57:41.197 1491 1760 I GameModeConfig: isGameModeOn = false
11-29 06:57:41.197 1491 1760 I GameModeConfig: isGameModeOn = false
11-29 06:57:41.198 19381 19381 I sysui_multi_action: [757,111,758,2]
11-29 06:57:41.198 1491 1491 I notification_enqueue: [10082,19381,com.android.systemui,2048,NULL,0,Notification(channel=updateNotification shortcut=null contentView=null vibrate=null sound=null defaults=0x0 flags=0x0 color=0x00000000 vis=PRIVATE),1]
11-29 06:57:41.198 19381 19381 I sysui_multi_action: [757,111,758,2]
11-29 06:57:41.202 1491 1491 I GameModeConfig: isGameModeOn = false
11-29 06:57:41.202 1491 1491 E NotificationService: Muting recently noisy 0|com.android.systemui|2048|null|10082
11-29 06:57:41.208 1491 1760 I GameModeConfig: isGameModeOn = false
11-29 06:57:41.209 1491 1600 I input_focus: [Focus request cd0514f com.android.launcher3/com.android.launcher3.uioverrides.QuickstepLauncher,reason=UpdateInputWindows]
11-29 06:57:41.210 19381 19381 I sysui_multi_action: [757,111,758,1]
11-29 06:57:41.210 19381 19381 I sysui_multi_action: [757,126,758,1,759,126,927,0,928,1,1593,1]
11-29 06:57:41.210 19381 19381 I sysui_multi_action: [757,113,758,1,759,113,927,1,928,1,1593,1]
11-29 06:57:41.210 19381 19381 I sysui_multi_action: [757,0,758,1,759,0,927,2,928,0,1593,1]
11-29 06:57:41.210 19381 19381 I sysui_multi_action: [757,0,758,1,759,0,927,3,928,0,1593,1]
11-29 06:57:41.210 19381 19381 I sysui_multi_action: [757,491,758,1,759,491,927,4,928,0,1311,-1,1593,0]
11-29 06:57:41.210 19381 19381 I sysui_multi_action: [757,0,758,1,759,0,927,5,928,0,1593,0]
11-29 06:57:41.211 19381 19381 I sysui_multi_action: [757,111,758,1]
11-29 06:57:41.211 19381 19381 I sysui_multi_action: [757,126,758,1,759,126,927,0,928,1,1593,1]
11-29 06:57:41.211 19381 19381 I sysui_multi_action: [757,113,758,1,759,113,927,1,928,1,1593,1]
11-29 06:57:41.211 19381 19381 I sysui_multi_action: [757,0,758,1,759,0,927,2,928,0,1593,1]
11-29 06:57:41.211 19381 19381 I sysui_multi_action: [757,0,758,1,759,0,927,3,928,0,1593,1]
11-29 06:57:41.217 1491 1760 I GameModeConfig: isGameModeOn = false
11-29 06:57:41.217 1491 1760 I GameModeConfig: isGameModeOn = false
11-29 06:57:41.220 1491 1760 I GameModeConfig: isGameModeOn = false
11-29 06:57:41.221 1491 1760 I GameModeConfig: isGameModeOn = false
11-29 06:57:41.221 19381 19381 I sysui_multi_action: [757,111,758,2]
11-29 06:57:41.221 19381 19381 I sysui_multi_action: [757,111,758,2]
11-29 06:57:41.223 1491 1524 I sysui_multi_action: [757,128,758,2,793,12025996,794,3952,795,12025996,796,26,798,0,806,android,857,DEVELOPER_IMPORTANT,858,4,947,0,1395,2,1500,12025791,1688,1]
11-29 06:57:41.223 1491 1524 I notification_visibility: [-1|android|26|null|1000,0,12025996,12025996,0,0]
11-29 06:57:41.223 1491 1524 I sysui_multi_action: [757,128,758,2,793,12025999,794,3951,795,12025999,796,32,798,1,806,android,857,USB,858,1,947,0,1395,2,1500,12025796,1688,1]
11-29 06:57:41.223 1491 1524 I notification_visibility: [-1|android|32|null|1000,0,12025999,12025999,0,1]
11-29 06:57:41.223 1491 1524 I sysui_multi_action: [757,127,758,2]
11-29 06:57:41.223 1491 1524 I notification_panel_hidden:
11-29 06:57:41.227 1491 1760 I GameModeConfig: isGameModeOn = false
11-29 06:57:41.232 1491 1491 I GameModeConfig: isGameModeOn = false
11-29 06:57:41.233 1491 1491 E NotificationService: Muting recently noisy 0|com.android.systemui|2048|null|10082
11-29 06:57:41.234 1491 1491 I notification_enqueue: [10082,19381,com.android.systemui,2048,NULL,0,Notification(channel=updateNotification shortcut=null contentView=null vibrate=null sound=null defaults=0x0 flags=0x0 color=0x00000000 vis=PRIVATE),1]
11-29 06:57:41.235 1491 1491 I GameModeConfig: isGameModeOn = false
11-29 06:57:41.235 19381 19381 I sysui_multi_action: [757,111,758,1]
11-29 06:57:41.235 1491 1491 E NotificationService: Muting recently noisy 0|com.android.systemui|2048|null|10082
11-29 06:57:41.235 19381 19381 I sysui_multi_action: [757,126,758,1,759,126,927,0,928,1,1593,1]
11-29 06:57:41.235 19381 19381 I sysui_multi_action: [757,113,758,1,759,113,927,1,928,1,1593,1]
11-29 06:57:41.235 19381 19381 I sysui_multi_action: [757,0,758,1,759,0,927,2,928,0,1593,1]
11-29 06:57:41.235 19381 19381 I sysui_multi_action: [757,0,758,1,759,0,927,3,928,0,1593,1]
11-29 06:57:41.236 19381 19381 I sysui_multi_action: [757,491,758,1,759,491,927,4,928,0,1311,-1,1593,0]
11-29 06:57:41.236 19381 19381 I sysui_multi_action: [757,0,758,1,759,0,927,5,928,0,1593,0]
11-29 06:57:41.236 19381 19381 I sysui_multi_action: [757,111,758,1]
11-29 06:57:41.236 19381 19381 I sysui_multi_action: [757,126,758,1,759,126,927,0,928,1,1593,1]
11-29 06:57:41.236 19381 19381 I sysui_multi_action: [757,113,758,1,759,113,927,1,928,1,1593,1]
11-29 06:57:41.236 19381 19381 I sysui_multi_action: [757,0,758,1,759,0,927,2,928,0,1593,1]
11-29 06:57:41.236 19381 19381 I sysui_multi_action: [757,0,758,1,759,0,927,3,928,0,1593,1]
11-29 06:57:41.236 1491 1693 I input_focus: [Focus leaving b10ffe2 NotificationShade (server),reason=NO_WINDOW]
11-29 06:57:41.236 1491 1693 I input_focus: [Focus entering cd0514f com.android.launcher3/com.android.launcher3.uioverrides.QuickstepLauncher (server),reason=setFocusedWindow]
11-29 06:57:41.241 1491 1760 I GameModeConfig: isGameModeOn = false
11-29 06:57:41.249 1491 1491 I GameModeConfig: isGameModeOn = false
11-29 06:57:41.249 1491 1491 E NotificationService: Muting recently noisy 0|com.android.systemui|2048|null|10082
11-29 06:57:41.259 1491 1760 I GameModeConfig: isGameModeOn = false
11-29 06:57:41.267 1491 1491 I GameModeConfig: isGameModeOn = false
11-29 06:57:41.267 1491 1491 E NotificationService: Muting recently noisy 0|com.android.systemui|2048|null|10082
11-29 06:57:41.282 1491 1760 I GameModeConfig: isGameModeOn = false
11-29 06:57:41.284 1491 1491 I GameModeConfig: isGameModeOn = false
11-29 06:57:41.285 1491 1491 E NotificationService: Muting recently noisy 0|com.android.systemui|2048|null|10082
11-29 06:57:41.292 1491 1760 I GameModeConfig: isGameModeOn = false
11-29 06:57:41.302 1491 1491 I GameModeConfig: isGameModeOn = false
11-29 06:57:41.303 1491 1491 E NotificationService: Muting recently noisy 0|com.android.systemui|2048|null|10082
11-29 06:57:41.310 1491 1760 I GameModeConfig: isGameModeOn = false
11-29 06:57:41.316 1491 1491 I GameModeConfig: isGameModeOn = false
11-29 06:57:41.316 1491 1491 E NotificationService: Muting recently noisy 0|com.android.systemui|2048|null|10082
11-29 06:57:41.325 1491 1760 I GameModeConfig: isGameModeOn = false
11-29 06:57:41.337 1491 1491 I GameModeConfig: isGameModeOn = false
11-29 06:57:41.338 1491 1491 E NotificationService: Muting recently noisy 0|com.android.systemui|2048|null|10082
11-29 06:57:41.346 1491 1760 I GameModeConfig: isGameModeOn = false
11-29 06:57:41.349 1491 1491 I GameModeConfig: isGameModeOn = false
11-29 06:57:41.350 1491 1491 E NotificationService: Muting recently noisy 0|com.android.systemui|2048|null|10082
11-29 06:57:41.361 1491 1760 I GameModeConfig: isGameModeOn = false
11-29 06:57:41.367 1491 1491 I GameModeConfig: isGameModeOn = false
11-29 06:57:41.367 1491 1491 E NotificationService: Muting recently noisy 0|com.android.systemui|2048|null|10082
11-29 06:57:41.376 1491 1760 I GameModeConfig: isGameModeOn = false
11-29 06:57:41.383 1491 1491 I GameModeConfig: isGameModeOn = false
11-29 06:57:41.384 1491 1491 E NotificationService: Muting recently noisy 0|com.android.systemui|2048|null|10082
11-29 06:57:41.397 1491 1760 I GameModeConfig: isGameModeOn = false
11-29 06:57:41.400 1491 1491 I GameModeConfig: isGameModeOn = false
11-29 06:57:41.400 1491 1491 E NotificationService: Muting recently noisy 0|com.android.systemui|2048|null|10082
11-29 06:57:41.436 1491 1491 I GameModeConfig: isGameModeOn = false
11-29 06:57:41.437 1491 1491 E NotificationService: Muting recently noisy 0|com.android.systemui|2048|null|10082
11-29 06:57:41.449 1491 1693 I input_interaction: Interaction with: bd11fcf StatusBar (server), edge-swipe (server), swipe-up (server), PointerEventDispatcher0 (server),
11-29 06:57:41.451 19381 19381 I sysui_multi_action: [757,803,799,panel_open,802,1]
11-29 06:57:41.452 19381 19381 I sysui_multi_action: [757,1328,758,4,1326,61,1327,0,1329,0]
11-29 06:57:41.506 1491 1524 I sysui_multi_action: [757,127,758,1]
11-29 06:57:41.506 1491 1524 I sysui_multi_action: [757,804,799,note_load,801,2,802,1]
11-29 06:57:41.507 1491 1524 I notification_panel_revealed: 2
11-29 06:57:41.510 19381 19381 I sysui_multi_action: [757,111,758,2]
11-29 06:57:41.510 1491 1491 I notification_enqueue: [10082,19381,com.android.systemui,2048,NULL,0,Notification(channel=updateNotification shortcut=null contentView=null vibrate=null sound=null defaults=0x0 flags=0x0 color=0x00000000 vis=PRIVATE),1]
11-29 06:57:41.510 19381 19381 I sysui_multi_action: [757,111,758,2]
11-29 06:57:41.516 1491 1760 I GameModeConfig: isGameModeOn = false
11-29 06:57:41.516 1491 1760 I GameModeConfig: isGameModeOn = false
11-29 06:57:41.517 1491 1760 I GameModeConfig: isGameModeOn = false
11-29 06:57:41.517 1491 1760 I GameModeConfig: isGameModeOn = false
11-29 06:57:41.528 1491 1600 I input_focus: [Focus request b10ffe2 NotificationShade,reason=UpdateInputWindows]
11-29 06:57:41.531 19381 19381 I sysui_multi_action: [757,111,758,1]
11-29 06:57:41.531 19381 19381 I sysui_multi_action: [757,126,758,1,759,126,927,0,928,1,1593,0]
11-29 06:57:41.531 19381 19381 I sysui_multi_action: [757,113,758,1,759,113,927,1,928,1,1593,0]
11-29 06:57:41.531 19381 19381 I sysui_multi_action: [757,0,758,1,759,0,927,2,928,0,1593,0]
11-29 06:57:41.531 19381 19381 I sysui_multi_action: [757,0,758,1,759,0,927,3,928,0,1593,0]
11-29 06:57:41.532 19381 19381 I sysui_multi_action: [757,491,758,1,759,491,927,4,928,0,1311,-1,1593,0]
11-29 06:57:41.532 19381 19381 I sysui_multi_action: [757,0,758,1,759,0,927,5,928,0,1593,0]
11-29 06:57:41.532 19381 19381 I sysui_multi_action: [757,111,758,1]
11-29 06:57:41.532 19381 19381 I sysui_multi_action: [757,126,758,1,759,126,927,0,928,1,1593,0]
11-29 06:57:41.532 19381 19381 I sysui_multi_action: [757,113,758,1,759,113,927,1,928,1,1593,0]
11-29 06:57:41.532 19381 19381 I sysui_multi_action: [757,0,758,1,759,0,927,2,928,0,1593,0]
11-29 06:57:41.532 19381 19381 I sysui_multi_action: [757,0,758,1,759,0,927,3,928,0,1593,0]
11-29 06:57:41.545 1491 1760 I GameModeConfig: isGameModeOn = false
11-29 06:57:41.545 1491 1760 I GameModeConfig: isGameModeOn = false
11-29 06:57:41.546 1491 1760 I GameModeConfig: isGameModeOn = false
11-29 06:57:41.546 1491 1760 I GameModeConfig: isGameModeOn = false
11-29 06:57:41.547 19381 19381 I sysui_multi_action: [757,111,758,2]
11-29 06:57:41.547 19381 19381 I sysui_multi_action: [757,111,758,2]
11-29 06:57:41.547 1491 1491 I notification_enqueue: [10082,19381,com.android.systemui,2048,NULL,0,Notification(channel=updateNotification shortcut=null contentView=null vibrate=null sound=null defaults=0x0 flags=0x0 color=0x00000000 vis=PRIVATE),1]
11-29 06:57:41.550 19381 19381 I sysui_multi_action: [757,111,758,1]
11-29 06:57:41.550 19381 19381 I sysui_multi_action: [757,126,758,1,759,126,927,0,928,1,1593,0]
11-29 06:57:41.551 19381 19381 I sysui_multi_action: [757,113,758,1,759,113,927,1,928,1,1593,0]
11-29 06:57:41.551 19381 19381 I sysui_multi_action: [757,0,758,1,759,0,927,2,928,0,1593,0]
11-29 06:57:41.551 19381 19381 I sysui_multi_action: [757,0,758,1,759,0,927,3,928,0,1593,0]
11-29 06:57:41.551 19381 19381 I sysui_multi_action: [757,491,758,1,759,491,927,4,928,0,1311,-1,1593,0]
11-29 06:57:41.551 19381 19381 I sysui_multi_action: [757,0,758,1,759,0,927,5,928,0,1593,0]
11-29 06:57:41.551 19381 19381 I sysui_multi_action: [757,111,758,1]
11-29 06:57:41.551 19381 19381 I sysui_multi_action: [757,126,758,1,759,126,927,0,928,1,1593,0]
11-29 06:57:41.551 19381 19381 I sysui_multi_action: [757,113,758,1,759,113,927,1,928,1,1593,0]
11-29 06:57:41.551 19381 19381 I sysui_multi_action: [757,0,758,1,759,0,927,2,928,0,1593,0]
11-29 06:57:41.551 19381 19381 I sysui_multi_action: [757,0,758,1,759,0,927,3,928,0,1593,0]
11-29 06:57:41.555 1491 1693 I input_focus: [Focus leaving cd0514f com.android.launcher3/com.android.launcher3.uioverrides.QuickstepLauncher (server),reason=setFocusedWindow]
11-29 06:57:41.555 1491 1693 I input_focus: [Focus entering b10ffe2 NotificationShade (server),reason=setFocusedWindow]
11-29 06:57:41.564 1491 1760 I GameModeConfig: isGameModeOn = false
11-29 06:57:41.566 1491 1760 I GameModeConfig: isGameModeOn = false
11-29 06:57:41.566 1491 1760 I GameModeConfig: isGameModeOn = false
11-29 06:57:41.566 1491 1760 I GameModeConfig: isGameModeOn = false
11-29 06:57:41.567 19381 19381 I sysui_multi_action: [757,111,758,2]
11-29 06:57:41.567 1491 1491 I notification_enqueue: [10082,19381,com.android.systemui,2048,NULL,0,Notification(channel=updateNotification shortcut=null contentView=null vibrate=null sound=null defaults=0x0 flags=0x0 color=0x00000000 vis=PRIVATE),1]
11-29 06:57:41.567 19381 19381 I sysui_multi_action: [757,111,758,2]
11-29 06:57:41.571 19381 19381 I sysui_multi_action: [757,111,758,1]
11-29 06:57:41.571 19381 19381 I sysui_multi_action: [757,126,758,1,759,126,927,0,928,1,1593,0]
11-29 06:57:41.571 19381 19381 I sysui_multi_action: [757,113,758,1,759,113,927,1,928,1,1593,0]
11-29 06:57:41.571 19381 19381 I sysui_multi_action: [757,0,758,1,759,0,927,2,928,0,1593,0]
11-29 06:57:41.571 19381 19381 I sysui_multi_action: [757,0,758,1,759,0,927,3,928,0,1593,0]
11-29 06:57:41.572 19381 19381 I sysui_multi_action: [757,491,758,1,759,491,927,4,928,0,1311,-1,1593,0]
11-29 06:57:41.572 19381 19381 I sysui_multi_action: [757,0,758,1,759,0,927,5,928,0,1593,0]
11-29 06:57:41.572 19381 19381 I sysui_multi_action: [757,111,758,1]
11-29 06:57:41.572 19381 19381 I sysui_multi_action: [757,126,758,1,759,126,927,0,928,1,1593,0]
11-29 06:57:41.572 19381 19381 I sysui_multi_action: [757,113,758,1,759,113,927,1,928,1,1593,0]
11-29 06:57:41.572 19381 19381 I sysui_multi_action: [757,0,758,1,759,0,927,2,928,0,1593,0]
11-29 06:57:41.572 19381 19381 I sysui_multi_action: [757,0,758,1,759,0,927,3,928,0,1593,0]
11-29 06:57:41.584 1491 1760 I GameModeConfig: isGameModeOn = false
11-29 06:57:41.584 1491 1760 I GameModeConfig: isGameModeOn = false
11-29 06:57:41.584 1491 1760 I GameModeConfig: isGameModeOn = false
11-29 06:57:41.585 1491 1760 I GameModeConfig: isGameModeOn = false
11-29 06:57:41.586 19381 19381 I sysui_multi_action: [757,111,758,2]
11-29 06:57:41.586 19381 19381 I sysui_multi_action: [757,111,758,2]
11-29 06:57:41.589 19381 19381 I sysui_multi_action: [757,111,758,1]
11-29 06:57:41.589 19381 19381 I sysui_multi_action: [757,126,758,1,759,126,927,0,928,1,1593,0]
11-29 06:57:41.589 19381 19381 I sysui_multi_action: [757,113,758,1,759,113,927,1,928,1,1593,0]
11-29 06:57:41.589 19381 19381 I sysui_multi_action: [757,0,758,1,759,0,927,2,928,0,1593,0]
11-29 06:57:41.589 19381 19381 I sysui_multi_action: [757,0,758,1,759,0,927,3,928,0,1593,0]
11-29 06:57:41.590 19381 19381 I sysui_multi_action: [757,491,758,1,759,491,927,4,928,0,1311,-1,1593,0]
11-29 06:57:41.590 19381 19381 I sysui_multi_action: [757,0,758,1,759,0,927,5,928,0,1593,0]
11-29 06:57:41.590 19381 19381 I sysui_multi_action: [757,111,758,1]
11-29 06:57:41.590 19381 19381 I sysui_multi_action: [757,126,758,1,759,126,927,0,928,1,1593,0]
11-29 06:57:41.590 19381 19381 I sysui_multi_action: [757,113,758,1,759,113,927,1,928,1,1593,0]
11-29 06:57:41.590 19381 19381 I sysui_multi_action: [757,0,758,1,759,0,927,2,928,0,1593,0]
11-29 06:57:41.590 19381 19381 I sysui_multi_action: [757,0,758,1,759,0,927,3,928,0,1593,0]
11-29 06:57:41.590 1491 1491 I notification_enqueue: [10082,19381,com.android.systemui,2048,NULL,0,Notification(channel=updateNotification shortcut=null contentView=null vibrate=null sound=null defaults=0x0 flags=0x0 color=0x00000000 vis=PRIVATE),1]
11-29 06:57:41.602 19381 19381 I sysui_multi_action: [757,111,758,2]
11-29 06:57:41.602 19381 19381 I sysui_multi_action: [757,111,758,2]
11-29 06:57:41.602 1491 1760 I GameModeConfig: isGameModeOn = false
11-29 06:57:41.603 1491 1760 I GameModeConfig: isGameModeOn = false
11-29 06:57:41.603 1491 1760 I GameModeConfig: isGameModeOn = false
11-29 06:57:41.603 1491 1760 I GameModeConfig: isGameModeOn = false
11-29 06:57:41.606 19381 19381 I sysui_multi_action: [757,111,758,1]
11-29 06:57:41.606 19381 19381 I sysui_multi_action: [757,126,758,1,759,126,927,0,928,1,1593,0]
11-29 06:57:41.606 19381 19381 I sysui_multi_action: [757,113,758,1,759,113,927,1,928,1,1593,0]
11-29 06:57:41.606 19381 19381 I sysui_multi_action: [757,0,758,1,759,0,927,2,928,0,1593,0]
11-29 06:57:41.606 19381 19381 I sysui_multi_action: [757,0,758,1,759,0,927,3,928,0,1593,0]
11-29 06:57:41.606 19381 19381 I sysui_multi_action: [757,491,758,1,759,491,927,4,928,0,1311,-1,1593,0]
11-29 06:57:41.606 19381 19381 I sysui_multi_action: [757,0,758,1,759,0,927,5,928,0,1593,0]
11-29 06:57:41.606 19381 19381 I sysui_multi_action: [757,111,758,1]
11-29 06:57:41.606 19381 19381 I sysui_multi_action: [757,126,758,1,759,126,927,0,928,1,1593,0]
11-29 06:57:41.606 19381 19381 I sysui_multi_action: [757,113,758,1,759,113,927,1,928,1,1593,0]
11-29 06:57:41.606 19381 19381 I sysui_multi_action: [757,0,758,1,759,0,927,2,928,0,1593,0]
11-29 06:57:41.606 19381 19381 I sysui_multi_action: [757,0,758,1,759,0,927,3,928,0,1593,0]
11-29 06:57:41.607 1491 1491 I notification_enqueue: [10082,19381,com.android.systemui,2048,NULL,0,Notification(channel=updateNotification shortcut=null contentView=null vibrate=null sound=null defaults=0x0 flags=0x0 color=0x00000000 vis=PRIVATE),1]
11-29 06:57:41.617 1491 1760 I GameModeConfig: isGameModeOn = false
11-29 06:57:41.617 1491 1760 I GameModeConfig: isGameModeOn = false
11-29 06:57:41.617 1491 1760 I GameModeConfig: isGameModeOn = false
11-29 06:57:41.617 1491 1760 I GameModeConfig: isGameModeOn = false
11-29 06:57:41.621 19381 19381 I sysui_multi_action: [757,111,758,2]
11-29 06:57:41.622 19381 19381 I sysui_multi_action: [757,111,758,2]
11-29 06:57:41.622 1491 1491 I notification_enqueue: [10082,19381,com.android.systemui,2048,NULL,0,Notification(channel=updateNotification shortcut=null contentView=null vibrate=null sound=null defaults=0x0 flags=0x0 color=0x00000000 vis=PRIVATE),1]
11-29 06:57:41.625 19381 19381 I sysui_multi_action: [757,111,758,1]
11-29 06:57:41.625 19381 19381 I sysui_multi_action: [757,126,758,1,759,126,927,0,928,1,1593,0]
11-29 06:57:41.625 19381 19381 I sysui_multi_action: [757,113,758,1,759,113,927,1,928,1,1593,0]
11-29 06:57:41.625 19381 19381 I sysui_multi_action: [757,0,758,1,759,0,927,2,928,0,1593,0]
11-29 06:57:41.625 19381 19381 I sysui_multi_action: [757,0,758,1,759,0,927,3,928,0,1593,0]
11-29 06:57:41.626 19381 19381 I sysui_multi_action: [757,491,758,1,759,491,927,4,928,0,1311,-1,1593,0]
11-29 06:57:41.626 19381 19381 I sysui_multi_action: [757,0,758,1,759,0,927,5,928,0,1593,0]
11-29 06:57:41.626 19381 19381 I sysui_multi_action: [757,111,758,1]
11-29 06:57:41.626 19381 19381 I sysui_multi_action: [757,126,758,1,759,126,927,0,928,1,1593,0]
11-29 06:57:41.626 19381 19381 I sysui_multi_action: [757,113,758,1,759,113,927,1,928,1,1593,0]
11-29 06:57:41.626 19381 19381 I sysui_multi_action: [757,0,758,1,759,0,927,2,928,0,1593,0]
11-29 06:57:41.626 19381 19381 I sysui_multi_action: [757,0,758,1,759,0,927,3,928,0,1593,0]
11-29 06:57:41.640 1491 1760 I GameModeConfig: isGameModeOn = false
11-29 06:57:41.640 1491 1760 I GameModeConfig: isGameModeOn = false
11-29 06:57:41.644 1491 1760 I GameModeConfig: isGameModeOn = false
11-29 06:57:41.644 1491 1760 I GameModeConfig: isGameModeOn = false
11-29 06:57:41.644 19381 19381 I sysui_multi_action: [757,111,758,2]
11-29 06:57:41.645 19381 19381 I sysui_multi_action: [757,111,758,2]
11-29 06:57:41.645 1491 1491 I notification_enqueue: [10082,19381,com.android.systemui,2048,NULL,0,Notification(channel=updateNotification shortcut=null contentView=null vibrate=null sound=null defaults=0x0 flags=0x0 color=0x00000000 vis=PRIVATE),1]
11-29 06:57:41.647 19381 19381 I sysui_multi_action: [757,111,758,1]
11-29 06:57:41.648 19381 19381 I sysui_multi_action: [757,126,758,1,759,126,927,0,928,1,1593,0]
11-29 06:57:41.648 19381 19381 I sysui_multi_action: [757,113,758,1,759,113,927,1,928,1,1593,0]
11-29 06:57:41.648 19381 19381 I sysui_multi_action: [757,0,758,1,759,0,927,2,928,0,1593,0]
11-29 06:57:41.648 19381 19381 I sysui_multi_action: [757,0,758,1,759,0,927,3,928,0,1593,0]
11-29 06:57:41.648 19381 19381 I sysui_multi_action: [757,491,758,1,759,491,927,4,928,0,1311,-1,1593,0]
11-29 06:57:41.648 19381 19381 I sysui_multi_action: [757,0,758,1,759,0,927,5,928,0,1593,0]
11-29 06:57:41.648 19381 19381 I sysui_multi_action: [757,111,758,1]
11-29 06:57:41.648 19381 19381 I sysui_multi_action: [757,126,758,1,759,126,927,0,928,1,1593,0]
11-29 06:57:41.648 19381 19381 I sysui_multi_action: [757,113,758,1,759,113,927,1,928,1,1593,0]
11-29 06:57:41.648 19381 19381 I sysui_multi_action: [757,0,758,1,759,0,927,2,928,0,1593,0]
11-29 06:57:41.648 19381 19381 I sysui_multi_action: [757,0,758,1,759,0,927,3,928,0,1593,0]
11-29 06:57:41.656 1491 1760 I GameModeConfig: isGameModeOn = false
11-29 06:57:41.656 1491 1760 I GameModeConfig: isGameModeOn = false
11-29 06:57:41.656 1491 1760 I GameModeConfig: isGameModeOn = false
11-29 06:57:41.657 1491 1760 I GameModeConfig: isGameModeOn = false
11-29 06:57:41.657 19381 19381 I sysui_multi_action: [757,111,758,2]
11-29 06:57:41.657 19381 19381 I sysui_multi_action: [757,111,758,2]
11-29 06:57:41.657 1491 1491 I notification_enqueue: [10082,19381,com.android.systemui,2048,NULL,0,Notification(channel=updateNotification shortcut=null contentView=null vibrate=null sound=null defaults=0x0 flags=0x0 color=0x00000000 vis=PRIVATE),1]
11-29 06:57:41.660 19381 19381 I sysui_multi_action: [757,111,758,1]
11-29 06:57:41.660 19381 19381 I sysui_multi_action: [757,126,758,1,759,126,927,0,928,1,1593,0]
11-29 06:57:41.660 19381 19381 I sysui_multi_action: [757,113,758,1,759,113,927,1,928,1,1593,0]
11-29 06:57:41.660 19381 19381 I sysui_multi_action: [757,0,758,1,759,0,927,2,928,0,1593,0]
11-29 06:57:41.660 19381 19381 I sysui_multi_action: [757,0,758,1,759,0,927,3,928,0,1593,0]
11-29 06:57:41.660 19381 19381 I sysui_multi_action: [757,491,758,1,759,491,927,4,928,0,1311,-1,1593,0]
11-29 06:57:41.660 19381 19381 I sysui_multi_action: [757,0,758,1,759,0,927,5,928,0,1593,0]
11-29 06:57:41.660 19381 19381 I sysui_multi_action: [757,111,758,1]
11-29 06:57:41.660 19381 19381 I sysui_multi_action: [757,126,758,1,759,126,927,0,928,1,1593,0]
11-29 06:57:41.660 19381 19381 I sysui_multi_action: [757,113,758,1,759,113,927,1,928,1,1593,0]
11-29 06:57:41.660 19381 19381 I sysui_multi_action: [757,0,758,1,759,0,927,2,928,0,1593,0]
11-29 06:57:41.660 19381 19381 I sysui_multi_action: [757,0,758,1,759,0,927,3,928,0,1593,0]
11-29 06:57:41.668 1491 1760 I GameModeConfig: isGameModeOn = false
11-29 06:57:41.668 1491 1760 I GameModeConfig: isGameModeOn = false
11-29 06:57:41.668 1491 1760 I GameModeConfig: isGameModeOn = false
11-29 06:57:41.668 1491 1760 I GameModeConfig: isGameModeOn = false
11-29 06:57:41.669 19381 19381 I sysui_multi_action: [757,111,758,2]
11-29 06:57:41.669 19381 19381 I sysui_multi_action: [757,111,758,2]
11-29 06:57:41.672 19381 19381 I sysui_multi_action: [757,111,758,1]
11-29 06:57:41.672 19381 19381 I sysui_multi_action: [757,126,758,1,759,126,927,0,928,1,1593,0]
11-29 06:57:41.672 19381 19381 I sysui_multi_action: [757,113,758,1,759,113,927,1,928,1,1593,0]
11-29 06:57:41.672 19381 19381 I sysui_multi_action: [757,0,758,1,759,0,927,2,928,0,1593,0]
11-29 06:57:41.672 19381 19381 I sysui_multi_action: [757,0,758,1,759,0,927,3,928,0,1593,0]
11-29 06:57:41.672 19381 19381 I sysui_multi_action: [757,491,758,1,759,491,927,4,928,0,1311,-1,1593,0]
11-29 06:57:41.672 19381 19381 I sysui_multi_action: [757,0,758,1,759,0,927,5,928,0,1593,0]
11-29 06:57:41.672 19381 19381 I sysui_multi_action: [757,111,758,1]
11-29 06:57:41.672 19381 19381 I sysui_multi_action: [757,126,758,1,759,126,927,0,928,1,1593,0]
11-29 06:57:41.672 19381 19381 I sysui_multi_action: [757,113,758,1,759,113,927,1,928,1,1593,0]
11-29 06:57:41.672 19381 19381 I sysui_multi_action: [757,0,758,1,759,0,927,2,928,0,1593,0]
11-29 06:57:41.672 19381 19381 I sysui_multi_action: [757,0,758,1,759,0,927,3,928,0,1593,0]
11-29 06:57:41.673 1491 1491 I notification_enqueue: [10082,19381,com.android.systemui,2048,NULL,0,Notification(channel=updateNotification shortcut=null contentView=null vibrate=null sound=null defaults=0x0 flags=0x0 color=0x00000000 vis=PRIVATE),1]
11-29 06:57:41.682 1491 1760 I GameModeConfig: isGameModeOn = false
11-29 06:57:41.682 1491 1760 I GameModeConfig: isGameModeOn = false
11-29 06:57:41.682 1491 1760 I GameModeConfig: isGameModeOn = false
11-29 06:57:41.682 1491 1760 I GameModeConfig: isGameModeOn = false
11-29 06:57:41.684 19381 19381 I sysui_multi_action: [757,111,758,2]
11-29 06:57:41.684 19381 19381 I sysui_multi_action: [757,111,758,2]
11-29 06:57:41.684 1491 1491 I notification_enqueue: [10082,19381,com.android.systemui,2048,NULL,0,Notification(channel=updateNotification shortcut=null contentView=null vibrate=null sound=null defaults=0x0 flags=0x0 color=0x00000000 vis=PRIVATE),1]
11-29 06:57:41.686 19381 19381 I sysui_multi_action: [757,111,758,1]
11-29 06:57:41.687 19381 19381 I sysui_multi_action: [757,126,758,1,759,126,927,0,928,1,1593,0]
11-29 06:57:41.687 19381 19381 I sysui_multi_action: [757,113,758,1,759,113,927,1,928,1,1593,0]
11-29 06:57:41.687 19381 19381 I sysui_multi_action: [757,0,758,1,759,0,927,2,928,0,1593,0]
11-29 06:57:41.687 19381 19381 I sysui_multi_action: [757,0,758,1,759,0,927,3,928,0,1593,0]
11-29 06:57:41.687 19381 19381 I sysui_multi_action: [757,491,758,1,759,491,927,4,928,0,1311,-1,1593,0]
11-29 06:57:41.687 19381 19381 I sysui_multi_action: [757,0,758,1,759,0,927,5,928,0,1593,0]
11-29 06:57:41.687 19381 19381 I sysui_multi_action: [757,111,758,1]
11-29 06:57:41.687 19381 19381 I sysui_multi_action: [757,126,758,1,759,126,927,0,928,1,1593,0]
11-29 06:57:41.687 19381 19381 I sysui_multi_action: [757,113,758,1,759,113,927,1,928,1,1593,0]
11-29 06:57:41.687 19381 19381 I sysui_multi_action: [757,0,758,1,759,0,927,2,928,0,1593,0]
11-29 06:57:41.687 19381 19381 I sysui_multi_action: [757,0,758,1,759,0,927,3,928,0,1593,0]
11-29 06:57:41.698 1491 1760 I GameModeConfig: isGameModeOn = false
11-29 06:57:41.698 1491 1760 I GameModeConfig: isGameModeOn = false
11-29 06:57:41.698 1491 1760 I GameModeConfig: isGameModeOn = false
11-29 06:57:41.698 1491 1760 I GameModeConfig: isGameModeOn = false
11-29 06:57:41.699 19381 19381 I sysui_multi_action: [757,111,758,2]
11-29 06:57:41.699 19381 19381 I sysui_multi_action: [757,111,758,2]
11-29 06:57:41.700 1491 1491 I notification_enqueue: [10082,19381,com.android.systemui,2048,NULL,0,Notification(channel=updateNotification shortcut=null contentView=null vibrate=null sound=null defaults=0x0 flags=0x0 color=0x00000000 vis=PRIVATE),1]
11-29 06:57:41.703 19381 19381 I sysui_multi_action: [757,111,758,1]
11-29 06:57:41.703 19381 19381 I sysui_multi_action: [757,126,758,1,759,126,927,0,928,1,1593,0]
11-29 06:57:41.703 19381 19381 I sysui_multi_action: [757,113,758,1,759,113,927,1,928,1,1593,0]
11-29 06:57:41.703 19381 19381 I sysui_multi_action: [757,0,758,1,759,0,927,2,928,0,1593,0]
11-29 06:57:41.703 19381 19381 I sysui_multi_action: [757,0,758,1,759,0,927,3,928,0,1593,0]
11-29 06:57:41.704 19381 19381 I sysui_multi_action: [757,491,758,1,759,491,927,4,928,0,1311,-1,1593,0]
11-29 06:57:41.704 19381 19381 I sysui_multi_action: [757,0,758,1,759,0,927,5,928,0,1593,0]
11-29 06:57:41.704 19381 19381 I sysui_multi_action: [757,111,758,1]
11-29 06:57:41.704 19381 19381 I sysui_multi_action: [757,126,758,1,759,126,927,0,928,1,1593,0]
11-29 06:57:41.704 19381 19381 I sysui_multi_action: [757,113,758,1,759,113,927,1,928,1,1593,0]
11-29 06:57:41.704 19381 19381 I sysui_multi_action: [757,0,758,1,759,0,927,2,928,0,1593,0]
11-29 06:57:41.704 19381 19381 I sysui_multi_action: [757,0,758,1,759,0,927,3,928,0,1593,0]
11-29 06:57:41.713 1491 1491 I GameModeConfig: isGameModeOn = false
11-29 06:57:41.714 1491 1491 E NotificationService: Muting recently noisy 0|com.android.systemui|2048|null|10082
11-29 06:57:41.717 1491 1760 I GameModeConfig: isGameModeOn = false
11-29 06:57:41.718 1491 1760 I GameModeConfig: isGameModeOn = false
11-29 06:57:41.718 1491 1760 I GameModeConfig: isGameModeOn = false
11-29 06:57:41.718 1491 1760 I GameModeConfig: isGameModeOn = false
11-29 06:57:41.719 19381 19381 I sysui_multi_action: [757,111,758,2]
11-29 06:57:41.719 19381 19381 I sysui_multi_action: [757,111,758,2]
11-29 06:57:41.719 1491 1491 I notification_enqueue: [10082,19381,com.android.systemui,2048,NULL,0,Notification(channel=updateNotification shortcut=null contentView=null vibrate=null sound=null defaults=0x0 flags=0x0 color=0x00000000 vis=PRIVATE),1]
11-29 06:57:41.721 19381 19381 I sysui_multi_action: [757,111,758,1]
11-29 06:57:41.721 19381 19381 I sysui_multi_action: [757,126,758,1,759,126,927,0,928,1,1593,0]
11-29 06:57:41.721 19381 19381 I sysui_multi_action: [757,113,758,1,759,113,927,1,928,1,1593,0]
11-29 06:57:41.721 19381 19381 I sysui_multi_action: [757,0,758,1,759,0,927,2,928,0,1593,0]
11-29 06:57:41.721 19381 19381 I sysui_multi_action: [757,0,758,1,759,0,927,3,928,0,1593,0]
11-29 06:57:41.721 19381 19381 I sysui_multi_action: [757,491,758,1,759,491,927,4,928,0,1311,-1,1593,0]
11-29 06:57:41.722 19381 19381 I sysui_multi_action: [757,0,758,1,759,0,927,5,928,0,1593,0]
11-29 06:57:41.722 19381 19381 I sysui_multi_action: [757,111,758,1]
11-29 06:57:41.722 19381 19381 I sysui_multi_action: [757,126,758,1,759,126,927,0,928,1,1593,0]
11-29 06:57:41.722 19381 19381 I sysui_multi_action: [757,113,758,1,759,113,927,1,928,1,1593,0]
11-29 06:57:41.722 19381 19381 I sysui_multi_action: [757,0,758,1,759,0,927,2,928,0,1593,0]
11-29 06:57:41.722 19381 19381 I sysui_multi_action: [757,0,758,1,759,0,927,3,928,0,1593,0]
11-29 06:57:41.750 1491 1491 I GameModeConfig: isGameModeOn = false
11-29 06:57:41.751 1491 1491 E NotificationService: Muting recently noisy 0|com.android.systemui|2048|null|10082
11-29 06:57:41.765 1491 1760 I GameModeConfig: isGameModeOn = false
11-29 06:57:41.765 1491 1760 I GameModeConfig: isGameModeOn = false
11-29 06:57:41.765 1491 1760 I GameModeConfig: isGameModeOn = false
11-29 06:57:41.765 1491 1760 I GameModeConfig: isGameModeOn = false
11-29 06:57:41.767 19381 19381 I sysui_multi_action: [757,111,758,2]
11-29 06:57:41.768 19381 19381 I sysui_multi_action: [757,111,758,2]
11-29 06:57:41.768 1491 1491 I notification_enqueue: [10082,19381,com.android.systemui,2048,NULL,0,Notification(channel=updateNotification shortcut=null contentView=null vibrate=null sound=null defaults=0x0 flags=0x0 color=0x00000000 vis=PRIVATE),1]
11-29 06:57:41.770 1491 1491 I GameModeConfig: isGameModeOn = false
11-29 06:57:41.771 1491 1491 E NotificationService: Muting recently noisy 0|com.android.systemui|2048|null|10082
11-29 06:57:41.773 19381 19381 I sysui_multi_action: [757,111,758,1]
11-29 06:57:41.774 19381 19381 I sysui_multi_action: [757,126,758,1,759,126,927,0,928,1,1593,0]
11-29 06:57:41.774 19381 19381 I sysui_multi_action: [757,113,758,1,759,113,927,1,928,1,1593,0]
11-29 06:57:41.774 19381 19381 I sysui_multi_action: [757,0,758,1,759,0,927,2,928,0,1593,0]
11-29 06:57:41.774 19381 19381 I sysui_multi_action: [757,0,758,1,759,0,927,3,928,0,1593,0]
11-29 06:57:41.774 19381 19381 I sysui_multi_action: [757,491,758,1,759,491,927,4,928,0,1311,-1,1593,0]
11-29 06:57:41.775 19381 19381 I sysui_multi_action: [757,0,758,1,759,0,927,5,928,0,1593,0]
11-29 06:57:41.775 19381 19381 I sysui_multi_action: [757,111,758,1]
11-29 06:57:41.775 19381 19381 I sysui_multi_action: [757,126,758,1,759,126,927,0,928,1,1593,0]
11-29 06:57:41.775 19381 19381 I sysui_multi_action: [757,113,758,1,759,113,927,1,928,1,1593,0]
11-29 06:57:41.775 19381 19381 I sysui_multi_action: [757,0,758,1,759,0,927,2,928,0,1593,0]
11-29 06:57:41.775 19381 19381 I sysui_multi_action: [757,0,758,1,759,0,927,3,928,0,1593,0]
11-29 06:57:41.789 1491 1760 I GameModeConfig: isGameModeOn = false
11-29 06:57:41.790 1491 1760 I GameModeConfig: isGameModeOn = false
11-29 06:57:41.790 1491 1760 I GameModeConfig: isGameModeOn = false
11-29 06:57:41.790 1491 1760 I GameModeConfig: isGameModeOn = false
11-29 06:57:41.791 19381 19381 I sysui_multi_action: [757,111,758,2]
11-29 06:57:41.791 1491 1491 I notification_enqueue: [10082,19381,com.android.systemui,2048,NULL,0,Notification(channel=updateNotification shortcut=null contentView=null vibrate=null sound=null defaults=0x0 flags=0x0 color=0x00000000 vis=PRIVATE),1]
11-29 06:57:41.791 19381 19381 I sysui_multi_action: [757,111,758,2]
11-29 06:57:41.792 1491 1491 I GameModeConfig: isGameModeOn = false
11-29 06:57:41.793 1491 1491 E NotificationService: Muting recently noisy 0|com.android.systemui|2048|null|10082
11-29 06:57:41.795 19381 19381 I sysui_multi_action: [757,111,758,1]
11-29 06:57:41.795 19381 19381 I sysui_multi_action: [757,126,758,1,759,126,927,0,928,1,1593,0]
11-29 06:57:41.795 19381 19381 I sysui_multi_action: [757,113,758,1,759,113,927,1,928,1,1593,0]
11-29 06:57:41.795 19381 19381 I sysui_multi_action: [757,0,758,1,759,0,927,2,928,0,1593,0]
11-29 06:57:41.796 19381 19381 I sysui_multi_action: [757,0,758,1,759,0,927,3,928,0,1593,0]
11-29 06:57:41.796 19381 19381 I sysui_multi_action: [757,491,758,1,759,491,927,4,928,0,1311,-1,1593,0]
11-29 06:57:41.796 19381 19381 I sysui_multi_action: [757,0,758,1,759,0,927,5,928,0,1593,0]
11-29 06:57:41.796 19381 19381 I sysui_multi_action: [757,111,758,1]
11-29 06:57:41.796 19381 19381 I sysui_multi_action: [757,126,758,1,759,126,927,0,928,1,1593,0]
11-29 06:57:41.796 19381 19381 I sysui_multi_action: [757,113,758,1,759,113,927,1,928,1,1593,0]
11-29 06:57:41.797 19381 19381 I sysui_multi_action: [757,0,758,1,759,0,927,2,928,0,1593,0]
11-29 06:57:41.797 19381 19381 I sysui_multi_action: [757,0,758,1,759,0,927,3,928,0,1593,0]
11-29 06:57:41.809 1491 1491 I GameModeConfig: isGameModeOn = false
11-29 06:57:41.810 1491 1491 E NotificationService: Muting recently noisy 0|com.android.systemui|2048|null|10082
11-29 06:57:41.810 1491 1760 I GameModeConfig: isGameModeOn = false
11-29 06:57:41.811 1491 1760 I GameModeConfig: isGameModeOn = false
11-29 06:57:41.811 1491 1760 I GameModeConfig: isGameModeOn = false
11-29 06:57:41.811 1491 1760 I GameModeConfig: isGameModeOn = false
11-29 06:57:41.811 19381 19381 I sysui_multi_action: [757,111,758,2]
11-29 06:57:41.811 19381 19381 I sysui_multi_action: [757,111,758,2]
11-29 06:57:41.813 1491 1491 I notification_enqueue: [10082,19381,com.android.systemui,2048,NULL,0,Notification(channel=updateNotification shortcut=null contentView=null vibrate=null sound=null defaults=0x0 flags=0x0 color=0x00000000 vis=PRIVATE),1]
11-29 06:57:41.816 19381 19381 I sysui_multi_action: [757,111,758,1]
11-29 06:57:41.816 19381 19381 I sysui_multi_action: [757,126,758,1,759,126,927,0,928,1,1593,0]
11-29 06:57:41.816 19381 19381 I sysui_multi_action: [757,113,758,1,759,113,927,1,928,1,1593,0]
11-29 06:57:41.816 19381 19381 I sysui_multi_action: [757,0,758,1,759,0,927,2,928,0,1593,0]
11-29 06:57:41.816 19381 19381 I sysui_multi_action: [757,0,758,1,759,0,927,3,928,0,1593,0]
11-29 06:57:41.816 19381 19381 I sysui_multi_action: [757,491,758,1,759,491,927,4,928,0,1311,-1,1593,0]
11-29 06:57:41.816 19381 19381 I sysui_multi_action: [757,0,758,1,759,0,927,5,928,0,1593,0]
11-29 06:57:41.816 19381 19381 I sysui_multi_action: [757,111,758,1]
11-29 06:57:41.817 19381 19381 I sysui_multi_action: [757,126,758,1,759,126,927,0,928,1,1593,0]
11-29 06:57:41.817 19381 19381 I sysui_multi_action: [757,113,758,1,759,113,927,1,928,1,1593,0]
11-29 06:57:41.817 19381 19381 I sysui_multi_action: [757,0,758,1,759,0,927,2,928,0,1593,0]
11-29 06:57:41.817 19381 19381 I sysui_multi_action: [757,0,758,1,759,0,927,3,928,0,1593,0]
11-29 06:57:41.824 1491 1491 I GameModeConfig: isGameModeOn = false
11-29 06:57:41.825 1491 1491 E NotificationService: Muting recently noisy 0|com.android.systemui|2048|null|10082
11-29 06:57:41.826 19381 19381 I sysui_multi_action: [757,111,758,2]
11-29 06:57:41.826 19381 19381 I sysui_multi_action: [757,111,758,2]
11-29 06:57:41.826 1491 1491 I notification_enqueue: [10082,19381,com.android.systemui,2048,NULL,0,Notification(channel=updateNotification shortcut=null contentView=null vibrate=null sound=null defaults=0x0 flags=0x0 color=0x00000000 vis=PRIVATE),1]
11-29 06:57:41.829 19381 19381 I sysui_multi_action: [757,111,758,1]
11-29 06:57:41.829 19381 19381 I sysui_multi_action: [757,126,758,1,759,126,927,0,928,1,1593,0]
11-29 06:57:41.829 19381 19381 I sysui_multi_action: [757,113,758,1,759,113,927,1,928,1,1593,0]
11-29 06:57:41.829 19381 19381 I sysui_multi_action: [757,0,758,1,759,0,927,2,928,0,1593,0]
11-29 06:57:41.830 1491 1760 I GameModeConfig: isGameModeOn = false
11-29 06:57:41.830 19381 19381 I sysui_multi_action: [757,0,758,1,759,0,927,3,928,0,1593,0]
11-29 06:57:41.830 19381 19381 I sysui_multi_action: [757,491,758,1,759,491,927,4,928,0,1311,-1,1593,0]
11-29 06:57:41.830 1491 1760 I GameModeConfig: isGameModeOn = false
11-29 06:57:41.830 19381 19381 I sysui_multi_action: [757,0,758,1,759,0,927,5,928,0,1593,0]
11-29 06:57:41.830 1491 1760 I GameModeConfig: isGameModeOn = false
11-29 06:57:41.830 19381 19381 I sysui_multi_action: [757,111,758,1]
11-29 06:57:41.830 19381 19381 I sysui_multi_action: [757,126,758,1,759,126,927,0,928,1,1593,0]
11-29 06:57:41.830 19381 19381 I sysui_multi_action: [757,113,758,1,759,113,927,1,928,1,1593,0]
11-29 06:57:41.830 1491 1760 I GameModeConfig: isGameModeOn = false
11-29 06:57:41.830 19381 19381 I sysui_multi_action: [757,0,758,1,759,0,927,2,928,0,1593,0]
11-29 06:57:41.830 19381 19381 I sysui_multi_action: [757,0,758,1,759,0,927,3,928,0,1593,0]
11-29 06:57:41.839 1491 1760 I GameModeConfig: isGameModeOn = false
11-29 06:57:41.839 1491 1760 I GameModeConfig: isGameModeOn = false
11-29 06:57:41.839 1491 1760 I GameModeConfig: isGameModeOn = false
11-29 06:57:41.839 1491 1760 I GameModeConfig: isGameModeOn = false
11-29 06:57:41.840 19381 19381 I sysui_multi_action: [757,111,758,2]
11-29 06:57:41.840 19381 19381 I sysui_multi_action: [757,111,758,2]
11-29 06:57:41.840 1491 1491 I notification_enqueue: [10082,19381,com.android.systemui,2048,NULL,0,Notification(channel=updateNotification shortcut=null contentView=null vibrate=null sound=null defaults=0x0 flags=0x0 color=0x00000000 vis=PRIVATE),1]
11-29 06:57:41.842 19381 19381 I sysui_multi_action: [757,111,758,1]
11-29 06:57:41.842 19381 19381 I sysui_multi_action: [757,126,758,1,759,126,927,0,928,1,1593,0]
11-29 06:57:41.842 19381 19381 I sysui_multi_action: [757,113,758,1,759,113,927,1,928,1,1593,0]
11-29 06:57:41.843 19381 19381 I sysui_multi_action: [757,0,758,1,759,0,927,2,928,0,1593,0]
11-29 06:57:41.843 19381 19381 I sysui_multi_action: [757,0,758,1,759,0,927,3,928,0,1593,0]
11-29 06:57:41.843 19381 19381 I sysui_multi_action: [757,491,758,1,759,491,927,4,928,0,1311,-1,1593,0]
11-29 06:57:41.843 19381 19381 I sysui_multi_action: [757,0,758,1,759,0,927,5,928,0,1593,0]
11-29 06:57:41.843 19381 19381 I sysui_multi_action: [757,111,758,1]
11-29 06:57:41.843 19381 19381 I sysui_multi_action: [757,126,758,1,759,126,927,0,928,1,1593,0]
11-29 06:57:41.843 19381 19381 I sysui_multi_action: [757,113,758,1,759,113,927,1,928,1,1593,0]
11-29 06:57:41.843 19381 19381 I sysui_multi_action: [757,0,758,1,759,0,927,2,928,0,1593,0]
11-29 06:57:41.843 19381 19381 I sysui_multi_action: [757,0,758,1,759,0,927,3,928,0,1593,0]
11-29 06:57:41.847 1491 1491 I GameModeConfig: isGameModeOn = false
11-29 06:57:41.849 1491 1491 E NotificationService: Muting recently noisy 0|com.android.systemui|2048|null|10082
11-29 06:57:41.853 1491 1760 I GameModeConfig: isGameModeOn = false
11-29 06:57:41.853 1491 1760 I GameModeConfig: isGameModeOn = false
11-29 06:57:41.853 1491 1760 I GameModeConfig: isGameModeOn = false
11-29 06:57:41.854 1491 1760 I GameModeConfig: isGameModeOn = false
11-29 06:57:41.854 19381 19381 I sysui_multi_action: [757,111,758,2]
11-29 06:57:41.854 19381 19381 I sysui_multi_action: [757,111,758,2]
11-29 06:57:41.855 1491 1491 I notification_enqueue: [10082,19381,com.android.systemui,2048,NULL,0,Notification(channel=updateNotification shortcut=null contentView=null vibrate=null sound=null defaults=0x0 flags=0x0 color=0x00000000 vis=PRIVATE),1]
11-29 06:57:41.859 1491 1491 I GameModeConfig: isGameModeOn = false
11-29 06:57:41.860 1491 1491 E NotificationService: Muting recently noisy 0|com.android.systemui|2048|null|10082
11-29 06:57:41.868 19381 19381 I sysui_multi_action: [757,111,758,1]
11-29 06:57:41.868 19381 19381 I sysui_multi_action: [757,126,758,1,759,126,927,0,928,1,1593,0]
11-29 06:57:41.869 19381 19381 I sysui_multi_action: [757,113,758,1,759,113,927,1,928,1,1593,0]
11-29 06:57:41.869 19381 19381 I sysui_multi_action: [757,0,758,1,759,0,927,2,928,0,1593,0]
11-29 06:57:41.869 19381 19381 I sysui_multi_action: [757,0,758,1,759,0,927,3,928,0,1593,0]
11-29 06:57:41.869 19381 19381 I sysui_multi_action: [757,491,758,1,759,491,927,4,928,0,1311,-1,1593,0]
11-29 06:57:41.869 19381 19381 I sysui_multi_action: [757,0,758,1,759,0,927,5,928,0,1593,0]
11-29 06:57:41.869 19381 19381 I sysui_multi_action: [757,111,758,1]
11-29 06:57:41.869 19381 19381 I sysui_multi_action: [757,126,758,1,759,126,927,0,928,1,1593,0]
11-29 06:57:41.869 19381 19381 I sysui_multi_action: [757,113,758,1,759,113,927,1,928,1,1593,0]
11-29 06:57:41.869 19381 19381 I sysui_multi_action: [757,0,758,1,759,0,927,2,928,0,1593,0]
11-29 06:57:41.869 19381 19381 I sysui_multi_action: [757,0,758,1,759,0,927,3,928,0,1593,0]
11-29 06:57:41.875 1491 1491 I GameModeConfig: isGameModeOn = false
11-29 06:57:41.876 1491 1491 E NotificationService: Muting recently noisy 0|com.android.systemui|2048|null|10082
11-29 06:57:41.882 1491 1760 I GameModeConfig: isGameModeOn = false
11-29 06:57:41.882 1491 1760 I GameModeConfig: isGameModeOn = false
11-29 06:57:41.882 1491 1760 I GameModeConfig: isGameModeOn = false
11-29 06:57:41.882 1491 1760 I GameModeConfig: isGameModeOn = false
11-29 06:57:41.883 19381 19381 I sysui_multi_action: [757,111,758,2]
11-29 06:57:41.883 19381 19381 I sysui_multi_action: [757,111,758,2]
11-29 06:57:41.883 1491 1491 I notification_enqueue: [10082,19381,com.android.systemui,2048,NULL,0,Notification(channel=updateNotification shortcut=null contentView=null vibrate=null sound=null defaults=0x0 flags=0x0 color=0x00000000 vis=PRIVATE),1]
11-29 06:57:41.886 1491 1491 I GameModeConfig: isGameModeOn = false
11-29 06:57:41.886 1491 1491 E NotificationService: Muting recently noisy 0|com.android.systemui|2048|null|10082
11-29 06:57:41.891 1491 1600 I input_focus: [Focus request cd0514f com.android.launcher3/com.android.launcher3.uioverrides.QuickstepLauncher,reason=UpdateInputWindows]
11-29 06:57:41.892 19381 19381 I sysui_multi_action: [757,111,758,1]
11-29 06:57:41.892 19381 19381 I sysui_multi_action: [757,126,758,1,759,126,927,0,928,1,1593,0]
11-29 06:57:41.892 19381 19381 I sysui_multi_action: [757,113,758,1,759,113,927,1,928,1,1593,0]
11-29 06:57:41.892 19381 19381 I sysui_multi_action: [757,0,758,1,759,0,927,2,928,0,1593,0]
11-29 06:57:41.892 19381 19381 I sysui_multi_action: [757,0,758,1,759,0,927,3,928,0,1593,0]
11-29 06:57:41.892 19381 19381 I sysui_multi_action: [757,491,758,1,759,491,927,4,928,0,1311,-1,1593,0]
11-29 06:57:41.892 19381 19381 I sysui_multi_action: [757,0,758,1,759,0,927,5,928,0,1593,0]
11-29 06:57:41.892 19381 19381 I sysui_multi_action: [757,111,758,1]
11-29 06:57:41.893 19381 19381 I sysui_multi_action: [757,126,758,1,759,126,927,0,928,1,1593,0]
11-29 06:57:41.893 19381 19381 I sysui_multi_action: [757,113,758,1,759,113,927,1,928,1,1593,0]
11-29 06:57:41.893 19381 19381 I sysui_multi_action: [757,0,758,1,759,0,927,2,928,0,1593,0]
11-29 06:57:41.893 19381 19381 I sysui_multi_action: [757,0,758,1,759,0,927,3,928,0,1593,0]
11-29 06:57:41.901 1491 1491 I GameModeConfig: isGameModeOn = false
11-29 06:57:41.902 1491 1491 E NotificationService: Muting recently noisy 0|com.android.systemui|2048|null|10082
11-29 06:57:41.902 1491 1760 I GameModeConfig: isGameModeOn = false
11-29 06:57:41.902 1491 1760 I GameModeConfig: isGameModeOn = false
11-29 06:57:41.902 1491 1760 I GameModeConfig: isGameModeOn = false
11-29 06:57:41.903 1491 1760 I GameModeConfig: isGameModeOn = false
11-29 06:57:41.904 19381 19381 I sysui_multi_action: [757,111,758,2]
11-29 06:57:41.904 19381 19381 I sysui_multi_action: [757,111,758,2]
11-29 06:57:41.905 1491 1491 I notification_enqueue: [10082,19381,com.android.systemui,2048,NULL,0,Notification(channel=updateNotification shortcut=null contentView=null vibrate=null sound=null defaults=0x0 flags=0x0 color=0x00000000 vis=PRIVATE),1]
11-29 06:57:41.906 1491 7158 I sysui_multi_action: [757,127,758,2]
11-29 06:57:41.906 1491 7158 I notification_panel_hidden:
11-29 06:57:41.920 19381 19381 I sysui_multi_action: [757,111,758,1]
11-29 06:57:41.920 19381 19381 I sysui_multi_action: [757,126,758,1,759,126,927,0,928,1,1593,0]
11-29 06:57:41.920 19381 19381 I sysui_multi_action: [757,113,758,1,759,113,927,1,928,1,1593,0]
11-29 06:57:41.920 1491 1491 I GameModeConfig: isGameModeOn = false
11-29 06:57:41.920 19381 19381 I sysui_multi_action: [757,0,758,1,759,0,927,2,928,0,1593,0]
11-29 06:57:41.920 19381 19381 I sysui_multi_action: [757,0,758,1,759,0,927,3,928,0,1593,0]
11-29 06:57:41.920 19381 19381 I sysui_multi_action: [757,491,758,1,759,491,927,4,928,0,1311,-1,1593,0]
11-29 06:57:41.920 1491 1491 E NotificationService: Muting recently noisy 0|com.android.systemui|2048|null|10082
11-29 06:57:41.920 19381 19381 I sysui_multi_action: [757,0,758,1,759,0,927,5,928,0,1593,0]
11-29 06:57:41.921 19381 19381 I sysui_multi_action: [757,111,758,1]
11-29 06:57:41.921 19381 19381 I sysui_multi_action: [757,126,758,1,759,126,927,0,928,1,1593,0]
11-29 06:57:41.921 19381 19381 I sysui_multi_action: [757,113,758,1,759,113,927,1,928,1,1593,0]
11-29 06:57:41.921 19381 19381 I sysui_multi_action: [757,0,758,1,759,0,927,2,928,0,1593,0]
11-29 06:57:41.921 19381 19381 I sysui_multi_action: [757,0,758,1,759,0,927,3,928,0,1593,0]
11-29 06:57:41.921 1491 1693 I input_focus: [Focus leaving b10ffe2 NotificationShade (server),reason=NO_WINDOW]
11-29 06:57:41.921 1491 1693 I input_focus: [Focus entering cd0514f com.android.launcher3/com.android.launcher3.uioverrides.QuickstepLauncher (server),reason=setFocusedWindow]
11-29 06:57:41.971 1491 1491 I GameModeConfig: isGameModeOn = false
11-29 06:57:41.971 1491 1491 E NotificationService: Muting recently noisy 0|com.android.systemui|2048|null|10082
11-29 06:57:41.992 1491 1491 I GameModeConfig: isGameModeOn = false
11-29 06:57:41.993 1491 1491 E NotificationService: Muting recently noisy 0|com.android.systemui|2048|null|10082
11-29 06:57:42.016 1491 1491 I GameModeConfig: isGameModeOn = false
11-29 06:57:42.016 1491 1491 E NotificationService: Muting recently noisy 0|com.android.systemui|2048|null|10082
11-29 06:57:42.028 1491 1491 I GameModeConfig: isGameModeOn = false
11-29 06:57:42.031 1491 1491 E NotificationService: Muting recently noisy 0|com.android.systemui|2048|null|10082
11-29 06:57:42.043 1491 1491 I GameModeConfig: isGameModeOn = false
