11-29 06:57:34.137 1491 1491 I notification_enqueue: [10082,19381,com.android.systemui,2048,NULL,0,Notification(channel=updateNotification shortcut=null contentView=null vibrate=null sound=null defaults=0x0 flags=0x0 color=0x00000000 vis=PRIVATE),1]
11-29 06:57:34.138 1491 1760 I GameModeConfig: isGameModeOn = false
11-29 06:57:34.139 1491 1760 I GameModeConfig: isGameModeOn = false
11-29 06:57:34.139 19381 19381 I sysui_multi_action: [757,111,758,1]
11-29 06:57:34.139 19381 19381 I sysui_multi_action: [757,126,758,1,759,126,927,0,928,1,1593,0]
11-29 06:57:34.139 19381 19381 I sysui_multi_action: [757,113,758,1,759,113,927,1,928,1,1593,0]
11-29 06:57:34.139 19381 19381 I sysui_multi_action: [757,0,758,1,759,0,927,2,928,0,1593,0]
11-29 06:57:34.139 19381 19381 I sysui_multi_action: [757,0,758,1,759,0,927,3,928,0,1593,0]
11-29 06:57:34.139 19381 19381 I sysui_multi_action: [757,491,758,1,759,491,927,4,928,0,1311,-1,1593,0]
11-29 06:57:34.139 19381 19381 I sysui_multi_action: [757,0,758,1,759,0,927,5,928,0,1593,0]
11-29 06:57:34.139 19381 19381 I sysui_multi_action: [757,111,758,1]
11-29 06:57:34.139 19381 19381 I sysui_multi_action: [757,126,758,1,759,126,927,0,928,1,1593,0]
11-29 06:57:34.139 19381 19381 I sysui_multi_action: [757,113,758,1,759,113,927,1,928,1,1593,0]
11-29 06:57:34.139 19381 19381 I sysui_multi_action: [757,0,758,1,759,0,927,2,928,0,1593,0]
11-29 06:57:34.140 19381 19381 I sysui_multi_action: [757,0,758,1,759,0,927,3,928,0,1593,0]
11-29 06:57:34.139 1491 1760 I GameModeConfig: isGameModeOn = false
11-29 06:57:34.141 1491 1760 I GameModeConfig: isGameModeOn = false
11-29 06:57:34.160 1491 1760 I GameModeConfig: isGameModeOn = false
11-29 06:57:34.161 1491 1760 I GameModeConfig: isGameModeOn = false
11-29 06:57:34.161 1491 1760 I GameModeConfig: isGameModeOn = false
11-29 06:57:34.161 1491 1760 I GameModeConfig: isGameModeOn = false
11-29 06:57:34.161 19381 19381 I sysui_multi_action: [757,111,758,2]
11-29 06:57:34.162 19381 19381 I sysui_multi_action: [757,111,758,2]
11-29 06:57:34.162 1491 1491 I notification_enqueue: [10082,19381,com.android.systemui,2048,NULL,0,Notification(channel=updateNotification shortcut=null contentView=null vibrate=null sound=null defaults=0x0 flags=0x0 color=0x00000000 vis=PRIVATE),1]
11-29 06:57:34.164 19381 19381 I sysui_multi_action: [757,111,758,1]
11-29 06:57:34.164 19381 19381 I sysui_multi_action: [757,126,758,1,759,126,927,0,928,1,1593,0]
11-29 06:57:34.164 19381 19381 I sysui_multi_action: [757,113,758,1,759,113,927,1,928,1,1593,0]
11-29 06:57:34.165 19381 19381 I sysui_multi_action: [757,0,758,1,759,0,927,2,928,0,1593,0]
11-29 06:57:34.165 19381 19381 I sysui_multi_action: [757,0,758,1,759,0,927,3,928,0,1593,0]
11-29 06:57:34.165 19381 19381 I sysui_multi_action: [757,491,758,1,759,491,927,4,928,0,1311,-1,1593,0]
11-29 06:57:34.165 19381 19381 I sysui_multi_action: [757,0,758,1,759,0,927,5,928,0,1593,0]
11-29 06:57:34.165 19381 19381 I sysui_multi_action: [757,111,758,1]
11-29 06:57:34.165 19381 19381 I sysui_multi_action: [757,126,758,1,759,126,927,0,928,1,1593,0]
11-29 06:57:34.165 19381 19381 I sysui_multi_action: [757,113,758,1,759,113,927,1,928,1,1593,0]
11-29 06:57:34.165 19381 19381 I sysui_multi_action: [757,0,758,1,759,0,927,2,928,0,1593,0]
11-29 06:57:34.165 19381 19381 I sysui_multi_action: [757,0,758,1,759,0,927,3,928,0,1593,0]
11-29 06:57:34.180 1491 1760 I GameModeConfig: isGameModeOn = false
11-29 06:57:34.180 1491 1760 I GameModeConfig: isGameModeOn = false
11-29 06:57:34.180 1491 1760 I GameModeConfig: isGameModeOn = false
11-29 06:57:34.180 1491 1760 I GameModeConfig: isGameModeOn = false
11-29 06:57:34.181 19381 19381 I sysui_multi_action: [757,111,758,2]
11-29 06:57:34.181 19381 19381 I sysui_multi_action: [757,111,758,2]
11-29 06:57:34.181 1491 1491 I notification_enqueue: [10082,19381,com.android.systemui,2048,NULL,0,Notification(channel=updateNotification shortcut=null contentView=null vibrate=null sound=null defaults=0x0 flags=0x0 color=0x00000000 vis=PRIVATE),1]
11-29 06:57:34.184 19381 19381 I sysui_multi_action: [757,111,758,1]
11-29 06:57:34.184 19381 19381 I sysui_multi_action: [757,126,758,1,759,126,927,0,928,1,1593,0]
11-29 06:57:34.184 19381 19381 I sysui_multi_action: [757,113,758,1,759,113,927,1,928,1,1593,0]
11-29 06:57:34.184 19381 19381 I sysui_multi_action: [757,0,758,1,759,0,927,2,928,0,1593,0]
11-29 06:57:34.184 19381 19381 I sysui_multi_action: [757,0,758,1,759,0,927,3,928,0,1593,0]
11-29 06:57:34.185 19381 19381 I sysui_multi_action: [757,491,758,1,759,491,927,4,928,0,1311,-1,1593,0]
11-29 06:57:34.185 19381 19381 I sysui_multi_action: [757,0,758,1,759,0,927,5,928,0,1593,0]
11-29 06:57:34.185 19381 19381 I sysui_multi_action: [757,111,758,1]
11-29 06:57:34.185 19381 19381 I sysui_multi_action: [757,126,758,1,759,126,927,0,928,1,1593,0]
11-29 06:57:34.185 19381 19381 I sysui_multi_action: [757,113,758,1,759,113,927,1,928,1,1593,0]
11-29 06:57:34.185 19381 19381 I sysui_multi_action: [757,0,758,1,759,0,927,2,928,0,1593,0]
11-29 06:57:34.185 19381 19381 I sysui_multi_action: [757,0,758,1,759,0,927,3,928,0,1593,0]
11-29 06:57:34.257 1491 1491 I GameModeConfig: isGameModeOn = false
11-29 06:57:34.258 1491 1491 E NotificationService: Muting recently noisy 0|com.android.systemui|2048|null|10082
11-29 06:57:34.286 1491 1491 I GameModeConfig: isGameModeOn = false
11-29 06:57:34.286 1491 1491 E NotificationService: Muting recently noisy 0|com.android.systemui|2048|null|10082
11-29 06:57:34.310 1491 1491 I GameModeConfig: isGameModeOn = false
11-29 06:57:34.311 1491 1491 E NotificationService: Muting recently noisy 0|com.android.systemui|2048|null|10082
11-29 06:57:34.328 1491 1491 I GameModeConfig: isGameModeOn = false
11-29 06:57:34.328 1491 1491 E NotificationService: Muting recently noisy 0|com.android.systemui|2048|null|10082
11-29 06:57:34.339 1491 1491 I GameModeConfig: isGameModeOn = false
11-29 06:57:34.339 1491 1491 E NotificationService: Muting recently noisy 0|com.android.systemui|2048|null|10082
11-29 06:57:34.366 1491 1491 I GameModeConfig: isGameModeOn = false
11-29 06:57:34.369 1491 1491 E NotificationService: Muting recently noisy 0|com.android.systemui|2048|null|10082
11-29 06:57:34.387 1491 1491 I GameModeConfig: isGameModeOn = false
11-29 06:57:34.388 1491 1491 E NotificationService: Muting recently noisy 0|com.android.systemui|2048|null|10082
11-29 06:57:34.484 1491 1693 I input_interaction: Interaction with: b10ffe2 NotificationShade (server), edge-swipe (server), swipe-up (server), PointerEventDispatcher0 (server),
11-29 06:57:34.584 1491 8854 I sysui_multi_action: [757,128,758,1,793,12019357,794,0,795,12019357,796,26,798,0,806,android,857,DEVELOPER_IMPORTANT,858,4,947,0,1395,2,1500,12019152,1688,1]
11-29 06:57:34.585 1491 8854 I sysui_multi_action: [757,804,799,note_freshness,801,12019357,802,1]
11-29 06:57:34.585 1491 8854 I notification_visibility: [-1|android|26|null|1000,1,12019357,12019357,0,0]
11-29 06:57:34.585 1491 8854 I sysui_multi_action: [757,128,758,1,793,12019361,794,0,795,12019361,796,32,798,1,806,android,857,USB,858,1,947,0,1395,2,1500,12019158,1688,1]
11-29 06:57:34.586 1491 8854 I sysui_multi_action: [757,804,799,note_freshness,801,12019361,802,1]
11-29 06:57:34.586 1491 8854 I notification_visibility: [-1|android|32|null|1000,1,12019361,12019361,0,1]
11-29 06:57:34.648 1491 1760 I GameModeConfig: isGameModeOn = false
11-29 06:57:34.649 1491 1760 I GameModeConfig: isGameModeOn = false
11-29 06:57:34.649 1491 1760 I GameModeConfig: isGameModeOn = false
11-29 06:57:34.649 1491 1760 I GameModeConfig: isGameModeOn = false
11-29 06:57:34.649 19381 19381 I sysui_multi_action: [757,111,758,2]
11-29 06:57:34.650 1491 1491 I notification_enqueue: [10082,19381,com.android.systemui,2048,NULL,0,Notification(channel=updateNotification shortcut=null contentView=null vibrate=null sound=null defaults=0x0 flags=0x0 color=0x00000000 vis=PRIVATE),1]
11-29 06:57:34.650 19381 19381 I sysui_multi_action: [757,111,758,2]
11-29 06:57:34.661 19381 19381 I sysui_multi_action: [757,111,758,1]
11-29 06:57:34.661 19381 19381 I sysui_multi_action: [757,126,758,1,759,126,927,0,928,1,1593,0]
11-29 06:57:34.661 19381 19381 I sysui_multi_action: [757,113,758,1,759,113,927,1,928,1,1593,0]
11-29 06:57:34.661 19381 19381 I sysui_multi_action: [757,0,758,1,759,0,927,2,928,0,1593,0]
11-29 06:57:34.662 19381 19381 I sysui_multi_action: [757,0,758,1,759,0,927,3,928,0,1593,0]
11-29 06:57:34.662 19381 19381 I sysui_multi_action: [757,491,758,1,759,491,927,4,928,0,1311,-1,1593,0]
11-29 06:57:34.662 19381 19381 I sysui_multi_action: [757,0,758,1,759,0,927,5,928,0,1593,0]
11-29 06:57:34.662 19381 19381 I sysui_multi_action: [757,111,758,1]
11-29 06:57:34.662 19381 19381 I sysui_multi_action: [757,126,758,1,759,126,927,0,928,1,1593,0]
11-29 06:57:34.663 19381 19381 I sysui_multi_action: [757,113,758,1,759,113,927,1,928,1,1593,0]
11-29 06:57:34.663 19381 19381 I sysui_multi_action: [757,0,758,1,759,0,927,2,928,0,1593,0]
11-29 06:57:34.663 19381 19381 I sysui_multi_action: [757,0,758,1,759,0,927,3,928,0,1593,0]
11-29 06:57:34.683 1491 1760 I GameModeConfig: isGameModeOn = false
11-29 06:57:34.683 1491 1760 I GameModeConfig: isGameModeOn = false
11-29 06:57:34.683 1491 1760 I GameModeConfig: isGameModeOn = false
11-29 06:57:34.683 1491 1760 I GameModeConfig: isGameModeOn = false
11-29 06:57:34.684 19381 19381 I sysui_multi_action: [757,111,758,2]
11-29 06:57:34.685 1491 1491 I notification_enqueue: [10082,19381,com.android.systemui,2048,NULL,0,Notification(channel=updateNotification shortcut=null contentView=null vibrate=null sound=null defaults=0x0 flags=0x0 color=0x00000000 vis=PRIVATE),1]
11-29 06:57:34.685 19381 19381 I sysui_multi_action: [757,111,758,2]
11-29 06:57:34.690 19381 19381 I sysui_multi_action: [757,111,758,1]
11-29 06:57:34.690 19381 19381 I sysui_multi_action: [757,126,758,1,759,126,927,0,928,1,1593,0]
11-29 06:57:34.691 19381 19381 I sysui_multi_action: [757,113,758,1,759,113,927,1,928,1,1593,0]
11-29 06:57:34.691 19381 19381 I sysui_multi_action: [757,0,758,1,759,0,927,2,928,0,1593,0]
11-29 06:57:34.691 19381 19381 I sysui_multi_action: [757,0,758,1,759,0,927,3,928,0,1593,0]
11-29 06:57:34.691 19381 19381 I sysui_multi_action: [757,491,758,1,759,491,927,4,928,0,1311,-1,1593,0]
11-29 06:57:34.691 19381 19381 I sysui_multi_action: [757,0,758,1,759,0,927,5,928,0,1593,0]
11-29 06:57:34.691 19381 19381 I sysui_multi_action: [757,111,758,1]
11-29 06:57:34.692 19381 19381 I sysui_multi_action: [757,126,758,1,759,126,927,0,928,1,1593,0]
11-29 06:57:34.692 19381 19381 I sysui_multi_action: [757,113,758,1,759,113,927,1,928,1,1593,0]
11-29 06:57:34.692 19381 19381 I sysui_multi_action: [757,0,758,1,759,0,927,2,928,0,1593,0]
11-29 06:57:34.692 19381 19381 I sysui_multi_action: [757,0,758,1,759,0,927,3,928,0,1593,0]
11-29 06:57:34.707 1491 1760 I GameModeConfig: isGameModeOn = false
11-29 06:57:34.707 1491 1760 I GameModeConfig: isGameModeOn = false
11-29 06:57:34.707 1491 1760 I GameModeConfig: isGameModeOn = false
11-29 06:57:34.707 1491 1760 I GameModeConfig: isGameModeOn = false
11-29 06:57:34.708 19381 19381 I sysui_multi_action: [757,111,758,2]
11-29 06:57:34.708 19381 19381 I sysui_multi_action: [757,111,758,2]
11-29 06:57:34.708 1491 1491 I notification_enqueue: [10082,19381,com.android.systemui,2048,NULL,0,Notification(channel=updateNotification shortcut=null contentView=null vibrate=null sound=null defaults=0x0 flags=0x0 color=0x00000000 vis=PRIVATE),1]
11-29 06:57:34.711 19381 19381 I sysui_multi_action: [757,111,758,1]
11-29 06:57:34.711 19381 19381 I sysui_multi_action: [757,126,758,1,759,126,927,0,928,1,1593,0]
11-29 06:57:34.711 19381 19381 I sysui_multi_action: [757,113,758,1,759,113,927,1,928,1,1593,0]
11-29 06:57:34.712 19381 19381 I sysui_multi_action: [757,0,758,1,759,0,927,2,928,0,1593,0]
11-29 06:57:34.712 19381 19381 I sysui_multi_action: [757,0,758,1,759,0,927,3,928,0,1593,0]
11-29 06:57:34.712 19381 19381 I sysui_multi_action: [757,491,758,1,759,491,927,4,928,0,1311,-1,1593,0]
11-29 06:57:34.712 19381 19381 I sysui_multi_action: [757,0,758,1,759,0,927,5,928,0,1593,0]
11-29 06:57:34.712 19381 19381 I sysui_multi_action: [757,111,758,1]
11-29 06:57:34.712 19381 19381 I sysui_multi_action: [757,126,758,1,759,126,927,0,928,1,1593,0]
11-29 06:57:34.712 19381 19381 I sysui_multi_action: [757,113,758,1,759,113,927,1,928,1,1593,0]
11-29 06:57:34.712 19381 19381 I sysui_multi_action: [757,0,758,1,759,0,927,2,928,0,1593,0]
11-29 06:57:34.712 19381 19381 I sysui_multi_action: [757,0,758,1,759,0,927,3,928,0,1593,0]
11-29 06:57:34.720 1491 1760 I GameModeConfig: isGameModeOn = false
11-29 06:57:34.721 1491 1760 I GameModeConfig: isGameModeOn = false
11-29 06:57:34.721 1491 1760 I GameModeConfig: isGameModeOn = false
11-29 06:57:34.721 1491 1760 I GameModeConfig: isGameModeOn = false
11-29 06:57:34.722 19381 19381 I sysui_multi_action: [757,111,758,2]
11-29 06:57:34.723 19381 19381 I sysui_multi_action: [757,111,758,2]
11-29 06:57:34.723 1491 1491 I notification_enqueue: [10082,19381,com.android.systemui,2048,NULL,0,Notification(channel=updateNotification shortcut=null contentView=null vibrate=null sound=null defaults=0x0 flags=0x0 color=0x00000000 vis=PRIVATE),1]
11-29 06:57:34.726 19381 19381 I sysui_multi_action: [757,111,758,1]
11-29 06:57:34.726 19381 19381 I sysui_multi_action: [757,126,758,1,759,126,927,0,928,1,1593,0]
11-29 06:57:34.726 19381 19381 I sysui_multi_action: [757,113,758,1,759,113,927,1,928,1,1593,0]
11-29 06:57:34.726 19381 19381 I sysui_multi_action: [757,0,758,1,759,0,927,2,928,0,1593,0]
11-29 06:57:34.726 19381 19381 I sysui_multi_action: [757,0,758,1,759,0,927,3,928,0,1593,0]
11-29 06:57:34.726 19381 19381 I sysui_multi_action: [757,491,758,1,759,491,927,4,928,0,1311,-1,1593,0]
11-29 06:57:34.726 19381 19381 I sysui_multi_action: [757,0,758,1,759,0,927,5,928,0,1593,0]
11-29 06:57:34.727 19381 19381 I sysui_multi_action: [757,111,758,1]
11-29 06:57:34.727 19381 19381 I sysui_multi_action: [757,126,758,1,759,126,927,0,928,1,1593,0]
11-29 06:57:34.727 19381 19381 I sysui_multi_action: [757,113,758,1,759,113,927,1,928,1,1593,0]
11-29 06:57:34.727 19381 19381 I sysui_multi_action: [757,0,758,1,759,0,927,2,928,0,1593,0]
11-29 06:57:34.727 19381 19381 I sysui_multi_action: [757,0,758,1,759,0,927,3,928,0,1593,0]
11-29 06:57:34.734 1491 1760 I GameModeConfig: isGameModeOn = false
11-29 06:57:34.734 1491 1760 I GameModeConfig: isGameModeOn = false
11-29 06:57:34.735 1491 1760 I GameModeConfig: isGameModeOn = false
11-29 06:57:34.735 1491 1760 I GameModeConfig: isGameModeOn = false
11-29 06:57:34.738 19381 19381 I sysui_multi_action: [757,111,758,2]
11-29 06:57:34.738 19381 19381 I sysui_multi_action: [757,111,758,2]
11-29 06:57:34.738 1491 1491 I notification_enqueue: [10082,19381,com.android.systemui,2048,NULL,0,Notification(channel=updateNotification shortcut=null contentView=null vibrate=null sound=null defaults=0x0 flags=0x0 color=0x00000000 vis=PRIVATE),1]
11-29 06:57:34.741 19381 19381 I sysui_multi_action: [757,111,758,1]
11-29 06:57:34.741 19381 19381 I sysui_multi_action: [757,126,758,1,759,126,927,0,928,1,1593,0]
11-29 06:57:34.741 19381 19381 I sysui_multi_action: [757,113,758,1,759,113,927,1,928,1,1593,0]
11-29 06:57:34.741 19381 19381 I sysui_multi_action: [757,0,758,1,759,0,927,2,928,0,1593,0]
11-29 06:57:34.741 19381 19381 I sysui_multi_action: [757,0,758,1,759,0,927,3,928,0,1593,0]
11-29 06:57:34.742 19381 19381 I sysui_multi_action: [757,491,758,1,759,491,927,4,928,0,1311,-1,1593,0]
11-29 06:57:34.742 19381 19381 I sysui_multi_action: [757,0,758,1,759,0,927,5,928,0,1593,0]
11-29 06:57:34.742 19381 19381 I sysui_multi_action: [757,111,758,1]
11-29 06:57:34.742 19381 19381 I sysui_multi_action: [757,126,758,1,759,126,927,0,928,1,1593,0]
11-29 06:57:34.742 19381 19381 I sysui_multi_action: [757,113,758,1,759,113,927,1,928,1,1593,0]
11-29 06:57:34.742 19381 19381 I sysui_multi_action: [757,0,758,1,759,0,927,2,928,0,1593,0]
11-29 06:57:34.742 19381 19381 I sysui_multi_action: [757,0,758,1,759,0,927,3,928,0,1593,0]
11-29 06:57:34.748 1491 1760 I GameModeConfig: isGameModeOn = false
11-29 06:57:34.748 1491 1760 I GameModeConfig: isGameModeOn = false
11-29 06:57:34.748 1491 1760 I GameModeConfig: isGameModeOn = false
11-29 06:57:34.749 1491 1760 I GameModeConfig: isGameModeOn = false
11-29 06:57:34.750 19381 19381 I sysui_multi_action: [757,111,758,2]
11-29 06:57:34.750 19381 19381 I sysui_multi_action: [757,111,758,2]
11-29 06:57:34.750 1491 1491 I notification_enqueue: [10082,19381,com.android.systemui,2048,NULL,0,Notification(channel=updateNotification shortcut=null contentView=null vibrate=null sound=null defaults=0x0 flags=0x0 color=0x00000000 vis=PRIVATE),1]
11-29 06:57:34.754 19381 19381 I sysui_multi_action: [757,111,758,1]
11-29 06:57:34.754 19381 19381 I sysui_multi_action: [757,126,758,1,759,126,927,0,928,1,1593,0]
11-29 06:57:34.754 19381 19381 I sysui_multi_action: [757,113,758,1,759,113,927,1,928,1,1593,0]
11-29 06:57:34.754 19381 19381 I sysui_multi_action: [757,0,758,1,759,0,927,2,928,0,1593,0]
11-29 06:57:34.754 19381 19381 I sysui_multi_action: [757,0,758,1,759,0,927,3,928,0,1593,0]
11-29 06:57:34.754 19381 19381 I sysui_multi_action: [757,491,758,1,759,491,927,4,928,0,1311,-1,1593,0]
11-29 06:57:34.754 19381 19381 I sysui_multi_action: [757,0,758,1,759,0,927,5,928,0,1593,0]
11-29 06:57:34.754 19381 19381 I sysui_multi_action: [757,111,758,1]
11-29 06:57:34.754 19381 19381 I sysui_multi_action: [757,126,758,1,759,126,927,0,928,1,1593,0]
11-29 06:57:34.755 19381 19381 I sysui_multi_action: [757,113,758,1,759,113,927,1,928,1,1593,0]
11-29 06:57:34.755 19381 19381 I sysui_multi_action: [757,0,758,1,759,0,927,2,928,0,1593,0]
11-29 06:57:34.755 19381 19381 I sysui_multi_action: [757,0,758,1,759,0,927,3,928,0,1593,0]
11-29 06:57:34.765 1491 1760 I GameModeConfig: isGameModeOn = false
11-29 06:57:34.765 1491 1760 I GameModeConfig: isGameModeOn = false
11-29 06:57:34.765 1491 1760 I GameModeConfig: isGameModeOn = false
11-29 06:57:34.765 1491 1760 I GameModeConfig: isGameModeOn = false
11-29 06:57:34.766 19381 19381 I sysui_multi_action: [757,111,758,2]
11-29 06:57:34.766 19381 19381 I sysui_multi_action: [757,111,758,2]
11-29 06:57:34.766 1491 1491 I notification_enqueue: [10082,19381,com.android.systemui,2048,NULL,0,Notification(channel=updateNotification shortcut=null contentView=null vibrate=null sound=null defaults=0x0 flags=0x0 color=0x00000000 vis=PRIVATE),1]
11-29 06:57:34.769 19381 19381 I sysui_multi_action: [757,111,758,1]
11-29 06:57:34.769 19381 19381 I sysui_multi_action: [757,126,758,1,759,126,927,0,928,1,1593,0]
11-29 06:57:34.769 19381 19381 I sysui_multi_action: [757,113,758,1,759,113,927,1,928,1,1593,0]
11-29 06:57:34.769 19381 19381 I sysui_multi_action: [757,0,758,1,759,0,927,2,928,0,1593,0]
11-29 06:57:34.769 19381 19381 I sysui_multi_action: [757,0,758,1,759,0,927,3,928,0,1593,0]
11-29 06:57:34.770 19381 19381 I sysui_multi_action: [757,491,758,1,759,491,927,4,928,0,1311,-1,1593,0]
11-29 06:57:34.770 19381 19381 I sysui_multi_action: [757,0,758,1,759,0,927,5,928,0,1593,0]
11-29 06:57:34.770 19381 19381 I sysui_multi_action: [757,111,758,1]
11-29 06:57:34.770 19381 19381 I sysui_multi_action: [757,126,758,1,759,126,927,0,928,1,1593,0]
11-29 06:57:34.770 19381 19381 I sysui_multi_action: [757,113,758,1,759,113,927,1,928,1,1593,0]
11-29 06:57:34.770 19381 19381 I sysui_multi_action: [757,0,758,1,759,0,927,2,928,0,1593,0]
11-29 06:57:34.770 19381 19381 I sysui_multi_action: [757,0,758,1,759,0,927,3,928,0,1593,0]
11-29 06:57:34.781 1491 1760 I GameModeConfig: isGameModeOn = false
11-29 06:57:34.781 1491 1760 I GameModeConfig: isGameModeOn = false
11-29 06:57:34.781 1491 1760 I GameModeConfig: isGameModeOn = false
11-29 06:57:34.782 1491 1760 I GameModeConfig: isGameModeOn = false
11-29 06:57:34.782 19381 19381 I sysui_multi_action: [757,111,758,2]
11-29 06:57:34.782 19381 19381 I sysui_multi_action: [757,111,758,2]
11-29 06:57:34.783 1491 1491 I notification_enqueue: [10082,19381,com.android.systemui,2048,NULL,0,Notification(channel=updateNotification shortcut=null contentView=null vibrate=null sound=null defaults=0x0 flags=0x0 color=0x00000000 vis=PRIVATE),1]
11-29 06:57:34.786 19381 19381 I sysui_multi_action: [757,111,758,1]
11-29 06:57:34.786 19381 19381 I sysui_multi_action: [757,126,758,1,759,126,927,0,928,1,1593,0]
11-29 06:57:34.786 19381 19381 I sysui_multi_action: [757,113,758,1,759,113,927,1,928,1,1593,0]
11-29 06:57:34.787 19381 19381 I sysui_multi_action: [757,0,758,1,759,0,927,2,928,0,1593,0]
11-29 06:57:34.787 19381 19381 I sysui_multi_action: [757,0,758,1,759,0,927,3,928,0,1593,0]
11-29 06:57:34.787 19381 19381 I sysui_multi_action: [757,491,758,1,759,491,927,4,928,0,1311,-1,1593,0]
11-29 06:57:34.787 19381 19381 I sysui_multi_action: [757,0,758,1,759,0,927,5,928,0,1593,0]
11-29 06:57:34.787 19381 19381 I sysui_multi_action: [757,111,758,1]
11-29 06:57:34.787 19381 19381 I sysui_multi_action: [757,126,758,1,759,126,927,0,928,1,1593,0]
11-29 06:57:34.787 19381 19381 I sysui_multi_action: [757,113,758,1,759,113,927,1,928,1,1593,0]
11-29 06:57:34.787 19381 19381 I sysui_multi_action: [757,0,758,1,759,0,927,2,928,0,1593,0]
11-29 06:57:34.787 19381 19381 I sysui_multi_action: [757,0,758,1,759,0,927,3,928,0,1593,0]
11-29 06:57:34.798 1491 1760 I GameModeConfig: isGameModeOn = false
11-29 06:57:34.798 1491 1760 I GameModeConfig: isGameModeOn = false
11-29 06:57:34.798 1491 1760 I GameModeConfig: isGameModeOn = false
11-29 06:57:34.798 1491 1760 I GameModeConfig: isGameModeOn = false
11-29 06:57:34.799 19381 19381 I sysui_multi_action: [757,111,758,2]
11-29 06:57:34.800 19381 19381 I sysui_multi_action: [757,111,758,2]
11-29 06:57:34.800 1491 1491 I notification_enqueue: [10082,19381,com.android.systemui,2048,NULL,0,Notification(channel=updateNotification shortcut=null contentView=null vibrate=null sound=null defaults=0x0 flags=0x0 color=0x00000000 vis=PRIVATE),1]
11-29 06:57:34.808 1491 1600 I input_focus: [Focus request 51f9505 com.android.music/com.android.music.MusicBrowserActivity,reason=UpdateInputWindows]
11-29 06:57:34.809 19381 19381 I sysui_multi_action: [757,111,758,1]
11-29 06:57:34.810 19381 19381 I sysui_multi_action: [757,126,758,1,759,126,927,0,928,1,1593,0]
11-29 06:57:34.810 19381 19381 I sysui_multi_action: [757,113,758,1,759,113,927,1,928,1,1593,0]
11-29 06:57:34.810 19381 19381 I sysui_multi_action: [757,0,758,1,759,0,927,2,928,0,1593,0]
11-29 06:57:34.810 19381 19381 I sysui_multi_action: [757,0,758,1,759,0,927,3,928,0,1593,0]
11-29 06:57:34.810 19381 19381 I sysui_multi_action: [757,491,758,1,759,491,927,4,928,0,1311,-1,1593,0]
11-29 06:57:34.810 19381 19381 I sysui_multi_action: [757,0,758,1,759,0,927,5,928,0,1593,0]
11-29 06:57:34.810 19381 19381 I sysui_multi_action: [757,111,758,1]
11-29 06:57:34.810 19381 19381 I sysui_multi_action: [757,126,758,1,759,126,927,0,928,1,1593,0]
11-29 06:57:34.810 19381 19381 I sysui_multi_action: [757,113,758,1,759,113,927,1,928,1,1593,0]
11-29 06:57:34.811 19381 19381 I sysui_multi_action: [757,0,758,1,759,0,927,2,928,0,1593,0]
11-29 06:57:34.811 19381 19381 I sysui_multi_action: [757,0,758,1,759,0,927,3,928,0,1593,0]
11-29 06:57:34.816 1491 1760 I GameModeConfig: isGameModeOn = false
11-29 06:57:34.816 19381 19381 I sysui_multi_action: [757,111,758,2]
11-29 06:57:34.816 1491 1760 I GameModeConfig: isGameModeOn = false
11-29 06:57:34.816 19381 19381 I sysui_multi_action: [757,111,758,2]
11-29 06:57:34.816 1491 1760 I GameModeConfig: isGameModeOn = false
11-29 06:57:34.817 1491 1760 I GameModeConfig: isGameModeOn = false
11-29 06:57:34.817 1491 1491 I notification_enqueue: [10082,19381,com.android.systemui,2048,NULL,0,Notification(channel=updateNotification shortcut=null contentView=null vibrate=null sound=null defaults=0x0 flags=0x0 color=0x00000000 vis=PRIVATE),1]
11-29 06:57:34.829 1491 8854 I sysui_multi_action: [757,128,758,2,793,12019602,794,245,795,12019602,796,26,798,0,806,android,857,DEVELOPER_IMPORTANT,858,4,947,0,1395,2,1500,12019397,1688,1]
11-29 06:57:34.830 1491 8854 I notification_visibility: [-1|android|26|null|1000,0,12019602,12019602,0,0]
11-29 06:57:34.830 1491 8854 I sysui_multi_action: [757,128,758,2,793,12019606,794,245,795,12019606,796,32,798,1,806,android,857,USB,858,1,947,0,1395,2,1500,12019403,1688,1]
11-29 06:57:34.830 1491 8854 I notification_visibility: [-1|android|32|null|1000,0,12019606,12019606,0,1]
11-29 06:57:34.831 1491 8854 I sysui_multi_action: [757,127,758,2]
11-29 06:57:34.831 1491 8854 I notification_panel_hidden:
11-29 06:57:34.837 1491 1693 I input_focus: [Focus leaving b10ffe2 NotificationShade (server),reason=NOT_FOCUSABLE]
11-29 06:57:34.837 1491 1693 I input_focus: [Focus entering 51f9505 com.android.music/com.android.music.MusicBrowserActivity (server),reason=setFocusedWindow]
11-29 06:57:34.840 19381 19381 I sysui_multi_action: [757,111,758,1]
11-29 06:57:34.840 19381 19381 I sysui_multi_action: [757,126,758,1,759,126,927,0,928,1,1593,0]
11-29 06:57:34.841 19381 19381 I sysui_multi_action: [757,113,758,1,759,113,927,1,928,1,1593,0]
11-29 06:57:34.841 19381 19381 I sysui_multi_action: [757,0,758,1,759,0,927,2,928,0,1593,0]
11-29 06:57:34.841 19381 19381 I sysui_multi_action: [757,0,758,1,759,0,927,3,928,0,1593,0]
11-29 06:57:34.841 19381 19381 I sysui_multi_action: [757,491,758,1,759,491,927,4,928,0,1311,-1,1593,0]
11-29 06:57:34.841 19381 19381 I sysui_multi_action: [757,0,758,1,759,0,927,5,928,0,1593,0]
11-29 06:57:34.841 19381 19381 I sysui_multi_action: [757,111,758,1]
11-29 06:57:34.841 19381 19381 I sysui_multi_action: [757,126,758,1,759,126,927,0,928,1,1593,0]
11-29 06:57:34.842 19381 19381 I sysui_multi_action: [757,113,758,1,759,113,927,1,928,1,1593,0]
11-29 06:57:34.842 19381 19381 I sysui_multi_action: [757,0,758,1,759,0,927,2,928,0,1593,0]
11-29 06:57:34.842 19381 19381 I sysui_multi_action: [757,0,758,1,759,0,927,3,928,0,1593,0]
11-29 06:57:34.851 1491 1491 I GameModeConfig: isGameModeOn = false
11-29 06:57:34.855 1491 1491 I sysui_multi_action: [757,1501,758,1,793,13412113,794,0,795,203,796,2048,806,com.android.systemui,857,updateNotification,858,3,947,0,1500,0,1688,1]
11-29 06:57:34.855 1491 1491 I sysui_multi_action: [757,804,799,note_interruptive,801,0,802,1]
11-29 06:57:34.855 1491 1491 I sysui_multi_action: [757,199,758,1,759,2,793,13412116,794,0,795,206,796,2048,806,com.android.systemui,857,updateNotification,858,3,947,0,1500,3,1688,1]
11-29 06:57:34.856 1491 1491 I notification_alert: [0|com.android.systemui|2048|null|10082,0,1,0]
11-29 06:57:34.857 1491 1491 W NotificationHistory: Attempted to add notif for locked/gone/disabled user 0
11-29 06:57:34.889 1491 1491 I GameModeConfig: isGameModeOn = false
11-29 06:57:34.890 1491 1491 E NotificationService: Muting recently noisy 0|com.android.systemui|2048|null|10082
11-29 06:57:34.911 1491 1491 I GameModeConfig: isGameModeOn = false
11-29 06:57:34.911 1491 1491 E NotificationService: Muting recently noisy 0|com.android.systemui|2048|null|10082
11-29 06:57:34.924 1491 1491 I GameModeConfig: isGameModeOn = false
11-29 06:57:34.925 1491 1491 E NotificationService: Muting recently noisy 0|com.android.systemui|2048|null|10082
11-29 06:57:34.939 1491 1491 I GameModeConfig: isGameModeOn = false
11-29 06:57:34.940 1491 1491 E NotificationService: Muting recently noisy 0|com.android.systemui|2048|null|10082
11-29 06:57:34.940 1491 1693 I input_interaction: Interaction with: 51f9505 com.android.music/com.android.music.MusicBrowserActivity (server), edge-swipe (server), swipe-up (server), PointerEventDispatcher0 (server),
11-29 06:57:34.952 1491 1491 I GameModeConfig: isGameModeOn = false
11-29 06:57:34.953 1491 1491 E NotificationService: Muting recently noisy 0|com.android.systemui|2048|null|10082
11-29 06:57:34.957 1491 8854 I wm_task_moved: [32,0,0]
11-29 06:57:34.958 1491 8854 I wm_task_moved: [32,0,6]
11-29 06:57:34.965 9956 9956 I wm_on_restart_called: [254362067,com.android.launcher3.uioverrides.QuickstepLauncher,performRestartActivity]
11-29 06:57:34.972 1491 1491 I GameModeConfig: isGameModeOn = false
11-29 06:57:34.973 1491 1491 E NotificationService: Muting recently noisy 0|com.android.systemui|2048|null|10082
11-29 06:57:34.979 16043 16059 W ContextImpl: Calling a method in the system process without a qualified user: android.app.ContextImpl.startService:1816 android.content.ContextWrapper.startService:774 com.thundercomm.gamemode.ingame.services.GameModeActionUtils.startGameModeService:93 com.thundercomm.gamemode.ingame.services.GameModeActionUtils.startGameModeEntry:21 com.thundercomm.gamemode.ingame.services.ActivityMonitoringService$1.onActivityLaunch:127
11-29 06:57:34.984 1491 1491 I GameModeConfig: isGameModeOn = false
11-29 06:57:34.984 1491 1491 E NotificationService: Muting recently noisy 0|com.android.systemui|2048|null|10082
11-29 06:57:34.986 1491 1491 I GameModeConfig: Current uri is uri = content://com.thundercomm.gamemode.api/gamemode_settings/gamemode_isgaming
11-29 06:57:34.989 9956 9956 I wm_on_start_called: [254362067,com.android.launcher3.uioverrides.QuickstepLauncher,handleStartActivity]
11-29 06:57:34.990 18447 18447 I view_enqueue_input_event: [Motion - Cancel,com.android.music/com.android.music.MusicBrowserActivity]
11-29 06:57:34.991 1491 1600 I input_focus: [Focus request recents_animation_input_consumer,reason=UpdateInputWindows]
11-29 06:57:34.992 1491 1491 I GameModeConfig: isGameModeOn = false
11-29 06:57:34.993 1491 1491 I GameModeConfig: isGameModeOn = false
11-29 06:57:34.993 1491 1491 I GameModeConfig: isDisableVoice = true
11-29 06:57:34.996 1491 1693 I input_interaction: Interaction with: edge-swipe (server), swipe-up (server), PointerEventDispatcher0 (server),
11-29 06:57:34.998 9956 9956 I sysui_latency: [1,58]
11-29 06:57:35.002 1491 1693 I input_focus: [Focus leaving 51f9505 com.android.music/com.android.music.MusicBrowserActivity (server),reason=NOT_FOCUSABLE]
11-29 06:57:35.002 1491 1693 I input_focus: [Focus entering recents_animation_input_consumer (server),reason=setFocusedWindow]
11-29 06:57:35.006 1491 1772 W ActivityTaskManager: getTaskSnapshot: taskId=2144 not found
11-29 06:57:35.007 1491 1491 I GameModeConfig: isGameModeOn = false
11-29 06:57:35.008 1491 1491 E NotificationService: Muting recently noisy 0|com.android.systemui|2048|null|10082
11-29 06:57:35.013 1491 1596 I sysui_multi_action: [319,9,322,47,325,13433,757,761,758,9,759,5,806,com.android.launcher3,871,com.android.launcher3.uioverrides.QuickstepLauncher,905,0,1320,8,1321,5]
11-29 06:57:35.019 1491 1491 I GameModeConfig: isGameModeOn = false
11-29 06:57:35.020 1491 1491 E NotificationService: Muting recently noisy 0|com.android.systemui|2048|null|10082
11-29 06:57:35.050 1491 7658 W ActivityTaskManager: getTaskSnapshot: taskId=3144 not found
11-29 06:57:35.053 1491 7658 W ActivityTaskManager: getTaskSnapshot: taskId=2144 not found
11-29 06:57:35.055 1491 7658 W ActivityTaskManager: getTaskSnapshot: taskId=1144 not found
11-29 06:57:35.079 1491 1760 I GameModeConfig: isGameModeOn = false
11-29 06:57:35.104 1491 1760 I GameModeConfig: isGameModeOn = false
11-29 06:57:35.121 1491 1760 I GameModeConfig: isGameModeOn = false
11-29 06:57:35.136 1491 1760 I GameModeConfig: isGameModeOn = false
11-29 06:57:35.148 1491 1760 I GameModeConfig: isGameModeOn = false
11-29 06:57:35.161 1491 1760 I GameModeConfig: isGameModeOn = false
11-29 06:57:35.178 1491 1760 I GameModeConfig: isGameModeOn = false
11-29 06:57:35.198 1491 1673 I commit_sys_config_file: [settings-1-0,11]
11-29 06:57:35.200 1491 1760 I GameModeConfig: isGameModeOn = false
11-29 06:57:35.213 1491 1760 I GameModeConfig: isGameModeOn = false
11-29 06:57:35.227 1491 1760 I GameModeConfig: isGameModeOn = false
11-29 06:57:35.248 1491 1760 I GameModeConfig: isGameModeOn = false
11-29 06:57:35.264 1491 1760 I GameModeConfig: isGameModeOn = false
11-29 06:57:35.275 1491 1760 I GameModeConfig: isGameModeOn = false
11-29 06:57:35.285 1491 1760 I GameModeConfig: isGameModeOn = false
11-29 06:57:35.292 1491 1760 I GameModeConfig: isGameModeOn = false
11-29 06:57:35.306 1491 1607 I sysui_latency: [8,61]
11-29 06:57:35.309 1491 1760 I GameModeConfig: isGameModeOn = false
11-29 06:57:35.311 1491 1760 I GameModeConfig: isGameModeOn = false
11-29 06:57:35.326 1491 1760 I GameModeConfig: isGameModeOn = false
11-29 06:57:35.326 1491 1760 I GameModeConfig: isGameModeOn = false
11-29 06:57:35.342 1491 1760 I GameModeConfig: isGameModeOn = false
11-29 06:57:35.345 1491 1760 I GameModeConfig: isGameModeOn = false
11-29 06:57:35.352 1491 1760 I GameModeConfig: isGameModeOn = false
11-29 06:57:35.364 1491 1760 I GameModeConfig: isGameModeOn = false
11-29 06:57:35.369 1491 1760 I GameModeConfig: isGameModeOn = false
11-29 06:57:35.382 1491 1760 I GameModeConfig: isGameModeOn = false
11-29 06:57:35.388 1491 1760 I GameModeConfig: isGameModeOn = false
11-29 06:57:35.401 1491 1760 I GameModeConfig: isGameModeOn = false
11-29 06:57:35.408 1491 1760 I GameModeConfig: isGameModeOn = false
11-29 06:57:35.418 1491 1760 I GameModeConfig: isGameModeOn = false
11-29 06:57:35.419 1491 1760 I GameModeConfig: isGameModeOn = false
11-29 06:57:35.432 1491 1760 I GameModeConfig: isGameModeOn = false
11-29 06:57:35.437 1491 1760 I GameModeConfig: isGameModeOn = false
11-29 06:57:35.448 1491 1760 I GameModeConfig: isGameModeOn = false
11-29 06:57:35.464 1491 1760 I GameModeConfig: isGameModeOn = false
11-29 06:57:35.478 1491 1760 I GameModeConfig: isGameModeOn = false
11-29 06:57:35.498 1491 1760 I GameModeConfig: isGameModeOn = false
11-29 06:57:35.518 1491 1760 I GameModeConfig: isGameModeOn = false
11-29 06:57:35.538 1491 1760 I GameModeConfig: isGameModeOn = false
11-29 06:57:35.550 1491 1760 I GameModeConfig: isGameModeOn = false
11-29 06:57:35.574 1491 1760 I GameModeConfig: isGameModeOn = false
11-29 06:57:35.586 1491 1760 I GameModeConfig: isGameModeOn = false
11-29 06:57:35.605 1491 1760 I GameModeConfig: isGameModeOn = false
11-29 06:57:35.619 1491 1760 I GameModeConfig: isGameModeOn = false
11-29 06:57:35.640 1491 1760 I GameModeConfig: isGameModeOn = false
11-29 06:57:35.751 1491 1760 I GameModeConfig: isGameModeOn = false
11-29 06:57:35.768 1491 1673 I commit_sys_config_file: [settings-1-0,5]
11-29 06:57:35.788 1491 1760 I GameModeConfig: isGameModeOn = false
11-29 06:57:35.811 1491 1760 I GameModeConfig: isGameModeOn = false
11-29 06:57:35.848 1491 1760 I GameModeConfig: isGameModeOn = false
11-29 06:57:35.863 1491 1760 I GameModeConfig: isGameModeOn = false
11-29 06:57:35.961 1491 1760 I GameModeConfig: isGameModeOn = false
11-29 06:57:35.994 1491 1760 I GameModeConfig: isGameModeOn = false
11-29 06:57:36.018 1491 1760 I GameModeConfig: isGameModeOn = false
11-29 06:57:36.045 1491 1760 I GameModeConfig: isGameModeOn = false
11-29 06:57:36.051 1491 1693 I input_interaction: Interaction with: cd0514f com.android.launcher3/com.android.launcher3.uioverrides.QuickstepLauncher (server), edge-swipe (server), swipe-up (server), PointerEventDispatcher0 (server),
11-29 06:57:36.071 1491 1760 I GameModeConfig: isGameModeOn = false
11-29 06:57:36.079 0 0 I auditd : type=1400 audit(0.0:14305): avc: denied { kill } for comm="swapper/1" capability=5 scontext=u:r:kernel:s0 tcontext=u:r:kernel:s0 tclass=capability permissive=0
11-29 06:57:36.433 1491 7658 I wm_task_moved: [32,1,7]
11-29 06:57:36.434 1491 7658 I wm_focused_root_task: [0,0,32,133,RecentsAnimation.onAnimationFinished()]
11-29 06:57:36.435 18447 18447 I wm_on_top_resumed_lost_called: [18450025,com.android.music.MusicBrowserActivity,topStateChangedWhenResumed]
11-29 06:57:36.437 1491 7658 I wm_pause_activity: [0,18450025,com.android.music/.MusicBrowserActivity,userLeaving=false,pauseBackTasks]
11-29 06:57:36.438 1491 7658 I ActivityTaskManager: FOREGROUND_APPLICATION_CHANGED to com.android.launcher3.uioverrides.QuickstepLauncher
11-29 06:57:36.439 1491 7658 I wm_set_resumed_activity: [0,com.android.launcher3/.uioverrides.QuickstepLauncher,resumeTopActivityInnerLocked]
11-29 06:57:36.446 1491 7658 I wm_resume_activity: [0,254362067,41,com.android.launcher3/.uioverrides.QuickstepLauncher]
11-29 06:57:36.447 1491 7658 I wm_add_to_stopping: [0,18450025,com.android.music/.MusicBrowserActivity,makeInvisible]
11-29 06:57:36.448 9956 9956 I wm_on_resume_called: [254362067,com.android.launcher3.uioverrides.QuickstepLauncher,RESUME_ACTIVITY]
11-29 06:57:36.456 1491 1600 I input_focus: [Focus request cd0514f com.android.launcher3/com.android.launcher3.uioverrides.QuickstepLauncher,reason=UpdateInputWindows]
11-29 06:57:36.457 1491 1599 I sysui_multi_action: [757,803,799,window_time_0,802,9]
11-29 06:57:36.458 18447 18447 I wm_on_paused_called: [18450025,com.android.music.MusicBrowserActivity,performPause]
11-29 06:57:36.461 1491 8854 I wm_stop_activity: [0,18450025,com.android.music/.MusicBrowserActivity]
11-29 06:57:36.466 1491 1599 I sysui_multi_action: [757,803,799,window_time_0,802,0]
11-29 06:57:36.472 9956 9956 I wm_on_top_resumed_gained_called: [254362067,com.android.launcher3.uioverrides.QuickstepLauncher,topStateChangedWhenResumed]
11-29 06:57:36.473 1491 1693 I input_focus: [Focus leaving recents_animation_input_consumer (server),reason=NOT_VISIBLE]
11-29 06:57:36.473 1491 1693 I input_focus: [Focus entering cd0514f com.android.launcher3/com.android.launcher3.uioverrides.QuickstepLauncher (server),reason=setFocusedWindow]
11-29 06:57:36.486 18447 18447 I wm_on_stop_called: [18450025,com.android.music.MusicBrowserActivity,STOP_ACTIVITY_ITEM]
11-29 06:57:36.512 16043 16059 W ContextImpl: Calling a method in the system process without a qualified user: android.app.ContextImpl.startService:1816 android.content.ContextWrapper.startService:774 com.thundercomm.gamemode.ingame.services.GameModeActionUtils.startGameModeService:93 com.thundercomm.gamemode.ingame.services.GameModeActionUtils.startGameModeEntry:21 com.thundercomm.gamemode.ingame.services.ActivityMonitoringService$1.onActivityLaunch:127
11-29 06:57:36.517 1491 1491 I GameModeConfig: Current uri is uri = content://com.thundercomm.gamemode.api/gamemode_settings/gamemode_isgaming
11-29 06:57:36.520 1491 1491 I GameModeConfig: isGameModeOn = false
11-29 06:57:36.520 1491 1491 I GameModeConfig: isGameModeOn = false
11-29 06:57:36.520 1491 1491 I GameModeConfig: isDisableVoice = true
11-29 06:57:36.556 1491 8854 W ActivityTaskManager: Request to remove task ignored for non-existent task 144
11-29 06:57:36.557 1491 8854 I wm_finish_activity: [0,71134982,132,com.android.settings/.homepage.SettingsHomepageActivity,recent-task-trimmed]
11-29 06:57:36.558 1491 8854 I wm_destroy_activity: [0,71134982,132,com.android.settings/.homepage.SettingsHomepageActivity,finish-imm:finishIfPossible]
11-29 06:57:36.559 1491 8854 I wm_finish_activity: [0,18450025,133,com.android.music/.MusicBrowserActivity,recent-task-trimmed]
11-29 06:57:36.560 1491 8854 I wm_destroy_activity: [0,18450025,133,com.android.music/.MusicBrowserActivity,finish-imm:finishIfPossible]
11-29 06:57:36.562 1491 1599 I ActivityManager: Killing 18449:com.android.settings/1000 (adj 900): remove task
11-29 06:57:36.562 1491 1599 I am_kill : [0,18449,com.android.settings,900,remove task]
11-29 06:57:36.563 1491 1599 I sysui_multi_action: [757,803,799,window_time_0,802,1]
11-29 06:57:36.563 1491 1599 I sysui_multi_action: [757,803,799,window_time_0,802,0]
11-29 06:57:36.571 18447 18447 I wm_on_destroy_called: [18450025,com.android.music.MusicBrowserActivity,performDestroy]
11-29 06:57:36.577 16043 16059 W ContextImpl: Calling a method in the system process without a qualified user: android.app.ContextImpl.startService:1816 android.content.ContextWrapper.startService:774 com.thundercomm.gamemode.ingame.services.GameModeActionUtils.startGameModeService:93 com.thundercomm.gamemode.ingame.services.GameModeActionUtils.startGameModeEntry:21 com.thundercomm.gamemode.ingame.services.ActivityMonitoringService$1.onActivityLaunch:127
11-29 06:57:36.582 1491 1491 I GameModeConfig: Current uri is uri = content://com.thundercomm.gamemode.api/gamemode_settings/gamemode_isgaming
11-29 06:57:36.583 1491 8854 I wm_task_removed: [133,removeChild:removeChild last r=ActivityRecord{1198669 u0 com.android.music/.MusicBrowserActivity t-1 f}} in t=Task{c897c81 #133 type=standard A=10089:android.task.music U=0 visible=false mode=fullscreen translucent=true sz=0}]
11-29 06:57:36.583 1491 8854 I wm_task_removed: [133,removeChild]
11-29 06:57:36.584 1491 1607 W UsageStatsService: Unexpected activity event reported! (com.android.music/com.android.music.MusicBrowserActivity event : 23 instanceId : 186688674)
11-29 06:57:36.585 1491 1491 I GameModeConfig: isGameModeOn = false
11-29 06:57:36.585 1491 1491 I GameModeConfig: isGameModeOn = false
11-29 06:57:36.585 1491 1491 I GameModeConfig: isDisableVoice = true
11-29 06:57:36.587 1491 1600 W ActivityTaskManager: Can't find TaskDisplayArea to determine support for multi window. Task id=133 attached=false
11-29 06:57:36.587 1491 1600 W ActivityTaskManager: Can't find TaskDisplayArea to determine support for multi window. Task id=133 attached=false
11-29 06:57:36.593 1491 1760 I GameModeConfig: isGameModeOn = false
11-29 06:57:36.594 1491 2756 E TaskPersister: File error accessing recents directory (directory doesn't exist?).
11-29 06:57:36.625 1491 1772 I WindowManager: WIN DEATH: Window{260f9bc u0 com.android.settings/com.android.settings.homepage.SettingsHomepageActivity}
11-29 06:57:36.625 1491 10785 I am_proc_died: [0,18449,com.android.settings,900,18]
11-29 06:57:36.631 1491 10785 I wm_task_removed: [132,removeChild:removeChild last r=ActivityRecord{43d6f06 u0 com.android.settings/.homepage.SettingsHomepageActivity t-1 f}} in t=Task{d21f5a8 #132 type=standard A=1000:com.android.settings.root U=0 visible=false mode=fullscreen translucent=true sz=0}]
11-29 06:57:36.631 1491 10785 I wm_task_removed: [132,removeChild]
11-29 06:57:36.633 1491 1600 W ActivityTaskManager: Can't find TaskDisplayArea to determine support for multi window. Task id=132 attached=false
11-29 06:57:36.633 1491 1600 W ActivityTaskManager: Can't find TaskDisplayArea to determine support for multi window. Task id=132 attached=false
11-29 06:57:36.634 1491 1599 W ActivityManager: setHasOverlayUi called on unknown pid: 18449
11-29 06:57:36.634 1491 1607 W UsageStatsService: Unexpected activity event reported! (com.android.settings/com.android.settings.homepage.SettingsHomepageActivity event : 23 instanceId : 31324651)
11-29 06:57:36.638 1491 1599 D CompatibilityChangeReporter: Compat change id reported: 135634846; UID 1000; state: DISABLED
11-29 06:57:36.638 1491 1599 D CompatibilityChangeReporter: Compat change id reported: 177438394; UID 1000; state: DISABLED
11-29 06:57:36.638 1491 1599 D CompatibilityChangeReporter: Compat change id reported: 135772972; UID 1000; state: DISABLED
11-29 06:57:36.638 1491 1599 D CompatibilityChangeReporter: Compat change id reported: 135754954; UID 1000; state: ENABLED
11-29 06:57:36.647 1491 1609 I am_proc_start: [0,19544,1000,com.android.settings,NULL,]
11-29 06:57:36.647 1491 1609 I ActivityManager: Start proc 19544:com.android.settings/1000 for null
11-29 06:57:36.670 16043 16059 W ContextImpl: Calling a method in the system process without a qualified user: android.app.ContextImpl.startService:1816 android.content.ContextWrapper.startService:774 com.thundercomm.gamemode.ingame.services.GameModeActionUtils.startGameModeService:93 com.thundercomm.gamemode.ingame.services.GameModeActionUtils.startGameModeEntry:21 com.thundercomm.gamemode.ingame.services.ActivityMonitoringService$1.onActivityLaunch:127
11-29 06:57:36.675 1491 1491 I GameModeConfig: Current uri is uri = content://com.thundercomm.gamemode.api/gamemode_settings/gamemode_isgaming
11-29 06:57:36.677 1491 1491 I GameModeConfig: isGameModeOn = false
11-29 06:57:36.677 1491 10785 I am_proc_bound: [0,19544,com.android.settings]
11-29 06:57:36.677 1491 1491 I GameModeConfig: isGameModeOn = false
11-29 06:57:36.677 1491 1491 I GameModeConfig: isDisableVoice = true
11-29 06:57:36.688 1491 1693 I input_interaction: Interaction with: bd11fcf StatusBar (server), edge-swipe (server), swipe-up (server), PointerEventDispatcher0 (server),
11-29 06:57:36.691 19381 19381 I sysui_multi_action: [757,803,799,panel_open,802,1]
11-29 06:57:36.691 19381 19381 I sysui_multi_action: [757,1328,758,4,1326,64,1327,0,1329,0]
11-29 06:57:36.727 1491 1760 I GameModeConfig: isGameModeOn = false
11-29 06:57:36.727 1491 1760 I GameModeConfig: isGameModeOn = false
11-29 06:57:36.727 1491 1760 I GameModeConfig: isGameModeOn = false
11-29 06:57:36.727 1491 1760 I GameModeConfig: isGameModeOn = false
11-29 06:57:36.728 1491 9370 I sysui_multi_action: [757,127,758,1]
11-29 06:57:36.728 1491 9370 I sysui_multi_action: [757,804,799,note_load,801,2,802,1]
11-29 06:57:36.728 19381 19381 I sysui_multi_action: [757,111,758,2]
11-29 06:57:36.728 1491 9370 I notification_panel_revealed: 2
11-29 06:57:36.728 1491 1491 I notification_enqueue: [10082,19381,com.android.systemui,2048,NULL,0,Notification(channel=updateNotification shortcut=null contentView=null vibrate=null sound=null defaults=0x0 flags=0x0 color=0x00000000 vis=PRIVATE),1]
11-29 06:57:36.728 19381 19381 I sysui_multi_action: [757,111,758,2]
11-29 06:57:36.744 1491 1600 I input_focus: [Focus request b10ffe2 NotificationShade,reason=UpdateInputWindows]
11-29 06:57:36.746 19381 19381 I sysui_multi_action: [757,111,758,1]
11-29 06:57:36.747 19381 19381 I sysui_multi_action: [757,126,758,1,759,126,927,0,928,1,1593,0]
11-29 06:57:36.747 19381 19381 I sysui_multi_action: [757,113,758,1,759,113,927,1,928,1,1593,0]
11-29 06:57:36.747 19381 19381 I sysui_multi_action: [757,0,758,1,759,0,927,2,928,0,1593,0]
11-29 06:57:36.747 19381 19381 I sysui_multi_action: [757,0,758,1,759,0,927,3,928,0,1593,0]
11-29 06:57:36.747 19381 19381 I sysui_multi_action: [757,491,758,1,759,491,927,4,928,0,1311,-1,1593,0]
11-29 06:57:36.748 19381 19381 I sysui_multi_action: [757,0,758,1,759,0,927,5,928,0,1593,0]
11-29 06:57:36.748 19381 19381 I sysui_multi_action: [757,111,758,1]
11-29 06:57:36.748 19381 19381 I sysui_multi_action: [757,126,758,1,759,126,927,0,928,1,1593,0]
11-29 06:57:36.748 19381 19381 I sysui_multi_action: [757,113,758,1,759,113,927,1,928,1,1593,0]
11-29 06:57:36.748 19381 19381 I sysui_multi_action: [757,0,758,1,759,0,927,2,928,0,1593,0]
11-29 06:57:36.748 19381 19381 I sysui_multi_action: [757,0,758,1,759,0,927,3,928,0,1593,0]
11-29 06:57:36.758 1491 1760 I GameModeConfig: isGameModeOn = false
11-29 06:57:36.758 1491 1760 I GameModeConfig: isGameModeOn = false
11-29 06:57:36.758 1491 1760 I GameModeConfig: isGameModeOn = false
11-29 06:57:36.758 1491 1760 I GameModeConfig: isGameModeOn = false
11-29 06:57:36.760 1491 1491 I notification_enqueue: [10082,19381,com.android.systemui,2048,NULL,0,Notification(channel=updateNotification shortcut=null contentView=null vibrate=null sound=null defaults=0x0 flags=0x0 color=0x00000000 vis=PRIVATE),1]
11-29 06:57:36.761 19381 19381 I sysui_multi_action: [757,111,758,2]
11-29 06:57:36.761 19381 19381 I sysui_multi_action: [757,111,758,2]
11-29 06:57:36.765 19381 19381 I sysui_multi_action: [757,111,758,1]
11-29 06:57:36.765 19381 19381 I sysui_multi_action: [757,126,758,1,759,126,927,0,928,1,1593,0]
11-29 06:57:36.765 19381 19381 I sysui_multi_action: [757,113,758,1,759,113,927,1,928,1,1593,0]
11-29 06:57:36.765 19381 19381 I sysui_multi_action: [757,0,758,1,759,0,927,2,928,0,1593,0]
11-29 06:57:36.765 19381 19381 I sysui_multi_action: [757,0,758,1,759,0,927,3,928,0,1593,0]
11-29 06:57:36.765 19381 19381 I sysui_multi_action: [757,491,758,1,759,491,927,4,928,0,1311,-1,1593,0]
11-29 06:57:36.766 19381 19381 I sysui_multi_action: [757,0,758,1,759,0,927,5,928,0,1593,0]
11-29 06:57:36.766 19381 19381 I sysui_multi_action: [757,111,758,1]
11-29 06:57:36.766 19381 19381 I sysui_multi_action: [757,126,758,1,759,126,927,0,928,1,1593,0]
11-29 06:57:36.766 19381 19381 I sysui_multi_action: [757,113,758,1,759,113,927,1,928,1,1593,0]
11-29 06:57:36.766 19381 19381 I sysui_multi_action: [757,0,758,1,759,0,927,2,928,0,1593,0]
11-29 06:57:36.766 19381 19381 I sysui_multi_action: [757,0,758,1,759,0,927,3,928,0,1593,0]
11-29 06:57:36.776 1491 1693 I input_focus: [Focus leaving cd0514f com.android.launcher3/com.android.launcher3.uioverrides.QuickstepLauncher (server),reason=setFocusedWindow]
11-29 06:57:36.776 1491 1693 I input_focus: [Focus entering b10ffe2 NotificationShade (server),reason=setFocusedWindow]
11-29 06:57:36.778 1491 1760 I GameModeConfig: isGameModeOn = false
11-29 06:57:36.778 1491 1760 I GameModeConfig: isGameModeOn = false
11-29 06:57:36.778 1491 1760 I GameModeConfig: isGameModeOn = false
11-29 06:57:36.778 1491 1760 I GameModeConfig: isGameModeOn = false
11-29 06:57:36.779 19381 19381 I sysui_multi_action: [757,111,758,2]
11-29 06:57:36.779 1491 1491 I notification_enqueue: [10082,19381,com.android.systemui,2048,NULL,0,Notification(channel=updateNotification shortcut=null contentView=null vibrate=null sound=null defaults=0x0 flags=0x0 color=0x00000000 vis=PRIVATE),1]
11-29 06:57:36.779 19381 19381 I sysui_multi_action: [757,111,758,2]
11-29 06:57:36.782 19381 19381 I sysui_multi_action: [757,111,758,1]
11-29 06:57:36.782 19381 19381 I sysui_multi_action: [757,126,758,1,759,126,927,0,928,1,1593,0]
11-29 06:57:36.782 19381 19381 I sysui_multi_action: [757,113,758,1,759,113,927,1,928,1,1593,0]
11-29 06:57:36.782 19381 19381 I sysui_multi_action: [757,0,758,1,759,0,927,2,928,0,1593,0]
11-29 06:57:36.782 19381 19381 I sysui_multi_action: [757,0,758,1,759,0,927,3,928,0,1593,0]
11-29 06:57:36.783 19381 19381 I sysui_multi_action: [757,491,758,1,759,491,927,4,928,0,1311,-1,1593,0]
11-29 06:57:36.783 19381 19381 I sysui_multi_action: [757,0,758,1,759,0,927,5,928,0,1593,0]
11-29 06:57:36.783 19381 19381 I sysui_multi_action: [757,111,758,1]
11-29 06:57:36.783 19381 19381 I sysui_multi_action: [757,126,758,1,759,126,927,0,928,1,1593,0]
