11-29 06:58:09.933 1491 2059 I WindowManager: WIN DEATH: Window{bd11fcf u0 StatusBar}
11-29 06:58:09.936 1491 2059 W WindowManager: Failed to deliver inset state change w=Window{b10ffe2 u0 NotificationShade}
11-29 06:58:09.936 1491 2059 W WindowManager: android.os.DeadObjectException
11-29 06:58:09.936 1491 2059 W WindowManager: at android.os.BinderProxy.transactNative(Native Method)
11-29 06:58:09.936 1491 2059 W WindowManager: at android.os.BinderProxy.transact(BinderProxy.java:571)
11-29 06:58:09.936 1491 2059 W WindowManager: at android.view.IWindow$Stub$Proxy.insetsChanged(IWindow.java:654)
11-29 06:58:09.936 1491 2059 W WindowManager: at com.android.server.wm.WindowState.notifyInsetsChanged(WindowState.java:3966)
11-29 06:58:09.936 1491 2059 W WindowManager: at com.android.server.wm.InsetsStateController.lambda$new$0(InsetsStateController.java:82)
11-29 06:58:09.936 1491 2059 W WindowManager: at com.android.server.wm.InsetsStateController$$ExternalSyntheticLambda3.accept(Unknown Source:2)
11-29 06:58:09.936 1491 2059 W WindowManager: at com.android.server.wm.WindowContainer$ForAllWindowsConsumerWrapper.apply(WindowContainer.java:2404)
11-29 06:58:09.936 1491 2059 W WindowManager: at com.android.server.wm.WindowContainer$ForAllWindowsConsumerWrapper.apply(WindowContainer.java:2394)
11-29 06:58:09.936 1491 2059 W WindowManager: at com.android.server.wm.WindowState.applyInOrderWithImeWindows(WindowState.java:4935)
11-29 06:58:09.936 1491 2059 W WindowManager: at com.android.server.wm.WindowState.forAllWindows(WindowState.java:4830)
11-29 06:58:09.936 1491 2059 W WindowManager: at com.android.server.wm.WindowContainer.forAllWindows(WindowContainer.java:1409)
11-29 06:58:09.936 1491 2059 W WindowManager: at com.android.server.wm.WindowContainer.forAllWindows(WindowContainer.java:1409)
11-29 06:58:09.936 1491 2059 W WindowManager: at com.android.server.wm.WindowContainer.forAllWindows(WindowContainer.java:1409)
11-29 06:58:09.936 1491 2059 W WindowManager: at com.android.server.wm.WindowContainer.forAllWindows(WindowContainer.java:1409)
11-29 06:58:09.936 1491 2059 W WindowManager: at com.android.server.wm.WindowContainer.forAllWindows(WindowContainer.java:1409)
11-29 06:58:09.936 1491 2059 W WindowManager: at com.android.server.wm.WindowContainer.forAllWindows(WindowContainer.java:1409)
11-29 06:58:09.936 1491 2059 W WindowManager: at com.android.server.wm.WindowContainer.forAllWindows(WindowContainer.java:1426)
11-29 06:58:09.936 1491 2059 W WindowManager: at com.android.server.wm.DisplayContent.notifyInsetsChanged(DisplayContent.java:1847)
11-29 06:58:09.936 1491 2059 W WindowManager: at com.android.server.wm.InsetsStateController.notifyInsetsChanged(InsetsStateController.java:571)
11-29 06:58:09.936 1491 2059 W WindowManager: at com.android.server.wm.InsetsStateController.onPostLayout(InsetsStateController.java:297)
11-29 06:58:09.936 1491 2059 W WindowManager: at com.android.server.wm.DisplayContent.applySurfaceChangesTransaction(DisplayContent.java:4324)
11-29 06:58:09.936 1491 2059 W WindowManager: at com.android.server.wm.RootWindowContainer.applySurfaceChangesTransaction(RootWindowContainer.java:1076)
11-29 06:58:09.936 1491 2059 W WindowManager: at com.android.server.wm.RootWindowContainer.performSurfacePlacementNoTrace(RootWindowContainer.java:852)
11-29 06:58:09.936 1491 2059 W WindowManager: at com.android.server.wm.RootWindowContainer.performSurfacePlacement(RootWindowContainer.java:805)
11-29 06:58:09.936 1491 2059 W WindowManager: at com.android.server.wm.WindowSurfacePlacer.performSurfacePlacementLoop(WindowSurfacePlacer.java:177)
11-29 06:58:09.936 1491 2059 W WindowManager: at com.android.server.wm.WindowSurfacePlacer.performSurfacePlacement(WindowSurfacePlacer.java:126)
11-29 06:58:09.936 1491 2059 W WindowManager: at com.android.server.wm.WindowSurfacePlacer.performSurfacePlacement(WindowSurfacePlacer.java:115)
11-29 06:58:09.936 1491 2059 W WindowManager: at com.android.server.wm.WindowManagerService.postWindowRemoveCleanupLocked(WindowManagerService.java:2107)
11-29 06:58:09.936 1491 2059 W WindowManager: at com.android.server.wm.WindowState.removeImmediately(WindowState.java:2426)
11-29 06:58:09.936 1491 2059 W WindowManager: at com.android.server.wm.WindowState.removeIfPossible(WindowState.java:2562)
11-29 06:58:09.936 1491 2059 W WindowManager: at com.android.server.wm.WindowState.access$300(WindowState.java:276)
11-29 06:58:09.936 1491 2059 W WindowManager: at com.android.server.wm.WindowState$DeathRecipient.binderDied(WindowState.java:3072)
11-29 06:58:09.936 1491 2059 W WindowManager: at android.os.IBinder$DeathRecipient.binderDied(IBinder.java:314)
11-29 06:58:09.936 1491 2059 W WindowManager: at android.os.BinderProxy.sendDeathNotice(BinderProxy.java:685)
11-29 06:58:09.936 1491 2059 W WindowManager: Failed to deliver inset state change w=Window{65ade7e u0 com.android.systemui.ImageWallpaper}
11-29 06:58:09.936 1491 2059 W WindowManager: android.os.DeadObjectException
11-29 06:58:09.936 1491 2059 W WindowManager: at android.os.BinderProxy.transactNative(Native Method)
11-29 06:58:09.936 1491 2059 W WindowManager: at android.os.BinderProxy.transact(BinderProxy.java:571)
11-29 06:58:09.936 1491 2059 W WindowManager: at android.view.IWindow$Stub$Proxy.insetsChanged(IWindow.java:654)
11-29 06:58:09.936 1491 2059 W WindowManager: at com.android.server.wm.WindowState.notifyInsetsChanged(WindowState.java:3966)
11-29 06:58:09.936 1491 2059 W WindowManager: at com.android.server.wm.InsetsStateController.lambda$new$0(InsetsStateController.java:82)
11-29 06:58:09.936 1491 2059 W WindowManager: at com.android.server.wm.InsetsStateController$$ExternalSyntheticLambda3.accept(Unknown Source:2)
11-29 06:58:09.936 1491 2059 W WindowManager: at com.android.server.wm.WindowContainer$ForAllWindowsConsumerWrapper.apply(WindowContainer.java:2404)
11-29 06:58:09.936 1491 2059 W WindowManager: at com.android.server.wm.WindowContainer$ForAllWindowsConsumerWrapper.apply(WindowContainer.java:2394)
11-29 06:58:09.936 1491 2059 W WindowManager: at com.android.server.wm.WindowState.applyInOrderWithImeWindows(WindowState.java:4935)
11-29 06:58:09.936 1491 2059 W WindowManager: at com.android.server.wm.WindowState.forAllWindows(WindowState.java:4830)
11-29 06:58:09.936 1491 2059 W WindowManager: at com.android.server.wm.WindowContainer.forAllWindows(WindowContainer.java:1409)
11-29 06:58:09.936 1491 2059 W WindowManager: at com.android.server.wm.WindowContainer.forAllWindows(WindowContainer.java:1409)
11-29 06:58:09.936 1491 2059 W WindowManager: at com.android.server.wm.WindowContainer.forAllWindows(WindowContainer.java:1409)
11-29 06:58:09.936 1491 2059 W WindowManager: at com.android.server.wm.WindowContainer.forAllWindows(WindowContainer.java:1409)
11-29 06:58:09.936 1491 2059 W WindowManager: at com.android.server.wm.WindowContainer.forAllWindows(WindowContainer.java:1409)
11-29 06:58:09.936 1491 2059 W WindowManager: at com.android.server.wm.WindowContainer.forAllWindows(WindowContainer.java:1409)
11-29 06:58:09.936 1491 2059 W WindowManager: at com.android.server.wm.WindowContainer.forAllWindows(WindowContainer.java:1409)
11-29 06:58:09.936 1491 2059 W WindowManager: at com.android.server.wm.WindowContainer.forAllWindows(WindowContainer.java:1409)
11-29 06:58:09.936 1491 2059 W WindowManager: at com.android.server.wm.WindowContainer.forAllWindows(WindowContainer.java:1426)
11-29 06:58:09.936 1491 2059 W WindowManager: at com.android.server.wm.DisplayContent.notifyInsetsChanged(DisplayContent.java:1847)
11-29 06:58:09.936 1491 2059 W WindowManager: at com.android.server.wm.InsetsStateController.notifyInsetsChanged(InsetsStateController.java:571)
11-29 06:58:09.936 1491 2059 W WindowManager: at com.android.server.wm.InsetsStateController.onPostLayout(InsetsStateController.java:297)
11-29 06:58:09.936 1491 2059 W WindowManager: at com.android.server.wm.DisplayContent.applySurfaceChangesTransaction(DisplayContent.java:4324)
11-29 06:58:09.936 1491 2059 W WindowManager: at com.android.server.wm.RootWindowContainer.applySurfaceChangesTransaction(RootWindowContainer.java:1076)
11-29 06:58:09.936 1491 2059 W WindowManager: at com.android.server.wm.RootWindowContainer.performSurfacePlacementNoTrace(RootWindowContainer.java:852)
11-29 06:58:09.936 1491 2059 W WindowManager: at com.android.server.wm.RootWindowContainer.performSurfacePlacement(RootWindowContainer.java:805)
11-29 06:58:09.936 1491 2059 W WindowManager: at com.android.server.wm.WindowSurfacePlacer.performSurfacePlacementLoop(WindowSurfacePlacer.java:177)
11-29 06:58:09.936 1491 2059 W WindowManager: at com.android.server.wm.WindowSurfacePlacer.performSurfacePlacement(WindowSurfacePlacer.java:126)
11-29 06:58:09.936 1491 2059 W WindowManager: at com.android.server.wm.WindowSurfacePlacer.performSurfacePlacement(WindowSurfacePlacer.java:115)
11-29 06:58:09.936 1491 2059 W WindowManager: at com.android.server.wm.WindowManagerService.postWindowRemoveCleanupLocked(WindowManagerService.java:2107)
11-29 06:58:09.936 1491 2059 W WindowManager: at com.android.server.wm.WindowState.removeImmediately(WindowState.java:2426)
11-29 06:58:09.936 1491 2059 W WindowManager: at com.android.server.wm.WindowState.removeIfPossible(WindowState.java:2562)
11-29 06:58:09.936 1491 2059 W WindowManager: at com.android.server.wm.WindowState.access$300(WindowState.java:276)
11-29 06:58:09.936 1491 2059 W WindowManager: at com.android.server.wm.WindowState$DeathRecipient.binderDied(WindowState.java:3072)
11-29 06:58:09.936 1491 2059 W WindowManager: at android.os.IBinder$DeathRecipient.binderDied(IBinder.java:314)
11-29 06:58:09.936 1491 2059 W WindowManager: at android.os.BinderProxy.sendDeathNotice(BinderProxy.java:685)
11-29 06:58:09.937 1491 8646 I WindowManager: WIN DEATH: Window{b10ffe2 u0 NotificationShade}
11-29 06:58:09.938 1491 5277 D CompatibilityChangeReporter: Compat change id reported: 157929241; UID 10082; state: LOGGED
11-29 06:58:09.939 1491 8646 W KeyguardServiceWrapper: Remote Exception
11-29 06:58:09.939 1491 8646 W KeyguardServiceWrapper: android.os.DeadObjectException
11-29 06:58:09.939 1491 8646 W KeyguardServiceWrapper: at android.os.BinderProxy.transactNative(Native Method)
11-29 06:58:09.939 1491 8646 W KeyguardServiceWrapper: at android.os.BinderProxy.transact(BinderProxy.java:571)
11-29 06:58:09.939 1491 8646 W KeyguardServiceWrapper: at com.android.internal.policy.IKeyguardService$Stub$Proxy.setOccluded(IKeyguardService.java:494)
11-29 06:58:09.939 1491 8646 W KeyguardServiceWrapper: at com.android.server.policy.keyguard.KeyguardServiceWrapper.setOccluded(KeyguardServiceWrapper.java:62)
11-29 06:58:09.939 1491 8646 W KeyguardServiceWrapper: at com.android.server.policy.keyguard.KeyguardServiceDelegate.setOccluded(KeyguardServiceDelegate.java:270)
11-29 06:58:09.939 1491 8646 W KeyguardServiceWrapper: at com.android.server.policy.PhoneWindowManager.setKeyguardOccludedLw(PhoneWindowManager.java:3315)
11-29 06:58:09.939 1491 8646 W KeyguardServiceWrapper: at com.android.server.policy.PhoneWindowManager.setKeyguardCandidateLw(PhoneWindowManager.java:3284)
11-29 06:58:09.939 1491 8646 W KeyguardServiceWrapper: at com.android.server.wm.DisplayPolicy.removeWindowLw(DisplayPolicy.java:1401)
11-29 06:58:09.939 1491 8646 W KeyguardServiceWrapper: at com.android.server.wm.WindowState.removeImmediately(WindowState.java:2412)
11-29 06:58:09.939 1491 8646 W KeyguardServiceWrapper: at com.android.server.wm.WindowState.removeIfPossible(WindowState.java:2562)
11-29 06:58:09.939 1491 8646 W KeyguardServiceWrapper: at com.android.server.wm.WindowState.access$300(WindowState.java:276)
11-29 06:58:09.939 1491 8646 W KeyguardServiceWrapper: at com.android.server.wm.WindowState$DeathRecipient.binderDied(WindowState.java:3072)
11-29 06:58:09.939 1491 8646 W KeyguardServiceWrapper: at android.os.IBinder$DeathRecipient.binderDied(IBinder.java:314)
11-29 06:58:09.939 1491 8646 W KeyguardServiceWrapper: at android.os.BinderProxy.sendDeathNotice(BinderProxy.java:685)
11-29 06:58:09.942 1491 7072 I WindowManager: WIN DEATH: Window{2638587 u0 freeform_top_left_tip_window}
11-29 06:58:09.943 1491 10783 I WindowManager: WIN DEATH: Window{9a7a39b u0 freeform_bottom_right_tip_window}
11-29 06:58:09.947 1491 8854 I WindowManager: WIN DEATH: Window{168f323 u0 freeform_top_right_tip_window}
11-29 06:58:09.949 1491 8592 I WindowManager: WIN DEATH: Window{bcd9e7f u0 freeform_bottom_left_tip_window}
11-29 06:58:09.951 1491 2106 I WindowManager: WIN DEATH: Window{4e18d98 u0 SecondaryHomeHandle0}
11-29 06:58:09.952 1491 7658 I WindowManager: WIN DEATH: Window{48ac629 u0 EdgeBackGestureHandler0}
11-29 06:58:09.953 1491 2770 I WindowManager: WIN DEATH: Window{65ade7e u0 com.android.systemui.ImageWallpaper}
11-29 06:58:09.957 1491 9316 E WindowManager: Failed to notify cancel
11-29 06:58:09.957 1491 9316 E WindowManager: android.os.DeadObjectException
11-29 06:58:09.957 1491 9316 E WindowManager: at android.os.BinderProxy.transactNative(Native Method)
11-29 06:58:09.957 1491 9316 E WindowManager: at android.os.BinderProxy.transact(BinderProxy.java:571)
11-29 06:58:09.957 1491 9316 E WindowManager: at android.view.IRemoteAnimationRunner$Stub$Proxy.onAnimationCancelled(IRemoteAnimationRunner.java:187)
11-29 06:58:09.957 1491 9316 E WindowManager: at com.android.server.wm.RemoteAnimationController.invokeAnimationCancelled(RemoteAnimationController.java:301)
11-29 06:58:09.957 1491 9316 E WindowManager: at com.android.server.wm.RemoteAnimationController.cancelAnimation(RemoteAnimationController.java:172)
11-29 06:58:09.957 1491 9316 E WindowManager: at com.android.server.wm.RemoteAnimationController.binderDied(RemoteAnimationController.java:345)
11-29 06:58:09.957 1491 9316 E WindowManager: at android.os.IBinder$DeathRecipient.binderDied(IBinder.java:314)
11-29 06:58:09.957 1491 9316 E WindowManager: at android.os.BinderProxy.sendDeathNotice(BinderProxy.java:685)
11-29 06:58:09.958 1491 11109 I wm_task_removed: [147,setTaskOrganizer]
11-29 06:58:09.958 1491 11109 I wm_task_removed: [148,setTaskOrganizer]
11-29 06:58:09.958 1491 11109 I wm_task_removed: [149,setTaskOrganizer]
11-29 06:58:09.958 1491 11109 I wm_task_removed: [150,setTaskOrganizer]
11-29 06:58:09.959 1491 11109 I wm_task_removed: [151,setTaskOrganizer]
11-29 06:58:09.959 1491 9480 W ActivityManager: Scheduling restart of crashed service com.android.systemui/.SystemUIService in 0ms for persistent
11-29 06:58:09.959 1491 9480 I am_schedule_service_restart: [0,com.android.systemui/.SystemUIService,0]
11-29 06:58:09.960 1491 1600 I input_focus: [Focus request ffff16d com.android.music/com.android.music.MusicBrowserActivity,reason=UpdateInputWindows]
11-29 06:58:09.962 18447 18447 I wm_on_paused_called: [152765179,com.android.music.MusicBrowserActivity,performPause]
11-29 06:58:09.963 1491 9480 W ActivityManager: Scheduling restart of crashed service com.android.systemui/.dump.SystemUIAuxiliaryDumpService in 0ms for persistent
11-29 06:58:09.964 1491 9480 I am_schedule_service_restart: [0,com.android.systemui/.dump.SystemUIAuxiliaryDumpService,0]
11-29 06:58:09.965 1491 7158 I ActivityTaskManager: FOREGROUND_APPLICATION_CHANGED to com.android.settings.applications.InstalledAppDetailsTop
11-29 06:58:09.965 1491 7158 I ActivityTaskManager: The Process com.android.settings Already Exists in BG. So sending its PID: 19783
11-29 06:58:09.966 1491 7158 I wm_add_to_stopping: [0,152765179,com.android.music/.MusicBrowserActivity,makeInvisible]
11-29 06:58:09.966 1491 7158 I wm_restart_activity: [0,172516161,157,com.android.settings/.applications.InstalledAppDetails]
11-29 06:58:09.968 1491 7158 I wm_set_resumed_activity: [0,com.android.settings/.applications.InstalledAppDetails,minimalResumeActivityLocked]
11-29 06:58:09.969 1491 9480 W ActivityManager: Scheduling restart of crashed service com.android.systemui/.keyguard.KeyguardService in 0ms for persistent
11-29 06:58:09.969 1491 9480 I am_schedule_service_restart: [0,com.android.systemui/.keyguard.KeyguardService,0]
11-29 06:58:09.970 1491 9480 W ActivityManager: Scheduling restart of crashed service com.android.systemui/.ImageWallpaper in 0ms for persistent
11-29 06:58:09.970 1491 9480 I am_schedule_service_restart: [0,com.android.systemui/.ImageWallpaper,0]
11-29 06:58:09.971 1491 9480 I am_uid_stopped: 10082
11-29 06:58:09.971 1491 9480 W ActivityManager: Re-adding persistent process ProcessRecord{f94d6b6 19381:com.android.systemui/u0a82}
11-29 06:58:09.974 1491 9480 I am_uid_running: 10082
11-29 06:58:09.975 1491 9480 D CompatibilityChangeReporter: Compat change id reported: 135634846; UID 10082; state: DISABLED
11-29 06:58:09.975 1491 9480 D CompatibilityChangeReporter: Compat change id reported: 177438394; UID 10082; state: DISABLED
11-29 06:58:09.975 1491 9480 D CompatibilityChangeReporter: Compat change id reported: 135772972; UID 10082; state: DISABLED
11-29 06:58:09.975 1491 9480 D CompatibilityChangeReporter: Compat change id reported: 135754954; UID 10082; state: ENABLED
11-29 06:58:09.976 1491 1609 D CompatibilityChangeReporter: Compat change id reported: 143937733; UID 10082; state: ENABLED
11-29 06:58:09.981 1491 1597 W Looper : Slow dispatch took 185ms android.ui h=com.android.server.am.AppErrorDialog$1 c=null m=8
11-29 06:58:09.983 1491 1599 I wm_stop_activity: [0,254362067,com.android.launcher3/.uioverrides.QuickstepLauncher]
11-29 06:58:09.983 1491 1597 I wm_set_keyguard_shown: [1,0,0,setKeyguardShown]
11-29 06:58:09.988 1491 1609 I am_proc_start: [0,19842,10082,com.android.systemui,restart,com.android.systemui]
11-29 06:58:09.988 1491 1609 I ActivityManager: Start proc 19842:com.android.systemui/u0a82 for restart com.android.systemui
11-29 06:58:09.997 1491 1597 D ActivityTaskManager: Top Process State changed to PROCESS_STATE_TOP_SLEEPING
11-29 06:58:09.998 1491 1597 I wm_pause_activity: [0,172516161,com.android.settings/.applications.InstalledAppDetails,userLeaving=false,sleep]
11-29 06:58:09.998 1491 1597 I wm_add_to_stopping: [0,172516161,com.android.settings/.applications.InstalledAppDetails,makeInvisible]
11-29 06:58:10.014 1491 1599 I sysui_multi_action: [757,803,799,window_time_0,802,9]
11-29 06:58:10.017 1491 1599 I wm_stop_activity: [0,152765179,com.android.music/.MusicBrowserActivity]
11-29 06:58:10.020 1491 1599 I sysui_multi_action: [757,1144,758,8,806,com.android.settings,871,com.android.settings.applications.InstalledAppDetails]
11-29 06:58:10.021 1491 7158 I am_proc_bound: [0,19842,com.android.systemui]
11-29 06:58:10.023 1491 7158 D CompatibilityChangeReporter: Compat change id reported: 168419799; UID 10082; state: DISABLED
11-29 06:58:10.024 1491 7158 I am_uid_active: 10082
11-29 06:58:10.026 16043 16059 W ContextImpl: Calling a method in the system process without a qualified user: android.app.ContextImpl.startService:1816 android.content.ContextWrapper.startService:774 com.thundercomm.gamemode.ingame.services.GameModeActionUtils.startGameModeService:93 com.thundercomm.gamemode.ingame.services.GameModeActionUtils.startGameModeEntry:21 com.thundercomm.gamemode.ingame.services.ActivityMonitoringService$1.onActivityLaunch:127
11-29 06:58:10.030 18447 18447 I wm_on_stop_called: [152765179,com.android.music.MusicBrowserActivity,STOP_ACTIVITY_ITEM]
11-29 06:58:10.031 9956 9956 I wm_on_stop_called: [254362067,com.android.launcher3.uioverrides.QuickstepLauncher,STOP_ACTIVITY_ITEM]
11-29 06:58:10.032 1491 1491 I GameModeConfig: Current uri is uri = content://com.thundercomm.gamemode.api/gamemode_settings/gamemode_isgaming
11-29 06:58:10.036 1491 1491 I GameModeConfig: isGameModeOn = false
11-29 06:58:10.036 1491 1491 I GameModeConfig: isGameModeOn = false
11-29 06:58:10.036 1491 1491 I GameModeConfig: isDisableVoice = true
11-29 06:58:10.054 16043 16059 W ContextImpl: Calling a method in the system process without a qualified user: android.app.ContextImpl.startService:1816 android.content.ContextWrapper.startService:774 com.thundercomm.gamemode.ingame.services.GameModeActionUtils.startGameModeService:93 com.thundercomm.gamemode.ingame.services.GameModeActionUtils.startGameModeEntry:21 com.thundercomm.gamemode.ingame.services.ActivityMonitoringService$1.onActivityLaunch:127
11-29 06:58:10.062 1491 1491 I GameModeConfig: Current uri is uri = content://com.thundercomm.gamemode.api/gamemode_settings/gamemode_isgaming
11-29 06:58:10.063 1491 1491 I GameModeConfig: isGameModeOn = false
11-29 06:58:10.063 1491 1491 I GameModeConfig: isGameModeOn = false
11-29 06:58:10.063 1491 1491 I GameModeConfig: isDisableVoice = true
11-29 06:58:10.068 1491 2068 I wm_task_created: [158,-1]
11-29 06:58:10.070 1491 2068 I wm_task_created: [159,-1]
11-29 06:58:10.070 16043 16059 W ContextImpl: Calling a method in the system process without a qualified user: android.app.ContextImpl.startService:1816 android.content.ContextWrapper.startService:774 com.thundercomm.gamemode.ingame.services.GameModeActionUtils.startGameModeService:93 com.thundercomm.gamemode.ingame.services.GameModeActionUtils.startGameModeEntry:21 com.thundercomm.gamemode.ingame.services.ActivityMonitoringService$1.onActivityLaunch:127
11-29 06:58:10.076 1491 1491 I GameModeConfig: Current uri is uri = content://com.thundercomm.gamemode.api/gamemode_settings/gamemode_isgaming
11-29 06:58:10.077 1491 1491 I GameModeConfig: isGameModeOn = false
11-29 06:58:10.077 1491 1491 I GameModeConfig: isGameModeOn = false
11-29 06:58:10.077 1491 1491 I GameModeConfig: isDisableVoice = true
11-29 06:58:10.079 1491 9950 I wm_task_created: [160,-1]
11-29 06:58:10.080 1491 9950 I wm_task_created: [161,-1]
11-29 06:58:10.082 1491 9950 I wm_task_created: [162,-1]
11-29 06:58:10.093 16043 16059 W ContextImpl: Calling a method in the system process without a qualified user: android.app.ContextImpl.startService:1816 android.content.ContextWrapper.startService:774 com.thundercomm.gamemode.ingame.services.GameModeActionUtils.startGameModeService:93 com.thundercomm.gamemode.ingame.services.GameModeActionUtils.startGameModeEntry:21 com.thundercomm.gamemode.ingame.services.ActivityMonitoringService$1.onActivityLaunch:127
11-29 06:58:10.095 19842 19842 W OneHandedController: Device doesn't support OneHanded feature
11-29 06:58:10.100 1491 1491 I GameModeConfig: Current uri is uri = content://com.thundercomm.gamemode.api/gamemode_settings/gamemode_isgaming
11-29 06:58:10.102 1491 1491 I GameModeConfig: isGameModeOn = false
11-29 06:58:10.102 1491 1491 I GameModeConfig: isGameModeOn = false
11-29 06:58:10.102 1491 1491 I GameModeConfig: isDisableVoice = true
11-29 06:58:10.110 1491 7158 D TelephonyRegistry: listen oscl: mHasNotifySubscriptionInfoChangedOccurred==false no callback
11-29 06:58:10.110 1491 11109 I ActivityTaskManager: START u0 {act=android.settings.APPLICATION_DETAILS_SETTINGS dat=package:com.android.systemui flg=0x10000000 cmp=com.android.settings/.homepage.SettingsHomepageActivity (has extras)} from uid 1000
11-29 06:58:10.111 1491 1491 D TrustManagerService: Removing dead TrustListener.
11-29 06:58:10.114 1491 11109 I wm_task_created: [163,-1]
11-29 06:58:10.114 1491 11109 W ActivityTaskManager: Can't find TaskDisplayArea to determine support for multi window. Task id=163 attached=false
11-29 06:58:10.117 1491 11109 I wm_task_moved: [163,1,8]
11-29 06:58:10.117 1491 11109 I wm_task_to_front: [0,163]
11-29 06:58:10.117 1491 11109 I wm_create_task: [0,163]
11-29 06:58:10.117 1491 11109 I wm_create_activity: [0,132832863,163,com.android.settings/.homepage.SettingsHomepageActivity,android.settings.APPLICATION_DETAILS_SETTINGS,NULL,package:com.android.systemui,268435456]
11-29 06:58:10.117 1491 11109 I wm_task_moved: [163,1,8]
11-29 06:58:10.124 1491 11109 I wm_finish_activity: [0,172516161,157,com.android.settings/.applications.InstalledAppDetails,app-request]
11-29 06:58:10.124 19783 19783 I wm_on_create_called: [172516161,com.android.settings.applications.InstalledAppDetails,performCreate]
11-29 06:58:10.125 1491 9950 D CompatibilityChangeReporter: Compat change id reported: 157233955; UID 10082; state: ENABLED
11-29 06:58:10.125 1491 2061 I ActivityTaskManager: FOREGROUND_APPLICATION_CHANGED to com.android.settings.homepage.SettingsHomepageActivity
11-29 06:58:10.125 1491 2061 I ActivityTaskManager: The Process com.android.settings Already Exists in BG. So sending its PID: 19783
11-29 06:58:10.126 1491 2061 W ActivityTaskManager: Tried to set launchTime (0) < mLastActivityLaunchTime (13468445)
11-29 06:58:10.127 1491 2061 I wm_restart_activity: [0,132832863,163,com.android.settings/.homepage.SettingsHomepageActivity]
11-29 06:58:10.127 1491 2061 I wm_set_resumed_activity: [0,com.android.settings/.homepage.SettingsHomepageActivity,minimalResumeActivityLocked]
11-29 06:58:10.128 1491 2061 I wm_add_to_stopping: [0,132832863,com.android.settings/.homepage.SettingsHomepageActivity,makeInvisible]
11-29 06:58:10.128 1491 2061 I wm_pause_activity: [0,132832863,com.android.settings/.homepage.SettingsHomepageActivity,userLeaving=false,sleep]
11-29 06:58:10.134 1491 1599 I wm_destroy_activity: [0,172516161,157,com.android.settings/.applications.InstalledAppDetails,finish-imm:idle]
11-29 06:58:10.134 1491 1599 I sysui_multi_action: [757,803,799,window_time_0,802,0]
11-29 06:58:10.142 1491 9950 W BluetoothManagerService: psc is not null in bindBluetoothProfileService
11-29 06:58:10.174 1491 1760 I GameModeConfig: isGameModeOn = false
11-29 06:58:10.174 1491 1760 I GameModeConfig: isGameModeOn = false
11-29 06:58:10.174 1491 1760 I GameModeConfig: isGameModeOn = false
11-29 06:58:10.174 1491 1760 I GameModeConfig: isGameModeOn = false
11-29 06:58:10.175 1491 1491 I notification_enqueue: [10082,19842,com.android.systemui,1,empty_media,0,Notification(channel=empty_media_style_id shortcut=null contentView=null vibrate=null sound=null defaults=0x0 flags=0x20 color=0x00000000 category=transport actions=4 vis=PRIVATE),0]
11-29 06:58:10.181 1491 1491 I notification_cancel_all: [1000,1491,com.android.systemui,0,0,0,20,NULL]
11-29 06:58:10.182 1491 1760 I GameModeConfig: isGameModeOn = false
11-29 06:58:10.182 1491 1760 I GameModeConfig: isGameModeOn = false
11-29 06:58:10.182 1491 1760 I GameModeConfig: isGameModeOn = false
11-29 06:58:10.182 1491 1760 I GameModeConfig: isGameModeOn = false
11-29 06:58:10.194 19783 19783 I wm_on_create_called: [132832863,com.android.settings.homepage.SettingsHomepageActivity,performCreate]
11-29 06:58:10.197 1491 2061 I wm_set_keyguard_shown: [0,0,0,setKeyguardShown]
11-29 06:58:10.197 1491 2061 D ActivityTaskManager: Top Process State changed to PROCESS_STATE_TOP
11-29 06:58:10.198 1491 2061 D ActivityTaskManager: awakeFromSleepingLocked: previously pausing activity didn't pause
11-29 06:58:10.198 1491 2061 I wm_set_resumed_activity: [0,com.android.settings/.homepage.SettingsHomepageActivity,resumeTopActivityInnerLocked]
11-29 06:58:10.199 1491 2061 I wm_resume_activity: [0,132832863,163,com.android.settings/.homepage.SettingsHomepageActivity]
11-29 06:58:10.209 1491 11109 E UserRestrictionsUtils: Unknown restriction queried by uid 1000 (com.qualcomm.qti.qdma et al): null
11-29 06:58:10.209 1491 11109 E UserRestrictionsUtils: Unknown restriction queried by uid 1000 (com.qualcomm.qti.qdma et al): null
11-29 06:58:10.210 1491 11109 E UserRestrictionsUtils: Unknown restriction queried by uid 1000 (com.qualcomm.qti.qdma et al): null
11-29 06:58:10.210 1491 1599 I sysui_multi_action: [757,803,799,window_time_0,802,0]
11-29 06:58:10.210 1491 11109 E UserRestrictionsUtils: Unknown restriction queried by uid 1000 (com.qualcomm.qti.qdma et al): null
11-29 06:58:10.210 1491 11109 E UserRestrictionsUtils: Unknown restriction queried by uid 1000 (com.qualcomm.qti.qdma et al): null
11-29 06:58:10.210 1491 11109 E UserRestrictionsUtils: Unknown restriction queried by uid 1000 (com.qualcomm.qti.qdma et al): null
11-29 06:58:10.211 1491 2061 E UserRestrictionsUtils: Unknown restriction queried by uid 1000 (com.qualcomm.qti.qdma et al): null
11-29 06:58:10.211 1491 2061 E UserRestrictionsUtils: Unknown restriction queried by uid 1000 (com.qualcomm.qti.qdma et al): null
11-29 06:58:10.211 1491 11109 E UserRestrictionsUtils: Unknown restriction queried by uid 1000 (com.qualcomm.qti.qdma et al): null
11-29 06:58:10.212 1491 7158 E UserRestrictionsUtils: Unknown restriction queried by uid 1000 (com.qualcomm.qti.qdma et al): null
11-29 06:58:10.212 1491 7158 E UserRestrictionsUtils: Unknown restriction queried by uid 1000 (com.qualcomm.qti.qdma et al): null
11-29 06:58:10.213 1491 7158 E UserRestrictionsUtils: Unknown restriction queried by uid 1000 (com.qualcomm.qti.qdma et al): null
11-29 06:58:10.213 1491 7158 E UserRestrictionsUtils: Unknown restriction queried by uid 1000 (com.qualcomm.qti.qdma et al): null
11-29 06:58:10.213 1491 7158 E UserRestrictionsUtils: Unknown restriction queried by uid 1000 (com.qualcomm.qti.qdma et al): null
11-29 06:58:10.213 1491 11109 E UserRestrictionsUtils: Unknown restriction queried by uid 1000 (com.qualcomm.qti.qdma et al): null
11-29 06:58:10.213 1491 7158 E UserRestrictionsUtils: Unknown restriction queried by uid 1000 (com.qualcomm.qti.qdma et al): null
11-29 06:58:10.213 1491 7158 E UserRestrictionsUtils: Unknown restriction queried by uid 1000 (com.qualcomm.qti.qdma et al): null
11-29 06:58:10.214 1491 11109 E UserRestrictionsUtils: Unknown restriction queried by uid 1000 (com.qualcomm.qti.qdma et al): null
11-29 06:58:10.228 19842 19891 I sysui_multi_action: [757,213,758,4,759,-1]
11-29 06:58:10.229 19842 19842 W CarrierConfigManager: Error getting config for subId -1 ICarrierConfigLoader is null
11-29 06:58:10.234 1491 11109 D TelephonyRegistry: listen oscl: mHasNotifySubscriptionInfoChangedOccurred==false no callback
11-29 06:58:10.242 19783 19783 I wm_on_start_called: [132832863,com.android.settings.homepage.SettingsHomepageActivity,handleStartActivity]
11-29 06:58:10.242 19783 19783 I snet_event_log: [120484087,-1,]
11-29 06:58:10.243 19783 19783 I wm_on_resume_called: [132832863,com.android.settings.homepage.SettingsHomepageActivity,RESUME_ACTIVITY]
11-29 06:58:10.245 19783 19783 I sysui_multi_action: [757,35,758,1,833,0,1089,46]
11-29 06:58:10.249 1491 9950 W ActivityManager: Receiver with filter android.content.IntentFilter@78fed5f already registered for pid 19842, callerPackage is com.android.systemui
11-29 06:58:10.250 19783 19783 I sysui_multi_action: [757,1729,758,4,854,isParalleledControllers:false,1089,52]
11-29 06:58:10.256 19783 19783 I wm_on_top_resumed_gained_called: [132832863,com.android.settings.homepage.SettingsHomepageActivity,topStateChangedWhenResumed]
11-29 06:58:10.256 19783 19783 I wm_on_top_resumed_lost_called: [132832863,com.android.settings.homepage.SettingsHomepageActivity,topStateChangedWhenResumed]
11-29 06:58:10.257 19783 19783 I sysui_multi_action: [757,35,758,2,1089,13]
11-29 06:58:10.257 19783 19783 I wm_on_paused_called: [132832863,com.android.settings.homepage.SettingsHomepageActivity,performPause]
11-29 06:58:10.257 1491 9950 I wm_failed_to_pause: [0,132832863,com.android.settings/.homepage.SettingsHomepageActivity,(none)]
11-29 06:58:10.258 19783 19783 I wm_on_destroy_called: [172516161,com.android.settings.applications.InstalledAppDetails,performDestroy]
11-29 06:58:10.259 1491 1700 I StatusBarManagerService: registerStatusBar bar=com.android.internal.statusbar.IStatusBar$Stub$Proxy@6b688e5
11-29 06:58:10.260 1491 9950 I wm_task_removed: [157,removeChild:removeChild last r=ActivityRecord{a486341 u0 com.android.settings/.applications.InstalledAppDetails t-1 f}} in t=Task{ee05300 #157 type=standard A=1000:com.android.settings U=0 visible=false mode=fullscreen translucent=true sz=0}]
11-29 06:58:10.261 1491 9950 I wm_task_removed: [157,removeChild]
11-29 06:58:10.264 1491 1600 W ActivityTaskManager: Can't find TaskDisplayArea to determine support for multi window. Task id=157 attached=false
11-29 06:58:10.264 1491 1600 W ActivityTaskManager: Can't find TaskDisplayArea to determine support for multi window. Task id=157 attached=false
11-29 06:58:10.266 19783 19783 I wm_on_resume_called: [132832863,com.android.settings.homepage.SettingsHomepageActivity,RESUME_ACTIVITY]
11-29 06:58:10.266 19783 19783 I sysui_multi_action: [757,35,758,1,833,0,1089,0]
11-29 06:58:10.295 1491 1600 I input_focus: [Focus request 734ec4f com.android.settings/com.android.settings.homepage.SettingsHomepageActivity,reason=UpdateInputWindows]
11-29 06:58:10.310 16043 16059 W ContextImpl: Calling a method in the system process without a qualified user: android.app.ContextImpl.startService:1816 android.content.ContextWrapper.startService:774 com.thundercomm.gamemode.ingame.services.GameModeActionUtils.startGameModeService:93 com.thundercomm.gamemode.ingame.services.GameModeActionUtils.startGameModeEntry:21 com.thundercomm.gamemode.ingame.services.ActivityMonitoringService$1.onActivityLaunch:127
11-29 06:58:10.313 1491 1491 I GameModeConfig: Current uri is uri = content://com.thundercomm.gamemode.api/gamemode_settings/gamemode_isgaming
11-29 06:58:10.317 1491 1491 I GameModeConfig: isGameModeOn = false
11-29 06:58:10.318 1491 1491 I GameModeConfig: isGameModeOn = false
11-29 06:58:10.318 1491 1491 I GameModeConfig: isDisableVoice = true
11-29 06:58:10.325 19783 19783 I wm_on_top_resumed_gained_called: [132832863,com.android.settings.homepage.SettingsHomepageActivity,topStateChangedWhenResumed]
11-29 06:58:10.327 1491 1596 I wm_activity_launch_time: [0,132832863,com.android.settings/.homepage.SettingsHomepageActivity,216]
11-29 06:58:10.377 1491 1491 I sysui_multi_action: [757,1501,758,1,793,204,794,0,795,204,796,1,797,empty_media,806,com.android.systemui,857,empty_media_style_id,858,4,947,0,1500,0,1641,transport,1688,1,1745,1043716538]
11-29 06:58:10.378 1491 1491 I sysui_multi_action: [757,804,799,note_interruptive,801,0,802,1]
11-29 06:58:10.378 1491 1491 I GameModeConfig: isGameModeOn = false
11-29 06:58:10.382 1491 1491 W NotificationHistory: Attempted to add notif for locked/gone/disabled user 0
11-29 06:58:10.463 1491 1491 W WindowManager: addWindowToken: Attempted to add binder token: android.os.Binder@a213996 for already created window token: WallpaperWindowToken{fb56917 token=android.os.Binder@a213996} displayId=0
11-29 06:58:10.473 1491 1599 W ActivityManager: setHasOverlayUi called on unknown pid: 19381
11-29 06:58:10.488 1491 9950 D TelephonyRegistry: listen oscl: mHasNotifySubscriptionInfoChangedOccurred==false no callback
11-29 06:58:10.489 19783 19783 I sysui_multi_action: [757,20,758,1,833,0,1089,54]
11-29 06:58:10.502 1491 9316 I netstats_mobile_sample: [0,0,0,0,0,0,0,0,0,0,0,0,1669676290502]
11-29 06:58:10.502 1491 9316 I netstats_wifi_sample: [338556006,782676,147395711,339617,338556006,782676,147395711,339617,412302387,1351254,74259934,173942,1669676290502]
11-29 06:58:10.509 19783 19783 I sysui_multi_action: [757,1729,758,4,854,isParalleledControllers:false,1089,73]
11-29 06:58:10.544 1491 2068 I am_uid_running: 10094
11-29 06:58:10.545 1491 2068 D CompatibilityChangeReporter: Compat change id reported: 135634846; UID 10094; state: DISABLED
11-29 06:58:10.545 1491 2068 D CompatibilityChangeReporter: Compat change id reported: 177438394; UID 10094; state: DISABLED
11-29 06:58:10.545 1491 2068 D CompatibilityChangeReporter: Compat change id reported: 135772972; UID 10094; state: DISABLED
11-29 06:58:10.545 1491 2068 D CompatibilityChangeReporter: Compat change id reported: 135754954; UID 10094; state: DISABLED
11-29 06:58:10.545 1491 1609 D CompatibilityChangeReporter: Compat change id reported: 143937733; UID 10094; state: DISABLED
11-29 06:58:10.553 1491 1609 I am_proc_start: [0,19950,10094,com.android.permissioncontroller,service,{com.android.permissioncontroller/com.android.permissioncontroller.role.service.RoleControllerServiceImpl}]
11-29 06:58:10.553 1491 1609 I ActivityManager: Start proc 19950:com.android.permissioncontroller/u0a94 for service {com.android.permissioncontroller/com.android.permissioncontroller.role.service.RoleControllerServiceImpl}
11-29 06:58:10.575 1491 9316 I am_proc_bound: [0,19950,com.android.permissioncontroller]
11-29 06:58:10.581 1491 1760 I GameModeConfig: isGameModeOn = false
11-29 06:58:10.583 1491 9316 I am_uid_active: 10094
11-29 06:58:10.602 1491 1760 I GameModeConfig: isGameModeOn = false
11-29 06:58:10.706 1491 1700 W WindowManager: Attempted to add starting window to token but already cleaned
11-29 06:58:10.706 19842 19860 W StartingSurfaceDrawer: android.os.BinderProxy@aa38f4b already running, starting window not displayed. Unable to add window -- window android.view.ViewRootImpl$W@abc081a has already been added
11-29 06:58:10.706 19842 19860 W StartingSurfaceDrawer: view not successfully added to wm, removing view
11-29 06:58:10.723 1491 1693 I input_focus: [Focus entering 734ec4f com.android.settings/com.android.settings.homepage.SettingsHomepageActivity (server),reason=Window became focusable. Previous reason: NOT_VISIBLE]
11-29 06:58:10.794 1491 1608 W BroadcastQueue: Background execution not allowed: receiving Intent { act=android.intent.action.USER_PRESENT flg=0x24200010 } to com.microsoft.emmx/org.chromium.chrome.browser.sharing.click_to_call.ClickToCallMessageHandler$PhoneUnlockedReceiver
11-29 06:58:10.809 19842 19842 I sysui_multi_action: [757,111,758,1]
11-29 06:58:10.809 19842 19842 I sysui_multi_action: [757,126,758,1,759,126,927,0,928,0,1593,0]
11-29 06:58:10.809 19842 19842 I sysui_multi_action: [757,113,758,1,759,113,927,1,928,1,1593,0]
11-29 06:58:10.809 19842 19842 I sysui_multi_action: [757,0,758,1,759,0,927,2,928,0,1593,0]
11-29 06:58:10.809 19842 19842 I sysui_multi_action: [757,0,758,1,759,0,927,3,928,0,1593,0]
11-29 06:58:10.810 19842 19842 I sysui_multi_action: [757,491,758,1,759,491,927,4,928,0,1311,-1,1593,0]
11-29 06:58:10.810 19842 19842 I sysui_multi_action: [757,0,758,1,759,0,927,5,928,0,1593,0]
11-29 06:58:10.810 19842 19842 I sysui_multi_action: [757,111,758,1]
11-29 06:58:10.810 19842 19842 I sysui_multi_action: [757,126,758,1,759,126,927,0,928,0,1593,0]
11-29 06:58:10.810 19842 19842 I sysui_multi_action: [757,113,758,1,759,113,927,1,928,1,1593,0]
11-29 06:58:10.810 19842 19842 I sysui_multi_action: [757,0,758,1,759,0,927,2,928,0,1593,0]
11-29 06:58:10.810 19842 19842 I sysui_multi_action: [757,0,758,1,759,0,927,3,928,0,1593,0]
11-29 06:58:10.907 1491 1491 I sysui_multi_action: [757,128,758,5,759,8,793,734,794,0,795,734,796,1,797,empty_media,806,com.android.systemui,857,empty_media_style_id,858,4,947,0,1500,530,1641,transport,1688,1,1745,1043716538]
11-29 06:58:10.907 1491 1491 I notification_canceled: [0|com.android.systemui|1|empty_media|10082,8,734,734,0,-1,-1,NULL]
11-29 06:58:10.908 1491 1491 I service_manager_stats: [100,86,43377]
11-29 06:58:10.909 1491 1491 D CompatibilityChangeReporter: Compat change id reported: 175319604; UID 1000; state: ENABLED
11-29 06:58:10.910 1491 1491 D CompatibilityChangeReporter: Compat change id reported: 175319604; UID 1000; state: DISABLED
11-29 06:58:10.913 1491 1491 D CompatibilityChangeReporter: Compat change id reported: 175319604; UID 10082; state: ENABLED
11-29 06:58:10.958 19842 19842 I sysui_multi_action: [757,803,799,note_peek,802,1]
11-29 06:58:10.960 1491 9316 I sysui_multi_action: [757,127,758,1]
11-29 06:58:10.960 1491 9316 I sysui_multi_action: [757,804,799,note_load,801,1,802,1]
11-29 06:58:10.960 1491 9316 I notification_panel_revealed: 1
11-29 06:58:10.960 19842 19842 I sysui_heads_up_status: [-1|android|26|null|1000,1]
11-29 06:58:11.079 353 353 I auditd : type=1400 audit(0.0:14326): avc: denied { kill } for comm="irq/382-atmel_m" capability=5 scontext=u:r:kernel:s0 tcontext=u:r:kernel:s0 tclass=capability permissive=0
11-29 06:58:11.465 1491 1700 I sysui_multi_action: [757,128,758,1,793,12056238,794,0,795,12056238,796,26,798,0,806,android,857,DEVELOPER_IMPORTANT,858,4,947,0,1395,2,1500,12056033,1688,1]
11-29 06:58:11.465 1491 1700 I sysui_multi_action: [757,804,799,note_freshness,801,12056238,802,1]
11-29 06:58:11.465 1491 1700 I notification_visibility: [-1|android|26|null|1000,1,12056238,12056238,0,0]
11-29 06:58:11.600 1491 1608 I am_uid_idle: 10068
11-29 06:58:12.079 0 0 I auditd : type=1400 audit(0.0:14327): avc: denied { kill } for comm="swapper/0" capability=5 scontext=u:r:kernel:s0 tcontext=u:r:kernel:s0 tclass=capability permissive=0
11-29 06:58:13.079 0 0 I auditd : type=1400 audit(0.0:14328): avc: denied { kill } for comm="swapper/0" capability=5 scontext=u:r:kernel:s0 tcontext=u:r:kernel:s0 tclass=capability permissive=0
11-29 06:58:13.822 1491 2756 E TaskPersister: File error accessing recents directory (directory doesn't exist?).
11-29 06:58:14.079 353 353 I auditd : type=1400 audit(0.0:14329): avc: denied { kill } for comm="irq/382-atmel_m" capability=5 scontext=u:r:kernel:s0 tcontext=u:r:kernel:s0 tclass=capability permissive=0
11-29 06:58:15.079 353 353 I auditd : type=1400 audit(0.0:14330): avc: denied { kill } for comm="irq/382-atmel_m" capability=5 scontext=u:r:kernel:s0 tcontext=u:r:kernel:s0 tclass=capability permissive=0
11-29 06:58:16.079 0 0 I auditd : type=1400 audit(0.0:14331): avc: denied { kill } for comm="swapper/0" capability=5 scontext=u:r:kernel:s0 tcontext=u:r:kernel:s0 tclass=capability permissive=0
11-29 06:58:16.663 19842 19842 I sysui_heads_up_status: [-1|android|26|null|1000,0]
11-29 06:58:17.079 0 0 I auditd : type=1400 audit(0.0:14332): avc: denied { kill } for comm="swapper/0" capability=5 scontext=u:r:kernel:s0 tcontext=u:r:kernel:s0 tclass=capability permissive=0
11-29 06:58:17.093 1491 8786 I sysui_multi_action: [757,128,758,2,793,12061866,794,5628,795,12061866,796,26,798,0,806,android,857,DEVELOPER_IMPORTANT,858,4,947,0,1395,2,1500,12061661,1688,1]
11-29 06:58:17.094 1491 8786 I notification_visibility: [-1|android|26|null|1000,0,12061866,12061866,0,0]
11-29 06:58:17.094 1491 1760 I GameModeConfig: isGameModeOn = false
11-29 06:58:17.095 1491 1760 I GameModeConfig: isGameModeOn = false
11-29 06:58:17.095 19842 19842 I sysui_multi_action: [757,111,758,2]
11-29 06:58:17.095 19842 19842 I sysui_multi_action: [757,111,758,2]
11-29 06:58:17.099 1491 1760 I GameModeConfig: isGameModeOn = false
11-29 06:58:17.100 1491 2770 I sysui_multi_action: [757,127,758,2]
11-29 06:58:17.100 1491 2770 I notification_panel_hidden:
11-29 06:58:17.101 1491 1760 I GameModeConfig: isGameModeOn = false
11-29 06:58:17.111 1491 1491 I notification_enqueue: [10082,19842,com.android.systemui,2048,NULL,0,Notification(channel=updateNotification shortcut=null contentView=null vibrate=null sound=null defaults=0x0 flags=0x0 color=0x00000000 vis=PRIVATE),1]
11-29 06:58:17.114 19842 19842 I sysui_multi_action: [757,111,758,1]
11-29 06:58:17.116 19842 19842 I sysui_multi_action: [757,126,758,1,759,126,927,0,928,1,1593,0]
11-29 06:58:17.116 19842 19842 I sysui_multi_action: [757,113,758,1,759,113,927,1,928,1,1593,0]
11-29 06:58:17.116 19842 19842 I sysui_multi_action: [757,0,758,1,759,0,927,2,928,0,1593,0]
11-29 06:58:17.116 19842 19842 I sysui_multi_action: [757,0,758,1,759,0,927,3,928,0,1593,0]
11-29 06:58:17.117 19842 19842 I sysui_multi_action: [757,491,758,1,759,491,927,4,928,0,1311,-1,1593,0]
11-29 06:58:17.117 19842 19842 I sysui_multi_action: [757,0,758,1,759,0,927,5,928,0,1593,0]
11-29 06:58:17.117 19842 19842 I sysui_multi_action: [757,111,758,1]
11-29 06:58:17.117 19842 19842 I sysui_multi_action: [757,126,758,1,759,126,927,0,928,1,1593,0]
11-29 06:58:17.118 19842 19842 I sysui_multi_action: [757,113,758,1,759,113,927,1,928,1,1593,0]
11-29 06:58:17.118 19842 19842 I sysui_multi_action: [757,0,758,1,759,0,927,2,928,0,1593,0]
11-29 06:58:17.118 19842 19842 I sysui_multi_action: [757,0,758,1,759,0,927,3,928,0,1593,0]
11-29 06:58:17.321 1491 1491 I GameModeConfig: isGameModeOn = false
11-29 06:58:17.323 1491 1491 I sysui_multi_action: [757,1501,758,1,793,13454584,794,0,795,229,796,2048,806,com.android.systemui,857,updateNotification,858,3,947,0,1500,0,1688,1]
11-29 06:58:17.325 1491 1491 I sysui_multi_action: [757,804,799,note_interruptive,801,0,802,1]
11-29 06:58:17.326 1491 1491 I sysui_multi_action: [757,199,758,1,759,2,793,13454586,794,0,795,231,796,2048,806,com.android.systemui,857,updateNotification,858,3,947,0,1500,2,1688,1]
11-29 06:58:17.327 1491 1491 I notification_alert: [0|com.android.systemui|2048|null|10082,0,1,0]
11-29 06:58:17.331 1491 1491 W NotificationHistory: Attempted to add notif for locked/gone/disabled user 0
11-29 06:58:18.020 1491 1693 I input_interaction: Interaction with: 734ec4f com.android.settings/com.android.settings.homepage.SettingsHomepageActivity (server), edge-swipe (server), swipe-up (server), PointerEventDispatcher0 (server),
11-29 06:58:18.054 1491 9950 I wm_task_moved: [32,0,0]
11-29 06:58:18.055 1491 9950 I wm_task_moved: [32,0,6]
11-29 06:58:18.066 19783 19783 I view_enqueue_input_event: [Motion - Cancel,com.android.settings/com.android.settings.homepage.SettingsHomepageActivity]
11-29 06:58:18.067 1491 1693 I input_interaction: Interaction with: edge-swipe (server), swipe-up (server), PointerEventDispatcher0 (server),
11-29 06:58:18.068 9956 9956 I wm_on_restart_called: [254362067,com.android.launcher3.uioverrides.QuickstepLauncher,performRestartActivity]
11-29 06:58:18.084 9956 9956 I wm_on_start_called: [254362067,com.android.launcher3.uioverrides.QuickstepLauncher,handleStartActivity]
11-29 06:58:18.088 1491 1600 I input_focus: [Focus request recents_animation_input_consumer,reason=UpdateInputWindows]
11-29 06:58:18.093 9956 9956 I sysui_latency: [1,75]
11-29 06:58:18.098 1491 2068 W ActivityTaskManager: getTaskSnapshot: taskId=1156 not found
11-29 06:58:18.100 16043 16059 W ContextImpl: Calling a method in the system process without a qualified user: android.app.ContextImpl.startService:1816 android.content.ContextWrapper.startService:774 com.thundercomm.gamemode.ingame.services.GameModeActionUtils.startGameModeService:93 com.thundercomm.gamemode.ingame.services.GameModeActionUtils.startGameModeEntry:21 com.thundercomm.gamemode.ingame.services.ActivityMonitoringService$1.onActivityLaunch:127
11-29 06:58:18.103 1491 8786 W ActivityTaskManager: getTaskSnapshot: taskId=2156 not found
11-29 06:58:18.106 1491 1693 I input_focus: [Focus leaving 734ec4f com.android.settings/com.android.settings.homepage.SettingsHomepageActivity (server),reason=NOT_FOCUSABLE]
11-29 06:58:18.106 1491 1693 I input_focus: [Focus entering recents_animation_input_consumer (server),reason=setFocusedWindow]
11-29 06:58:18.109 1491 1491 I GameModeConfig: Current uri is uri = content://com.thundercomm.gamemode.api/gamemode_settings/gamemode_isgaming
11-29 06:58:18.111 1491 2068 W ActivityTaskManager: getTaskSnapshot: taskId=3156 not found
11-29 06:58:18.112 1491 2068 W ActivityTaskManager: getTaskSnapshot: taskId=4156 not found
11-29 06:58:18.119 1491 1491 I GameModeConfig: isGameModeOn = false
11-29 06:58:18.120 1491 1491 I GameModeConfig: isGameModeOn = false
11-29 06:58:18.120 1491 1491 I GameModeConfig: isDisableVoice = true
11-29 06:58:18.121 1491 1596 I sysui_multi_action: [319,15,322,45,325,13476,757,761,758,9,759,5,806,com.android.launcher3,871,com.android.launcher3.uioverrides.QuickstepLauncher,905,0,1320,8,1321,5]
11-29 06:58:18.289 1491 1673 I commit_sys_config_file: [settings-1-0,7]
11-29 06:58:18.401 1491 1607 I sysui_latency: [8,65]
11-29 06:58:18.623 1491 1693 I input_interaction: Interaction with: 89b8349 StatusBar (server), edge-swipe (server), swipe-up (server), PointerEventDispatcher0 (server),
11-29 06:58:18.630 19842 19842 I sysui_multi_action: [757,803,799,panel_open,802,1]
11-29 06:58:18.633 19842 19842 I sysui_multi_action: [757,1328,758,4,1326,64,1327,2,1329,0]
11-29 06:58:18.651 1491 2068 I sysui_multi_action: [757,127,758,1]
11-29 06:58:18.651 1491 2068 I sysui_multi_action: [757,804,799,note_load,801,2,802,1]
11-29 06:58:18.651 1491 2068 I notification_panel_revealed: 2
11-29 06:58:18.651 1491 1760 I GameModeConfig: isGameModeOn = false
11-29 06:58:18.656 1491 1760 I GameModeConfig: isGameModeOn = false
11-29 06:58:18.656 1491 1760 I GameModeConfig: isGameModeOn = false
11-29 06:58:18.656 1491 1760 I GameModeConfig: isGameModeOn = false
11-29 06:58:18.658 1491 1491 I notification_enqueue: [10082,19842,com.android.systemui,2048,NULL,0,Notification(channel=updateNotification shortcut=null contentView=null vibrate=null sound=null defaults=0x0 flags=0x0 color=0x00000000 vis=PRIVATE),1]
11-29 06:58:18.660 19842 19842 I sysui_multi_action: [757,111,758,2]
11-29 06:58:18.660 19842 19842 I sysui_multi_action: [757,111,758,2]
11-29 06:58:18.679 1491 1600 I input_focus: [Focus request 3124ee4 NotificationShade,reason=UpdateInputWindows]
11-29 06:58:18.679 19842 19842 I sysui_multi_action: [757,111,758,1]
11-29 06:58:18.680 19842 19842 I sysui_multi_action: [757,126,758,1,759,126,927,0,928,1,1593,0]
11-29 06:58:18.680 19842 19842 I sysui_multi_action: [757,113,758,1,759,113,927,1,928,1,1593,0]
11-29 06:58:18.680 19842 19842 I sysui_multi_action: [757,0,758,1,759,0,927,2,928,0,1593,0]
11-29 06:58:18.680 19842 19842 I sysui_multi_action: [757,0,758,1,759,0,927,3,928,0,1593,0]
11-29 06:58:18.680 19842 19842 I sysui_multi_action: [757,491,758,1,759,491,927,4,928,0,1311,-1,1593,0]
11-29 06:58:18.680 19842 19842 I sysui_multi_action: [757,0,758,1,759,0,927,5,928,0,1593,0]
11-29 06:58:18.680 19842 19842 I sysui_multi_action: [757,111,758,1]
11-29 06:58:18.680 19842 19842 I sysui_multi_action: [757,126,758,1,759,126,927,0,928,1,1593,0]
11-29 06:58:18.680 19842 19842 I sysui_multi_action: [757,113,758,1,759,113,927,1,928,1,1593,0]
11-29 06:58:18.680 19842 19842 I sysui_multi_action: [757,0,758,1,759,0,927,2,928,0,1593,0]
11-29 06:58:18.681 19842 19842 I sysui_multi_action: [757,0,758,1,759,0,927,3,928,0,1593,0]
11-29 06:58:18.695 1491 1760 I GameModeConfig: isGameModeOn = false
11-29 06:58:18.696 1491 1760 I GameModeConfig: isGameModeOn = false
11-29 06:58:18.696 1491 1760 I GameModeConfig: isGameModeOn = false
11-29 06:58:18.696 1491 1760 I GameModeConfig: isGameModeOn = false
