11-29 06:57:54.547 1491 1491 I GameModeConfig: Current uri is uri = content://com.thundercomm.gamemode.api/gamemode_settings/gamemode_isgaming
11-29 06:57:54.548 1491 1760 I GameModeConfig: isGameModeOn = false
11-29 06:57:54.548 1491 1760 I GameModeConfig: isGameModeOn = false
11-29 06:57:54.549 1491 1760 I GameModeConfig: isGameModeOn = false
11-29 06:57:54.549 1491 1491 I GameModeConfig: isGameModeOn = false
11-29 06:57:54.549 1491 1760 I GameModeConfig: isGameModeOn = false
11-29 06:57:54.549 1491 1491 I GameModeConfig: isGameModeOn = false
11-29 06:57:54.549 1491 1491 I GameModeConfig: isDisableVoice = true
11-29 06:57:54.550 19381 19381 I sysui_multi_action: [757,111,758,2]
11-29 06:57:54.550 19381 19381 I sysui_multi_action: [757,111,758,2]
11-29 06:57:54.550 1491 1491 I notification_enqueue: [10082,19381,com.android.systemui,2048,NULL,0,Notification(channel=updateNotification shortcut=null contentView=null vibrate=null sound=null defaults=0x0 flags=0x0 color=0x00000000 vis=PRIVATE),1]
11-29 06:57:54.553 19381 19381 I sysui_multi_action: [757,111,758,1]
11-29 06:57:54.553 19381 19381 I sysui_multi_action: [757,126,758,1,759,126,927,0,928,1,1593,1]
11-29 06:57:54.553 19381 19381 I sysui_multi_action: [757,113,758,1,759,113,927,1,928,1,1593,1]
11-29 06:57:54.553 19381 19381 I sysui_multi_action: [757,0,758,1,759,0,927,2,928,0,1593,1]
11-29 06:57:54.553 19381 19381 I sysui_multi_action: [757,0,758,1,759,0,927,3,928,0,1593,1]
11-29 06:57:54.553 19381 19381 I sysui_multi_action: [757,491,758,1,759,491,927,4,928,0,1311,-1,1593,0]
11-29 06:57:54.553 19381 19381 I sysui_multi_action: [757,0,758,1,759,0,927,5,928,0,1593,0]
11-29 06:57:54.553 19381 19381 I sysui_multi_action: [757,111,758,1]
11-29 06:57:54.553 19381 19381 I sysui_multi_action: [757,126,758,1,759,126,927,0,928,1,1593,1]
11-29 06:57:54.553 19381 19381 I sysui_multi_action: [757,113,758,1,759,113,927,1,928,1,1593,1]
11-29 06:57:54.553 19381 19381 I sysui_multi_action: [757,0,758,1,759,0,927,2,928,0,1593,1]
11-29 06:57:54.553 19381 19381 I sysui_multi_action: [757,0,758,1,759,0,927,3,928,0,1593,1]
11-29 06:57:54.562 1491 1760 I GameModeConfig: isGameModeOn = false
11-29 06:57:54.562 1491 1760 I GameModeConfig: isGameModeOn = false
11-29 06:57:54.562 1491 1760 I GameModeConfig: isGameModeOn = false
11-29 06:57:54.563 1491 1760 I GameModeConfig: isGameModeOn = false
11-29 06:57:54.563 19381 19381 I sysui_multi_action: [757,111,758,2]
11-29 06:57:54.563 19381 19381 I sysui_multi_action: [757,111,758,2]
11-29 06:57:54.564 1491 1491 I notification_enqueue: [10082,19381,com.android.systemui,2048,NULL,0,Notification(channel=updateNotification shortcut=null contentView=null vibrate=null sound=null defaults=0x0 flags=0x0 color=0x00000000 vis=PRIVATE),1]
11-29 06:57:54.566 19381 19381 I sysui_multi_action: [757,111,758,1]
11-29 06:57:54.566 19381 19381 I sysui_multi_action: [757,126,758,1,759,126,927,0,928,1,1593,1]
11-29 06:57:54.566 19381 19381 I sysui_multi_action: [757,113,758,1,759,113,927,1,928,1,1593,1]
11-29 06:57:54.566 19381 19381 I sysui_multi_action: [757,0,758,1,759,0,927,2,928,0,1593,1]
11-29 06:57:54.566 19381 19381 I sysui_multi_action: [757,0,758,1,759,0,927,3,928,0,1593,1]
11-29 06:57:54.566 19381 19381 I sysui_multi_action: [757,491,758,1,759,491,927,4,928,0,1311,-1,1593,0]
11-29 06:57:54.566 19381 19381 I sysui_multi_action: [757,0,758,1,759,0,927,5,928,0,1593,0]
11-29 06:57:54.566 19381 19381 I sysui_multi_action: [757,111,758,1]
11-29 06:57:54.566 19381 19381 I sysui_multi_action: [757,126,758,1,759,126,927,0,928,1,1593,1]
11-29 06:57:54.566 19381 19381 I sysui_multi_action: [757,113,758,1,759,113,927,1,928,1,1593,1]
11-29 06:57:54.566 19381 19381 I sysui_multi_action: [757,0,758,1,759,0,927,2,928,0,1593,1]
11-29 06:57:54.566 19381 19381 I sysui_multi_action: [757,0,758,1,759,0,927,3,928,0,1593,1]
11-29 06:57:54.568 1491 1491 I GameModeConfig: isGameModeOn = false
11-29 06:57:54.568 1491 1491 I sysui_multi_action: [757,1501,758,1,793,13431829,794,0,795,203,796,2048,806,com.android.systemui,857,updateNotification,858,3,947,0,1500,0,1688,1]
11-29 06:57:54.569 1491 1491 I sysui_multi_action: [757,804,799,note_interruptive,801,0,802,1]
11-29 06:57:54.569 1491 1491 I sysui_multi_action: [757,199,758,1,759,2,793,13431830,794,0,795,204,796,2048,806,com.android.systemui,857,updateNotification,858,3,947,0,1500,1,1688,1]
11-29 06:57:54.569 1491 1491 I notification_alert: [0|com.android.systemui|2048|null|10082,0,1,0]
11-29 06:57:54.570 1491 1491 W NotificationHistory: Attempted to add notif for locked/gone/disabled user 0
11-29 06:57:54.577 1491 1760 I GameModeConfig: isGameModeOn = false
11-29 06:57:54.579 1491 1760 I GameModeConfig: isGameModeOn = false
11-29 06:57:54.579 1491 1760 I GameModeConfig: isGameModeOn = false
11-29 06:57:54.579 1491 1760 I GameModeConfig: isGameModeOn = false
11-29 06:57:54.579 1491 1760 I GameModeConfig: isGameModeOn = false
11-29 06:57:54.580 19381 19381 I sysui_multi_action: [757,111,758,2]
11-29 06:57:54.580 19381 19381 I sysui_multi_action: [757,111,758,2]
11-29 06:57:54.580 1491 1491 I notification_enqueue: [10082,19381,com.android.systemui,2048,NULL,0,Notification(channel=updateNotification shortcut=null contentView=null vibrate=null sound=null defaults=0x0 flags=0x0 color=0x00000000 vis=PRIVATE),1]
11-29 06:57:54.582 19381 19381 I sysui_multi_action: [757,111,758,1]
11-29 06:57:54.582 19381 19381 I sysui_multi_action: [757,126,758,1,759,126,927,0,928,1,1593,1]
11-29 06:57:54.582 19381 19381 I sysui_multi_action: [757,113,758,1,759,113,927,1,928,1,1593,1]
11-29 06:57:54.582 19381 19381 I sysui_multi_action: [757,0,758,1,759,0,927,2,928,0,1593,1]
11-29 06:57:54.582 19381 19381 I sysui_multi_action: [757,0,758,1,759,0,927,3,928,0,1593,1]
11-29 06:57:54.583 19381 19381 I sysui_multi_action: [757,491,758,1,759,491,927,4,928,0,1311,-1,1593,0]
11-29 06:57:54.583 19381 19381 I sysui_multi_action: [757,0,758,1,759,0,927,5,928,0,1593,0]
11-29 06:57:54.583 19381 19381 I sysui_multi_action: [757,111,758,1]
11-29 06:57:54.583 19381 19381 I sysui_multi_action: [757,126,758,1,759,126,927,0,928,1,1593,1]
11-29 06:57:54.583 19381 19381 I sysui_multi_action: [757,113,758,1,759,113,927,1,928,1,1593,1]
11-29 06:57:54.583 19381 19381 I sysui_multi_action: [757,0,758,1,759,0,927,2,928,0,1593,1]
11-29 06:57:54.583 19381 19381 I sysui_multi_action: [757,0,758,1,759,0,927,3,928,0,1593,1]
11-29 06:57:54.594 1491 1491 I GameModeConfig: isGameModeOn = false
11-29 06:57:54.594 1491 1491 E NotificationService: Muting recently noisy 0|com.android.systemui|2048|null|10082
11-29 06:57:54.596 1491 1760 I GameModeConfig: isGameModeOn = false
11-29 06:57:54.597 1491 1760 I GameModeConfig: isGameModeOn = false
11-29 06:57:54.597 1491 1760 I GameModeConfig: isGameModeOn = false
11-29 06:57:54.597 1491 1760 I GameModeConfig: isGameModeOn = false
11-29 06:57:54.598 19381 19381 I sysui_multi_action: [757,111,758,2]
11-29 06:57:54.598 1491 1491 I notification_enqueue: [10082,19381,com.android.systemui,2048,NULL,0,Notification(channel=updateNotification shortcut=null contentView=null vibrate=null sound=null defaults=0x0 flags=0x0 color=0x00000000 vis=PRIVATE),1]
11-29 06:57:54.598 19381 19381 I sysui_multi_action: [757,111,758,2]
11-29 06:57:54.601 19381 19381 I sysui_multi_action: [757,111,758,1]
11-29 06:57:54.601 19381 19381 I sysui_multi_action: [757,126,758,1,759,126,927,0,928,1,1593,1]
11-29 06:57:54.601 19381 19381 I sysui_multi_action: [757,113,758,1,759,113,927,1,928,1,1593,1]
11-29 06:57:54.601 19381 19381 I sysui_multi_action: [757,0,758,1,759,0,927,2,928,0,1593,1]
11-29 06:57:54.601 19381 19381 I sysui_multi_action: [757,0,758,1,759,0,927,3,928,0,1593,1]
11-29 06:57:54.601 19381 19381 I sysui_multi_action: [757,491,758,1,759,491,927,4,928,0,1311,-1,1593,0]
11-29 06:57:54.601 19381 19381 I sysui_multi_action: [757,0,758,1,759,0,927,5,928,0,1593,0]
11-29 06:57:54.601 19381 19381 I sysui_multi_action: [757,111,758,1]
11-29 06:57:54.601 19381 19381 I sysui_multi_action: [757,126,758,1,759,126,927,0,928,1,1593,1]
11-29 06:57:54.602 19381 19381 I sysui_multi_action: [757,113,758,1,759,113,927,1,928,1,1593,1]
11-29 06:57:54.602 19381 19381 I sysui_multi_action: [757,0,758,1,759,0,927,2,928,0,1593,1]
11-29 06:57:54.602 19381 19381 I sysui_multi_action: [757,0,758,1,759,0,927,3,928,0,1593,1]
11-29 06:57:54.608 1491 8592 I sysui_multi_action: [757,128,758,2,793,12039381,794,2533,795,12039381,796,26,798,0,806,android,857,DEVELOPER_IMPORTANT,858,4,947,0,1395,2,1500,12039176,1688,1]
11-29 06:57:54.608 1491 8592 I notification_visibility: [-1|android|26|null|1000,0,12039381,12039381,0,0]
11-29 06:57:54.608 1491 8592 I sysui_multi_action: [757,128,758,2,793,12039384,794,2532,795,12039384,796,32,798,1,806,android,857,USB,858,1,947,0,1395,2,1500,12039181,1688,1]
11-29 06:57:54.608 1491 8592 I notification_visibility: [-1|android|32|null|1000,0,12039384,12039384,0,1]
11-29 06:57:54.610 1491 1491 I GameModeConfig: isGameModeOn = false
11-29 06:57:54.610 1491 1491 E NotificationService: Muting recently noisy 0|com.android.systemui|2048|null|10082
11-29 06:57:54.612 1491 1760 I GameModeConfig: isGameModeOn = false
11-29 06:57:54.613 1491 1760 I GameModeConfig: isGameModeOn = false
11-29 06:57:54.613 1491 1760 I GameModeConfig: isGameModeOn = false
11-29 06:57:54.613 1491 1760 I GameModeConfig: isGameModeOn = false
11-29 06:57:54.614 19381 19381 I sysui_multi_action: [757,111,758,2]
11-29 06:57:54.614 1491 1491 I notification_enqueue: [10082,19381,com.android.systemui,2048,NULL,0,Notification(channel=updateNotification shortcut=null contentView=null vibrate=null sound=null defaults=0x0 flags=0x0 color=0x00000000 vis=PRIVATE),1]
11-29 06:57:54.614 19381 19381 I sysui_multi_action: [757,111,758,2]
11-29 06:57:54.617 19381 19381 I sysui_multi_action: [757,111,758,1]
11-29 06:57:54.617 19381 19381 I sysui_multi_action: [757,126,758,1,759,126,927,0,928,1,1593,1]
11-29 06:57:54.617 19381 19381 I sysui_multi_action: [757,113,758,1,759,113,927,1,928,1,1593,1]
11-29 06:57:54.617 19381 19381 I sysui_multi_action: [757,0,758,1,759,0,927,2,928,0,1593,1]
11-29 06:57:54.617 19381 19381 I sysui_multi_action: [757,0,758,1,759,0,927,3,928,0,1593,1]
11-29 06:57:54.618 19381 19381 I sysui_multi_action: [757,491,758,1,759,491,927,4,928,0,1311,-1,1593,0]
11-29 06:57:54.618 19381 19381 I sysui_multi_action: [757,0,758,1,759,0,927,5,928,0,1593,0]
11-29 06:57:54.618 19381 19381 I sysui_multi_action: [757,111,758,1]
11-29 06:57:54.618 19381 19381 I sysui_multi_action: [757,126,758,1,759,126,927,0,928,1,1593,1]
11-29 06:57:54.618 19381 19381 I sysui_multi_action: [757,113,758,1,759,113,927,1,928,1,1593,1]
11-29 06:57:54.618 19381 19381 I sysui_multi_action: [757,0,758,1,759,0,927,2,928,0,1593,1]
11-29 06:57:54.618 19381 19381 I sysui_multi_action: [757,0,758,1,759,0,927,3,928,0,1593,1]
11-29 06:57:54.627 1491 1491 I GameModeConfig: isGameModeOn = false
11-29 06:57:54.627 1491 1491 E NotificationService: Muting recently noisy 0|com.android.systemui|2048|null|10082
11-29 06:57:54.629 1491 1760 I GameModeConfig: isGameModeOn = false
11-29 06:57:54.629 1491 1760 I GameModeConfig: isGameModeOn = false
11-29 06:57:54.630 1491 1760 I GameModeConfig: isGameModeOn = false
11-29 06:57:54.631 1491 1760 I GameModeConfig: isGameModeOn = false
11-29 06:57:54.631 19381 19381 I sysui_multi_action: [757,111,758,2]
11-29 06:57:54.631 1491 1491 I notification_enqueue: [10082,19381,com.android.systemui,2048,NULL,0,Notification(channel=updateNotification shortcut=null contentView=null vibrate=null sound=null defaults=0x0 flags=0x0 color=0x00000000 vis=PRIVATE),1]
11-29 06:57:54.631 19381 19381 I sysui_multi_action: [757,111,758,2]
11-29 06:57:54.634 19381 19381 I sysui_multi_action: [757,111,758,1]
11-29 06:57:54.634 19381 19381 I sysui_multi_action: [757,126,758,1,759,126,927,0,928,1,1593,1]
11-29 06:57:54.634 19381 19381 I sysui_multi_action: [757,113,758,1,759,113,927,1,928,1,1593,1]
11-29 06:57:54.634 19381 19381 I sysui_multi_action: [757,0,758,1,759,0,927,2,928,0,1593,1]
11-29 06:57:54.634 19381 19381 I sysui_multi_action: [757,0,758,1,759,0,927,3,928,0,1593,1]
11-29 06:57:54.635 19381 19381 I sysui_multi_action: [757,491,758,1,759,491,927,4,928,0,1311,-1,1593,0]
11-29 06:57:54.635 19381 19381 I sysui_multi_action: [757,0,758,1,759,0,927,5,928,0,1593,0]
11-29 06:57:54.635 19381 19381 I sysui_multi_action: [757,111,758,1]
11-29 06:57:54.635 19381 19381 I sysui_multi_action: [757,126,758,1,759,126,927,0,928,1,1593,1]
11-29 06:57:54.635 19381 19381 I sysui_multi_action: [757,113,758,1,759,113,927,1,928,1,1593,1]
11-29 06:57:54.635 19381 19381 I sysui_multi_action: [757,0,758,1,759,0,927,2,928,0,1593,1]
11-29 06:57:54.635 19381 19381 I sysui_multi_action: [757,0,758,1,759,0,927,3,928,0,1593,1]
11-29 06:57:54.635 1491 1491 I GameModeConfig: isGameModeOn = false
11-29 06:57:54.636 1491 1491 E NotificationService: Muting recently noisy 0|com.android.systemui|2048|null|10082
11-29 06:57:54.645 1491 1760 I GameModeConfig: isGameModeOn = false
11-29 06:57:54.646 1491 1760 I GameModeConfig: isGameModeOn = false
11-29 06:57:54.646 1491 1760 I GameModeConfig: isGameModeOn = false
11-29 06:57:54.646 1491 1760 I GameModeConfig: isGameModeOn = false
11-29 06:57:54.646 19381 19381 I sysui_multi_action: [757,111,758,2]
11-29 06:57:54.647 19381 19381 I sysui_multi_action: [757,111,758,2]
11-29 06:57:54.647 1491 1491 I notification_enqueue: [10082,19381,com.android.systemui,2048,NULL,0,Notification(channel=updateNotification shortcut=null contentView=null vibrate=null sound=null defaults=0x0 flags=0x0 color=0x00000000 vis=PRIVATE),1]
11-29 06:57:54.649 19381 19381 I sysui_multi_action: [757,111,758,1]
11-29 06:57:54.649 19381 19381 I sysui_multi_action: [757,126,758,1,759,126,927,0,928,1,1593,1]
11-29 06:57:54.649 19381 19381 I sysui_multi_action: [757,113,758,1,759,113,927,1,928,1,1593,1]
11-29 06:57:54.649 19381 19381 I sysui_multi_action: [757,0,758,1,759,0,927,2,928,0,1593,1]
11-29 06:57:54.650 19381 19381 I sysui_multi_action: [757,0,758,1,759,0,927,3,928,0,1593,1]
11-29 06:57:54.650 19381 19381 I sysui_multi_action: [757,491,758,1,759,491,927,4,928,0,1311,-1,1593,0]
11-29 06:57:54.650 19381 19381 I sysui_multi_action: [757,0,758,1,759,0,927,5,928,0,1593,0]
11-29 06:57:54.650 19381 19381 I sysui_multi_action: [757,111,758,1]
11-29 06:57:54.650 19381 19381 I sysui_multi_action: [757,126,758,1,759,126,927,0,928,1,1593,1]
11-29 06:57:54.650 19381 19381 I sysui_multi_action: [757,113,758,1,759,113,927,1,928,1,1593,1]
11-29 06:57:54.650 19381 19381 I sysui_multi_action: [757,0,758,1,759,0,927,2,928,0,1593,1]
11-29 06:57:54.650 19381 19381 I sysui_multi_action: [757,0,758,1,759,0,927,3,928,0,1593,1]
11-29 06:57:54.650 1491 1491 I GameModeConfig: isGameModeOn = false
11-29 06:57:54.651 1491 1491 E NotificationService: Muting recently noisy 0|com.android.systemui|2048|null|10082
11-29 06:57:54.662 1491 1760 I GameModeConfig: isGameModeOn = false
11-29 06:57:54.663 1491 1760 I GameModeConfig: isGameModeOn = false
11-29 06:57:54.663 1491 1760 I GameModeConfig: isGameModeOn = false
11-29 06:57:54.663 1491 1760 I GameModeConfig: isGameModeOn = false
11-29 06:57:54.663 19381 19381 I sysui_multi_action: [757,111,758,2]
11-29 06:57:54.664 1491 1491 I notification_enqueue: [10082,19381,com.android.systemui,2048,NULL,0,Notification(channel=updateNotification shortcut=null contentView=null vibrate=null sound=null defaults=0x0 flags=0x0 color=0x00000000 vis=PRIVATE),1]
11-29 06:57:54.664 19381 19381 I sysui_multi_action: [757,111,758,2]
11-29 06:57:54.666 19381 19381 I sysui_multi_action: [757,111,758,1]
11-29 06:57:54.666 19381 19381 I sysui_multi_action: [757,126,758,1,759,126,927,0,928,1,1593,0]
11-29 06:57:54.666 19381 19381 I sysui_multi_action: [757,113,758,1,759,113,927,1,928,1,1593,0]
11-29 06:57:54.666 19381 19381 I sysui_multi_action: [757,0,758,1,759,0,927,2,928,0,1593,0]
11-29 06:57:54.667 19381 19381 I sysui_multi_action: [757,0,758,1,759,0,927,3,928,0,1593,0]
11-29 06:57:54.667 19381 19381 I sysui_multi_action: [757,491,758,1,759,491,927,4,928,0,1311,-1,1593,0]
11-29 06:57:54.667 19381 19381 I sysui_multi_action: [757,0,758,1,759,0,927,5,928,0,1593,0]
11-29 06:57:54.667 19381 19381 I sysui_multi_action: [757,111,758,1]
11-29 06:57:54.667 19381 19381 I sysui_multi_action: [757,126,758,1,759,126,927,0,928,1,1593,1]
11-29 06:57:54.667 19381 19381 I sysui_multi_action: [757,113,758,1,759,113,927,1,928,1,1593,1]
11-29 06:57:54.667 19381 19381 I sysui_multi_action: [757,0,758,1,759,0,927,2,928,0,1593,1]
11-29 06:57:54.667 19381 19381 I sysui_multi_action: [757,0,758,1,759,0,927,3,928,0,1593,1]
11-29 06:57:54.667 1491 1491 I GameModeConfig: isGameModeOn = false
11-29 06:57:54.668 1491 1491 E NotificationService: Muting recently noisy 0|com.android.systemui|2048|null|10082
11-29 06:57:54.679 1491 1760 I GameModeConfig: isGameModeOn = false
11-29 06:57:54.679 1491 1760 I GameModeConfig: isGameModeOn = false
11-29 06:57:54.679 1491 1760 I GameModeConfig: isGameModeOn = false
11-29 06:57:54.679 1491 1760 I GameModeConfig: isGameModeOn = false
11-29 06:57:54.680 19381 19381 I sysui_multi_action: [757,111,758,2]
11-29 06:57:54.680 1491 1491 I notification_enqueue: [10082,19381,com.android.systemui,2048,NULL,0,Notification(channel=updateNotification shortcut=null contentView=null vibrate=null sound=null defaults=0x0 flags=0x0 color=0x00000000 vis=PRIVATE),1]
11-29 06:57:54.680 19381 19381 I sysui_multi_action: [757,111,758,2]
11-29 06:57:54.683 19381 19381 I sysui_multi_action: [757,111,758,1]
11-29 06:57:54.683 19381 19381 I sysui_multi_action: [757,126,758,1,759,126,927,0,928,1,1593,0]
11-29 06:57:54.683 19381 19381 I sysui_multi_action: [757,113,758,1,759,113,927,1,928,1,1593,0]
11-29 06:57:54.683 19381 19381 I sysui_multi_action: [757,0,758,1,759,0,927,2,928,0,1593,0]
11-29 06:57:54.683 19381 19381 I sysui_multi_action: [757,0,758,1,759,0,927,3,928,0,1593,0]
11-29 06:57:54.683 19381 19381 I sysui_multi_action: [757,491,758,1,759,491,927,4,928,0,1311,-1,1593,0]
11-29 06:57:54.683 19381 19381 I sysui_multi_action: [757,0,758,1,759,0,927,5,928,0,1593,0]
11-29 06:57:54.683 19381 19381 I sysui_multi_action: [757,111,758,1]
11-29 06:57:54.683 19381 19381 I sysui_multi_action: [757,126,758,1,759,126,927,0,928,1,1593,0]
11-29 06:57:54.683 19381 19381 I sysui_multi_action: [757,113,758,1,759,113,927,1,928,1,1593,0]
11-29 06:57:54.683 19381 19381 I sysui_multi_action: [757,0,758,1,759,0,927,2,928,0,1593,1]
11-29 06:57:54.684 19381 19381 I sysui_multi_action: [757,0,758,1,759,0,927,3,928,0,1593,1]
11-29 06:57:54.688 1491 1491 I GameModeConfig: isGameModeOn = false
11-29 06:57:54.688 1491 1491 E NotificationService: Muting recently noisy 0|com.android.systemui|2048|null|10082
11-29 06:57:54.696 1491 1760 I GameModeConfig: isGameModeOn = false
11-29 06:57:54.696 19381 19381 I sysui_multi_action: [757,111,758,2]
11-29 06:57:54.696 19381 19381 I sysui_multi_action: [757,111,758,2]
11-29 06:57:54.696 1491 1760 I GameModeConfig: isGameModeOn = false
11-29 06:57:54.696 1491 1760 I GameModeConfig: isGameModeOn = false
11-29 06:57:54.697 1491 1760 I GameModeConfig: isGameModeOn = false
11-29 06:57:54.697 1491 1491 I notification_enqueue: [10082,19381,com.android.systemui,2048,NULL,0,Notification(channel=updateNotification shortcut=null contentView=null vibrate=null sound=null defaults=0x0 flags=0x0 color=0x00000000 vis=PRIVATE),1]
11-29 06:57:54.706 19381 19381 I sysui_multi_action: [757,111,758,1]
11-29 06:57:54.706 19381 19381 I sysui_multi_action: [757,126,758,1,759,126,927,0,928,1,1593,1]
11-29 06:57:54.706 19381 19381 I sysui_multi_action: [757,113,758,1,759,113,927,1,928,1,1593,1]
11-29 06:57:54.706 19381 19381 I sysui_multi_action: [757,0,758,1,759,0,927,2,928,0,1593,1]
11-29 06:57:54.706 19381 19381 I sysui_multi_action: [757,0,758,1,759,0,927,3,928,0,1593,1]
11-29 06:57:54.706 19381 19381 I sysui_multi_action: [757,491,758,1,759,491,927,4,928,0,1311,-1,1593,0]
11-29 06:57:54.706 19381 19381 I sysui_multi_action: [757,0,758,1,759,0,927,5,928,0,1593,0]
11-29 06:57:54.706 19381 19381 I sysui_multi_action: [757,111,758,1]
11-29 06:57:54.706 19381 19381 I sysui_multi_action: [757,126,758,1,759,126,927,0,928,1,1593,1]
11-29 06:57:54.706 19381 19381 I sysui_multi_action: [757,113,758,1,759,113,927,1,928,1,1593,1]
11-29 06:57:54.706 19381 19381 I sysui_multi_action: [757,0,758,1,759,0,927,2,928,0,1593,1]
11-29 06:57:54.706 19381 19381 I sysui_multi_action: [757,0,758,1,759,0,927,3,928,0,1593,1]
11-29 06:57:54.706 1491 1491 I GameModeConfig: isGameModeOn = false
11-29 06:57:54.707 1491 1491 E NotificationService: Muting recently noisy 0|com.android.systemui|2048|null|10082
11-29 06:57:54.711 1491 1760 I GameModeConfig: isGameModeOn = false
11-29 06:57:54.711 19381 19381 I sysui_multi_action: [757,111,758,2]
11-29 06:57:54.711 19381 19381 I sysui_multi_action: [757,111,758,2]
11-29 06:57:54.712 1491 1760 I GameModeConfig: isGameModeOn = false
11-29 06:57:54.712 1491 1760 I GameModeConfig: isGameModeOn = false
11-29 06:57:54.712 1491 1760 I GameModeConfig: isGameModeOn = false
11-29 06:57:54.713 1491 1491 I notification_enqueue: [10082,19381,com.android.systemui,2048,NULL,0,Notification(channel=updateNotification shortcut=null contentView=null vibrate=null sound=null defaults=0x0 flags=0x0 color=0x00000000 vis=PRIVATE),1]
11-29 06:57:54.713 1491 2068 I sysui_multi_action: [757,127,758,2]
11-29 06:57:54.713 1491 2068 I notification_panel_hidden:
11-29 06:57:54.723 1491 1491 I GameModeConfig: isGameModeOn = false
11-29 06:57:54.723 19381 19381 I sysui_multi_action: [757,111,758,1]
11-29 06:57:54.723 1491 1491 E NotificationService: Muting recently noisy 0|com.android.systemui|2048|null|10082
11-29 06:57:54.723 19381 19381 I sysui_multi_action: [757,126,758,1,759,126,927,0,928,1,1593,1]
11-29 06:57:54.723 19381 19381 I sysui_multi_action: [757,113,758,1,759,113,927,1,928,1,1593,1]
11-29 06:57:54.723 19381 19381 I sysui_multi_action: [757,0,758,1,759,0,927,2,928,0,1593,1]
11-29 06:57:54.723 19381 19381 I sysui_multi_action: [757,0,758,1,759,0,927,3,928,0,1593,1]
11-29 06:57:54.723 19381 19381 I sysui_multi_action: [757,491,758,1,759,491,927,4,928,0,1311,-1,1593,0]
11-29 06:57:54.723 19381 19381 I sysui_multi_action: [757,0,758,1,759,0,927,5,928,0,1593,0]
11-29 06:57:54.724 19381 19381 I sysui_multi_action: [757,111,758,1]
11-29 06:57:54.724 19381 19381 I sysui_multi_action: [757,126,758,1,759,126,927,0,928,1,1593,1]
11-29 06:57:54.724 19381 19381 I sysui_multi_action: [757,113,758,1,759,113,927,1,928,1,1593,1]
11-29 06:57:54.724 19381 19381 I sysui_multi_action: [757,0,758,1,759,0,927,2,928,0,1593,1]
11-29 06:57:54.724 19381 19381 I sysui_multi_action: [757,0,758,1,759,0,927,3,928,0,1593,1]
11-29 06:57:54.734 1491 1491 I GameModeConfig: isGameModeOn = false
11-29 06:57:54.734 1491 1491 E NotificationService: Muting recently noisy 0|com.android.systemui|2048|null|10082
11-29 06:57:54.757 1491 1491 I GameModeConfig: isGameModeOn = false
11-29 06:57:54.757 1491 1491 E NotificationService: Muting recently noisy 0|com.android.systemui|2048|null|10082
11-29 06:57:54.765 1491 1491 I GameModeConfig: isGameModeOn = false
11-29 06:57:54.765 1491 1491 E NotificationService: Muting recently noisy 0|com.android.systemui|2048|null|10082
11-29 06:57:54.781 1491 1491 I GameModeConfig: isGameModeOn = false
11-29 06:57:54.782 1491 1491 E NotificationService: Muting recently noisy 0|com.android.systemui|2048|null|10082
11-29 06:57:54.800 1491 1491 I GameModeConfig: isGameModeOn = false
11-29 06:57:54.801 1491 1491 E NotificationService: Muting recently noisy 0|com.android.systemui|2048|null|10082
11-29 06:57:54.816 1491 1491 I GameModeConfig: isGameModeOn = false
11-29 06:57:54.816 1491 1491 E NotificationService: Muting recently noisy 0|com.android.systemui|2048|null|10082
11-29 06:57:54.834 1491 1491 I GameModeConfig: isGameModeOn = false
11-29 06:57:54.835 1491 1491 E NotificationService: Muting recently noisy 0|com.android.systemui|2048|null|10082
11-29 06:57:54.848 1491 1491 I GameModeConfig: isGameModeOn = false
11-29 06:57:54.848 1491 1491 E NotificationService: Muting recently noisy 0|com.android.systemui|2048|null|10082
11-29 06:57:54.866 1491 1491 I GameModeConfig: isGameModeOn = false
11-29 06:57:54.868 1491 1491 E NotificationService: Muting recently noisy 0|com.android.systemui|2048|null|10082
11-29 06:57:54.881 1491 1491 I GameModeConfig: isGameModeOn = false
11-29 06:57:54.882 1491 1491 E NotificationService: Muting recently noisy 0|com.android.systemui|2048|null|10082
11-29 06:57:54.898 1491 1491 I GameModeConfig: isGameModeOn = false
11-29 06:57:54.899 1491 1491 E NotificationService: Muting recently noisy 0|com.android.systemui|2048|null|10082
11-29 06:57:54.925 1491 1491 I GameModeConfig: isGameModeOn = false
11-29 06:57:54.926 1491 1491 E NotificationService: Muting recently noisy 0|com.android.systemui|2048|null|10082
11-29 06:57:55.073 1491 1693 I input_interaction: Interaction with: bd11fcf StatusBar (server), edge-swipe (server), swipe-up (server), PointerEventDispatcher0 (server),
11-29 06:57:55.082 19381 19381 I sysui_multi_action: [757,803,799,panel_open,802,1]
11-29 06:57:55.083 19381 19381 I sysui_multi_action: [757,1328,758,4,1326,63,1327,6,1329,0]
11-29 06:57:55.115 1491 2058 I sysui_multi_action: [757,127,758,1]
11-29 06:57:55.115 1491 2058 I sysui_multi_action: [757,804,799,note_load,801,2,802,1]
11-29 06:57:55.115 1491 2058 I notification_panel_revealed: 2
11-29 06:57:55.126 1491 1760 I GameModeConfig: isGameModeOn = false
11-29 06:57:55.127 1491 1760 I GameModeConfig: isGameModeOn = false
11-29 06:57:55.127 1491 1760 I GameModeConfig: isGameModeOn = false
11-29 06:57:55.127 1491 1760 I GameModeConfig: isGameModeOn = false
11-29 06:57:55.128 19381 19381 I sysui_multi_action: [757,111,758,2]
11-29 06:57:55.128 19381 19381 I sysui_multi_action: [757,111,758,2]
11-29 06:57:55.128 1491 1491 I notification_enqueue: [10082,19381,com.android.systemui,2048,NULL,0,Notification(channel=updateNotification shortcut=null contentView=null vibrate=null sound=null defaults=0x0 flags=0x0 color=0x00000000 vis=PRIVATE),1]
11-29 06:57:55.139 1491 1600 I input_focus: [Focus request b10ffe2 NotificationShade,reason=UpdateInputWindows]
11-29 06:57:55.141 19381 19381 I sysui_multi_action: [757,111,758,1]
11-29 06:57:55.142 19381 19381 I sysui_multi_action: [757,126,758,1,759,126,927,0,928,1,1593,0]
11-29 06:57:55.142 19381 19381 I sysui_multi_action: [757,113,758,1,759,113,927,1,928,1,1593,0]
11-29 06:57:55.142 19381 19381 I sysui_multi_action: [757,0,758,1,759,0,927,2,928,0,1593,0]
11-29 06:57:55.142 19381 19381 I sysui_multi_action: [757,0,758,1,759,0,927,3,928,0,1593,0]
11-29 06:57:55.142 19381 19381 I sysui_multi_action: [757,491,758,1,759,491,927,4,928,0,1311,-1,1593,0]
11-29 06:57:55.142 19381 19381 I sysui_multi_action: [757,0,758,1,759,0,927,5,928,0,1593,0]
11-29 06:57:55.142 19381 19381 I sysui_multi_action: [757,111,758,1]
11-29 06:57:55.142 19381 19381 I sysui_multi_action: [757,126,758,1,759,126,927,0,928,1,1593,0]
11-29 06:57:55.142 19381 19381 I sysui_multi_action: [757,113,758,1,759,113,927,1,928,1,1593,0]
11-29 06:57:55.142 19381 19381 I sysui_multi_action: [757,0,758,1,759,0,927,2,928,0,1593,0]
11-29 06:57:55.142 19381 19381 I sysui_multi_action: [757,0,758,1,759,0,927,3,928,0,1593,0]
11-29 06:57:55.155 1491 1760 I GameModeConfig: isGameModeOn = false
11-29 06:57:55.156 1491 1760 I GameModeConfig: isGameModeOn = false
11-29 06:57:55.156 1491 1760 I GameModeConfig: isGameModeOn = false
11-29 06:57:55.156 1491 1760 I GameModeConfig: isGameModeOn = false
11-29 06:57:55.156 19381 19381 I sysui_multi_action: [757,111,758,2]
11-29 06:57:55.157 19381 19381 I sysui_multi_action: [757,111,758,2]
11-29 06:57:55.159 1491 1491 I notification_enqueue: [10082,19381,com.android.systemui,2048,NULL,0,Notification(channel=updateNotification shortcut=null contentView=null vibrate=null sound=null defaults=0x0 flags=0x0 color=0x00000000 vis=PRIVATE),1]
11-29 06:57:55.160 19381 19381 I sysui_multi_action: [757,111,758,1]
11-29 06:57:55.160 19381 19381 I sysui_multi_action: [757,126,758,1,759,126,927,0,928,1,1593,0]
11-29 06:57:55.160 19381 19381 I sysui_multi_action: [757,113,758,1,759,113,927,1,928,1,1593,0]
11-29 06:57:55.161 19381 19381 I sysui_multi_action: [757,0,758,1,759,0,927,2,928,0,1593,0]
11-29 06:57:55.161 19381 19381 I sysui_multi_action: [757,0,758,1,759,0,927,3,928,0,1593,0]
11-29 06:57:55.161 19381 19381 I sysui_multi_action: [757,491,758,1,759,491,927,4,928,0,1311,-1,1593,0]
11-29 06:57:55.161 19381 19381 I sysui_multi_action: [757,0,758,1,759,0,927,5,928,0,1593,0]
11-29 06:57:55.161 19381 19381 I sysui_multi_action: [757,111,758,1]
11-29 06:57:55.161 19381 19381 I sysui_multi_action: [757,126,758,1,759,126,927,0,928,1,1593,0]
11-29 06:57:55.161 19381 19381 I sysui_multi_action: [757,113,758,1,759,113,927,1,928,1,1593,0]
11-29 06:57:55.161 19381 19381 I sysui_multi_action: [757,0,758,1,759,0,927,2,928,0,1593,0]
11-29 06:57:55.161 19381 19381 I sysui_multi_action: [757,0,758,1,759,0,927,3,928,0,1593,0]
11-29 06:57:55.170 1491 1693 I input_focus: [Focus leaving 50d677c com.android.settings/com.android.settings.homepage.SettingsHomepageActivity (server),reason=setFocusedWindow]
11-29 06:57:55.171 1491 1693 I input_focus: [Focus entering b10ffe2 NotificationShade (server),reason=setFocusedWindow]
11-29 06:57:55.184 1491 1760 I GameModeConfig: isGameModeOn = false
11-29 06:57:55.184 1491 1760 I GameModeConfig: isGameModeOn = false
11-29 06:57:55.184 1491 1760 I GameModeConfig: isGameModeOn = false
11-29 06:57:55.185 1491 1760 I GameModeConfig: isGameModeOn = false
11-29 06:57:55.185 19381 19381 I sysui_multi_action: [757,111,758,2]
11-29 06:57:55.185 19381 19381 I sysui_multi_action: [757,111,758,2]
11-29 06:57:55.185 1491 1491 I notification_enqueue: [10082,19381,com.android.systemui,2048,NULL,0,Notification(channel=updateNotification shortcut=null contentView=null vibrate=null sound=null defaults=0x0 flags=0x0 color=0x00000000 vis=PRIVATE),1]
11-29 06:57:55.187 1491 1760 I GameModeConfig: isGameModeOn = false
11-29 06:57:55.190 19381 19381 I sysui_multi_action: [757,111,758,1]
11-29 06:57:55.190 19381 19381 I sysui_multi_action: [757,126,758,1,759,126,927,0,928,1,1593,0]
11-29 06:57:55.190 19381 19381 I sysui_multi_action: [757,113,758,1,759,113,927,1,928,1,1593,0]
11-29 06:57:55.190 19381 19381 I sysui_multi_action: [757,0,758,1,759,0,927,2,928,0,1593,0]
11-29 06:57:55.190 19381 19381 I sysui_multi_action: [757,0,758,1,759,0,927,3,928,0,1593,0]
11-29 06:57:55.191 19381 19381 I sysui_multi_action: [757,491,758,1,759,491,927,4,928,0,1311,-1,1593,0]
11-29 06:57:55.191 19381 19381 I sysui_multi_action: [757,0,758,1,759,0,927,5,928,0,1593,0]
11-29 06:57:55.191 19381 19381 I sysui_multi_action: [757,111,758,1]
11-29 06:57:55.191 19381 19381 I sysui_multi_action: [757,126,758,1,759,126,927,0,928,1,1593,0]
11-29 06:57:55.191 19381 19381 I sysui_multi_action: [757,113,758,1,759,113,927,1,928,1,1593,0]
11-29 06:57:55.191 19381 19381 I sysui_multi_action: [757,0,758,1,759,0,927,2,928,0,1593,0]
11-29 06:57:55.191 19381 19381 I sysui_multi_action: [757,0,758,1,759,0,927,3,928,0,1593,0]
11-29 06:57:55.201 1491 1760 I GameModeConfig: isGameModeOn = false
11-29 06:57:55.201 1491 1760 I GameModeConfig: isGameModeOn = false
11-29 06:57:55.201 1491 1760 I GameModeConfig: isGameModeOn = false
11-29 06:57:55.201 1491 1760 I GameModeConfig: isGameModeOn = false
11-29 06:57:55.202 19381 19381 I sysui_multi_action: [757,111,758,2]
11-29 06:57:55.202 1491 1491 I notification_enqueue: [10082,19381,com.android.systemui,2048,NULL,0,Notification(channel=updateNotification shortcut=null contentView=null vibrate=null sound=null defaults=0x0 flags=0x0 color=0x00000000 vis=PRIVATE),1]
11-29 06:57:55.202 19381 19381 I sysui_multi_action: [757,111,758,2]
11-29 06:57:55.205 19381 19381 I sysui_multi_action: [757,111,758,1]
11-29 06:57:55.205 19381 19381 I sysui_multi_action: [757,126,758,1,759,126,927,0,928,1,1593,0]
11-29 06:57:55.205 19381 19381 I sysui_multi_action: [757,113,758,1,759,113,927,1,928,1,1593,0]
11-29 06:57:55.205 19381 19381 I sysui_multi_action: [757,0,758,1,759,0,927,2,928,0,1593,0]
11-29 06:57:55.205 19381 19381 I sysui_multi_action: [757,0,758,1,759,0,927,3,928,0,1593,0]
11-29 06:57:55.205 19381 19381 I sysui_multi_action: [757,491,758,1,759,491,927,4,928,0,1311,-1,1593,0]
11-29 06:57:55.205 19381 19381 I sysui_multi_action: [757,0,758,1,759,0,927,5,928,0,1593,0]
11-29 06:57:55.205 19381 19381 I sysui_multi_action: [757,111,758,1]
11-29 06:57:55.205 19381 19381 I sysui_multi_action: [757,126,758,1,759,126,927,0,928,1,1593,0]
11-29 06:57:55.205 19381 19381 I sysui_multi_action: [757,113,758,1,759,113,927,1,928,1,1593,0]
11-29 06:57:55.205 19381 19381 I sysui_multi_action: [757,0,758,1,759,0,927,2,928,0,1593,0]
11-29 06:57:55.206 19381 19381 I sysui_multi_action: [757,0,758,1,759,0,927,3,928,0,1593,0]
11-29 06:57:55.215 1491 1760 I GameModeConfig: isGameModeOn = false
11-29 06:57:55.216 1491 1760 I GameModeConfig: isGameModeOn = false
11-29 06:57:55.216 1491 1760 I GameModeConfig: isGameModeOn = false
11-29 06:57:55.216 1491 1760 I GameModeConfig: isGameModeOn = false
11-29 06:57:55.216 19381 19381 I sysui_multi_action: [757,111,758,2]
11-29 06:57:55.217 19381 19381 I sysui_multi_action: [757,111,758,2]
11-29 06:57:55.217 1491 1491 I notification_enqueue: [10082,19381,com.android.systemui,2048,NULL,0,Notification(channel=updateNotification shortcut=null contentView=null vibrate=null sound=null defaults=0x0 flags=0x0 color=0x00000000 vis=PRIVATE),1]
11-29 06:57:55.220 19381 19381 I sysui_multi_action: [757,111,758,1]
11-29 06:57:55.220 19381 19381 I sysui_multi_action: [757,126,758,1,759,126,927,0,928,1,1593,0]
11-29 06:57:55.220 19381 19381 I sysui_multi_action: [757,113,758,1,759,113,927,1,928,1,1593,0]
11-29 06:57:55.220 19381 19381 I sysui_multi_action: [757,0,758,1,759,0,927,2,928,0,1593,0]
11-29 06:57:55.220 19381 19381 I sysui_multi_action: [757,0,758,1,759,0,927,3,928,0,1593,0]
11-29 06:57:55.220 19381 19381 I sysui_multi_action: [757,491,758,1,759,491,927,4,928,0,1311,-1,1593,0]
11-29 06:57:55.220 19381 19381 I sysui_multi_action: [757,0,758,1,759,0,927,5,928,0,1593,0]
11-29 06:57:55.220 19381 19381 I sysui_multi_action: [757,111,758,1]
11-29 06:57:55.221 19381 19381 I sysui_multi_action: [757,126,758,1,759,126,927,0,928,1,1593,0]
11-29 06:57:55.221 19381 19381 I sysui_multi_action: [757,113,758,1,759,113,927,1,928,1,1593,0]
11-29 06:57:55.221 19381 19381 I sysui_multi_action: [757,0,758,1,759,0,927,2,928,0,1593,0]
11-29 06:57:55.221 19381 19381 I sysui_multi_action: [757,0,758,1,759,0,927,3,928,0,1593,0]
11-29 06:57:55.233 1491 1760 I GameModeConfig: isGameModeOn = false
11-29 06:57:55.233 1491 1760 I GameModeConfig: isGameModeOn = false
11-29 06:57:55.234 1491 1760 I GameModeConfig: isGameModeOn = false
11-29 06:57:55.234 1491 1760 I GameModeConfig: isGameModeOn = false
11-29 06:57:55.234 19381 19381 I sysui_multi_action: [757,111,758,2]
11-29 06:57:55.235 19381 19381 I sysui_multi_action: [757,111,758,2]
11-29 06:57:55.235 1491 1491 I notification_enqueue: [10082,19381,com.android.systemui,2048,NULL,0,Notification(channel=updateNotification shortcut=null contentView=null vibrate=null sound=null defaults=0x0 flags=0x0 color=0x00000000 vis=PRIVATE),1]
11-29 06:57:55.237 19381 19381 I sysui_multi_action: [757,111,758,1]
11-29 06:57:55.237 19381 19381 I sysui_multi_action: [757,126,758,1,759,126,927,0,928,1,1593,0]
11-29 06:57:55.237 19381 19381 I sysui_multi_action: [757,113,758,1,759,113,927,1,928,1,1593,0]
11-29 06:57:55.238 19381 19381 I sysui_multi_action: [757,0,758,1,759,0,927,2,928,0,1593,0]
11-29 06:57:55.238 19381 19381 I sysui_multi_action: [757,0,758,1,759,0,927,3,928,0,1593,0]
11-29 06:57:55.238 19381 19381 I sysui_multi_action: [757,491,758,1,759,491,927,4,928,0,1311,-1,1593,0]
11-29 06:57:55.238 19381 19381 I sysui_multi_action: [757,0,758,1,759,0,927,5,928,0,1593,0]
11-29 06:57:55.238 19381 19381 I sysui_multi_action: [757,111,758,1]
11-29 06:57:55.238 19381 19381 I sysui_multi_action: [757,126,758,1,759,126,927,0,928,1,1593,0]
11-29 06:57:55.238 19381 19381 I sysui_multi_action: [757,113,758,1,759,113,927,1,928,1,1593,0]
11-29 06:57:55.238 19381 19381 I sysui_multi_action: [757,0,758,1,759,0,927,2,928,0,1593,0]
11-29 06:57:55.238 19381 19381 I sysui_multi_action: [757,0,758,1,759,0,927,3,928,0,1593,0]
11-29 06:57:55.330 1491 1491 I GameModeConfig: isGameModeOn = false
11-29 06:57:55.331 1491 1491 E NotificationService: Muting recently noisy 0|com.android.systemui|2048|null|10082
11-29 06:57:55.360 1491 1491 I GameModeConfig: isGameModeOn = false
11-29 06:57:55.361 1491 1491 E NotificationService: Muting recently noisy 0|com.android.systemui|2048|null|10082
11-29 06:57:55.392 1491 1491 I GameModeConfig: isGameModeOn = false
11-29 06:57:55.393 1491 1491 E NotificationService: Muting recently noisy 0|com.android.systemui|2048|null|10082
11-29 06:57:55.403 1491 1491 I GameModeConfig: isGameModeOn = false
11-29 06:57:55.404 1491 1491 E NotificationService: Muting recently noisy 0|com.android.systemui|2048|null|10082
11-29 06:57:55.418 1491 1491 I GameModeConfig: isGameModeOn = false
11-29 06:57:55.419 1491 1491 E NotificationService: Muting recently noisy 0|com.android.systemui|2048|null|10082
11-29 06:57:55.437 1491 1491 I GameModeConfig: isGameModeOn = false
11-29 06:57:55.437 1491 1491 E NotificationService: Muting recently noisy 0|com.android.systemui|2048|null|10082
11-29 06:57:55.667 1491 1693 I input_interaction: Interaction with: b10ffe2 NotificationShade (server), edge-swipe (server), swipe-up (server), PointerEventDispatcher0 (server),
11-29 06:57:55.673 1491 8854 I sysui_multi_action: [757,128,758,1,793,12040446,794,0,795,12040446,796,26,798,0,806,android,857,DEVELOPER_IMPORTANT,858,4,947,0,1395,2,1500,12040241,1688,1]
11-29 06:57:55.674 1491 8854 I sysui_multi_action: [757,804,799,note_freshness,801,12040446,802,1]
11-29 06:57:55.674 1491 8854 I notification_visibility: [-1|android|26|null|1000,1,12040446,12040446,0,0]
11-29 06:57:55.674 1491 8854 I sysui_multi_action: [757,128,758,1,793,12040450,794,0,795,12040450,796,32,798,1,806,android,857,USB,858,1,947,0,1395,2,1500,12040247,1688,1]
11-29 06:57:55.674 1491 8854 I sysui_multi_action: [757,804,799,note_freshness,801,12040450,802,1]
11-29 06:57:55.674 1491 8854 I notification_visibility: [-1|android|32|null|1000,1,12040450,12040450,0,1]
11-29 06:57:55.690 19381 19381 I view_enqueue_input_event: [Motion - Cancel,NotificationShade]
11-29 06:57:55.695 1491 8854 I wm_task_moved: [32,0,0]
11-29 06:57:55.695 1491 1693 I input_interaction: Interaction with: edge-swipe (server), swipe-up (server), PointerEventDispatcher0 (server),
11-29 06:57:55.695 1491 8854 I wm_task_moved: [32,0,5]
11-29 06:57:55.724 16043 16059 W ContextImpl: Calling a method in the system process without a qualified user: android.app.ContextImpl.startService:1816 android.content.ContextWrapper.startService:774 com.thundercomm.gamemode.ingame.services.GameModeActionUtils.startGameModeService:93 com.thundercomm.gamemode.ingame.services.GameModeActionUtils.startGameModeEntry:21 com.thundercomm.gamemode.ingame.services.ActivityMonitoringService$1.onActivityLaunch:127
11-29 06:57:55.724 9956 9956 I wm_on_restart_called: [254362067,com.android.launcher3.uioverrides.QuickstepLauncher,performRestartActivity]
11-29 06:57:55.730 1491 1491 I GameModeConfig: Current uri is uri = content://com.thundercomm.gamemode.api/gamemode_settings/gamemode_isgaming
11-29 06:57:55.732 1491 1491 I GameModeConfig: isGameModeOn = false
11-29 06:57:55.733 1491 1491 I GameModeConfig: isGameModeOn = false
11-29 06:57:55.733 1491 1491 I GameModeConfig: isDisableVoice = true
11-29 06:57:55.733 9956 9956 I wm_on_start_called: [254362067,com.android.launcher3.uioverrides.QuickstepLauncher,handleStartActivity]
11-29 06:57:55.742 9956 9956 I sysui_latency: [1,76]
11-29 06:57:55.755 1491 2068 W ActivityTaskManager: getTaskSnapshot: taskId=1155 not found
11-29 06:57:55.755 1491 1693 I input_focus: [Focus leaving b10ffe2 NotificationShade (server),reason=NOT_FOCUSABLE]
11-29 06:57:55.758 1491 2058 W ActivityTaskManager: getTaskSnapshot: taskId=2155 not found
11-29 06:57:55.759 1491 1596 I sysui_multi_action: [319,13,322,53,325,13454,757,761,758,9,759,5,806,com.android.launcher3,871,com.android.launcher3.uioverrides.QuickstepLauncher,905,0,1320,8,1321,5]
11-29 06:57:55.759 1491 8854 W ActivityTaskManager: getTaskSnapshot: taskId=3155 not found
11-29 06:57:55.760 1491 8854 W ActivityTaskManager: getTaskSnapshot: taskId=4155 not found
11-29 06:57:55.761 1491 8854 W ActivityTaskManager: getTaskSnapshot: taskId=5155 not found
11-29 06:57:55.910 1491 1760 I GameModeConfig: isGameModeOn = false
11-29 06:57:55.911 1491 1760 I GameModeConfig: isGameModeOn = false
11-29 06:57:55.911 1491 1760 I GameModeConfig: isGameModeOn = false
11-29 06:57:55.912 1491 1760 I GameModeConfig: isGameModeOn = false
11-29 06:57:55.912 19381 19381 I sysui_multi_action: [757,111,758,2]
11-29 06:57:55.913 19381 19381 I sysui_multi_action: [757,111,758,2]
11-29 06:57:55.913 1491 1491 I notification_enqueue: [10082,19381,com.android.systemui,2048,NULL,0,Notification(channel=updateNotification shortcut=null contentView=null vibrate=null sound=null defaults=0x0 flags=0x0 color=0x00000000 vis=PRIVATE),1]
11-29 06:57:55.923 19381 19381 I sysui_multi_action: [757,111,758,1]
11-29 06:57:55.923 19381 19381 I sysui_multi_action: [757,126,758,1,759,126,927,0,928,1,1593,1]
11-29 06:57:55.923 19381 19381 I sysui_multi_action: [757,113,758,1,759,113,927,1,928,1,1593,1]
11-29 06:57:55.923 19381 19381 I sysui_multi_action: [757,0,758,1,759,0,927,2,928,0,1593,1]
11-29 06:57:55.923 19381 19381 I sysui_multi_action: [757,0,758,1,759,0,927,3,928,0,1593,1]
11-29 06:57:55.924 19381 19381 I sysui_multi_action: [757,491,758,1,759,491,927,4,928,0,1311,-1,1593,0]
11-29 06:57:55.924 19381 19381 I sysui_multi_action: [757,0,758,1,759,0,927,5,928,0,1593,0]
11-29 06:57:55.924 19381 19381 I sysui_multi_action: [757,111,758,1]
11-29 06:57:55.924 19381 19381 I sysui_multi_action: [757,126,758,1,759,126,927,0,928,1,1593,1]
11-29 06:57:55.924 19381 19381 I sysui_multi_action: [757,113,758,1,759,113,927,1,928,1,1593,1]
11-29 06:57:55.924 19381 19381 I sysui_multi_action: [757,0,758,1,759,0,927,2,928,0,1593,1]
11-29 06:57:55.924 19381 19381 I sysui_multi_action: [757,0,758,1,759,0,927,3,928,0,1593,1]
11-29 06:57:55.939 1491 1760 I GameModeConfig: isGameModeOn = false
11-29 06:57:55.940 1491 1760 I GameModeConfig: isGameModeOn = false
11-29 06:57:55.940 1491 1760 I GameModeConfig: isGameModeOn = false
11-29 06:57:55.941 1491 1673 I commit_sys_config_file: [settings-1-0,9]
11-29 06:57:55.942 1491 1760 I GameModeConfig: isGameModeOn = false
11-29 06:57:55.943 19381 19381 I sysui_multi_action: [757,111,758,2]
11-29 06:57:55.943 19381 19381 I sysui_multi_action: [757,111,758,2]
11-29 06:57:55.943 1491 1491 I notification_enqueue: [10082,19381,com.android.systemui,2048,NULL,0,Notification(channel=updateNotification shortcut=null contentView=null vibrate=null sound=null defaults=0x0 flags=0x0 color=0x00000000 vis=PRIVATE),1]
11-29 06:57:55.947 19381 19381 I sysui_multi_action: [757,111,758,1]
11-29 06:57:55.947 19381 19381 I sysui_multi_action: [757,126,758,1,759,126,927,0,928,1,1593,1]
11-29 06:57:55.947 19381 19381 I sysui_multi_action: [757,113,758,1,759,113,927,1,928,1,1593,1]
11-29 06:57:55.947 19381 19381 I sysui_multi_action: [757,0,758,1,759,0,927,2,928,0,1593,1]
11-29 06:57:55.947 19381 19381 I sysui_multi_action: [757,0,758,1,759,0,927,3,928,0,1593,1]
11-29 06:57:55.947 19381 19381 I sysui_multi_action: [757,491,758,1,759,491,927,4,928,0,1311,-1,1593,0]
11-29 06:57:55.947 19381 19381 I sysui_multi_action: [757,0,758,1,759,0,927,5,928,0,1593,0]
11-29 06:57:55.948 19381 19381 I sysui_multi_action: [757,111,758,1]
11-29 06:57:55.948 19381 19381 I sysui_multi_action: [757,126,758,1,759,126,927,0,928,1,1593,1]
11-29 06:57:55.948 19381 19381 I sysui_multi_action: [757,113,758,1,759,113,927,1,928,1,1593,1]
11-29 06:57:55.948 19381 19381 I sysui_multi_action: [757,0,758,1,759,0,927,2,928,0,1593,1]
11-29 06:57:55.948 19381 19381 I sysui_multi_action: [757,0,758,1,759,0,927,3,928,0,1593,1]
11-29 06:57:55.962 1491 1760 I GameModeConfig: isGameModeOn = false
11-29 06:57:55.963 1491 1760 I GameModeConfig: isGameModeOn = false
11-29 06:57:55.963 1491 1760 I GameModeConfig: isGameModeOn = false
11-29 06:57:55.963 1491 1760 I GameModeConfig: isGameModeOn = false
11-29 06:57:55.964 19381 19381 I sysui_multi_action: [757,111,758,2]
11-29 06:57:55.964 19381 19381 I sysui_multi_action: [757,111,758,2]
11-29 06:57:55.964 1491 1491 I notification_enqueue: [10082,19381,com.android.systemui,2048,NULL,0,Notification(channel=updateNotification shortcut=null contentView=null vibrate=null sound=null defaults=0x0 flags=0x0 color=0x00000000 vis=PRIVATE),1]
11-29 06:57:55.967 19381 19381 I sysui_multi_action: [757,111,758,1]
11-29 06:57:55.967 19381 19381 I sysui_multi_action: [757,126,758,1,759,126,927,0,928,1,1593,1]
11-29 06:57:55.967 19381 19381 I sysui_multi_action: [757,113,758,1,759,113,927,1,928,1,1593,1]
11-29 06:57:55.968 19381 19381 I sysui_multi_action: [757,0,758,1,759,0,927,2,928,0,1593,1]
11-29 06:57:55.968 19381 19381 I sysui_multi_action: [757,0,758,1,759,0,927,3,928,0,1593,1]
11-29 06:57:55.968 19381 19381 I sysui_multi_action: [757,491,758,1,759,491,927,4,928,0,1311,-1,1593,0]
11-29 06:57:55.968 19381 19381 I sysui_multi_action: [757,0,758,1,759,0,927,5,928,0,1593,0]
11-29 06:57:55.968 19381 19381 I sysui_multi_action: [757,111,758,1]
11-29 06:57:55.968 19381 19381 I sysui_multi_action: [757,126,758,1,759,126,927,0,928,1,1593,1]
11-29 06:57:55.968 19381 19381 I sysui_multi_action: [757,113,758,1,759,113,927,1,928,1,1593,1]
11-29 06:57:55.968 19381 19381 I sysui_multi_action: [757,0,758,1,759,0,927,2,928,0,1593,1]
11-29 06:57:55.968 19381 19381 I sysui_multi_action: [757,0,758,1,759,0,927,3,928,0,1593,1]
11-29 06:57:55.977 1491 1760 I GameModeConfig: isGameModeOn = false
11-29 06:57:55.977 1491 1760 I GameModeConfig: isGameModeOn = false
11-29 06:57:55.978 1491 1760 I GameModeConfig: isGameModeOn = false
11-29 06:57:55.978 1491 1760 I GameModeConfig: isGameModeOn = false
11-29 06:57:55.978 19381 19381 I sysui_multi_action: [757,111,758,2]
11-29 06:57:55.978 19381 19381 I sysui_multi_action: [757,111,758,2]
11-29 06:57:55.979 1491 1491 I notification_enqueue: [10082,19381,com.android.systemui,2048,NULL,0,Notification(channel=updateNotification shortcut=null contentView=null vibrate=null sound=null defaults=0x0 flags=0x0 color=0x00000000 vis=PRIVATE),1]
11-29 06:57:55.981 19381 19381 I sysui_multi_action: [757,111,758,1]
11-29 06:57:55.981 19381 19381 I sysui_multi_action: [757,126,758,1,759,126,927,0,928,1,1593,1]
11-29 06:57:55.981 19381 19381 I sysui_multi_action: [757,113,758,1,759,113,927,1,928,1,1593,1]
11-29 06:57:55.981 19381 19381 I sysui_multi_action: [757,0,758,1,759,0,927,2,928,0,1593,1]
11-29 06:57:55.981 19381 19381 I sysui_multi_action: [757,0,758,1,759,0,927,3,928,0,1593,1]
11-29 06:57:55.981 19381 19381 I sysui_multi_action: [757,491,758,1,759,491,927,4,928,0,1311,-1,1593,0]
11-29 06:57:55.981 19381 19381 I sysui_multi_action: [757,0,758,1,759,0,927,5,928,0,1593,0]
11-29 06:57:55.981 19381 19381 I sysui_multi_action: [757,111,758,1]
11-29 06:57:55.982 19381 19381 I sysui_multi_action: [757,126,758,1,759,126,927,0,928,1,1593,1]
11-29 06:57:55.982 19381 19381 I sysui_multi_action: [757,113,758,1,759,113,927,1,928,1,1593,1]
11-29 06:57:55.982 19381 19381 I sysui_multi_action: [757,0,758,1,759,0,927,2,928,0,1593,1]
11-29 06:57:55.982 19381 19381 I sysui_multi_action: [757,0,758,1,759,0,927,3,928,0,1593,1]
11-29 06:57:56.004 1491 1760 I GameModeConfig: isGameModeOn = false
11-29 06:57:56.005 1491 1760 I GameModeConfig: isGameModeOn = false
11-29 06:57:56.005 1491 1760 I GameModeConfig: isGameModeOn = false
11-29 06:57:56.005 1491 1760 I GameModeConfig: isGameModeOn = false
11-29 06:57:56.006 19381 19381 I sysui_multi_action: [757,111,758,2]
11-29 06:57:56.006 19381 19381 I sysui_multi_action: [757,111,758,2]
11-29 06:57:56.006 1491 1491 I notification_enqueue: [10082,19381,com.android.systemui,2048,NULL,0,Notification(channel=updateNotification shortcut=null contentView=null vibrate=null sound=null defaults=0x0 flags=0x0 color=0x00000000 vis=PRIVATE),1]
11-29 06:57:56.009 19381 19381 I sysui_multi_action: [757,111,758,1]
11-29 06:57:56.009 19381 19381 I sysui_multi_action: [757,126,758,1,759,126,927,0,928,1,1593,1]
11-29 06:57:56.009 19381 19381 I sysui_multi_action: [757,113,758,1,759,113,927,1,928,1,1593,1]
11-29 06:57:56.009 19381 19381 I sysui_multi_action: [757,0,758,1,759,0,927,2,928,0,1593,1]
11-29 06:57:56.010 19381 19381 I sysui_multi_action: [757,0,758,1,759,0,927,3,928,0,1593,1]
11-29 06:57:56.010 19381 19381 I sysui_multi_action: [757,491,758,1,759,491,927,4,928,0,1311,-1,1593,0]
11-29 06:57:56.010 19381 19381 I sysui_multi_action: [757,0,758,1,759,0,927,5,928,0,1593,0]
11-29 06:57:56.010 19381 19381 I sysui_multi_action: [757,111,758,1]
11-29 06:57:56.010 19381 19381 I sysui_multi_action: [757,126,758,1,759,126,927,0,928,1,1593,1]
11-29 06:57:56.010 19381 19381 I sysui_multi_action: [757,113,758,1,759,113,927,1,928,1,1593,1]
11-29 06:57:56.010 19381 19381 I sysui_multi_action: [757,0,758,1,759,0,927,2,928,0,1593,1]
11-29 06:57:56.010 19381 19381 I sysui_multi_action: [757,0,758,1,759,0,927,3,928,0,1593,1]
11-29 06:57:56.024 1491 1760 I GameModeConfig: isGameModeOn = false
11-29 06:57:56.024 1491 1760 I GameModeConfig: isGameModeOn = false
11-29 06:57:56.024 1491 1760 I GameModeConfig: isGameModeOn = false
11-29 06:57:56.024 1491 1760 I GameModeConfig: isGameModeOn = false
11-29 06:57:56.025 19381 19381 I sysui_multi_action: [757,111,758,2]
11-29 06:57:56.025 19381 19381 I sysui_multi_action: [757,111,758,2]
