11-29 07:54:56.895 16043 16059 W ContextImpl: Calling a method in the system process without a qualified user: android.app.ContextImpl.startService:1816 android.content.ContextWrapper.startService:774 com.thundercomm.gamemode.ingame.services.GameModeActionUtils.startGameModeService:93 com.thundercomm.gamemode.ingame.services.GameModeActionUtils.startGameModeEntry:21 com.thundercomm.gamemode.ingame.services.ActivityMonitoringService$1.onActivityLaunch:127
11-29 07:54:56.910 2567 2567 E ActivityThread: Failed to find provider info for com.combosdk.framework.control
11-29 07:54:56.910 1491 1491 I GameModeConfig: Current uri is uri = content://com.thundercomm.gamemode.api/gamemode_settings/gamemode_isgaming
11-29 07:54:56.913 1491 1491 I GameModeConfig: isGameModeOn = false
11-29 07:54:56.913 1491 1491 I GameModeConfig: isGameModeOn = false
11-29 07:54:56.913 1491 1491 I GameModeConfig: isDisableVoice = true
11-29 07:54:56.952 16043 16059 W ContextImpl: Calling a method in the system process without a qualified user: android.app.ContextImpl.startService:1816 android.content.ContextWrapper.startService:774 com.thundercomm.gamemode.ingame.services.GameModeActionUtils.startGameModeService:93 com.thundercomm.gamemode.ingame.services.GameModeActionUtils.startGameModeEntry:21 com.thundercomm.gamemode.ingame.services.ActivityMonitoringService$1.onActivityLaunch:127
11-29 07:54:56.957 1491 1491 I GameModeConfig: Current uri is uri = content://com.thundercomm.gamemode.api/gamemode_settings/gamemode_isgaming
11-29 07:54:56.960 1491 1491 I GameModeConfig: isGameModeOn = false
11-29 07:54:56.961 1491 1491 I GameModeConfig: isGameModeOn = false
11-29 07:54:56.961 1491 1491 I GameModeConfig: isDisableVoice = true
11-29 07:54:57.079 0 0 I auditd : type=1400 audit(0.0:19256): avc: denied { kill } for comm="swapper/1" capability=5 scontext=u:r:kernel:s0 tcontext=u:r:kernel:s0 tclass=capability permissive=0
11-29 07:54:57.094 2567 2567 I wm_on_create_called: [216657957,com.miHoYo.GetMobileInfo.MainActivity,performCreate]
11-29 07:54:57.095 2567 2567 I wm_on_start_called: [216657957,com.miHoYo.GetMobileInfo.MainActivity,handleStartActivity]
11-29 07:54:57.095 2567 2567 I wm_on_resume_called: [216657957,com.miHoYo.GetMobileInfo.MainActivity,RESUME_ACTIVITY]
11-29 07:54:57.099 2567 2567 I wm_on_top_resumed_gained_called: [216657957,com.miHoYo.GetMobileInfo.MainActivity,topStateChangedWhenResumed]
11-29 07:54:57.106 1491 1600 I input_focus: [Focus request a4d0913 com.miHoYo.Yuanshen/com.miHoYo.GetMobileInfo.MainActivity,reason=UpdateInputWindows]
11-29 07:54:57.110 1491 1760 I GameModeConfig: isGameModeOn = false
11-29 07:54:57.110 2164 2164 I sysui_multi_action: [757,111,758,2]
11-29 07:54:57.111 1491 1760 I GameModeConfig: isGameModeOn = false
11-29 07:54:57.111 1491 1760 I GameModeConfig: isGameModeOn = false
11-29 07:54:57.111 2164 2164 I sysui_multi_action: [757,111,758,2]
11-29 07:54:57.111 1491 1760 I GameModeConfig: isGameModeOn = false
11-29 07:54:57.115 1491 1760 I GameModeConfig: isGameModeOn = false
11-29 07:54:57.116 1491 1760 I GameModeConfig: isGameModeOn = false
11-29 07:54:57.117 1491 1760 I GameModeConfig: isGameModeOn = false
11-29 07:54:57.123 2164 2164 I sysui_multi_action: [757,111,758,1]
11-29 07:54:57.124 2164 2164 I sysui_multi_action: [757,126,758,1,759,126,927,0,928,1,1593,0]
11-29 07:54:57.124 2164 2164 I sysui_multi_action: [757,113,758,1,759,113,927,1,928,1,1593,0]
11-29 07:54:57.124 1491 1760 I GameModeConfig: isGameModeOn = false
11-29 07:54:57.124 2164 2164 I sysui_multi_action: [757,0,758,1,759,0,927,2,928,0,1593,0]
11-29 07:54:57.124 2164 2164 I sysui_multi_action: [757,0,758,1,759,0,927,3,928,0,1593,0]
11-29 07:54:57.124 2164 2164 I sysui_multi_action: [757,491,758,1,759,491,927,4,928,0,1311,-1,1593,0]
11-29 07:54:57.124 2164 2164 I sysui_multi_action: [757,0,758,1,759,0,927,5,928,0,1593,0]
11-29 07:54:57.124 2164 2164 I sysui_multi_action: [757,111,758,1]
11-29 07:54:57.124 2164 2164 I sysui_multi_action: [757,126,758,1,759,126,927,0,928,1,1593,0]
11-29 07:54:57.124 2164 2164 I sysui_multi_action: [757,113,758,1,759,113,927,1,928,1,1593,0]
11-29 07:54:57.124 2164 2164 I sysui_multi_action: [757,0,758,1,759,0,927,2,928,0,1593,0]
11-29 07:54:57.124 2164 2164 I sysui_multi_action: [757,0,758,1,759,0,927,3,928,0,1593,0]
11-29 07:54:57.126 1491 1491 I notification_enqueue: [10082,2164,com.android.systemui,2048,NULL,0,Notification(channel=updateNotification shortcut=null contentView=null vibrate=null sound=null defaults=0x0 flags=0x0 color=0x00000000 vis=PRIVATE),1]
11-29 07:54:57.138 1491 1693 I input_focus: [Focus entering a4d0913 com.miHoYo.Yuanshen/com.miHoYo.GetMobileInfo.MainActivity (server),reason=setFocusedWindow]
11-29 07:54:57.145 1491 1596 I sysui_multi_action: [319,115,321,113,322,341,325,16875,757,761,758,7,759,1,806,com.miHoYo.Yuanshen,871,com.miHoYo.GetMobileInfo.MainActivity,904,com.android.launcher3,905,0,945,82,1320,4,1321,4]
11-29 07:54:57.147 1491 1596 I wm_activity_launch_time: [0,216657957,com.miHoYo.Yuanshen/com.miHoYo.GetMobileInfo.MainActivity,341]
11-29 07:54:57.328 1491 1491 I GameModeConfig: isGameModeOn = false
11-29 07:54:57.329 1491 1491 I sysui_multi_action: [757,1501,758,1,793,16854590,794,0,795,221,796,2048,806,com.android.systemui,857,updateNotification,858,3,947,0,1500,0,1688,1]
11-29 07:54:57.330 1491 1491 I sysui_multi_action: [757,804,799,note_interruptive,801,0,802,1]
11-29 07:54:57.330 1491 1491 I sysui_multi_action: [757,199,758,1,759,2,793,16854591,794,0,795,222,796,2048,806,com.android.systemui,857,updateNotification,858,3,947,0,1500,1,1688,1]
11-29 07:54:57.330 1491 1491 I notification_alert: [0|com.android.systemui|2048|null|10082,0,1,0]
11-29 07:54:57.331 1491 1491 W NotificationHistory: Attempted to add notif for locked/gone/disabled user 0
11-29 07:54:57.444 1491 1599 I wm_stop_activity: [0,254362067,com.android.launcher3/.uioverrides.QuickstepLauncher]
11-29 07:54:57.479 9956 9956 I wm_on_stop_called: [254362067,com.android.launcher3.uioverrides.QuickstepLauncher,STOP_ACTIVITY_ITEM]
11-29 07:54:57.509 16043 16059 W ContextImpl: Calling a method in the system process without a qualified user: android.app.ContextImpl.startService:1816 android.content.ContextWrapper.startService:774 com.thundercomm.gamemode.ingame.services.GameModeActionUtils.startGameModeService:93 com.thundercomm.gamemode.ingame.services.GameModeActionUtils.startGameModeEntry:21 com.thundercomm.gamemode.ingame.services.ActivityMonitoringService$1.onActivityLaunch:127
11-29 07:54:57.513 1491 1491 I GameModeConfig: Current uri is uri = content://com.thundercomm.gamemode.api/gamemode_settings/gamemode_isgaming
11-29 07:54:57.518 1491 1491 I GameModeConfig: isGameModeOn = false
11-29 07:54:57.519 1491 1491 I GameModeConfig: isGameModeOn = false
11-29 07:54:57.519 1491 1491 I GameModeConfig: isDisableVoice = true
11-29 07:54:57.903 1491 8646 W ActivityManager: Unable to start service Intent { act=com.google.android.gms.ads.identifier.service.START pkg=com.google.android.gms } U=0: not found
11-29 07:54:59.079 0 0 I auditd : type=1400 audit(0.0:19257): avc: denied { kill } for comm="swapper/1" capability=5 scontext=u:r:kernel:s0 tcontext=u:r:kernel:s0 tclass=capability permissive=0
11-29 07:54:59.127 1491 1674 D ActivityManager: freezing 29185 com.qualcomm.qti.qccauthmgr
11-29 07:54:59.127 1491 1674 E ActivityManager: Unable to freeze binder for 29185 com.qualcomm.qti.qccauthmgr
11-29 07:54:59.128 1491 1674 D ActivityManager: froze 29185 com.qualcomm.qti.qccauthmgr
11-29 07:54:59.129 1491 1674 I am_freeze: [29185,com.qualcomm.qti.qccauthmgr]
11-29 07:54:59.129 1491 1674 E ActivityManager: Unable to freeze binder for 29185 com.qualcomm.qti.qccauthmgr
11-29 07:54:59.131 1491 1674 I ActivityManager: Killing 29185:com.qualcomm.qti.qccauthmgr/u0a83 (adj 945): Unable to freeze binder interface
11-29 07:54:59.131 1491 1674 I am_kill : [0,29185,com.qualcomm.qti.qccauthmgr,945,Unable to freeze binder interface]
11-29 07:54:59.159 1491 5277 I am_proc_died: [0,29185,com.qualcomm.qti.qccauthmgr,945,19]
11-29 07:54:59.159 1491 5277 I am_uid_stopped: 10083
11-29 07:54:59.404 1491 5277 W ActivityManager: Unbind failed: could not find connection for android.os.BinderProxy@79ec9e5
11-29 07:54:59.893 1491 9950 W ActivityManager: Unable to start service Intent { act=com.google.android.gms.ads.identifier.service.START pkg=com.google.android.gms } U=0: not found
11-29 07:54:59.989 1491 1491 I notification_enqueue: [10097,27146,com.tencent.android.qqdownloader,127,NULL,0,Notification(channel=channel_id_default_silent shortcut=null contentView=com.tencent.android.qqdownloader/0x7f0a01c2 vibrate=null sound=null defaults=0x0 flags=0x2a0 color=0x00000000 groupKey=com.tencent.android.qqdownloader vis=PRIVATE),1]
11-29 07:55:00.192 1491 1491 I GameModeConfig: isGameModeOn = false
11-29 07:55:01.395 1491 5277 W ActivityManager: Unbind failed: could not find connection for android.os.BinderProxy@6f7f45e
11-29 07:55:04.079 0 0 I auditd : type=1400 audit(0.0:19258): avc: denied { kill } for comm="swapper/0" capability=5 scontext=u:r:kernel:s0 tcontext=u:r:kernel:s0 tclass=capability permissive=0
11-29 07:55:05.079 353 353 I auditd : type=1400 audit(0.0:19259): avc: denied { kill } for comm="irq/382-atmel_m" capability=5 scontext=u:r:kernel:s0 tcontext=u:r:kernel:s0 tclass=capability permissive=0
11-29 07:55:05.817 1491 1760 I GameModeConfig: isGameModeOn = false
11-29 07:55:05.818 1491 1760 I GameModeConfig: isGameModeOn = false
11-29 07:55:05.818 1491 1760 I GameModeConfig: isGameModeOn = false
11-29 07:55:05.837 1491 1760 I GameModeConfig: isGameModeOn = false
11-29 07:55:05.853 1491 1760 I GameModeConfig: isGameModeOn = false
11-29 07:55:05.879 1491 1760 I GameModeConfig: isGameModeOn = false
11-29 07:55:05.905 1491 1760 I GameModeConfig: isGameModeOn = false
11-29 07:55:05.920 1491 1760 I GameModeConfig: isGameModeOn = false
11-29 07:55:05.935 1491 1760 I GameModeConfig: isGameModeOn = false
11-29 07:55:05.954 1491 1760 I GameModeConfig: isGameModeOn = false
11-29 07:55:06.079 0 0 I auditd : type=1400 audit(0.0:19260): avc: denied { kill } for comm="swapper/0" capability=5 scontext=u:r:kernel:s0 tcontext=u:r:kernel:s0 tclass=capability permissive=0
11-29 07:55:06.236 1491 1693 I input_interaction: Interaction with: a4d0913 com.miHoYo.Yuanshen/com.miHoYo.GetMobileInfo.MainActivity (server), edge-swipe (server), swipe-up (server), PointerEventDispatcher0 (server),
11-29 07:55:07.079 0 0 I auditd : type=1400 audit(0.0:19261): avc: denied { kill } for comm="swapper/0" capability=5 scontext=u:r:kernel:s0 tcontext=u:r:kernel:s0 tclass=capability permissive=0
11-29 07:55:07.114 1491 1760 I GameModeConfig: isGameModeOn = false
11-29 07:55:07.330 1491 1760 I GameModeConfig: isGameModeOn = false
11-29 07:55:08.079 0 0 I auditd : type=1400 audit(0.0:19262): avc: denied { kill } for comm="swapper/3" capability=5 scontext=u:r:kernel:s0 tcontext=u:r:kernel:s0 tclass=capability permissive=0
11-29 07:55:09.079 0 0 I auditd : type=1400 audit(0.0:19263): avc: denied { kill } for comm="swapper/3" capability=5 scontext=u:r:kernel:s0 tcontext=u:r:kernel:s0 tclass=capability permissive=0
11-29 07:55:10.079 287 287 I auditd : type=1400 audit(0.0:19264): avc: denied { kill } for comm="kgsl_worker_thr" capability=5 scontext=u:r:kernel:s0 tcontext=u:r:kernel:s0 tclass=capability permissive=0
11-29 07:55:11.079 0 0 I auditd : type=1400 audit(0.0:19265): avc: denied { kill } for comm="swapper/3" capability=5 scontext=u:r:kernel:s0 tcontext=u:r:kernel:s0 tclass=capability permissive=0
11-29 07:55:11.311 1491 8943 I am_uid_running: 99005
11-29 07:55:11.312 1491 8943 D CompatibilityChangeReporter: Compat change id reported: 135634846; UID 10098; state: DISABLED
11-29 07:55:11.312 1491 1609 D CompatibilityChangeReporter: Compat change id reported: 143937733; UID 10098; state: ENABLED
11-29 07:55:11.327 1491 1609 I am_proc_start: [0,2808,99005,com.android.webview:sandboxed_process0:org.chromium.content.app.SandboxedProcessService0:0,,{com.miHoYo.Yuanshen/org.chromium.content.app.SandboxedProcessService0:0}]
11-29 07:55:11.327 1491 1609 I ActivityManager: Start proc 2808:com.android.webview:sandboxed_process0:org.chromium.content.app.SandboxedProcessService0:0/u0i5 for {com.miHoYo.Yuanshen/org.chromium.content.app.SandboxedProcessService0:0}
11-29 07:55:11.362 1491 8943 I am_proc_bound: [0,2808,com.android.webview:sandboxed_process0:org.chromium.content.app.SandboxedProcessService0:0]
11-29 07:55:11.364 1491 8943 I am_uid_active: 99005
11-29 07:55:11.399 503 503 I auditd : avc: denied { find } for pid=2808 uid=99005 name=content_capture scontext=u:r:isolated_app:s0:c512,c768 tcontext=u:object_r:content_capture_service:s0 tclass=service_manager permissive=0
11-29 07:55:11.452 1491 1607 I am_pss : [2567,10098,com.miHoYo.Yuanshen,870434816,834535424,12288,1026686976,0,2,34]
11-29 07:55:11.576 1491 5277 D CompatibilityChangeReporter: Compat change id reported: 135634846; UID 10098; state: DISABLED
11-29 07:55:11.576 1491 5277 D CompatibilityChangeReporter: Compat change id reported: 177438394; UID 10098; state: DISABLED
11-29 07:55:11.576 1491 5277 D CompatibilityChangeReporter: Compat change id reported: 135772972; UID 10098; state: DISABLED
11-29 07:55:11.576 1491 5277 D CompatibilityChangeReporter: Compat change id reported: 135754954; UID 10098; state: ENABLED
11-29 07:55:11.577 1491 1609 D CompatibilityChangeReporter: Compat change id reported: 143937733; UID 10098; state: ENABLED
11-29 07:55:11.585 1491 1609 I am_proc_start: [0,2952,10098,com.miHoYo.Yuanshen:PushService,service,{com.miHoYo.Yuanshen/com.combosdk.module.push.PushService}]
11-29 07:55:11.585 1491 1609 I ActivityManager: Start proc 2952:com.miHoYo.Yuanshen:PushService/u0a98 for service {com.miHoYo.Yuanshen/com.combosdk.module.push.PushService}
11-29 07:55:11.595 1491 5277 I ActivityManager: Killing 2808:com.android.webview:sandboxed_process0:org.chromium.content.app.SandboxedProcessService0:0/u0a98i5 (adj 0): isolated not needed
11-29 07:55:11.595 1491 5277 I am_kill : [0,2808,com.android.webview:sandboxed_process0:org.chromium.content.app.SandboxedProcessService0:0,0,isolated not needed]
11-29 07:55:11.612 1491 1772 I am_proc_died: [0,2808,com.android.webview:sandboxed_process0:org.chromium.content.app.SandboxedProcessService0:0,0,10]
11-29 07:55:11.613 1491 1772 I am_uid_stopped: 99005
11-29 07:55:11.617 1491 8646 I am_proc_bound: [0,2952,com.miHoYo.Yuanshen:PushService]
11-29 07:55:11.621 1491 8646 I ActivityTaskManager: START u0 {flg=0x10000000 cmp=com.miHoYo.Yuanshen/com.miHoYo.sdk.platform.SdkActivity (has extras)} from uid 10098
11-29 07:55:11.625 1491 8646 I wm_task_moved: [250,1,10]
11-29 07:55:11.625 1491 8646 I wm_set_resumed_activity: [0,com.miHoYo.Yuanshen/com.miHoYo.GetMobileInfo.MainActivity,positionChildAt]
11-29 07:55:11.625 1491 8646 I wm_create_activity: [0,124268318,250,com.miHoYo.Yuanshen/com.miHoYo.sdk.platform.SdkActivity,NULL,NULL,NULL,268435456]
11-29 07:55:11.626 1491 8646 I wm_pause_activity: [0,216657957,com.miHoYo.Yuanshen/com.miHoYo.GetMobileInfo.MainActivity,userLeaving=true,resumeTopActivityInnerLocked]
11-29 07:55:11.631 2567 2567 I wm_on_top_resumed_lost_called: [216657957,com.miHoYo.GetMobileInfo.MainActivity,topStateChangedWhenResumed]
11-29 07:55:11.638 1491 1618 E KernelCpuSpeedReader: Failed to read cpu-freq: /sys/devices/system/cpu/cpu4/cpufreq/stats/time_in_state: open failed: ENOENT (No such file or directory)
11-29 07:55:11.639 1491 1618 E KernelCpuSpeedReader: Failed to read cpu-freq: /sys/devices/system/cpu/cpu0/cpufreq/stats/time_in_state: open failed: ENOENT (No such file or directory)
11-29 07:55:11.640 1491 1618 D KernelCpuUidUserSysTimeReader: Removing uids 99002-99002
11-29 07:55:11.640 1491 1618 D KernelCpuUidUserSysTimeReader: Removing uids 99004-99004
11-29 07:55:11.647 2952 2952 E ActivityThread: Failed to find provider info for com.combosdk.framework.control
11-29 07:55:11.659 2567 2567 I wm_on_paused_called: [216657957,com.miHoYo.GetMobileInfo.MainActivity,performPause]
11-29 07:55:11.660 1491 1772 I ActivityTaskManager: FOREGROUND_APPLICATION_CHANGED to com.miHoYo.sdk.platform.SdkActivity
11-29 07:55:11.660 1491 1772 I ActivityTaskManager: The Process com.miHoYo.Yuanshen Already Exists in BG. So sending its PID: 2567
11-29 07:55:11.661 1491 1772 W ActivityTaskManager: Tried to set launchTime (0) < mLastActivityLaunchTime (16875350)
11-29 07:55:11.663 1491 1772 I wm_restart_activity: [0,124268318,250,com.miHoYo.Yuanshen/com.miHoYo.sdk.platform.SdkActivity]
11-29 07:55:11.665 1491 1772 I wm_set_resumed_activity: [0,com.miHoYo.Yuanshen/com.miHoYo.sdk.platform.SdkActivity,minimalResumeActivityLocked]
11-29 07:55:11.676 1491 1599 I sysui_multi_action: [757,803,799,window_time_0,802,15]
11-29 07:55:11.717 2567 2567 I wm_on_create_called: [124268318,com.miHoYo.sdk.platform.SdkActivity,performCreate]
11-29 07:55:11.717 2567 2567 I wm_on_start_called: [124268318,com.miHoYo.sdk.platform.SdkActivity,handleStartActivity]
11-29 07:55:11.718 2567 2567 I wm_on_resume_called: [124268318,com.miHoYo.sdk.platform.SdkActivity,RESUME_ACTIVITY]
11-29 07:55:11.721 1491 5277 W WindowManager: Failed looking up window session=Session{5ca594d 2567:u0a10098} callers=com.android.server.wm.WindowManagerService.windowForClientLocked:5628 com.android.server.wm.Session.insetsModified:629 android.view.IWindowSession$Stub.onTransact:1151
11-29 07:55:11.723 2567 2567 I wm_on_top_resumed_gained_called: [124268318,com.miHoYo.sdk.platform.SdkActivity,topStateChangedWhenResumed]
11-29 07:55:11.745 1491 1600 I input_focus: [Focus request e2b4aef com.miHoYo.Yuanshen/com.miHoYo.sdk.platform.SdkActivity,reason=UpdateInputWindows]
11-29 07:55:11.772 1491 1693 I input_focus: [Focus leaving a4d0913 com.miHoYo.Yuanshen/com.miHoYo.GetMobileInfo.MainActivity (server),reason=Waiting for window because NOT_VISIBLE]
11-29 07:55:11.775 1491 1596 I wm_activity_launch_time: [0,124268318,com.miHoYo.Yuanshen/com.miHoYo.sdk.platform.SdkActivity,152]
11-29 07:55:11.782 16043 16059 W ContextImpl: Calling a method in the system process without a qualified user: android.app.ContextImpl.startService:1816 android.content.ContextWrapper.startService:774 com.thundercomm.gamemode.ingame.services.GameModeActionUtils.startGameModeService:93 com.thundercomm.gamemode.ingame.services.GameModeActionUtils.startGameModeEntry:21 com.thundercomm.gamemode.ingame.services.ActivityMonitoringService$1.onActivityLaunch:127
11-29 07:55:11.791 1491 1693 I input_focus: [Focus entering e2b4aef com.miHoYo.Yuanshen/com.miHoYo.sdk.platform.SdkActivity (server),reason=Window became focusable. Previous reason: NOT_VISIBLE]
11-29 07:55:11.797 1491 1491 I GameModeConfig: Current uri is uri = content://com.thundercomm.gamemode.api/gamemode_settings/gamemode_isgaming
11-29 07:55:11.800 1491 1491 I GameModeConfig: isGameModeOn = false
11-29 07:55:11.801 1491 1491 I GameModeConfig: isGameModeOn = false
11-29 07:55:11.801 1491 1491 I GameModeConfig: isDisableVoice = true
11-29 07:55:12.031 3064 3064 I auditd : type=1400 audit(0.0:19266): avc: granted { execute } for comm="Thread-93" name="E427BD44" dev="dm-10" ino=16751 scontext=u:r:untrusted_app:s0:c98,c256,c512,c768 tcontext=u:object_r:app_data_file:s0:c98,c256,c512,c768 tclass=file app=com.miHoYo.Yuanshen
11-29 07:55:12.031 3064 3064 I auditd : type=1400 audit(0.0:19267): avc: granted { execute } for comm="Thread-93" name="E427BD44" dev="dm-10" ino=16751 scontext=u:r:untrusted_app:s0:c98,c256,c512,c768 tcontext=u:object_r:app_data_file:s0:c98,c256,c512,c768 tclass=file app=com.miHoYo.Yuanshen
11-29 07:55:12.031 3064 3064 I auditd : type=1400 audit(0.0:19268): avc: denied { execute_no_trans } for comm="Thread-93" path="/data/data/com.miHoYo.Yuanshen/files/E427BD44" dev="dm-10" ino=16751 scontext=u:r:untrusted_app:s0:c98,c256,c512,c768 tcontext=u:object_r:app_data_file:s0:c98,c256,c512,c768 tclass=file permissive=0 app=com.miHoYo.Yuanshen
11-29 07:55:12.079 0 0 I auditd : type=1400 audit(0.0:19269): avc: denied { kill } for comm="swapper/3" capability=5 scontext=u:r:kernel:s0 tcontext=u:r:kernel:s0 tclass=capability permissive=0
11-29 07:55:13.079 0 0 I auditd : type=1400 audit(0.0:19270): avc: denied { kill } for comm="swapper/3" capability=5 scontext=u:r:kernel:s0 tcontext=u:r:kernel:s0 tclass=capability permissive=0
11-29 07:55:13.616 1491 8646 W ActivityManager: Unable to start service Intent { act=com.bun.msa.action.start.service cmp=com.mdid.msa/.service.MsaKlService (has extras) } U=0: not found
11-29 07:55:13.618 1491 8646 W ActivityManager: Unable to start service Intent { act=com.bun.msa.action.bindto.service cmp=com.mdid.msa/.service.MsaIdService (has extras) } U=0: not found
11-29 07:55:13.649 1491 1693 I input_interaction: Interaction with: e2b4aef com.miHoYo.Yuanshen/com.miHoYo.sdk.platform.SdkActivity (server), edge-swipe (server), swipe-up (server), PointerEventDispatcher0 (server),
11-29 07:55:13.850 32243 32243 E AndroidRuntime: FATAL EXCEPTION: main
11-29 07:55:13.850 32243 32243 E AndroidRuntime: Process: com.baidu.input, PID: 32243
11-29 07:55:13.850 32243 32243 E AndroidRuntime: java.lang.NullPointerException: Attempt to invoke virtual method 'int android.graphics.Rect.height()' on a null object reference
11-29 07:55:13.850 32243 32243 E AndroidRuntime: at com.baidu.cjh.getRectHeight(Proguard:295)
11-29 07:55:13.850 32243 32243 E AndroidRuntime: at com.baidu.cjh.initData(Proguard:345)
11-29 07:55:13.850 32243 32243 E AndroidRuntime: at com.baidu.cjh.(Proguard:168)
11-29 07:55:13.850 32243 32243 E AndroidRuntime: at com.baidu.cjh.ca(Proguard:175)
11-29 07:55:13.850 32243 32243 E AndroidRuntime: at com.baidu.bws.dM(Proguard:858)
11-29 07:55:13.850 32243 32243 E AndroidRuntime: at com.baidu.crq.a(Proguard:2733)
11-29 07:55:13.850 32243 32243 E AndroidRuntime: at com.baidu.crq.onEvent(Proguard:2711)
11-29 07:55:13.850 32243 32243 E AndroidRuntime: at com.baidu.brn.c(Proguard:379)
11-29 07:55:13.850 32243 32243 E AndroidRuntime: at com.baidu.brn.a(Proguard:267)
11-29 07:55:13.850 32243 32243 E AndroidRuntime: at com.baidu.brn.a(Proguard:309)
11-29 07:55:13.850 32243 32243 E AndroidRuntime: at com.baidu.brn.a(Proguard:293)
11-29 07:55:13.850 32243 32243 E AndroidRuntime: at com.baidu.brn.a(Proguard:112)
11-29 07:55:13.850 32243 32243 E AndroidRuntime: at com.baidu.bwq.asG(Proguard:2209)
11-29 07:55:13.850 32243 32243 E AndroidRuntime: at com.baidu.bws.atE(Proguard:842)
11-29 07:55:13.850 32243 32243 E AndroidRuntime: at com.baidu.ctu.aZG(Proguard:947)
11-29 07:55:13.850 32243 32243 E AndroidRuntime: at com.baidu.bws.dP(Proguard:958)
11-29 07:55:13.850 32243 32243 E AndroidRuntime: at com.baidu.ctu.auW(Proguard:620)
11-29 07:55:13.850 32243 32243 E AndroidRuntime: at com.baidu.bws.auW(Proguard:6060)
11-29 07:55:13.850 32243 32243 E AndroidRuntime: at com.baidu.bws.q(Proguard:1530)
11-29 07:55:13.850 32243 32243 E AndroidRuntime: at com.baidu.bws.jk(Proguard:1166)
11-29 07:55:13.850 32243 32243 E AndroidRuntime: at com.baidu.input.ImeService.requestVoiceTinyView(Proguard:4818)
11-29 07:55:13.850 32243 32243 E AndroidRuntime: at com.baidu.dqy.dq(Proguard:245)
11-29 07:55:13.850 32243 32243 E AndroidRuntime: at com.baidu.input.ImeService.clickFloatTinyVoice(Proguard:5417)
11-29 07:55:13.850 32243 32243 E AndroidRuntime: at com.baidu.input.ImeService.switchToFloatTinyVoiceCandState(Proguard:2144)
11-29 07:55:13.850 32243 32243 E AndroidRuntime: at com.baidu.input.ImeService.enterGameKeyBoard(Proguard:2060)
11-29 07:55:13.850 32243 32243 E AndroidRuntime: at com.baidu.input.ImeService.enterSpicalSoftKeyboardMode(Proguard:1679)
11-29 07:55:13.850 32243 32243 E AndroidRuntime: at com.baidu.input.ImeService.onStartInputViewInternal(Proguard:1518)
11-29 07:55:13.850 32243 32243 E AndroidRuntime: at com.baidu.input.modular.ObservableImeService.onStartInputView(Proguard:96)
11-29 07:55:13.850 32243 32243 E AndroidRuntime: at android.inputmethodservice.InputMethodService.startViews(InputMethodService.java:2304)
11-29 07:55:13.850 32243 32243 E AndroidRuntime: at android.inputmethodservice.InputMethodService.showWindow(InputMethodService.java:2250)
11-29 07:55:13.850 32243 32243 E AndroidRuntime: at com.baidu.input.ImeService.showWindow(Proguard:5658)
11-29 07:55:13.850 32243 32243 E AndroidRuntime: at android.inputmethodservice.InputMethodService$InputMethodImpl.showSoftInput(InputMethodService.java:821)
11-29 07:55:13.850 32243 32243 E AndroidRuntime: at android.inputmethodservice.InputMethodService$InputMethodImpl.showSoftInputWithToken(InputMethodService.java:790)
11-29 07:55:13.850 32243 32243 E AndroidRuntime: at android.inputmethodservice.IInputMethodWrapper.executeMessage(IInputMethodWrapper.java:225)
11-29 07:55:13.850 32243 32243 E AndroidRuntime: at com.android.internal.os.HandlerCaller$MyHandler.handleMessage(HandlerCaller.java:44)
11-29 07:55:13.850 32243 32243 E AndroidRuntime: at android.os.Handler.dispatchMessage(Handler.java:106)
11-29 07:55:13.850 32243 32243 E AndroidRuntime: at android.os.Looper.loopOnce(Looper.java:201)
11-29 07:55:13.850 32243 32243 E AndroidRuntime: at android.os.Looper.loop(Looper.java:288)
11-29 07:55:13.850 32243 32243 E AndroidRuntime: at android.app.ActivityThread.main(ActivityThread.java:7880)
11-29 07:55:13.850 32243 32243 E AndroidRuntime: at java.lang.reflect.Method.invoke(Native Method)
11-29 07:55:13.850 32243 32243 E AndroidRuntime: at com.android.internal.os.RuntimeInit$MethodAndArgsCaller.run(RuntimeInit.java:548)
11-29 07:55:13.850 32243 32243 E AndroidRuntime: at com.android.internal.os.ZygoteInit.main(ZygoteInit.java:1009)
11-29 07:55:13.851 1491 8943 I am_crash: [32243,0,com.baidu.input,952647237,java.lang.NullPointerException,Attempt to invoke virtual method 'int android.graphics.Rect.height()' on a null object reference,Proguard,295]
11-29 07:55:13.852 1491 3155 I DropBoxManagerService: add tag=system_app_crash isTagEnabled=true flags=0x2
11-29 07:55:13.853 1491 8943 I sysui_multi_action: [757,316,758,4,759,-1]
11-29 07:55:13.920 1491 8943 I ActivityManager: Process com.baidu.input (pid 32243) has died: vis BFGS
11-29 07:55:13.920 1491 8943 I am_proc_died: [0,32243,com.baidu.input,100,5]
11-29 07:55:13.920 1491 9480 I WindowManager: WIN DEATH: Window{d09d49f u0 InputMethod}
11-29 07:55:13.922 1491 1491 W InputMethodManagerService: Session failed to close due to remote exception
11-29 07:55:13.922 1491 1491 W InputMethodManagerService: android.os.DeadObjectException
11-29 07:55:13.922 1491 1491 W InputMethodManagerService: at android.os.BinderProxy.transactNative(Native Method)
11-29 07:55:13.922 1491 1491 W InputMethodManagerService: at android.os.BinderProxy.transact(BinderProxy.java:571)
11-29 07:55:13.922 1491 1491 W InputMethodManagerService: at com.android.internal.view.IInputMethodSession$Stub$Proxy.finishSession(IInputMethodSession.java:425)
11-29 07:55:13.922 1491 1491 W InputMethodManagerService: at com.android.server.inputmethod.InputMethodManagerService.finishSessionLocked(InputMethodManagerService.java:2631)
11-29 07:55:13.922 1491 1491 W InputMethodManagerService: at com.android.server.inputmethod.InputMethodManagerService.clearClientSessionLocked(InputMethodManagerService.java:2622)
11-29 07:55:13.922 1491 1491 W InputMethodManagerService: at com.android.server.inputmethod.InputMethodManagerService.clearCurMethodLocked(InputMethodManagerService.java:2649)
11-29 07:55:13.922 1491 1491 W InputMethodManagerService: at com.android.server.inputmethod.InputMethodManagerService.onServiceDisconnected(InputMethodManagerService.java:2678)
11-29 07:55:13.922 1491 1491 W InputMethodManagerService: at android.app.LoadedApk$ServiceDispatcher.doDeath(LoadedApk.java:2097)
11-29 07:55:13.922 1491 1491 W InputMethodManagerService: at android.app.LoadedApk$ServiceDispatcher$RunConnection.run(LoadedApk.java:2112)
11-29 07:55:13.922 1491 1491 W InputMethodManagerService: at android.os.Handler.handleCallback(Handler.java:938)
11-29 07:55:13.922 1491 1491 W InputMethodManagerService: at android.os.Handler.dispatchMessage(Handler.java:99)
11-29 07:55:13.922 1491 1491 W InputMethodManagerService: at android.os.Looper.loopOnce(Looper.java:201)
11-29 07:55:13.922 1491 1491 W InputMethodManagerService: at android.os.Looper.loop(Looper.java:288)
11-29 07:55:13.922 1491 1491 W InputMethodManagerService: at com.android.server.SystemServer.run(SystemServer.java:908)
11-29 07:55:13.922 1491 1491 W InputMethodManagerService: at com.android.server.SystemServer.main(SystemServer.java:615)
11-29 07:55:13.922 1491 1491 W InputMethodManagerService: at java.lang.reflect.Method.invoke(Native Method)
11-29 07:55:13.922 1491 1491 W InputMethodManagerService: at com.android.internal.os.RuntimeInit$MethodAndArgsCaller.run(RuntimeInit.java:548)
11-29 07:55:13.922 1491 1491 W InputMethodManagerService: at com.android.internal.os.ZygoteInit.main(ZygoteInit.java:987)
11-29 07:55:13.922 1491 1491 W InputMethodManagerService: Session failed to close due to remote exception
11-29 07:55:13.922 1491 1491 W InputMethodManagerService: android.os.DeadObjectException
11-29 07:55:13.922 1491 1491 W InputMethodManagerService: at android.os.BinderProxy.transactNative(Native Method)
11-29 07:55:13.922 1491 1491 W InputMethodManagerService: at android.os.BinderProxy.transact(BinderProxy.java:571)
11-29 07:55:13.922 1491 1491 W InputMethodManagerService: at com.android.internal.view.IInputMethodSession$Stub$Proxy.finishSession(IInputMethodSession.java:425)
11-29 07:55:13.922 1491 1491 W InputMethodManagerService: at com.android.server.inputmethod.InputMethodManagerService.finishSessionLocked(InputMethodManagerService.java:2631)
11-29 07:55:13.922 1491 1491 W InputMethodManagerService: at com.android.server.inputmethod.InputMethodManagerService.clearClientSessionLocked(InputMethodManagerService.java:2622)
11-29 07:55:13.922 1491 1491 W InputMethodManagerService: at com.android.server.inputmethod.InputMethodManagerService.clearCurMethodLocked(InputMethodManagerService.java:2649)
11-29 07:55:13.922 1491 1491 W InputMethodManagerService: at com.android.server.inputmethod.InputMethodManagerService.onServiceDisconnected(InputMethodManagerService.java:2678)
11-29 07:55:13.922 1491 1491 W InputMethodManagerService: at android.app.LoadedApk$ServiceDispatcher.doDeath(LoadedApk.java:2097)
11-29 07:55:13.922 1491 1491 W InputMethodManagerService: at android.app.LoadedApk$ServiceDispatcher$RunConnection.run(LoadedApk.java:2112)
11-29 07:55:13.922 1491 1491 W InputMethodManagerService: at android.os.Handler.handleCallback(Handler.java:938)
11-29 07:55:13.922 1491 1491 W InputMethodManagerService: at android.os.Handler.dispatchMessage(Handler.java:99)
11-29 07:55:13.922 1491 1491 W InputMethodManagerService: at android.os.Looper.loopOnce(Looper.java:201)
11-29 07:55:13.922 1491 1491 W InputMethodManagerService: at android.os.Looper.loop(Looper.java:288)
11-29 07:55:13.922 1491 1491 W InputMethodManagerService: at com.android.server.SystemServer.run(SystemServer.java:908)
11-29 07:55:13.922 1491 1491 W InputMethodManagerService: at com.android.server.SystemServer.main(SystemServer.java:615)
11-29 07:55:13.922 1491 1491 W InputMethodManagerService: at java.lang.reflect.Method.invoke(Native Method)
11-29 07:55:13.922 1491 1491 W InputMethodManagerService: at com.android.internal.os.RuntimeInit$MethodAndArgsCaller.run(RuntimeInit.java:548)
11-29 07:55:13.922 1491 1491 W InputMethodManagerService: at com.android.internal.os.ZygoteInit.main(ZygoteInit.java:987)
11-29 07:55:13.923 1491 1491 W InputMethodManagerService: Session failed to close due to remote exception
11-29 07:55:13.923 1491 1491 W InputMethodManagerService: android.os.DeadObjectException
11-29 07:55:13.923 1491 1491 W InputMethodManagerService: at android.os.BinderProxy.transactNative(Native Method)
11-29 07:55:13.923 1491 1491 W InputMethodManagerService: at android.os.BinderProxy.transact(BinderProxy.java:571)
11-29 07:55:13.923 1491 1491 W InputMethodManagerService: at com.android.internal.view.IInputMethodSession$Stub$Proxy.finishSession(IInputMethodSession.java:425)
11-29 07:55:13.923 1491 1491 W InputMethodManagerService: at com.android.server.inputmethod.InputMethodManagerService.finishSessionLocked(InputMethodManagerService.java:2631)
11-29 07:55:13.923 1491 1491 W InputMethodManagerService: at com.android.server.inputmethod.InputMethodManagerService.clearClientSessionLocked(InputMethodManagerService.java:2622)
11-29 07:55:13.923 1491 1491 W InputMethodManagerService: at com.android.server.inputmethod.InputMethodManagerService.clearCurMethodLocked(InputMethodManagerService.java:2649)
11-29 07:55:13.923 1491 1491 W InputMethodManagerService: at com.android.server.inputmethod.InputMethodManagerService.onServiceDisconnected(InputMethodManagerService.java:2678)
11-29 07:55:13.923 1491 1491 W InputMethodManagerService: at android.app.LoadedApk$ServiceDispatcher.doDeath(LoadedApk.java:2097)
11-29 07:55:13.923 1491 1491 W InputMethodManagerService: at android.app.LoadedApk$ServiceDispatcher$RunConnection.run(LoadedApk.java:2112)
11-29 07:55:13.923 1491 1491 W InputMethodManagerService: at android.os.Handler.handleCallback(Handler.java:938)
11-29 07:55:13.923 1491 1491 W InputMethodManagerService: at android.os.Handler.dispatchMessage(Handler.java:99)
11-29 07:55:13.923 1491 1491 W InputMethodManagerService: at android.os.Looper.loopOnce(Looper.java:201)
11-29 07:55:13.923 1491 1491 W InputMethodManagerService: at android.os.Looper.loop(Looper.java:288)
11-29 07:55:13.923 1491 1491 W InputMethodManagerService: at com.android.server.SystemServer.run(SystemServer.java:908)
11-29 07:55:13.923 1491 1491 W InputMethodManagerService: at com.android.server.SystemServer.main(SystemServer.java:615)
11-29 07:55:13.923 1491 1491 W InputMethodManagerService: at java.lang.reflect.Method.invoke(Native Method)
11-29 07:55:13.923 1491 1491 W InputMethodManagerService: at com.android.internal.os.RuntimeInit$MethodAndArgsCaller.run(RuntimeInit.java:548)
11-29 07:55:13.923 1491 1491 W InputMethodManagerService: at com.android.internal.os.ZygoteInit.main(ZygoteInit.java:987)
11-29 07:55:13.923 1491 1491 W InputMethodManagerService: Session failed to close due to remote exception
11-29 07:55:13.923 1491 1491 W InputMethodManagerService: android.os.DeadObjectException
11-29 07:55:13.923 1491 1491 W InputMethodManagerService: at android.os.BinderProxy.transactNative(Native Method)
11-29 07:55:13.923 1491 1491 W InputMethodManagerService: at android.os.BinderProxy.transact(BinderProxy.java:571)
11-29 07:55:13.923 1491 1491 W InputMethodManagerService: at com.android.internal.view.IInputMethodSession$Stub$Proxy.finishSession(IInputMethodSession.java:425)
11-29 07:55:13.923 1491 1491 W InputMethodManagerService: at com.android.server.inputmethod.InputMethodManagerService.finishSessionLocked(InputMethodManagerService.java:2631)
11-29 07:55:13.923 1491 1491 W InputMethodManagerService: at com.android.server.inputmethod.InputMethodManagerService.clearClientSessionLocked(InputMethodManagerService.java:2622)
11-29 07:55:13.923 1491 1491 W InputMethodManagerService: at com.android.server.inputmethod.InputMethodManagerService.clearCurMethodLocked(InputMethodManagerService.java:2649)
11-29 07:55:13.923 1491 1491 W InputMethodManagerService: at com.android.server.inputmethod.InputMethodManagerService.onServiceDisconnected(InputMethodManagerService.java:2678)
11-29 07:55:13.923 1491 1491 W InputMethodManagerService: at android.app.LoadedApk$ServiceDispatcher.doDeath(LoadedApk.java:2097)
11-29 07:55:13.923 1491 1491 W InputMethodManagerService: at android.app.LoadedApk$ServiceDispatcher$RunConnection.run(LoadedApk.java:2112)
11-29 07:55:13.923 1491 1491 W InputMethodManagerService: at android.os.Handler.handleCallback(Handler.java:938)
11-29 07:55:13.923 1491 1491 W InputMethodManagerService: at android.os.Handler.dispatchMessage(Handler.java:99)
11-29 07:55:13.923 1491 1491 W InputMethodManagerService: at android.os.Looper.loopOnce(Looper.java:201)
11-29 07:55:13.923 1491 1491 W InputMethodManagerService: at android.os.Looper.loop(Looper.java:288)
11-29 07:55:13.923 1491 1491 W InputMethodManagerService: at com.android.server.SystemServer.run(SystemServer.java:908)
11-29 07:55:13.923 1491 1491 W InputMethodManagerService: at com.android.server.SystemServer.main(SystemServer.java:615)
11-29 07:55:13.923 1491 1491 W InputMethodManagerService: at java.lang.reflect.Method.invoke(Native Method)
11-29 07:55:13.923 1491 1491 W InputMethodManagerService: at com.android.internal.os.RuntimeInit$MethodAndArgsCaller.run(RuntimeInit.java:548)
11-29 07:55:13.923 1491 1491 W InputMethodManagerService: at com.android.internal.os.ZygoteInit.main(ZygoteInit.java:987)
11-29 07:55:13.924 1491 1491 W InputMethodManagerService: Session failed to close due to remote exception
11-29 07:55:13.924 1491 1491 W InputMethodManagerService: android.os.DeadObjectException
11-29 07:55:13.924 1491 1491 W InputMethodManagerService: at android.os.BinderProxy.transactNative(Native Method)
11-29 07:55:13.924 1491 1491 W InputMethodManagerService: at android.os.BinderProxy.transact(BinderProxy.java:571)
11-29 07:55:13.924 1491 1491 W InputMethodManagerService: at com.android.internal.view.IInputMethodSession$Stub$Proxy.finishSession(IInputMethodSession.java:425)
11-29 07:55:13.924 1491 1491 W InputMethodManagerService: at com.android.server.inputmethod.InputMethodManagerService.finishSessionLocked(InputMethodManagerService.java:2631)
11-29 07:55:13.924 1491 1491 W InputMethodManagerService: at com.android.server.inputmethod.InputMethodManagerService.clearClientSessionLocked(InputMethodManagerService.java:2622)
11-29 07:55:13.924 1491 1491 W InputMethodManagerService: at com.android.server.inputmethod.InputMethodManagerService.clearCurMethodLocked(InputMethodManagerService.java:2649)
11-29 07:55:13.924 1491 1491 W InputMethodManagerService: at com.android.server.inputmethod.InputMethodManagerService.onServiceDisconnected(InputMethodManagerService.java:2678)
11-29 07:55:13.924 1491 1491 W InputMethodManagerService: at android.app.LoadedApk$ServiceDispatcher.doDeath(LoadedApk.java:2097)
11-29 07:55:13.924 1491 1491 W InputMethodManagerService: at android.app.LoadedApk$ServiceDispatcher$RunConnection.run(LoadedApk.java:2112)
11-29 07:55:13.924 1491 1491 W InputMethodManagerService: at android.os.Handler.handleCallback(Handler.java:938)
11-29 07:55:13.924 1491 1491 W InputMethodManagerService: at android.os.Handler.dispatchMessage(Handler.java:99)
11-29 07:55:13.924 1491 1491 W InputMethodManagerService: at android.os.Looper.loopOnce(Looper.java:201)
11-29 07:55:13.924 1491 1491 W InputMethodManagerService: at android.os.Looper.loop(Looper.java:288)
11-29 07:55:13.924 1491 1491 W InputMethodManagerService: at com.android.server.SystemServer.run(SystemServer.java:908)
11-29 07:55:13.924 1491 1491 W InputMethodManagerService: at com.android.server.SystemServer.main(SystemServer.java:615)
11-29 07:55:13.924 1491 1491 W InputMethodManagerService: at java.lang.reflect.Method.invoke(Native Method)
11-29 07:55:13.924 1491 1491 W InputMethodManagerService: at com.android.internal.os.RuntimeInit$MethodAndArgsCaller.run(RuntimeInit.java:548)
11-29 07:55:13.924 1491 1491 W InputMethodManagerService: at com.android.internal.os.ZygoteInit.main(ZygoteInit.java:987)
11-29 07:55:13.925 1491 1491 W InputMethodManagerService: Session failed to close due to remote exception
11-29 07:55:13.925 1491 1491 W InputMethodManagerService: android.os.DeadObjectException
11-29 07:55:13.925 1491 1491 W InputMethodManagerService: at android.os.BinderProxy.transactNative(Native Method)
11-29 07:55:13.925 1491 1491 W InputMethodManagerService: at android.os.BinderProxy.transact(BinderProxy.java:571)
11-29 07:55:13.925 1491 1491 W InputMethodManagerService: at com.android.internal.view.IInputMethodSession$Stub$Proxy.finishSession(IInputMethodSession.java:425)
11-29 07:55:13.925 1491 1491 W InputMethodManagerService: at com.android.server.inputmethod.InputMethodManagerService.finishSessionLocked(InputMethodManagerService.java:2631)
11-29 07:55:13.925 1491 1491 W InputMethodManagerService: at com.android.server.inputmethod.InputMethodManagerService.clearClientSessionLocked(InputMethodManagerService.java:2622)
11-29 07:55:13.925 1491 1491 W InputMethodManagerService: at com.android.server.inputmethod.InputMethodManagerService.clearCurMethodLocked(InputMethodManagerService.java:2649)
11-29 07:55:13.925 1491 1491 W InputMethodManagerService: at com.android.server.inputmethod.InputMethodManagerService.onServiceDisconnected(InputMethodManagerService.java:2678)
11-29 07:55:13.925 1491 1491 W InputMethodManagerService: at android.app.LoadedApk$ServiceDispatcher.doDeath(LoadedApk.java:2097)
11-29 07:55:13.925 1491 1491 W InputMethodManagerService: at android.app.LoadedApk$ServiceDispatcher$RunConnection.run(LoadedApk.java:2112)
11-29 07:55:13.925 1491 1491 W InputMethodManagerService: at android.os.Handler.handleCallback(Handler.java:938)
11-29 07:55:13.925 1491 1491 W InputMethodManagerService: at android.os.Handler.dispatchMessage(Handler.java:99)
11-29 07:55:13.925 1491 1491 W InputMethodManagerService: at android.os.Looper.loopOnce(Looper.java:201)
11-29 07:55:13.925 1491 1491 W InputMethodManagerService: at android.os.Looper.loop(Looper.java:288)
11-29 07:55:13.925 1491 1491 W InputMethodManagerService: at com.android.server.SystemServer.run(SystemServer.java:908)
11-29 07:55:13.925 1491 1491 W InputMethodManagerService: at com.android.server.SystemServer.main(SystemServer.java:615)
11-29 07:55:13.925 1491 1491 W InputMethodManagerService: at java.lang.reflect.Method.invoke(Native Method)
11-29 07:55:13.925 1491 1491 W InputMethodManagerService: at com.android.internal.os.RuntimeInit$MethodAndArgsCaller.run(RuntimeInit.java:548)
11-29 07:55:13.925 1491 1491 W InputMethodManagerService: at com.android.internal.os.ZygoteInit.main(ZygoteInit.java:987)
11-29 07:55:13.926 1491 8943 W ActivityManager: Scheduling restart of crashed service com.baidu.input/.ImeService in 1000ms for connection
11-29 07:55:13.926 1491 8943 I am_schedule_service_restart: [0,com.baidu.input/.ImeService,1000]
11-29 07:55:13.926 1491 8943 I am_uid_stopped: 10029
11-29 07:55:13.934 1491 1599 W ActivityManager: setHasOverlayUi called on unknown pid: 32243
11-29 07:55:14.079 48 48 I auditd : type=1400 audit(0.0:19271): avc: denied { kill } for comm="rcuop/4" capability=5 scontext=u:r:kernel:s0 tcontext=u:r:kernel:s0 tclass=capability permissive=0
11-29 07:55:14.927 1491 1608 I am_uid_running: 10029
11-29 07:55:14.928 1491 1608 D CompatibilityChangeReporter: Compat change id reported: 135634846; UID 10029; state: DISABLED
11-29 07:55:14.928 1491 1608 D CompatibilityChangeReporter: Compat change id reported: 177438394; UID 10029; state: DISABLED
11-29 07:55:14.928 1491 1608 D CompatibilityChangeReporter: Compat change id reported: 135772972; UID 10029; state: DISABLED
11-29 07:55:14.928 1491 1608 D CompatibilityChangeReporter: Compat change id reported: 135754954; UID 10029; state: DISABLED
11-29 07:55:14.928 1491 1609 D CompatibilityChangeReporter: Compat change id reported: 143937733; UID 10029; state: DISABLED
11-29 07:55:14.940 1491 1609 I am_proc_start: [0,3163,10029,com.baidu.input,service,{com.baidu.input/com.baidu.input.ImeService}]
11-29 07:55:14.940 1491 1609 I ActivityManager: Start proc 3163:com.baidu.input/u0a29 for service {com.baidu.input/com.baidu.input.ImeService}
11-29 07:55:14.969 1491 8701 I am_proc_bound: [0,3163,com.baidu.input]
11-29 07:55:14.970 1491 8701 D CompatibilityChangeReporter: Compat change id reported: 168419799; UID 10029; state: DISABLED
11-29 07:55:14.973 1491 8701 I am_uid_active: 10029
11-29 07:55:15.051 1491 1760 I GameModeConfig: isGameModeOn = false
11-29 07:55:15.051 1491 1760 I GameModeConfig: isGameModeOn = false
11-29 07:55:15.051 1491 1760 I GameModeConfig: isGameModeOn = false
11-29 07:55:15.052 1491 1760 I GameModeConfig: isGameModeOn = false
11-29 07:55:15.052 1491 1760 I GameModeConfig: isGameModeOn = false
11-29 07:55:15.052 1491 1760 I GameModeConfig: isGameModeOn = false
11-29 07:55:15.052 1491 1760 I GameModeConfig: isGameModeOn = false
11-29 07:55:15.052 1491 1760 I GameModeConfig: isGameModeOn = false
11-29 07:55:15.053 1491 1760 I GameModeConfig: isGameModeOn = false
11-29 07:55:15.053 1491 1760 I GameModeConfig: isGameModeOn = false
11-29 07:55:15.053 1491 1760 I GameModeConfig: isGameModeOn = false
11-29 07:55:15.053 1491 1760 I GameModeConfig: isGameModeOn = false
11-29 07:55:15.054 1491 1760 I GameModeConfig: isGameModeOn = false
11-29 07:55:15.054 1491 1760 I GameModeConfig: isGameModeOn = false
11-29 07:55:15.055 1491 1760 I GameModeConfig: isGameModeOn = false
11-29 07:55:15.055 1491 1760 I GameModeConfig: isGameModeOn = false
11-29 07:55:15.074 1491 8943 D CompatibilityChangeReporter: Compat change id reported: 171306433; UID 10029; state: DISABLED
11-29 07:55:15.249 1491 1608 W BroadcastQueue: Permission Denial: broadcasting Intent { act=android.net.conn.CONNECTIVITY_CHANGE flg=0x4200010 (has extras) } from null (pid=-1, uid=-1) requires com.baidu.input.permission.REGISTERRECEIVE due to registered receiver BroadcastFilter{f8610fa 10029/u0 ReceiverList{21f808f 3163 com.baidu.input/10029/u0 remote:73fa3ee}}
11-29 07:55:15.330 3163 3266 E ActivityThread: Failed to find provider info for telephony
11-29 07:55:15.528 1491 8943 E PackageDexUsage: Unsupported context?
11-29 07:55:15.568 1491 1608 W BroadcastQueue: Permission Denial: broadcasting Intent { act=android.net.conn.CONNECTIVITY_CHANGE flg=0x4200010 (has extras) } from null (pid=-1, uid=-1) requires com.baidu.input.permission.sofire.RECEIVE due to registered receiver BroadcastFilter{5246bf3 10029/u0 ReceiverList{f894e62 3163 com.baidu.input/10029/u0 remote:969892d}}
11-29 07:55:15.611 3361 3361 I auditd : type=1400 audit(0.0:19272): avc: denied { read } for comm="cat" name="uptime" dev="proc" ino=4026532237 scontext=u:r:priv_app:s0:c512,c768 tcontext=u:object_r:proc_uptime:s0 tclass=file permissive=0 app=com.baidu.input
11-29 07:55:15.644 3163 3365 W PackageParser: No actions in intent filter at /system/priv-app/baidu_ime-mainLine-release/baidu_ime-mainLine-release.apk Binary XML file line #388
11-29 07:55:15.667 3163 3163 I auditd : type=1400 audit(0.0:19273): avc: denied { read } for comm="sec-1-thread-4" name="u:object_r:bluetooth_prop:s0" dev="tmpfs" ino=11566 scontext=u:r:priv_app:s0:c512,c768 tcontext=u:object_r:bluetooth_prop:s0 tclass=file permissive=0 app=com.baidu.input
11-29 07:55:15.667 3163 3163 I auditd : type=1400 audit(0.0:19274): avc: denied { search } for comm="sec-1-thread-4" name="asound" dev="proc" ino=4026532151 scontext=u:r:priv_app:s0:c512,c768 tcontext=u:object_r:proc_asound:s0 tclass=dir permissive=0 app=com.baidu.input
11-29 07:55:15.667 3163 3163 I auditd : type=1400 audit(0.0:19275): avc: denied { search } for comm="sec-1-thread-4" name="asound" dev="proc" ino=4026532151 scontext=u:r:priv_app:s0:c512,c768 tcontext=u:object_r:proc_asound:s0 tclass=dir permissive=0 app=com.baidu.input
11-29 07:55:15.667 3163 3163 I auditd : type=1400 audit(0.0:19276): avc: denied { search } for comm="sec-1-thread-4" name="asound" dev="proc" ino=4026532151 scontext=u:r:priv_app:s0:c512,c768 tcontext=u:object_r:proc_asound:s0 tclass=dir permissive=0 app=com.baidu.input
11-29 07:55:15.667 3163 3163 I auditd : type=1400 audit(0.0:19277): avc: denied { search } for comm="sec-1-thread-4" name="asound" dev="proc" ino=4026532151 scontext=u:r:priv_app:s0:c512,c768 tcontext=u:object_r:proc_asound:s0 tclass=dir permissive=0 app=com.baidu.input
11-29 07:55:16.012 1491 8943 W ActivityManager: Receiver with filter android.content.IntentFilter@4779099 already registered for pid 3163, callerPackage is com.baidu.input
11-29 07:55:16.475 1491 1693 I input_interaction: Interaction with: 3daef3e InputMethod (server), edge-swipe (server), swipe-up (server), PointerEventDispatcher0 (server),
11-29 07:55:17.458 1491 1693 I input_interaction: Interaction with: e2b4aef com.miHoYo.Yuanshen/com.miHoYo.sdk.platform.SdkActivity (server), edge-swipe (server), swipe-up (server), PointerEventDispatcher0 (server),
11-29 07:55:17.546 1491 8701 I ActivityTaskManager: START u0 {flg=0x14000000 cmp=com.miHoYo.Yuanshen/com.miHoYo.sdk.platform.SdkActivity (has extras)} from uid 10098
11-29 07:55:17.552 1491 8701 I wm_finish_activity: [0,124268318,250,com.miHoYo.Yuanshen/com.miHoYo.sdk.platform.SdkActivity,clear-task-top]
11-29 07:55:17.564 1491 8701 I wm_pause_activity: [0,124268318,com.miHoYo.Yuanshen/com.miHoYo.sdk.platform.SdkActivity,userLeaving=false,finish]
11-29 07:55:17.568 1491 8701 I wm_task_moved: [250,1,10]
11-29 07:55:17.568 1491 8701 I wm_create_activity: [0,187748873,250,com.miHoYo.Yuanshen/com.miHoYo.sdk.platform.SdkActivity,NULL,NULL,NULL,335544320]
11-29 07:55:17.573 2567 2567 I wm_on_top_resumed_lost_called: [124268318,com.miHoYo.sdk.platform.SdkActivity,topStateChangedWhenResumed]
11-29 07:55:17.585 2567 2567 I wm_on_paused_called: [124268318,com.miHoYo.sdk.platform.SdkActivity,performPause]
11-29 07:55:17.587 1491 2770 I wm_add_to_stopping: [0,124268318,com.miHoYo.Yuanshen/com.miHoYo.sdk.platform.SdkActivity,completeFinishing]
11-29 07:55:17.589 1491 2770 I ActivityTaskManager: The Process com.miHoYo.Yuanshen Already Exists in BG. So sending its PID: 2567
11-29 07:55:17.592 1491 2770 W ActivityTaskManager: Tried to set launchTime (0) < mLastActivityLaunchTime (16890141)
11-29 07:55:17.594 1491 2770 I wm_restart_activity: [0,187748873,250,com.miHoYo.Yuanshen/com.miHoYo.sdk.platform.SdkActivity]
11-29 07:55:17.595 1491 2770 I wm_set_resumed_activity: [0,com.miHoYo.Yuanshen/com.miHoYo.sdk.platform.SdkActivity,minimalResumeActivityLocked]
11-29 07:55:17.601 1491 1693 I input_focus: [Focus leaving e2b4aef com.miHoYo.Yuanshen/com.miHoYo.sdk.platform.SdkActivity (server),reason=NO_WINDOW]
11-29 07:55:17.602 1491 1599 I sysui_multi_action: [757,803,799,window_time_0,802,6]
