11-29 07:46:55.079 0 0 I auditd : type=1400 audit(0.0:18892): avc: denied { kill } for comm="swapper/3" capability=5 scontext=u:r:kernel:s0 tcontext=u:r:kernel:s0 tclass=capability permissive=0
11-29 07:46:57.079 0 0 I auditd : type=1400 audit(0.0:18893): avc: denied { kill } for comm="swapper/2" capability=5 scontext=u:r:kernel:s0 tcontext=u:r:kernel:s0 tclass=capability permissive=0
11-29 07:46:58.079 0 0 I auditd : type=1400 audit(0.0:18894): avc: denied { kill } for comm="swapper/2" capability=5 scontext=u:r:kernel:s0 tcontext=u:r:kernel:s0 tclass=capability permissive=0
11-29 07:47:00.079 0 0 I auditd : type=1400 audit(0.0:18895): avc: denied { kill } for comm="swapper/2" capability=5 scontext=u:r:kernel:s0 tcontext=u:r:kernel:s0 tclass=capability permissive=0
11-29 07:47:01.079 0 0 I auditd : type=1400 audit(0.0:18896): avc: denied { kill } for comm="swapper/2" capability=5 scontext=u:r:kernel:s0 tcontext=u:r:kernel:s0 tclass=capability permissive=0
11-29 07:47:03.079 0 0 I auditd : type=1400 audit(0.0:18897): avc: denied { kill } for comm="swapper/2" capability=5 scontext=u:r:kernel:s0 tcontext=u:r:kernel:s0 tclass=capability permissive=0
11-29 07:47:05.079 0 0 I auditd : type=1400 audit(0.0:18898): avc: denied { kill } for comm="swapper/1" capability=5 scontext=u:r:kernel:s0 tcontext=u:r:kernel:s0 tclass=capability permissive=0
11-29 07:47:06.079 0 0 I auditd : type=1400 audit(0.0:18899): avc: denied { kill } for comm="swapper/1" capability=5 scontext=u:r:kernel:s0 tcontext=u:r:kernel:s0 tclass=capability permissive=0
11-29 07:47:07.079 0 0 I auditd : type=1400 audit(0.0:18900): avc: denied { kill } for comm="swapper/1" capability=5 scontext=u:r:kernel:s0 tcontext=u:r:kernel:s0 tclass=capability permissive=0
11-29 07:47:08.079 0 0 I auditd : type=1400 audit(0.0:18901): avc: denied { kill } for comm="swapper/1" capability=5 scontext=u:r:kernel:s0 tcontext=u:r:kernel:s0 tclass=capability permissive=0
11-29 07:47:09.079 745 745 I auditd : type=1400 audit(0.0:18902): avc: denied { kill } for comm="crtc_commit:125" capability=5 scontext=u:r:kernel:s0 tcontext=u:r:kernel:s0 tclass=capability permissive=0
11-29 07:47:12.079 0 0 I auditd : type=1400 audit(0.0:18903): avc: denied { kill } for comm="swapper/3" capability=5 scontext=u:r:kernel:s0 tcontext=u:r:kernel:s0 tclass=capability permissive=0
11-29 07:47:13.079 0 0 I auditd : type=1400 audit(0.0:18904): avc: denied { kill } for comm="swapper/3" capability=5 scontext=u:r:kernel:s0 tcontext=u:r:kernel:s0 tclass=capability permissive=0
11-29 07:47:17.079 0 0 I auditd : type=1400 audit(0.0:18905): avc: denied { kill } for comm="swapper/1" capability=5 scontext=u:r:kernel:s0 tcontext=u:r:kernel:s0 tclass=capability permissive=0
11-29 07:47:18.079 0 0 I auditd : type=1400 audit(0.0:18906): avc: denied { kill } for comm="swapper/1" capability=5 scontext=u:r:kernel:s0 tcontext=u:r:kernel:s0 tclass=capability permissive=0
11-29 07:47:21.079 0 0 I auditd : type=1400 audit(0.0:18907): avc: denied { kill } for comm="swapper/1" capability=5 scontext=u:r:kernel:s0 tcontext=u:r:kernel:s0 tclass=capability permissive=0
11-29 07:47:25.079 0 0 I auditd : type=1400 audit(0.0:18908): avc: denied { kill } for comm="swapper/3" capability=5 scontext=u:r:kernel:s0 tcontext=u:r:kernel:s0 tclass=capability permissive=0
11-29 07:47:27.079 28881 28881 I auditd : type=1400 audit(0.0:18909): avc: denied { kill } for comm="kworker/u16:16" capability=5 scontext=u:r:kernel:s0 tcontext=u:r:kernel:s0 tclass=capability permissive=0
11-29 07:47:28.079 0 0 I auditd : type=1400 audit(0.0:18910): avc: denied { kill } for comm="swapper/2" capability=5 scontext=u:r:kernel:s0 tcontext=u:r:kernel:s0 tclass=capability permissive=0
11-29 07:47:29.079 0 0 I auditd : type=1400 audit(0.0:18911): avc: denied { kill } for comm="swapper/2" capability=5 scontext=u:r:kernel:s0 tcontext=u:r:kernel:s0 tclass=capability permissive=0
11-29 07:47:30.079 745 745 I auditd : type=1400 audit(0.0:18912): avc: denied { kill } for comm="crtc_commit:125" capability=5 scontext=u:r:kernel:s0 tcontext=u:r:kernel:s0 tclass=capability permissive=0
11-29 07:47:31.079 0 0 I auditd : type=1400 audit(0.0:18913): avc: denied { kill } for comm="swapper/2" capability=5 scontext=u:r:kernel:s0 tcontext=u:r:kernel:s0 tclass=capability permissive=0
11-29 07:47:32.047 1491 1723 I netstats_mobile_sample: [0,0,0,0,0,0,0,0,0,0,0,0,1669679252046]
11-29 07:47:32.047 1491 1723 I netstats_wifi_sample: [6366280777,5294883,216402995,1031457,6366280777,5294883,216402995,1031457,6448931000,5937611,126441861,827713,1669679252046]
11-29 07:47:32.079 0 0 I auditd : type=1400 audit(0.0:18914): avc: denied { kill } for comm="swapper/2" capability=5 scontext=u:r:kernel:s0 tcontext=u:r:kernel:s0 tclass=capability permissive=0
11-29 07:47:34.079 0 0 I auditd : type=1400 audit(0.0:18915): avc: denied { kill } for comm="swapper/2" capability=5 scontext=u:r:kernel:s0 tcontext=u:r:kernel:s0 tclass=capability permissive=0
11-29 07:47:35.079 0 0 I auditd : type=1400 audit(0.0:18916): avc: denied { kill } for comm="swapper/2" capability=5 scontext=u:r:kernel:s0 tcontext=u:r:kernel:s0 tclass=capability permissive=0
11-29 07:47:36.079 0 0 I auditd : type=1400 audit(0.0:18917): avc: denied { kill } for comm="swapper/2" capability=5 scontext=u:r:kernel:s0 tcontext=u:r:kernel:s0 tclass=capability permissive=0
11-29 07:47:37.079 0 0 I auditd : type=1400 audit(0.0:18918): avc: denied { kill } for comm="swapper/2" capability=5 scontext=u:r:kernel:s0 tcontext=u:r:kernel:s0 tclass=capability permissive=0
11-29 07:47:39.079 0 0 I auditd : type=1400 audit(0.0:18919): avc: denied { kill } for comm="swapper/1" capability=5 scontext=u:r:kernel:s0 tcontext=u:r:kernel:s0 tclass=capability permissive=0
11-29 07:47:41.079 0 0 I auditd : type=1400 audit(0.0:18920): avc: denied { kill } for comm="swapper/1" capability=5 scontext=u:r:kernel:s0 tcontext=u:r:kernel:s0 tclass=capability permissive=0
11-29 07:47:45.079 0 0 I auditd : type=1400 audit(0.0:18921): avc: denied { kill } for comm="swapper/2" capability=5 scontext=u:r:kernel:s0 tcontext=u:r:kernel:s0 tclass=capability permissive=0
11-29 07:47:46.079 0 0 I auditd : type=1400 audit(0.0:18922): avc: denied { kill } for comm="swapper/2" capability=5 scontext=u:r:kernel:s0 tcontext=u:r:kernel:s0 tclass=capability permissive=0
11-29 07:47:48.079 0 0 I auditd : type=1400 audit(0.0:18923): avc: denied { kill } for comm="swapper/2" capability=5 scontext=u:r:kernel:s0 tcontext=u:r:kernel:s0 tclass=capability permissive=0
11-29 07:47:51.024 1491 1491 I notification_enqueue: [10097,27146,com.tencent.android.qqdownloader,127,NULL,0,Notification(channel=channel_id_default_silent shortcut=null contentView=com.tencent.android.qqdownloader/0x7f0a01c2 vibrate=null sound=null defaults=0x0 flags=0x2a0 color=0x00000000 groupKey=com.tencent.android.qqdownloader vis=PRIVATE),1]
11-29 07:47:51.226 1491 1491 I GameModeConfig: isGameModeOn = false
11-29 07:47:52.079 0 0 I auditd : type=1400 audit(0.0:18924): avc: denied { kill } for comm="swapper/2" capability=5 scontext=u:r:kernel:s0 tcontext=u:r:kernel:s0 tclass=capability permissive=0
11-29 07:47:53.079 0 0 I auditd : type=1400 audit(0.0:18925): avc: denied { kill } for comm="swapper/2" capability=5 scontext=u:r:kernel:s0 tcontext=u:r:kernel:s0 tclass=capability permissive=0
11-29 07:47:54.079 0 0 I auditd : type=1400 audit(0.0:18926): avc: denied { kill } for comm="swapper/2" capability=5 scontext=u:r:kernel:s0 tcontext=u:r:kernel:s0 tclass=capability permissive=0
11-29 07:47:55.079 0 0 I auditd : type=1400 audit(0.0:18927): avc: denied { kill } for comm="swapper/2" capability=5 scontext=u:r:kernel:s0 tcontext=u:r:kernel:s0 tclass=capability permissive=0
11-29 07:47:58.079 0 0 I auditd : type=1400 audit(0.0:18928): avc: denied { kill } for comm="swapper/2" capability=5 scontext=u:r:kernel:s0 tcontext=u:r:kernel:s0 tclass=capability permissive=0
11-29 07:48:00.079 0 0 I auditd : type=1400 audit(0.0:18929): avc: denied { kill } for comm="swapper/2" capability=5 scontext=u:r:kernel:s0 tcontext=u:r:kernel:s0 tclass=capability permissive=0
11-29 07:48:02.079 0 0 I auditd : type=1400 audit(0.0:18930): avc: denied { kill } for comm="swapper/2" capability=5 scontext=u:r:kernel:s0 tcontext=u:r:kernel:s0 tclass=capability permissive=0
11-29 07:48:03.079 0 0 I auditd : type=1400 audit(0.0:18931): avc: denied { kill } for comm="swapper/2" capability=5 scontext=u:r:kernel:s0 tcontext=u:r:kernel:s0 tclass=capability permissive=0
11-29 07:48:06.079 0 0 I auditd : type=1400 audit(0.0:18932): avc: denied { kill } for comm="swapper/3" capability=5 scontext=u:r:kernel:s0 tcontext=u:r:kernel:s0 tclass=capability permissive=0
11-29 07:48:07.079 0 0 I auditd : type=1400 audit(0.0:18933): avc: denied { kill } for comm="swapper/3" capability=5 scontext=u:r:kernel:s0 tcontext=u:r:kernel:s0 tclass=capability permissive=0
11-29 07:48:08.079 0 0 I auditd : type=1400 audit(0.0:18934): avc: denied { kill } for comm="swapper/3" capability=5 scontext=u:r:kernel:s0 tcontext=u:r:kernel:s0 tclass=capability permissive=0
11-29 07:48:09.079 0 0 I auditd : type=1400 audit(0.0:18935): avc: denied { kill } for comm="swapper/3" capability=5 scontext=u:r:kernel:s0 tcontext=u:r:kernel:s0 tclass=capability permissive=0
11-29 07:48:10.079 0 0 I auditd : type=1400 audit(0.0:18936): avc: denied { kill } for comm="swapper/3" capability=5 scontext=u:r:kernel:s0 tcontext=u:r:kernel:s0 tclass=capability permissive=0
11-29 07:48:11.079 0 0 I auditd : type=1400 audit(0.0:18937): avc: denied { kill } for comm="swapper/3" capability=5 scontext=u:r:kernel:s0 tcontext=u:r:kernel:s0 tclass=capability permissive=0
11-29 07:48:13.079 0 0 I auditd : type=1400 audit(0.0:18938): avc: denied { kill } for comm="swapper/2" capability=5 scontext=u:r:kernel:s0 tcontext=u:r:kernel:s0 tclass=capability permissive=0
11-29 07:48:14.079 0 0 I auditd : type=1400 audit(0.0:18939): avc: denied { kill } for comm="swapper/2" capability=5 scontext=u:r:kernel:s0 tcontext=u:r:kernel:s0 tclass=capability permissive=0
11-29 07:48:15.079 0 0 I auditd : type=1400 audit(0.0:18940): avc: denied { kill } for comm="swapper/2" capability=5 scontext=u:r:kernel:s0 tcontext=u:r:kernel:s0 tclass=capability permissive=0
11-29 07:48:15.267 29251 29251 I auditd : type=1400 audit(0.0:18941): avc: denied { read } for comm="Thread-152" name="max_user_watches" dev="proc" ino=879897 scontext=u:r:untrusted_app_27:s0:c512,c768 tcontext=u:object_r:proc:s0 tclass=file permissive=0 app=com.tencent.tmgp.pubgmhd
11-29 07:48:15.267 29251 29251 I auditd : type=1400 audit(0.0:18942): avc: denied { read } for comm="Thread-152" name="max_queued_events" dev="proc" ino=879898 scontext=u:r:untrusted_app_27:s0:c512,c768 tcontext=u:object_r:proc:s0 tclass=file permissive=0 app=com.tencent.tmgp.pubgmhd
11-29 07:48:15.267 29251 29251 I auditd : type=1400 audit(0.0:18943): avc: denied { read } for comm="Thread-152" name="max_user_instances" dev="proc" ino=879899 scontext=u:r:untrusted_app_27:s0:c512,c768 tcontext=u:object_r:proc:s0 tclass=file permissive=0 app=com.tencent.tmgp.pubgmhd
11-29 07:48:16.079 0 0 I auditd : type=1400 audit(0.0:18944): avc: denied { kill } for comm="swapper/2" capability=5 scontext=u:r:kernel:s0 tcontext=u:r:kernel:s0 tclass=capability permissive=0
11-29 07:48:17.079 0 0 I auditd : type=1400 audit(0.0:18945): avc: denied { kill } for comm="swapper/2" capability=5 scontext=u:r:kernel:s0 tcontext=u:r:kernel:s0 tclass=capability permissive=0
11-29 07:48:18.079 0 0 I auditd : type=1400 audit(0.0:18946): avc: denied { kill } for comm="swapper/2" capability=5 scontext=u:r:kernel:s0 tcontext=u:r:kernel:s0 tclass=capability permissive=0
11-29 07:48:19.079 0 0 I auditd : type=1400 audit(0.0:18947): avc: denied { kill } for comm="swapper/2" capability=5 scontext=u:r:kernel:s0 tcontext=u:r:kernel:s0 tclass=capability permissive=0
11-29 07:48:19.617 1491 1607 I am_pss : [29251,10099,com.tencent.tmgp.pubgmhd,733705216,709140480,13312,870981632,0,2,52]
11-29 07:48:20.079 0 0 I auditd : type=1400 audit(0.0:18948): avc: denied { kill } for comm="swapper/2" capability=5 scontext=u:r:kernel:s0 tcontext=u:r:kernel:s0 tclass=capability permissive=0
11-29 07:48:23.079 0 0 I auditd : type=1400 audit(0.0:18949): avc: denied { kill } for comm="swapper/2" capability=5 scontext=u:r:kernel:s0 tcontext=u:r:kernel:s0 tclass=capability permissive=0
11-29 07:48:24.079 0 0 I auditd : type=1400 audit(0.0:18950): avc: denied { kill } for comm="swapper/2" capability=5 scontext=u:r:kernel:s0 tcontext=u:r:kernel:s0 tclass=capability permissive=0
11-29 07:48:24.339 29251 29251 I auditd : type=1400 audit(0.0:18951): avc: granted { execute } for comm="SDK_SUB" path="/data/user/0/com.tencent.tmgp.pubgmhd/files/libwbsafeedit_64.so" dev="dm-10" ino=15542 scontext=u:r:untrusted_app_27:s0:c512,c768 tcontext=u:object_r:app_data_file:s0:c512,c768 tclass=file app=com.tencent.tmgp.pubgmhd
11-29 07:48:24.541 1491 1600 I input_focus: [Focus request d3aff0c com.tencent.tmgp.pubgmhd/com.epicgames.ue4.GameActivity,reason=UpdateInputWindows]
11-29 07:48:24.565 1491 1693 I input_focus: [Focus leaving 1b49df com.tencent.tmgp.pubgmhd/com.epicgames.ue4.GameActivity (server),reason=setFocusedWindow]
11-29 07:48:24.565 1491 1693 I input_focus: [Focus entering d3aff0c com.tencent.tmgp.pubgmhd/com.epicgames.ue4.GameActivity (server),reason=setFocusedWindow]
11-29 07:48:28.079 0 0 I auditd : type=1400 audit(0.0:18952): avc: denied { kill } for comm="swapper/3" capability=5 scontext=u:r:kernel:s0 tcontext=u:r:kernel:s0 tclass=capability permissive=0
11-29 07:48:30.079 0 0 I auditd : type=1400 audit(0.0:18953): avc: denied { kill } for comm="swapper/3" capability=5 scontext=u:r:kernel:s0 tcontext=u:r:kernel:s0 tclass=capability permissive=0
11-29 07:48:31.055 1491 1693 I input_interaction: Interaction with: d3aff0c com.tencent.tmgp.pubgmhd/com.epicgames.ue4.GameActivity (server), edge-swipe (server), swipe-up (server), PointerEventDispatcher0 (server),
11-29 07:48:31.079 0 0 I auditd : type=1400 audit(0.0:18954): avc: denied { kill } for comm="swapper/3" capability=5 scontext=u:r:kernel:s0 tcontext=u:r:kernel:s0 tclass=capability permissive=0
11-29 07:48:34.134 1491 1723 I netstats_mobile_sample: [0,0,0,0,0,0,0,0,0,0,0,0,1669679314134]
11-29 07:48:34.134 1491 1723 I netstats_wifi_sample: [6368279825,5297418,217256029,1034002,6368279825,5297418,217256029,1034002,6451038410,5940891,126943360,829465,1669679314134]
11-29 07:48:37.079 0 0 I auditd : type=1400 audit(0.0:18955): avc: denied { kill } for comm="swapper/1" capability=5 scontext=u:r:kernel:s0 tcontext=u:r:kernel:s0 tclass=capability permissive=0
11-29 07:48:37.149 1491 1693 I input_interaction: Interaction with: Letterbox_right_ActivityRecord{21a8f7a u0 com.tencent.tmgp.pubgmhd/com.epicgames.ue4.GameActivity t223} (server), edge-swipe (server), swipe-up (server), PointerEventDispatcher0 (server),
11-29 07:48:37.190 1491 1693 I input_interaction: Interaction with: Letterbox_right_ActivityRecord{21a8f7a u0 com.tencent.tmgp.pubgmhd/com.epicgames.ue4.GameActivity t223} (server), d3aff0c com.tencent.tmgp.pubgmhd/com.epicgames.ue4.GameActivity (server), edge-swipe (server), swipe-up (server), PointerEventDispatcher0 (server),
11-29 07:48:37.198 1491 1693 I input_interaction: Interaction with: d3aff0c com.tencent.tmgp.pubgmhd/com.epicgames.ue4.GameActivity (server), edge-swipe (server), swipe-up (server), PointerEventDispatcher0 (server),
11-29 07:48:37.689 1491 1693 I input_interaction: Interaction with: Letterbox_right_ActivityRecord{21a8f7a u0 com.tencent.tmgp.pubgmhd/com.epicgames.ue4.GameActivity t223} (server), edge-swipe (server), swipe-up (server), PointerEventDispatcher0 (server),
11-29 07:48:37.751 1491 1693 I input_interaction: Interaction with: edge-swipe (server), swipe-up (server), PointerEventDispatcher0 (server),
11-29 07:48:37.884 1491 7658 I sysui_multi_action: [757,803,799,key_back_press,802,1]
11-29 07:48:37.888 1491 1693 I input_interaction: Interaction with: d3aff0c com.tencent.tmgp.pubgmhd/com.epicgames.ue4.GameActivity (server), PointerEventDispatcher0 (server),
11-29 07:48:37.954 1491 1600 I input_focus: [Focus request 1b49df com.tencent.tmgp.pubgmhd/com.epicgames.ue4.GameActivity,reason=UpdateInputWindows]
11-29 07:48:37.961 1491 9315 I ActivityManager: Killing 29318:com.android.webview:sandboxed_process0:org.chromium.content.app.SandboxedProcessService0:0/u0a99i2 (adj 0): isolated not needed
11-29 07:48:37.961 1491 9315 I am_kill : [0,29318,com.android.webview:sandboxed_process0:org.chromium.content.app.SandboxedProcessService0:0,0,isolated not needed]
11-29 07:48:37.962 1491 1693 I input_focus: [Focus entering 1b49df com.tencent.tmgp.pubgmhd/com.epicgames.ue4.GameActivity (server),reason=setFocusedWindow]
11-29 07:48:37.965 1491 1760 I GameModeConfig: isGameModeOn = false
11-29 07:48:37.967 1491 1760 I GameModeConfig: isGameModeOn = false
11-29 07:48:37.967 1491 1760 I GameModeConfig: isGameModeOn = false
11-29 07:48:37.968 1491 1760 I GameModeConfig: isGameModeOn = false
11-29 07:48:37.968 1491 1760 I GameModeConfig: isGameModeOn = false
11-29 07:48:37.968 1491 1760 I GameModeConfig: isGameModeOn = false
11-29 07:48:37.968 1491 1760 I GameModeConfig: isGameModeOn = false
11-29 07:48:37.968 1491 1760 I GameModeConfig: isGameModeOn = false
11-29 07:48:37.970 1491 1491 I notification_enqueue: [10082,30912,com.android.systemui,2048,NULL,0,Notification(channel=updateNotification shortcut=null contentView=null vibrate=null sound=null defaults=0x0 flags=0x0 color=0x00000000 vis=PRIVATE),1]
11-29 07:48:37.970 30912 30912 I sysui_multi_action: [757,111,758,2]
11-29 07:48:37.970 30912 30912 I sysui_multi_action: [757,111,758,2]
11-29 07:48:37.975 30912 30912 I sysui_multi_action: [757,111,758,1]
11-29 07:48:37.975 30912 30912 I sysui_multi_action: [757,126,758,1,759,126,927,0,928,1,1593,0]
11-29 07:48:37.975 30912 30912 I sysui_multi_action: [757,113,758,1,759,113,927,1,928,1,1593,0]
11-29 07:48:37.975 30912 30912 I sysui_multi_action: [757,0,758,1,759,0,927,2,928,0,1593,0]
11-29 07:48:37.975 30912 30912 I sysui_multi_action: [757,0,758,1,759,0,927,3,928,0,1593,0]
11-29 07:48:37.976 30912 30912 I sysui_multi_action: [757,491,758,1,759,491,927,4,928,0,1311,-1,1593,0]
11-29 07:48:37.976 30912 30912 I sysui_multi_action: [757,0,758,1,759,0,927,5,928,0,1593,0]
11-29 07:48:37.976 30912 30912 I sysui_multi_action: [757,111,758,1]
11-29 07:48:37.976 30912 30912 I sysui_multi_action: [757,126,758,1,759,126,927,0,928,1,1593,0]
11-29 07:48:37.976 30912 30912 I sysui_multi_action: [757,113,758,1,759,113,927,1,928,1,1593,0]
11-29 07:48:37.976 30912 30912 I sysui_multi_action: [757,0,758,1,759,0,927,2,928,0,1593,0]
11-29 07:48:37.976 30912 30912 I sysui_multi_action: [757,0,758,1,759,0,927,3,928,0,1593,0]
11-29 07:48:38.044 1491 9315 I am_proc_died: [0,29318,com.android.webview:sandboxed_process0:org.chromium.content.app.SandboxedProcessService0:0,0,10]
11-29 07:48:38.044 1491 9315 I am_uid_stopped: 99002
11-29 07:48:38.052 1491 1618 E KernelCpuSpeedReader: Failed to read cpu-freq: /sys/devices/system/cpu/cpu4/cpufreq/stats/time_in_state: open failed: ENOENT (No such file or directory)
11-29 07:48:38.052 1491 1618 E KernelCpuSpeedReader: Failed to read cpu-freq: /sys/devices/system/cpu/cpu0/cpufreq/stats/time_in_state: open failed: ENOENT (No such file or directory)
11-29 07:48:38.053 1491 1618 D KernelCpuUidUserSysTimeReader: Removing uids 90000-90000
11-29 07:48:38.053 1491 1618 D KernelCpuUidUserSysTimeReader: Removing uids 90001-90001
11-29 07:48:38.053 1491 1618 D KernelCpuUidUserSysTimeReader: Removing uids 99003-99003
11-29 07:48:38.069 1491 1607 I am_pss : [27146,10097,com.tencent.android.qqdownloader:daemon,102548480,88883200,81920,176267264,0,4,12]
11-29 07:48:38.077 1491 1607 I am_pss : [467,10061,com.android.soundrecorder,6478848,4050944,13312,85581824,0,19,6]
11-29 07:48:38.084 1491 1607 I am_pss : [27271,10097,com.tencent.android.qqdownloader:cloud,28977152,19517440,81920,88256512,0,4,7]
11-29 07:48:38.079 30414 30414 I auditd : type=1400 audit(0.0:18956): avc: denied { kill } for comm="kworker/u17:7" capability=5 scontext=u:r:kernel:s0 tcontext=u:r:kernel:s0 tclass=capability permissive=0
11-29 07:48:38.175 1491 1491 I GameModeConfig: isGameModeOn = false
11-29 07:48:38.177 1491 1491 I sysui_multi_action: [757,1501,758,1,793,16475437,794,0,795,211,796,2048,806,com.android.systemui,857,updateNotification,858,3,947,0,1500,0,1688,1]
11-29 07:48:38.178 1491 1491 I sysui_multi_action: [757,804,799,note_interruptive,801,0,802,1]
11-29 07:48:38.178 1491 1491 I sysui_multi_action: [757,199,758,1,759,2,793,16475439,794,0,795,213,796,2048,806,com.android.systemui,857,updateNotification,858,3,947,0,1500,2,1688,1]
11-29 07:48:38.178 1491 1491 I notification_alert: [0|com.android.systemui|2048|null|10082,0,1,0]
11-29 07:48:38.181 1491 1491 W NotificationHistory: Attempted to add notif for locked/gone/disabled user 0
11-29 07:48:39.621 1491 1693 I input_interaction: Interaction with: 1b49df com.tencent.tmgp.pubgmhd/com.epicgames.ue4.GameActivity (server), edge-swipe (server), swipe-up (server), PointerEventDispatcher0 (server),
11-29 07:48:41.079 0 0 I auditd : type=1400 audit(0.0:18957): avc: denied { kill } for comm="swapper/3" capability=5 scontext=u:r:kernel:s0 tcontext=u:r:kernel:s0 tclass=capability permissive=0
11-29 07:48:41.333 1491 2058 I ActivityTaskManager: START u0 {act=com.tencent.msdk.weixin.qrcode.QRCODE_READY cmp=com.tencent.tmgp.pubgmhd/com.tencent.msdk.weixin.qrcode.WXQrCodeActivity (has extras)} from uid 10099
11-29 07:48:41.335 1491 2058 I wm_task_moved: [223,1,8]
11-29 07:48:41.335 1491 2058 I wm_set_resumed_activity: [0,com.tencent.tmgp.pubgmhd/com.epicgames.ue4.GameActivity,positionChildAt]
11-29 07:48:41.335 1491 2058 I wm_create_activity: [0,255649958,223,com.tencent.tmgp.pubgmhd/com.tencent.msdk.weixin.qrcode.WXQrCodeActivity,com.tencent.msdk.weixin.qrcode.QRCODE_READY,NULL,NULL,8388608]
11-29 07:48:41.336 1491 2058 I wm_pause_activity: [0,35295098,com.tencent.tmgp.pubgmhd/com.epicgames.ue4.GameActivity,userLeaving=true,resumeTopActivityInnerLocked]
11-29 07:48:41.338 29251 29251 I wm_on_top_resumed_lost_called: [35295098,com.epicgames.ue4.GameActivity,topStateChangedWhenResumed]
11-29 07:48:41.345 29251 29251 I wm_on_paused_called: [35295098,com.epicgames.ue4.GameActivity,performPause]
11-29 07:48:41.346 1491 2058 I ActivityTaskManager: FOREGROUND_APPLICATION_CHANGED to com.tencent.msdk.weixin.qrcode.WXQrCodeActivity
11-29 07:48:41.346 1491 2058 I ActivityTaskManager: The Process com.tencent.tmgp.pubgmhd Already Exists in BG. So sending its PID: 29251
11-29 07:48:41.347 1491 2058 W ActivityTaskManager: Tried to set launchTime (0) < mLastActivityLaunchTime (16200960)
11-29 07:48:41.348 1491 2058 I wm_add_to_stopping: [0,35295098,com.tencent.tmgp.pubgmhd/com.epicgames.ue4.GameActivity,makeInvisible]
11-29 07:48:41.350 1491 2058 I wm_restart_activity: [0,255649958,223,com.tencent.tmgp.pubgmhd/com.tencent.msdk.weixin.qrcode.WXQrCodeActivity]
11-29 07:48:41.353 1491 2058 I wm_set_resumed_activity: [0,com.tencent.tmgp.pubgmhd/com.tencent.msdk.weixin.qrcode.WXQrCodeActivity,minimalResumeActivityLocked]
11-29 07:48:41.357 1491 1599 I sysui_multi_action: [757,803,799,window_time_0,802,221]
11-29 07:48:41.366 29251 29251 I wm_on_create_called: [255649958,com.tencent.msdk.weixin.qrcode.WXQrCodeActivity,performCreate]
11-29 07:48:41.367 29251 29251 I wm_on_start_called: [255649958,com.tencent.msdk.weixin.qrcode.WXQrCodeActivity,handleStartActivity]
11-29 07:48:41.367 29251 29251 I wm_on_resume_called: [255649958,com.tencent.msdk.weixin.qrcode.WXQrCodeActivity,RESUME_ACTIVITY]
11-29 07:48:41.370 29251 29251 I wm_on_top_resumed_gained_called: [255649958,com.tencent.msdk.weixin.qrcode.WXQrCodeActivity,topStateChangedWhenResumed]
11-29 07:48:41.371 1491 1693 I input_focus: [Focus leaving 1b49df com.tencent.tmgp.pubgmhd/com.epicgames.ue4.GameActivity (server),reason=NO_WINDOW]
11-29 07:48:41.387 1491 1600 I input_focus: [Focus request fc8d3d com.tencent.tmgp.pubgmhd/com.tencent.msdk.weixin.qrcode.WXQrCodeActivity,reason=UpdateInputWindows]
11-29 07:48:41.411 1491 1596 I wm_activity_launch_time: [0,255649958,com.tencent.tmgp.pubgmhd/com.tencent.msdk.weixin.qrcode.WXQrCodeActivity,77]
11-29 07:48:41.418 1491 1693 I input_focus: [Focus entering fc8d3d com.tencent.tmgp.pubgmhd/com.tencent.msdk.weixin.qrcode.WXQrCodeActivity (server),reason=setFocusedWindow]
11-29 07:48:41.463 16043 16059 W ContextImpl: Calling a method in the system process without a qualified user: android.app.ContextImpl.startService:1816 android.content.ContextWrapper.startService:774 com.thundercomm.gamemode.ingame.services.GameModeActionUtils.startGameModeService:93 com.thundercomm.gamemode.ingame.services.GameModeActionUtils.startGameModeEntry:21 com.thundercomm.gamemode.ingame.services.ActivityMonitoringService$1.onActivityLaunch:127
11-29 07:48:41.471 1491 1491 I GameModeConfig: Current uri is uri = content://com.thundercomm.gamemode.api/gamemode_settings/gamemode_isgaming
11-29 07:48:41.472 1491 1491 I am_uid_active: 10063
11-29 07:48:41.478 1491 1491 I GameModeConfig: isGameModeOn = false
11-29 07:48:41.480 1491 1491 I GameModeConfig: isGameModeOn = false
11-29 07:48:41.482 1491 1491 I GameModeConfig: isDisableVoice = true
11-29 07:48:41.806 1491 1599 I wm_stop_activity: [0,35295098,com.tencent.tmgp.pubgmhd/com.epicgames.ue4.GameActivity]
11-29 07:48:41.929 29251 29251 I wm_on_stop_called: [35295098,com.epicgames.ue4.GameActivity,STOP_ACTIVITY_ITEM]
11-29 07:48:42.079 0 0 I auditd : type=1400 audit(0.0:18958): avc: denied { kill } for comm="swapper/3" capability=5 scontext=u:r:kernel:s0 tcontext=u:r:kernel:s0 tclass=capability permissive=0
11-29 07:48:42.500 1491 1693 I input_interaction: Interaction with: Letterbox_right_ActivityRecord{f3ce8a6 u0 com.tencent.tmgp.pubgmhd/com.tencent.msdk.weixin.qrcode.WXQrCodeActivity t223} (server), edge-swipe (server), swipe-up (server), PointerEventDispatcher0 (server),
11-29 07:48:42.569 1491 1693 I input_interaction: Interaction with: edge-swipe (server), swipe-up (server), PointerEventDispatcher0 (server),
11-29 07:48:42.667 1491 2058 I sysui_multi_action: [757,803,799,key_back_press,802,1]
11-29 07:48:42.669 1491 1693 I input_interaction: Interaction with: fc8d3d com.tencent.tmgp.pubgmhd/com.tencent.msdk.weixin.qrcode.WXQrCodeActivity (server), PointerEventDispatcher0 (server),
11-29 07:48:42.704 1491 2058 I wm_finish_activity: [0,255649958,223,com.tencent.tmgp.pubgmhd/com.tencent.msdk.weixin.qrcode.WXQrCodeActivity,app-request]
11-29 07:48:42.716 1491 2058 I wm_pause_activity: [0,255649958,com.tencent.tmgp.pubgmhd/com.tencent.msdk.weixin.qrcode.WXQrCodeActivity,userLeaving=false,finish]
11-29 07:48:42.718 29251 29251 I wm_on_top_resumed_lost_called: [255649958,com.tencent.msdk.weixin.qrcode.WXQrCodeActivity,topStateChangedWhenResumed]
11-29 07:48:42.727 29251 29251 I wm_on_paused_called: [255649958,com.tencent.msdk.weixin.qrcode.WXQrCodeActivity,performPause]
11-29 07:48:42.727 1491 2058 I wm_add_to_stopping: [0,255649958,com.tencent.tmgp.pubgmhd/com.tencent.msdk.weixin.qrcode.WXQrCodeActivity,completeFinishing]
11-29 07:48:42.728 1491 2058 I ActivityTaskManager: FOREGROUND_APPLICATION_CHANGED to com.epicgames.ue4.GameActivity
11-29 07:48:42.730 1491 2058 I wm_set_resumed_activity: [0,com.tencent.tmgp.pubgmhd/com.epicgames.ue4.GameActivity,resumeTopActivityInnerLocked]
11-29 07:48:42.731 1491 2058 I wm_resume_activity: [0,35295098,223,com.tencent.tmgp.pubgmhd/com.epicgames.ue4.GameActivity]
11-29 07:48:42.738 1491 1693 I input_focus: [Focus leaving fc8d3d com.tencent.tmgp.pubgmhd/com.tencent.msdk.weixin.qrcode.WXQrCodeActivity (server),reason=NO_WINDOW]
11-29 07:48:42.740 1491 1599 I sysui_multi_action: [757,803,799,window_time_0,802,2]
11-29 07:48:42.744 29251 29251 I wm_on_restart_called: [35295098,com.epicgames.ue4.GameActivity,performRestartActivity]
11-29 07:48:42.745 29251 29251 I wm_on_start_called: [35295098,com.epicgames.ue4.GameActivity,handleStartActivity]
11-29 07:48:42.751 29251 29251 I wm_on_resume_called: [35295098,com.epicgames.ue4.GameActivity,RESUME_ACTIVITY]
11-29 07:48:42.752 29251 29251 I wm_on_top_resumed_gained_called: [35295098,com.epicgames.ue4.GameActivity,topWhenResuming]
11-29 07:48:42.755 1491 1600 I input_focus: [Focus request 1b49df com.tencent.tmgp.pubgmhd/com.epicgames.ue4.GameActivity,reason=UpdateInputWindows]
11-29 07:48:42.771 1491 1693 I input_focus: [Focus entering 1b49df com.tencent.tmgp.pubgmhd/com.epicgames.ue4.GameActivity (server),reason=setFocusedWindow]
11-29 07:48:42.775 1491 1760 I GameModeConfig: isGameModeOn = false
11-29 07:48:42.783 1491 1760 I GameModeConfig: isGameModeOn = false
11-29 07:48:42.783 1491 1760 I GameModeConfig: isGameModeOn = false
11-29 07:48:42.783 1491 1760 I GameModeConfig: isGameModeOn = false
11-29 07:48:42.784 1491 1760 I GameModeConfig: isGameModeOn = false
11-29 07:48:42.784 1491 1760 I GameModeConfig: isGameModeOn = false
11-29 07:48:42.785 1491 1760 I GameModeConfig: isGameModeOn = false
11-29 07:48:42.785 1491 1760 I GameModeConfig: isGameModeOn = false
11-29 07:48:42.787 30912 30912 I sysui_multi_action: [757,111,758,2]
11-29 07:48:42.787 30912 30912 I sysui_multi_action: [757,111,758,2]
11-29 07:48:42.787 1491 1491 I notification_enqueue: [10082,30912,com.android.systemui,2048,NULL,0,Notification(channel=updateNotification shortcut=null contentView=null vibrate=null sound=null defaults=0x0 flags=0x0 color=0x00000000 vis=PRIVATE),1]
11-29 07:48:42.792 30912 30912 I sysui_multi_action: [757,111,758,1]
11-29 07:48:42.792 30912 30912 I sysui_multi_action: [757,126,758,1,759,126,927,0,928,1,1593,0]
11-29 07:48:42.792 30912 30912 I sysui_multi_action: [757,113,758,1,759,113,927,1,928,1,1593,0]
11-29 07:48:42.792 30912 30912 I sysui_multi_action: [757,0,758,1,759,0,927,2,928,0,1593,0]
11-29 07:48:42.792 30912 30912 I sysui_multi_action: [757,0,758,1,759,0,927,3,928,0,1593,0]
11-29 07:48:42.792 30912 30912 I sysui_multi_action: [757,491,758,1,759,491,927,4,928,0,1311,-1,1593,0]
11-29 07:48:42.792 30912 30912 I sysui_multi_action: [757,0,758,1,759,0,927,5,928,0,1593,0]
11-29 07:48:42.792 30912 30912 I sysui_multi_action: [757,111,758,1]
11-29 07:48:42.792 30912 30912 I sysui_multi_action: [757,126,758,1,759,126,927,0,928,1,1593,0]
11-29 07:48:42.792 30912 30912 I sysui_multi_action: [757,113,758,1,759,113,927,1,928,1,1593,0]
11-29 07:48:42.792 30912 30912 I sysui_multi_action: [757,0,758,1,759,0,927,2,928,0,1593,0]
11-29 07:48:42.792 30912 30912 I sysui_multi_action: [757,0,758,1,759,0,927,3,928,0,1593,0]
11-29 07:48:42.843 16043 16059 W ContextImpl: Calling a method in the system process without a qualified user: android.app.ContextImpl.startService:1816 android.content.ContextWrapper.startService:774 com.thundercomm.gamemode.ingame.services.GameModeActionUtils.startGameModeService:93 com.thundercomm.gamemode.ingame.services.GameModeActionUtils.startGameModeEntry:21 com.thundercomm.gamemode.ingame.services.ActivityMonitoringService$1.onActivityLaunch:127
11-29 07:48:42.849 1491 1491 I GameModeConfig: Current uri is uri = content://com.thundercomm.gamemode.api/gamemode_settings/gamemode_isgaming
11-29 07:48:42.852 1491 1491 I GameModeConfig: isGameModeOn = false
11-29 07:48:42.852 1491 1491 I GameModeConfig: isGameModeOn = false
11-29 07:48:42.852 1491 1491 I GameModeConfig: isDisableVoice = true
11-29 07:48:42.989 1491 1491 I GameModeConfig: isGameModeOn = false
11-29 07:48:42.991 1491 1491 I sysui_multi_action: [757,1501,758,1,793,16480252,794,0,795,216,796,2048,806,com.android.systemui,857,updateNotification,858,3,947,0,1500,0,1688,1]
11-29 07:48:42.991 1491 1491 I sysui_multi_action: [757,804,799,note_interruptive,801,0,802,1]
11-29 07:48:42.991 1491 1491 I sysui_multi_action: [757,199,758,1,759,2,793,16480252,794,0,795,216,796,2048,806,com.android.systemui,857,updateNotification,858,3,947,0,1500,0,1688,1]
11-29 07:48:42.992 1491 1491 I notification_alert: [0|com.android.systemui|2048|null|10082,0,1,0]
11-29 07:48:42.993 1491 1491 W NotificationHistory: Attempted to add notif for locked/gone/disabled user 0
11-29 07:48:43.158 1491 1599 I wm_destroy_activity: [0,255649958,223,com.tencent.tmgp.pubgmhd/com.tencent.msdk.weixin.qrcode.WXQrCodeActivity,finish-imm:idle]
11-29 07:48:43.175 29251 29251 I wm_on_stop_called: [255649958,com.tencent.msdk.weixin.qrcode.WXQrCodeActivity,LIFECYCLER_STOP_ACTIVITY]
11-29 07:48:43.178 29251 29251 I wm_on_destroy_called: [255649958,com.tencent.msdk.weixin.qrcode.WXQrCodeActivity,performDestroy]
11-29 07:48:43.650 1491 1693 I input_interaction: Interaction with: 1b49df com.tencent.tmgp.pubgmhd/com.epicgames.ue4.GameActivity (server), edge-swipe (server), swipe-up (server), PointerEventDispatcher0 (server),
11-29 07:48:44.079 0 0 I auditd : type=1400 audit(0.0:18959): avc: denied { kill } for comm="swapper/1" capability=5 scontext=u:r:kernel:s0 tcontext=u:r:kernel:s0 tclass=capability permissive=0
11-29 07:48:44.753 1491 9316 I am_uid_running: 99004
11-29 07:48:44.753 1491 9316 D CompatibilityChangeReporter: Compat change id reported: 135634846; UID 10099; state: DISABLED
11-29 07:48:44.754 1491 1609 D CompatibilityChangeReporter: Compat change id reported: 143937733; UID 10099; state: ENABLED
11-29 07:48:44.763 1491 9316 W WindowManager: Failed looking up window session=Session{ffbaa08 29251:u0a10099} callers=com.android.server.wm.WindowManagerService.windowForClientLocked:5628 com.android.server.wm.Session.insetsModified:629 android.view.IWindowSession$Stub.onTransact:1151
11-29 07:48:44.773 1491 1609 I am_proc_start: [0,805,99004,com.android.webview:sandboxed_process0:org.chromium.content.app.SandboxedProcessService0:1,,{com.tencent.tmgp.pubgmhd/org.chromium.content.app.SandboxedProcessService0:1}]
11-29 07:48:44.773 1491 1609 I ActivityManager: Start proc 805:com.android.webview:sandboxed_process0:org.chromium.content.app.SandboxedProcessService0:1/u0i4 for {com.tencent.tmgp.pubgmhd/org.chromium.content.app.SandboxedProcessService0:1}
11-29 07:48:44.783 1491 1600 I input_focus: [Focus request e0f4331 com.tencent.tmgp.pubgmhd/com.epicgames.ue4.GameActivity,reason=UpdateInputWindows]
11-29 07:48:44.801 1491 7658 I am_proc_bound: [0,805,com.android.webview:sandboxed_process0:org.chromium.content.app.SandboxedProcessService0:1]
11-29 07:48:44.803 1491 7658 I am_uid_active: 99004
11-29 07:48:44.811 1491 1693 I input_focus: [Focus leaving 1b49df com.tencent.tmgp.pubgmhd/com.epicgames.ue4.GameActivity (server),reason=setFocusedWindow]
11-29 07:48:44.811 1491 1693 I input_focus: [Focus entering e0f4331 com.tencent.tmgp.pubgmhd/com.epicgames.ue4.GameActivity (server),reason=setFocusedWindow]
11-29 07:48:44.836 503 503 I auditd : avc: denied { find } for pid=805 uid=99004 name=content_capture scontext=u:r:isolated_app:s0:c512,c768 tcontext=u:object_r:content_capture_service:s0 tclass=service_manager permissive=0
11-29 07:48:45.079 32411 32411 I auditd : type=1400 audit(0.0:18960): avc: denied { kill } for comm="kworker/u17:11" capability=5 scontext=u:r:kernel:s0 tcontext=u:r:kernel:s0 tclass=capability permissive=0
11-29 07:48:46.079 0 0 I auditd : type=1400 audit(0.0:18961): avc: denied { kill } for comm="swapper/1" capability=5 scontext=u:r:kernel:s0 tcontext=u:r:kernel:s0 tclass=capability permissive=0
11-29 07:48:47.079 0 0 I auditd : type=1400 audit(0.0:18962): avc: denied { kill } for comm="swapper/1" capability=5 scontext=u:r:kernel:s0 tcontext=u:r:kernel:s0 tclass=capability permissive=0
11-29 07:48:48.202 1491 1760 I GameModeConfig: isGameModeOn = false
11-29 07:48:50.079 0 0 I auditd : type=1400 audit(0.0:18963): avc: denied { kill } for comm="swapper/1" capability=5 scontext=u:r:kernel:s0 tcontext=u:r:kernel:s0 tclass=capability permissive=0
11-29 07:48:51.079 0 0 I auditd : type=1400 audit(0.0:18964): avc: denied { kill } for comm="swapper/1" capability=5 scontext=u:r:kernel:s0 tcontext=u:r:kernel:s0 tclass=capability permissive=0
11-29 07:48:52.079 0 0 I auditd : type=1400 audit(0.0:18965): avc: denied { kill } for comm="swapper/1" capability=5 scontext=u:r:kernel:s0 tcontext=u:r:kernel:s0 tclass=capability permissive=0
11-29 07:48:52.496 1491 1491 I notification_enqueue: [10097,27146,com.tencent.android.qqdownloader,127,NULL,0,Notification(channel=channel_id_default_silent shortcut=null contentView=com.tencent.android.qqdownloader/0x7f0a01c2 vibrate=null sound=null defaults=0x0 flags=0x2a0 color=0x00000000 groupKey=com.tencent.android.qqdownloader vis=PRIVATE),1]
11-29 07:48:52.698 1491 1491 I GameModeConfig: isGameModeOn = false
11-29 07:48:52.798 1491 1760 I GameModeConfig: isGameModeOn = false
11-29 07:48:52.990 1491 1760 I GameModeConfig: isGameModeOn = false
11-29 07:48:53.079 0 0 I auditd : type=1400 audit(0.0:18966): avc: denied { kill } for comm="swapper/1" capability=5 scontext=u:r:kernel:s0 tcontext=u:r:kernel:s0 tclass=capability permissive=0
11-29 07:48:54.079 0 0 I auditd : type=1400 audit(0.0:18967): avc: denied { kill } for comm="swapper/1" capability=5 scontext=u:r:kernel:s0 tcontext=u:r:kernel:s0 tclass=capability permissive=0
11-29 07:48:58.079 0 0 I auditd : type=1400 audit(0.0:18968): avc: denied { kill } for comm="swapper/3" capability=5 scontext=u:r:kernel:s0 tcontext=u:r:kernel:s0 tclass=capability permissive=0
11-29 07:49:00.079 0 0 I auditd : type=1400 audit(0.0:18969): avc: denied { kill } for comm="swapper/3" capability=5 scontext=u:r:kernel:s0 tcontext=u:r:kernel:s0 tclass=capability permissive=0
11-29 07:49:02.079 0 0 I auditd : type=1400 audit(0.0:18970): avc: denied { kill } for comm="swapper/3" capability=5 scontext=u:r:kernel:s0 tcontext=u:r:kernel:s0 tclass=capability permissive=0
11-29 07:49:03.079 0 0 I auditd : type=1400 audit(0.0:18971): avc: denied { kill } for comm="swapper/3" capability=5 scontext=u:r:kernel:s0 tcontext=u:r:kernel:s0 tclass=capability permissive=0
11-29 07:49:04.079 0 0 I auditd : type=1400 audit(0.0:18972): avc: denied { kill } for comm="swapper/3" capability=5 scontext=u:r:kernel:s0 tcontext=u:r:kernel:s0 tclass=capability permissive=0
11-29 07:49:05.079 0 0 I auditd : type=1400 audit(0.0:18973): avc: denied { kill } for comm="swapper/3" capability=5 scontext=u:r:kernel:s0 tcontext=u:r:kernel:s0 tclass=capability permissive=0
11-29 07:49:06.079 0 0 I auditd : type=1400 audit(0.0:18974): avc: denied { kill } for comm="swapper/3" capability=5 scontext=u:r:kernel:s0 tcontext=u:r:kernel:s0 tclass=capability permissive=0
11-29 07:49:07.079 0 0 I auditd : type=1400 audit(0.0:18975): avc: denied { kill } for comm="swapper/3" capability=5 scontext=u:r:kernel:s0 tcontext=u:r:kernel:s0 tclass=capability permissive=0
11-29 07:49:08.079 0 0 I auditd : type=1400 audit(0.0:18976): avc: denied { kill } for comm="swapper/3" capability=5 scontext=u:r:kernel:s0 tcontext=u:r:kernel:s0 tclass=capability permissive=0
11-29 07:49:10.079 0 0 I auditd : type=1400 audit(0.0:18977): avc: denied { kill } for comm="swapper/0" capability=5 scontext=u:r:kernel:s0 tcontext=u:r:kernel:s0 tclass=capability permissive=0
11-29 07:49:11.079 0 0 I auditd : type=1400 audit(0.0:18978): avc: denied { kill } for comm="swapper/0" capability=5 scontext=u:r:kernel:s0 tcontext=u:r:kernel:s0 tclass=capability permissive=0
11-29 07:49:11.450 1491 1600 I input_focus: [Focus request 1b49df com.tencent.tmgp.pubgmhd/com.epicgames.ue4.GameActivity,reason=UpdateInputWindows]
11-29 07:49:11.460 1491 9316 I ActivityManager: Killing 805:com.android.webview:sandboxed_process0:org.chromium.content.app.SandboxedProcessService0:1/u0a99i4 (adj 0): isolated not needed
11-29 07:49:11.460 1491 9316 I am_kill : [0,805,com.android.webview:sandboxed_process0:org.chromium.content.app.SandboxedProcessService0:1,0,isolated not needed]
11-29 07:49:11.474 1491 1693 I input_focus: [Focus entering 1b49df com.tencent.tmgp.pubgmhd/com.epicgames.ue4.GameActivity (server),reason=setFocusedWindow]
11-29 07:49:11.520 1491 9315 I am_proc_died: [0,805,com.android.webview:sandboxed_process0:org.chromium.content.app.SandboxedProcessService0:1,0,10]
11-29 07:49:11.521 1491 9315 I am_uid_stopped: 99004
11-29 07:49:11.535 1491 1607 I am_pss : [467,10061,com.android.soundrecorder,6475776,4050944,13312,85581824,0,19,6]
11-29 07:49:11.537 1491 1618 E KernelCpuSpeedReader: Failed to read cpu-freq: /sys/devices/system/cpu/cpu4/cpufreq/stats/time_in_state: open failed: ENOENT (No such file or directory)
11-29 07:49:11.538 1491 1618 E KernelCpuSpeedReader: Failed to read cpu-freq: /sys/devices/system/cpu/cpu0/cpufreq/stats/time_in_state: open failed: ENOENT (No such file or directory)
11-29 07:49:12.079 353 353 I auditd : type=1400 audit(0.0:18979): avc: denied { kill } for comm="irq/382-atmel_m" capability=5 scontext=u:r:kernel:s0 tcontext=u:r:kernel:s0 tclass=capability permissive=0
11-29 07:49:13.079 0 0 I auditd : type=1400 audit(0.0:18980): avc: denied { kill } for comm="swapper/0" capability=5 scontext=u:r:kernel:s0 tcontext=u:r:kernel:s0 tclass=capability permissive=0
11-29 07:49:14.079 353 353 I auditd : type=1400 audit(0.0:18981): avc: denied { kill } for comm="irq/382-atmel_m" capability=5 scontext=u:r:kernel:s0 tcontext=u:r:kernel:s0 tclass=capability permissive=0
11-29 07:49:15.079 0 0 I auditd : type=1400 audit(0.0:18982): avc: denied { kill } for comm="swapper/0" capability=5 scontext=u:r:kernel:s0 tcontext=u:r:kernel:s0 tclass=capability permissive=0
11-29 07:49:15.712 1491 9315 D CompatibilityChangeReporter: Compat change id reported: 135634846; UID 10099; state: DISABLED
11-29 07:49:15.713 1491 9315 D CompatibilityChangeReporter: Compat change id reported: 177438394; UID 10099; state: DISABLED
11-29 07:49:15.713 1491 9315 D CompatibilityChangeReporter: Compat change id reported: 135772972; UID 10099; state: DISABLED
11-29 07:49:15.713 1491 9315 D CompatibilityChangeReporter: Compat change id reported: 135754954; UID 10099; state: DISABLED
11-29 07:49:15.713 1491 1609 D CompatibilityChangeReporter: Compat change id reported: 143937733; UID 10099; state: DISABLED
11-29 07:49:15.722 1491 1609 I am_proc_start: [0,1132,10099,com.tencent.tmgp.pubgmhd:tgaPlugin,content provider,{com.tencent.tmgp.pubgmhd/com.tencent.tga.livesdk.ipc.PluginRemoteProvider}]
11-29 07:49:15.722 1491 1609 I ActivityManager: Start proc 1132:com.tencent.tmgp.pubgmhd:tgaPlugin/u0a99 for content provider {com.tencent.tmgp.pubgmhd/com.tencent.tga.livesdk.ipc.PluginRemoteProvider}
11-29 07:49:15.747 1491 9315 I am_proc_bound: [0,1132,com.tencent.tmgp.pubgmhd:tgaPlugin]
11-29 07:49:16.003 29251 29251 I auditd : type=1400 audit(0.0:18983): avc: denied { read } for comm="ace_worker0" name="cache" dev="dm-5" ino=16 scontext=u:r:untrusted_app_27:s0:c512,c768 tcontext=u:object_r:cache_file:s0 tclass=lnk_file permissive=0 app=com.tencent.tmgp.pubgmhd
11-29 07:49:16.047 29251 29251 I auditd : type=1400 audit(0.0:18984): avc: denied { read } for comm="Thread-278" name="max_user_watches" dev="proc" ino=889780 scontext=u:r:untrusted_app_27:s0:c512,c768 tcontext=u:object_r:proc:s0 tclass=file permissive=0 app=com.tencent.tmgp.pubgmhd
11-29 07:49:17.079 0 0 I auditd : type=1400 audit(0.0:18985): avc: denied { kill } for comm="swapper/0" capability=5 scontext=u:r:kernel:s0 tcontext=u:r:kernel:s0 tclass=capability permissive=0
11-29 07:49:17.797 1491 1723 I netstats_mobile_sample: [0,0,0,0,0,0,0,0,0,0,0,0,1669679357797]
11-29 07:49:17.797 1491 1723 I netstats_wifi_sample: [6379154753,5306235,218028575,1037006,6379154753,5306235,218028575,1037006,6461995418,5950222,127473982,831925,1669679357797]
11-29 07:49:18.079 353 353 I auditd : type=1400 audit(0.0:18986): avc: denied { kill } for comm="irq/382-atmel_m" capability=5 scontext=u:r:kernel:s0 tcontext=u:r:kernel:s0 tclass=capability permissive=0
11-29 07:49:19.079 353 353 I auditd : type=1400 audit(0.0:18987): avc: denied { kill } for comm="irq/382-atmel_m" capability=5 scontext=u:r:kernel:s0 tcontext=u:r:kernel:s0 tclass=capability permissive=0
11-29 07:49:20.079 0 0 I auditd : type=1400 audit(0.0:18988): avc: denied { kill } for comm="swapper/0" capability=5 scontext=u:r:kernel:s0 tcontext=u:r:kernel:s0 tclass=capability permissive=0
11-29 07:49:20.174 29251 29492 E ActivityThread: Failed to find provider info for cn.wsds.service.config
11-29 07:49:21.079 0 0 I auditd : type=1400 audit(0.0:18989): avc: denied { kill } for comm="swapper/0" capability=5 scontext=u:r:kernel:s0 tcontext=u:r:kernel:s0 tclass=capability permissive=0
11-29 07:49:21.366 1491 1723 I netstats_mobile_sample: [0,0,0,0,0,0,0,0,0,0,0,0,1669679361366]
11-29 07:49:21.366 1491 1723 I netstats_wifi_sample: [6389668490,5314136,218217560,1038696,6389668490,5314136,218217560,1038696,6472490717,5958126,127637825,833560,1669679361366]
11-29 07:49:22.079 0 0 I auditd : type=1400 audit(0.0:18990): avc: denied { kill } for comm="swapper/0" capability=5 scontext=u:r:kernel:s0 tcontext=u:r:kernel:s0 tclass=capability permissive=0
11-29 07:49:22.390 1491 1772 I snet_event_log: [172655291,-1,]
11-29 07:49:22.408 1491 1772 I service_manager_stats: [100,83,272435]
11-29 07:49:22.586 1491 1723 I netstats_mobile_sample: [0,0,0,0,0,0,0,0,0,0,0,0,1669679362586]
11-29 07:49:22.586 1491 1723 I netstats_wifi_sample: [6399311660,5321200,218284927,1039759,6399311660,5321200,218284927,1039759,6482144271,5965196,127702254,834614,1669679362586]
11-29 07:49:23.079 0 0 I auditd : type=1400 audit(0.0:18991): avc: denied { kill } for comm="swapper/0" capability=5 scontext=u:r:kernel:s0 tcontext=u:r:kernel:s0 tclass=capability permissive=0
11-29 07:49:23.878 1491 1723 I netstats_mobile_sample: [0,0,0,0,0,0,0,0,0,0,0,0,1669679363877]
11-29 07:49:23.878 1491 1723 I netstats_wifi_sample: [6406240607,5326393,218338411,1040468,6406240607,5326393,218338411,1040468,6489086108,5970442,127749870,835309,1669679363877]
11-29 07:49:23.935 29251 29251 I auditd : type=1400 audit(0.0:18992): avc: denied { read } for comm="Thread-296" name="version" dev="proc" ino=4026532238 scontext=u:r:untrusted_app_27:s0:c512,c768 tcontext=u:object_r:proc_version:s0 tclass=file permissive=0 app=com.tencent.tmgp.pubgmhd
11-29 07:49:24.079 0 0 I auditd : type=1400 audit(0.0:18993): avc: denied { kill } for comm="swapper/0" capability=5 scontext=u:r:kernel:s0 tcontext=u:r:kernel:s0 tclass=capability permissive=0
11-29 07:49:25.079 0 0 I auditd : type=1400 audit(0.0:18994): avc: denied { kill } for comm="swapper/0" capability=5 scontext=u:r:kernel:s0 tcontext=u:r:kernel:s0 tclass=capability permissive=0
11-29 07:49:25.160 1491 1723 I netstats_mobile_sample: [0,0,0,0,0,0,0,0,0,0,0,0,1669679365159]
11-29 07:49:25.160 1491 1723 I netstats_wifi_sample: [6410032910,5329330,218385283,1040876,6410031763,5329329,218385283,1040876,6492884038,5973381,127785654,835693,1669679365159]
11-29 07:49:25.942 503 503 I auditd : avc: denied { find } for pid=29251 uid=10099 name=sysmgrserver scontext=u:r:untrusted_app_27:s0:c512,c768 tcontext=u:object_r:default_android_service:s0 tclass=service_manager permissive=0
11-29 07:49:25.943 29251 29251 I auditd : type=1400 audit(0.0:18995): avc: denied { read } for comm="Thread-299" name="asound" dev="proc" ino=4026532151 scontext=u:r:untrusted_app_27:s0:c512,c768 tcontext=u:object_r:proc_asound:s0 tclass=dir permissive=0 app=com.tencent.tmgp.pubgmhd
11-29 07:49:26.079 31418 31418 I auditd : type=1400 audit(0.0:18996): avc: denied { kill } for comm="kworker/u16:18" capability=5 scontext=u:r:kernel:s0 tcontext=u:r:kernel:s0 tclass=capability permissive=0
11-29 07:49:26.247 29251 29251 I auditd : type=1400 audit(0.0:18997): avc: denied { read } for comm="Thread-297" name="cache" dev="dm-5" ino=16 scontext=u:r:untrusted_app_27:s0:c512,c768 tcontext=u:object_r:cache_file:s0 tclass=lnk_file permissive=0 app=com.tencent.tmgp.pubgmhd
11-29 07:49:26.444 1491 1723 I netstats_mobile_sample: [0,0,0,0,0,0,0,0,0,0,0,0,1669679366444]
11-29 07:49:26.445 1491 1723 I netstats_wifi_sample: [6416241564,5334015,218451561,1041782,6416238123,5334012,218451561,1041782,6499074674,5978046,127846406,836587,1669679366444]
11-29 07:49:27.079 353 353 I auditd : type=1400 audit(0.0:18998): avc: denied { kill } for comm="irq/382-atmel_m" capability=5 scontext=u:r:kernel:s0 tcontext=u:r:kernel:s0 tclass=capability permissive=0
11-29 07:49:28.079 353 353 I auditd : type=1400 audit(0.0:18999): avc: denied { kill } for comm="irq/382-atmel_m" capability=5 scontext=u:r:kernel:s0 tcontext=u:r:kernel:s0 tclass=capability permissive=0
11-29 07:49:28.570 1491 1723 I netstats_mobile_sample: [0,0,0,0,0,0,0,0,0,0,0,0,1669679368570]
11-29 07:49:28.570 1491 1723 I netstats_wifi_sample: [6420001311,5337188,218499195,1042272,6419997870,5337185,218499195,1042272,6502855009,5981282,127882694,837052,1669679368570]
11-29 07:49:30.079 0 0 I auditd : type=1400 audit(0.0:19000): avc: denied { kill } for comm="swapper/2" capability=5 scontext=u:r:kernel:s0 tcontext=u:r:kernel:s0 tclass=capability permissive=0
11-29 07:49:31.011 1491 1723 I netstats_mobile_sample: [0,0,0,0,0,0,0,0,0,0,0,0,1669679371010]
11-29 07:49:31.011 1491 1723 I netstats_wifi_sample: [6423626310,5340318,218544493,1042605,6423626310,5340318,218544493,1042605,6506486177,5984439,127916606,837359,1669679371010]
11-29 07:49:31.079 0 0 I auditd : type=1400 audit(0.0:19001): avc: denied { kill } for comm="swapper/2" capability=5 scontext=u:r:kernel:s0 tcontext=u:r:kernel:s0 tclass=capability permissive=0
11-29 07:49:32.079 0 0 I auditd : type=1400 audit(0.0:19002): avc: denied { kill } for comm="swapper/2" capability=5 scontext=u:r:kernel:s0 tcontext=u:r:kernel:s0 tclass=capability permissive=0
11-29 07:49:33.079 0 0 I auditd : type=1400 audit(0.0:19003): avc: denied { kill } for comm="swapper/2" capability=5 scontext=u:r:kernel:s0 tcontext=u:r:kernel:s0 tclass=capability permissive=0
11-29 07:49:33.424 1491 1723 I netstats_mobile_sample: [0,0,0,0,0,0,0,0,0,0,0,0,1669679373424]
11-29 07:49:33.424 1491 1723 I netstats_wifi_sample: [6427208073,5343427,218596151,1042977,6427208073,5343427,218596151,1042977,6510077438,5987578,127951610,837694,1669679373424]
