11-29 07:40:02.107 1491 1608 W BroadcastQueue: Background execution not allowed: receiving Intent { act=android.intent.action.USER_PRESENT flg=0x24200010 } to com.microsoft.emmx/org.chromium.chrome.browser.sharing.click_to_call.ClickToCallMessageHandler$PhoneUnlockedReceiver
11-29 07:40:02.107 1491 1608 W BroadcastQueue: Permission Denial: broadcasting Intent { act=android.intent.action.USER_PRESENT flg=0x24200010 } from com.android.systemui (pid=30912, uid=10082) to com.miHoYo.Yuanshen/cn.jpush.android.service.PushReceiver is not exported from uid 10098
11-29 07:40:02.275 1491 1491 D CompatibilityChangeReporter: Compat change id reported: 175319604; UID 10082; state: ENABLED
11-29 07:40:04.029 1491 1760 I GameModeConfig: isGameModeOn = false
11-29 07:40:04.101 1491 8592 W ProcessStats: Tracking association SourceState{9b244a com.tencent.tmgp.pubgmhd:xg_vip_service/10099 BTopFgs #10223} whose proc state 2 is better than process ProcessState{2592fbb com.tencent.tmgp.pubgmhd/10099 pkg=com.tencent.tmgp.pubgmhd} proc state 3 (4 skipped)
11-29 07:40:04.101 1491 1760 I GameModeConfig: isGameModeOn = false
11-29 07:40:04.131 1491 1760 I GameModeConfig: isGameModeOn = false
11-29 07:40:04.132 1491 9682 W ActivityManager: Unable to start service Intent { act=com.tencent.tpns.mqttchannel.FEEDBACK pkg=com.tencent.tmgp.pubgmhd } U=0: not found
11-29 07:40:04.156 1491 1760 I GameModeConfig: isGameModeOn = false
11-29 07:40:05.881 1491 1760 I GameModeConfig: isGameModeOn = false
11-29 07:40:05.905 1491 1760 I GameModeConfig: isGameModeOn = false
11-29 07:40:05.930 1491 1760 I GameModeConfig: isGameModeOn = false
11-29 07:40:05.936 1491 1760 I GameModeConfig: isGameModeOn = false
11-29 07:40:05.954 1491 1760 I GameModeConfig: isGameModeOn = false
11-29 07:40:05.970 1491 1760 I GameModeConfig: isGameModeOn = false
11-29 07:40:05.990 1491 1760 I GameModeConfig: isGameModeOn = false
11-29 07:40:06.004 1491 1760 I GameModeConfig: isGameModeOn = false
11-29 07:40:06.021 1491 1760 I GameModeConfig: isGameModeOn = false
11-29 07:40:06.036 1491 1760 I GameModeConfig: isGameModeOn = false
11-29 07:40:06.053 1491 1760 I GameModeConfig: isGameModeOn = false
11-29 07:40:06.070 1491 1760 I GameModeConfig: isGameModeOn = false
11-29 07:40:06.077 1491 1760 I GameModeConfig: isGameModeOn = false
11-29 07:40:06.096 1491 1760 I GameModeConfig: isGameModeOn = false
11-29 07:40:06.104 1491 1760 I GameModeConfig: isGameModeOn = false
11-29 07:40:06.115 1491 1760 I GameModeConfig: isGameModeOn = false
11-29 07:40:06.120 1491 1760 I GameModeConfig: isGameModeOn = false
11-29 07:40:06.129 1491 1760 I GameModeConfig: isGameModeOn = false
11-29 07:40:06.135 1491 1760 I GameModeConfig: isGameModeOn = false
11-29 07:40:06.147 1491 1760 I GameModeConfig: isGameModeOn = false
11-29 07:40:06.154 1491 1760 I GameModeConfig: isGameModeOn = false
11-29 07:40:06.165 1491 1760 I GameModeConfig: isGameModeOn = false
11-29 07:40:06.174 1491 1760 I GameModeConfig: isGameModeOn = false
11-29 07:40:06.179 1491 1760 I GameModeConfig: isGameModeOn = false
11-29 07:40:06.185 1491 1760 I GameModeConfig: isGameModeOn = false
11-29 07:40:06.196 1491 1760 I GameModeConfig: isGameModeOn = false
11-29 07:40:06.207 1491 1760 I GameModeConfig: isGameModeOn = false
11-29 07:40:06.213 1491 1760 I GameModeConfig: isGameModeOn = false
11-29 07:40:06.222 1491 1760 I GameModeConfig: isGameModeOn = false
11-29 07:40:06.230 1491 1760 I GameModeConfig: isGameModeOn = false
11-29 07:40:06.244 1491 1760 I GameModeConfig: isGameModeOn = false
11-29 07:40:06.256 1491 1760 I GameModeConfig: isGameModeOn = false
11-29 07:40:06.274 1491 1760 I GameModeConfig: isGameModeOn = false
11-29 07:40:06.288 1491 1760 I GameModeConfig: isGameModeOn = false
11-29 07:40:06.308 1491 1760 I GameModeConfig: isGameModeOn = false
11-29 07:40:06.321 1491 1760 I GameModeConfig: isGameModeOn = false
11-29 07:40:06.340 1491 1760 I GameModeConfig: isGameModeOn = false
11-29 07:40:06.356 1491 1760 I GameModeConfig: isGameModeOn = false
11-29 07:40:06.372 1491 1760 I GameModeConfig: isGameModeOn = false
11-29 07:40:06.389 1491 1760 I GameModeConfig: isGameModeOn = false
11-29 07:40:06.404 1491 1760 I GameModeConfig: isGameModeOn = false
11-29 07:40:06.432 1491 1760 I GameModeConfig: isGameModeOn = false
11-29 07:40:06.682 1491 1760 I GameModeConfig: isGameModeOn = false
11-29 07:40:06.715 1491 1760 I GameModeConfig: isGameModeOn = false
11-29 07:40:06.724 1491 1760 I GameModeConfig: isGameModeOn = false
11-29 07:40:06.738 1491 1760 I GameModeConfig: isGameModeOn = false
11-29 07:40:06.751 1491 1760 I GameModeConfig: isGameModeOn = false
11-29 07:40:06.770 1491 1760 I GameModeConfig: isGameModeOn = false
11-29 07:40:06.787 1491 1760 I GameModeConfig: isGameModeOn = false
11-29 07:40:06.809 1491 1760 I GameModeConfig: isGameModeOn = false
11-29 07:40:06.821 1491 1760 I GameModeConfig: isGameModeOn = false
11-29 07:40:06.886 1491 1760 I GameModeConfig: isGameModeOn = false
11-29 07:40:06.915 1491 1760 I GameModeConfig: isGameModeOn = false
11-29 07:40:06.926 1491 1760 I GameModeConfig: isGameModeOn = false
11-29 07:40:06.941 1491 1760 I GameModeConfig: isGameModeOn = false
11-29 07:40:06.965 1491 1760 I GameModeConfig: isGameModeOn = false
11-29 07:40:06.975 1491 1760 I GameModeConfig: isGameModeOn = false
11-29 07:40:06.993 1491 1760 I GameModeConfig: isGameModeOn = false
11-29 07:40:07.008 1491 1760 I GameModeConfig: isGameModeOn = false
11-29 07:40:07.024 1491 1760 I GameModeConfig: isGameModeOn = false
11-29 07:40:07.994 1491 1760 I GameModeConfig: isGameModeOn = false
11-29 07:40:08.019 1491 1760 I GameModeConfig: isGameModeOn = false
11-29 07:40:08.040 1491 1760 I GameModeConfig: isGameModeOn = false
11-29 07:40:08.048 1491 1760 I GameModeConfig: isGameModeOn = false
11-29 07:40:08.069 1491 1760 I GameModeConfig: isGameModeOn = false
11-29 07:40:08.073 1491 1760 I GameModeConfig: isGameModeOn = false
11-29 07:40:08.090 1491 1760 I GameModeConfig: isGameModeOn = false
11-29 07:40:08.110 1491 1760 I GameModeConfig: isGameModeOn = false
11-29 07:40:08.127 1491 1760 I GameModeConfig: isGameModeOn = false
11-29 07:40:08.140 1491 1760 I GameModeConfig: isGameModeOn = false
11-29 07:40:08.166 1491 1760 I GameModeConfig: isGameModeOn = false
11-29 07:40:08.174 1491 1760 I GameModeConfig: isGameModeOn = false
11-29 07:40:08.191 1491 1760 I GameModeConfig: isGameModeOn = false
11-29 07:40:08.201 1491 1760 I GameModeConfig: isGameModeOn = false
11-29 07:40:08.210 1491 1760 I GameModeConfig: isGameModeOn = false
11-29 07:40:08.226 1491 1760 I GameModeConfig: isGameModeOn = false
11-29 07:40:08.227 1491 1760 I GameModeConfig: isGameModeOn = false
11-29 07:40:08.238 1491 1760 I GameModeConfig: isGameModeOn = false
11-29 07:40:08.243 1491 1760 I GameModeConfig: isGameModeOn = false
11-29 07:40:08.253 1491 1760 I GameModeConfig: isGameModeOn = false
11-29 07:40:08.258 1491 1760 I GameModeConfig: isGameModeOn = false
11-29 07:40:08.268 1491 1760 I GameModeConfig: isGameModeOn = false
11-29 07:40:08.274 1491 1760 I GameModeConfig: isGameModeOn = false
11-29 07:40:08.289 1491 1760 I GameModeConfig: isGameModeOn = false
11-29 07:40:08.290 1491 1760 I GameModeConfig: isGameModeOn = false
11-29 07:40:08.293 1491 1760 I GameModeConfig: isGameModeOn = false
11-29 07:40:08.312 1491 1760 I GameModeConfig: isGameModeOn = false
11-29 07:40:08.313 1491 1760 I GameModeConfig: isGameModeOn = false
11-29 07:40:08.325 1491 1760 I GameModeConfig: isGameModeOn = false
11-29 07:40:08.330 1491 1760 I GameModeConfig: isGameModeOn = false
11-29 07:40:08.344 1491 1760 I GameModeConfig: isGameModeOn = false
11-29 07:40:08.351 1491 1760 I GameModeConfig: isGameModeOn = false
11-29 07:40:08.372 1491 1760 I GameModeConfig: isGameModeOn = false
11-29 07:40:08.378 1491 1760 I GameModeConfig: isGameModeOn = false
11-29 07:40:08.404 1491 1760 I GameModeConfig: isGameModeOn = false
11-29 07:40:08.410 1491 1760 I GameModeConfig: isGameModeOn = false
11-29 07:40:08.440 1491 1760 I GameModeConfig: isGameModeOn = false
11-29 07:40:08.448 1491 1760 I GameModeConfig: isGameModeOn = false
11-29 07:40:08.450 1491 1760 I GameModeConfig: isGameModeOn = false
11-29 07:40:08.450 1491 1760 I GameModeConfig: isGameModeOn = false
11-29 07:40:08.451 1491 1760 I GameModeConfig: isGameModeOn = false
11-29 07:40:08.451 1491 1760 I GameModeConfig: isGameModeOn = false
11-29 07:40:08.451 1491 1760 I GameModeConfig: isGameModeOn = false
11-29 07:40:08.451 1491 1760 I GameModeConfig: isGameModeOn = false
11-29 07:40:08.452 1491 1760 I GameModeConfig: isGameModeOn = false
11-29 07:40:08.452 1491 1760 I GameModeConfig: isGameModeOn = false
11-29 07:40:08.452 1491 1760 I GameModeConfig: isGameModeOn = false
11-29 07:40:08.452 1491 1760 I GameModeConfig: isGameModeOn = false
11-29 07:40:08.461 1491 1760 I GameModeConfig: isGameModeOn = false
11-29 07:40:08.479 1491 1760 I GameModeConfig: isGameModeOn = false
11-29 07:40:08.497 1491 1760 I GameModeConfig: isGameModeOn = false
11-29 07:40:08.517 1491 1760 I GameModeConfig: isGameModeOn = false
11-29 07:40:08.529 1491 1760 I GameModeConfig: isGameModeOn = false
11-29 07:40:08.556 1491 1760 I GameModeConfig: isGameModeOn = false
11-29 07:40:08.559 1491 1760 I GameModeConfig: isGameModeOn = false
11-29 07:40:08.588 1491 1760 I GameModeConfig: isGameModeOn = false
11-29 07:40:08.594 1491 1760 I GameModeConfig: isGameModeOn = false
11-29 07:40:08.614 1491 1760 I GameModeConfig: isGameModeOn = false
11-29 07:40:08.637 1491 1760 I GameModeConfig: isGameModeOn = false
11-29 07:40:08.661 1491 1491 I GameModeConfig: isGameModeOn = false
11-29 07:40:08.665 1491 1491 W NotificationHistory: Attempted to add notif for locked/gone/disabled user 0
11-29 07:40:08.666 1491 1760 I GameModeConfig: isGameModeOn = false
11-29 07:40:08.678 1491 1760 I GameModeConfig: isGameModeOn = false
11-29 07:40:08.694 1491 1760 I GameModeConfig: isGameModeOn = false
11-29 07:40:08.711 1491 1760 I GameModeConfig: isGameModeOn = false
11-29 07:40:08.763 1491 1760 I GameModeConfig: isGameModeOn = false
11-29 07:40:08.788 1491 1760 I GameModeConfig: isGameModeOn = false
11-29 07:40:08.812 1491 1760 I GameModeConfig: isGameModeOn = false
11-29 07:40:08.825 1491 1760 I GameModeConfig: isGameModeOn = false
11-29 07:40:08.842 1491 1760 I GameModeConfig: isGameModeOn = false
11-29 07:40:08.865 1491 1760 I GameModeConfig: isGameModeOn = false
11-29 07:40:08.879 1491 1760 I GameModeConfig: isGameModeOn = false
11-29 07:40:08.898 1491 1760 I GameModeConfig: isGameModeOn = false
11-29 07:40:08.917 1491 1760 I GameModeConfig: isGameModeOn = false
11-29 07:40:09.332 1491 1760 I GameModeConfig: isGameModeOn = false
11-29 07:40:09.358 1491 1760 I GameModeConfig: isGameModeOn = false
11-29 07:40:09.373 1491 1760 I GameModeConfig: isGameModeOn = false
11-29 07:40:09.384 1491 1760 I GameModeConfig: isGameModeOn = false
11-29 07:40:09.397 1491 1760 I GameModeConfig: isGameModeOn = false
11-29 07:40:09.415 1491 1760 I GameModeConfig: isGameModeOn = false
11-29 07:40:09.443 1491 1760 I GameModeConfig: isGameModeOn = false
11-29 07:40:09.449 1491 1760 I GameModeConfig: isGameModeOn = false
11-29 07:40:09.464 1491 1760 I GameModeConfig: isGameModeOn = false
11-29 07:40:09.487 1491 1760 I GameModeConfig: isGameModeOn = false
11-29 07:40:09.497 1491 1760 I GameModeConfig: isGameModeOn = false
11-29 07:40:09.512 1491 1760 I GameModeConfig: isGameModeOn = false
11-29 07:40:09.530 1491 1760 I GameModeConfig: isGameModeOn = false
11-29 07:40:09.536 1491 1760 I GameModeConfig: isGameModeOn = false
11-29 07:40:09.549 1491 1760 I GameModeConfig: isGameModeOn = false
11-29 07:40:09.565 1491 1760 I GameModeConfig: isGameModeOn = false
11-29 07:40:09.576 1491 1760 I GameModeConfig: isGameModeOn = false
11-29 07:40:09.587 1491 1760 I GameModeConfig: isGameModeOn = false
11-29 07:40:09.589 1491 1760 I GameModeConfig: isGameModeOn = false
11-29 07:40:09.591 1491 1760 I GameModeConfig: isGameModeOn = false
11-29 07:40:09.602 1491 1760 I GameModeConfig: isGameModeOn = false
11-29 07:40:09.608 1491 1760 I GameModeConfig: isGameModeOn = false
11-29 07:40:09.615 1491 1760 I GameModeConfig: isGameModeOn = false
11-29 07:40:09.641 1491 1760 I GameModeConfig: isGameModeOn = false
11-29 07:40:09.656 1491 1760 I GameModeConfig: isGameModeOn = false
11-29 07:40:09.656 1491 1760 I GameModeConfig: isGameModeOn = false
11-29 07:40:09.668 1491 1760 I GameModeConfig: isGameModeOn = false
11-29 07:40:09.684 1491 1760 I GameModeConfig: isGameModeOn = false
11-29 07:40:09.701 1491 1760 I GameModeConfig: isGameModeOn = false
11-29 07:40:09.704 1491 1760 I GameModeConfig: isGameModeOn = false
11-29 07:40:09.716 1491 1760 I GameModeConfig: isGameModeOn = false
11-29 07:40:09.723 1491 1760 I GameModeConfig: isGameModeOn = false
11-29 07:40:09.735 1491 1760 I GameModeConfig: isGameModeOn = false
11-29 07:40:09.745 1491 1760 I GameModeConfig: isGameModeOn = false
11-29 07:40:09.755 1491 1760 I GameModeConfig: isGameModeOn = false
11-29 07:40:09.768 1491 1760 I GameModeConfig: isGameModeOn = false
11-29 07:40:09.774 1491 1760 I GameModeConfig: isGameModeOn = false
11-29 07:40:09.783 1491 1760 I GameModeConfig: isGameModeOn = false
11-29 07:40:09.790 1491 1760 I GameModeConfig: isGameModeOn = false
11-29 07:40:09.797 1491 1760 I GameModeConfig: isGameModeOn = false
11-29 07:40:09.806 1491 1760 I GameModeConfig: isGameModeOn = false
11-29 07:40:09.817 1491 1760 I GameModeConfig: isGameModeOn = false
11-29 07:40:09.860 1491 1760 I GameModeConfig: isGameModeOn = false
11-29 07:40:09.891 1491 1760 I GameModeConfig: isGameModeOn = false
11-29 07:40:09.928 1491 1760 I GameModeConfig: isGameModeOn = false
11-29 07:40:09.950 1491 1760 I GameModeConfig: isGameModeOn = false
11-29 07:40:09.975 1491 1760 I GameModeConfig: isGameModeOn = false
11-29 07:40:09.997 1491 1760 I GameModeConfig: isGameModeOn = false
11-29 07:40:09.997 1491 1760 I GameModeConfig: isGameModeOn = false
11-29 07:40:10.026 1491 1760 I GameModeConfig: isGameModeOn = false
11-29 07:40:10.133 1491 1760 I GameModeConfig: isGameModeOn = false
11-29 07:40:10.171 1491 1760 I GameModeConfig: isGameModeOn = false
11-29 07:40:10.190 1491 1760 I GameModeConfig: isGameModeOn = false
11-29 07:40:10.216 1491 1760 I GameModeConfig: isGameModeOn = false
11-29 07:40:10.235 1491 1760 I GameModeConfig: isGameModeOn = false
11-29 07:40:10.346 1491 1760 I GameModeConfig: isGameModeOn = false
11-29 07:40:10.377 1491 1760 I GameModeConfig: isGameModeOn = false
11-29 07:40:10.406 1491 1760 I GameModeConfig: isGameModeOn = false
11-29 07:40:10.416 1491 1760 I GameModeConfig: isGameModeOn = false
11-29 07:40:10.438 1491 1760 I GameModeConfig: isGameModeOn = false
11-29 07:40:11.263 1491 1760 I GameModeConfig: isGameModeOn = false
11-29 07:40:11.513 1491 1760 I GameModeConfig: isGameModeOn = false
11-29 07:40:11.528 1491 1760 I GameModeConfig: isGameModeOn = false
11-29 07:40:11.530 1491 1760 I GameModeConfig: isGameModeOn = false
11-29 07:40:11.625 1491 1760 I GameModeConfig: isGameModeOn = false
11-29 07:40:18.489 1491 1760 I GameModeConfig: isGameModeOn = false
11-29 07:40:18.661 1491 1760 I GameModeConfig: isGameModeOn = false
11-29 07:40:27.099 1491 1674 D ActivityManager: freezing 28720 com.android.calendar
11-29 07:40:27.100 1491 1674 E ActivityManager: Unable to freeze binder for 28720 com.android.calendar
11-29 07:40:27.101 1491 1674 D ActivityManager: froze 28720 com.android.calendar
11-29 07:40:27.101 1491 1674 E ActivityManager: Unable to freeze binder for 28720 com.android.calendar
11-29 07:40:27.104 1491 1674 D ActivityManager: freezing 28719 com.hryt.hiphishowfsecontrol
11-29 07:40:27.104 1491 1674 E ActivityManager: Unable to freeze binder for 28719 com.hryt.hiphishowfsecontrol
11-29 07:40:27.105 1491 1674 D ActivityManager: froze 28719 com.hryt.hiphishowfsecontrol
11-29 07:40:27.105 1491 1674 E ActivityManager: Unable to freeze binder for 28719 com.hryt.hiphishowfsecontrol
11-29 07:40:27.106 1491 1674 I ActivityManager: Killing 28720:com.android.calendar/u0a64 (adj 955): Unable to freeze binder interface
11-29 07:40:27.108 1491 1674 I ActivityManager: Killing 28719:com.hryt.hiphishowfsecontrol/u0a20 (adj 955): Unable to freeze binder interface
11-29 07:40:27.169 1491 1599 W ActivityManager: ProcessRecord{7b59019 28719:com.hryt.hiphishowfsecontrol/u0a20} is attached to a previous process
11-29 07:40:27.170 1491 1599 W ActivityManager: Existing proc ProcessRecord{7b59019 28719:com.hryt.hiphishowfsecontrol/u0a20} was killed 60ms ago when adding ProcessRecord{a0f608b 0:com.hryt.hiphishowfsecontrol/u0a20}
11-29 07:40:27.171 1491 1599 D CompatibilityChangeReporter: Compat change id reported: 135634846; UID 10020; state: DISABLED
11-29 07:40:27.173 1491 1599 D CompatibilityChangeReporter: Compat change id reported: 177438394; UID 10020; state: DISABLED
11-29 07:40:27.173 1491 1599 D CompatibilityChangeReporter: Compat change id reported: 135772972; UID 10020; state: DISABLED
11-29 07:40:27.173 1491 1599 D CompatibilityChangeReporter: Compat change id reported: 135754954; UID 10020; state: ENABLED
11-29 07:40:27.175 1491 1599 D CompatibilityChangeReporter: Compat change id reported: 135634846; UID 10064; state: DISABLED
11-29 07:40:27.175 1491 1599 D CompatibilityChangeReporter: Compat change id reported: 177438394; UID 10064; state: DISABLED
11-29 07:40:27.175 1491 1599 D CompatibilityChangeReporter: Compat change id reported: 135772972; UID 10064; state: DISABLED
11-29 07:40:27.175 1491 1599 D CompatibilityChangeReporter: Compat change id reported: 135754954; UID 10064; state: DISABLED
11-29 07:40:27.181 1491 1609 D CompatibilityChangeReporter: Compat change id reported: 143937733; UID 10020; state: ENABLED
11-29 07:40:27.203 1491 1609 I ActivityManager: Start proc 31028:com.hryt.hiphishowfsecontrol/u0a20 for null
11-29 07:40:27.203 1491 1609 D CompatibilityChangeReporter: Compat change id reported: 143937733; UID 10064; state: DISABLED
11-29 07:40:27.211 1491 1609 I ActivityManager: Start proc 31029:com.android.calendar/u0a64 for null
11-29 07:40:27.253 1491 9480 D CompatibilityChangeReporter: Compat change id reported: 168419799; UID 10064; state: DISABLED
11-29 07:40:27.291 1491 9480 D CompatibilityChangeReporter: Compat change id reported: 168419799; UID 10020; state: DISABLED
11-29 07:40:37.588 16043 16059 W ContextImpl: Calling a method in the system process without a qualified user: android.app.ContextImpl.startService:1816 android.content.ContextWrapper.startService:774 com.thundercomm.gamemode.ingame.services.GameModeActionUtils.startGameModeService:93 com.thundercomm.gamemode.ingame.services.GameModeActionUtils.startGameModeEntry:21 com.thundercomm.gamemode.ingame.services.ActivityMonitoringService$1.onActivityLaunch:127
11-29 07:40:37.592 1491 1491 I GameModeConfig: Current uri is uri = content://com.thundercomm.gamemode.api/gamemode_settings/gamemode_isgaming
11-29 07:40:37.596 1491 1491 I GameModeConfig: isGameModeOn = false
11-29 07:40:37.596 1491 1491 I GameModeConfig: isGameModeOn = false
11-29 07:40:37.596 1491 1491 I GameModeConfig: isDisableVoice = true
11-29 07:40:37.613 1491 9316 W ActivityTaskManager: getTaskSnapshot: taskId=2217 not found
11-29 07:40:37.613 1491 9316 W ActivityTaskManager: getTaskSnapshot: taskId=1217 not found
11-29 07:40:37.617 1491 9316 W ActivityTaskManager: getTaskSnapshot: taskId=1217 not found
11-29 07:40:37.618 1491 9316 W ActivityTaskManager: getTaskSnapshot: taskId=2217 not found
11-29 07:40:38.450 1491 9316 I ActivityTaskManager: FOREGROUND_APPLICATION_CHANGED to com.android.launcher3.uioverrides.QuickstepLauncher
11-29 07:40:38.511 16043 16059 W ContextImpl: Calling a method in the system process without a qualified user: android.app.ContextImpl.startService:1816 android.content.ContextWrapper.startService:774 com.thundercomm.gamemode.ingame.services.GameModeActionUtils.startGameModeService:93 com.thundercomm.gamemode.ingame.services.GameModeActionUtils.startGameModeEntry:21 com.thundercomm.gamemode.ingame.services.ActivityMonitoringService$1.onActivityLaunch:127
11-29 07:40:38.525 1491 1491 I GameModeConfig: Current uri is uri = content://com.thundercomm.gamemode.api/gamemode_settings/gamemode_isgaming
11-29 07:40:38.526 1491 1491 I GameModeConfig: isGameModeOn = false
11-29 07:40:38.527 1491 1491 I GameModeConfig: isGameModeOn = false
11-29 07:40:38.527 1491 1491 I GameModeConfig: isDisableVoice = true
11-29 07:40:38.580 16043 16059 W ContextImpl: Calling a method in the system process without a qualified user: android.app.ContextImpl.startService:1816 android.content.ContextWrapper.startService:774 com.thundercomm.gamemode.ingame.services.GameModeActionUtils.startGameModeService:93 com.thundercomm.gamemode.ingame.services.GameModeActionUtils.startGameModeEntry:21 com.thundercomm.gamemode.ingame.services.ActivityMonitoringService$1.onActivityLaunch:127
11-29 07:40:38.584 1491 1491 I GameModeConfig: Current uri is uri = content://com.thundercomm.gamemode.api/gamemode_settings/gamemode_isgaming
11-29 07:40:38.585 1491 1491 I GameModeConfig: isGameModeOn = false
11-29 07:40:38.585 1491 1491 I GameModeConfig: isGameModeOn = false
11-29 07:40:38.585 1491 1491 I GameModeConfig: isDisableVoice = true
11-29 07:40:42.154 1491 1524 I ActivityTaskManager: START u0 {act=android.intent.action.MAIN cat=[android.intent.category.LAUNCHER] flg=0x10200000 cmp=com.tencent.tmgp.pubgmhd/com.epicgames.ue4.SplashActivity bnds=[1319,400][1621,680]} from uid 10077
11-29 07:40:42.178 1491 1524 I ActivityTaskManager: FOREGROUND_APPLICATION_CHANGED to com.epicgames.ue4.SplashActivity
11-29 07:40:42.178 1491 1524 I ActivityTaskManager: The Process com.tencent.tmgp.pubgmhd Already Exists in BG. So sending its PID: 29251
11-29 07:40:42.178 1491 1524 W ActivityTaskManager: Tried to set launchTime (0) < mLastActivityLaunchTime (15696063)
11-29 07:40:42.203 16043 16059 W ContextImpl: Calling a method in the system process without a qualified user: android.app.ContextImpl.startService:1816 android.content.ContextWrapper.startService:774 com.thundercomm.gamemode.ingame.services.GameModeActionUtils.startGameModeService:93 com.thundercomm.gamemode.ingame.services.GameModeActionUtils.startGameModeEntry:21 com.thundercomm.gamemode.ingame.services.ActivityMonitoringService$1.onActivityLaunch:127
11-29 07:40:42.211 1491 9682 W WindowManager: Failed looking up window session=Session{ffbaa08 29251:u0a10099} callers=com.android.server.wm.WindowManagerService.windowForClientLocked:5628 com.android.server.wm.Session.insetsModified:629 android.view.IWindowSession$Stub.onTransact:1151
11-29 07:40:42.222 1491 1491 I GameModeConfig: Current uri is uri = content://com.thundercomm.gamemode.api/gamemode_settings/gamemode_isgaming
11-29 07:40:42.224 1491 1760 I GameModeConfig: isGameModeOn = false
11-29 07:40:42.224 1491 1760 I GameModeConfig: isGameModeOn = false
11-29 07:40:42.224 1491 1760 I GameModeConfig: isGameModeOn = false
11-29 07:40:42.225 1491 1760 I GameModeConfig: isGameModeOn = false
11-29 07:40:42.225 1491 1760 I GameModeConfig: isGameModeOn = false
11-29 07:40:42.225 1491 1760 I GameModeConfig: isGameModeOn = false
11-29 07:40:42.225 1491 1760 I GameModeConfig: isGameModeOn = false
11-29 07:40:42.225 1491 1760 I GameModeConfig: isGameModeOn = false
11-29 07:40:42.225 1491 1760 I GameModeConfig: isGameModeOn = false
11-29 07:40:42.225 1491 1760 I GameModeConfig: isGameModeOn = false
11-29 07:40:42.227 1491 1491 I GameModeConfig: isGameModeOn = false
11-29 07:40:42.227 1491 1491 I GameModeConfig: isGameModeOn = false
11-29 07:40:42.227 1491 1491 I GameModeConfig: isDisableVoice = true
11-29 07:40:42.233 1491 9316 I ActivityTaskManager: START u0 {act=android.intent.action.MAIN flg=0x10000 cmp=com.tencent.tmgp.pubgmhd/com.epicgames.ue4.GameActivity (has extras)} from uid 10099
11-29 07:40:42.240 1491 1524 W ActivityTaskManager: Duplicate finish request for r=ActivityRecord{809c991 u0 com.tencent.tmgp.pubgmhd/com.epicgames.ue4.SplashActivity t223 f}}
11-29 07:40:42.262 1491 1524 W ActivityTaskManager: Duplicate finish request for r=ActivityRecord{809c991 u0 com.tencent.tmgp.pubgmhd/com.epicgames.ue4.SplashActivity t223 f}}
11-29 07:40:42.264 1491 9480 I ActivityTaskManager: FOREGROUND_APPLICATION_CHANGED to com.epicgames.ue4.GameActivity
11-29 07:40:42.290 1491 1760 I GameModeConfig: isGameModeOn = false
11-29 07:40:42.290 1491 1760 I GameModeConfig: isGameModeOn = false
11-29 07:40:42.290 1491 1760 I GameModeConfig: isGameModeOn = false
11-29 07:40:42.290 1491 1760 I GameModeConfig: isGameModeOn = false
11-29 07:40:42.290 1491 1760 I GameModeConfig: isGameModeOn = false
11-29 07:40:42.290 1491 1760 I GameModeConfig: isGameModeOn = false
11-29 07:40:42.290 1491 1760 I GameModeConfig: isGameModeOn = false
11-29 07:40:42.290 1491 1760 I GameModeConfig: isGameModeOn = false
11-29 07:40:42.290 1491 1760 I GameModeConfig: isGameModeOn = false
11-29 07:40:42.291 1491 1760 I GameModeConfig: isGameModeOn = false
11-29 07:40:42.375 16043 16059 W ContextImpl: Calling a method in the system process without a qualified user: android.app.ContextImpl.startService:1816 android.content.ContextWrapper.startService:774 com.thundercomm.gamemode.ingame.services.GameModeActionUtils.startGameModeService:93 com.thundercomm.gamemode.ingame.services.GameModeActionUtils.startGameModeEntry:21 com.thundercomm.gamemode.ingame.services.ActivityMonitoringService$1.onActivityLaunch:127
11-29 07:40:42.384 1491 1491 I GameModeConfig: Current uri is uri = content://com.thundercomm.gamemode.api/gamemode_settings/gamemode_isgaming
11-29 07:40:42.388 1491 1491 I GameModeConfig: isGameModeOn = false
11-29 07:40:42.388 1491 1491 I GameModeConfig: isGameModeOn = false
11-29 07:40:42.388 1491 1491 I GameModeConfig: isDisableVoice = true
11-29 07:40:42.430 1491 1491 I GameModeConfig: isGameModeOn = false
11-29 07:40:42.432 1491 1491 W NotificationHistory: Attempted to add notif for locked/gone/disabled user 0
11-29 07:40:42.495 1491 1491 I GameModeConfig: isGameModeOn = false
11-29 07:40:42.495 1491 1491 E NotificationService: Muting recently noisy 0|com.android.systemui|2048|null|10082
11-29 07:40:42.917 16043 16059 W ContextImpl: Calling a method in the system process without a qualified user: android.app.ContextImpl.startService:1816 android.content.ContextWrapper.startService:774 com.thundercomm.gamemode.ingame.services.GameModeActionUtils.startGameModeService:93 com.thundercomm.gamemode.ingame.services.GameModeActionUtils.startGameModeEntry:21 com.thundercomm.gamemode.ingame.services.ActivityMonitoringService$1.onActivityLaunch:127
11-29 07:40:42.923 1491 1491 I GameModeConfig: Current uri is uri = content://com.thundercomm.gamemode.api/gamemode_settings/gamemode_isgaming
11-29 07:40:42.925 1491 1491 I GameModeConfig: isGameModeOn = false
11-29 07:40:42.925 1491 1491 I GameModeConfig: isGameModeOn = false
11-29 07:40:42.925 1491 1491 I GameModeConfig: isDisableVoice = true
11-29 07:40:43.700 1491 1491 I GameModeConfig: isGameModeOn = false
11-29 07:40:52.477 1491 1760 I GameModeConfig: isGameModeOn = false
11-29 07:40:52.495 1491 1760 I GameModeConfig: isGameModeOn = false
11-29 07:41:32.118 1491 1491 I GameModeConfig: isGameModeOn = false
11-29 07:41:40.615 1491 9316 D CompatibilityChangeReporter: Compat change id reported: 135634846; UID 10036; state: DISABLED
11-29 07:41:40.616 1491 9316 D CompatibilityChangeReporter: Compat change id reported: 177438394; UID 10036; state: DISABLED
11-29 07:41:40.616 1491 9316 D CompatibilityChangeReporter: Compat change id reported: 135772972; UID 10036; state: DISABLED
11-29 07:41:40.616 1491 9316 D CompatibilityChangeReporter: Compat change id reported: 135754954; UID 10036; state: ENABLED
11-29 07:41:40.616 1491 1609 D CompatibilityChangeReporter: Compat change id reported: 143937733; UID 10036; state: ENABLED
11-29 07:41:40.867 1491 1609 W ActivityManager: Slow operation: 252ms so far, now at startProcess: returned from zygote!
11-29 07:41:40.868 1491 1609 W ActivityManager: Slow operation: 252ms so far, now at startProcess: done updating battery stats
11-29 07:41:40.868 1491 1609 W ActivityManager: Slow operation: 252ms so far, now at startProcess: building log message
11-29 07:41:40.868 1491 1609 I ActivityManager: Start proc 31117:com.microsoft.emmx:sandboxed_process0:org.chromium.content.app.SandboxedProcessService0:9/u0ai0 for {com.microsoft.emmx/org.chromium.content.app.SandboxedProcessService0:9}
11-29 07:41:40.868 1491 1609 W ActivityManager: Slow operation: 252ms so far, now at startProcess: starting to update pids map
11-29 07:41:40.868 1491 1609 W ActivityManager: Slow operation: 253ms so far, now at startProcess: done updating pids map
11-29 07:41:40.897 1491 9316 D CompatibilityChangeReporter: Compat change id reported: 168419799; UID 10036; state: DISABLED --------- beginning of events
11-29 07:41:41.003 31117 31117 I auditd : type=1400 audit(0.0:18562): avc: denied { setattr } for comm="ThreadPoolForeg" name="extraction.js" dev="dm-10" ino=13153 scontext=u:r:isolated_app:s0:c512,c768 tcontext=u:object_r:privapp_data_file:s0:c512,c768 tclass=file permissive=0
11-29 07:41:41.007 31117 31117 I auditd : type=1400 audit(0.0:18563): avc: denied { setattr } for comm="ThreadPoolForeg" name="manifest.json" dev="dm-10" ino=12775 scontext=u:r:isolated_app:s0:c512,c768 tcontext=u:object_r:privapp_data_file:s0:c512,c768 tclass=file permissive=0
11-29 07:41:41.027 1491 1524 I ActivityManager: Killing 31117:com.microsoft.emmx:sandboxed_process0:org.chromium.content.app.SandboxedProcessService0:9/u0a36i-9000 (adj 0): isolated not needed
11-29 07:41:41.027 1491 1524 I am_kill : [0,31117,com.microsoft.emmx:sandboxed_process0:org.chromium.content.app.SandboxedProcessService0:9,0,isolated not needed]
11-29 07:41:41.062 1491 1524 I am_proc_died: [0,31117,com.microsoft.emmx:sandboxed_process0:org.chromium.content.app.SandboxedProcessService0:9,0,10]
11-29 07:41:41.063 1491 1524 I am_uid_stopped: 90000
11-29 07:41:41.084 1491 1607 I am_pss : [29526,10099,com.tencent.tmgp.pubgmhd:xg_vip_service,14642176,8167424,10240,107909120,0,3,6]
11-29 07:41:41.084 1491 1618 E KernelCpuSpeedReader: Failed to read cpu-freq: /sys/devices/system/cpu/cpu4/cpufreq/stats/time_in_state: open failed: ENOENT (No such file or directory)
11-29 07:41:41.084 1491 1618 E KernelCpuSpeedReader: Failed to read cpu-freq: /sys/devices/system/cpu/cpu0/cpufreq/stats/time_in_state: open failed: ENOENT (No such file or directory)
11-29 07:41:41.085 1491 1618 D KernelCpuUidUserSysTimeReader: Removing uids 90000-90000
11-29 07:41:41.085 1491 1618 D KernelCpuUidUserSysTimeReader: Removing uids 90000-90000
11-29 07:41:41.091 1491 1607 I am_pss : [29318,99002,com.android.webview:sandboxed_process0:org.chromium.content.app.SandboxedProcessService0:0,13265920,3039232,65536,71438336,0,3,5]
11-29 07:41:41.109 1491 1607 I am_pss : [27265,10097,com.tencent.android.qqdownloader,129010688,114954240,64512,207335424,0,4,13]
11-29 07:41:41.120 1491 1607 I am_pss : [31028,10020,com.hryt.hiphishowfsecontrol,18834432,14393344,1028096,94867456,0,19,6]
11-29 07:41:41.126 1491 1607 I am_pss : [31029,10064,com.android.calendar,8184832,3956736,2621440,60116992,0,19,5]
11-29 07:41:41.597 1491 9316 I am_uid_running: 90001
11-29 07:41:41.597 1491 9316 D CompatibilityChangeReporter: Compat change id reported: 135634846; UID 10036; state: DISABLED
11-29 07:41:41.597 1491 9316 D CompatibilityChangeReporter: Compat change id reported: 177438394; UID 10036; state: DISABLED
11-29 07:41:41.597 1491 9316 D CompatibilityChangeReporter: Compat change id reported: 135772972; UID 10036; state: DISABLED
11-29 07:41:41.597 1491 9316 D CompatibilityChangeReporter: Compat change id reported: 135754954; UID 10036; state: ENABLED
11-29 07:41:41.598 1491 1609 D CompatibilityChangeReporter: Compat change id reported: 143937733; UID 10036; state: ENABLED
11-29 07:41:41.623 1491 1609 I am_proc_start: [0,31142,90001,com.microsoft.emmx:sandboxed_process0:org.chromium.content.app.SandboxedProcessService0:10,,{com.microsoft.emmx/org.chromium.content.app.SandboxedProcessService0:10}]
11-29 07:41:41.623 1491 1609 I ActivityManager: Start proc 31142:com.microsoft.emmx:sandboxed_process0:org.chromium.content.app.SandboxedProcessService0:10/u0ai1 for {com.microsoft.emmx/org.chromium.content.app.SandboxedProcessService0:10}
11-29 07:41:41.649 1491 9316 I am_proc_bound: [0,31142,com.microsoft.emmx:sandboxed_process0:org.chromium.content.app.SandboxedProcessService0:10]
11-29 07:41:41.690 503 503 I auditd : avc: denied { find } for pid=31142 uid=90001 name=content_capture scontext=u:r:isolated_app:s0:c512,c768 tcontext=u:object_r:content_capture_service:s0 tclass=service_manager permissive=0
11-29 07:41:41.723 31142 31142 I auditd : type=1400 audit(0.0:18566): avc: denied { setattr } for comm="ThreadPoolForeg" name="manifest.json" dev="dm-10" ino=13189 scontext=u:r:isolated_app:s0:c512,c768 tcontext=u:object_r:privapp_data_file:s0:c512,c768 tclass=file permissive=0
11-29 07:41:41.723 31142 31142 I auditd : type=1400 audit(0.0:18567): avc: denied { setattr } for comm="ThreadPoolForeg" name="protocols.json" dev="dm-10" ino=13209 scontext=u:r:isolated_app:s0:c512,c768 tcontext=u:object_r:privapp_data_file:s0:c512,c768 tclass=file permissive=0
11-29 07:41:41.739 1491 1524 I ActivityManager: Killing 31142:com.microsoft.emmx:sandboxed_process0:org.chromium.content.app.SandboxedProcessService0:10/u0a36i-8999 (adj 0): isolated not needed
11-29 07:41:41.739 1491 1524 I am_kill : [0,31142,com.microsoft.emmx:sandboxed_process0:org.chromium.content.app.SandboxedProcessService0:10,0,isolated not needed]
11-29 07:41:41.774 1491 9316 I am_proc_died: [0,31142,com.microsoft.emmx:sandboxed_process0:org.chromium.content.app.SandboxedProcessService0:10,0,10]
11-29 07:41:41.775 1491 9316 I am_uid_stopped: 90001
11-29 07:41:41.778 1491 1618 E KernelCpuSpeedReader: Failed to read cpu-freq: /sys/devices/system/cpu/cpu4/cpufreq/stats/time_in_state: open failed: ENOENT (No such file or directory)
11-29 07:41:41.779 1491 1618 E KernelCpuSpeedReader: Failed to read cpu-freq: /sys/devices/system/cpu/cpu0/cpufreq/stats/time_in_state: open failed: ENOENT (No such file or directory)
11-29 07:41:42.079 0 0 I auditd : type=1400 audit(0.0:18568): avc: denied { kill } for comm="swapper/0" capability=5 scontext=u:r:kernel:s0 tcontext=u:r:kernel:s0 tclass=capability permissive=0
11-29 07:41:42.110 1491 1723 I netstats_mobile_sample: [0,0,0,0,0,0,0,0,0,0,0,0,1669678902110]
11-29 07:41:42.111 1491 1723 I netstats_wifi_sample: [5550043329,4647786,207346598,928773,5550041035,4647784,207346598,928773,5632605803,5286777,119350419,729433,1669678902110]
11-29 07:41:43.412 1491 1723 I netstats_mobile_sample: [0,0,0,0,0,0,0,0,0,0,0,0,1669678903411]
11-29 07:41:43.412 1491 1723 I netstats_wifi_sample: [5559091669,4655136,207420335,930096,5559088857,4655134,207420295,930095,5641702799,5294210,119418428,730745,1669678903411]
11-29 07:41:43.499 1491 1491 I notification_enqueue: [10097,27146,com.tencent.android.qqdownloader,127,NULL,0,Notification(channel=channel_id_default_silent shortcut=null contentView=com.tencent.android.qqdownloader/0x7f0a01c2 vibrate=null sound=null defaults=0x0 flags=0x2a0 color=0x00000000 groupKey=com.tencent.android.qqdownloader vis=PRIVATE),1]
11-29 07:41:43.701 1491 1491 I GameModeConfig: isGameModeOn = false
11-29 07:41:44.079 353 353 I auditd : type=1400 audit(0.0:18569): avc: denied { kill } for comm="irq/382-atmel_m" capability=5 scontext=u:r:kernel:s0 tcontext=u:r:kernel:s0 tclass=capability permissive=0
11-29 07:41:44.591 1491 1608 I am_uid_idle: 10063
11-29 07:41:44.763 1491 1723 I netstats_mobile_sample: [0,0,0,0,0,0,0,0,0,0,0,0,1669678904763]
11-29 07:41:44.763 1491 1723 I netstats_wifi_sample: [5569849035,4663767,207502786,931702,5569849035,4663767,207502786,931702,5652462937,5302842,119495381,732340,1669678904763]
11-29 07:41:45.079 0 0 I auditd : type=1400 audit(0.0:18570): avc: denied { kill } for comm="swapper/0" capability=5 scontext=u:r:kernel:s0 tcontext=u:r:kernel:s0 tclass=capability permissive=0
11-29 07:41:45.970 1491 1723 I netstats_mobile_sample: [0,0,0,0,0,0,0,0,0,0,0,0,1669678905970]
11-29 07:41:45.970 1491 1723 I netstats_wifi_sample: [5584064979,4674618,207581812,933190,5584064979,4674618,207581812,933190,5666676507,5313689,119568869,733816,1669678905970]
11-29 07:41:46.079 9 9 I auditd : type=1400 audit(0.0:18571): avc: denied { kill } for comm="ksoftirqd/0" capability=5 scontext=u:r:kernel:s0 tcontext=u:r:kernel:s0 tclass=capability permissive=0
11-29 07:41:46.783 1491 1491 I auditd : type=1400 audit(0.0:18572): avc: denied { getpgid } for comm="ActivityManager" scontext=u:r:system_server:s0 tcontext=u:r:app_zygote:s0:c512,c768 tclass=process permissive=0
11-29 07:41:46.787 1491 1491 I auditd : type=1400 audit(0.0:18573): avc: denied { getpgid } for comm="ActivityManager" scontext=u:r:system_server:s0 tcontext=u:r:app_zygote:s0:c512,c768 tclass=process permissive=0
11-29 07:41:46.791 1491 1491 I auditd : type=1400 audit(0.0:18574): avc: denied { getpgid } for comm="ActivityManager" scontext=u:r:system_server:s0 tcontext=u:r:app_zygote:s0:c512,c768 tclass=process permissive=0
11-29 07:41:46.791 1491 1491 I auditd : type=1400 audit(0.0:18575): avc: denied { getpgid } for comm="ActivityManager" scontext=u:r:system_server:s0 tcontext=u:r:app_zygote:s0:c512,c768 tclass=process permissive=0
11-29 07:41:47.336 1491 1723 I netstats_mobile_sample: [0,0,0,0,0,0,0,0,0,0,0,0,1669678907335]
11-29 07:41:47.337 1491 1723 I netstats_wifi_sample: [5596049731,4683937,207660000,934387,5596046919,4683935,207659960,934386,5678646134,5323038,119635431,734981,1669678907335]
11-29 07:41:48.079 0 0 I auditd : type=1400 audit(0.0:18587): avc: denied { kill } for comm="swapper/0" capability=5 scontext=u:r:kernel:s0 tcontext=u:r:kernel:s0 tclass=capability permissive=0
11-29 07:41:48.656 1491 1723 I netstats_mobile_sample: [0,0,0,0,0,0,0,0,0,0,0,0,1669678908655]
11-29 07:41:48.656 1491 1723 I netstats_wifi_sample: [5610403158,4694943,207747994,936039,5610403158,4694943,207747954,936038,5692975833,5334027,119718047,736625,1669678908655]
11-29 07:41:49.079 0 0 I auditd : type=1400 audit(0.0:18588): avc: denied { kill } for comm="swapper/0" capability=5 scontext=u:r:kernel:s0 tcontext=u:r:kernel:s0 tclass=capability permissive=0
11-29 07:41:49.813 1491 1723 I netstats_mobile_sample: [0,0,0,0,0,0,0,0,0,0,0,0,1669678909812]
11-29 07:41:49.813 1491 1723 I netstats_wifi_sample: [5622213517,4704044,207809291,937093,5622213517,4704044,207809291,937093,5704834966,5343161,119773886,737669,1669678909812]
11-29 07:41:50.079 0 0 I auditd : type=1400 audit(0.0:18589): avc: denied { kill } for comm="swapper/0" capability=5 scontext=u:r:kernel:s0 tcontext=u:r:kernel:s0 tclass=capability permissive=0
11-29 07:41:51.064 1491 1723 I netstats_mobile_sample: [0,0,0,0,0,0,0,0,0,0,0,0,1669678911064]
11-29 07:41:51.065 1491 1723 I netstats_wifi_sample: [5634839415,4713891,207880932,938141,5634839415,4713891,207880932,938141,5717386572,5352966,119831032,738677,1669678911064]
11-29 07:41:52.079 0 0 I auditd : type=1400 audit(0.0:18590): avc: denied { kill } for comm="swapper/0" capability=5 scontext=u:r:kernel:s0 tcontext=u:r:kernel:s0 tclass=capability permissive=0
11-29 07:41:52.302 1491 1723 I netstats_mobile_sample: [0,0,0,0,0,0,0,0,0,0,0,0,1669678912302]
11-29 07:41:52.302 1491 1723 I netstats_wifi_sample: [5644591095,4721573,207935370,939004,5644555538,4721542,207935370,939004,5727024120,5360571,119882057,739535,1669678912302]
11-29 07:41:53.613 1491 1723 I netstats_mobile_sample: [0,0,0,0,0,0,0,0,0,0,0,0,1669678913613]
11-29 07:41:53.614 1491 1723 I netstats_wifi_sample: [5657386030,4731397,208013149,940437,5657379148,4731391,208013149,940437,5740004707,5370548,119955282,740963,1669678913613]
11-29 07:41:54.776 1491 1723 I netstats_mobile_sample: [0,0,0,0,0,0,0,0,0,0,0,0,1669678914775]
11-29 07:41:54.776 1491 1723 I netstats_wifi_sample: [5669426992,4740665,208088935,941842,5669416515,4740657,208088855,941840,5751998250,5379775,120025250,742349,1669678914775]
11-29 07:41:56.079 0 0 I auditd : type=1400 audit(0.0:18591): avc: denied { kill } for comm="swapper/0" capability=5 scontext=u:r:kernel:s0 tcontext=u:r:kernel:s0 tclass=capability permissive=0
11-29 07:41:56.102 1491 1723 I netstats_mobile_sample: [0,0,0,0,0,0,0,0,0,0,0,0,1669678916102]
11-29 07:41:56.102 1491 1723 I netstats_wifi_sample: [5680166559,4749172,208182262,943443,5680165412,4749171,208182262,943443,5762783911,5388364,120107471,743931,1669678916102]
11-29 07:41:57.079 9 9 I auditd : type=1400 audit(0.0:18592): avc: denied { kill } for comm="ksoftirqd/0" capability=5 scontext=u:r:kernel:s0 tcontext=u:r:kernel:s0 tclass=capability permissive=0
11-29 07:41:57.445 1491 1723 I netstats_mobile_sample: [0,0,0,0,0,0,0,0,0,0,0,0,1669678917445]
11-29 07:41:57.445 1491 1723 I netstats_wifi_sample: [5691828929,4758428,208269762,945027,5691828929,4758428,208269762,945027,5774253174,5397471,120188585,745489,1669678917445]
11-29 07:41:58.079 353 353 I auditd : type=1400 audit(0.0:18593): avc: denied { kill } for comm="irq/382-atmel_m" capability=5 scontext=u:r:kernel:s0 tcontext=u:r:kernel:s0 tclass=capability permissive=0
11-29 07:41:58.693 1491 1723 I netstats_mobile_sample: [0,0,0,0,0,0,0,0,0,0,0,0,1669678918693]
11-29 07:41:58.694 1491 1723 I netstats_wifi_sample: [5699519307,4764527,208323135,945824,5699519307,4764527,208323135,945824,5782155806,5403728,120237268,746288,1669678918693]
11-29 07:41:59.079 0 0 I auditd : type=1400 audit(0.0:18594): avc: denied { kill } for comm="swapper/0" capability=5 scontext=u:r:kernel:s0 tcontext=u:r:kernel:s0 tclass=capability permissive=0
11-29 07:42:00.406 1491 1723 I netstats_mobile_sample: [0,0,0,0,0,0,0,0,0,0,0,0,1669678920406]
11-29 07:42:00.406 1491 1723 I netstats_wifi_sample: [5705077568,4769312,208363710,946131,5705076421,4769311,208363710,946131,5787677586,5408532,120266417,746568,1669678920406]
11-29 07:42:01.634 1491 1723 I netstats_mobile_sample: [0,0,0,0,0,0,0,0,0,0,0,0,1669678921634]
11-29 07:42:01.635 1491 1723 I netstats_wifi_sample: [5715236753,4777174,208406334,946690,5715140086,4777105,208406214,946687,5797726182,5416310,120303211,747109,1669678921634]
11-29 07:42:02.934 1491 1723 I netstats_mobile_sample: [0,0,0,0,0,0,0,0,0,0,0,0,1669678922934]
11-29 07:42:02.934 1491 1723 I netstats_wifi_sample: [5725267234,4785111,208449639,947240,5725267234,4785111,208449639,947240,5807858257,5424340,120340880,747650,1669678922934]
11-29 07:42:03.079 0 0 I auditd : type=1400 audit(0.0:18595): avc: denied { kill } for comm="swapper/2" capability=5 scontext=u:r:kernel:s0 tcontext=u:r:kernel:s0 tclass=capability permissive=0
11-29 07:42:04.344 1491 1723 I netstats_mobile_sample: [0,0,0,0,0,0,0,0,0,0,0,0,1669678924344]
11-29 07:42:04.345 1491 1723 I netstats_wifi_sample: [5740712117,4796862,208541201,948433,5740712117,4796862,208541201,948433,5823342738,5436136,120421378,748819,1669678924344]
11-29 07:42:05.079 0 0 I auditd : type=1400 audit(0.0:18596): avc: denied { kill } for comm="swapper/2" capability=5 scontext=u:r:kernel:s0 tcontext=u:r:kernel:s0 tclass=capability permissive=0
11-29 07:42:05.663 1491 1723 I netstats_mobile_sample: [0,0,0,0,0,0,0,0,0,0,0,0,1669678925663]
11-29 07:42:05.664 1491 1723 I netstats_wifi_sample: [5753437387,4806555,208637430,950185,5753428951,4806549,208637350,950183,5836028010,5445800,120511793,750552,1669678925663]
11-29 07:42:06.079 3345 3345 I auditd : type=1400 audit(0.0:18597): avc: denied { kill } for comm="dp_rx_thread_0" capability=5 scontext=u:r:kernel:s0 tcontext=u:r:kernel:s0 tclass=capability permissive=0
11-29 07:42:06.936 1491 1723 I netstats_mobile_sample: [0,0,0,0,0,0,0,0,0,0,0,0,1669678926936]
11-29 07:42:06.937 1491 1723 I netstats_wifi_sample: [5763878854,4814815,208721547,951671,5763878854,4814815,208721547,951671,5846507061,5454110,120590234,752028,1669678926936]
11-29 07:42:07.079 0 0 I auditd : type=1400 audit(0.0:18598): avc: denied { kill } for comm="swapper/3" capability=5 scontext=u:r:kernel:s0 tcontext=u:r:kernel:s0 tclass=capability permissive=0
11-29 07:42:08.079 0 0 I auditd : type=1400 audit(0.0:18599): avc: denied { kill } for comm="swapper/3" capability=5 scontext=u:r:kernel:s0 tcontext=u:r:kernel:s0 tclass=capability permissive=0
11-29 07:42:08.283 1491 1723 I service_manager_stats: [100,89,32395]
11-29 07:42:08.284 1491 1723 I netstats_mobile_sample: [0,0,0,0,0,0,0,0,0,0,0,0,1669678928284]
11-29 07:42:08.285 1491 1723 I netstats_wifi_sample: [5773462514,4822303,208802513,952929,5773462514,4822303,208802513,952929,5856122030,5461641,120660336,753267,1669678928284]
11-29 07:42:08.762 1491 1763 I storage_state: [41217664-9172-527a-b3d5-edabb50a7d69,0,0,109363245056,118610538496]
11-29 07:42:09.452 1491 1693 I input_interaction: Interaction with: 1b49df com.tencent.tmgp.pubgmhd/com.epicgames.ue4.GameActivity (server), edge-swipe (server), swipe-up (server), PointerEventDispatcher0 (server),
11-29 07:42:09.500 1491 1723 I netstats_mobile_sample: [0,0,0,0,0,0,0,0,0,0,0,0,1669678929499]
11-29 07:42:09.500 1491 1723 I netstats_wifi_sample: [5782715073,4829646,208863628,953856,5782715073,4829646,208863628,953856,5865374429,5468980,120715913,754182,1669678929499]
11-29 07:42:10.163 1491 8701 I wm_task_moved: [32,0,0]
11-29 07:42:10.166 29251 29251 I view_enqueue_input_event: [Motion - Cancel,com.tencent.tmgp.pubgmhd/com.epicgames.ue4.GameActivity]
11-29 07:42:10.169 1491 8701 I wm_task_moved: [32,0,8]
11-29 07:42:10.171 1491 1693 I input_interaction: Interaction with: edge-swipe (server), swipe-up (server), PointerEventDispatcher0 (server),
11-29 07:42:10.191 1491 1600 I input_focus: [Focus request recents_animation_input_consumer,reason=UpdateInputWindows]
11-29 07:42:10.199 9956 9956 I wm_on_restart_called: [254362067,com.android.launcher3.uioverrides.QuickstepLauncher,performRestartActivity]
11-29 07:42:10.205 16043 16059 W ContextImpl: Calling a method in the system process without a qualified user: android.app.ContextImpl.startService:1816 android.content.ContextWrapper.startService:774 com.thundercomm.gamemode.ingame.services.GameModeActionUtils.startGameModeService:93 com.thundercomm.gamemode.ingame.services.GameModeActionUtils.startGameModeEntry:21 com.thundercomm.gamemode.ingame.services.ActivityMonitoringService$1.onActivityLaunch:127
11-29 07:42:10.211 1491 1693 I input_focus: [Focus leaving 1b49df com.tencent.tmgp.pubgmhd/com.epicgames.ue4.GameActivity (server),reason=NOT_FOCUSABLE]
11-29 07:42:10.211 1491 1693 I input_focus: [Focus entering recents_animation_input_consumer (server),reason=setFocusedWindow]
11-29 07:42:10.223 1491 1491 I GameModeConfig: Current uri is uri = content://com.thundercomm.gamemode.api/gamemode_settings/gamemode_isgaming
11-29 07:42:10.224 1491 1491 I am_uid_active: 10063
11-29 07:42:10.230 9956 9956 I wm_on_start_called: [254362067,com.android.launcher3.uioverrides.QuickstepLauncher,handleStartActivity]
11-29 07:42:10.239 1491 1491 I GameModeConfig: isGameModeOn = false
11-29 07:42:10.240 1491 1491 I GameModeConfig: isGameModeOn = false
11-29 07:42:10.240 1491 1491 I GameModeConfig: isDisableVoice = true
11-29 07:42:10.248 9956 9956 I sysui_latency: [1,112]
11-29 07:42:10.263 1491 9316 W ActivityTaskManager: getTaskSnapshot: taskId=1217 not found
11-29 07:42:10.264 1491 9316 W ActivityTaskManager: getTaskSnapshot: taskId=2217 not found
11-29 07:42:10.270 1491 1596 I sysui_multi_action: [319,17,322,93,325,16108,757,761,758,9,759,5,806,com.android.launcher3,871,com.android.launcher3.uioverrides.QuickstepLauncher,905,0,1320,8,1321,5]
11-29 07:42:10.436 1491 1673 I commit_sys_config_file: [settings-1-0,6]
11-29 07:42:10.558 1491 1607 I sysui_latency: [8,115]
11-29 07:42:10.737 1491 8701 I wm_task_moved: [32,1,9]
11-29 07:42:10.737 1491 8701 I wm_task_moved: [41,1,2147483647]
11-29 07:42:10.737 1491 8701 I wm_task_to_front: [0,41]
11-29 07:42:10.737 1491 8701 I wm_focused_root_task: [0,0,32,223,RecentsAnimation.onAnimationFinished()]
11-29 07:42:10.737 29251 29251 I wm_on_top_resumed_lost_called: [35295098,com.epicgames.ue4.GameActivity,topStateChangedWhenResumed]
11-29 07:42:10.737 1491 8701 I wm_set_resumed_activity: [0,com.android.launcher3/.uioverrides.QuickstepLauncher,RecentsAnimation.onAnimationFinished()]
11-29 07:42:10.738 1491 8701 I wm_pause_activity: [0,35295098,com.tencent.tmgp.pubgmhd/com.epicgames.ue4.GameActivity,userLeaving=true,pauseBackTasks]
11-29 07:42:10.739 1491 8701 I wm_add_to_stopping: [0,35295098,com.tencent.tmgp.pubgmhd/com.epicgames.ue4.GameActivity,makeInvisible]
11-29 07:42:10.739 1491 8701 I ActivityTaskManager: FOREGROUND_APPLICATION_CHANGED to com.android.launcher3.uioverrides.QuickstepLauncher
11-29 07:42:10.740 1491 8701 I wm_set_resumed_activity: [0,com.android.launcher3/.uioverrides.QuickstepLauncher,resumeTopActivityInnerLocked]
11-29 07:42:10.741 1491 8701 I wm_resume_activity: [0,254362067,41,com.android.launcher3/.uioverrides.QuickstepLauncher]
11-29 07:42:10.742 9956 9956 I wm_on_resume_called: [254362067,com.android.launcher3.uioverrides.QuickstepLauncher,RESUME_ACTIVITY]
11-29 07:42:10.749 1491 1600 I input_focus: [Focus request cd0514f com.android.launcher3/com.android.launcher3.uioverrides.QuickstepLauncher,reason=UpdateInputWindows]
11-29 07:42:10.750 9956 9956 I wm_on_top_resumed_gained_called: [254362067,com.android.launcher3.uioverrides.QuickstepLauncher,topStateChangedWhenResumed]
11-29 07:42:10.756 1491 1599 I wm_stop_activity: [0,35295098,com.tencent.tmgp.pubgmhd/com.epicgames.ue4.GameActivity]
11-29 07:42:10.763 1491 1693 I input_focus: [Focus leaving recents_animation_input_consumer (server),reason=NOT_VISIBLE]
11-29 07:42:10.763 1491 1693 I input_focus: [Focus entering cd0514f com.android.launcher3/com.android.launcher3.uioverrides.QuickstepLauncher (server),reason=setFocusedWindow]
11-29 07:42:10.765 29251 29251 I wm_on_paused_called: [35295098,com.epicgames.ue4.GameActivity,performPause]
11-29 07:42:10.768 1491 1599 I sysui_multi_action: [757,803,799,window_time_0,802,89]
