--------- beginning of radio
11-29 03:13:51.256 1491 1491 D TelephonyRegistry: listen oscl: mHasNotifySubscriptionInfoChangedOccurred==false no callback
11-29 03:13:51.759 1491 1723 D TelephonyRegistry: listen oscl: mHasNotifySubscriptionInfoChangedOccurred==false no callback
11-29 03:13:51.780 1491 1491 D TelephonyRegistry: listen oscl: mHasNotifySubscriptionInfoChangedOccurred==false no callback
11-29 03:13:51.804 1491 1724 D TelephonyRegistry: listen oscl: mHasNotifySubscriptionInfoChangedOccurred==false no callback
11-29 03:13:51.828 1491 1491 D TelephonyRegistry: listen oscl: mHasNotifySubscriptionInfoChangedOccurred==false no callback
11-29 03:13:51.847 1491 1596 W CarrierConfigManager: Error getting config for subId -1 ICarrierConfigLoader is null
11-29 03:13:51.875 1491 1491 D TelephonyRegistry: systemRunning register for intents
11-29 03:13:52.034 1491 1607 D TelephonyRegistry: listen oscl: mHasNotifySubscriptionInfoChangedOccurred==false no callback
11-29 03:13:52.455 1491 2061 D TelephonyRegistry: listen oscl: mHasNotifySubscriptionInfoChangedOccurred==false no callback
11-29 03:13:52.528 1491 1491 D TelephonyRegistry: listen oscl: mHasNotifySubscriptionInfoChangedOccurred==false no callback
11-29 03:13:52.544 1491 1491 D TelephonyRegistry: notifyCellLocationForSubscriber: subId=2147483647 cellIdentity=null
11-29 03:13:52.731 1951 1951 W CarrierConfigManager: Error getting config for subId -1 ICarrierConfigLoader is null
11-29 03:13:52.737 1491 1700 D TelephonyRegistry: listen oscl: mHasNotifySubscriptionInfoChangedOccurred==false no callback
11-29 03:13:53.886 1491 1772 D TelephonyRegistry: listen oscl: mHasNotifySubscriptionInfoChangedOccurred==false no callback
11-29 03:13:54.136 1491 2106 D TelephonyRegistry: listen oscl: mHasNotifySubscriptionInfoChangedOccurred==false no callback
11-29 03:13:54.220 1491 2923 D TelephonyRegistry: listen oscl: mHasNotifySubscriptionInfoChangedOccurred==false no callback
11-29 03:13:57.221 3623 3623 D CAT : BootCompletedReceiver: [ACTION_BOOT_COMPLETED]
11-29 03:13:57.222 3623 3623 D CAT : StkAppService: onCreate()+
11-29 03:13:57.223 3623 3623 D CAT : StkAppService: simCount: 1
11-29 03:13:57.223 3623 3623 D CAT : StkAppService: slotId: 0
11-29 03:13:57.225 3623 3623 D CAT : StkAppService: onStart sim id: 0, op: 5, *****
11-29 03:13:57.225 3623 3623 D CAT : StkAppService: mStkService is: -1
11-29 03:13:57.228 3623 3623 D CAT : StkAppService: onDestroy()
11-29 03:14:57.631 2393 2393 W CarrierConfigManager: Error getting config for subId -1 ICarrierConfigLoader is null
11-29 03:14:57.676 1491 2059 D TelephonyRegistry: listen oscl: mHasNotifySubscriptionInfoChangedOccurred==false no callback
11-29 03:14:57.685 1491 2106 D TelephonyRegistry: listen oscl: mHasNotifySubscriptionInfoChangedOccurred==false no callback
11-29 03:15:44.368 1491 2059 D TelephonyRegistry: listen oscl: mHasNotifySubscriptionInfoChangedOccurred==false no callback
11-29 03:15:44.370 1951 1951 W CarrierConfigManager: Error getting config for subId -1 ICarrierConfigLoader is null
11-29 03:23:43.955 1491 1525 D TelephonyRegistry: listen oscl: mHasNotifySubscriptionInfoChangedOccurred==false no callback
11-29 03:23:43.956 1951 1951 W CarrierConfigManager: Error getting config for subId -1 ICarrierConfigLoader is null
11-29 03:25:38.929 2393 2393 W FeatureConnector: [ImsConnector, 0] connect: not supported.
11-29 03:26:08.749 1491 7658 D TelephonyRegistry: listen oscl: mHasNotifySubscriptionInfoChangedOccurred==false no callback
11-29 03:26:08.752 1491 7658 D TelephonyRegistry: listen oscl: mHasNotifySubscriptionInfoChangedOccurred==false no callback
11-29 03:26:44.127 1491 2061 D TelephonyRegistry: listen oscl: mHasNotifySubscriptionInfoChangedOccurred==false no callback
11-29 03:26:44.149 1491 2106 D TelephonyRegistry: listen oscl: mHasNotifySubscriptionInfoChangedOccurred==false no callback
11-29 03:28:54.245 1491 2058 D TelephonyRegistry: listen oscl: mHasNotifySubscriptionInfoChangedOccurred==false no callback
11-29 03:47:15.869 10037 10037 W CarrierConfigManager: Error getting config for subId -1 ICarrierConfigLoader is null
11-29 03:47:15.903 1491 9316 D TelephonyRegistry: listen oscl: mHasNotifySubscriptionInfoChangedOccurred==false no callback
11-29 03:47:15.907 1491 1772 D TelephonyRegistry: listen oscl: mHasNotifySubscriptionInfoChangedOccurred==false no callback
11-29 03:47:30.742 1491 2923 D TelephonyRegistry: listen oscl: mHasNotifySubscriptionInfoChangedOccurred==false no callback
11-29 03:47:30.752 1491 8701 D TelephonyRegistry: listen oscl: mHasNotifySubscriptionInfoChangedOccurred==false no callback
11-29 03:57:44.145 1491 2059 D TelephonyRegistry: listen oscl: mHasNotifySubscriptionInfoChangedOccurred==false no callback
11-29 03:57:44.147 1951 1951 W CarrierConfigManager: Error getting config for subId -1 ICarrierConfigLoader is null
11-29 03:57:48.756 11889 11889 W CarrierConfigManager: Error getting config for subId -1 ICarrierConfigLoader is null
11-29 03:57:48.811 1491 8854 D TelephonyRegistry: listen oscl: mHasNotifySubscriptionInfoChangedOccurred==false no callback
11-29 03:57:48.816 1491 2058 D TelephonyRegistry: listen oscl: mHasNotifySubscriptionInfoChangedOccurred==false no callback
11-29 03:57:50.745 1491 10067 D TelephonyRegistry: listen oscl: mHasNotifySubscriptionInfoChangedOccurred==false no callback
11-29 03:57:50.747 1951 1951 W CarrierConfigManager: Error getting config for subId -1 ICarrierConfigLoader is null
11-29 03:58:11.088 1491 7658 D TelephonyRegistry: listen oscl: mHasNotifySubscriptionInfoChangedOccurred==false no callback
11-29 03:58:11.091 1491 10067 D TelephonyRegistry: listen oscl: mHasNotifySubscriptionInfoChangedOccurred==false no callback
11-29 03:58:14.187 1491 8701 D TelephonyRegistry: listen oscl: mHasNotifySubscriptionInfoChangedOccurred==false no callback
11-29 03:58:14.188 1951 1951 W CarrierConfigManager: Error getting config for subId -1 ICarrierConfigLoader is null
11-29 03:58:28.106 1491 8701 D TelephonyRegistry: listen oscl: mHasNotifySubscriptionInfoChangedOccurred==false no callback
11-29 03:58:28.107 1951 1951 W CarrierConfigManager: Error getting config for subId -1 ICarrierConfigLoader is null
11-29 03:58:33.912 1491 9315 D TelephonyRegistry: listen oscl: mHasNotifySubscriptionInfoChangedOccurred==false no callback
11-29 03:58:33.913 1951 1951 W CarrierConfigManager: Error getting config for subId -1 ICarrierConfigLoader is null
11-29 03:58:40.667 12457 12457 W CarrierConfigManager: Error getting config for subId -1 ICarrierConfigLoader is null
11-29 03:58:40.705 1491 9682 D TelephonyRegistry: listen oscl: mHasNotifySubscriptionInfoChangedOccurred==false no callback
11-29 03:58:40.708 1491 9682 D TelephonyRegistry: listen oscl: mHasNotifySubscriptionInfoChangedOccurred==false no callback
11-29 04:00:35.506 1491 9682 D TelephonyRegistry: listen oscl: mHasNotifySubscriptionInfoChangedOccurred==false no callback
11-29 04:00:35.508 1491 9370 D TelephonyRegistry: listen oscl: mHasNotifySubscriptionInfoChangedOccurred==false no callback
11-29 04:01:43.595 1491 2058 D TelephonyRegistry: listen oscl: mHasNotifySubscriptionInfoChangedOccurred==false no callback
11-29 04:01:43.600 1491 9370 D TelephonyRegistry: listen oscl: mHasNotifySubscriptionInfoChangedOccurred==false no callback
11-29 04:01:47.472 1491 9682 D TelephonyRegistry: listen oscl: mHasNotifySubscriptionInfoChangedOccurred==false no callback
11-29 04:01:47.477 1491 9682 D TelephonyRegistry: listen oscl: mHasNotifySubscriptionInfoChangedOccurred==false no callback
11-29 04:01:59.905 1491 9682 D TelephonyRegistry: listen oscl: mHasNotifySubscriptionInfoChangedOccurred==false no callback
11-29 04:02:00.054 13988 13988 W CarrierConfigManager: Error getting config for subId -1 ICarrierConfigLoader is null
11-29 04:02:00.062 1491 8943 D TelephonyRegistry: listen oscl: mHasNotifySubscriptionInfoChangedOccurred==false no callback
11-29 04:03:19.573 1491 1525 D TelephonyRegistry: listen oscl: mHasNotifySubscriptionInfoChangedOccurred==false no callback
11-29 04:03:19.580 1491 9370 D TelephonyRegistry: listen oscl: mHasNotifySubscriptionInfoChangedOccurred==false no callback
11-29 06:21:07.996 1491 9682 D TelephonyRegistry: listen oscl: mHasNotifySubscriptionInfoChangedOccurred==false no callback
11-29 06:21:07.999 1491 9682 D TelephonyRegistry: listen oscl: mHasNotifySubscriptionInfoChangedOccurred==false no callback
11-29 06:31:38.022 1491 2060 D TelephonyRegistry: listen oscl: mHasNotifySubscriptionInfoChangedOccurred==false no callback
11-29 06:31:38.124 17369 17369 W CarrierConfigManager: Error getting config for subId -1 ICarrierConfigLoader is null
11-29 06:31:38.131 1491 9682 D TelephonyRegistry: listen oscl: mHasNotifySubscriptionInfoChangedOccurred==false no callback
11-29 06:31:49.812 1491 9316 D TelephonyRegistry: listen oscl: mHasNotifySubscriptionInfoChangedOccurred==false no callback
11-29 06:31:49.909 17555 17555 W CarrierConfigManager: Error getting config for subId -1 ICarrierConfigLoader is null
11-29 06:31:49.916 1491 9316 D TelephonyRegistry: listen oscl: mHasNotifySubscriptionInfoChangedOccurred==false no callback
11-29 06:40:19.956 1491 2106 D TelephonyRegistry: listen oscl: mHasNotifySubscriptionInfoChangedOccurred==false no callback
11-29 06:40:19.959 1491 9316 D TelephonyRegistry: listen oscl: mHasNotifySubscriptionInfoChangedOccurred==false no callback
11-29 06:40:26.793 17963 17963 W CarrierConfigManager: Error getting config for subId -1 ICarrierConfigLoader is null
11-29 06:40:26.827 1491 7158 D TelephonyRegistry: listen oscl: mHasNotifySubscriptionInfoChangedOccurred==false no callback
11-29 06:40:26.830 1491 7158 D TelephonyRegistry: listen oscl: mHasNotifySubscriptionInfoChangedOccurred==false no callback --------- beginning of crash
11-29 06:48:03.494 17555 17555 E AndroidRuntime: FATAL EXCEPTION: main
11-29 06:48:03.494 17555 17555 E AndroidRuntime: Process: com.android.systemui, PID: 17555
11-29 06:48:03.494 17555 17555 E AndroidRuntime: java.lang.ClassCastException: android.graphics.drawable.NinePatchDrawable cannot be cast to com.android.systemui.media.IlluminationDrawable
11-29 06:48:03.494 17555 17555 E AndroidRuntime: at com.android.systemui.media.MediaControlPanel$1.getCurrentTopCornerRadius(MediaControlPanel.java:535)
11-29 06:48:03.494 17555 17555 E AndroidRuntime: at com.android.systemui.animation.GhostedViewLaunchAnimatorController.createAnimatorState(GhostedViewLaunchAnimatorController.kt:113)
11-29 06:48:03.494 17555 17555 E AndroidRuntime: at com.android.systemui.statusbar.phone.StatusBarLaunchAnimatorController.createAnimatorState(Unknown Source:2)
11-29 06:48:03.494 17555 17555 E AndroidRuntime: at com.android.systemui.animation.ActivityLaunchAnimator$Runner.startAnimation(ActivityLaunchAnimator.kt:445)
11-29 06:48:03.494 17555 17555 E AndroidRuntime: at com.android.systemui.animation.ActivityLaunchAnimator$Runner.access$startAnimation(ActivityLaunchAnimator.kt:365)
11-29 06:48:03.494 17555 17555 E AndroidRuntime: at com.android.systemui.animation.ActivityLaunchAnimator$Runner$onAnimationStart$1.run(ActivityLaunchAnimator.kt:418)
11-29 06:48:03.494 17555 17555 E AndroidRuntime: at android.os.Handler.handleCallback(Handler.java:938)
11-29 06:48:03.494 17555 17555 E AndroidRuntime: at android.os.Handler.dispatchMessage(Handler.java:99)
11-29 06:48:03.494 17555 17555 E AndroidRuntime: at android.os.Looper.loopOnce(Looper.java:201)
11-29 06:48:03.494 17555 17555 E AndroidRuntime: at android.os.Looper.loop(Looper.java:288)
11-29 06:48:03.494 17555 17555 E AndroidRuntime: at android.app.ActivityThread.main(ActivityThread.java:7880)
11-29 06:48:03.494 17555 17555 E AndroidRuntime: at java.lang.reflect.Method.invoke(Native Method)
11-29 06:48:03.494 17555 17555 E AndroidRuntime: at com.android.internal.os.RuntimeInit$MethodAndArgsCaller.run(RuntimeInit.java:548)
11-29 06:48:03.494 17555 17555 E AndroidRuntime: at com.android.internal.os.ZygoteInit.main(ZygoteInit.java:1009)
11-29 06:48:03.849 1491 1524 D TelephonyRegistry: listen oscl: mHasNotifySubscriptionInfoChangedOccurred==false no callback
11-29 06:48:03.958 18834 18834 W CarrierConfigManager: Error getting config for subId -1 ICarrierConfigLoader is null
11-29 06:48:03.964 1491 9316 D TelephonyRegistry: listen oscl: mHasNotifySubscriptionInfoChangedOccurred==false no callback
11-29 06:57:26.534 18834 18834 E AndroidRuntime: FATAL EXCEPTION: main
11-29 06:57:26.534 18834 18834 E AndroidRuntime: Process: com.android.systemui, PID: 18834
11-29 06:57:26.534 18834 18834 E AndroidRuntime: java.lang.ClassCastException: android.graphics.drawable.NinePatchDrawable cannot be cast to com.android.systemui.media.IlluminationDrawable
11-29 06:57:26.534 18834 18834 E AndroidRuntime: at com.android.systemui.media.MediaControlPanel$1.getCurrentTopCornerRadius(MediaControlPanel.java:535)
11-29 06:57:26.534 18834 18834 E AndroidRuntime: at com.android.systemui.animation.GhostedViewLaunchAnimatorController.createAnimatorState(GhostedViewLaunchAnimatorController.kt:113)
11-29 06:57:26.534 18834 18834 E AndroidRuntime: at com.android.systemui.statusbar.phone.StatusBarLaunchAnimatorController.createAnimatorState(Unknown Source:2)
11-29 06:57:26.534 18834 18834 E AndroidRuntime: at com.android.systemui.animation.ActivityLaunchAnimator$Runner.startAnimation(ActivityLaunchAnimator.kt:445)
11-29 06:57:26.534 18834 18834 E AndroidRuntime: at com.android.systemui.animation.ActivityLaunchAnimator$Runner.access$startAnimation(ActivityLaunchAnimator.kt:365)
11-29 06:57:26.534 18834 18834 E AndroidRuntime: at com.android.systemui.animation.ActivityLaunchAnimator$Runner$onAnimationStart$1.run(ActivityLaunchAnimator.kt:418)
11-29 06:57:26.534 18834 18834 E AndroidRuntime: at android.os.Handler.handleCallback(Handler.java:938)
11-29 06:57:26.534 18834 18834 E AndroidRuntime: at android.os.Handler.dispatchMessage(Handler.java:99)
11-29 06:57:26.534 18834 18834 E AndroidRuntime: at android.os.Looper.loopOnce(Looper.java:201)
11-29 06:57:26.534 18834 18834 E AndroidRuntime: at android.os.Looper.loop(Looper.java:288)
11-29 06:57:26.534 18834 18834 E AndroidRuntime: at android.app.ActivityThread.main(ActivityThread.java:7880)
11-29 06:57:26.534 18834 18834 E AndroidRuntime: at java.lang.reflect.Method.invoke(Native Method)
11-29 06:57:26.534 18834 18834 E AndroidRuntime: at com.android.internal.os.RuntimeInit$MethodAndArgsCaller.run(RuntimeInit.java:548)
11-29 06:57:26.534 18834 18834 E AndroidRuntime: at com.android.internal.os.ZygoteInit.main(ZygoteInit.java:1009)
11-29 06:57:26.765 1491 2059 D TelephonyRegistry: listen oscl: mHasNotifySubscriptionInfoChangedOccurred==false no callback
11-29 06:57:26.866 19381 19381 W CarrierConfigManager: Error getting config for subId -1 ICarrierConfigLoader is null
11-29 06:57:26.871 1491 9480 D TelephonyRegistry: listen oscl: mHasNotifySubscriptionInfoChangedOccurred==false no callback
11-29 06:58:00.561 19381 19381 E AndroidRuntime: FATAL EXCEPTION: main
11-29 06:58:00.561 19381 19381 E AndroidRuntime: Process: com.android.systemui, PID: 19381
11-29 06:58:00.561 19381 19381 E AndroidRuntime: java.lang.ClassCastException: android.graphics.drawable.NinePatchDrawable cannot be cast to com.android.systemui.media.IlluminationDrawable
11-29 06:58:00.561 19381 19381 E AndroidRuntime: at com.android.systemui.media.MediaControlPanel$1.getCurrentTopCornerRadius(MediaControlPanel.java:535)
11-29 06:58:00.561 19381 19381 E AndroidRuntime: at com.android.systemui.animation.GhostedViewLaunchAnimatorController.createAnimatorState(GhostedViewLaunchAnimatorController.kt:113)
11-29 06:58:00.561 19381 19381 E AndroidRuntime: at com.android.systemui.statusbar.phone.StatusBarLaunchAnimatorController.createAnimatorState(Unknown Source:2)
11-29 06:58:00.561 19381 19381 E AndroidRuntime: at com.android.systemui.animation.ActivityLaunchAnimator$Runner.startAnimation(ActivityLaunchAnimator.kt:445)
11-29 06:58:00.561 19381 19381 E AndroidRuntime: at com.android.systemui.animation.ActivityLaunchAnimator$Runner.access$startAnimation(ActivityLaunchAnimator.kt:365)
11-29 06:58:00.561 19381 19381 E AndroidRuntime: at com.android.systemui.animation.ActivityLaunchAnimator$Runner$onAnimationStart$1.run(ActivityLaunchAnimator.kt:418)
11-29 06:58:00.561 19381 19381 E AndroidRuntime: at android.os.Handler.handleCallback(Handler.java:938)
11-29 06:58:00.561 19381 19381 E AndroidRuntime: at android.os.Handler.dispatchMessage(Handler.java:99)
11-29 06:58:00.561 19381 19381 E AndroidRuntime: at android.os.Looper.loopOnce(Looper.java:201)
11-29 06:58:00.561 19381 19381 E AndroidRuntime: at android.os.Looper.loop(Looper.java:288)
11-29 06:58:00.561 19381 19381 E AndroidRuntime: at android.app.ActivityThread.main(ActivityThread.java:7880)
11-29 06:58:00.561 19381 19381 E AndroidRuntime: at java.lang.reflect.Method.invoke(Native Method)
11-29 06:58:00.561 19381 19381 E AndroidRuntime: at com.android.internal.os.RuntimeInit$MethodAndArgsCaller.run(RuntimeInit.java:548)
11-29 06:58:00.561 19381 19381 E AndroidRuntime: at com.android.internal.os.ZygoteInit.main(ZygoteInit.java:1009)
11-29 06:58:10.110 1491 7158 D TelephonyRegistry: listen oscl: mHasNotifySubscriptionInfoChangedOccurred==false no callback
11-29 06:58:10.229 19842 19842 W CarrierConfigManager: Error getting config for subId -1 ICarrierConfigLoader is null
11-29 06:58:10.234 1491 11109 D TelephonyRegistry: listen oscl: mHasNotifySubscriptionInfoChangedOccurred==false no callback
11-29 06:58:10.488 1491 9950 D TelephonyRegistry: listen oscl: mHasNotifySubscriptionInfoChangedOccurred==false no callback
11-29 07:02:31.331 20125 20125 W CarrierConfigManager: Error getting config for subId -1 ICarrierConfigLoader is null
11-29 07:02:31.363 1491 2059 D TelephonyRegistry: listen oscl: mHasNotifySubscriptionInfoChangedOccurred==false no callback
11-29 07:02:31.368 1491 9315 D TelephonyRegistry: listen oscl: mHasNotifySubscriptionInfoChangedOccurred==false no callback
11-29 07:02:33.683 20125 20125 W CarrierConfigManager: Error getting config for subId -1 ICarrierConfigLoader is null
11-29 07:02:33.725 1491 7658 D TelephonyRegistry: listen oscl: mHasNotifySubscriptionInfoChangedOccurred==false no callback
11-29 07:02:33.727 1491 7658 D TelephonyRegistry: listen oscl: mHasNotifySubscriptionInfoChangedOccurred==false no callback
11-29 07:21:27.686 21963 23323 W CarrierConfigManager: Error getting config for subId -1 ICarrierConfigLoader is null
11-29 07:21:27.687 21963 23323 W CarrierConfigManager: Error getting config for subId -1 ICarrierConfigLoader is null
11-29 07:21:27.687 21963 23323 W CarrierConfigManager: Error getting config for subId -1 ICarrierConfigLoader is null
11-29 07:21:27.688 21963 23323 W CarrierConfigManager: Error getting config for subId -1 ICarrierConfigLoader is null
11-29 07:21:27.688 21963 23323 W CarrierConfigManager: Error getting config for subId -1 ICarrierConfigLoader is null
11-29 07:21:27.689 21963 23323 W CarrierConfigManager: Error getting config for subId -1 ICarrierConfigLoader is null
11-29 07:21:27.690 21963 23323 W CarrierConfigManager: Error getting config for subId -1 ICarrierConfigLoader is null
11-29 07:21:27.690 21963 23323 W CarrierConfigManager: Error getting config for subId -1 ICarrierConfigLoader is null
11-29 07:21:27.691 21963 23323 W CarrierConfigManager: Error getting config for subId -1 ICarrierConfigLoader is null
11-29 07:21:27.691 21963 23323 W CarrierConfigManager: Error getting config for subId -1 ICarrierConfigLoader is null
11-29 07:22:34.041 21963 21963 W CarrierConfigManager: Error getting config for subId -1 ICarrierConfigLoader is null
11-29 07:22:34.100 1491 7158 D TelephonyRegistry: listen oscl: mHasNotifySubscriptionInfoChangedOccurred==false no callback
11-29 07:22:34.104 1491 8592 D TelephonyRegistry: listen oscl: mHasNotifySubscriptionInfoChangedOccurred==false no callback
11-29 07:23:00.222 19842 19842 E AndroidRuntime: FATAL EXCEPTION: main
11-29 07:23:00.222 19842 19842 E AndroidRuntime: Process: com.android.systemui, PID: 19842
11-29 07:23:00.222 19842 19842 E AndroidRuntime: java.lang.ClassCastException: android.graphics.drawable.NinePatchDrawable cannot be cast to com.android.systemui.media.IlluminationDrawable
11-29 07:23:00.222 19842 19842 E AndroidRuntime: at com.android.systemui.media.MediaControlPanel$1.getCurrentTopCornerRadius(MediaControlPanel.java:535)
11-29 07:23:00.222 19842 19842 E AndroidRuntime: at com.android.systemui.animation.GhostedViewLaunchAnimatorController.createAnimatorState(GhostedViewLaunchAnimatorController.kt:113)
11-29 07:23:00.222 19842 19842 E AndroidRuntime: at com.android.systemui.statusbar.phone.StatusBarLaunchAnimatorController.createAnimatorState(Unknown Source:2)
11-29 07:23:00.222 19842 19842 E AndroidRuntime: at com.android.systemui.animation.ActivityLaunchAnimator$Runner.startAnimation(ActivityLaunchAnimator.kt:445)
11-29 07:23:00.222 19842 19842 E AndroidRuntime: at com.android.systemui.animation.ActivityLaunchAnimator$Runner.access$startAnimation(ActivityLaunchAnimator.kt:365)
11-29 07:23:00.222 19842 19842 E AndroidRuntime: at com.android.systemui.animation.ActivityLaunchAnimator$Runner$onAnimationStart$1.run(ActivityLaunchAnimator.kt:418)
11-29 07:23:00.222 19842 19842 E AndroidRuntime: at android.os.Handler.handleCallback(Handler.java:938)
11-29 07:23:00.222 19842 19842 E AndroidRuntime: at android.os.Handler.dispatchMessage(Handler.java:99)
11-29 07:23:00.222 19842 19842 E AndroidRuntime: at android.os.Looper.loopOnce(Looper.java:201)
11-29 07:23:00.222 19842 19842 E AndroidRuntime: at android.os.Looper.loop(Looper.java:288)
11-29 07:23:00.222 19842 19842 E AndroidRuntime: at android.app.ActivityThread.main(ActivityThread.java:7880)
11-29 07:23:00.222 19842 19842 E AndroidRuntime: at java.lang.reflect.Method.invoke(Native Method)
11-29 07:23:00.222 19842 19842 E AndroidRuntime: at com.android.internal.os.RuntimeInit$MethodAndArgsCaller.run(RuntimeInit.java:548)
11-29 07:23:00.222 19842 19842 E AndroidRuntime: at com.android.internal.os.ZygoteInit.main(ZygoteInit.java:1009)
11-29 07:23:00.477 1491 7658 D TelephonyRegistry: listen oscl: mHasNotifySubscriptionInfoChangedOccurred==false no callback
11-29 07:23:00.565 26176 26176 W CarrierConfigManager: Error getting config for subId -1 ICarrierConfigLoader is null
11-29 07:23:00.570 1491 5277 D TelephonyRegistry: listen oscl: mHasNotifySubscriptionInfoChangedOccurred==false no callback
11-29 07:23:06.265 26176 26176 E AndroidRuntime: FATAL EXCEPTION: main
11-29 07:23:06.265 26176 26176 E AndroidRuntime: Process: com.android.systemui, PID: 26176
11-29 07:23:06.265 26176 26176 E AndroidRuntime: java.lang.ClassCastException: android.graphics.drawable.NinePatchDrawable cannot be cast to com.android.systemui.media.IlluminationDrawable
11-29 07:23:06.265 26176 26176 E AndroidRuntime: at com.android.systemui.media.MediaControlPanel$1.getCurrentTopCornerRadius(MediaControlPanel.java:535)
11-29 07:23:06.265 26176 26176 E AndroidRuntime: at com.android.systemui.animation.GhostedViewLaunchAnimatorController.createAnimatorState(GhostedViewLaunchAnimatorController.kt:113)
11-29 07:23:06.265 26176 26176 E AndroidRuntime: at com.android.systemui.statusbar.phone.StatusBarLaunchAnimatorController.createAnimatorState(Unknown Source:2)
11-29 07:23:06.265 26176 26176 E AndroidRuntime: at com.android.systemui.animation.ActivityLaunchAnimator$Runner.startAnimation(ActivityLaunchAnimator.kt:445)
11-29 07:23:06.265 26176 26176 E AndroidRuntime: at com.android.systemui.animation.ActivityLaunchAnimator$Runner.access$startAnimation(ActivityLaunchAnimator.kt:365)
11-29 07:23:06.265 26176 26176 E AndroidRuntime: at com.android.systemui.animation.ActivityLaunchAnimator$Runner$onAnimationStart$1.run(ActivityLaunchAnimator.kt:418)
11-29 07:23:06.265 26176 26176 E AndroidRuntime: at android.os.Handler.handleCallback(Handler.java:938)
11-29 07:23:06.265 26176 26176 E AndroidRuntime: at android.os.Handler.dispatchMessage(Handler.java:99)
11-29 07:23:06.265 26176 26176 E AndroidRuntime: at android.os.Looper.loopOnce(Looper.java:201)
11-29 07:23:06.265 26176 26176 E AndroidRuntime: at android.os.Looper.loop(Looper.java:288)
11-29 07:23:06.265 26176 26176 E AndroidRuntime: at android.app.ActivityThread.main(ActivityThread.java:7880)
11-29 07:23:06.265 26176 26176 E AndroidRuntime: at java.lang.reflect.Method.invoke(Native Method)
11-29 07:23:06.265 26176 26176 E AndroidRuntime: at com.android.internal.os.RuntimeInit$MethodAndArgsCaller.run(RuntimeInit.java:548)
11-29 07:23:06.265 26176 26176 E AndroidRuntime: at com.android.internal.os.ZygoteInit.main(ZygoteInit.java:1009)
11-29 07:23:48.695 1491 9682 D TelephonyRegistry: listen oscl: mHasNotifySubscriptionInfoChangedOccurred==false no callback
11-29 07:23:48.793 26419 26419 W CarrierConfigManager: Error getting config for subId -1 ICarrierConfigLoader is null
11-29 07:23:48.797 1491 2923 D TelephonyRegistry: listen oscl: mHasNotifySubscriptionInfoChangedOccurred==false no callback
11-29 07:25:59.704 26419 26419 E AndroidRuntime: FATAL EXCEPTION: main
11-29 07:25:59.704 26419 26419 E AndroidRuntime: Process: com.android.systemui, PID: 26419
11-29 07:25:59.704 26419 26419 E AndroidRuntime: java.lang.ClassCastException: android.graphics.drawable.NinePatchDrawable cannot be cast to com.android.systemui.media.IlluminationDrawable
11-29 07:25:59.704 26419 26419 E AndroidRuntime: at com.android.systemui.media.MediaControlPanel$1.getCurrentTopCornerRadius(MediaControlPanel.java:535)
11-29 07:25:59.704 26419 26419 E AndroidRuntime: at com.android.systemui.animation.GhostedViewLaunchAnimatorController.createAnimatorState(GhostedViewLaunchAnimatorController.kt:113)
11-29 07:25:59.704 26419 26419 E AndroidRuntime: at com.android.systemui.statusbar.phone.StatusBarLaunchAnimatorController.createAnimatorState(Unknown Source:2)
11-29 07:25:59.704 26419 26419 E AndroidRuntime: at com.android.systemui.animation.ActivityLaunchAnimator$Runner.startAnimation(ActivityLaunchAnimator.kt:445)
11-29 07:25:59.704 26419 26419 E AndroidRuntime: at com.android.systemui.animation.ActivityLaunchAnimator$Runner.access$startAnimation(ActivityLaunchAnimator.kt:365)
11-29 07:25:59.704 26419 26419 E AndroidRuntime: at com.android.systemui.animation.ActivityLaunchAnimator$Runner$onAnimationStart$1.run(ActivityLaunchAnimator.kt:418)
11-29 07:25:59.704 26419 26419 E AndroidRuntime: at android.os.Handler.handleCallback(Handler.java:938)
11-29 07:25:59.704 26419 26419 E AndroidRuntime: at android.os.Handler.dispatchMessage(Handler.java:99)
11-29 07:25:59.704 26419 26419 E AndroidRuntime: at android.os.Looper.loopOnce(Looper.java:201)
11-29 07:25:59.704 26419 26419 E AndroidRuntime: at android.os.Looper.loop(Looper.java:288)
11-29 07:25:59.704 26419 26419 E AndroidRuntime: at android.app.ActivityThread.main(ActivityThread.java:7880)
11-29 07:25:59.704 26419 26419 E AndroidRuntime: at java.lang.reflect.Method.invoke(Native Method)
11-29 07:25:59.704 26419 26419 E AndroidRuntime: at com.android.internal.os.RuntimeInit$MethodAndArgsCaller.run(RuntimeInit.java:548)
11-29 07:25:59.704 26419 26419 E AndroidRuntime: at com.android.internal.os.ZygoteInit.main(ZygoteInit.java:1009)
11-29 07:26:00.028 1491 8701 D TelephonyRegistry: listen oscl: mHasNotifySubscriptionInfoChangedOccurred==false no callback
11-29 07:26:00.132 26859 26859 W CarrierConfigManager: Error getting config for subId -1 ICarrierConfigLoader is null
11-29 07:26:00.139 1491 2061 D TelephonyRegistry: listen oscl: mHasNotifySubscriptionInfoChangedOccurred==false no callback
11-29 07:26:09.250 22342 22342 F libc : Fatal signal 6 (SIGABRT), code -1 (SI_QUEUE) in tid 22342 (daemon2_v2.1.4), pid 22342 (daemon2_v2.1.4)
11-29 07:26:09.299 27142 27142 F DEBUG : *** *** *** *** *** *** *** *** *** *** *** *** *** *** *** ***
11-29 07:26:09.299 27142 27142 F DEBUG : Build fingerprint: 'TC/figure_CN/figure:12/SKQ1.220201.001/1056:user/test-keys'
11-29 07:26:09.299 27142 27142 F DEBUG : Revision: '0'
11-29 07:26:09.299 27142 27142 F DEBUG : ABI: 'arm'
11-29 07:26:09.299 27142 27142 F DEBUG : Timestamp: 2022-11-29 07:26:09.283790318+0800
11-29 07:26:09.299 27142 27142 F DEBUG : Process uptime: 0s
11-29 07:26:09.299 27142 27142 F DEBUG : Cmdline: app_d 304 388 150 151 37 27 0 /data/user/0/com.tencent.android.qqdownloader/app_indicators/indicator_p1 /data/user/0/com.tencent.android.qqdownloader/app_indicators/indicator_d1 /data/user/0/com.tencent.android.qqdownloader/app_indicators/observer_p1 /data/user/0/com.tencent.android.qqdownloader/app_indicators/observer_d1 /data/user/0/com.tencent.android.qqdownloader/app_indicators/indicator_p1_pid /data/user/0/com.tencent.android.qqdownloader/app_proc/process_live_indicator_v2.1.4_
11-29 07:26:09.299 27142 27142 F DEBUG : pid: 22342, tid: 22342, name: daemon2_v2.1.4 >>> app_d <<<
11-29 07:26:09.299 27142 27142 F DEBUG : uid: 10097
11-29 07:26:09.299 27142 27142 F DEBUG : signal 6 (SIGABRT), code -1 (SI_QUEUE), fault addr --------
11-29 07:26:09.299 27142 27142 F DEBUG : Abort message: 'Scudo ERROR: corrupted chunk header at address 0xea280a90
11-29 07:26:09.299 27142 27142 F DEBUG : '
11-29 07:26:09.300 27142 27142 F DEBUG : r0 00000000 r1 00005746 r2 00000006 r3 ffdc9cc0
11-29 07:26:09.300 27142 27142 F DEBUG : r4 ffdc9cd4 r5 ffdc9cb8 r6 00005746 r7 0000016b
11-29 07:26:09.300 27142 27142 F DEBUG : r8 ffdc9cc0 r9 ffdc9cd0 r10 ffdc9cf0 r11 ffdc9ce0
11-29 07:26:09.300 27142 27142 F DEBUG : ip 00005746 sp ffdc9c90 lr ea485e55 pc ea485e68
11-29 07:26:09.300 27142 27142 F DEBUG : backtrace:
11-29 07:26:09.300 27142 27142 F DEBUG : NOTE: Function names and BuildId information is missing for some frames due
11-29 07:26:09.300 27142 27142 F DEBUG : NOTE: to unreadable libraries. For unwinds of apps, only shared libraries
11-29 07:26:09.300 27142 27142 F DEBUG : NOTE: found under the lib/ directory are readable.
11-29 07:26:09.300 27142 27142 F DEBUG : NOTE: On this device, run setenforce 0 to make the libraries readable.
11-29 07:26:09.300 27142 27142 F DEBUG : #00 pc 00038e68 /apex/com.android.runtime/lib/bionic/libc.so (abort+172) (BuildId: cc194ef76ee932851b23cc2e4f46d55f)
11-29 07:26:09.300 27142 27142 F DEBUG : #01 pc 0002d027 /apex/com.android.runtime/lib/bionic/libc.so (scudo::die()+2) (BuildId: cc194ef76ee932851b23cc2e4f46d55f)
11-29 07:26:09.300 27142 27142 F DEBUG : #02 pc 0002d421 /apex/com.android.runtime/lib/bionic/libc.so (scudo::ScopedErrorReport::~ScopedErrorReport()+16) (BuildId: cc194ef76ee932851b23cc2e4f46d55f)
11-29 07:26:09.300 27142 27142 F DEBUG : #03 pc 0002d4a3 /apex/com.android.runtime/lib/bionic/libc.so (scudo::reportHeaderCorruption(void*)+34) (BuildId: cc194ef76ee932851b23cc2e4f46d55f)
11-29 07:26:09.300 27142 27142 F DEBUG : #04 pc 00030bad /apex/com.android.runtime/lib/bionic/libc.so (scudo::Chunk::loadHeader(unsigned int, void const*, scudo::Chunk::UnpackedHeader*)+204) (BuildId: cc194ef76ee932851b23cc2e4f46d55f)
11-29 07:26:09.300 27142 27142 F DEBUG : #05 pc 0002e219 /apex/com.android.runtime/lib/bionic/libc.so (scudo::Allocator::deallocate(void*, scudo::Chunk::Origin, unsigned long, unsigned long)+48) (BuildId: cc194ef76ee932851b23cc2e4f46d55f)
11-29 07:26:09.300 27142 27142 F DEBUG : #06 pc 0002e1db /apex/com.android.runtime/lib/bionic/libc.so (scudo_free+18) (BuildId: cc194ef76ee932851b23cc2e4f46d55f)
11-29 07:26:09.300 27142 27142 F DEBUG : #07 pc 00001985 /data/user/0/com.tencent.android.qqdownloader/app_bin/daemon2_v2.1.4
11-29 07:26:09.300 27142 27142 F DEBUG : #08 pc 0000a795 /system/lib/libutils.so (android::RefBase::decStrong(void const*) const+68) (BuildId: 09cd54a3487f009ed36a69a0b05bd664)
11-29 07:26:09.300 27142 27142 F DEBUG : #09 pc 00001539 /data/user/0/com.tencent.android.qqdownloader/app_bin/daemon2_v2.1.4
11-29 07:26:09.300 27142 27142 F DEBUG : #10 pc 00083763 /apex/com.android.runtime/lib/bionic/libc.so (__cxa_finalize+190) (BuildId: cc194ef76ee932851b23cc2e4f46d55f)
11-29 07:26:09.300 27142 27142 F DEBUG : #11 pc 00078b5b /apex/com.android.runtime/lib/bionic/libc.so (exit+10) (BuildId: cc194ef76ee932851b23cc2e4f46d55f)
11-29 07:26:09.300 27142 27142 F DEBUG : #12 pc 000012d7 /data/user/0/com.tencent.android.qqdownloader/app_bin/daemon2_v2.1.4
11-29 07:26:09.300 27142 27142 F DEBUG : #13 pc 000014eb /data/user/0/com.tencent.android.qqdownloader/app_bin/daemon2_v2.1.4
11-29 07:26:09.300 27142 27142 F DEBUG : #14 pc 0003248b /apex/com.android.runtime/lib/bionic/libc.so (__libc_init+54) (BuildId: cc194ef76ee932851b23cc2e4f46d55f)
11-29 07:26:17.302 26859 26859 E AndroidRuntime: FATAL EXCEPTION: main
11-29 07:26:17.302 26859 26859 E AndroidRuntime: Process: com.android.systemui, PID: 26859
11-29 07:26:17.302 26859 26859 E AndroidRuntime: java.lang.ClassCastException: android.graphics.drawable.NinePatchDrawable cannot be cast to com.android.systemui.media.IlluminationDrawable
11-29 07:26:17.302 26859 26859 E AndroidRuntime: at com.android.systemui.media.MediaControlPanel$1.getCurrentTopCornerRadius(MediaControlPanel.java:535)
11-29 07:26:17.302 26859 26859 E AndroidRuntime: at com.android.systemui.animation.GhostedViewLaunchAnimatorController.createAnimatorState(GhostedViewLaunchAnimatorController.kt:113)
11-29 07:26:17.302 26859 26859 E AndroidRuntime: at com.android.systemui.statusbar.phone.StatusBarLaunchAnimatorController.createAnimatorState(Unknown Source:2)
11-29 07:26:17.302 26859 26859 E AndroidRuntime: at com.android.systemui.animation.ActivityLaunchAnimator$Runner.startAnimation(ActivityLaunchAnimator.kt:445)
11-29 07:26:17.302 26859 26859 E AndroidRuntime: at com.android.systemui.animation.ActivityLaunchAnimator$Runner.access$startAnimation(ActivityLaunchAnimator.kt:365)
11-29 07:26:17.302 26859 26859 E AndroidRuntime: at com.android.systemui.animation.ActivityLaunchAnimator$Runner$onAnimationStart$1.run(ActivityLaunchAnimator.kt:418)
11-29 07:26:17.302 26859 26859 E AndroidRuntime: at android.os.Handler.handleCallback(Handler.java:938)
11-29 07:26:17.302 26859 26859 E AndroidRuntime: at android.os.Handler.dispatchMessage(Handler.java:99)
11-29 07:26:17.302 26859 26859 E AndroidRuntime: at android.os.Looper.loopOnce(Looper.java:201)
11-29 07:26:17.302 26859 26859 E AndroidRuntime: at android.os.Looper.loop(Looper.java:288)
11-29 07:26:17.302 26859 26859 E AndroidRuntime: at android.app.ActivityThread.main(ActivityThread.java:7880)
11-29 07:26:17.302 26859 26859 E AndroidRuntime: at java.lang.reflect.Method.invoke(Native Method)
11-29 07:26:17.302 26859 26859 E AndroidRuntime: at com.android.internal.os.RuntimeInit$MethodAndArgsCaller.run(RuntimeInit.java:548)
11-29 07:26:17.302 26859 26859 E AndroidRuntime: at com.android.internal.os.ZygoteInit.main(ZygoteInit.java:1009)
11-29 07:26:19.696 1491 8592 D TelephonyRegistry: listen oscl: mHasNotifySubscriptionInfoChangedOccurred==false no callback
11-29 07:26:19.794 27752 27752 W CarrierConfigManager: Error getting config for subId -1 ICarrierConfigLoader is null
11-29 07:26:19.800 1491 7072 D TelephonyRegistry: listen oscl: mHasNotifySubscriptionInfoChangedOccurred==false no callback
11-29 07:26:30.571 27752 27752 E AndroidRuntime: FATAL EXCEPTION: main
11-29 07:26:30.571 27752 27752 E AndroidRuntime: Process: com.android.systemui, PID: 27752
11-29 07:26:30.571 27752 27752 E AndroidRuntime: java.lang.ClassCastException: android.graphics.drawable.NinePatchDrawable cannot be cast to com.android.systemui.media.IlluminationDrawable
11-29 07:26:30.571 27752 27752 E AndroidRuntime: at com.android.systemui.media.MediaControlPanel$1.getCurrentTopCornerRadius(MediaControlPanel.java:535)
11-29 07:26:30.571 27752 27752 E AndroidRuntime: at com.android.systemui.animation.GhostedViewLaunchAnimatorController.createAnimatorState(GhostedViewLaunchAnimatorController.kt:113)
11-29 07:26:30.571 27752 27752 E AndroidRuntime: at com.android.systemui.statusbar.phone.StatusBarLaunchAnimatorController.createAnimatorState(Unknown Source:2)
11-29 07:26:30.571 27752 27752 E AndroidRuntime: at com.android.systemui.animation.ActivityLaunchAnimator$Runner.startAnimation(ActivityLaunchAnimator.kt:445)
11-29 07:26:30.571 27752 27752 E AndroidRuntime: at com.android.systemui.animation.ActivityLaunchAnimator$Runner.access$startAnimation(ActivityLaunchAnimator.kt:365)
11-29 07:26:30.571 27752 27752 E AndroidRuntime: at com.android.systemui.animation.ActivityLaunchAnimator$Runner$onAnimationStart$1.run(ActivityLaunchAnimator.kt:418)
11-29 07:26:30.571 27752 27752 E AndroidRuntime: at android.os.Handler.handleCallback(Handler.java:938)
11-29 07:26:30.571 27752 27752 E AndroidRuntime: at android.os.Handler.dispatchMessage(Handler.java:99)
11-29 07:26:30.571 27752 27752 E AndroidRuntime: at android.os.Looper.loopOnce(Looper.java:201)
11-29 07:26:30.571 27752 27752 E AndroidRuntime: at android.os.Looper.loop(Looper.java:288)
11-29 07:26:30.571 27752 27752 E AndroidRuntime: at android.app.ActivityThread.main(ActivityThread.java:7880)
11-29 07:26:30.571 27752 27752 E AndroidRuntime: at java.lang.reflect.Method.invoke(Native Method)
11-29 07:26:30.571 27752 27752 E AndroidRuntime: at com.android.internal.os.RuntimeInit$MethodAndArgsCaller.run(RuntimeInit.java:548)
11-29 07:26:30.571 27752 27752 E AndroidRuntime: at com.android.internal.os.ZygoteInit.main(ZygoteInit.java:1009)
11-29 07:26:30.797 1491 9370 D TelephonyRegistry: listen oscl: mHasNotifySubscriptionInfoChangedOccurred==false no callback
11-29 07:26:30.897 27926 27926 W CarrierConfigManager: Error getting config for subId -1 ICarrierConfigLoader is null
11-29 07:26:30.901 1491 8854 D TelephonyRegistry: listen oscl: mHasNotifySubscriptionInfoChangedOccurred==false no callback --------- beginning of system
11-29 07:33:48.326 1491 1618 E KernelCpuSpeedReader: Failed to read cpu-freq: /sys/devices/system/cpu/cpu4/cpufreq/stats/time_in_state: open failed: ENOENT (No such file or directory)
11-29 07:33:48.326 1491 1618 E KernelCpuSpeedReader: Failed to read cpu-freq: /sys/devices/system/cpu/cpu0/cpufreq/stats/time_in_state: open failed: ENOENT (No such file or directory)
11-29 07:33:48.327 1491 1618 D KernelCpuUidUserSysTimeReader: Removing uids 99000-99000
11-29 07:33:48.328 1491 1618 D KernelCpuUidUserSysTimeReader: Removing uids 90000-90000
11-29 07:33:48.515 1491 1491 I GameModeConfig: isGameModeOn = false
11-29 07:33:48.520 1491 1491 W NotificationHistory: Attempted to add notif for locked/gone/disabled user 0
11-29 07:33:48.927 1491 1491 W WindowManager: removeWindowToken: Attempted to remove non-existing token: android.os.Binder@850af64
11-29 07:33:52.178 1491 1607 I UsageStatsService: User[0] Flushing usage stats to disk
11-29 07:34:10.217 1491 1626 V DisplayPowerController[0]: Brightness [0.05] reason changing to: 'manual [ dim ]', previous reason: 'manual'.
11-29 07:34:10.218 1491 1626 W PowerManagerService: Screen on took 68256 ms
11-29 07:34:10.223 1491 1874 E DisplayDeviceConfig: requesting nits when no mapping exists.
11-29 07:34:10.224 1491 1874 E DisplayDeviceConfig: requesting nits when no mapping exists.
11-29 07:34:10.228 1491 1608 I DropBoxManagerService: add tag=system_server_wtf isTagEnabled=true flags=0x2
11-29 07:34:10.237 1491 1608 I DropBoxManagerService: add tag=system_server_wtf isTagEnabled=true flags=0x2
11-29 07:34:10.242 1491 1874 E DisplayDeviceConfig: requesting nits when no mapping exists.
11-29 07:34:10.242 1491 1874 E DisplayDeviceConfig: requesting nits when no mapping exists.
11-29 07:34:10.254 1491 1608 I DropBoxManagerService: add tag=system_server_wtf isTagEnabled=true flags=0x2
11-29 07:34:10.256 1491 1874 E DisplayDeviceConfig: requesting nits when no mapping exists.
11-29 07:34:10.256 1491 1874 E DisplayDeviceConfig: requesting nits when no mapping exists.
11-29 07:34:10.257 1491 1608 I DropBoxManagerService: add tag=system_server_wtf isTagEnabled=true flags=0x2
11-29 07:34:10.259 1491 1608 I DropBoxManagerService: add tag=system_server_wtf isTagEnabled=true flags=0x2
11-29 07:34:10.271 1491 1874 E DisplayDeviceConfig: requesting nits when no mapping exists.
11-29 07:34:10.271 1491 1874 E DisplayDeviceConfig: requesting nits when no mapping exists.
11-29 07:34:10.287 1491 1874 E DisplayDeviceConfig: requesting nits when no mapping exists.
11-29 07:34:10.288 1491 1874 E DisplayDeviceConfig: requesting nits when no mapping exists.
11-29 07:34:10.304 1491 1874 E DisplayDeviceConfig: requesting nits when no mapping exists.
11-29 07:34:10.305 1491 1874 E DisplayDeviceConfig: requesting nits when no mapping exists.
11-29 07:34:10.321 1491 1874 E DisplayDeviceConfig: requesting nits when no mapping exists.
11-29 07:34:10.322 1491 1874 E DisplayDeviceConfig: requesting nits when no mapping exists.
11-29 07:34:10.342 1491 1874 E DisplayDeviceConfig: requesting nits when no mapping exists.
11-29 07:34:10.342 1491 1874 E DisplayDeviceConfig: requesting nits when no mapping exists.
11-29 07:34:10.355 1491 1874 E DisplayDeviceConfig: requesting nits when no mapping exists.
11-29 07:34:10.356 1491 1874 E DisplayDeviceConfig: requesting nits when no mapping exists.
11-29 07:34:10.374 1491 1874 E DisplayDeviceConfig: requesting nits when no mapping exists.
11-29 07:34:10.376 1491 1874 E DisplayDeviceConfig: requesting nits when no mapping exists.
11-29 07:34:10.388 1491 1874 E DisplayDeviceConfig: requesting nits when no mapping exists.
11-29 07:34:10.389 1491 1874 E DisplayDeviceConfig: requesting nits when no mapping exists.
11-29 07:34:10.404 1491 1874 E DisplayDeviceConfig: requesting nits when no mapping exists.
11-29 07:34:10.405 1491 1874 E DisplayDeviceConfig: requesting nits when no mapping exists.
11-29 07:34:10.422 1491 1874 E DisplayDeviceConfig: requesting nits when no mapping exists.
11-29 07:34:10.423 1491 1874 E DisplayDeviceConfig: requesting nits when no mapping exists.
11-29 07:34:10.438 1491 1874 E DisplayDeviceConfig: requesting nits when no mapping exists.
11-29 07:34:10.439 1491 1874 E DisplayDeviceConfig: requesting nits when no mapping exists.
11-29 07:34:10.455 1491 1874 E DisplayDeviceConfig: requesting nits when no mapping exists.
11-29 07:34:10.456 1491 1874 E DisplayDeviceConfig: requesting nits when no mapping exists.
11-29 07:34:10.473 1491 1874 E DisplayDeviceConfig: requesting nits when no mapping exists.
11-29 07:34:10.474 1491 1874 E DisplayDeviceConfig: requesting nits when no mapping exists.
11-29 07:34:10.489 1491 1874 E DisplayDeviceConfig: requesting nits when no mapping exists.
11-29 07:34:10.490 1491 1874 E DisplayDeviceConfig: requesting nits when no mapping exists.
11-29 07:34:10.505 1491 1874 E DisplayDeviceConfig: requesting nits when no mapping exists.
11-29 07:34:10.505 1491 1874 E DisplayDeviceConfig: requesting nits when no mapping exists.
11-29 07:34:10.522 1491 1874 E DisplayDeviceConfig: requesting nits when no mapping exists.
11-29 07:34:10.522 1491 1874 E DisplayDeviceConfig: requesting nits when no mapping exists.
11-29 07:34:10.539 1491 1874 E DisplayDeviceConfig: requesting nits when no mapping exists.
11-29 07:34:10.539 1491 1874 E DisplayDeviceConfig: requesting nits when no mapping exists.
11-29 07:34:10.555 1491 1874 E DisplayDeviceConfig: requesting nits when no mapping exists.
11-29 07:34:10.555 1491 1874 E DisplayDeviceConfig: requesting nits when no mapping exists.
11-29 07:34:10.571 1491 1874 E DisplayDeviceConfig: requesting nits when no mapping exists.
11-29 07:34:10.573 1491 1874 E DisplayDeviceConfig: requesting nits when no mapping exists.
11-29 07:34:10.589 1491 1874 E DisplayDeviceConfig: requesting nits when no mapping exists.
11-29 07:34:10.589 1491 1874 E DisplayDeviceConfig: requesting nits when no mapping exists.
11-29 07:34:10.605 1491 1874 E DisplayDeviceConfig: requesting nits when no mapping exists.
11-29 07:34:10.606 1491 1874 E DisplayDeviceConfig: requesting nits when no mapping exists.
11-29 07:34:10.623 1491 1874 E DisplayDeviceConfig: requesting nits when no mapping exists.
11-29 07:34:10.623 1491 1874 E DisplayDeviceConfig: requesting nits when no mapping exists.
11-29 07:34:10.639 1491 1874 E DisplayDeviceConfig: requesting nits when no mapping exists.
11-29 07:34:10.640 1491 1874 E DisplayDeviceConfig: requesting nits when no mapping exists.
11-29 07:34:10.657 1491 1874 E DisplayDeviceConfig: requesting nits when no mapping exists.
11-29 07:34:10.658 1491 1874 E DisplayDeviceConfig: requesting nits when no mapping exists.
11-29 07:34:10.672 1491 1874 E DisplayDeviceConfig: requesting nits when no mapping exists.
11-29 07:34:10.673 1491 1874 E DisplayDeviceConfig: requesting nits when no mapping exists.
11-29 07:34:10.688 1491 1874 E DisplayDeviceConfig: requesting nits when no mapping exists.
11-29 07:34:10.689 1491 1874 E DisplayDeviceConfig: requesting nits when no mapping exists.
11-29 07:34:10.706 1491 1874 E DisplayDeviceConfig: requesting nits when no mapping exists.
11-29 07:34:10.707 1491 1874 E DisplayDeviceConfig: requesting nits when no mapping exists.
11-29 07:34:10.722 1491 1874 E DisplayDeviceConfig: requesting nits when no mapping exists.
11-29 07:34:10.723 1491 1874 E DisplayDeviceConfig: requesting nits when no mapping exists.
11-29 07:34:10.739 1491 1874 E DisplayDeviceConfig: requesting nits when no mapping exists.
11-29 07:34:10.740 1491 1874 E DisplayDeviceConfig: requesting nits when no mapping exists.
11-29 07:34:10.755 1491 1874 E DisplayDeviceConfig: requesting nits when no mapping exists.
11-29 07:34:10.756 1491 1874 E DisplayDeviceConfig: requesting nits when no mapping exists.
11-29 07:34:10.772 1491 1874 E DisplayDeviceConfig: requesting nits when no mapping exists.
11-29 07:34:10.773 1491 1874 E DisplayDeviceConfig: requesting nits when no mapping exists.
11-29 07:34:10.789 1491 1874 E DisplayDeviceConfig: requesting nits when no mapping exists.
11-29 07:34:10.790 1491 1874 E DisplayDeviceConfig: requesting nits when no mapping exists.
11-29 07:34:10.806 1491 1874 E DisplayDeviceConfig: requesting nits when no mapping exists.
11-29 07:34:10.806 1491 1874 E DisplayDeviceConfig: requesting nits when no mapping exists.
11-29 07:34:10.822 1491 1874 E DisplayDeviceConfig: requesting nits when no mapping exists.
11-29 07:34:10.823 1491 1874 E DisplayDeviceConfig: requesting nits when no mapping exists.
11-29 07:34:10.839 1491 1874 E DisplayDeviceConfig: requesting nits when no mapping exists.
11-29 07:34:10.840 1491 1874 E DisplayDeviceConfig: requesting nits when no mapping exists.
11-29 07:34:10.857 1491 1874 E DisplayDeviceConfig: requesting nits when no mapping exists.
11-29 07:34:10.858 1491 1874 E DisplayDeviceConfig: requesting nits when no mapping exists.
11-29 07:34:10.873 1491 1874 E DisplayDeviceConfig: requesting nits when no mapping exists.
11-29 07:34:10.874 1491 1874 E DisplayDeviceConfig: requesting nits when no mapping exists.
11-29 07:34:10.889 1491 1874 E DisplayDeviceConfig: requesting nits when no mapping exists.
11-29 07:34:10.890 1491 1874 E DisplayDeviceConfig: requesting nits when no mapping exists.
11-29 07:34:10.907 1491 1874 E DisplayDeviceConfig: requesting nits when no mapping exists.
11-29 07:34:10.908 1491 1874 E DisplayDeviceConfig: requesting nits when no mapping exists.
11-29 07:34:10.922 1491 1874 E DisplayDeviceConfig: requesting nits when no mapping exists.
11-29 07:34:10.923 1491 1874 E DisplayDeviceConfig: requesting nits when no mapping exists.
11-29 07:34:10.939 1491 1874 E DisplayDeviceConfig: requesting nits when no mapping exists.
11-29 07:34:10.940 1491 1874 E DisplayDeviceConfig: requesting nits when no mapping exists.
11-29 07:34:10.957 1491 1874 E DisplayDeviceConfig: requesting nits when no mapping exists.
11-29 07:34:10.958 1491 1874 E DisplayDeviceConfig: requesting nits when no mapping exists.
11-29 07:34:10.973 1491 1874 E DisplayDeviceConfig: requesting nits when no mapping exists.
11-29 07:34:10.974 1491 1874 E DisplayDeviceConfig: requesting nits when no mapping exists.
11-29 07:34:10.989 1491 1874 E DisplayDeviceConfig: requesting nits when no mapping exists.
11-29 07:34:10.990 1491 1874 E DisplayDeviceConfig: requesting nits when no mapping exists.
11-29 07:34:11.006 1491 1874 E DisplayDeviceConfig: requesting nits when no mapping exists.
11-29 07:34:11.007 1491 1874 E DisplayDeviceConfig: requesting nits when no mapping exists.
11-29 07:34:11.023 1491 1874 E DisplayDeviceConfig: requesting nits when no mapping exists.
11-29 07:34:11.024 1491 1874 E DisplayDeviceConfig: requesting nits when no mapping exists.
11-29 07:34:11.040 1491 1874 E DisplayDeviceConfig: requesting nits when no mapping exists.
11-29 07:34:11.040 1491 1874 E DisplayDeviceConfig: requesting nits when no mapping exists.
11-29 07:34:11.057 1491 1874 E DisplayDeviceConfig: requesting nits when no mapping exists.
11-29 07:34:11.058 1491 1874 E DisplayDeviceConfig: requesting nits when no mapping exists.
11-29 07:34:11.075 1491 1874 E DisplayDeviceConfig: requesting nits when no mapping exists.
11-29 07:34:11.075 1491 1874 E DisplayDeviceConfig: requesting nits when no mapping exists.
11-29 07:34:11.090 1491 1874 E DisplayDeviceConfig: requesting nits when no mapping exists.
11-29 07:34:11.091 1491 1874 E DisplayDeviceConfig: requesting nits when no mapping exists.
11-29 07:34:11.107 1491 1874 E DisplayDeviceConfig: requesting nits when no mapping exists.
11-29 07:34:11.108 1491 1874 E DisplayDeviceConfig: requesting nits when no mapping exists.
11-29 07:34:11.123 1491 1874 E DisplayDeviceConfig: requesting nits when no mapping exists.
11-29 07:34:11.125 1491 1874 E DisplayDeviceConfig: requesting nits when no mapping exists.
11-29 07:34:11.140 1491 1874 E DisplayDeviceConfig: requesting nits when no mapping exists.
11-29 07:34:11.142 1491 1874 E DisplayDeviceConfig: requesting nits when no mapping exists.
11-29 07:34:11.156 1491 1874 E DisplayDeviceConfig: requesting nits when no mapping exists.
11-29 07:34:11.157 1491 1874 E DisplayDeviceConfig: requesting nits when no mapping exists.
11-29 07:34:11.173 1491 1874 E DisplayDeviceConfig: requesting nits when no mapping exists.
11-29 07:34:11.173 1491 1874 E DisplayDeviceConfig: requesting nits when no mapping exists.
