11-29 07:38:07.530 1491 1618 D KernelCpuUidUserSysTimeReader: Removing uids 90000-90000
11-29 07:38:09.889 1491 1760 I GameModeConfig: isGameModeOn = false
11-29 07:38:10.395 1491 1693 I WindowManager: ANR in NotificationShade. Reason:447dd35 NotificationShade (server) is not responding. Waited 5005ms for FocusEvent(hasFocus=false)
11-29 07:38:10.455 1491 1693 D CompatibilityChangeReporter: Compat change id reported: 174042980; UID 10099; state: DISABLED
11-29 07:38:10.457 1491 1693 D CompatibilityChangeReporter: Compat change id reported: 184838306; UID 10099; state: DISABLED
11-29 07:38:10.457 1491 1693 D CompatibilityChangeReporter: Compat change id reported: 185004937; UID 10099; state: DISABLED
11-29 07:38:10.461 1491 1693 D CompatibilityChangeReporter: Compat change id reported: 184838306; UID 1000; state: DISABLED
11-29 07:38:10.462 1491 1693 D CompatibilityChangeReporter: Compat change id reported: 185004937; UID 1000; state: DISABLED
11-29 07:38:10.514 1491 30728 I ActivityManager: Crashing app skipping ANR: com.android.server.am.ProcessErrorStateRecord@c47e0e Input dispatching timed out (447dd35 NotificationShade (server) is not responding. Waited 5005ms for FocusEvent(hasFocus=false))
11-29 07:38:10.514 1491 30728 D ActivityManager: Completed ANR of com.android.systemui in 45ms, latency 1ms
11-29 07:38:10.837 1491 1760 I GameModeConfig: isGameModeOn = false
11-29 07:38:11.651 1491 1760 I GameModeConfig: isGameModeOn = false
11-29 07:38:11.671 1491 1760 I GameModeConfig: isGameModeOn = false
11-29 07:38:11.696 1491 1760 I GameModeConfig: isGameModeOn = false
11-29 07:38:11.711 1491 1760 I GameModeConfig: isGameModeOn = false
11-29 07:38:11.728 1491 1760 I GameModeConfig: isGameModeOn = false
11-29 07:38:11.744 1491 1760 I GameModeConfig: isGameModeOn = false
11-29 07:38:11.770 1491 1760 I GameModeConfig: isGameModeOn = false
11-29 07:38:11.805 1491 1760 I GameModeConfig: isGameModeOn = false
11-29 07:38:11.806 1491 1760 I GameModeConfig: isGameModeOn = false
11-29 07:38:11.811 1491 1760 I GameModeConfig: isGameModeOn = false
11-29 07:38:11.828 1491 1760 I GameModeConfig: isGameModeOn = false
11-29 07:38:11.846 1491 1760 I GameModeConfig: isGameModeOn = false
11-29 07:38:11.861 1491 1760 I GameModeConfig: isGameModeOn = false
11-29 07:38:11.866 1491 1760 I GameModeConfig: isGameModeOn = false
11-29 07:38:11.870 1491 1760 I GameModeConfig: isGameModeOn = false
11-29 07:38:11.879 1491 1760 I GameModeConfig: isGameModeOn = false
11-29 07:38:11.899 1491 1760 I GameModeConfig: isGameModeOn = false
11-29 07:38:11.903 1491 1760 I GameModeConfig: isGameModeOn = false
11-29 07:38:11.913 1491 1760 I GameModeConfig: isGameModeOn = false
11-29 07:38:11.915 1491 1760 I GameModeConfig: isGameModeOn = false
11-29 07:38:11.928 1491 1760 I GameModeConfig: isGameModeOn = false
11-29 07:38:11.931 1491 1760 I GameModeConfig: isGameModeOn = false
11-29 07:38:11.947 1491 1760 I GameModeConfig: isGameModeOn = false
11-29 07:38:11.950 1491 1760 I GameModeConfig: isGameModeOn = false
11-29 07:38:11.962 1491 1760 I GameModeConfig: isGameModeOn = false
11-29 07:38:11.969 1491 1760 I GameModeConfig: isGameModeOn = false
11-29 07:38:11.981 1491 1760 I GameModeConfig: isGameModeOn = false
11-29 07:38:11.984 1491 1760 I GameModeConfig: isGameModeOn = false
11-29 07:38:11.995 1491 1760 I GameModeConfig: isGameModeOn = false
11-29 07:38:12.004 1491 1760 I GameModeConfig: isGameModeOn = false
11-29 07:38:12.014 1491 1760 I GameModeConfig: isGameModeOn = false
11-29 07:38:12.034 1491 1760 I GameModeConfig: isGameModeOn = false
11-29 07:38:12.047 1491 1760 I GameModeConfig: isGameModeOn = false
11-29 07:38:12.068 1491 1760 I GameModeConfig: isGameModeOn = false
11-29 07:38:12.087 1491 1760 I GameModeConfig: isGameModeOn = false
11-29 07:38:12.096 1491 1760 I GameModeConfig: isGameModeOn = false
11-29 07:38:12.118 1491 1760 I GameModeConfig: isGameModeOn = false
11-29 07:38:12.137 1491 1760 I GameModeConfig: isGameModeOn = false
11-29 07:38:12.152 1491 1760 I GameModeConfig: isGameModeOn = false
11-29 07:38:12.167 1491 1760 I GameModeConfig: isGameModeOn = false
11-29 07:38:12.188 1491 1760 I GameModeConfig: isGameModeOn = false
11-29 07:38:12.218 1491 1760 I GameModeConfig: isGameModeOn = false
11-29 07:38:13.930 1491 1760 I GameModeConfig: isGameModeOn = false
11-29 07:38:13.960 1491 1760 I GameModeConfig: isGameModeOn = false
11-29 07:38:13.979 1491 1760 I GameModeConfig: isGameModeOn = false
11-29 07:38:13.994 1491 1760 I GameModeConfig: isGameModeOn = false
11-29 07:38:14.143 1491 1760 I GameModeConfig: isGameModeOn = false
11-29 07:38:14.164 1491 1760 I GameModeConfig: isGameModeOn = false
11-29 07:38:14.182 1491 1760 I GameModeConfig: isGameModeOn = false
11-29 07:38:14.198 1491 1760 I GameModeConfig: isGameModeOn = false
11-29 07:38:15.309 1491 1760 I GameModeConfig: isGameModeOn = false
11-29 07:38:15.364 16043 16059 W ContextImpl: Calling a method in the system process without a qualified user: android.app.ContextImpl.startService:1816 android.content.ContextWrapper.startService:774 com.thundercomm.gamemode.ingame.services.GameModeActionUtils.startGameModeService:93 com.thundercomm.gamemode.ingame.services.GameModeActionUtils.startGameModeEntry:21 com.thundercomm.gamemode.ingame.services.ActivityMonitoringService$1.onActivityLaunch:127
11-29 07:38:15.372 1491 1491 I GameModeConfig: Current uri is uri = content://com.thundercomm.gamemode.api/gamemode_settings/gamemode_isgaming
11-29 07:38:15.378 1491 1491 I GameModeConfig: isGameModeOn = false
11-29 07:38:15.378 1491 1491 I GameModeConfig: isGameModeOn = false
11-29 07:38:15.378 1491 1491 I GameModeConfig: isDisableVoice = true
11-29 07:38:19.134 1491 2770 W ProcessStats: Tracking association SourceState{9b244a com.tencent.tmgp.pubgmhd:xg_vip_service/10099 BTopFgs #10027} whose proc state 2 is better than process ProcessState{2592fbb com.tencent.tmgp.pubgmhd/10099 pkg=com.tencent.tmgp.pubgmhd} proc state 3 (10 skipped)
11-29 07:38:40.708 1491 1491 I GameModeConfig: isGameModeOn = false
11-29 07:38:58.138 1491 1626 V DisplayPowerController[0]: Brightness [0.05] reason changing to: 'manual [ dim ]', previous reason: 'manual'.
11-29 07:38:58.147 1491 1874 E DisplayDeviceConfig: requesting nits when no mapping exists.
11-29 07:38:58.148 1491 1874 E DisplayDeviceConfig: requesting nits when no mapping exists.
11-29 07:38:58.149 1491 1608 I DropBoxManagerService: add tag=system_server_wtf isTagEnabled=true flags=0x2
11-29 07:38:58.155 1491 1608 I DropBoxManagerService: add tag=system_server_wtf isTagEnabled=true flags=0x2
11-29 07:38:58.162 1491 1874 E DisplayDeviceConfig: requesting nits when no mapping exists.
11-29 07:38:58.163 1491 1874 E DisplayDeviceConfig: requesting nits when no mapping exists.
11-29 07:38:58.164 1491 1608 I DropBoxManagerService: add tag=system_server_wtf isTagEnabled=true flags=0x2
11-29 07:38:58.165 1491 1608 I DropBoxManagerService: add tag=system_server_wtf isTagEnabled=true flags=0x2
11-29 07:38:58.179 1491 1874 E DisplayDeviceConfig: requesting nits when no mapping exists.
11-29 07:38:58.180 1491 1874 E DisplayDeviceConfig: requesting nits when no mapping exists.
11-29 07:38:58.181 1491 1608 I DropBoxManagerService: add tag=system_server_wtf isTagEnabled=true flags=0x2
11-29 07:38:58.196 1491 1874 E DisplayDeviceConfig: requesting nits when no mapping exists.
11-29 07:38:58.196 1491 1874 E DisplayDeviceConfig: requesting nits when no mapping exists.
11-29 07:38:58.213 1491 1874 E DisplayDeviceConfig: requesting nits when no mapping exists.
11-29 07:38:58.214 1491 1874 E DisplayDeviceConfig: requesting nits when no mapping exists.
11-29 07:38:58.229 1491 1874 E DisplayDeviceConfig: requesting nits when no mapping exists.
11-29 07:38:58.230 1491 1874 E DisplayDeviceConfig: requesting nits when no mapping exists.
11-29 07:38:58.247 1491 1874 E DisplayDeviceConfig: requesting nits when no mapping exists.
11-29 07:38:58.248 1491 1874 E DisplayDeviceConfig: requesting nits when no mapping exists.
11-29 07:38:58.263 1491 1874 E DisplayDeviceConfig: requesting nits when no mapping exists.
11-29 07:38:58.264 1491 1874 E DisplayDeviceConfig: requesting nits when no mapping exists.
11-29 07:38:58.279 1491 1874 E DisplayDeviceConfig: requesting nits when no mapping exists.
11-29 07:38:58.280 1491 1874 E DisplayDeviceConfig: requesting nits when no mapping exists.
11-29 07:38:58.296 1491 1874 E DisplayDeviceConfig: requesting nits when no mapping exists.
11-29 07:38:58.296 1491 1874 E DisplayDeviceConfig: requesting nits when no mapping exists.
11-29 07:38:58.313 1491 1874 E DisplayDeviceConfig: requesting nits when no mapping exists.
11-29 07:38:58.314 1491 1874 E DisplayDeviceConfig: requesting nits when no mapping exists.
11-29 07:38:58.331 1491 1874 E DisplayDeviceConfig: requesting nits when no mapping exists.
11-29 07:38:58.332 1491 1874 E DisplayDeviceConfig: requesting nits when no mapping exists.
11-29 07:38:58.346 1491 1874 E DisplayDeviceConfig: requesting nits when no mapping exists.
11-29 07:38:58.347 1491 1874 E DisplayDeviceConfig: requesting nits when no mapping exists.
11-29 07:38:58.363 1491 1874 E DisplayDeviceConfig: requesting nits when no mapping exists.
11-29 07:38:58.363 1491 1874 E DisplayDeviceConfig: requesting nits when no mapping exists.
11-29 07:38:58.379 1491 1874 E DisplayDeviceConfig: requesting nits when no mapping exists.
11-29 07:38:58.380 1491 1874 E DisplayDeviceConfig: requesting nits when no mapping exists.
11-29 07:38:58.396 1491 1874 E DisplayDeviceConfig: requesting nits when no mapping exists.
11-29 07:38:58.397 1491 1874 E DisplayDeviceConfig: requesting nits when no mapping exists.
11-29 07:38:58.413 1491 1874 E DisplayDeviceConfig: requesting nits when no mapping exists.
11-29 07:38:58.414 1491 1874 E DisplayDeviceConfig: requesting nits when no mapping exists.
11-29 07:38:58.430 1491 1874 E DisplayDeviceConfig: requesting nits when no mapping exists.
11-29 07:38:58.430 1491 1874 E DisplayDeviceConfig: requesting nits when no mapping exists.
11-29 07:38:58.447 1491 1874 E DisplayDeviceConfig: requesting nits when no mapping exists.
11-29 07:38:58.447 1491 1874 E DisplayDeviceConfig: requesting nits when no mapping exists.
11-29 07:38:58.464 1491 1874 E DisplayDeviceConfig: requesting nits when no mapping exists.
11-29 07:38:58.473 1491 1874 E DisplayDeviceConfig: requesting nits when no mapping exists.
11-29 07:38:58.480 1491 1874 E DisplayDeviceConfig: requesting nits when no mapping exists.
11-29 07:38:58.480 1491 1874 E DisplayDeviceConfig: requesting nits when no mapping exists.
11-29 07:38:58.498 1491 1874 E DisplayDeviceConfig: requesting nits when no mapping exists.
11-29 07:38:58.498 1491 1874 E DisplayDeviceConfig: requesting nits when no mapping exists.
11-29 07:38:58.514 1491 1874 E DisplayDeviceConfig: requesting nits when no mapping exists.
11-29 07:38:58.514 1491 1874 E DisplayDeviceConfig: requesting nits when no mapping exists.
11-29 07:38:58.530 1491 1874 E DisplayDeviceConfig: requesting nits when no mapping exists.
11-29 07:38:58.531 1491 1874 E DisplayDeviceConfig: requesting nits when no mapping exists.
11-29 07:38:58.547 1491 1874 E DisplayDeviceConfig: requesting nits when no mapping exists.
11-29 07:38:58.549 1491 1874 E DisplayDeviceConfig: requesting nits when no mapping exists.
11-29 07:38:58.563 1491 1874 E DisplayDeviceConfig: requesting nits when no mapping exists.
11-29 07:38:58.564 1491 1874 E DisplayDeviceConfig: requesting nits when no mapping exists.
11-29 07:38:58.580 1491 1874 E DisplayDeviceConfig: requesting nits when no mapping exists.
11-29 07:38:58.581 1491 1874 E DisplayDeviceConfig: requesting nits when no mapping exists.
11-29 07:38:58.597 1491 1874 E DisplayDeviceConfig: requesting nits when no mapping exists.
11-29 07:38:58.597 1491 1874 E DisplayDeviceConfig: requesting nits when no mapping exists.
11-29 07:38:58.616 1491 1874 E DisplayDeviceConfig: requesting nits when no mapping exists.
11-29 07:38:58.616 1491 1874 E DisplayDeviceConfig: requesting nits when no mapping exists.
11-29 07:38:58.630 1491 1874 E DisplayDeviceConfig: requesting nits when no mapping exists.
11-29 07:38:58.631 1491 1874 E DisplayDeviceConfig: requesting nits when no mapping exists.
11-29 07:38:58.647 1491 1874 E DisplayDeviceConfig: requesting nits when no mapping exists.
11-29 07:38:58.647 1491 1874 E DisplayDeviceConfig: requesting nits when no mapping exists.
11-29 07:38:58.664 1491 1874 E DisplayDeviceConfig: requesting nits when no mapping exists.
11-29 07:38:58.664 1491 1874 E DisplayDeviceConfig: requesting nits when no mapping exists.
11-29 07:38:58.680 1491 1874 E DisplayDeviceConfig: requesting nits when no mapping exists.
11-29 07:38:58.681 1491 1874 E DisplayDeviceConfig: requesting nits when no mapping exists.
11-29 07:38:58.698 1491 1874 E DisplayDeviceConfig: requesting nits when no mapping exists.
11-29 07:38:58.698 1491 1874 E DisplayDeviceConfig: requesting nits when no mapping exists.
11-29 07:38:58.714 1491 1874 E DisplayDeviceConfig: requesting nits when no mapping exists.
11-29 07:38:58.718 1491 1874 E DisplayDeviceConfig: requesting nits when no mapping exists.
11-29 07:38:58.731 1491 1874 E DisplayDeviceConfig: requesting nits when no mapping exists.
11-29 07:38:58.731 1491 1874 E DisplayDeviceConfig: requesting nits when no mapping exists.
11-29 07:38:58.747 1491 1874 E DisplayDeviceConfig: requesting nits when no mapping exists.
11-29 07:38:58.748 1491 1874 E DisplayDeviceConfig: requesting nits when no mapping exists.
11-29 07:38:58.764 1491 1874 E DisplayDeviceConfig: requesting nits when no mapping exists.
11-29 07:38:58.764 1491 1874 E DisplayDeviceConfig: requesting nits when no mapping exists.
11-29 07:38:58.781 1491 1874 E DisplayDeviceConfig: requesting nits when no mapping exists.
11-29 07:38:58.784 1491 1874 E DisplayDeviceConfig: requesting nits when no mapping exists.
11-29 07:38:58.798 1491 1874 E DisplayDeviceConfig: requesting nits when no mapping exists.
11-29 07:38:58.798 1491 1874 E DisplayDeviceConfig: requesting nits when no mapping exists.
11-29 07:38:58.814 1491 1874 E DisplayDeviceConfig: requesting nits when no mapping exists.
11-29 07:38:58.814 1491 1874 E DisplayDeviceConfig: requesting nits when no mapping exists.
11-29 07:38:58.831 1491 1874 E DisplayDeviceConfig: requesting nits when no mapping exists.
11-29 07:38:58.831 1491 1874 E DisplayDeviceConfig: requesting nits when no mapping exists.
11-29 07:38:58.854 1491 1874 E DisplayDeviceConfig: requesting nits when no mapping exists.
11-29 07:38:58.855 1491 1874 E DisplayDeviceConfig: requesting nits when no mapping exists.
11-29 07:38:58.865 1491 1874 E DisplayDeviceConfig: requesting nits when no mapping exists.
11-29 07:38:58.865 1491 1874 E DisplayDeviceConfig: requesting nits when no mapping exists.
11-29 07:38:58.881 1491 1874 E DisplayDeviceConfig: requesting nits when no mapping exists.
11-29 07:38:58.881 1491 1874 E DisplayDeviceConfig: requesting nits when no mapping exists.
11-29 07:38:58.898 1491 1874 E DisplayDeviceConfig: requesting nits when no mapping exists.
11-29 07:38:58.899 1491 1874 E DisplayDeviceConfig: requesting nits when no mapping exists.
11-29 07:38:58.914 1491 1874 E DisplayDeviceConfig: requesting nits when no mapping exists.
11-29 07:38:58.915 1491 1874 E DisplayDeviceConfig: requesting nits when no mapping exists.
11-29 07:38:58.931 1491 1874 E DisplayDeviceConfig: requesting nits when no mapping exists.
11-29 07:38:58.931 1491 1874 E DisplayDeviceConfig: requesting nits when no mapping exists.
11-29 07:38:58.948 1491 1874 E DisplayDeviceConfig: requesting nits when no mapping exists.
11-29 07:38:58.948 1491 1874 E DisplayDeviceConfig: requesting nits when no mapping exists.
11-29 07:38:58.967 1491 1874 E DisplayDeviceConfig: requesting nits when no mapping exists.
11-29 07:38:58.967 1491 1874 E DisplayDeviceConfig: requesting nits when no mapping exists.
11-29 07:38:58.982 1491 1874 E DisplayDeviceConfig: requesting nits when no mapping exists.
11-29 07:38:58.983 1491 1874 E DisplayDeviceConfig: requesting nits when no mapping exists.
11-29 07:38:58.999 1491 1874 E DisplayDeviceConfig: requesting nits when no mapping exists.
11-29 07:38:59.000 1491 1874 E DisplayDeviceConfig: requesting nits when no mapping exists.
11-29 07:38:59.018 1491 1874 E DisplayDeviceConfig: requesting nits when no mapping exists.
11-29 07:38:59.018 1491 1874 E DisplayDeviceConfig: requesting nits when no mapping exists.
11-29 07:38:59.031 1491 1874 E DisplayDeviceConfig: requesting nits when no mapping exists.
11-29 07:38:59.032 1491 1874 E DisplayDeviceConfig: requesting nits when no mapping exists.
11-29 07:38:59.048 1491 1874 E DisplayDeviceConfig: requesting nits when no mapping exists.
11-29 07:38:59.049 1491 1874 E DisplayDeviceConfig: requesting nits when no mapping exists.
11-29 07:38:59.065 1491 1874 E DisplayDeviceConfig: requesting nits when no mapping exists.
11-29 07:38:59.066 1491 1874 E DisplayDeviceConfig: requesting nits when no mapping exists.
11-29 07:38:59.083 1491 1874 E DisplayDeviceConfig: requesting nits when no mapping exists.
11-29 07:38:59.084 1491 1874 E DisplayDeviceConfig: requesting nits when no mapping exists.
11-29 07:38:59.098 1491 1874 E DisplayDeviceConfig: requesting nits when no mapping exists.
11-29 07:38:59.099 1491 1874 E DisplayDeviceConfig: requesting nits when no mapping exists.
11-29 07:39:00.001 1491 1608 W BroadcastQueue: Skipping deliver [foreground] BroadcastRecord{fd1125a u-1 android.intent.action.TIME_TICK} to ReceiverList{363d61f 30512 com.android.systemui/10082/u0 remote:6d095be}: process gone or crashing
11-29 07:39:00.001 1491 1608 W BroadcastQueue: Skipping deliver [foreground] BroadcastRecord{fd1125a u-1 android.intent.action.TIME_TICK} to ReceiverList{ef85a75 30512 com.android.systemui/10082/u-1 remote:409bdac}: process gone or crashing
11-29 07:39:00.002 1491 1608 W BroadcastQueue: Skipping deliver [foreground] BroadcastRecord{fd1125a u-1 android.intent.action.TIME_TICK} to ReceiverList{70cfa46 30512 com.android.systemui/10082/u0 remote:eeaa621}: process gone or crashing
11-29 07:39:00.003 1491 1608 W BroadcastQueue: Skipping deliver [foreground] BroadcastRecord{b386c8b u-1 android.intent.action.TIME_TICK} to ReceiverList{363d61f 30512 com.android.systemui/10082/u0 remote:6d095be}: process gone or crashing
11-29 07:39:00.003 1491 1608 W BroadcastQueue: Skipping deliver [foreground] BroadcastRecord{b386c8b u-1 android.intent.action.TIME_TICK} to ReceiverList{ef85a75 30512 com.android.systemui/10082/u-1 remote:409bdac}: process gone or crashing
11-29 07:39:00.003 1491 1608 W BroadcastQueue: Skipping deliver [foreground] BroadcastRecord{b386c8b u-1 android.intent.action.TIME_TICK} to ReceiverList{70cfa46 30512 com.android.systemui/10082/u0 remote:eeaa621}: process gone or crashing
11-29 07:39:05.138 1491 1626 I PowerManagerService: Napping display group (groupId=0, uid=1000)...
11-29 07:39:05.138 1491 1626 I PowerManagerService: Nap time (uid 1000)...
11-29 07:39:05.142 1491 1626 I DreamManagerService: Entering dreamland.
11-29 07:39:05.147 1491 1626 I PowerManagerService: Dreaming...
11-29 07:39:05.160 1491 1596 I DreamController: Starting dream: name=ComponentInfo{com.thundercomm.screensaver/com.thundercomm.saverclock.service.ClockScreensaver}, isTest=false, canDoze=false, userId=0
11-29 07:39:05.160 1491 1608 W BroadcastQueue: Skipping deliver [background] BroadcastRecord{b42c60a u-1 android.intent.action.CLOSE_SYSTEM_DIALOGS} to ReceiverList{2cf0c3 30512 com.android.systemui/10082/u0 remote:620a472}: process gone or crashing
11-29 07:39:05.160 1491 1608 W BroadcastQueue: Skipping deliver [background] BroadcastRecord{b42c60a u-1 android.intent.action.CLOSE_SYSTEM_DIALOGS} to ReceiverList{aeb21c8 30512 com.android.systemui/10082/u0 remote:cc6926b}: process gone or crashing
11-29 07:39:05.161 1491 1608 W BroadcastQueue: Skipping deliver [background] BroadcastRecord{b42c60a u-1 android.intent.action.CLOSE_SYSTEM_DIALOGS} to ReceiverList{6a85e6 30512 com.android.systemui/10082/u-1 remote:69e9c41}: process gone or crashing
11-29 07:39:05.363 1491 2770 I ActivityManager: Process com.android.systemui (pid 30512) has died: pers PERU
11-29 07:39:05.365 1491 1700 E BiometricService: Enabled callback binder died
11-29 07:39:05.365 1491 1700 E LockoutResetTracker: Callback binder died: android.os.BinderProxy@7de0c62
11-29 07:39:05.365 1491 1700 E LockoutResetTracker: Removing dead callback for: com.android.systemui
11-29 07:39:05.367 1491 9315 D NotificationListeners: Removing active service ComponentInfo{com.android.systemui/com.android.systemui.statusbar.NotificationListener}
11-29 07:39:05.368 1491 1491 W WallpaperManagerService: Wallpaper service gone: ComponentInfo{com.android.systemui/com.android.systemui.ImageWallpaper}
11-29 07:39:05.368 1491 1491 W WallpaperManagerService: Wallpaper service gone: ComponentInfo{com.android.systemui/com.android.systemui.ImageWallpaper}
11-29 07:39:05.377 1491 1597 W WindowManager: Failed to deliver inset state change to w=Window{447dd35 u0 NotificationShade}
11-29 07:39:05.377 1491 1597 W WindowManager: android.os.DeadObjectException
11-29 07:39:05.377 1491 1597 W WindowManager: at android.os.BinderProxy.transactNative(Native Method)
11-29 07:39:05.377 1491 1597 W WindowManager: at android.os.BinderProxy.transact(BinderProxy.java:571)
11-29 07:39:05.377 1491 1597 W WindowManager: at android.view.IWindow$Stub$Proxy.insetsControlChanged(IWindow.java:687)
11-29 07:39:05.377 1491 1597 W WindowManager: at com.android.server.wm.WindowState.notifyInsetsControlChanged(WindowState.java:3983)
11-29 07:39:05.377 1491 1597 W WindowManager: at com.android.server.wm.InsetsStateController.lambda$notifyPendingInsetsControlChanged$6$InsetsStateController(InsetsStateController.java:552)
11-29 07:39:05.377 1491 1597 W WindowManager: at com.android.server.wm.InsetsStateController$$ExternalSyntheticLambda1.run(Unknown Source:2)
11-29 07:39:05.377 1491 1597 W WindowManager: at com.android.server.wm.WindowAnimator.executeAfterPrepareSurfacesRunnables(WindowAnimator.java:345)
11-29 07:39:05.377 1491 1597 W WindowManager: at com.android.server.wm.RootWindowContainer.performSurfacePlacementNoTrace(RootWindowContainer.java:867)
11-29 07:39:05.377 1491 1597 W WindowManager: at com.android.server.wm.RootWindowContainer.performSurfacePlacement(RootWindowContainer.java:805)
11-29 07:39:05.377 1491 1597 W WindowManager: at com.android.server.wm.WindowSurfacePlacer.performSurfacePlacementLoop(WindowSurfacePlacer.java:177)
11-29 07:39:05.377 1491 1597 W WindowManager: at com.android.server.wm.WindowSurfacePlacer.performSurfacePlacement(WindowSurfacePlacer.java:126)
11-29 07:39:05.377 1491 1597 W WindowManager: at com.android.server.wm.WindowSurfacePlacer.performSurfacePlacement(WindowSurfacePlacer.java:115)
11-29 07:39:05.377 1491 1597 W WindowManager: at com.android.server.wm.WindowState.setupWindowForRemoveOnExit(WindowState.java:2588)
11-29 07:39:05.377 1491 1597 W WindowManager: at com.android.server.wm.WindowState.removeIfPossible(WindowState.java:2554)
11-29 07:39:05.377 1491 1597 W WindowManager: at com.android.server.wm.WindowState.removeIfPossible(WindowState.java:2432)
11-29 07:39:05.377 1491 1597 W WindowManager: at com.android.server.wm.WindowManagerService.removeWindow(WindowManagerService.java:2035)
11-29 07:39:05.377 1491 1597 W WindowManager: at com.android.server.wm.Session.remove(Session.java:218)
11-29 07:39:05.377 1491 1597 W WindowManager: at android.view.ViewRootImpl.dispatchDetachedFromWindow(ViewRootImpl.java:5023)
11-29 07:39:05.377 1491 1597 W WindowManager: at android.view.ViewRootImpl.doDie(ViewRootImpl.java:8169)
11-29 07:39:05.377 1491 1597 W WindowManager: at android.view.ViewRootImpl.die(ViewRootImpl.java:8146)
11-29 07:39:05.377 1491 1597 W WindowManager: at android.view.WindowManagerGlobal.removeViewLocked(WindowManagerGlobal.java:499)
11-29 07:39:05.377 1491 1597 W WindowManager: at android.view.WindowManagerGlobal.removeView(WindowManagerGlobal.java:440)
11-29 07:39:05.377 1491 1597 W WindowManager: at android.view.WindowManagerImpl.removeViewImmediate(WindowManagerImpl.java:164)
11-29 07:39:05.377 1491 1597 W WindowManager: at android.app.Dialog.dismissDialog(Dialog.java:392)
11-29 07:39:05.377 1491 1597 W WindowManager: at android.app.Dialog.dismiss(Dialog.java:374)
11-29 07:39:05.377 1491 1597 W WindowManager: at com.android.server.am.AppErrorDialog.dismiss(AppErrorDialog.java:151)
11-29 07:39:05.377 1491 1597 W WindowManager: at com.android.server.am.AppErrorDialog$1.handleMessage(AppErrorDialog.java:141)
11-29 07:39:05.377 1491 1597 W WindowManager: at android.os.Handler.dispatchMessage(Handler.java:106)
11-29 07:39:05.377 1491 1597 W WindowManager: at android.os.Looper.loopOnce(Looper.java:201)
11-29 07:39:05.377 1491 1597 W WindowManager: at android.os.Looper.loop(Looper.java:288)
11-29 07:39:05.377 1491 1597 W WindowManager: at android.os.HandlerThread.run(HandlerThread.java:67)
11-29 07:39:05.377 1491 1597 W WindowManager: at com.android.server.ServiceThread.run(ServiceThread.java:44)
11-29 07:39:05.377 1491 1597 W WindowManager: at com.android.server.UiThread.run(UiThread.java:45)
11-29 07:39:05.388 1491 1524 D DisplayAreaOrganizerController: Organizer died before sending onDisplayAreaVanished
11-29 07:39:05.389 1491 10783 I WindowManager: WIN DEATH: Window{263aee0 u0 ShellDropTarget}
11-29 07:39:05.392 1491 10067 I WindowManager: WIN DEATH: Window{447dd35 u0 NotificationShade}
11-29 07:39:05.393 1491 10067 W KeyguardServiceWrapper: Remote Exception
11-29 07:39:05.393 1491 10067 W KeyguardServiceWrapper: android.os.DeadObjectException
11-29 07:39:05.393 1491 10067 W KeyguardServiceWrapper: at android.os.BinderProxy.transactNative(Native Method)
11-29 07:39:05.393 1491 10067 W KeyguardServiceWrapper: at android.os.BinderProxy.transact(BinderProxy.java:571)
11-29 07:39:05.393 1491 10067 W KeyguardServiceWrapper: at com.android.internal.policy.IKeyguardService$Stub$Proxy.setOccluded(IKeyguardService.java:494)
11-29 07:39:05.393 1491 10067 W KeyguardServiceWrapper: at com.android.server.policy.keyguard.KeyguardServiceWrapper.setOccluded(KeyguardServiceWrapper.java:62)
11-29 07:39:05.393 1491 10067 W KeyguardServiceWrapper: at com.android.server.policy.keyguard.KeyguardServiceDelegate.setOccluded(KeyguardServiceDelegate.java:270)
11-29 07:39:05.393 1491 10067 W KeyguardServiceWrapper: at com.android.server.policy.PhoneWindowManager.setKeyguardOccludedLw(PhoneWindowManager.java:3315)
11-29 07:39:05.393 1491 10067 W KeyguardServiceWrapper: at com.android.server.policy.PhoneWindowManager.setKeyguardCandidateLw(PhoneWindowManager.java:3284)
11-29 07:39:05.393 1491 10067 W KeyguardServiceWrapper: at com.android.server.wm.DisplayPolicy.removeWindowLw(DisplayPolicy.java:1401)
11-29 07:39:05.393 1491 10067 W KeyguardServiceWrapper: at com.android.server.wm.WindowState.removeImmediately(WindowState.java:2412)
11-29 07:39:05.393 1491 10067 W KeyguardServiceWrapper: at com.android.server.wm.WindowState.removeIfPossible(WindowState.java:2562)
11-29 07:39:05.393 1491 10067 W KeyguardServiceWrapper: at com.android.server.wm.WindowState.access$300(WindowState.java:276)
11-29 07:39:05.393 1491 10067 W KeyguardServiceWrapper: at com.android.server.wm.WindowState$DeathRecipient.binderDied(WindowState.java:3072)
11-29 07:39:05.393 1491 10067 W KeyguardServiceWrapper: at android.os.IBinder$DeathRecipient.binderDied(IBinder.java:314)
11-29 07:39:05.393 1491 10067 W KeyguardServiceWrapper: at android.os.BinderProxy.sendDeathNotice(BinderProxy.java:685)
11-29 07:39:05.400 1491 8592 I WindowManager: WIN DEATH: Window{8579947 u0 NavigationBar0}
11-29 07:39:05.404 1491 10067 D CompatibilityChangeReporter: Compat change id reported: 157929241; UID 10082; state: LOGGED
11-29 07:39:05.405 1491 8592 W WindowManager: Failed to deliver inset state change w=Window{e563496 u0 StatusBar}
11-29 07:39:05.405 1491 8592 W WindowManager: android.os.DeadObjectException
11-29 07:39:05.405 1491 8592 W WindowManager: at android.os.BinderProxy.transactNative(Native Method)
11-29 07:39:05.405 1491 8592 W WindowManager: at android.os.BinderProxy.transact(BinderProxy.java:571)
11-29 07:39:05.405 1491 8592 W WindowManager: at android.view.IWindow$Stub$Proxy.insetsChanged(IWindow.java:654)
11-29 07:39:05.405 1491 8592 W WindowManager: at com.android.server.wm.WindowState.notifyInsetsChanged(WindowState.java:3966)
11-29 07:39:05.405 1491 8592 W WindowManager: at com.android.server.wm.InsetsStateController.lambda$new$0(InsetsStateController.java:82)
11-29 07:39:05.405 1491 8592 W WindowManager: at com.android.server.wm.InsetsStateController$$ExternalSyntheticLambda3.accept(Unknown Source:2)
11-29 07:39:05.405 1491 8592 W WindowManager: at com.android.server.wm.WindowContainer$ForAllWindowsConsumerWrapper.apply(WindowContainer.java:2404)
11-29 07:39:05.405 1491 8592 W WindowManager: at com.android.server.wm.WindowContainer$ForAllWindowsConsumerWrapper.apply(WindowContainer.java:2394)
11-29 07:39:05.405 1491 8592 W WindowManager: at com.android.server.wm.WindowState.applyInOrderWithImeWindows(WindowState.java:4935)
11-29 07:39:05.405 1491 8592 W WindowManager: at com.android.server.wm.WindowState.forAllWindows(WindowState.java:4830)
11-29 07:39:05.405 1491 8592 W WindowManager: at com.android.server.wm.WindowContainer.forAllWindows(WindowContainer.java:1409)
11-29 07:39:05.405 1491 8592 W WindowManager: at com.android.server.wm.WindowContainer.forAllWindows(WindowContainer.java:1409)
11-29 07:39:05.405 1491 8592 W WindowManager: at com.android.server.wm.WindowContainer.forAllWindows(WindowContainer.java:1409)
11-29 07:39:05.405 1491 8592 W WindowManager: at com.android.server.wm.WindowContainer.forAllWindows(WindowContainer.java:1409)
11-29 07:39:05.405 1491 8592 W WindowManager: at com.android.server.wm.WindowContainer.forAllWindows(WindowContainer.java:1409)
11-29 07:39:05.405 1491 8592 W WindowManager: at com.android.server.wm.WindowContainer.forAllWindows(WindowContainer.java:1409)
11-29 07:39:05.405 1491 8592 W WindowManager: at com.android.server.wm.WindowContainer.forAllWindows(WindowContainer.java:1426)
11-29 07:39:05.405 1491 8592 W WindowManager: at com.android.server.wm.DisplayContent.notifyInsetsChanged(DisplayContent.java:1847)
11-29 07:39:05.405 1491 8592 W WindowManager: at com.android.server.wm.InsetsStateController.notifyInsetsChanged(InsetsStateController.java:571)
11-29 07:39:05.405 1491 8592 W WindowManager: at com.android.server.wm.InsetsStateController.onPostLayout(InsetsStateController.java:297)
11-29 07:39:05.405 1491 8592 W WindowManager: at com.android.server.wm.DisplayContent.applySurfaceChangesTransaction(DisplayContent.java:4324)
11-29 07:39:05.405 1491 8592 W WindowManager: at com.android.server.wm.RootWindowContainer.applySurfaceChangesTransaction(RootWindowContainer.java:1076)
11-29 07:39:05.405 1491 8592 W WindowManager: at com.android.server.wm.RootWindowContainer.performSurfacePlacementNoTrace(RootWindowContainer.java:852)
11-29 07:39:05.405 1491 8592 W WindowManager: at com.android.server.wm.RootWindowContainer.performSurfacePlacement(RootWindowContainer.java:805)
11-29 07:39:05.405 1491 8592 W WindowManager: at com.android.server.wm.WindowSurfacePlacer.performSurfacePlacementLoop(WindowSurfacePlacer.java:177)
11-29 07:39:05.405 1491 8592 W WindowManager: at com.android.server.wm.WindowSurfacePlacer.performSurfacePlacement(WindowSurfacePlacer.java:126)
11-29 07:39:05.405 1491 8592 W WindowManager: at com.android.server.wm.WindowSurfacePlacer.performSurfacePlacement(WindowSurfacePlacer.java:115)
11-29 07:39:05.405 1491 8592 W WindowManager: at com.android.server.wm.WindowManagerService.postWindowRemoveCleanupLocked(WindowManagerService.java:2107)
11-29 07:39:05.405 1491 8592 W WindowManager: at com.android.server.wm.WindowState.removeImmediately(WindowState.java:2426)
11-29 07:39:05.405 1491 8592 W WindowManager: at com.android.server.wm.WindowState.removeIfPossible(WindowState.java:2562)
11-29 07:39:05.405 1491 8592 W WindowManager: at com.android.server.wm.WindowState.access$300(WindowState.java:276)
11-29 07:39:05.405 1491 8592 W WindowManager: at com.android.server.wm.WindowState$DeathRecipient.binderDied(WindowState.java:3072)
11-29 07:39:05.405 1491 8592 W WindowManager: at android.os.IBinder$DeathRecipient.binderDied(IBinder.java:314)
11-29 07:39:05.405 1491 8592 W WindowManager: at android.os.BinderProxy.sendDeathNotice(BinderProxy.java:685)
11-29 07:39:05.406 1491 8592 W WindowManager: Failed to deliver inset state change w=Window{f667908 u0 SnapshotStartingWindow for taskId=224}
11-29 07:39:05.406 1491 8592 W WindowManager: android.os.DeadObjectException
11-29 07:39:05.406 1491 8592 W WindowManager: at android.os.BinderProxy.transactNative(Native Method)
11-29 07:39:05.406 1491 8592 W WindowManager: at android.os.BinderProxy.transact(BinderProxy.java:571)
11-29 07:39:05.406 1491 8592 W WindowManager: at android.view.IWindow$Stub$Proxy.insetsChanged(IWindow.java:654)
11-29 07:39:05.406 1491 8592 W WindowManager: at com.android.server.wm.WindowState.notifyInsetsChanged(WindowState.java:3966)
11-29 07:39:05.406 1491 8592 W WindowManager: at com.android.server.wm.InsetsStateController.lambda$new$0(InsetsStateController.java:82)
11-29 07:39:05.406 1491 8592 W WindowManager: at com.android.server.wm.InsetsStateController$$ExternalSyntheticLambda3.accept(Unknown Source:2)
11-29 07:39:05.406 1491 8592 W WindowManager: at com.android.server.wm.WindowContainer$ForAllWindowsConsumerWrapper.apply(WindowContainer.java:2404)
11-29 07:39:05.406 1491 8592 W WindowManager: at com.android.server.wm.WindowContainer$ForAllWindowsConsumerWrapper.apply(WindowContainer.java:2394)
11-29 07:39:05.406 1491 8592 W WindowManager: at com.android.server.wm.WindowState.applyInOrderWithImeWindows(WindowState.java:4935)
11-29 07:39:05.406 1491 8592 W WindowManager: at com.android.server.wm.WindowState.forAllWindows(WindowState.java:4830)
11-29 07:39:05.406 1491 8592 W WindowManager: at com.android.server.wm.WindowContainer.forAllWindows(WindowContainer.java:1409)
11-29 07:39:05.406 1491 8592 W WindowManager: at com.android.server.wm.ActivityRecord.forAllWindowsUnchecked(ActivityRecord.java:4071)
11-29 07:39:05.406 1491 8592 W WindowManager: at com.android.server.wm.ActivityRecord.forAllWindows(ActivityRecord.java:4066)
11-29 07:39:05.406 1491 8592 W WindowManager: at com.android.server.wm.WindowContainer.forAllWindows(WindowContainer.java:1409)
11-29 07:39:05.406 1491 8592 W WindowManager: at com.android.server.wm.WindowContainer.forAllWindows(WindowContainer.java:1409)
11-29 07:39:05.406 1491 8592 W WindowManager: at com.android.server.wm.TaskDisplayArea.forAllWindows(TaskDisplayArea.java:708)
11-29 07:39:05.406 1491 8592 W WindowManager: at com.android.server.wm.WindowContainer.forAllWindows(WindowContainer.java:1409)
11-29 07:39:05.406 1491 8592 W WindowManager: at com.android.server.wm.WindowContainer.forAllWindows(WindowContainer.java:1409)
11-29 07:39:05.406 1491 8592 W WindowManager: at com.android.server.wm.WindowContainer.forAllWindows(WindowContainer.java:1409)
11-29 07:39:05.406 1491 8592 W WindowManager: at com.android.server.wm.WindowContainer.forAllWindows(WindowContainer.java:1409)
11-29 07:39:05.406 1491 8592 W WindowManager: at com.android.server.wm.WindowContainer.forAllWindows(WindowContainer.java:1409)
11-29 07:39:05.406 1491 8592 W WindowManager: at com.android.server.wm.WindowContainer.forAllWindows(WindowContainer.java:1426)
11-29 07:39:05.406 1491 8592 W WindowManager: at com.android.server.wm.DisplayContent.notifyInsetsChanged(DisplayContent.java:1847)
11-29 07:39:05.406 1491 8592 W WindowManager: at com.android.server.wm.InsetsStateController.notifyInsetsChanged(InsetsStateController.java:571)
11-29 07:39:05.406 1491 8592 W WindowManager: at com.android.server.wm.InsetsStateController.onPostLayout(InsetsStateController.java:297)
11-29 07:39:05.406 1491 8592 W WindowManager: at com.android.server.wm.DisplayContent.applySurfaceChangesTransaction(DisplayContent.java:4324)
11-29 07:39:05.406 1491 8592 W WindowManager: at com.android.server.wm.RootWindowContainer.applySurfaceChangesTransaction(RootWindowContainer.java:1076)
11-29 07:39:05.406 1491 8592 W WindowManager: at com.android.server.wm.RootWindowContainer.performSurfacePlacementNoTrace(RootWindowContainer.java:852)
11-29 07:39:05.406 1491 8592 W WindowManager: at com.android.server.wm.RootWindowContainer.performSurfacePlacement(RootWindowContainer.java:805)
11-29 07:39:05.406 1491 8592 W WindowManager: at com.android.server.wm.WindowSurfacePlacer.performSurfacePlacementLoop(WindowSurfacePlacer.java:177)
11-29 07:39:05.406 1491 8592 W WindowManager: at com.android.server.wm.WindowSurfacePlacer.performSurfacePlacement(WindowSurfacePlacer.java:126)
11-29 07:39:05.406 1491 8592 W WindowManager: at com.android.server.wm.WindowSurfacePlacer.performSurfacePlacement(WindowSurfacePlacer.java:115)
11-29 07:39:05.406 1491 8592 W WindowManager: at com.android.server.wm.WindowManagerService.postWindowRemoveCleanupLocked(WindowManagerService.java:2107)
11-29 07:39:05.406 1491 8592 W WindowManager: at com.android.server.wm.WindowState.removeImmediately(WindowState.java:2426)
11-29 07:39:05.406 1491 8592 W WindowManager: at com.android.server.wm.WindowState.removeIfPossible(WindowState.java:2562)
11-29 07:39:05.406 1491 8592 W WindowManager: at com.android.server.wm.WindowState.access$300(WindowState.java:276)
11-29 07:39:05.406 1491 8592 W WindowManager: at com.android.server.wm.WindowState$DeathRecipient.binderDied(WindowState.java:3072)
11-29 07:39:05.406 1491 8592 W WindowManager: at android.os.IBinder$DeathRecipient.binderDied(IBinder.java:314)
11-29 07:39:05.406 1491 8592 W WindowManager: at android.os.BinderProxy.sendDeathNotice(BinderProxy.java:685)
11-29 07:39:05.407 1491 8786 I WindowManager: WIN DEATH: Window{e563496 u0 StatusBar}
11-29 07:39:05.410 1491 8786 W WindowManager: Failed to deliver inset state change w=Window{f667908 u0 SnapshotStartingWindow for taskId=224}
11-29 07:39:05.410 1491 8786 W WindowManager: android.os.DeadObjectException
11-29 07:39:05.410 1491 8786 W WindowManager: at android.os.BinderProxy.transactNative(Native Method)
11-29 07:39:05.410 1491 8786 W WindowManager: at android.os.BinderProxy.transact(BinderProxy.java:571)
11-29 07:39:05.410 1491 8786 W WindowManager: at android.view.IWindow$Stub$Proxy.insetsChanged(IWindow.java:654)
11-29 07:39:05.410 1491 8786 W WindowManager: at com.android.server.wm.WindowState.notifyInsetsChanged(WindowState.java:3966)
11-29 07:39:05.410 1491 8786 W WindowManager: at com.android.server.wm.InsetsStateController.lambda$new$0(InsetsStateController.java:82)
11-29 07:39:05.410 1491 8786 W WindowManager: at com.android.server.wm.InsetsStateController$$ExternalSyntheticLambda3.accept(Unknown Source:2)
11-29 07:39:05.410 1491 8786 W WindowManager: at com.android.server.wm.WindowContainer$ForAllWindowsConsumerWrapper.apply(WindowContainer.java:2404)
11-29 07:39:05.410 1491 8786 W WindowManager: at com.android.server.wm.WindowContainer$ForAllWindowsConsumerWrapper.apply(WindowContainer.java:2394)
11-29 07:39:05.410 1491 8786 W WindowManager: at com.android.server.wm.WindowState.applyInOrderWithImeWindows(WindowState.java:4935)
11-29 07:39:05.410 1491 8786 W WindowManager: at com.android.server.wm.WindowState.forAllWindows(WindowState.java:4830)
11-29 07:39:05.410 1491 8786 W WindowManager: at com.android.server.wm.WindowContainer.forAllWindows(WindowContainer.java:1409)
11-29 07:39:05.410 1491 8786 W WindowManager: at com.android.server.wm.ActivityRecord.forAllWindowsUnchecked(ActivityRecord.java:4071)
11-29 07:39:05.410 1491 8786 W WindowManager: at com.android.server.wm.ActivityRecord.forAllWindows(ActivityRecord.java:4066)
11-29 07:39:05.410 1491 8786 W WindowManager: at com.android.server.wm.WindowContainer.forAllWindows(WindowContainer.java:1409)
11-29 07:39:05.410 1491 8786 W WindowManager: at com.android.server.wm.WindowContainer.forAllWindows(WindowContainer.java:1409)
11-29 07:39:05.410 1491 8786 W WindowManager: at com.android.server.wm.TaskDisplayArea.forAllWindows(TaskDisplayArea.java:708)
11-29 07:39:05.410 1491 8786 W WindowManager: at com.android.server.wm.WindowContainer.forAllWindows(WindowContainer.java:1409)
11-29 07:39:05.410 1491 8786 W WindowManager: at com.android.server.wm.WindowContainer.forAllWindows(WindowContainer.java:1409)
11-29 07:39:05.410 1491 8786 W WindowManager: at com.android.server.wm.WindowContainer.forAllWindows(WindowContainer.java:1409)
11-29 07:39:05.410 1491 8786 W WindowManager: at com.android.server.wm.WindowContainer.forAllWindows(WindowContainer.java:1409)
11-29 07:39:05.410 1491 8786 W WindowManager: at com.android.server.wm.WindowContainer.forAllWindows(WindowContainer.java:1409)
11-29 07:39:05.410 1491 8786 W WindowManager: at com.android.server.wm.WindowContainer.forAllWindows(WindowContainer.java:1426)
11-29 07:39:05.410 1491 8786 W WindowManager: at com.android.server.wm.DisplayContent.notifyInsetsChanged(DisplayContent.java:1847)
11-29 07:39:05.410 1491 8786 W WindowManager: at com.android.server.wm.InsetsStateController.notifyInsetsChanged(InsetsStateController.java:571)
11-29 07:39:05.410 1491 8786 W WindowManager: at com.android.server.wm.InsetsStateController.onPostLayout(InsetsStateController.java:297)
11-29 07:39:05.410 1491 8786 W WindowManager: at com.android.server.wm.DisplayContent.applySurfaceChangesTransaction(DisplayContent.java:4324)
11-29 07:39:05.410 1491 8786 W WindowManager: at com.android.server.wm.RootWindowContainer.applySurfaceChangesTransaction(RootWindowContainer.java:1076)
11-29 07:39:05.410 1491 8786 W WindowManager: at com.android.server.wm.RootWindowContainer.performSurfacePlacementNoTrace(RootWindowContainer.java:852)
11-29 07:39:05.410 1491 8786 W WindowManager: at com.android.server.wm.RootWindowContainer.performSurfacePlacement(RootWindowContainer.java:805)
11-29 07:39:05.410 1491 8786 W WindowManager: at com.android.server.wm.WindowSurfacePlacer.performSurfacePlacementLoop(WindowSurfacePlacer.java:177)
11-29 07:39:05.410 1491 8786 W WindowManager: at com.android.server.wm.WindowSurfacePlacer.performSurfacePlacement(WindowSurfacePlacer.java:126)
11-29 07:39:05.410 1491 8786 W WindowManager: at com.android.server.wm.WindowSurfacePlacer.performSurfacePlacement(WindowSurfacePlacer.java:115)
11-29 07:39:05.410 1491 8786 W WindowManager: at com.android.server.wm.WindowManagerService.postWindowRemoveCleanupLocked(WindowManagerService.java:2107)
11-29 07:39:05.410 1491 8786 W WindowManager: at com.android.server.wm.WindowState.removeImmediately(WindowState.java:2426)
11-29 07:39:05.410 1491 8786 W WindowManager: at com.android.server.wm.WindowState.removeIfPossible(WindowState.java:2562)
11-29 07:39:05.410 1491 8786 W WindowManager: at com.android.server.wm.WindowState.access$300(WindowState.java:276)
11-29 07:39:05.410 1491 8786 W WindowManager: at com.android.server.wm.WindowState$DeathRecipient.binderDied(WindowState.java:3072)
11-29 07:39:05.410 1491 8786 W WindowManager: at android.os.IBinder$DeathRecipient.binderDied(IBinder.java:314)
11-29 07:39:05.410 1491 8786 W WindowManager: at android.os.BinderProxy.sendDeathNotice(BinderProxy.java:685)
11-29 07:39:05.411 1491 9370 I WindowManager: WIN DEATH: Window{910f0c7 u0 freeform_top_right_tip_window}
11-29 07:39:05.421 1491 11109 I WindowManager: WIN DEATH: Window{ea1d263 u0 freeform_bottom_left_tip_window}
11-29 07:39:05.423 1491 1700 I WindowManager: WIN DEATH: Window{e69d765 u0 freeform_top_left_tip_window}
11-29 07:39:05.425 1491 2059 I WindowManager: WIN DEATH: Window{8ae3f97 u0 SecondaryHomeHandle0}
11-29 07:39:05.427 1491 8701 I WindowManager: WIN DEATH: Window{e8b97ea u0 freeform_bottom_right_tip_window}
11-29 07:39:05.429 1491 5277 I WindowManager: WIN DEATH: Window{25b7aa1 u0 EdgeBackGestureHandler0}
11-29 07:39:05.431 1491 8646 I WindowManager: WIN DEATH: Window{903ff22 u0 com.android.systemui.ImageWallpaper}
11-29 07:39:05.433 1491 9315 I WindowManager: WIN DEATH: Window{f667908 u0 SnapshotStartingWindow for taskId=224}
11-29 07:39:05.445 1491 9316 I ActivityTaskManager: START u0 {flg=0x10000000 pkg=com.thundercomm.screensaver cmp=com.thundercomm.screensaver/android.service.dreams.DreamActivity (has extras)} from uid 10052
11-29 07:39:05.457 1491 9316 W ActivityTaskManager: Can't find TaskDisplayArea to determine support for multi window. Task id=230 attached=false
11-29 07:39:05.466 1491 2770 W ActivityManager: Scheduling restart of crashed service com.android.systemui/.SystemUIService in 0ms for persistent
11-29 07:39:05.468 1491 8646 I ActivityTaskManager: FOREGROUND_APPLICATION_CHANGED to android.service.dreams.DreamActivity
11-29 07:39:05.468 1491 8646 I ActivityTaskManager: The Process com.thundercomm.screensaver Already Exists in BG. So sending its PID: 5601
11-29 07:39:05.468 1491 8646 W ActivityTaskManager: Tried to set launchTime (0) < mLastActivityLaunchTime (15403398)
11-29 07:39:05.473 1491 2770 W ActivityManager: Scheduling restart of crashed service com.android.systemui/.dump.SystemUIAuxiliaryDumpService in 0ms for persistent
11-29 07:39:05.475 1491 2770 W ActivityManager: Scheduling restart of crashed service com.android.systemui/.keyguard.KeyguardService in 0ms for persistent
11-29 07:39:05.475 1491 2770 W ActivityManager: Scheduling restart of crashed service com.android.systemui/.ImageWallpaper in 0ms for persistent
11-29 07:39:05.476 1491 2770 W ActivityManager: Re-adding persistent process ProcessRecord{f94d6b6 30512:com.android.systemui/u0a82}
11-29 07:39:05.478 1491 2770 D CompatibilityChangeReporter: Compat change id reported: 135634846; UID 10082; state: DISABLED
11-29 07:39:05.478 1491 2770 D CompatibilityChangeReporter: Compat change id reported: 177438394; UID 10082; state: DISABLED
11-29 07:39:05.478 1491 2770 D CompatibilityChangeReporter: Compat change id reported: 135772972; UID 10082; state: DISABLED
11-29 07:39:05.478 1491 2770 D CompatibilityChangeReporter: Compat change id reported: 135754954; UID 10082; state: ENABLED
11-29 07:39:05.478 1491 1609 D CompatibilityChangeReporter: Compat change id reported: 143937733; UID 10082; state: ENABLED
11-29 07:39:05.485 1491 1597 W Looper : Slow dispatch took 322ms android.ui h=com.android.server.am.AppErrorDialog$1 c=null m=7
11-29 07:39:05.485 1491 1597 W Looper : Slow delivery took 322ms android.ui h=android.os.Handler c=android.app.Dialog$$ExternalSyntheticLambda1@8399f5d m=0
11-29 07:39:05.506 1491 1597 W Looper : Drained
11-29 07:39:05.510 1491 1609 I ActivityManager: Start proc 30737:com.android.systemui/u0a82 for restart com.android.systemui
11-29 07:39:05.517 16043 16059 W ContextImpl: Calling a method in the system process without a qualified user: android.app.ContextImpl.startService:1816 android.content.ContextWrapper.startService:774 com.thundercomm.gamemode.ingame.services.GameModeActionUtils.startGameModeService:93 com.thundercomm.gamemode.ingame.services.GameModeActionUtils.startGameModeEntry:21 com.thundercomm.gamemode.ingame.services.ActivityMonitoringService$1.onActivityLaunch:127
11-29 07:39:05.527 1491 10783 D CompatibilityChangeReporter: Compat change id reported: 168419799; UID 10082; state: DISABLED
11-29 07:39:05.537 1491 1491 I GameModeConfig: Current uri is uri = content://com.thundercomm.gamemode.api/gamemode_settings/gamemode_isgaming
11-29 07:39:05.541 1491 1491 I GameModeConfig: isGameModeOn = false
11-29 07:39:05.543 1491 1491 I GameModeConfig: isGameModeOn = false
11-29 07:39:05.543 1491 1491 I GameModeConfig: isDisableVoice = true
11-29 07:39:05.587 1491 1626 V DisplayPowerController[0]: Brightness [1.0] reason changing to: 'manual', previous reason: 'manual [ dim ]'.
11-29 07:39:05.601 1491 1874 E DisplayDeviceConfig: requesting nits when no mapping exists.
11-29 07:39:05.601 1491 1874 E DisplayDeviceConfig: requesting nits when no mapping exists.
11-29 07:39:05.601 16043 16059 W ContextImpl: Calling a method in the system process without a qualified user: android.app.ContextImpl.startService:1816 android.content.ContextWrapper.startService:774 com.thundercomm.gamemode.ingame.services.GameModeActionUtils.startGameModeService:93 com.thundercomm.gamemode.ingame.services.GameModeActionUtils.startGameModeEntry:21 com.thundercomm.gamemode.ingame.services.ActivityMonitoringService$1.onActivityLaunch:127
11-29 07:39:05.607 1491 1491 I GameModeConfig: Current uri is uri = content://com.thundercomm.gamemode.api/gamemode_settings/gamemode_isgaming
11-29 07:39:05.608 1491 1491 I GameModeConfig: isGameModeOn = false
11-29 07:39:05.608 1491 1491 I GameModeConfig: isGameModeOn = false
11-29 07:39:05.608 1491 1491 I GameModeConfig: isDisableVoice = true
11-29 07:39:05.617 1491 1874 E DisplayDeviceConfig: requesting nits when no mapping exists.
11-29 07:39:05.618 1491 1599 W ActivityManager: setHasOverlayUi called on unknown pid: 30512
11-29 07:39:05.618 1491 1874 E DisplayDeviceConfig: requesting nits when no mapping exists.
11-29 07:39:05.633 1491 1874 E DisplayDeviceConfig: requesting nits when no mapping exists.
11-29 07:39:05.633 1491 1874 E DisplayDeviceConfig: requesting nits when no mapping exists.
11-29 07:39:05.644 30737 30737 W OneHandedController: Device doesn't support OneHanded feature
11-29 07:39:05.651 1491 1874 E DisplayDeviceConfig: requesting nits when no mapping exists.
11-29 07:39:05.651 1491 1874 E DisplayDeviceConfig: requesting nits when no mapping exists.
11-29 07:39:05.666 1491 1874 E DisplayDeviceConfig: requesting nits when no mapping exists.
11-29 07:39:05.666 1491 1874 E DisplayDeviceConfig: requesting nits when no mapping exists.
11-29 07:39:05.687 1491 1874 E DisplayDeviceConfig: requesting nits when no mapping exists.
11-29 07:39:05.687 1491 1874 E DisplayDeviceConfig: requesting nits when no mapping exists.
11-29 07:39:05.699 1491 1874 E DisplayDeviceConfig: requesting nits when no mapping exists.
