11-29 07:54:20.998 1491 1608 I am_wtf : [0,1491,system_server,-1,DisplayDeviceConfig,requesting nits when no mapping exists.]
11-29 07:54:20.999 1491 1608 I am_wtf : [0,1491,system_server,-1,DisplayDeviceConfig,requesting nits when no mapping exists.]
11-29 07:54:21.013 1491 1874 E DisplayDeviceConfig: requesting nits when no mapping exists.
11-29 07:54:21.013 1491 1874 E DisplayDeviceConfig: requesting nits when no mapping exists.
11-29 07:54:21.013 1491 1608 I am_wtf : [0,1491,system_server,-1,DisplayDeviceConfig,requesting nits when no mapping exists.]
11-29 07:54:21.014 1491 1608 I am_wtf : [0,1491,system_server,-1,DisplayDeviceConfig,requesting nits when no mapping exists.]
11-29 07:54:21.029 1491 1874 E DisplayDeviceConfig: requesting nits when no mapping exists.
11-29 07:54:21.029 1491 1874 E DisplayDeviceConfig: requesting nits when no mapping exists.
11-29 07:54:21.030 1491 1608 I am_wtf : [0,1491,system_server,-1,DisplayDeviceConfig,requesting nits when no mapping exists.]
11-29 07:54:21.030 1491 1608 I am_wtf : [0,1491,system_server,-1,DisplayDeviceConfig,requesting nits when no mapping exists.]
11-29 07:54:21.048 1491 1874 E DisplayDeviceConfig: requesting nits when no mapping exists.
11-29 07:54:21.049 1491 1608 I am_wtf : [0,1491,system_server,-1,DisplayDeviceConfig,requesting nits when no mapping exists.]
11-29 07:54:21.049 1491 1874 E DisplayDeviceConfig: requesting nits when no mapping exists.
11-29 07:54:21.050 1491 1608 I am_wtf : [0,1491,system_server,-1,DisplayDeviceConfig,requesting nits when no mapping exists.]
11-29 07:54:21.063 1491 1874 E DisplayDeviceConfig: requesting nits when no mapping exists.
11-29 07:54:21.063 1491 1874 E DisplayDeviceConfig: requesting nits when no mapping exists.
11-29 07:54:21.063 1491 1608 I am_wtf : [0,1491,system_server,-1,DisplayDeviceConfig,requesting nits when no mapping exists.]
11-29 07:54:21.064 1491 1608 I am_wtf : [0,1491,system_server,-1,DisplayDeviceConfig,requesting nits when no mapping exists.]
11-29 07:54:21.079 1491 1874 E DisplayDeviceConfig: requesting nits when no mapping exists.
11-29 07:54:21.079 1491 1874 E DisplayDeviceConfig: requesting nits when no mapping exists.
11-29 07:54:21.079 1491 1608 I am_wtf : [0,1491,system_server,-1,DisplayDeviceConfig,requesting nits when no mapping exists.]
11-29 07:54:21.080 1491 1608 I am_wtf : [0,1491,system_server,-1,DisplayDeviceConfig,requesting nits when no mapping exists.]
11-29 07:54:21.079 0 0 I auditd : type=1400 audit(0.0:19224): avc: denied { kill } for comm="swapper/3" capability=5 scontext=u:r:kernel:s0 tcontext=u:r:kernel:s0 tclass=capability permissive=0
11-29 07:54:21.098 1491 1874 E DisplayDeviceConfig: requesting nits when no mapping exists.
11-29 07:54:21.098 1491 1608 I am_wtf : [0,1491,system_server,-1,DisplayDeviceConfig,requesting nits when no mapping exists.]
11-29 07:54:21.099 1491 1874 E DisplayDeviceConfig: requesting nits when no mapping exists.
11-29 07:54:21.101 1491 1608 I am_wtf : [0,1491,system_server,-1,DisplayDeviceConfig,requesting nits when no mapping exists.]
11-29 07:54:21.114 1491 1874 E DisplayDeviceConfig: requesting nits when no mapping exists.
11-29 07:54:21.114 1491 1874 E DisplayDeviceConfig: requesting nits when no mapping exists.
11-29 07:54:21.114 1491 1608 I am_wtf : [0,1491,system_server,-1,DisplayDeviceConfig,requesting nits when no mapping exists.]
11-29 07:54:21.115 1491 1608 I am_wtf : [0,1491,system_server,-1,DisplayDeviceConfig,requesting nits when no mapping exists.]
11-29 07:54:21.129 1491 1874 E DisplayDeviceConfig: requesting nits when no mapping exists.
11-29 07:54:21.130 1491 1608 I am_wtf : [0,1491,system_server,-1,DisplayDeviceConfig,requesting nits when no mapping exists.]
11-29 07:54:21.130 1491 1874 E DisplayDeviceConfig: requesting nits when no mapping exists.
11-29 07:54:21.131 1491 1608 I am_wtf : [0,1491,system_server,-1,DisplayDeviceConfig,requesting nits when no mapping exists.]
11-29 07:54:21.148 1491 1874 E DisplayDeviceConfig: requesting nits when no mapping exists.
11-29 07:54:21.149 1491 1874 E DisplayDeviceConfig: requesting nits when no mapping exists.
11-29 07:54:21.149 1491 1608 I am_wtf : [0,1491,system_server,-1,DisplayDeviceConfig,requesting nits when no mapping exists.]
11-29 07:54:21.150 1491 1608 I am_wtf : [0,1491,system_server,-1,DisplayDeviceConfig,requesting nits when no mapping exists.]
11-29 07:54:21.171 1491 1874 E DisplayDeviceConfig: requesting nits when no mapping exists.
11-29 07:54:21.172 1491 1608 I am_wtf : [0,1491,system_server,-1,DisplayDeviceConfig,requesting nits when no mapping exists.]
11-29 07:54:21.172 1491 1874 E DisplayDeviceConfig: requesting nits when no mapping exists.
11-29 07:54:21.182 1491 1608 I am_wtf : [0,1491,system_server,-1,DisplayDeviceConfig,requesting nits when no mapping exists.]
11-29 07:54:21.185 1491 1874 E DisplayDeviceConfig: requesting nits when no mapping exists.
11-29 07:54:21.185 1491 1874 E DisplayDeviceConfig: requesting nits when no mapping exists.
11-29 07:54:21.186 1491 1608 I am_wtf : [0,1491,system_server,-1,DisplayDeviceConfig,requesting nits when no mapping exists.]
11-29 07:54:21.187 1491 1608 I am_wtf : [0,1491,system_server,-1,DisplayDeviceConfig,requesting nits when no mapping exists.]
11-29 07:54:21.204 1491 1874 E DisplayDeviceConfig: requesting nits when no mapping exists.
11-29 07:54:21.204 1491 1874 E DisplayDeviceConfig: requesting nits when no mapping exists.
11-29 07:54:21.204 1491 1608 I am_wtf : [0,1491,system_server,-1,DisplayDeviceConfig,requesting nits when no mapping exists.]
11-29 07:54:21.205 1491 1608 I am_wtf : [0,1491,system_server,-1,DisplayDeviceConfig,requesting nits when no mapping exists.]
11-29 07:54:21.220 1491 1874 E DisplayDeviceConfig: requesting nits when no mapping exists.
11-29 07:54:21.221 1491 1874 E DisplayDeviceConfig: requesting nits when no mapping exists.
11-29 07:54:21.223 1491 1608 I am_wtf : [0,1491,system_server,-1,DisplayDeviceConfig,requesting nits when no mapping exists.]
11-29 07:54:21.224 1491 1608 I am_wtf : [0,1491,system_server,-1,DisplayDeviceConfig,requesting nits when no mapping exists.]
11-29 07:54:21.237 1491 1874 E DisplayDeviceConfig: requesting nits when no mapping exists.
11-29 07:54:21.238 1491 1874 E DisplayDeviceConfig: requesting nits when no mapping exists.
11-29 07:54:21.238 1491 1608 I am_wtf : [0,1491,system_server,-1,DisplayDeviceConfig,requesting nits when no mapping exists.]
11-29 07:54:21.239 1491 1608 I am_wtf : [0,1491,system_server,-1,DisplayDeviceConfig,requesting nits when no mapping exists.]
11-29 07:54:22.389 1491 1608 I am_uid_idle: 10032
11-29 07:54:24.079 0 0 I auditd : type=1400 audit(0.0:19225): avc: denied { kill } for comm="swapper/3" capability=5 scontext=u:r:kernel:s0 tcontext=u:r:kernel:s0 tclass=capability permissive=0
11-29 07:54:25.079 0 0 I auditd : type=1400 audit(0.0:19226): avc: denied { kill } for comm="swapper/3" capability=5 scontext=u:r:kernel:s0 tcontext=u:r:kernel:s0 tclass=capability permissive=0
11-29 07:54:26.079 0 0 I auditd : type=1400 audit(0.0:19227): avc: denied { kill } for comm="swapper/3" capability=5 scontext=u:r:kernel:s0 tcontext=u:r:kernel:s0 tclass=capability permissive=0
11-29 07:54:27.079 0 0 I auditd : type=1400 audit(0.0:19228): avc: denied { kill } for comm="swapper/3" capability=5 scontext=u:r:kernel:s0 tcontext=u:r:kernel:s0 tclass=capability permissive=0
11-29 07:54:28.079 0 0 I auditd : type=1400 audit(0.0:19229): avc: denied { kill } for comm="swapper/3" capability=5 scontext=u:r:kernel:s0 tcontext=u:r:kernel:s0 tclass=capability permissive=0
11-29 07:54:29.079 0 0 I auditd : type=1400 audit(0.0:19230): avc: denied { kill } for comm="swapper/3" capability=5 scontext=u:r:kernel:s0 tcontext=u:r:kernel:s0 tclass=capability permissive=0
11-29 07:54:30.079 0 0 I auditd : type=1400 audit(0.0:19231): avc: denied { kill } for comm="swapper/3" capability=5 scontext=u:r:kernel:s0 tcontext=u:r:kernel:s0 tclass=capability permissive=0
11-29 07:54:30.485 1491 1760 I GameModeConfig: isGameModeOn = false
11-29 07:54:31.079 0 0 I auditd : type=1400 audit(0.0:19232): avc: denied { kill } for comm="swapper/3" capability=5 scontext=u:r:kernel:s0 tcontext=u:r:kernel:s0 tclass=capability permissive=0
11-29 07:54:32.079 0 0 I auditd : type=1400 audit(0.0:19233): avc: denied { kill } for comm="swapper/3" capability=5 scontext=u:r:kernel:s0 tcontext=u:r:kernel:s0 tclass=capability permissive=0
11-29 07:54:33.079 0 0 I auditd : type=1400 audit(0.0:19234): avc: denied { kill } for comm="swapper/3" capability=5 scontext=u:r:kernel:s0 tcontext=u:r:kernel:s0 tclass=capability permissive=0
11-29 07:54:34.079 0 0 I auditd : type=1400 audit(0.0:19235): avc: denied { kill } for comm="swapper/3" capability=5 scontext=u:r:kernel:s0 tcontext=u:r:kernel:s0 tclass=capability permissive=0
11-29 07:54:35.079 0 0 I auditd : type=1400 audit(0.0:19236): avc: denied { kill } for comm="swapper/3" capability=5 scontext=u:r:kernel:s0 tcontext=u:r:kernel:s0 tclass=capability permissive=0
11-29 07:54:36.079 0 0 I auditd : type=1400 audit(0.0:19237): avc: denied { kill } for comm="swapper/3" capability=5 scontext=u:r:kernel:s0 tcontext=u:r:kernel:s0 tclass=capability permissive=0
11-29 07:54:37.079 0 0 I auditd : type=1400 audit(0.0:19238): avc: denied { kill } for comm="swapper/3" capability=5 scontext=u:r:kernel:s0 tcontext=u:r:kernel:s0 tclass=capability permissive=0
11-29 07:54:38.079 0 0 I auditd : type=1400 audit(0.0:19239): avc: denied { kill } for comm="swapper/3" capability=5 scontext=u:r:kernel:s0 tcontext=u:r:kernel:s0 tclass=capability permissive=0
11-29 07:54:39.079 0 0 I auditd : type=1400 audit(0.0:19240): avc: denied { kill } for comm="swapper/3" capability=5 scontext=u:r:kernel:s0 tcontext=u:r:kernel:s0 tclass=capability permissive=0
11-29 07:54:40.079 0 0 I auditd : type=1400 audit(0.0:19241): avc: denied { kill } for comm="swapper/3" capability=5 scontext=u:r:kernel:s0 tcontext=u:r:kernel:s0 tclass=capability permissive=0
11-29 07:54:41.079 0 0 I auditd : type=1400 audit(0.0:19242): avc: denied { kill } for comm="swapper/3" capability=5 scontext=u:r:kernel:s0 tcontext=u:r:kernel:s0 tclass=capability permissive=0
11-29 07:54:42.079 0 0 I auditd : type=1400 audit(0.0:19243): avc: denied { kill } for comm="swapper/3" capability=5 scontext=u:r:kernel:s0 tcontext=u:r:kernel:s0 tclass=capability permissive=0
11-29 07:54:43.079 0 0 I auditd : type=1400 audit(0.0:19244): avc: denied { kill } for comm="swapper/3" capability=5 scontext=u:r:kernel:s0 tcontext=u:r:kernel:s0 tclass=capability permissive=0
11-29 07:54:44.079 0 0 I auditd : type=1400 audit(0.0:19245): avc: denied { kill } for comm="swapper/3" capability=5 scontext=u:r:kernel:s0 tcontext=u:r:kernel:s0 tclass=capability permissive=0
11-29 07:54:45.079 0 0 I auditd : type=1400 audit(0.0:19246): avc: denied { kill } for comm="swapper/1" capability=5 scontext=u:r:kernel:s0 tcontext=u:r:kernel:s0 tclass=capability permissive=0
11-29 07:54:46.079 0 0 I auditd : type=1400 audit(0.0:19247): avc: denied { kill } for comm="swapper/1" capability=5 scontext=u:r:kernel:s0 tcontext=u:r:kernel:s0 tclass=capability permissive=0
11-29 07:54:48.079 0 0 I auditd : type=1400 audit(0.0:19248): avc: denied { kill } for comm="swapper/1" capability=5 scontext=u:r:kernel:s0 tcontext=u:r:kernel:s0 tclass=capability permissive=0
11-29 07:54:49.079 0 0 I auditd : type=1400 audit(0.0:19249): avc: denied { kill } for comm="swapper/1" capability=5 scontext=u:r:kernel:s0 tcontext=u:r:kernel:s0 tclass=capability permissive=0
11-29 07:54:50.079 0 0 I auditd : type=1400 audit(0.0:19250): avc: denied { kill } for comm="swapper/1" capability=5 scontext=u:r:kernel:s0 tcontext=u:r:kernel:s0 tclass=capability permissive=0
11-29 07:54:51.079 0 0 I auditd : type=1400 audit(0.0:19251): avc: denied { kill } for comm="swapper/1" capability=5 scontext=u:r:kernel:s0 tcontext=u:r:kernel:s0 tclass=capability permissive=0
11-29 07:54:53.079 0 0 I auditd : type=1400 audit(0.0:19252): avc: denied { kill } for comm="swapper/1" capability=5 scontext=u:r:kernel:s0 tcontext=u:r:kernel:s0 tclass=capability permissive=0
11-29 07:54:54.079 0 0 I auditd : type=1400 audit(0.0:19253): avc: denied { kill } for comm="swapper/1" capability=5 scontext=u:r:kernel:s0 tcontext=u:r:kernel:s0 tclass=capability permissive=0
11-29 07:54:54.219 1491 1693 I input_interaction: Interaction with: 572b75f com.thundercomm.screensaver/android.service.dreams.DreamActivity (server), edge-swipe (server), swipe-up (server), PointerEventDispatcher0 (server),
11-29 07:54:54.225 1491 1772 I wm_finish_activity: [0,20809254,249,com.thundercomm.screensaver/android.service.dreams.DreamActivity,finish-activity]
11-29 07:54:54.225 1491 1772 I wm_task_moved: [32,1,9]
11-29 07:54:54.227 1491 1772 I wm_task_moved: [41,1,2147483647]
11-29 07:54:54.227 1491 1772 I wm_task_to_front: [0,41]
11-29 07:54:54.227 1491 1772 I wm_focused_root_task: [0,0,32,249,finish-top adjustFocusToNextFocusableTask]
11-29 07:54:54.227 1491 1772 I wm_set_resumed_activity: [0,com.android.launcher3/.uioverrides.QuickstepLauncher,finish-top adjustFocusToNextFocusableTask]
11-29 07:54:54.230 1491 1772 I wm_pause_activity: [0,20809254,com.thundercomm.screensaver/android.service.dreams.DreamActivity,userLeaving=false,finish]
11-29 07:54:54.238 1491 1700 I DreamManagerService: Gently waking up from dream.
11-29 07:54:54.241 1491 1596 I DreamManagerService: Performing gentle wake from dream.
11-29 07:54:54.241 2500 2500 I wm_on_top_resumed_lost_called: [20809254,android.service.dreams.DreamActivity,topStateChangedWhenResumed]
11-29 07:54:54.243 1491 1599 I sysui_multi_action: [757,803,799,window_time_0,802,34]
11-29 07:54:54.244 2500 2500 I wm_on_paused_called: [20809254,android.service.dreams.DreamActivity,performPause]
11-29 07:54:54.245 1491 1700 I wm_add_to_stopping: [0,20809254,com.thundercomm.screensaver/android.service.dreams.DreamActivity,completeFinishing]
11-29 07:54:54.247 1491 1700 I ActivityTaskManager: FOREGROUND_APPLICATION_CHANGED to com.android.launcher3.uioverrides.QuickstepLauncher
11-29 07:54:54.249 1491 1700 I wm_set_resumed_activity: [0,com.android.launcher3/.uioverrides.QuickstepLauncher,resumeTopActivityInnerLocked]
11-29 07:54:54.253 1491 1700 I wm_resume_activity: [0,254362067,41,com.android.launcher3/.uioverrides.QuickstepLauncher]
11-29 07:54:54.264 1491 1693 I input_focus: [Focus leaving 572b75f com.thundercomm.screensaver/android.service.dreams.DreamActivity (server),reason=NO_WINDOW]
11-29 07:54:54.266 2500 2500 I view_enqueue_input_event: [Motion - Cancel,com.thundercomm.screensaver/android.service.dreams.DreamActivity]
11-29 07:54:54.275 1491 1599 I sysui_multi_action: [757,803,799,window_time_0,802,0]
11-29 07:54:54.277 9956 9956 I wm_on_restart_called: [254362067,com.android.launcher3.uioverrides.QuickstepLauncher,performRestartActivity]
11-29 07:54:54.278 9956 9956 I wm_on_start_called: [254362067,com.android.launcher3.uioverrides.QuickstepLauncher,handleStartActivity]
11-29 07:54:54.278 9956 9956 I wm_on_resume_called: [254362067,com.android.launcher3.uioverrides.QuickstepLauncher,RESUME_ACTIVITY]
11-29 07:54:54.278 9956 9956 I wm_on_top_resumed_gained_called: [254362067,com.android.launcher3.uioverrides.QuickstepLauncher,topWhenResuming]
11-29 07:54:54.287 16043 16059 W ContextImpl: Calling a method in the system process without a qualified user: android.app.ContextImpl.startService:1816 android.content.ContextWrapper.startService:774 com.thundercomm.gamemode.ingame.services.GameModeActionUtils.startGameModeService:93 com.thundercomm.gamemode.ingame.services.GameModeActionUtils.startGameModeEntry:21 com.thundercomm.gamemode.ingame.services.ActivityMonitoringService$1.onActivityLaunch:127
11-29 07:54:54.293 1491 1491 I GameModeConfig: Current uri is uri = content://com.thundercomm.gamemode.api/gamemode_settings/gamemode_isgaming
11-29 07:54:54.298 1491 1491 I GameModeConfig: isGameModeOn = false
11-29 07:54:54.299 1491 1491 I GameModeConfig: isGameModeOn = false
11-29 07:54:54.299 1491 1491 I GameModeConfig: isDisableVoice = true
11-29 07:54:54.300 1491 1600 I input_focus: [Focus request cd0514f com.android.launcher3/com.android.launcher3.uioverrides.QuickstepLauncher,reason=UpdateInputWindows]
11-29 07:54:54.302 1491 1607 I am_pss : [1900,10089,com.android.music,30775296,24342528,13312,141135872,0,4,8]
11-29 07:54:54.309 1491 1607 I am_pss : [29526,10099,com.tencent.tmgp.pubgmhd:xg_vip_service,13239296,7274496,13312,106967040,0,17,7]
11-29 07:54:54.330 1491 1693 I input_focus: [Focus entering cd0514f com.android.launcher3/com.android.launcher3.uioverrides.QuickstepLauncher (server),reason=setFocusedWindow]
11-29 07:54:54.331 1491 1626 I PowerManagerService: Powering on display group fromDreaming (groupId=0, uid=1000, reason=WAKE_REASON_UNKNOWN, details=android.server.power:DREAM_FINISHED)...
11-29 07:54:54.331 1491 1626 I PowerManagerService: Waking up from Dreaming (uid=1000, reason=WAKE_REASON_UNKNOWN, details=android.server.power:DREAM_FINISHED)...
11-29 07:54:54.335 1491 1607 I am_pss : [27265,10097,com.tencent.android.qqdownloader,126017536,110497792,95232,202948608,0,4,13]
11-29 07:54:54.342 1491 1607 I am_pss : [2479,10068,com.android.gallery3d,8046592,5828608,13312,89903104,0,19,6]
11-29 07:54:54.364 16043 16059 W ContextImpl: Calling a method in the system process without a qualified user: android.app.ContextImpl.startService:1816 android.content.ContextWrapper.startService:774 com.thundercomm.gamemode.ingame.services.GameModeActionUtils.startGameModeService:93 com.thundercomm.gamemode.ingame.services.GameModeActionUtils.startGameModeEntry:21 com.thundercomm.gamemode.ingame.services.ActivityMonitoringService$1.onActivityLaunch:127
11-29 07:54:54.372 1491 1491 I GameModeConfig: Current uri is uri = content://com.thundercomm.gamemode.api/gamemode_settings/gamemode_isgaming
11-29 07:54:54.376 1491 1491 I GameModeConfig: isGameModeOn = false
11-29 07:54:54.376 1491 1491 I GameModeConfig: isGameModeOn = false
11-29 07:54:54.376 1491 1491 I GameModeConfig: isDisableVoice = true
11-29 07:54:54.567 1491 1599 I wm_destroy_activity: [0,20809254,249,com.thundercomm.screensaver/android.service.dreams.DreamActivity,finish-imm:idle]
11-29 07:54:54.579 16043 16059 W ContextImpl: Calling a method in the system process without a qualified user: android.app.ContextImpl.startService:1816 android.content.ContextWrapper.startService:774 com.thundercomm.gamemode.ingame.services.GameModeActionUtils.startGameModeService:93 com.thundercomm.gamemode.ingame.services.GameModeActionUtils.startGameModeEntry:21 com.thundercomm.gamemode.ingame.services.ActivityMonitoringService$1.onActivityLaunch:127
11-29 07:54:54.583 1491 1491 I GameModeConfig: Current uri is uri = content://com.thundercomm.gamemode.api/gamemode_settings/gamemode_isgaming
11-29 07:54:54.584 1491 1491 I GameModeConfig: isGameModeOn = false
11-29 07:54:54.585 1491 1491 I GameModeConfig: isGameModeOn = false
11-29 07:54:54.585 1491 1491 I GameModeConfig: isDisableVoice = true
11-29 07:54:54.603 2500 2500 I wm_on_stop_called: [20809254,android.service.dreams.DreamActivity,LIFECYCLER_STOP_ACTIVITY]
11-29 07:54:54.605 2500 2500 I wm_on_destroy_called: [20809254,android.service.dreams.DreamActivity,performDestroy]
11-29 07:54:54.608 1491 1772 I DreamManagerService: Leaving dreamland.
11-29 07:54:54.609 1491 1596 I DreamManagerService: Performing gentle wake from dream.
11-29 07:54:54.609 1491 1596 I DreamController: Stopping dream: name=ComponentInfo{com.thundercomm.screensaver/com.thundercomm.saverclock.service.ClockScreensaver}, isTest=false, canDoze=false, userId=0, reason='finished self'(from 'finished self')
11-29 07:54:54.609 1491 1596 I sysui_multi_action: [757,222,758,2]
11-29 07:54:54.609 1491 1596 I sysui_multi_action: [757,804,799,dreaming_minutes,801,0,802,1]
11-29 07:54:54.621 1491 10785 I wm_task_removed: [249,removeChild:removeChild last r=ActivityRecord{13d8626 u0 com.thundercomm.screensaver/android.service.dreams.DreamActivity t-1 f}} in t=Task{329e2e5 #249 type=dream A=10052:android:com.thundercomm.screensaver/dream U=0 visible=false mode=fullscreen translucent=true sz=0}]
11-29 07:54:54.621 1491 10785 I wm_task_removed: [249,removeChild]
11-29 07:54:54.624 1491 1600 W ActivityTaskManager: Can't find TaskDisplayArea to determine support for multi window. Task id=249 attached=false
11-29 07:54:55.079 0 0 I auditd : type=1400 audit(0.0:19254): avc: denied { kill } for comm="swapper/1" capability=5 scontext=u:r:kernel:s0 tcontext=u:r:kernel:s0 tclass=capability permissive=0
11-29 07:54:55.415 1491 1693 I input_interaction: Interaction with: cd0514f com.android.launcher3/com.android.launcher3.uioverrides.QuickstepLauncher (server), f50ccd7 com.android.systemui.ImageWallpaper (server), edge-swipe (server), swipe-up (server), PointerEventDispatcher0 (server),
11-29 07:54:55.504 1491 1772 I sysui_multi_action: [757,127,758,1]
11-29 07:54:55.504 1491 1772 I sysui_multi_action: [757,804,799,note_load,801,2,802,1]
11-29 07:54:55.505 1491 1772 I notification_panel_revealed: 2
11-29 07:54:55.525 1491 1600 I input_focus: [Focus request 2750200 NotificationShade,reason=UpdateInputWindows]
11-29 07:54:55.552 1491 1693 I input_focus: [Focus leaving cd0514f com.android.launcher3/com.android.launcher3.uioverrides.QuickstepLauncher (server),reason=setFocusedWindow]
11-29 07:54:55.552 1491 1693 I input_focus: [Focus entering 2750200 NotificationShade (server),reason=setFocusedWindow]
11-29 07:54:55.560 1491 1693 I input_interaction: Interaction with: cd0514f com.android.launcher3/com.android.launcher3.uioverrides.QuickstepLauncher (server), f50ccd7 com.android.systemui.ImageWallpaper (server), 2750200 NotificationShade (server), edge-swipe (server), swipe-up (server), PointerEventDispatcher0 (server),
11-29 07:54:55.560 9956 9956 I view_enqueue_input_event: [Motion - Cancel,com.android.launcher3/com.android.launcher3.uioverrides.QuickstepLauncher]
11-29 07:54:55.561 1491 1693 I input_interaction: Interaction with: f50ccd7 com.android.systemui.ImageWallpaper (server), 2750200 NotificationShade (server), edge-swipe (server), swipe-up (server), PointerEventDispatcher0 (server),
11-29 07:54:55.562 2164 2164 I sysui_multi_action: [757,803,799,panel_open,802,1]
11-29 07:54:55.563 2164 2164 I sysui_multi_action: [757,1328,758,4,1326,50,1327,88,1329,0]
11-29 07:54:55.564 1491 1760 I GameModeConfig: isGameModeOn = false
11-29 07:54:55.565 1491 1760 I GameModeConfig: isGameModeOn = false
11-29 07:54:55.565 1491 1760 I GameModeConfig: isGameModeOn = false
11-29 07:54:55.565 1491 1760 I GameModeConfig: isGameModeOn = false
11-29 07:54:55.565 1491 1760 I GameModeConfig: isGameModeOn = false
11-29 07:54:55.565 1491 1760 I GameModeConfig: isGameModeOn = false
11-29 07:54:55.566 1491 1760 I GameModeConfig: isGameModeOn = false
11-29 07:54:55.566 1491 1760 I GameModeConfig: isGameModeOn = false
11-29 07:54:55.572 2164 2164 I sysui_multi_action: [757,111,758,2]
11-29 07:54:55.572 2164 2164 I sysui_multi_action: [757,111,758,2]
11-29 07:54:55.572 1491 1491 I notification_enqueue: [10082,2164,com.android.systemui,2048,NULL,0,Notification(channel=updateNotification shortcut=null contentView=null vibrate=null sound=null defaults=0x0 flags=0x0 color=0x00000000 vis=PRIVATE),1]
11-29 07:54:55.576 2164 2164 I sysui_multi_action: [757,111,758,1]
11-29 07:54:55.576 2164 2164 I sysui_multi_action: [757,126,758,1,759,126,927,0,928,1,1593,0]
11-29 07:54:55.576 2164 2164 I sysui_multi_action: [757,113,758,1,759,113,927,1,928,1,1593,0]
11-29 07:54:55.576 2164 2164 I sysui_multi_action: [757,0,758,1,759,0,927,2,928,0,1593,0]
11-29 07:54:55.576 2164 2164 I sysui_multi_action: [757,0,758,1,759,0,927,3,928,0,1593,0]
11-29 07:54:55.577 2164 2164 I sysui_multi_action: [757,491,758,1,759,491,927,4,928,0,1311,-1,1593,0]
11-29 07:54:55.577 2164 2164 I sysui_multi_action: [757,0,758,1,759,0,927,5,928,0,1593,0]
11-29 07:54:55.577 2164 2164 I sysui_multi_action: [757,111,758,1]
11-29 07:54:55.577 2164 2164 I sysui_multi_action: [757,126,758,1,759,126,927,0,928,1,1593,0]
11-29 07:54:55.577 2164 2164 I sysui_multi_action: [757,113,758,1,759,113,927,1,928,1,1593,0]
11-29 07:54:55.577 2164 2164 I sysui_multi_action: [757,0,758,1,759,0,927,2,928,0,1593,0]
11-29 07:54:55.577 2164 2164 I sysui_multi_action: [757,0,758,1,759,0,927,3,928,0,1593,0]
11-29 07:54:55.587 1491 1760 I GameModeConfig: isGameModeOn = false
11-29 07:54:55.587 1491 1760 I GameModeConfig: isGameModeOn = false
11-29 07:54:55.588 1491 1760 I GameModeConfig: isGameModeOn = false
11-29 07:54:55.588 1491 1760 I GameModeConfig: isGameModeOn = false
11-29 07:54:55.588 1491 1760 I GameModeConfig: isGameModeOn = false
11-29 07:54:55.588 1491 1760 I GameModeConfig: isGameModeOn = false
11-29 07:54:55.588 1491 1760 I GameModeConfig: isGameModeOn = false
11-29 07:54:55.588 1491 1760 I GameModeConfig: isGameModeOn = false
11-29 07:54:55.589 2164 2164 I sysui_multi_action: [757,111,758,2]
11-29 07:54:55.589 2164 2164 I sysui_multi_action: [757,111,758,2]
11-29 07:54:55.590 1491 1491 I notification_enqueue: [10082,2164,com.android.systemui,2048,NULL,0,Notification(channel=updateNotification shortcut=null contentView=null vibrate=null sound=null defaults=0x0 flags=0x0 color=0x00000000 vis=PRIVATE),1]
11-29 07:54:55.592 2164 2164 I sysui_multi_action: [757,111,758,1]
11-29 07:54:55.593 2164 2164 I sysui_multi_action: [757,126,758,1,759,126,927,0,928,1,1593,0]
11-29 07:54:55.593 2164 2164 I sysui_multi_action: [757,113,758,1,759,113,927,1,928,1,1593,0]
11-29 07:54:55.593 2164 2164 I sysui_multi_action: [757,0,758,1,759,0,927,2,928,0,1593,0]
11-29 07:54:55.593 2164 2164 I sysui_multi_action: [757,0,758,1,759,0,927,3,928,0,1593,0]
11-29 07:54:55.593 2164 2164 I sysui_multi_action: [757,491,758,1,759,491,927,4,928,0,1311,-1,1593,0]
11-29 07:54:55.593 2164 2164 I sysui_multi_action: [757,0,758,1,759,0,927,5,928,0,1593,0]
11-29 07:54:55.593 2164 2164 I sysui_multi_action: [757,111,758,1]
11-29 07:54:55.593 2164 2164 I sysui_multi_action: [757,126,758,1,759,126,927,0,928,1,1593,0]
11-29 07:54:55.594 2164 2164 I sysui_multi_action: [757,113,758,1,759,113,927,1,928,1,1593,0]
11-29 07:54:55.594 2164 2164 I sysui_multi_action: [757,0,758,1,759,0,927,2,928,0,1593,0]
11-29 07:54:55.594 2164 2164 I sysui_multi_action: [757,0,758,1,759,0,927,3,928,0,1593,0]
11-29 07:54:55.602 1491 1760 I GameModeConfig: isGameModeOn = false
11-29 07:54:55.602 1491 1760 I GameModeConfig: isGameModeOn = false
11-29 07:54:55.602 1491 1760 I GameModeConfig: isGameModeOn = false
11-29 07:54:55.602 1491 1760 I GameModeConfig: isGameModeOn = false
11-29 07:54:55.602 1491 1760 I GameModeConfig: isGameModeOn = false
11-29 07:54:55.602 1491 1760 I GameModeConfig: isGameModeOn = false
11-29 07:54:55.602 1491 1760 I GameModeConfig: isGameModeOn = false
11-29 07:54:55.602 1491 1760 I GameModeConfig: isGameModeOn = false
11-29 07:54:55.604 2164 2164 I sysui_multi_action: [757,111,758,2]
11-29 07:54:55.604 2164 2164 I sysui_multi_action: [757,111,758,2]
11-29 07:54:55.604 1491 1491 I notification_enqueue: [10082,2164,com.android.systemui,2048,NULL,0,Notification(channel=updateNotification shortcut=null contentView=null vibrate=null sound=null defaults=0x0 flags=0x0 color=0x00000000 vis=PRIVATE),1]
11-29 07:54:55.607 2164 2164 I sysui_multi_action: [757,111,758,1]
11-29 07:54:55.607 2164 2164 I sysui_multi_action: [757,126,758,1,759,126,927,0,928,1,1593,0]
11-29 07:54:55.607 2164 2164 I sysui_multi_action: [757,113,758,1,759,113,927,1,928,1,1593,0]
11-29 07:54:55.607 2164 2164 I sysui_multi_action: [757,0,758,1,759,0,927,2,928,0,1593,0]
11-29 07:54:55.607 2164 2164 I sysui_multi_action: [757,0,758,1,759,0,927,3,928,0,1593,0]
11-29 07:54:55.608 2164 2164 I sysui_multi_action: [757,491,758,1,759,491,927,4,928,0,1311,-1,1593,0]
11-29 07:54:55.608 2164 2164 I sysui_multi_action: [757,0,758,1,759,0,927,5,928,0,1593,0]
11-29 07:54:55.608 2164 2164 I sysui_multi_action: [757,111,758,1]
11-29 07:54:55.608 2164 2164 I sysui_multi_action: [757,126,758,1,759,126,927,0,928,1,1593,0]
11-29 07:54:55.608 2164 2164 I sysui_multi_action: [757,113,758,1,759,113,927,1,928,1,1593,0]
11-29 07:54:55.608 2164 2164 I sysui_multi_action: [757,0,758,1,759,0,927,2,928,0,1593,0]
11-29 07:54:55.608 2164 2164 I sysui_multi_action: [757,0,758,1,759,0,927,3,928,0,1593,0]
11-29 07:54:55.632 1491 1760 I GameModeConfig: isGameModeOn = false
11-29 07:54:55.632 1491 1760 I GameModeConfig: isGameModeOn = false
11-29 07:54:55.632 1491 1760 I GameModeConfig: isGameModeOn = false
11-29 07:54:55.632 1491 1760 I GameModeConfig: isGameModeOn = false
11-29 07:54:55.632 1491 1760 I GameModeConfig: isGameModeOn = false
11-29 07:54:55.632 1491 1760 I GameModeConfig: isGameModeOn = false
11-29 07:54:55.633 1491 1760 I GameModeConfig: isGameModeOn = false
11-29 07:54:55.633 1491 1760 I GameModeConfig: isGameModeOn = false
11-29 07:54:55.635 2164 2164 I sysui_multi_action: [757,111,758,2]
11-29 07:54:55.635 2164 2164 I sysui_multi_action: [757,111,758,2]
11-29 07:54:55.635 1491 1491 I notification_enqueue: [10082,2164,com.android.systemui,2048,NULL,0,Notification(channel=updateNotification shortcut=null contentView=null vibrate=null sound=null defaults=0x0 flags=0x0 color=0x00000000 vis=PRIVATE),1]
11-29 07:54:55.638 2164 2164 I sysui_multi_action: [757,111,758,1]
11-29 07:54:55.638 2164 2164 I sysui_multi_action: [757,126,758,1,759,126,927,0,928,1,1593,0]
11-29 07:54:55.638 2164 2164 I sysui_multi_action: [757,113,758,1,759,113,927,1,928,1,1593,0]
11-29 07:54:55.639 2164 2164 I sysui_multi_action: [757,0,758,1,759,0,927,2,928,0,1593,0]
11-29 07:54:55.639 2164 2164 I sysui_multi_action: [757,0,758,1,759,0,927,3,928,0,1593,0]
11-29 07:54:55.639 2164 2164 I sysui_multi_action: [757,491,758,1,759,491,927,4,928,0,1311,-1,1593,0]
11-29 07:54:55.639 2164 2164 I sysui_multi_action: [757,0,758,1,759,0,927,5,928,0,1593,0]
11-29 07:54:55.639 2164 2164 I sysui_multi_action: [757,111,758,1]
11-29 07:54:55.639 2164 2164 I sysui_multi_action: [757,126,758,1,759,126,927,0,928,1,1593,0]
11-29 07:54:55.639 2164 2164 I sysui_multi_action: [757,113,758,1,759,113,927,1,928,1,1593,0]
11-29 07:54:55.639 2164 2164 I sysui_multi_action: [757,0,758,1,759,0,927,2,928,0,1593,0]
11-29 07:54:55.639 2164 2164 I sysui_multi_action: [757,0,758,1,759,0,927,3,928,0,1593,0]
11-29 07:54:55.650 1491 1760 I GameModeConfig: isGameModeOn = false
11-29 07:54:55.650 1491 1760 I GameModeConfig: isGameModeOn = false
11-29 07:54:55.650 1491 1760 I GameModeConfig: isGameModeOn = false
11-29 07:54:55.650 1491 1760 I GameModeConfig: isGameModeOn = false
11-29 07:54:55.651 1491 1760 I GameModeConfig: isGameModeOn = false
11-29 07:54:55.651 1491 1760 I GameModeConfig: isGameModeOn = false
11-29 07:54:55.651 1491 1760 I GameModeConfig: isGameModeOn = false
11-29 07:54:55.651 1491 1760 I GameModeConfig: isGameModeOn = false
11-29 07:54:55.652 2164 2164 I sysui_multi_action: [757,111,758,2]
11-29 07:54:55.652 1491 1491 I notification_enqueue: [10082,2164,com.android.systemui,2048,NULL,0,Notification(channel=updateNotification shortcut=null contentView=null vibrate=null sound=null defaults=0x0 flags=0x0 color=0x00000000 vis=PRIVATE),1]
11-29 07:54:55.652 2164 2164 I sysui_multi_action: [757,111,758,2]
11-29 07:54:55.662 2164 2164 I sysui_multi_action: [757,111,758,1]
11-29 07:54:55.662 2164 2164 I sysui_multi_action: [757,126,758,1,759,126,927,0,928,1,1593,0]
11-29 07:54:55.662 2164 2164 I sysui_multi_action: [757,113,758,1,759,113,927,1,928,1,1593,0]
11-29 07:54:55.662 2164 2164 I sysui_multi_action: [757,0,758,1,759,0,927,2,928,0,1593,0]
11-29 07:54:55.663 2164 2164 I sysui_multi_action: [757,0,758,1,759,0,927,3,928,0,1593,0]
11-29 07:54:55.663 2164 2164 I sysui_multi_action: [757,491,758,1,759,491,927,4,928,0,1311,-1,1593,0]
11-29 07:54:55.663 2164 2164 I sysui_multi_action: [757,0,758,1,759,0,927,5,928,0,1593,0]
11-29 07:54:55.663 2164 2164 I sysui_multi_action: [757,111,758,1]
11-29 07:54:55.663 2164 2164 I sysui_multi_action: [757,126,758,1,759,126,927,0,928,1,1593,0]
11-29 07:54:55.663 2164 2164 I sysui_multi_action: [757,113,758,1,759,113,927,1,928,1,1593,0]
11-29 07:54:55.664 2164 2164 I sysui_multi_action: [757,0,758,1,759,0,927,2,928,0,1593,0]
11-29 07:54:55.664 2164 2164 I sysui_multi_action: [757,0,758,1,759,0,927,3,928,0,1593,0]
11-29 07:54:55.675 1491 1760 I GameModeConfig: isGameModeOn = false
11-29 07:54:55.675 1491 1760 I GameModeConfig: isGameModeOn = false
11-29 07:54:55.675 1491 1760 I GameModeConfig: isGameModeOn = false
11-29 07:54:55.676 1491 1760 I GameModeConfig: isGameModeOn = false
11-29 07:54:55.676 1491 1760 I GameModeConfig: isGameModeOn = false
11-29 07:54:55.676 1491 1760 I GameModeConfig: isGameModeOn = false
11-29 07:54:55.676 1491 1760 I GameModeConfig: isGameModeOn = false
11-29 07:54:55.676 1491 1760 I GameModeConfig: isGameModeOn = false
11-29 07:54:55.677 2164 2164 I sysui_multi_action: [757,111,758,2]
11-29 07:54:55.677 1491 1491 I notification_enqueue: [10082,2164,com.android.systemui,2048,NULL,0,Notification(channel=updateNotification shortcut=null contentView=null vibrate=null sound=null defaults=0x0 flags=0x0 color=0x00000000 vis=PRIVATE),1]
11-29 07:54:55.677 2164 2164 I sysui_multi_action: [757,111,758,2]
11-29 07:54:55.687 2164 2164 I sysui_multi_action: [757,111,758,1]
11-29 07:54:55.688 2164 2164 I sysui_multi_action: [757,126,758,1,759,126,927,0,928,1,1593,0]
11-29 07:54:55.688 2164 2164 I sysui_multi_action: [757,113,758,1,759,113,927,1,928,1,1593,0]
11-29 07:54:55.688 2164 2164 I sysui_multi_action: [757,0,758,1,759,0,927,2,928,0,1593,0]
11-29 07:54:55.688 2164 2164 I sysui_multi_action: [757,0,758,1,759,0,927,3,928,0,1593,0]
11-29 07:54:55.688 2164 2164 I sysui_multi_action: [757,491,758,1,759,491,927,4,928,0,1311,-1,1593,0]
11-29 07:54:55.688 2164 2164 I sysui_multi_action: [757,0,758,1,759,0,927,5,928,0,1593,0]
11-29 07:54:55.688 2164 2164 I sysui_multi_action: [757,111,758,1]
11-29 07:54:55.689 2164 2164 I sysui_multi_action: [757,126,758,1,759,126,927,0,928,1,1593,0]
11-29 07:54:55.689 2164 2164 I sysui_multi_action: [757,113,758,1,759,113,927,1,928,1,1593,0]
11-29 07:54:55.689 2164 2164 I sysui_multi_action: [757,0,758,1,759,0,927,2,928,0,1593,0]
11-29 07:54:55.689 2164 2164 I sysui_multi_action: [757,0,758,1,759,0,927,3,928,0,1593,0]
11-29 07:54:55.701 2164 2164 I sysui_multi_action: [757,111,758,2]
11-29 07:54:55.701 2164 2164 I sysui_multi_action: [757,111,758,2]
11-29 07:54:55.703 1491 1491 I notification_enqueue: [10082,2164,com.android.systemui,2048,NULL,0,Notification(channel=updateNotification shortcut=null contentView=null vibrate=null sound=null defaults=0x0 flags=0x0 color=0x00000000 vis=PRIVATE),1]
11-29 07:54:55.704 1491 1760 I GameModeConfig: isGameModeOn = false
11-29 07:54:55.704 1491 1760 I GameModeConfig: isGameModeOn = false
11-29 07:54:55.704 1491 1760 I GameModeConfig: isGameModeOn = false
11-29 07:54:55.704 1491 1760 I GameModeConfig: isGameModeOn = false
11-29 07:54:55.704 1491 1760 I GameModeConfig: isGameModeOn = false
11-29 07:54:55.704 2164 2164 I sysui_multi_action: [757,111,758,1]
11-29 07:54:55.704 1491 1760 I GameModeConfig: isGameModeOn = false
11-29 07:54:55.705 1491 1760 I GameModeConfig: isGameModeOn = false
11-29 07:54:55.705 2164 2164 I sysui_multi_action: [757,126,758,1,759,126,927,0,928,1,1593,0]
11-29 07:54:55.705 2164 2164 I sysui_multi_action: [757,113,758,1,759,113,927,1,928,1,1593,0]
11-29 07:54:55.705 1491 1760 I GameModeConfig: isGameModeOn = false
11-29 07:54:55.705 2164 2164 I sysui_multi_action: [757,0,758,1,759,0,927,2,928,0,1593,0]
11-29 07:54:55.705 2164 2164 I sysui_multi_action: [757,0,758,1,759,0,927,3,928,0,1593,0]
11-29 07:54:55.705 2164 2164 I sysui_multi_action: [757,491,758,1,759,491,927,4,928,0,1311,-1,1593,0]
11-29 07:54:55.705 2164 2164 I sysui_multi_action: [757,0,758,1,759,0,927,5,928,0,1593,0]
11-29 07:54:55.706 2164 2164 I sysui_multi_action: [757,111,758,1]
11-29 07:54:55.706 2164 2164 I sysui_multi_action: [757,126,758,1,759,126,927,0,928,1,1593,0]
11-29 07:54:55.706 2164 2164 I sysui_multi_action: [757,113,758,1,759,113,927,1,928,1,1593,0]
11-29 07:54:55.706 2164 2164 I sysui_multi_action: [757,0,758,1,759,0,927,2,928,0,1593,0]
11-29 07:54:55.706 2164 2164 I sysui_multi_action: [757,0,758,1,759,0,927,3,928,0,1593,0]
11-29 07:54:55.715 1491 1760 I GameModeConfig: isGameModeOn = false
11-29 07:54:55.716 1491 1760 I GameModeConfig: isGameModeOn = false
11-29 07:54:55.717 1491 1760 I GameModeConfig: isGameModeOn = false
11-29 07:54:55.717 1491 1760 I GameModeConfig: isGameModeOn = false
11-29 07:54:55.717 1491 1760 I GameModeConfig: isGameModeOn = false
11-29 07:54:55.717 1491 1760 I GameModeConfig: isGameModeOn = false
11-29 07:54:55.717 1491 1760 I GameModeConfig: isGameModeOn = false
11-29 07:54:55.717 1491 1760 I GameModeConfig: isGameModeOn = false
11-29 07:54:55.718 2164 2164 I sysui_multi_action: [757,111,758,2]
11-29 07:54:55.718 1491 1491 I notification_enqueue: [10082,2164,com.android.systemui,2048,NULL,0,Notification(channel=updateNotification shortcut=null contentView=null vibrate=null sound=null defaults=0x0 flags=0x0 color=0x00000000 vis=PRIVATE),1]
11-29 07:54:55.718 2164 2164 I sysui_multi_action: [757,111,758,2]
11-29 07:54:55.722 2164 2164 I sysui_multi_action: [757,111,758,1]
11-29 07:54:55.722 2164 2164 I sysui_multi_action: [757,126,758,1,759,126,927,0,928,1,1593,0]
11-29 07:54:55.723 2164 2164 I sysui_multi_action: [757,113,758,1,759,113,927,1,928,1,1593,0]
11-29 07:54:55.723 2164 2164 I sysui_multi_action: [757,0,758,1,759,0,927,2,928,0,1593,0]
11-29 07:54:55.723 2164 2164 I sysui_multi_action: [757,0,758,1,759,0,927,3,928,0,1593,0]
11-29 07:54:55.723 2164 2164 I sysui_multi_action: [757,491,758,1,759,491,927,4,928,0,1311,-1,1593,0]
11-29 07:54:55.723 2164 2164 I sysui_multi_action: [757,0,758,1,759,0,927,5,928,0,1593,0]
11-29 07:54:55.723 2164 2164 I sysui_multi_action: [757,111,758,1]
11-29 07:54:55.723 2164 2164 I sysui_multi_action: [757,126,758,1,759,126,927,0,928,1,1593,0]
11-29 07:54:55.723 2164 2164 I sysui_multi_action: [757,113,758,1,759,113,927,1,928,1,1593,0]
11-29 07:54:55.724 2164 2164 I sysui_multi_action: [757,0,758,1,759,0,927,2,928,0,1593,0]
11-29 07:54:55.724 2164 2164 I sysui_multi_action: [757,0,758,1,759,0,927,3,928,0,1593,0]
11-29 07:54:55.731 1491 1760 I GameModeConfig: isGameModeOn = false
11-29 07:54:55.731 1491 1760 I GameModeConfig: isGameModeOn = false
11-29 07:54:55.731 1491 1760 I GameModeConfig: isGameModeOn = false
11-29 07:54:55.731 1491 1760 I GameModeConfig: isGameModeOn = false
11-29 07:54:55.732 1491 1760 I GameModeConfig: isGameModeOn = false
11-29 07:54:55.732 1491 1760 I GameModeConfig: isGameModeOn = false
11-29 07:54:55.732 1491 1760 I GameModeConfig: isGameModeOn = false
11-29 07:54:55.732 1491 1760 I GameModeConfig: isGameModeOn = false
11-29 07:54:55.733 2164 2164 I sysui_multi_action: [757,111,758,2]
11-29 07:54:55.733 2164 2164 I sysui_multi_action: [757,111,758,2]
11-29 07:54:55.733 1491 1491 I notification_enqueue: [10082,2164,com.android.systemui,2048,NULL,0,Notification(channel=updateNotification shortcut=null contentView=null vibrate=null sound=null defaults=0x0 flags=0x0 color=0x00000000 vis=PRIVATE),1]
11-29 07:54:55.742 1491 1600 I input_focus: [Focus request cd0514f com.android.launcher3/com.android.launcher3.uioverrides.QuickstepLauncher,reason=UpdateInputWindows]
11-29 07:54:55.743 2164 2164 I sysui_multi_action: [757,111,758,1]
11-29 07:54:55.743 2164 2164 I sysui_multi_action: [757,126,758,1,759,126,927,0,928,1,1593,0]
11-29 07:54:55.743 2164 2164 I sysui_multi_action: [757,113,758,1,759,113,927,1,928,1,1593,0]
11-29 07:54:55.743 2164 2164 I sysui_multi_action: [757,0,758,1,759,0,927,2,928,0,1593,0]
11-29 07:54:55.743 2164 2164 I sysui_multi_action: [757,0,758,1,759,0,927,3,928,0,1593,0]
11-29 07:54:55.744 2164 2164 I sysui_multi_action: [757,491,758,1,759,491,927,4,928,0,1311,-1,1593,0]
11-29 07:54:55.744 2164 2164 I sysui_multi_action: [757,0,758,1,759,0,927,5,928,0,1593,0]
11-29 07:54:55.744 2164 2164 I sysui_multi_action: [757,111,758,1]
11-29 07:54:55.744 2164 2164 I sysui_multi_action: [757,126,758,1,759,126,927,0,928,1,1593,0]
11-29 07:54:55.744 2164 2164 I sysui_multi_action: [757,113,758,1,759,113,927,1,928,1,1593,0]
11-29 07:54:55.744 2164 2164 I sysui_multi_action: [757,0,758,1,759,0,927,2,928,0,1593,0]
11-29 07:54:55.744 2164 2164 I sysui_multi_action: [757,0,758,1,759,0,927,3,928,0,1593,0]
11-29 07:54:55.751 2164 2164 I sysui_multi_action: [757,111,758,2]
11-29 07:54:55.751 2164 2164 I sysui_multi_action: [757,111,758,2]
11-29 07:54:55.752 1491 1491 I notification_enqueue: [10082,2164,com.android.systemui,2048,NULL,0,Notification(channel=updateNotification shortcut=null contentView=null vibrate=null sound=null defaults=0x0 flags=0x0 color=0x00000000 vis=PRIVATE),1]
11-29 07:54:55.754 1491 1760 I GameModeConfig: isGameModeOn = false
11-29 07:54:55.754 1491 1760 I GameModeConfig: isGameModeOn = false
11-29 07:54:55.754 1491 1760 I GameModeConfig: isGameModeOn = false
11-29 07:54:55.754 1491 1760 I GameModeConfig: isGameModeOn = false
11-29 07:54:55.754 1491 1760 I GameModeConfig: isGameModeOn = false
11-29 07:54:55.754 1491 1760 I GameModeConfig: isGameModeOn = false
11-29 07:54:55.754 1491 9950 I sysui_multi_action: [757,127,758,2]
11-29 07:54:55.755 1491 1760 I GameModeConfig: isGameModeOn = false
11-29 07:54:55.755 1491 9950 I notification_panel_hidden:
11-29 07:54:55.755 1491 1760 I GameModeConfig: isGameModeOn = false
11-29 07:54:55.765 2164 2164 I sysui_multi_action: [757,111,758,1]
11-29 07:54:55.765 2164 2164 I sysui_multi_action: [757,126,758,1,759,126,927,0,928,1,1593,0]
11-29 07:54:55.765 2164 2164 I sysui_multi_action: [757,113,758,1,759,113,927,1,928,1,1593,0]
11-29 07:54:55.765 2164 2164 I sysui_multi_action: [757,0,758,1,759,0,927,2,928,0,1593,0]
11-29 07:54:55.765 2164 2164 I sysui_multi_action: [757,0,758,1,759,0,927,3,928,0,1593,0]
11-29 07:54:55.766 2164 2164 I sysui_multi_action: [757,491,758,1,759,491,927,4,928,0,1311,-1,1593,0]
11-29 07:54:55.766 2164 2164 I sysui_multi_action: [757,0,758,1,759,0,927,5,928,0,1593,0]
11-29 07:54:55.766 2164 2164 I sysui_multi_action: [757,111,758,1]
11-29 07:54:55.766 2164 2164 I sysui_multi_action: [757,126,758,1,759,126,927,0,928,1,1593,0]
11-29 07:54:55.766 2164 2164 I sysui_multi_action: [757,113,758,1,759,113,927,1,928,1,1593,0]
11-29 07:54:55.766 2164 2164 I sysui_multi_action: [757,0,758,1,759,0,927,2,928,0,1593,0]
11-29 07:54:55.766 2164 2164 I sysui_multi_action: [757,0,758,1,759,0,927,3,928,0,1593,0]
11-29 07:54:55.769 1491 1693 I input_focus: [Focus leaving 2750200 NotificationShade (server),reason=NO_WINDOW]
11-29 07:54:55.769 1491 1693 I input_focus: [Focus entering cd0514f com.android.launcher3/com.android.launcher3.uioverrides.QuickstepLauncher (server),reason=setFocusedWindow]
11-29 07:54:55.777 1491 1491 I GameModeConfig: isGameModeOn = false
11-29 07:54:55.778 1491 1491 I sysui_multi_action: [757,1501,758,1,793,16853039,794,0,795,213,796,2048,806,com.android.systemui,857,updateNotification,858,3,947,0,1500,0,1688,1]
11-29 07:54:55.778 1491 1491 I sysui_multi_action: [757,804,799,note_interruptive,801,0,802,1]
11-29 07:54:55.778 1491 1491 I sysui_multi_action: [757,199,758,1,759,2,793,16853039,794,0,795,213,796,2048,806,com.android.systemui,857,updateNotification,858,3,947,0,1500,0,1688,1]
11-29 07:54:55.780 1491 1491 I notification_alert: [0|com.android.systemui|2048|null|10082,0,1,0]
11-29 07:54:55.781 1491 1491 W NotificationHistory: Attempted to add notif for locked/gone/disabled user 0
11-29 07:54:55.791 1491 1491 I GameModeConfig: isGameModeOn = false
11-29 07:54:55.792 1491 1491 E NotificationService: Muting recently noisy 0|com.android.systemui|2048|null|10082
11-29 07:54:55.806 1491 1491 I GameModeConfig: isGameModeOn = false
11-29 07:54:55.807 1491 1491 E NotificationService: Muting recently noisy 0|com.android.systemui|2048|null|10082
11-29 07:54:55.836 1491 1491 I GameModeConfig: isGameModeOn = false
11-29 07:54:55.837 1491 1491 E NotificationService: Muting recently noisy 0|com.android.systemui|2048|null|10082
11-29 07:54:55.854 1491 1491 I GameModeConfig: isGameModeOn = false
11-29 07:54:55.854 1491 1491 E NotificationService: Muting recently noisy 0|com.android.systemui|2048|null|10082
11-29 07:54:55.879 1491 1491 I GameModeConfig: isGameModeOn = false
11-29 07:54:55.879 1491 1491 E NotificationService: Muting recently noisy 0|com.android.systemui|2048|null|10082
11-29 07:54:55.904 1491 1491 I GameModeConfig: isGameModeOn = false
11-29 07:54:55.906 1491 1491 E NotificationService: Muting recently noisy 0|com.android.systemui|2048|null|10082
11-29 07:54:55.919 1491 1491 I GameModeConfig: isGameModeOn = false
11-29 07:54:55.919 1491 1491 E NotificationService: Muting recently noisy 0|com.android.systemui|2048|null|10082
11-29 07:54:55.934 1491 1491 I GameModeConfig: isGameModeOn = false
11-29 07:54:55.935 1491 1491 E NotificationService: Muting recently noisy 0|com.android.systemui|2048|null|10082
11-29 07:54:55.954 1491 1491 I GameModeConfig: isGameModeOn = false
11-29 07:54:55.954 1491 1491 E NotificationService: Muting recently noisy 0|com.android.systemui|2048|null|10082
11-29 07:54:56.079 0 0 I auditd : type=1400 audit(0.0:19255): avc: denied { kill } for comm="swapper/1" capability=5 scontext=u:r:kernel:s0 tcontext=u:r:kernel:s0 tclass=capability permissive=0
11-29 07:54:56.717 1491 1693 I input_interaction: Interaction with: cd0514f com.android.launcher3/com.android.launcher3.uioverrides.QuickstepLauncher (server), f50ccd7 com.android.systemui.ImageWallpaper (server), edge-swipe (server), swipe-up (server), PointerEventDispatcher0 (server),
11-29 07:54:56.787 1491 2060 I ActivityTaskManager: START u0 {act=android.intent.action.MAIN cat=[android.intent.category.LAUNCHER] flg=0x10200000 cmp=com.miHoYo.Yuanshen/com.miHoYo.GetMobileInfo.MainActivity bnds=[1017,400][1319,680]} from uid 10077
11-29 07:54:56.796 1491 2060 I wm_task_created: [250,-1]
11-29 07:54:56.796 1491 2060 W ActivityTaskManager: Can't find TaskDisplayArea to determine support for multi window. Task id=250 attached=false
11-29 07:54:56.800 1491 2060 D CompatibilityChangeReporter: Compat change id reported: 174042980; UID 10098; state: DISABLED
11-29 07:54:56.800 1491 2060 D CompatibilityChangeReporter: Compat change id reported: 184838306; UID 10098; state: DISABLED
11-29 07:54:56.801 1491 2060 D CompatibilityChangeReporter: Compat change id reported: 185004937; UID 10098; state: DISABLED
11-29 07:54:56.802 1491 2060 D CompatibilityChangeReporter: Compat change id reported: 181136395; UID 10098; state: DISABLED
11-29 07:54:56.803 1491 2060 D CompatibilityChangeReporter: Compat change id reported: 174042936; UID 10098; state: DISABLED
11-29 07:54:56.804 1491 2060 I wm_task_moved: [250,1,10]
11-29 07:54:56.804 1491 2060 I wm_task_to_front: [0,250]
11-29 07:54:56.805 1491 2060 I wm_create_task: [0,250]
11-29 07:54:56.805 1491 2060 I wm_create_activity: [0,216657957,250,com.miHoYo.Yuanshen/com.miHoYo.GetMobileInfo.MainActivity,android.intent.action.MAIN,NULL,NULL,270532608]
11-29 07:54:56.805 1491 2060 I wm_task_moved: [250,1,10]
11-29 07:54:56.812 1491 2060 D CompatibilityChangeReporter: Compat change id reported: 168419799; UID 10098; state: DISABLED
11-29 07:54:56.814 1491 2060 I wm_pause_activity: [0,254362067,com.android.launcher3/.uioverrides.QuickstepLauncher,userLeaving=true,pauseBackTasks]
11-29 07:54:56.823 1491 1599 I am_uid_running: 10098
11-29 07:54:56.824 1491 1599 D CompatibilityChangeReporter: Compat change id reported: 135634846; UID 10098; state: DISABLED
11-29 07:54:56.824 1491 1599 D CompatibilityChangeReporter: Compat change id reported: 177438394; UID 10098; state: DISABLED
11-29 07:54:56.824 1491 1599 D CompatibilityChangeReporter: Compat change id reported: 135772972; UID 10098; state: DISABLED
11-29 07:54:56.824 1491 1599 D CompatibilityChangeReporter: Compat change id reported: 135754954; UID 10098; state: ENABLED
11-29 07:54:56.824 1491 1609 D CompatibilityChangeReporter: Compat change id reported: 143937733; UID 10098; state: ENABLED
11-29 07:54:56.826 9956 9956 I wm_on_top_resumed_lost_called: [254362067,com.android.launcher3.uioverrides.QuickstepLauncher,topStateChangedWhenResumed]
11-29 07:54:56.826 9956 9956 I wm_on_paused_called: [254362067,com.android.launcher3.uioverrides.QuickstepLauncher,performPause]
11-29 07:54:56.827 1491 9950 I ActivityTaskManager: FOREGROUND_APPLICATION_CHANGED to com.miHoYo.GetMobileInfo.MainActivity
11-29 07:54:56.842 1491 9950 I wm_add_to_stopping: [0,254362067,com.android.launcher3/.uioverrides.QuickstepLauncher,makeInvisible]
11-29 07:54:56.847 1491 1609 I am_proc_start: [0,2567,10098,com.miHoYo.Yuanshen,pre-top-activity,{com.miHoYo.Yuanshen/com.miHoYo.GetMobileInfo.MainActivity}]
11-29 07:54:56.847 1491 1599 I sysui_multi_action: [757,803,799,window_time_0,802,3]
11-29 07:54:56.847 1491 1609 I ActivityManager: Start proc 2567:com.miHoYo.Yuanshen/u0a98 for pre-top-activity {com.miHoYo.Yuanshen/com.miHoYo.GetMobileInfo.MainActivity}
11-29 07:54:56.856 1491 2568 W ContextImpl: Calling a method in the system process without a qualified user: android.app.ContextImpl.sendBroadcast:1173 com.qualcomm.qti.Performance$SendGameLaunchBroadcast.run:217 java.lang.Thread.run:920
11-29 07:54:56.868 1491 9950 I am_proc_bound: [0,2567,com.miHoYo.Yuanshen]
11-29 07:54:56.870 1491 1693 I input_focus: [Focus leaving cd0514f com.android.launcher3/com.android.launcher3.uioverrides.QuickstepLauncher (server),reason=NO_WINDOW]
11-29 07:54:56.871 1491 9950 I wm_restart_activity: [0,216657957,250,com.miHoYo.Yuanshen/com.miHoYo.GetMobileInfo.MainActivity]
11-29 07:54:56.872 1491 9950 I wm_set_resumed_activity: [0,com.miHoYo.Yuanshen/com.miHoYo.GetMobileInfo.MainActivity,minimalResumeActivityLocked]
11-29 07:54:56.872 1491 1599 I am_uid_active: 10098
