11-29 07:52:56.084 30912 30912 I sysui_multi_action: [757,0,758,1,759,0,927,2,928,0,1593,0]
11-29 07:52:56.084 30912 30912 I sysui_multi_action: [757,0,758,1,759,0,927,3,928,0,1593,0]
11-29 07:52:56.231 1491 1491 I GameModeConfig: isGameModeOn = false
11-29 07:52:56.232 1491 1491 I sysui_multi_action: [757,1501,758,1,793,16733493,794,0,795,206,796,2048,806,com.android.systemui,857,updateNotification,858,3,947,0,1500,0,1688,1]
11-29 07:52:56.233 1491 1491 I sysui_multi_action: [757,804,799,note_interruptive,801,0,802,1]
11-29 07:52:56.233 1491 1491 I sysui_multi_action: [757,199,758,1,759,2,793,16733494,794,0,795,207,796,2048,806,com.android.systemui,857,updateNotification,858,3,947,0,1500,1,1688,1]
11-29 07:52:56.233 1491 1491 I notification_alert: [0|com.android.systemui|2048|null|10082,0,1,0]
11-29 07:52:56.235 1491 1491 W NotificationHistory: Attempted to add notif for locked/gone/disabled user 0
11-29 07:52:56.257 1491 1491 I GameModeConfig: isGameModeOn = false
11-29 07:52:56.257 1491 1491 E NotificationService: Muting recently noisy 0|com.android.systemui|2048|null|10082
11-29 07:52:56.280 1491 1491 I GameModeConfig: isGameModeOn = false
11-29 07:52:56.281 1491 1491 E NotificationService: Muting recently noisy 0|com.android.systemui|2048|null|10082
11-29 07:52:56.561 1491 2923 I sysui_multi_action: [757,128,758,1,793,15341333,794,0,795,15341333,796,26,798,0,806,android,857,DEVELOPER_IMPORTANT,858,4,947,0,1395,2,1500,15341128,1688,1]
11-29 07:52:56.561 1491 2923 I sysui_multi_action: [757,804,799,note_freshness,801,15341333,802,1]
11-29 07:52:56.561 1491 2923 I notification_visibility: [-1|android|26|null|1000,1,15341333,15341333,0,0]
11-29 07:52:56.561 1491 2923 I sysui_multi_action: [757,128,758,1,793,15341337,794,0,795,15341337,796,32,798,1,806,android,857,USB,858,1,947,0,1395,2,1500,15341134,1688,1]
11-29 07:52:56.561 1491 2923 I sysui_multi_action: [757,804,799,note_freshness,801,15341337,802,1]
11-29 07:52:56.561 1491 2923 I notification_visibility: [-1|android|32|null|1000,1,15341337,15341337,0,1]
11-29 07:52:57.004 1491 1491 I notification_enqueue: [10097,27146,com.tencent.android.qqdownloader,127,NULL,0,Notification(channel=channel_id_default_silent shortcut=null contentView=com.tencent.android.qqdownloader/0x7f0a01c2 vibrate=null sound=null defaults=0x0 flags=0x2a0 color=0x00000000 groupKey=com.tencent.android.qqdownloader vis=PRIVATE),1]
11-29 07:52:57.079 0 0 I auditd : type=1400 audit(0.0:19151): avc: denied { kill } for comm="swapper/0" capability=5 scontext=u:r:kernel:s0 tcontext=u:r:kernel:s0 tclass=capability permissive=0
11-29 07:52:57.206 1491 1491 I GameModeConfig: isGameModeOn = false
11-29 07:52:58.124 1491 1693 I input_interaction: Interaction with: 6b9abb7 NotificationShade (server), edge-swipe (server), swipe-up (server), PointerEventDispatcher0 (server),
11-29 07:52:58.145 1491 9316 I wm_task_moved: [32,0,0]
11-29 07:52:58.145 1491 9316 I wm_task_moved: [32,0,7]
11-29 07:52:58.186 30912 30912 I view_enqueue_input_event: [Motion - Cancel,NotificationShade]
11-29 07:52:58.187 1491 1693 I input_interaction: Interaction with: edge-swipe (server), swipe-up (server), PointerEventDispatcher0 (server),
11-29 07:52:58.189 9956 9956 I wm_on_restart_called: [254362067,com.android.launcher3.uioverrides.QuickstepLauncher,performRestartActivity]
11-29 07:52:58.203 16043 16059 W ContextImpl: Calling a method in the system process without a qualified user: android.app.ContextImpl.startService:1816 android.content.ContextWrapper.startService:774 com.thundercomm.gamemode.ingame.services.GameModeActionUtils.startGameModeService:93 com.thundercomm.gamemode.ingame.services.GameModeActionUtils.startGameModeEntry:21 com.thundercomm.gamemode.ingame.services.ActivityMonitoringService$1.onActivityLaunch:127
11-29 07:52:58.206 9956 9956 I wm_on_start_called: [254362067,com.android.launcher3.uioverrides.QuickstepLauncher,handleStartActivity]
11-29 07:52:58.208 1491 2923 W ActivityTaskManager: getTaskSnapshot: taskId=2217 not found
11-29 07:52:58.211 1491 1491 I GameModeConfig: Current uri is uri = content://com.thundercomm.gamemode.api/gamemode_settings/gamemode_isgaming
11-29 07:52:58.211 1491 1491 I am_uid_active: 10063
11-29 07:52:58.214 9956 9956 I sysui_latency: [1,90]
11-29 07:52:58.216 1491 1491 I GameModeConfig: isGameModeOn = false
11-29 07:52:58.220 1491 1491 I GameModeConfig: isGameModeOn = false
11-29 07:52:58.220 1491 1491 I GameModeConfig: isDisableVoice = true
11-29 07:52:58.224 1491 1760 I GameModeConfig: isGameModeOn = false
11-29 07:52:58.225 1491 1760 I GameModeConfig: isGameModeOn = false
11-29 07:52:58.235 1491 1693 I input_focus: [Focus leaving 6b9abb7 NotificationShade (server),reason=NOT_FOCUSABLE]
11-29 07:52:58.239 1491 1596 I sysui_multi_action: [319,23,322,83,325,16756,757,761,758,9,759,5,806,com.android.launcher3,871,com.android.launcher3.uioverrides.QuickstepLauncher,905,0,1320,8,1321,5]
11-29 07:52:58.241 1491 1760 I GameModeConfig: isGameModeOn = false
11-29 07:52:58.241 1491 1760 I GameModeConfig: isGameModeOn = false
11-29 07:52:58.242 1491 1760 I GameModeConfig: isGameModeOn = false
11-29 07:52:58.242 1491 1760 I GameModeConfig: isGameModeOn = false
11-29 07:52:58.242 1491 1760 I GameModeConfig: isGameModeOn = false
11-29 07:52:58.242 1491 1760 I GameModeConfig: isGameModeOn = false
11-29 07:52:58.243 30912 30912 I sysui_multi_action: [757,111,758,2]
11-29 07:52:58.243 30912 30912 I sysui_multi_action: [757,111,758,2]
11-29 07:52:58.244 1491 1491 I notification_enqueue: [10082,30912,com.android.systemui,2048,NULL,0,Notification(channel=updateNotification shortcut=null contentView=null vibrate=null sound=null defaults=0x0 flags=0x0 color=0x00000000 vis=PRIVATE),1]
11-29 07:52:58.246 30912 30912 I sysui_multi_action: [757,111,758,1]
11-29 07:52:58.246 30912 30912 I sysui_multi_action: [757,126,758,1,759,126,927,0,928,1,1593,0]
11-29 07:52:58.246 30912 30912 I sysui_multi_action: [757,113,758,1,759,113,927,1,928,1,1593,0]
11-29 07:52:58.246 30912 30912 I sysui_multi_action: [757,0,758,1,759,0,927,2,928,0,1593,0]
11-29 07:52:58.246 30912 30912 I sysui_multi_action: [757,0,758,1,759,0,927,3,928,0,1593,0]
11-29 07:52:58.249 30912 30912 I sysui_multi_action: [757,491,758,1,759,491,927,4,928,0,1311,-1,1593,1]
11-29 07:52:58.249 30912 30912 I sysui_multi_action: [757,0,758,1,759,0,927,5,928,0,1593,1]
11-29 07:52:58.249 30912 30912 I sysui_multi_action: [757,111,758,1]
11-29 07:52:58.249 30912 30912 I sysui_multi_action: [757,126,758,1,759,126,927,0,928,1,1593,0]
11-29 07:52:58.249 30912 30912 I sysui_multi_action: [757,113,758,1,759,113,927,1,928,1,1593,0]
11-29 07:52:58.249 30912 30912 I sysui_multi_action: [757,0,758,1,759,0,927,2,928,0,1593,0]
11-29 07:52:58.249 30912 30912 I sysui_multi_action: [757,0,758,1,759,0,927,3,928,0,1593,0]
11-29 07:52:58.322 1491 8786 W ActivityTaskManager: getTaskSnapshot: taskId=2217 not found
11-29 07:52:58.410 1491 1673 I commit_sys_config_file: [settings-1-0,6]
11-29 07:52:58.446 1491 1491 I GameModeConfig: isGameModeOn = false
11-29 07:52:58.448 1491 1491 I sysui_multi_action: [757,1501,758,1,793,16735709,794,0,795,224,796,2048,806,com.android.systemui,857,updateNotification,858,3,947,0,1500,0,1688,1]
11-29 07:52:58.448 1491 1491 I sysui_multi_action: [757,804,799,note_interruptive,801,0,802,1]
11-29 07:52:58.448 1491 1491 I sysui_multi_action: [757,199,758,1,759,2,793,16735709,794,0,795,224,796,2048,806,com.android.systemui,857,updateNotification,858,3,947,0,1500,0,1688,1]
11-29 07:52:58.448 1491 1491 I notification_alert: [0|com.android.systemui|2048|null|10082,0,1,0]
11-29 07:52:58.452 1491 1491 W NotificationHistory: Attempted to add notif for locked/gone/disabled user 0
11-29 07:52:58.470 1491 1760 I GameModeConfig: isGameModeOn = false
11-29 07:52:58.471 1491 1760 I GameModeConfig: isGameModeOn = false
11-29 07:52:58.471 1491 1760 I GameModeConfig: isGameModeOn = false
11-29 07:52:58.471 1491 1760 I GameModeConfig: isGameModeOn = false
11-29 07:52:58.472 1491 1760 I GameModeConfig: isGameModeOn = false
11-29 07:52:58.472 1491 1760 I GameModeConfig: isGameModeOn = false
11-29 07:52:58.472 1491 1760 I GameModeConfig: isGameModeOn = false
11-29 07:52:58.472 1491 1760 I GameModeConfig: isGameModeOn = false
11-29 07:52:58.476 30912 30912 I sysui_multi_action: [757,111,758,2]
11-29 07:52:58.476 30912 30912 I sysui_multi_action: [757,111,758,2]
11-29 07:52:58.476 1491 1491 I notification_enqueue: [10082,30912,com.android.systemui,2048,NULL,0,Notification(channel=updateNotification shortcut=null contentView=null vibrate=null sound=null defaults=0x0 flags=0x0 color=0x00000000 vis=PRIVATE),1]
11-29 07:52:58.488 30912 30912 I sysui_multi_action: [757,111,758,1]
11-29 07:52:58.488 30912 30912 I sysui_multi_action: [757,126,758,1,759,126,927,0,928,1,1593,1]
11-29 07:52:58.488 30912 30912 I sysui_multi_action: [757,113,758,1,759,113,927,1,928,1,1593,1]
11-29 07:52:58.488 30912 30912 I sysui_multi_action: [757,0,758,1,759,0,927,2,928,0,1593,1]
11-29 07:52:58.488 30912 30912 I sysui_multi_action: [757,0,758,1,759,0,927,3,928,0,1593,1]
11-29 07:52:58.489 30912 30912 I sysui_multi_action: [757,491,758,1,759,491,927,4,928,0,1311,-1,1593,0]
11-29 07:52:58.489 30912 30912 I sysui_multi_action: [757,0,758,1,759,0,927,5,928,0,1593,0]
11-29 07:52:58.489 30912 30912 I sysui_multi_action: [757,111,758,1]
11-29 07:52:58.489 30912 30912 I sysui_multi_action: [757,126,758,1,759,126,927,0,928,1,1593,1]
11-29 07:52:58.489 30912 30912 I sysui_multi_action: [757,113,758,1,759,113,927,1,928,1,1593,1]
11-29 07:52:58.489 30912 30912 I sysui_multi_action: [757,0,758,1,759,0,927,2,928,0,1593,1]
11-29 07:52:58.489 30912 30912 I sysui_multi_action: [757,0,758,1,759,0,927,3,928,0,1593,1]
11-29 07:52:58.492 1491 1760 I GameModeConfig: isGameModeOn = false
11-29 07:52:58.492 1491 1760 I GameModeConfig: isGameModeOn = false
11-29 07:52:58.493 1491 1760 I GameModeConfig: isGameModeOn = false
11-29 07:52:58.493 1491 1760 I GameModeConfig: isGameModeOn = false
11-29 07:52:58.493 1491 1760 I GameModeConfig: isGameModeOn = false
11-29 07:52:58.494 1491 1760 I GameModeConfig: isGameModeOn = false
11-29 07:52:58.494 1491 1760 I GameModeConfig: isGameModeOn = false
11-29 07:52:58.494 1491 1760 I GameModeConfig: isGameModeOn = false
11-29 07:52:58.497 30912 30912 I sysui_multi_action: [757,111,758,2]
11-29 07:52:58.497 30912 30912 I sysui_multi_action: [757,111,758,2]
11-29 07:52:58.498 1491 1491 I notification_enqueue: [10082,30912,com.android.systemui,2048,NULL,0,Notification(channel=updateNotification shortcut=null contentView=null vibrate=null sound=null defaults=0x0 flags=0x0 color=0x00000000 vis=PRIVATE),1]
11-29 07:52:58.499 30912 30912 I sysui_multi_action: [757,111,758,1]
11-29 07:52:58.499 30912 30912 I sysui_multi_action: [757,126,758,1,759,126,927,0,928,1,1593,1]
11-29 07:52:58.500 30912 30912 I sysui_multi_action: [757,113,758,1,759,113,927,1,928,1,1593,1]
11-29 07:52:58.500 30912 30912 I sysui_multi_action: [757,0,758,1,759,0,927,2,928,0,1593,1]
11-29 07:52:58.500 30912 30912 I sysui_multi_action: [757,0,758,1,759,0,927,3,928,0,1593,1]
11-29 07:52:58.500 30912 30912 I sysui_multi_action: [757,491,758,1,759,491,927,4,928,0,1311,-1,1593,0]
11-29 07:52:58.500 30912 30912 I sysui_multi_action: [757,0,758,1,759,0,927,5,928,0,1593,0]
11-29 07:52:58.500 30912 30912 I sysui_multi_action: [757,111,758,1]
11-29 07:52:58.500 30912 30912 I sysui_multi_action: [757,126,758,1,759,126,927,0,928,1,1593,1]
11-29 07:52:58.500 30912 30912 I sysui_multi_action: [757,113,758,1,759,113,927,1,928,1,1593,1]
11-29 07:52:58.500 30912 30912 I sysui_multi_action: [757,0,758,1,759,0,927,2,928,0,1593,1]
11-29 07:52:58.500 30912 30912 I sysui_multi_action: [757,0,758,1,759,0,927,3,928,0,1593,1]
11-29 07:52:58.509 1491 1760 I GameModeConfig: isGameModeOn = false
11-29 07:52:58.510 1491 1760 I GameModeConfig: isGameModeOn = false
11-29 07:52:58.511 1491 1760 I GameModeConfig: isGameModeOn = false
11-29 07:52:58.511 1491 1760 I GameModeConfig: isGameModeOn = false
11-29 07:52:58.511 1491 1760 I GameModeConfig: isGameModeOn = false
11-29 07:52:58.511 1491 1760 I GameModeConfig: isGameModeOn = false
11-29 07:52:58.511 1491 1760 I GameModeConfig: isGameModeOn = false
11-29 07:52:58.511 1491 1760 I GameModeConfig: isGameModeOn = false
11-29 07:52:58.511 30912 30912 I sysui_multi_action: [757,111,758,2]
11-29 07:52:58.512 30912 30912 I sysui_multi_action: [757,111,758,2]
11-29 07:52:58.512 1491 1491 I notification_enqueue: [10082,30912,com.android.systemui,2048,NULL,0,Notification(channel=updateNotification shortcut=null contentView=null vibrate=null sound=null defaults=0x0 flags=0x0 color=0x00000000 vis=PRIVATE),1]
11-29 07:52:58.514 30912 30912 I sysui_multi_action: [757,111,758,1]
11-29 07:52:58.515 30912 30912 I sysui_multi_action: [757,126,758,1,759,126,927,0,928,1,1593,0]
11-29 07:52:58.515 30912 30912 I sysui_multi_action: [757,113,758,1,759,113,927,1,928,1,1593,0]
11-29 07:52:58.515 30912 30912 I sysui_multi_action: [757,0,758,1,759,0,927,2,928,0,1593,0]
11-29 07:52:58.515 30912 30912 I sysui_multi_action: [757,0,758,1,759,0,927,3,928,0,1593,0]
11-29 07:52:58.515 30912 30912 I sysui_multi_action: [757,491,758,1,759,491,927,4,928,0,1311,-1,1593,0]
11-29 07:52:58.515 30912 30912 I sysui_multi_action: [757,0,758,1,759,0,927,5,928,0,1593,0]
11-29 07:52:58.515 30912 30912 I sysui_multi_action: [757,111,758,1]
11-29 07:52:58.515 30912 30912 I sysui_multi_action: [757,126,758,1,759,126,927,0,928,1,1593,0]
11-29 07:52:58.515 30912 30912 I sysui_multi_action: [757,113,758,1,759,113,927,1,928,1,1593,0]
11-29 07:52:58.515 30912 30912 I sysui_multi_action: [757,0,758,1,759,0,927,2,928,0,1593,0]
11-29 07:52:58.515 30912 30912 I sysui_multi_action: [757,0,758,1,759,0,927,3,928,0,1593,0]
11-29 07:52:58.521 1491 1760 I GameModeConfig: isGameModeOn = false
11-29 07:52:58.522 1491 1760 I GameModeConfig: isGameModeOn = false
11-29 07:52:58.522 1491 1760 I GameModeConfig: isGameModeOn = false
11-29 07:52:58.522 1491 1760 I GameModeConfig: isGameModeOn = false
11-29 07:52:58.522 1491 1760 I GameModeConfig: isGameModeOn = false
11-29 07:52:58.522 1491 1760 I GameModeConfig: isGameModeOn = false
11-29 07:52:58.522 1491 1760 I GameModeConfig: isGameModeOn = false
11-29 07:52:58.523 1491 1760 I GameModeConfig: isGameModeOn = false
11-29 07:52:58.523 30912 30912 I sysui_multi_action: [757,111,758,2]
11-29 07:52:58.523 30912 30912 I sysui_multi_action: [757,111,758,2]
11-29 07:52:58.524 1491 1491 I notification_enqueue: [10082,30912,com.android.systemui,2048,NULL,0,Notification(channel=updateNotification shortcut=null contentView=null vibrate=null sound=null defaults=0x0 flags=0x0 color=0x00000000 vis=PRIVATE),1]
11-29 07:52:58.525 30912 30912 I sysui_multi_action: [757,111,758,1]
11-29 07:52:58.526 30912 30912 I sysui_multi_action: [757,126,758,1,759,126,927,0,928,1,1593,1]
11-29 07:52:58.526 30912 30912 I sysui_multi_action: [757,113,758,1,759,113,927,1,928,1,1593,1]
11-29 07:52:58.526 30912 30912 I sysui_multi_action: [757,0,758,1,759,0,927,2,928,0,1593,1]
11-29 07:52:58.526 30912 30912 I sysui_multi_action: [757,0,758,1,759,0,927,3,928,0,1593,1]
11-29 07:52:58.526 30912 30912 I sysui_multi_action: [757,491,758,1,759,491,927,4,928,0,1311,-1,1593,0]
11-29 07:52:58.526 30912 30912 I sysui_multi_action: [757,0,758,1,759,0,927,5,928,0,1593,0]
11-29 07:52:58.526 30912 30912 I sysui_multi_action: [757,111,758,1]
11-29 07:52:58.526 30912 30912 I sysui_multi_action: [757,126,758,1,759,126,927,0,928,1,1593,1]
11-29 07:52:58.526 30912 30912 I sysui_multi_action: [757,113,758,1,759,113,927,1,928,1,1593,1]
11-29 07:52:58.526 30912 30912 I sysui_multi_action: [757,0,758,1,759,0,927,2,928,0,1593,1]
11-29 07:52:58.526 30912 30912 I sysui_multi_action: [757,0,758,1,759,0,927,3,928,0,1593,1]
11-29 07:52:58.528 1491 1607 I sysui_latency: [8,100]
11-29 07:52:58.534 30912 30912 I sysui_multi_action: [757,111,758,2]
11-29 07:52:58.534 30912 30912 I sysui_multi_action: [757,111,758,2]
11-29 07:52:58.534 1491 1491 I notification_enqueue: [10082,30912,com.android.systemui,2048,NULL,0,Notification(channel=updateNotification shortcut=null contentView=null vibrate=null sound=null defaults=0x0 flags=0x0 color=0x00000000 vis=PRIVATE),1]
11-29 07:52:58.536 1491 1760 I GameModeConfig: isGameModeOn = false
11-29 07:52:58.536 30912 30912 I sysui_multi_action: [757,111,758,1]
11-29 07:52:58.536 30912 30912 I sysui_multi_action: [757,126,758,1,759,126,927,0,928,1,1593,1]
11-29 07:52:58.536 30912 30912 I sysui_multi_action: [757,113,758,1,759,113,927,1,928,1,1593,1]
11-29 07:52:58.536 30912 30912 I sysui_multi_action: [757,0,758,1,759,0,927,2,928,0,1593,1]
11-29 07:52:58.536 30912 30912 I sysui_multi_action: [757,0,758,1,759,0,927,3,928,0,1593,1]
11-29 07:52:58.536 30912 30912 I sysui_multi_action: [757,491,758,1,759,491,927,4,928,0,1311,-1,1593,0]
11-29 07:52:58.536 30912 30912 I sysui_multi_action: [757,0,758,1,759,0,927,5,928,0,1593,0]
11-29 07:52:58.536 30912 30912 I sysui_multi_action: [757,111,758,1]
11-29 07:52:58.536 30912 30912 I sysui_multi_action: [757,126,758,1,759,126,927,0,928,1,1593,1]
11-29 07:52:58.536 30912 30912 I sysui_multi_action: [757,113,758,1,759,113,927,1,928,1,1593,1]
11-29 07:52:58.536 30912 30912 I sysui_multi_action: [757,0,758,1,759,0,927,2,928,0,1593,1]
11-29 07:52:58.536 30912 30912 I sysui_multi_action: [757,0,758,1,759,0,927,3,928,0,1593,1]
11-29 07:52:58.537 1491 1760 I GameModeConfig: isGameModeOn = false
11-29 07:52:58.540 1491 1760 I GameModeConfig: isGameModeOn = false
11-29 07:52:58.540 1491 1760 I GameModeConfig: isGameModeOn = false
11-29 07:52:58.541 1491 1760 I GameModeConfig: isGameModeOn = false
11-29 07:52:58.541 1491 1760 I GameModeConfig: isGameModeOn = false
11-29 07:52:58.541 1491 1760 I GameModeConfig: isGameModeOn = false
11-29 07:52:58.542 1491 1760 I GameModeConfig: isGameModeOn = false
11-29 07:52:58.555 1491 1760 I GameModeConfig: isGameModeOn = false
11-29 07:52:58.555 1491 1760 I GameModeConfig: isGameModeOn = false
11-29 07:52:58.555 1491 1760 I GameModeConfig: isGameModeOn = false
11-29 07:52:58.555 1491 1760 I GameModeConfig: isGameModeOn = false
11-29 07:52:58.555 1491 1760 I GameModeConfig: isGameModeOn = false
11-29 07:52:58.555 1491 1760 I GameModeConfig: isGameModeOn = false
11-29 07:52:58.555 1491 1760 I GameModeConfig: isGameModeOn = false
11-29 07:52:58.555 1491 1760 I GameModeConfig: isGameModeOn = false
11-29 07:52:58.556 30912 30912 I sysui_multi_action: [757,111,758,2]
11-29 07:52:58.556 30912 30912 I sysui_multi_action: [757,111,758,2]
11-29 07:52:58.556 1491 1491 I notification_enqueue: [10082,30912,com.android.systemui,2048,NULL,0,Notification(channel=updateNotification shortcut=null contentView=null vibrate=null sound=null defaults=0x0 flags=0x0 color=0x00000000 vis=PRIVATE),1]
11-29 07:52:58.558 30912 30912 I sysui_multi_action: [757,111,758,1]
11-29 07:52:58.558 30912 30912 I sysui_multi_action: [757,126,758,1,759,126,927,0,928,1,1593,1]
11-29 07:52:58.558 30912 30912 I sysui_multi_action: [757,113,758,1,759,113,927,1,928,1,1593,1]
11-29 07:52:58.558 30912 30912 I sysui_multi_action: [757,0,758,1,759,0,927,2,928,0,1593,1]
11-29 07:52:58.558 30912 30912 I sysui_multi_action: [757,0,758,1,759,0,927,3,928,0,1593,1]
11-29 07:52:58.558 30912 30912 I sysui_multi_action: [757,491,758,1,759,491,927,4,928,0,1311,-1,1593,0]
11-29 07:52:58.558 30912 30912 I sysui_multi_action: [757,0,758,1,759,0,927,5,928,0,1593,0]
11-29 07:52:58.558 30912 30912 I sysui_multi_action: [757,111,758,1]
11-29 07:52:58.559 30912 30912 I sysui_multi_action: [757,126,758,1,759,126,927,0,928,1,1593,1]
11-29 07:52:58.559 30912 30912 I sysui_multi_action: [757,113,758,1,759,113,927,1,928,1,1593,1]
11-29 07:52:58.559 30912 30912 I sysui_multi_action: [757,0,758,1,759,0,927,2,928,0,1593,1]
11-29 07:52:58.559 30912 30912 I sysui_multi_action: [757,0,758,1,759,0,927,3,928,0,1593,1]
11-29 07:52:58.567 1491 1760 I GameModeConfig: isGameModeOn = false
11-29 07:52:58.567 1491 1760 I GameModeConfig: isGameModeOn = false
11-29 07:52:58.567 1491 1760 I GameModeConfig: isGameModeOn = false
11-29 07:52:58.567 1491 1760 I GameModeConfig: isGameModeOn = false
11-29 07:52:58.567 1491 1760 I GameModeConfig: isGameModeOn = false
11-29 07:52:58.567 1491 1760 I GameModeConfig: isGameModeOn = false
11-29 07:52:58.568 1491 1760 I GameModeConfig: isGameModeOn = false
11-29 07:52:58.568 1491 1760 I GameModeConfig: isGameModeOn = false
11-29 07:52:58.569 30912 30912 I sysui_multi_action: [757,111,758,2]
11-29 07:52:58.569 30912 30912 I sysui_multi_action: [757,111,758,2]
11-29 07:52:58.569 1491 1491 I notification_enqueue: [10082,30912,com.android.systemui,2048,NULL,0,Notification(channel=updateNotification shortcut=null contentView=null vibrate=null sound=null defaults=0x0 flags=0x0 color=0x00000000 vis=PRIVATE),1]
11-29 07:52:58.571 30912 30912 I sysui_multi_action: [757,111,758,1]
11-29 07:52:58.571 30912 30912 I sysui_multi_action: [757,126,758,1,759,126,927,0,928,1,1593,1]
11-29 07:52:58.571 30912 30912 I sysui_multi_action: [757,113,758,1,759,113,927,1,928,1,1593,1]
11-29 07:52:58.571 30912 30912 I sysui_multi_action: [757,0,758,1,759,0,927,2,928,0,1593,1]
11-29 07:52:58.571 30912 30912 I sysui_multi_action: [757,0,758,1,759,0,927,3,928,0,1593,1]
11-29 07:52:58.571 30912 30912 I sysui_multi_action: [757,491,758,1,759,491,927,4,928,0,1311,-1,1593,0]
11-29 07:52:58.571 30912 30912 I sysui_multi_action: [757,0,758,1,759,0,927,5,928,0,1593,0]
11-29 07:52:58.571 30912 30912 I sysui_multi_action: [757,111,758,1]
11-29 07:52:58.571 30912 30912 I sysui_multi_action: [757,126,758,1,759,126,927,0,928,1,1593,1]
11-29 07:52:58.571 30912 30912 I sysui_multi_action: [757,113,758,1,759,113,927,1,928,1,1593,1]
11-29 07:52:58.571 30912 30912 I sysui_multi_action: [757,0,758,1,759,0,927,2,928,0,1593,1]
11-29 07:52:58.571 30912 30912 I sysui_multi_action: [757,0,758,1,759,0,927,3,928,0,1593,1]
11-29 07:52:58.584 1491 1760 I GameModeConfig: isGameModeOn = false
11-29 07:52:58.584 1491 1760 I GameModeConfig: isGameModeOn = false
11-29 07:52:58.585 1491 1760 I GameModeConfig: isGameModeOn = false
11-29 07:52:58.585 1491 1760 I GameModeConfig: isGameModeOn = false
11-29 07:52:58.585 1491 1760 I GameModeConfig: isGameModeOn = false
11-29 07:52:58.585 1491 1760 I GameModeConfig: isGameModeOn = false
11-29 07:52:58.585 1491 1760 I GameModeConfig: isGameModeOn = false
11-29 07:52:58.585 1491 1760 I GameModeConfig: isGameModeOn = false
11-29 07:52:58.585 30912 30912 I sysui_multi_action: [757,111,758,2]
11-29 07:52:58.586 30912 30912 I sysui_multi_action: [757,111,758,2]
11-29 07:52:58.588 30912 30912 I sysui_multi_action: [757,111,758,1]
11-29 07:52:58.588 30912 30912 I sysui_multi_action: [757,126,758,1,759,126,927,0,928,1,1593,1]
11-29 07:52:58.588 30912 30912 I sysui_multi_action: [757,113,758,1,759,113,927,1,928,1,1593,1]
11-29 07:52:58.588 30912 30912 I sysui_multi_action: [757,0,758,1,759,0,927,2,928,0,1593,1]
11-29 07:52:58.588 30912 30912 I sysui_multi_action: [757,0,758,1,759,0,927,3,928,0,1593,1]
11-29 07:52:58.588 30912 30912 I sysui_multi_action: [757,491,758,1,759,491,927,4,928,0,1311,-1,1593,0]
11-29 07:52:58.588 30912 30912 I sysui_multi_action: [757,0,758,1,759,0,927,5,928,0,1593,0]
11-29 07:52:58.588 30912 30912 I sysui_multi_action: [757,111,758,1]
11-29 07:52:58.588 30912 30912 I sysui_multi_action: [757,126,758,1,759,126,927,0,928,1,1593,1]
11-29 07:52:58.588 30912 30912 I sysui_multi_action: [757,113,758,1,759,113,927,1,928,1,1593,1]
11-29 07:52:58.588 30912 30912 I sysui_multi_action: [757,0,758,1,759,0,927,2,928,0,1593,1]
11-29 07:52:58.588 30912 30912 I sysui_multi_action: [757,0,758,1,759,0,927,3,928,0,1593,1]
11-29 07:52:58.592 1491 1491 I notification_enqueue: [10082,30912,com.android.systemui,2048,NULL,0,Notification(channel=updateNotification shortcut=null contentView=null vibrate=null sound=null defaults=0x0 flags=0x0 color=0x00000000 vis=PRIVATE),1]
11-29 07:52:58.600 30912 30912 I sysui_multi_action: [757,111,758,2]
11-29 07:52:58.600 30912 30912 I sysui_multi_action: [757,111,758,2]
11-29 07:52:58.603 30912 30912 I sysui_multi_action: [757,111,758,1]
11-29 07:52:58.603 30912 30912 I sysui_multi_action: [757,126,758,1,759,126,927,0,928,1,1593,1]
11-29 07:52:58.603 30912 30912 I sysui_multi_action: [757,113,758,1,759,113,927,1,928,1,1593,1]
11-29 07:52:58.603 30912 30912 I sysui_multi_action: [757,0,758,1,759,0,927,2,928,0,1593,1]
11-29 07:52:58.603 30912 30912 I sysui_multi_action: [757,0,758,1,759,0,927,3,928,0,1593,1]
11-29 07:52:58.603 30912 30912 I sysui_multi_action: [757,491,758,1,759,491,927,4,928,0,1311,-1,1593,0]
11-29 07:52:58.603 30912 30912 I sysui_multi_action: [757,0,758,1,759,0,927,5,928,0,1593,0]
11-29 07:52:58.603 30912 30912 I sysui_multi_action: [757,111,758,1]
11-29 07:52:58.603 30912 30912 I sysui_multi_action: [757,126,758,1,759,126,927,0,928,1,1593,1]
11-29 07:52:58.603 30912 30912 I sysui_multi_action: [757,113,758,1,759,113,927,1,928,1,1593,1]
11-29 07:52:58.603 30912 30912 I sysui_multi_action: [757,0,758,1,759,0,927,2,928,0,1593,1]
11-29 07:52:58.604 30912 30912 I sysui_multi_action: [757,0,758,1,759,0,927,3,928,0,1593,1]
11-29 07:52:58.604 1491 1491 I notification_enqueue: [10082,30912,com.android.systemui,2048,NULL,0,Notification(channel=updateNotification shortcut=null contentView=null vibrate=null sound=null defaults=0x0 flags=0x0 color=0x00000000 vis=PRIVATE),1]
11-29 07:52:58.607 1491 1760 I GameModeConfig: isGameModeOn = false
11-29 07:52:58.607 1491 1760 I GameModeConfig: isGameModeOn = false
11-29 07:52:58.607 1491 1760 I GameModeConfig: isGameModeOn = false
11-29 07:52:58.607 1491 1760 I GameModeConfig: isGameModeOn = false
11-29 07:52:58.607 1491 1760 I GameModeConfig: isGameModeOn = false
11-29 07:52:58.607 1491 1760 I GameModeConfig: isGameModeOn = false
11-29 07:52:58.608 1491 1760 I GameModeConfig: isGameModeOn = false
11-29 07:52:58.608 1491 1760 I GameModeConfig: isGameModeOn = false
11-29 07:52:58.618 30912 30912 I sysui_multi_action: [757,111,758,2]
11-29 07:52:58.618 30912 30912 I sysui_multi_action: [757,111,758,2]
11-29 07:52:58.618 1491 1760 I GameModeConfig: isGameModeOn = false
11-29 07:52:58.619 1491 1760 I GameModeConfig: isGameModeOn = false
11-29 07:52:58.619 1491 1760 I GameModeConfig: isGameModeOn = false
11-29 07:52:58.619 1491 1760 I GameModeConfig: isGameModeOn = false
11-29 07:52:58.619 1491 1760 I GameModeConfig: isGameModeOn = false
11-29 07:52:58.620 1491 1760 I GameModeConfig: isGameModeOn = false
11-29 07:52:58.620 1491 1760 I GameModeConfig: isGameModeOn = false
11-29 07:52:58.620 1491 1760 I GameModeConfig: isGameModeOn = false
11-29 07:52:58.620 30912 30912 I sysui_multi_action: [757,111,758,1]
11-29 07:52:58.620 30912 30912 I sysui_multi_action: [757,126,758,1,759,126,927,0,928,1,1593,1]
11-29 07:52:58.620 30912 30912 I sysui_multi_action: [757,113,758,1,759,113,927,1,928,1,1593,1]
11-29 07:52:58.620 30912 30912 I sysui_multi_action: [757,0,758,1,759,0,927,2,928,0,1593,1]
11-29 07:52:58.621 30912 30912 I sysui_multi_action: [757,0,758,1,759,0,927,3,928,0,1593,1]
11-29 07:52:58.621 30912 30912 I sysui_multi_action: [757,491,758,1,759,491,927,4,928,0,1311,-1,1593,0]
11-29 07:52:58.621 30912 30912 I sysui_multi_action: [757,0,758,1,759,0,927,5,928,0,1593,0]
11-29 07:52:58.621 1491 1491 I notification_enqueue: [10082,30912,com.android.systemui,2048,NULL,0,Notification(channel=updateNotification shortcut=null contentView=null vibrate=null sound=null defaults=0x0 flags=0x0 color=0x00000000 vis=PRIVATE),1]
11-29 07:52:58.621 30912 30912 I sysui_multi_action: [757,111,758,1]
11-29 07:52:58.621 30912 30912 I sysui_multi_action: [757,126,758,1,759,126,927,0,928,1,1593,1]
11-29 07:52:58.621 30912 30912 I sysui_multi_action: [757,113,758,1,759,113,927,1,928,1,1593,1]
11-29 07:52:58.621 30912 30912 I sysui_multi_action: [757,0,758,1,759,0,927,2,928,0,1593,1]
11-29 07:52:58.621 30912 30912 I sysui_multi_action: [757,0,758,1,759,0,927,3,928,0,1593,1]
11-29 07:52:58.633 1491 1760 I GameModeConfig: isGameModeOn = false
11-29 07:52:58.633 1491 1760 I GameModeConfig: isGameModeOn = false
11-29 07:52:58.634 1491 1760 I GameModeConfig: isGameModeOn = false
11-29 07:52:58.634 1491 1760 I GameModeConfig: isGameModeOn = false
11-29 07:52:58.634 1491 1760 I GameModeConfig: isGameModeOn = false
11-29 07:52:58.634 1491 1760 I GameModeConfig: isGameModeOn = false
11-29 07:52:58.634 1491 1760 I GameModeConfig: isGameModeOn = false
11-29 07:52:58.634 1491 1760 I GameModeConfig: isGameModeOn = false
11-29 07:52:58.635 30912 30912 I sysui_multi_action: [757,111,758,2]
11-29 07:52:58.635 30912 30912 I sysui_multi_action: [757,111,758,2]
11-29 07:52:58.635 1491 1491 I notification_enqueue: [10082,30912,com.android.systemui,2048,NULL,0,Notification(channel=updateNotification shortcut=null contentView=null vibrate=null sound=null defaults=0x0 flags=0x0 color=0x00000000 vis=PRIVATE),1]
11-29 07:52:58.637 30912 30912 I sysui_multi_action: [757,111,758,1]
11-29 07:52:58.637 30912 30912 I sysui_multi_action: [757,126,758,1,759,126,927,0,928,1,1593,1]
11-29 07:52:58.637 30912 30912 I sysui_multi_action: [757,113,758,1,759,113,927,1,928,1,1593,1]
11-29 07:52:58.637 30912 30912 I sysui_multi_action: [757,0,758,1,759,0,927,2,928,0,1593,1]
11-29 07:52:58.637 30912 30912 I sysui_multi_action: [757,0,758,1,759,0,927,3,928,0,1593,1]
11-29 07:52:58.637 30912 30912 I sysui_multi_action: [757,491,758,1,759,491,927,4,928,0,1311,-1,1593,0]
11-29 07:52:58.637 30912 30912 I sysui_multi_action: [757,0,758,1,759,0,927,5,928,0,1593,0]
11-29 07:52:58.637 30912 30912 I sysui_multi_action: [757,111,758,1]
11-29 07:52:58.637 30912 30912 I sysui_multi_action: [757,126,758,1,759,126,927,0,928,1,1593,1]
11-29 07:52:58.638 30912 30912 I sysui_multi_action: [757,113,758,1,759,113,927,1,928,1,1593,1]
11-29 07:52:58.638 30912 30912 I sysui_multi_action: [757,0,758,1,759,0,927,2,928,0,1593,1]
11-29 07:52:58.638 30912 30912 I sysui_multi_action: [757,0,758,1,759,0,927,3,928,0,1593,1]
11-29 07:52:58.647 1491 10785 I sysui_multi_action: [757,128,758,2,793,15343420,794,2087,795,15343420,796,26,798,0,806,android,857,DEVELOPER_IMPORTANT,858,4,947,0,1395,2,1500,15343215,1688,1]
11-29 07:52:58.648 1491 10785 I notification_visibility: [-1|android|26|null|1000,0,15343420,15343420,0,0]
11-29 07:52:58.648 1491 10785 I sysui_multi_action: [757,128,758,2,793,15343424,794,2087,795,15343424,796,32,798,1,806,android,857,USB,858,1,947,0,1395,2,1500,15343221,1688,1]
11-29 07:52:58.648 1491 10785 I notification_visibility: [-1|android|32|null|1000,0,15343424,15343424,0,1]
11-29 07:52:58.654 30912 30912 I sysui_multi_action: [757,111,758,2]
11-29 07:52:58.654 1491 1491 I notification_enqueue: [10082,30912,com.android.systemui,2048,NULL,0,Notification(channel=updateNotification shortcut=null contentView=null vibrate=null sound=null defaults=0x0 flags=0x0 color=0x00000000 vis=PRIVATE),1]
11-29 07:52:58.654 30912 30912 I sysui_multi_action: [757,111,758,2]
11-29 07:52:58.656 30912 30912 I sysui_multi_action: [757,111,758,1]
11-29 07:52:58.656 30912 30912 I sysui_multi_action: [757,126,758,1,759,126,927,0,928,1,1593,0]
11-29 07:52:58.656 30912 30912 I sysui_multi_action: [757,113,758,1,759,113,927,1,928,1,1593,0]
11-29 07:52:58.656 30912 30912 I sysui_multi_action: [757,0,758,1,759,0,927,2,928,0,1593,0]
11-29 07:52:58.656 30912 30912 I sysui_multi_action: [757,0,758,1,759,0,927,3,928,0,1593,0]
11-29 07:52:58.656 30912 30912 I sysui_multi_action: [757,491,758,1,759,491,927,4,928,0,1311,-1,1593,1]
11-29 07:52:58.657 30912 30912 I sysui_multi_action: [757,0,758,1,759,0,927,5,928,0,1593,1]
11-29 07:52:58.657 30912 30912 I sysui_multi_action: [757,111,758,1]
11-29 07:52:58.657 30912 30912 I sysui_multi_action: [757,126,758,1,759,126,927,0,928,1,1593,0]
11-29 07:52:58.657 30912 30912 I sysui_multi_action: [757,113,758,1,759,113,927,1,928,1,1593,0]
11-29 07:52:58.657 30912 30912 I sysui_multi_action: [757,0,758,1,759,0,927,2,928,0,1593,0]
11-29 07:52:58.657 30912 30912 I sysui_multi_action: [757,0,758,1,759,0,927,3,928,0,1593,0]
11-29 07:52:58.660 1491 1760 I GameModeConfig: isGameModeOn = false
11-29 07:52:58.660 1491 1760 I GameModeConfig: isGameModeOn = false
11-29 07:52:58.661 1491 1760 I GameModeConfig: isGameModeOn = false
11-29 07:52:58.661 1491 1760 I GameModeConfig: isGameModeOn = false
11-29 07:52:58.661 1491 1760 I GameModeConfig: isGameModeOn = false
11-29 07:52:58.661 1491 1760 I GameModeConfig: isGameModeOn = false
11-29 07:52:58.661 1491 1760 I GameModeConfig: isGameModeOn = false
11-29 07:52:58.661 1491 1760 I GameModeConfig: isGameModeOn = false
11-29 07:52:58.667 1491 1760 I GameModeConfig: isGameModeOn = false
11-29 07:52:58.667 1491 1760 I GameModeConfig: isGameModeOn = false
11-29 07:52:58.667 1491 1760 I GameModeConfig: isGameModeOn = false
11-29 07:52:58.667 1491 1760 I GameModeConfig: isGameModeOn = false
11-29 07:52:58.667 1491 1760 I GameModeConfig: isGameModeOn = false
11-29 07:52:58.667 1491 1760 I GameModeConfig: isGameModeOn = false
11-29 07:52:58.668 1491 1760 I GameModeConfig: isGameModeOn = false
11-29 07:52:58.668 1491 1760 I GameModeConfig: isGameModeOn = false
11-29 07:52:58.668 30912 30912 I sysui_multi_action: [757,111,758,2]
11-29 07:52:58.669 30912 30912 I sysui_multi_action: [757,111,758,2]
11-29 07:52:58.669 1491 1491 I notification_enqueue: [10082,30912,com.android.systemui,2048,NULL,0,Notification(channel=updateNotification shortcut=null contentView=null vibrate=null sound=null defaults=0x0 flags=0x0 color=0x00000000 vis=PRIVATE),1]
11-29 07:52:58.670 30912 30912 I sysui_multi_action: [757,111,758,1]
11-29 07:52:58.670 30912 30912 I sysui_multi_action: [757,126,758,1,759,126,927,0,928,1,1593,1]
11-29 07:52:58.670 30912 30912 I sysui_multi_action: [757,113,758,1,759,113,927,1,928,1,1593,1]
11-29 07:52:58.670 30912 30912 I sysui_multi_action: [757,0,758,1,759,0,927,2,928,0,1593,1]
11-29 07:52:58.670 30912 30912 I sysui_multi_action: [757,0,758,1,759,0,927,3,928,0,1593,1]
11-29 07:52:58.671 30912 30912 I sysui_multi_action: [757,491,758,1,759,491,927,4,928,0,1311,-1,1593,0]
11-29 07:52:58.671 30912 30912 I sysui_multi_action: [757,0,758,1,759,0,927,5,928,0,1593,0]
11-29 07:52:58.671 30912 30912 I sysui_multi_action: [757,111,758,1]
11-29 07:52:58.671 30912 30912 I sysui_multi_action: [757,126,758,1,759,126,927,0,928,1,1593,1]
11-29 07:52:58.671 30912 30912 I sysui_multi_action: [757,113,758,1,759,113,927,1,928,1,1593,1]
11-29 07:52:58.671 30912 30912 I sysui_multi_action: [757,0,758,1,759,0,927,2,928,0,1593,1]
11-29 07:52:58.671 30912 30912 I sysui_multi_action: [757,0,758,1,759,0,927,3,928,0,1593,1]
11-29 07:52:58.678 1491 1491 I GameModeConfig: isGameModeOn = false
11-29 07:52:58.679 1491 1491 E NotificationService: Muting recently noisy 0|com.android.systemui|2048|null|10082
11-29 07:52:58.683 1491 1760 I GameModeConfig: isGameModeOn = false
11-29 07:52:58.684 1491 1760 I GameModeConfig: isGameModeOn = false
11-29 07:52:58.684 1491 1760 I GameModeConfig: isGameModeOn = false
11-29 07:52:58.684 1491 1760 I GameModeConfig: isGameModeOn = false
11-29 07:52:58.684 1491 1760 I GameModeConfig: isGameModeOn = false
11-29 07:52:58.684 1491 1760 I GameModeConfig: isGameModeOn = false
11-29 07:52:58.684 1491 1760 I GameModeConfig: isGameModeOn = false
11-29 07:52:58.685 1491 1760 I GameModeConfig: isGameModeOn = false
11-29 07:52:58.686 30912 30912 I sysui_multi_action: [757,111,758,2]
11-29 07:52:58.686 30912 30912 I sysui_multi_action: [757,111,758,2]
11-29 07:52:58.687 1491 1491 I notification_enqueue: [10082,30912,com.android.systemui,2048,NULL,0,Notification(channel=updateNotification shortcut=null contentView=null vibrate=null sound=null defaults=0x0 flags=0x0 color=0x00000000 vis=PRIVATE),1]
11-29 07:52:58.688 30912 30912 I sysui_multi_action: [757,111,758,1]
11-29 07:52:58.688 30912 30912 I sysui_multi_action: [757,126,758,1,759,126,927,0,928,1,1593,1]
11-29 07:52:58.688 30912 30912 I sysui_multi_action: [757,113,758,1,759,113,927,1,928,1,1593,1]
11-29 07:52:58.688 30912 30912 I sysui_multi_action: [757,0,758,1,759,0,927,2,928,0,1593,1]
11-29 07:52:58.688 30912 30912 I sysui_multi_action: [757,0,758,1,759,0,927,3,928,0,1593,1]
11-29 07:52:58.688 30912 30912 I sysui_multi_action: [757,491,758,1,759,491,927,4,928,0,1311,-1,1593,0]
11-29 07:52:58.688 30912 30912 I sysui_multi_action: [757,0,758,1,759,0,927,5,928,0,1593,0]
11-29 07:52:58.688 30912 30912 I sysui_multi_action: [757,111,758,1]
11-29 07:52:58.688 30912 30912 I sysui_multi_action: [757,126,758,1,759,126,927,0,928,1,1593,1]
11-29 07:52:58.688 30912 30912 I sysui_multi_action: [757,113,758,1,759,113,927,1,928,1,1593,1]
11-29 07:52:58.688 30912 30912 I sysui_multi_action: [757,0,758,1,759,0,927,2,928,0,1593,1]
11-29 07:52:58.688 30912 30912 I sysui_multi_action: [757,0,758,1,759,0,927,3,928,0,1593,1]
11-29 07:52:58.700 1491 1491 I GameModeConfig: isGameModeOn = false
11-29 07:52:58.700 1491 1491 E NotificationService: Muting recently noisy 0|com.android.systemui|2048|null|10082
11-29 07:52:58.701 1491 1760 I GameModeConfig: isGameModeOn = false
11-29 07:52:58.701 30912 30912 I sysui_multi_action: [757,111,758,2]
11-29 07:52:58.702 30912 30912 I sysui_multi_action: [757,111,758,2]
11-29 07:52:58.702 1491 1760 I GameModeConfig: isGameModeOn = false
11-29 07:52:58.702 1491 1760 I GameModeConfig: isGameModeOn = false
11-29 07:52:58.703 1491 1760 I GameModeConfig: isGameModeOn = false
11-29 07:52:58.703 1491 1760 I GameModeConfig: isGameModeOn = false
11-29 07:52:58.704 1491 1760 I GameModeConfig: isGameModeOn = false
11-29 07:52:58.704 1491 1760 I GameModeConfig: isGameModeOn = false
11-29 07:52:58.704 1491 1760 I GameModeConfig: isGameModeOn = false
11-29 07:52:58.704 1491 1491 I notification_enqueue: [10082,30912,com.android.systemui,2048,NULL,0,Notification(channel=updateNotification shortcut=null contentView=null vibrate=null sound=null defaults=0x0 flags=0x0 color=0x00000000 vis=PRIVATE),1]
11-29 07:52:58.714 1491 1491 I GameModeConfig: isGameModeOn = false
11-29 07:52:58.717 1491 1491 E NotificationService: Muting recently noisy 0|com.android.systemui|2048|null|10082
11-29 07:52:58.720 30912 30912 I sysui_multi_action: [757,111,758,1]
11-29 07:52:58.720 30912 30912 I sysui_multi_action: [757,126,758,1,759,126,927,0,928,1,1593,1]
11-29 07:52:58.720 30912 30912 I sysui_multi_action: [757,113,758,1,759,113,927,1,928,1,1593,1]
11-29 07:52:58.720 30912 30912 I sysui_multi_action: [757,0,758,1,759,0,927,2,928,0,1593,1]
11-29 07:52:58.720 30912 30912 I sysui_multi_action: [757,0,758,1,759,0,927,3,928,0,1593,1]
11-29 07:52:58.721 30912 30912 I sysui_multi_action: [757,491,758,1,759,491,927,4,928,0,1311,-1,1593,0]
11-29 07:52:58.721 30912 30912 I sysui_multi_action: [757,0,758,1,759,0,927,5,928,0,1593,0]
11-29 07:52:58.721 30912 30912 I sysui_multi_action: [757,111,758,1]
11-29 07:52:58.721 30912 30912 I sysui_multi_action: [757,126,758,1,759,126,927,0,928,1,1593,1]
11-29 07:52:58.721 30912 30912 I sysui_multi_action: [757,113,758,1,759,113,927,1,928,1,1593,1]
11-29 07:52:58.721 30912 30912 I sysui_multi_action: [757,0,758,1,759,0,927,2,928,0,1593,1]
11-29 07:52:58.721 30912 30912 I sysui_multi_action: [757,0,758,1,759,0,927,3,928,0,1593,1]
11-29 07:52:58.725 1491 1491 I GameModeConfig: isGameModeOn = false
11-29 07:52:58.725 1491 1491 E NotificationService: Muting recently noisy 0|com.android.systemui|2048|null|10082
11-29 07:52:58.730 1491 1760 I GameModeConfig: isGameModeOn = false
11-29 07:52:58.731 1491 1760 I GameModeConfig: isGameModeOn = false
11-29 07:52:58.731 1491 1760 I GameModeConfig: isGameModeOn = false
11-29 07:52:58.731 1491 1760 I GameModeConfig: isGameModeOn = false
11-29 07:52:58.731 1491 1760 I GameModeConfig: isGameModeOn = false
11-29 07:52:58.731 1491 1760 I GameModeConfig: isGameModeOn = false
11-29 07:52:58.731 1491 1760 I GameModeConfig: isGameModeOn = false
11-29 07:52:58.731 1491 1760 I GameModeConfig: isGameModeOn = false
11-29 07:52:58.732 30912 30912 I sysui_multi_action: [757,111,758,2]
11-29 07:52:58.732 30912 30912 I sysui_multi_action: [757,111,758,2]
11-29 07:52:58.732 1491 1491 I notification_enqueue: [10082,30912,com.android.systemui,2048,NULL,0,Notification(channel=updateNotification shortcut=null contentView=null vibrate=null sound=null defaults=0x0 flags=0x0 color=0x00000000 vis=PRIVATE),1]
11-29 07:52:58.734 1491 2058 I sysui_multi_action: [757,127,758,2]
11-29 07:52:58.734 1491 2058 I notification_panel_hidden:
11-29 07:52:58.736 1491 1491 I GameModeConfig: isGameModeOn = false
11-29 07:52:58.737 1491 1491 E NotificationService: Muting recently noisy 0|com.android.systemui|2048|null|10082
11-29 07:52:58.742 30912 30912 I sysui_multi_action: [757,111,758,1]
11-29 07:52:58.742 30912 30912 I sysui_multi_action: [757,126,758,1,759,126,927,0,928,1,1593,1]
11-29 07:52:58.742 30912 30912 I sysui_multi_action: [757,113,758,1,759,113,927,1,928,1,1593,1]
11-29 07:52:58.743 30912 30912 I sysui_multi_action: [757,0,758,1,759,0,927,2,928,0,1593,1]
11-29 07:52:58.743 30912 30912 I sysui_multi_action: [757,0,758,1,759,0,927,3,928,0,1593,1]
11-29 07:52:58.743 30912 30912 I sysui_multi_action: [757,491,758,1,759,491,927,4,928,0,1311,-1,1593,0]
11-29 07:52:58.743 30912 30912 I sysui_multi_action: [757,0,758,1,759,0,927,5,928,0,1593,0]
11-29 07:52:58.743 30912 30912 I sysui_multi_action: [757,111,758,1]
11-29 07:52:58.743 30912 30912 I sysui_multi_action: [757,126,758,1,759,126,927,0,928,1,1593,1]
11-29 07:52:58.743 30912 30912 I sysui_multi_action: [757,113,758,1,759,113,927,1,928,1,1593,1]
11-29 07:52:58.743 30912 30912 I sysui_multi_action: [757,0,758,1,759,0,927,2,928,0,1593,1]
11-29 07:52:58.743 30912 30912 I sysui_multi_action: [757,0,758,1,759,0,927,3,928,0,1593,1]
11-29 07:52:58.758 1491 1491 I GameModeConfig: isGameModeOn = false
11-29 07:52:58.758 1491 1491 E NotificationService: Muting recently noisy 0|com.android.systemui|2048|null|10082
11-29 07:52:58.770 1491 1491 I GameModeConfig: isGameModeOn = false
11-29 07:52:58.770 1491 1491 E NotificationService: Muting recently noisy 0|com.android.systemui|2048|null|10082
11-29 07:52:58.793 1491 1491 I GameModeConfig: isGameModeOn = false
11-29 07:52:58.793 1491 1491 E NotificationService: Muting recently noisy 0|com.android.systemui|2048|null|10082
11-29 07:52:58.806 1491 1491 I GameModeConfig: isGameModeOn = false
11-29 07:52:58.806 1491 1491 E NotificationService: Muting recently noisy 0|com.android.systemui|2048|null|10082
11-29 07:52:58.828 1491 1491 I GameModeConfig: isGameModeOn = false
11-29 07:52:58.829 1491 1491 E NotificationService: Muting recently noisy 0|com.android.systemui|2048|null|10082
11-29 07:52:58.840 1491 1491 I GameModeConfig: isGameModeOn = false
11-29 07:52:58.840 1491 1491 E NotificationService: Muting recently noisy 0|com.android.systemui|2048|null|10082
11-29 07:52:58.855 1491 1491 I GameModeConfig: isGameModeOn = false
11-29 07:52:58.856 1491 1491 E NotificationService: Muting recently noisy 0|com.android.systemui|2048|null|10082
11-29 07:52:58.869 1491 1491 I GameModeConfig: isGameModeOn = false
11-29 07:52:58.875 1491 1491 E NotificationService: Muting recently noisy 0|com.android.systemui|2048|null|10082
11-29 07:52:58.882 1491 9316 I wm_task_moved: [32,1,8]
11-29 07:52:58.882 1491 9316 I wm_task_moved: [41,1,2147483647]
11-29 07:52:58.882 1491 9316 I wm_task_to_front: [0,41]
11-29 07:52:58.883 1491 9316 I wm_focused_root_task: [0,0,32,223,RecentsAnimation.onAnimationFinished()]
11-29 07:52:58.883 1491 9316 I wm_set_resumed_activity: [0,com.android.launcher3/.uioverrides.QuickstepLauncher,RecentsAnimation.onAnimationFinished()]
11-29 07:52:58.884 29251 29251 I wm_on_top_resumed_lost_called: [35295098,com.epicgames.ue4.GameActivity,topStateChangedWhenResumed]
11-29 07:52:58.885 1491 9316 I wm_pause_activity: [0,35295098,com.tencent.tmgp.pubgmhd/com.epicgames.ue4.GameActivity,userLeaving=true,pauseBackTasks]
11-29 07:52:58.888 1491 1491 I GameModeConfig: isGameModeOn = false
11-29 07:52:58.888 1491 1491 E NotificationService: Muting recently noisy 0|com.android.systemui|2048|null|10082
11-29 07:52:58.890 1491 9316 I wm_add_to_stopping: [0,35295098,com.tencent.tmgp.pubgmhd/com.epicgames.ue4.GameActivity,makeInvisible]
11-29 07:52:58.890 1491 9316 I ActivityTaskManager: FOREGROUND_APPLICATION_CHANGED to com.android.launcher3.uioverrides.QuickstepLauncher
11-29 07:52:58.894 1491 9316 I wm_set_resumed_activity: [0,com.android.launcher3/.uioverrides.QuickstepLauncher,resumeTopActivityInnerLocked]
11-29 07:52:58.897 1491 9316 I wm_resume_activity: [0,254362067,41,com.android.launcher3/.uioverrides.QuickstepLauncher]
11-29 07:52:58.904 9956 9956 I wm_on_resume_called: [254362067,com.android.launcher3.uioverrides.QuickstepLauncher,RESUME_ACTIVITY]
11-29 07:52:58.906 1491 1491 I GameModeConfig: isGameModeOn = false
11-29 07:52:58.906 1491 1491 E NotificationService: Muting recently noisy 0|com.android.systemui|2048|null|10082
11-29 07:52:58.908 1491 1600 I input_focus: [Focus request cd0514f com.android.launcher3/com.android.launcher3.uioverrides.QuickstepLauncher,reason=UpdateInputWindows]
11-29 07:52:58.913 9956 9956 I wm_on_top_resumed_gained_called: [254362067,com.android.launcher3.uioverrides.QuickstepLauncher,topStateChangedWhenResumed]
11-29 07:52:58.917 1491 1599 I wm_stop_activity: [0,35295098,com.tencent.tmgp.pubgmhd/com.epicgames.ue4.GameActivity]
11-29 07:52:58.922 1491 1599 I sysui_multi_action: [757,803,799,window_time_0,802,256]
11-29 07:52:58.923 1491 1693 I input_focus: [Focus entering cd0514f com.android.launcher3/com.android.launcher3.uioverrides.QuickstepLauncher (server),reason=setFocusedWindow]
11-29 07:52:58.926 1491 1599 I sysui_multi_action: [757,803,799,window_time_0,802,0]
11-29 07:52:58.927 29251 29251 I wm_on_paused_called: [35295098,com.epicgames.ue4.GameActivity,performPause]
11-29 07:52:58.935 1491 1491 I GameModeConfig: isGameModeOn = false
11-29 07:52:58.935 1491 1491 E NotificationService: Muting recently noisy 0|com.android.systemui|2048|null|10082
11-29 07:52:58.948 1491 1607 I am_pss : [1900,10089,com.android.music,7798784,5468160,14336,87326720,0,19,6]
11-29 07:52:58.959 1491 1607 I am_pss : [1717,10020,com.hryt.hiphishowfsecontrol,19288064,15433728,14336,98447360,0,19,6]
11-29 07:52:58.972 1491 1607 I am_pss : [1718,10064,com.android.calendar,6977536,4509696,14336,88195072,0,19,5]
11-29 07:52:58.983 1491 1607 I am_pss : [21979,10036,com.microsoft.emmx,63840256,52973568,8675328,120987648,0,19,8]
11-29 07:52:59.019 16043 16059 W ContextImpl: Calling a method in the system process without a qualified user: android.app.ContextImpl.startService:1816 android.content.ContextWrapper.startService:774 com.thundercomm.gamemode.ingame.services.GameModeActionUtils.startGameModeService:93 com.thundercomm.gamemode.ingame.services.GameModeActionUtils.startGameModeEntry:21 com.thundercomm.gamemode.ingame.services.ActivityMonitoringService$1.onActivityLaunch:127
11-29 07:52:59.027 1491 1491 I GameModeConfig: Current uri is uri = content://com.thundercomm.gamemode.api/gamemode_settings/gamemode_isgaming
11-29 07:52:59.029 1491 1491 I GameModeConfig: isGameModeOn = false
11-29 07:52:59.030 1491 1491 I GameModeConfig: isGameModeOn = false
11-29 07:52:59.030 1491 1491 I GameModeConfig: isDisableVoice = true
11-29 07:52:59.079 0 0 I auditd : type=1400 audit(0.0:19152): avc: denied { kill } for comm="swapper/0" capability=5 scontext=u:r:kernel:s0 tcontext=u:r:kernel:s0 tclass=capability permissive=0
11-29 07:52:59.135 29251 29251 I wm_on_stop_called: [35295098,com.epicgames.ue4.GameActivity,STOP_ACTIVITY_ITEM]
11-29 07:52:59.151 16043 16059 W ContextImpl: Calling a method in the system process without a qualified user: android.app.ContextImpl.startService:1816 android.content.ContextWrapper.startService:774 com.thundercomm.gamemode.ingame.services.GameModeActionUtils.startGameModeService:93 com.thundercomm.gamemode.ingame.services.GameModeActionUtils.startGameModeEntry:21 com.thundercomm.gamemode.ingame.services.ActivityMonitoringService$1.onActivityLaunch:127
11-29 07:52:59.155 1491 1491 I GameModeConfig: Current uri is uri = content://com.thundercomm.gamemode.api/gamemode_settings/gamemode_isgaming
11-29 07:52:59.158 1491 1491 I GameModeConfig: isGameModeOn = false
11-29 07:52:59.158 1491 1491 I GameModeConfig: isGameModeOn = false
11-29 07:52:59.158 1491 1491 I GameModeConfig: isDisableVoice = true
11-29 07:52:59.387 1491 1693 I input_interaction: Interaction with: cd0514f com.android.launcher3/com.android.launcher3.uioverrides.QuickstepLauncher (server), d05df9c com.android.systemui.ImageWallpaper (server), edge-swipe (server), swipe-up (server), PointerEventDispatcher0 (server),
11-29 07:52:59.468 1491 2058 I ActivityTaskManager: START u0 {act=android.intent.action.MAIN cat=[android.intent.category.LAUNCHER] flg=0x10200000 cmp=com.android.music/.MusicBrowserActivity bnds=[2308,340][2494,540]} from uid 10077
11-29 07:52:59.476 1491 2058 I wm_task_created: [243,-1]
11-29 07:52:59.476 1491 2058 W ActivityTaskManager: Can't find TaskDisplayArea to determine support for multi window. Task id=243 attached=false
11-29 07:52:59.478 1491 2058 D CompatibilityChangeReporter: Compat change id reported: 174042980; UID 10089; state: DISABLED
11-29 07:52:59.479 1491 2058 D CompatibilityChangeReporter: Compat change id reported: 184838306; UID 10089; state: DISABLED
11-29 07:52:59.479 1491 2058 D CompatibilityChangeReporter: Compat change id reported: 185004937; UID 10089; state: DISABLED
11-29 07:52:59.480 1491 2058 D CompatibilityChangeReporter: Compat change id reported: 181136395; UID 10089; state: DISABLED
11-29 07:52:59.481 1491 2058 D CompatibilityChangeReporter: Compat change id reported: 174042936; UID 10089; state: DISABLED
11-29 07:52:59.482 1491 2058 I wm_task_moved: [243,1,9]
11-29 07:52:59.482 1491 2058 I wm_task_to_front: [0,243]
11-29 07:52:59.482 1491 2058 I wm_create_task: [0,243]
11-29 07:52:59.482 1491 2058 I wm_create_activity: [0,219223401,243,com.android.music/.MusicBrowserActivity,android.intent.action.MAIN,NULL,NULL,270532608]
