11-29 07:43:07.033 30912 30912 I sysui_multi_action: [757,0,758,1,759,0,927,3,928,0,1593,1]
11-29 07:43:07.044 1491 1760 I GameModeConfig: isGameModeOn = false
11-29 07:43:07.044 1491 1760 I GameModeConfig: isGameModeOn = false
11-29 07:43:07.044 1491 1760 I GameModeConfig: isGameModeOn = false
11-29 07:43:07.044 1491 1760 I GameModeConfig: isGameModeOn = false
11-29 07:43:07.044 1491 1760 I GameModeConfig: isGameModeOn = false
11-29 07:43:07.044 1491 1760 I GameModeConfig: isGameModeOn = false
11-29 07:43:07.044 1491 1760 I GameModeConfig: isGameModeOn = false
11-29 07:43:07.045 1491 1760 I GameModeConfig: isGameModeOn = false
11-29 07:43:07.045 1491 1760 I GameModeConfig: isGameModeOn = false
11-29 07:43:07.045 1491 1760 I GameModeConfig: isGameModeOn = false
11-29 07:43:07.046 30912 30912 I sysui_multi_action: [757,111,758,2]
11-29 07:43:07.046 1491 1491 I notification_enqueue: [10082,30912,com.android.systemui,2048,NULL,0,Notification(channel=updateNotification shortcut=null contentView=null vibrate=null sound=null defaults=0x0 flags=0x0 color=0x00000000 vis=PRIVATE),1]
11-29 07:43:07.046 30912 30912 I sysui_multi_action: [757,111,758,2]
11-29 07:43:07.049 30912 30912 I sysui_multi_action: [757,111,758,1]
11-29 07:43:07.049 30912 30912 I sysui_multi_action: [757,126,758,1,759,126,927,0,928,1,1593,1]
11-29 07:43:07.049 30912 30912 I sysui_multi_action: [757,113,758,1,759,113,927,1,928,1,1593,1]
11-29 07:43:07.049 30912 30912 I sysui_multi_action: [757,0,758,1,759,0,927,2,928,0,1593,1]
11-29 07:43:07.049 30912 30912 I sysui_multi_action: [757,0,758,1,759,0,927,3,928,0,1593,1]
11-29 07:43:07.050 30912 30912 I sysui_multi_action: [757,491,758,1,759,491,927,4,928,0,1311,-1,1593,0]
11-29 07:43:07.050 30912 30912 I sysui_multi_action: [757,0,758,1,759,0,927,5,928,0,1593,0]
11-29 07:43:07.050 30912 30912 I sysui_multi_action: [757,111,758,1]
11-29 07:43:07.050 30912 30912 I sysui_multi_action: [757,126,758,1,759,126,927,0,928,1,1593,1]
11-29 07:43:07.050 30912 30912 I sysui_multi_action: [757,113,758,1,759,113,927,1,928,1,1593,1]
11-29 07:43:07.050 30912 30912 I sysui_multi_action: [757,0,758,1,759,0,927,2,928,0,1593,1]
11-29 07:43:07.050 30912 30912 I sysui_multi_action: [757,0,758,1,759,0,927,3,928,0,1593,1]
11-29 07:43:07.060 1491 1760 I GameModeConfig: isGameModeOn = false
11-29 07:43:07.060 1491 1760 I GameModeConfig: isGameModeOn = false
11-29 07:43:07.060 1491 1760 I GameModeConfig: isGameModeOn = false
11-29 07:43:07.060 1491 1760 I GameModeConfig: isGameModeOn = false
11-29 07:43:07.060 1491 1760 I GameModeConfig: isGameModeOn = false
11-29 07:43:07.061 1491 1760 I GameModeConfig: isGameModeOn = false
11-29 07:43:07.061 1491 1760 I GameModeConfig: isGameModeOn = false
11-29 07:43:07.061 1491 1760 I GameModeConfig: isGameModeOn = false
11-29 07:43:07.061 1491 1760 I GameModeConfig: isGameModeOn = false
11-29 07:43:07.061 1491 1760 I GameModeConfig: isGameModeOn = false
11-29 07:43:07.062 30912 30912 I sysui_multi_action: [757,111,758,2]
11-29 07:43:07.062 1491 1491 I notification_enqueue: [10082,30912,com.android.systemui,2048,NULL,0,Notification(channel=updateNotification shortcut=null contentView=null vibrate=null sound=null defaults=0x0 flags=0x0 color=0x00000000 vis=PRIVATE),1]
11-29 07:43:07.062 30912 30912 I sysui_multi_action: [757,111,758,2]
11-29 07:43:07.064 30912 30912 I sysui_multi_action: [757,111,758,1]
11-29 07:43:07.064 30912 30912 I sysui_multi_action: [757,126,758,1,759,126,927,0,928,1,1593,0]
11-29 07:43:07.064 30912 30912 I sysui_multi_action: [757,113,758,1,759,113,927,1,928,1,1593,0]
11-29 07:43:07.064 30912 30912 I sysui_multi_action: [757,0,758,1,759,0,927,2,928,0,1593,0]
11-29 07:43:07.065 30912 30912 I sysui_multi_action: [757,0,758,1,759,0,927,3,928,0,1593,0]
11-29 07:43:07.065 30912 30912 I sysui_multi_action: [757,491,758,1,759,491,927,4,928,0,1311,-1,1593,0]
11-29 07:43:07.065 30912 30912 I sysui_multi_action: [757,0,758,1,759,0,927,5,928,0,1593,0]
11-29 07:43:07.065 30912 30912 I sysui_multi_action: [757,111,758,1]
11-29 07:43:07.065 30912 30912 I sysui_multi_action: [757,126,758,1,759,126,927,0,928,1,1593,1]
11-29 07:43:07.065 30912 30912 I sysui_multi_action: [757,113,758,1,759,113,927,1,928,1,1593,1]
11-29 07:43:07.065 30912 30912 I sysui_multi_action: [757,0,758,1,759,0,927,2,928,0,1593,1]
11-29 07:43:07.065 30912 30912 I sysui_multi_action: [757,0,758,1,759,0,927,3,928,0,1593,1]
11-29 07:43:07.078 1491 1760 I GameModeConfig: isGameModeOn = false
11-29 07:43:07.083 1491 1760 I GameModeConfig: isGameModeOn = false
11-29 07:43:07.085 1491 1760 I GameModeConfig: isGameModeOn = false
11-29 07:43:07.086 1491 1760 I GameModeConfig: isGameModeOn = false
11-29 07:43:07.087 1491 1760 I GameModeConfig: isGameModeOn = false
11-29 07:43:07.088 1491 1760 I GameModeConfig: isGameModeOn = false
11-29 07:43:07.090 1491 1760 I GameModeConfig: isGameModeOn = false
11-29 07:43:07.091 1491 1760 I GameModeConfig: isGameModeOn = false
11-29 07:43:07.091 1491 1760 I GameModeConfig: isGameModeOn = false
11-29 07:43:07.092 1491 1760 I GameModeConfig: isGameModeOn = false
11-29 07:43:07.093 1491 1491 I GameModeConfig: isGameModeOn = false
11-29 07:43:07.093 30912 30912 I sysui_multi_action: [757,111,758,2]
11-29 07:43:07.093 1491 1491 I sysui_multi_action: [757,1501,758,1,793,16144354,794,0,795,216,796,2048,806,com.android.systemui,857,updateNotification,858,3,947,0,1500,0,1688,1]
11-29 07:43:07.093 1491 1491 I sysui_multi_action: [757,804,799,note_interruptive,801,0,802,1]
11-29 07:43:07.093 30912 30912 I sysui_multi_action: [757,111,758,2]
11-29 07:43:07.093 1491 1491 I sysui_multi_action: [757,199,758,1,759,2,793,16144354,794,0,795,216,796,2048,806,com.android.systemui,857,updateNotification,858,3,947,0,1500,0,1688,1]
11-29 07:43:07.093 1491 1491 I notification_alert: [0|com.android.systemui|2048|null|10082,0,1,0]
11-29 07:43:07.094 1491 1491 W NotificationHistory: Attempted to add notif for locked/gone/disabled user 0
11-29 07:43:07.094 1491 1491 I notification_enqueue: [10082,30912,com.android.systemui,2048,NULL,0,Notification(channel=updateNotification shortcut=null contentView=null vibrate=null sound=null defaults=0x0 flags=0x0 color=0x00000000 vis=PRIVATE),1]
11-29 07:43:07.096 30912 30912 I sysui_multi_action: [757,111,758,1]
11-29 07:43:07.096 30912 30912 I sysui_multi_action: [757,126,758,1,759,126,927,0,928,1,1593,1]
11-29 07:43:07.096 30912 30912 I sysui_multi_action: [757,113,758,1,759,113,927,1,928,1,1593,1]
11-29 07:43:07.096 30912 30912 I sysui_multi_action: [757,0,758,1,759,0,927,2,928,0,1593,1]
11-29 07:43:07.096 30912 30912 I sysui_multi_action: [757,0,758,1,759,0,927,3,928,0,1593,1]
11-29 07:43:07.097 30912 30912 I sysui_multi_action: [757,491,758,1,759,491,927,4,928,0,1311,-1,1593,0]
11-29 07:43:07.097 30912 30912 I sysui_multi_action: [757,0,758,1,759,0,927,5,928,0,1593,0]
11-29 07:43:07.097 30912 30912 I sysui_multi_action: [757,111,758,1]
11-29 07:43:07.097 30912 30912 I sysui_multi_action: [757,126,758,1,759,126,927,0,928,1,1593,1]
11-29 07:43:07.097 30912 30912 I sysui_multi_action: [757,113,758,1,759,113,927,1,928,1,1593,1]
11-29 07:43:07.097 30912 30912 I sysui_multi_action: [757,0,758,1,759,0,927,2,928,0,1593,1]
11-29 07:43:07.097 30912 30912 I sysui_multi_action: [757,0,758,1,759,0,927,3,928,0,1593,1]
11-29 07:43:07.103 1491 1760 I GameModeConfig: isGameModeOn = false
11-29 07:43:07.103 1491 1760 I GameModeConfig: isGameModeOn = false
11-29 07:43:07.103 1491 1760 I GameModeConfig: isGameModeOn = false
11-29 07:43:07.103 1491 1760 I GameModeConfig: isGameModeOn = false
11-29 07:43:07.104 1491 1760 I GameModeConfig: isGameModeOn = false
11-29 07:43:07.104 1491 1760 I GameModeConfig: isGameModeOn = false
11-29 07:43:07.104 1491 1760 I GameModeConfig: isGameModeOn = false
11-29 07:43:07.104 1491 1760 I GameModeConfig: isGameModeOn = false
11-29 07:43:07.104 1491 1760 I GameModeConfig: isGameModeOn = false
11-29 07:43:07.104 1491 1760 I GameModeConfig: isGameModeOn = false
11-29 07:43:07.105 30912 30912 I sysui_multi_action: [757,111,758,2]
11-29 07:43:07.105 30912 30912 I sysui_multi_action: [757,111,758,2]
11-29 07:43:07.108 30912 30912 I sysui_multi_action: [757,111,758,1]
11-29 07:43:07.109 30912 30912 I sysui_multi_action: [757,126,758,1,759,126,927,0,928,1,1593,1]
11-29 07:43:07.109 30912 30912 I sysui_multi_action: [757,113,758,1,759,113,927,1,928,1,1593,1]
11-29 07:43:07.109 30912 30912 I sysui_multi_action: [757,0,758,1,759,0,927,2,928,0,1593,1]
11-29 07:43:07.109 30912 30912 I sysui_multi_action: [757,0,758,1,759,0,927,3,928,0,1593,1]
11-29 07:43:07.109 30912 30912 I sysui_multi_action: [757,491,758,1,759,491,927,4,928,0,1311,-1,1593,0]
11-29 07:43:07.109 30912 30912 I sysui_multi_action: [757,0,758,1,759,0,927,5,928,0,1593,0]
11-29 07:43:07.110 30912 30912 I sysui_multi_action: [757,111,758,1]
11-29 07:43:07.110 30912 30912 I sysui_multi_action: [757,126,758,1,759,126,927,0,928,1,1593,1]
11-29 07:43:07.110 30912 30912 I sysui_multi_action: [757,113,758,1,759,113,927,1,928,1,1593,1]
11-29 07:43:07.110 30912 30912 I sysui_multi_action: [757,0,758,1,759,0,927,2,928,0,1593,1]
11-29 07:43:07.110 30912 30912 I sysui_multi_action: [757,0,758,1,759,0,927,3,928,0,1593,1]
11-29 07:43:07.111 1491 1491 I notification_enqueue: [10082,30912,com.android.systemui,2048,NULL,0,Notification(channel=updateNotification shortcut=null contentView=null vibrate=null sound=null defaults=0x0 flags=0x0 color=0x00000000 vis=PRIVATE),1]
11-29 07:43:07.116 1491 1491 I GameModeConfig: isGameModeOn = false
11-29 07:43:07.116 1491 1491 E NotificationService: Muting recently noisy 0|com.android.systemui|2048|null|10082
11-29 07:43:07.118 30912 30912 I sysui_multi_action: [757,111,758,2]
11-29 07:43:07.118 30912 30912 I sysui_multi_action: [757,111,758,2]
11-29 07:43:07.119 1491 1491 I notification_enqueue: [10082,30912,com.android.systemui,2048,NULL,0,Notification(channel=updateNotification shortcut=null contentView=null vibrate=null sound=null defaults=0x0 flags=0x0 color=0x00000000 vis=PRIVATE),1]
11-29 07:43:07.120 1491 1760 I GameModeConfig: isGameModeOn = false
11-29 07:43:07.120 1491 1760 I GameModeConfig: isGameModeOn = false
11-29 07:43:07.120 1491 1760 I GameModeConfig: isGameModeOn = false
11-29 07:43:07.120 1491 1760 I GameModeConfig: isGameModeOn = false
11-29 07:43:07.121 1491 1760 I GameModeConfig: isGameModeOn = false
11-29 07:43:07.121 1491 1760 I GameModeConfig: isGameModeOn = false
11-29 07:43:07.121 1491 1760 I GameModeConfig: isGameModeOn = false
11-29 07:43:07.121 1491 1760 I GameModeConfig: isGameModeOn = false
11-29 07:43:07.121 1491 1760 I GameModeConfig: isGameModeOn = false
11-29 07:43:07.121 1491 1760 I GameModeConfig: isGameModeOn = false
11-29 07:43:07.122 30912 30912 I sysui_multi_action: [757,111,758,1]
11-29 07:43:07.122 30912 30912 I sysui_multi_action: [757,126,758,1,759,126,927,0,928,1,1593,1]
11-29 07:43:07.122 30912 30912 I sysui_multi_action: [757,113,758,1,759,113,927,1,928,1,1593,1]
11-29 07:43:07.122 30912 30912 I sysui_multi_action: [757,0,758,1,759,0,927,2,928,0,1593,1]
11-29 07:43:07.122 30912 30912 I sysui_multi_action: [757,0,758,1,759,0,927,3,928,0,1593,1]
11-29 07:43:07.122 30912 30912 I sysui_multi_action: [757,491,758,1,759,491,927,4,928,0,1311,-1,1593,0]
11-29 07:43:07.122 30912 30912 I sysui_multi_action: [757,0,758,1,759,0,927,5,928,0,1593,0]
11-29 07:43:07.122 30912 30912 I sysui_multi_action: [757,111,758,1]
11-29 07:43:07.122 30912 30912 I sysui_multi_action: [757,126,758,1,759,126,927,0,928,1,1593,1]
11-29 07:43:07.122 30912 30912 I sysui_multi_action: [757,113,758,1,759,113,927,1,928,1,1593,1]
11-29 07:43:07.122 30912 30912 I sysui_multi_action: [757,0,758,1,759,0,927,2,928,0,1593,1]
11-29 07:43:07.122 30912 30912 I sysui_multi_action: [757,0,758,1,759,0,927,3,928,0,1593,1]
11-29 07:43:07.125 1491 1491 I GameModeConfig: isGameModeOn = false
11-29 07:43:07.125 1491 1491 E NotificationService: Muting recently noisy 0|com.android.systemui|2048|null|10082
11-29 07:43:07.135 1491 1760 I GameModeConfig: isGameModeOn = false
11-29 07:43:07.135 1491 1760 I GameModeConfig: isGameModeOn = false
11-29 07:43:07.135 1491 1760 I GameModeConfig: isGameModeOn = false
11-29 07:43:07.135 1491 1760 I GameModeConfig: isGameModeOn = false
11-29 07:43:07.135 1491 1760 I GameModeConfig: isGameModeOn = false
11-29 07:43:07.135 1491 1760 I GameModeConfig: isGameModeOn = false
11-29 07:43:07.135 1491 1760 I GameModeConfig: isGameModeOn = false
11-29 07:43:07.135 1491 1760 I GameModeConfig: isGameModeOn = false
11-29 07:43:07.135 1491 1760 I GameModeConfig: isGameModeOn = false
11-29 07:43:07.135 1491 1760 I GameModeConfig: isGameModeOn = false
11-29 07:43:07.136 30912 30912 I sysui_multi_action: [757,111,758,2]
11-29 07:43:07.136 1491 1491 I GameModeConfig: isGameModeOn = false
11-29 07:43:07.136 30912 30912 I sysui_multi_action: [757,111,758,2]
11-29 07:43:07.136 1491 1491 E NotificationService: Muting recently noisy 0|com.android.systemui|2048|null|10082
11-29 07:43:07.137 1491 1491 I notification_enqueue: [10082,30912,com.android.systemui,2048,NULL,0,Notification(channel=updateNotification shortcut=null contentView=null vibrate=null sound=null defaults=0x0 flags=0x0 color=0x00000000 vis=PRIVATE),1]
11-29 07:43:07.139 30912 30912 I sysui_multi_action: [757,111,758,1]
11-29 07:43:07.139 30912 30912 I sysui_multi_action: [757,126,758,1,759,126,927,0,928,1,1593,1]
11-29 07:43:07.139 30912 30912 I sysui_multi_action: [757,113,758,1,759,113,927,1,928,1,1593,1]
11-29 07:43:07.139 30912 30912 I sysui_multi_action: [757,0,758,1,759,0,927,2,928,0,1593,1]
11-29 07:43:07.139 30912 30912 I sysui_multi_action: [757,0,758,1,759,0,927,3,928,0,1593,1]
11-29 07:43:07.139 30912 30912 I sysui_multi_action: [757,491,758,1,759,491,927,4,928,0,1311,-1,1593,0]
11-29 07:43:07.139 30912 30912 I sysui_multi_action: [757,0,758,1,759,0,927,5,928,0,1593,0]
11-29 07:43:07.139 30912 30912 I sysui_multi_action: [757,111,758,1]
11-29 07:43:07.140 30912 30912 I sysui_multi_action: [757,126,758,1,759,126,927,0,928,1,1593,1]
11-29 07:43:07.140 30912 30912 I sysui_multi_action: [757,113,758,1,759,113,927,1,928,1,1593,1]
11-29 07:43:07.140 30912 30912 I sysui_multi_action: [757,0,758,1,759,0,927,2,928,0,1593,1]
11-29 07:43:07.140 30912 30912 I sysui_multi_action: [757,0,758,1,759,0,927,3,928,0,1593,1]
11-29 07:43:07.147 1491 1491 I GameModeConfig: isGameModeOn = false
11-29 07:43:07.147 1491 1491 E NotificationService: Muting recently noisy 0|com.android.systemui|2048|null|10082
11-29 07:43:07.149 30912 30912 I sysui_multi_action: [757,111,758,2]
11-29 07:43:07.149 1491 1491 I notification_enqueue: [10082,30912,com.android.systemui,2048,NULL,0,Notification(channel=updateNotification shortcut=null contentView=null vibrate=null sound=null defaults=0x0 flags=0x0 color=0x00000000 vis=PRIVATE),1]
11-29 07:43:07.149 30912 30912 I sysui_multi_action: [757,111,758,2]
11-29 07:43:07.150 1491 1760 I GameModeConfig: isGameModeOn = false
11-29 07:43:07.151 1491 1760 I GameModeConfig: isGameModeOn = false
11-29 07:43:07.151 1491 1760 I GameModeConfig: isGameModeOn = false
11-29 07:43:07.151 1491 1760 I GameModeConfig: isGameModeOn = false
11-29 07:43:07.151 1491 1760 I GameModeConfig: isGameModeOn = false
11-29 07:43:07.151 1491 1760 I GameModeConfig: isGameModeOn = false
11-29 07:43:07.151 1491 1760 I GameModeConfig: isGameModeOn = false
11-29 07:43:07.151 1491 1760 I GameModeConfig: isGameModeOn = false
11-29 07:43:07.151 30912 30912 I sysui_multi_action: [757,111,758,1]
11-29 07:43:07.151 1491 1760 I GameModeConfig: isGameModeOn = false
11-29 07:43:07.151 30912 30912 I sysui_multi_action: [757,126,758,1,759,126,927,0,928,1,1593,0]
11-29 07:43:07.151 1491 1760 I GameModeConfig: isGameModeOn = false
11-29 07:43:07.151 30912 30912 I sysui_multi_action: [757,113,758,1,759,113,927,1,928,1,1593,0]
11-29 07:43:07.151 30912 30912 I sysui_multi_action: [757,0,758,1,759,0,927,2,928,0,1593,0]
11-29 07:43:07.151 30912 30912 I sysui_multi_action: [757,0,758,1,759,0,927,3,928,0,1593,0]
11-29 07:43:07.152 30912 30912 I sysui_multi_action: [757,491,758,1,759,491,927,4,928,0,1311,-1,1593,0]
11-29 07:43:07.152 30912 30912 I sysui_multi_action: [757,0,758,1,759,0,927,5,928,0,1593,0]
11-29 07:43:07.152 30912 30912 I sysui_multi_action: [757,111,758,1]
11-29 07:43:07.152 30912 30912 I sysui_multi_action: [757,126,758,1,759,126,927,0,928,1,1593,1]
11-29 07:43:07.152 30912 30912 I sysui_multi_action: [757,113,758,1,759,113,927,1,928,1,1593,1]
11-29 07:43:07.152 30912 30912 I sysui_multi_action: [757,0,758,1,759,0,927,2,928,0,1593,1]
11-29 07:43:07.152 30912 30912 I sysui_multi_action: [757,0,758,1,759,0,927,3,928,0,1593,1]
11-29 07:43:07.163 1491 1491 I GameModeConfig: isGameModeOn = false
11-29 07:43:07.163 1491 1491 E NotificationService: Muting recently noisy 0|com.android.systemui|2048|null|10082
11-29 07:43:07.164 30912 30912 I sysui_multi_action: [757,111,758,2]
11-29 07:43:07.164 30912 30912 I sysui_multi_action: [757,111,758,2]
11-29 07:43:07.165 1491 1491 I notification_enqueue: [10082,30912,com.android.systemui,2048,NULL,0,Notification(channel=updateNotification shortcut=null contentView=null vibrate=null sound=null defaults=0x0 flags=0x0 color=0x00000000 vis=PRIVATE),1]
11-29 07:43:07.167 30912 30912 I sysui_multi_action: [757,111,758,1]
11-29 07:43:07.167 30912 30912 I sysui_multi_action: [757,126,758,1,759,126,927,0,928,1,1593,1]
11-29 07:43:07.167 30912 30912 I sysui_multi_action: [757,113,758,1,759,113,927,1,928,1,1593,1]
11-29 07:43:07.167 30912 30912 I sysui_multi_action: [757,0,758,1,759,0,927,2,928,0,1593,1]
11-29 07:43:07.167 30912 30912 I sysui_multi_action: [757,0,758,1,759,0,927,3,928,0,1593,1]
11-29 07:43:07.167 30912 30912 I sysui_multi_action: [757,491,758,1,759,491,927,4,928,0,1311,-1,1593,0]
11-29 07:43:07.167 30912 30912 I sysui_multi_action: [757,0,758,1,759,0,927,5,928,0,1593,0]
11-29 07:43:07.167 30912 30912 I sysui_multi_action: [757,111,758,1]
11-29 07:43:07.167 30912 30912 I sysui_multi_action: [757,126,758,1,759,126,927,0,928,1,1593,1]
11-29 07:43:07.167 30912 30912 I sysui_multi_action: [757,113,758,1,759,113,927,1,928,1,1593,1]
11-29 07:43:07.167 30912 30912 I sysui_multi_action: [757,0,758,1,759,0,927,2,928,0,1593,1]
11-29 07:43:07.167 30912 30912 I sysui_multi_action: [757,0,758,1,759,0,927,3,928,0,1593,1]
11-29 07:43:07.169 1491 1760 I GameModeConfig: isGameModeOn = false
11-29 07:43:07.170 1491 1760 I GameModeConfig: isGameModeOn = false
11-29 07:43:07.170 1491 1760 I GameModeConfig: isGameModeOn = false
11-29 07:43:07.170 1491 1760 I GameModeConfig: isGameModeOn = false
11-29 07:43:07.170 1491 1760 I GameModeConfig: isGameModeOn = false
11-29 07:43:07.171 1491 1760 I GameModeConfig: isGameModeOn = false
11-29 07:43:07.171 1491 1760 I GameModeConfig: isGameModeOn = false
11-29 07:43:07.171 1491 1760 I GameModeConfig: isGameModeOn = false
11-29 07:43:07.171 1491 1760 I GameModeConfig: isGameModeOn = false
11-29 07:43:07.171 1491 1760 I GameModeConfig: isGameModeOn = false
11-29 07:43:07.177 1491 1760 I GameModeConfig: isGameModeOn = false
11-29 07:43:07.177 1491 1760 I GameModeConfig: isGameModeOn = false
11-29 07:43:07.178 1491 1760 I GameModeConfig: isGameModeOn = false
11-29 07:43:07.178 1491 1760 I GameModeConfig: isGameModeOn = false
11-29 07:43:07.178 1491 1760 I GameModeConfig: isGameModeOn = false
11-29 07:43:07.178 1491 1760 I GameModeConfig: isGameModeOn = false
11-29 07:43:07.178 1491 1760 I GameModeConfig: isGameModeOn = false
11-29 07:43:07.178 1491 1760 I GameModeConfig: isGameModeOn = false
11-29 07:43:07.178 1491 1760 I GameModeConfig: isGameModeOn = false
11-29 07:43:07.179 1491 1760 I GameModeConfig: isGameModeOn = false
11-29 07:43:07.179 30912 30912 I sysui_multi_action: [757,111,758,2]
11-29 07:43:07.179 30912 30912 I sysui_multi_action: [757,111,758,2]
11-29 07:43:07.181 1491 1491 I GameModeConfig: isGameModeOn = false
11-29 07:43:07.181 30912 30912 I sysui_multi_action: [757,111,758,1]
11-29 07:43:07.182 30912 30912 I sysui_multi_action: [757,126,758,1,759,126,927,0,928,1,1593,1]
11-29 07:43:07.182 30912 30912 I sysui_multi_action: [757,113,758,1,759,113,927,1,928,1,1593,1]
11-29 07:43:07.182 30912 30912 I sysui_multi_action: [757,0,758,1,759,0,927,2,928,0,1593,1]
11-29 07:43:07.182 30912 30912 I sysui_multi_action: [757,0,758,1,759,0,927,3,928,0,1593,1]
11-29 07:43:07.182 30912 30912 I sysui_multi_action: [757,491,758,1,759,491,927,4,928,0,1311,-1,1593,0]
11-29 07:43:07.182 30912 30912 I sysui_multi_action: [757,0,758,1,759,0,927,5,928,0,1593,0]
11-29 07:43:07.182 30912 30912 I sysui_multi_action: [757,111,758,1]
11-29 07:43:07.182 30912 30912 I sysui_multi_action: [757,126,758,1,759,126,927,0,928,1,1593,1]
11-29 07:43:07.182 30912 30912 I sysui_multi_action: [757,113,758,1,759,113,927,1,928,1,1593,1]
11-29 07:43:07.182 30912 30912 I sysui_multi_action: [757,0,758,1,759,0,927,2,928,0,1593,1]
11-29 07:43:07.182 30912 30912 I sysui_multi_action: [757,0,758,1,759,0,927,3,928,0,1593,1]
11-29 07:43:07.182 1491 1491 E NotificationService: Muting recently noisy 0|com.android.systemui|2048|null|10082
11-29 07:43:07.183 1491 1491 I notification_enqueue: [10082,30912,com.android.systemui,2048,NULL,0,Notification(channel=updateNotification shortcut=null contentView=null vibrate=null sound=null defaults=0x0 flags=0x0 color=0x00000000 vis=PRIVATE),1]
11-29 07:43:07.194 1491 1760 I GameModeConfig: isGameModeOn = false
11-29 07:43:07.194 1491 1760 I GameModeConfig: isGameModeOn = false
11-29 07:43:07.194 1491 1760 I GameModeConfig: isGameModeOn = false
11-29 07:43:07.194 1491 1760 I GameModeConfig: isGameModeOn = false
11-29 07:43:07.195 1491 1760 I GameModeConfig: isGameModeOn = false
11-29 07:43:07.195 1491 1760 I GameModeConfig: isGameModeOn = false
11-29 07:43:07.195 1491 1760 I GameModeConfig: isGameModeOn = false
11-29 07:43:07.195 1491 1760 I GameModeConfig: isGameModeOn = false
11-29 07:43:07.195 1491 1760 I GameModeConfig: isGameModeOn = false
11-29 07:43:07.195 1491 1760 I GameModeConfig: isGameModeOn = false
11-29 07:43:07.196 30912 30912 I sysui_multi_action: [757,111,758,2]
11-29 07:43:07.196 30912 30912 I sysui_multi_action: [757,111,758,2]
11-29 07:43:07.196 1491 1491 I notification_enqueue: [10082,30912,com.android.systemui,2048,NULL,0,Notification(channel=updateNotification shortcut=null contentView=null vibrate=null sound=null defaults=0x0 flags=0x0 color=0x00000000 vis=PRIVATE),1]
11-29 07:43:07.198 1491 1491 I GameModeConfig: isGameModeOn = false
11-29 07:43:07.198 30912 30912 I sysui_multi_action: [757,111,758,1]
11-29 07:43:07.198 30912 30912 I sysui_multi_action: [757,126,758,1,759,126,927,0,928,1,1593,1]
11-29 07:43:07.198 30912 30912 I sysui_multi_action: [757,113,758,1,759,113,927,1,928,1,1593,1]
11-29 07:43:07.198 30912 30912 I sysui_multi_action: [757,0,758,1,759,0,927,2,928,0,1593,1]
11-29 07:43:07.198 30912 30912 I sysui_multi_action: [757,0,758,1,759,0,927,3,928,0,1593,1]
11-29 07:43:07.198 1491 1491 E NotificationService: Muting recently noisy 0|com.android.systemui|2048|null|10082
11-29 07:43:07.198 30912 30912 I sysui_multi_action: [757,491,758,1,759,491,927,4,928,0,1311,-1,1593,0]
11-29 07:43:07.198 30912 30912 I sysui_multi_action: [757,0,758,1,759,0,927,5,928,0,1593,0]
11-29 07:43:07.199 30912 30912 I sysui_multi_action: [757,111,758,1]
11-29 07:43:07.199 30912 30912 I sysui_multi_action: [757,126,758,1,759,126,927,0,928,1,1593,1]
11-29 07:43:07.199 30912 30912 I sysui_multi_action: [757,113,758,1,759,113,927,1,928,1,1593,1]
11-29 07:43:07.199 30912 30912 I sysui_multi_action: [757,0,758,1,759,0,927,2,928,0,1593,1]
11-29 07:43:07.199 30912 30912 I sysui_multi_action: [757,0,758,1,759,0,927,3,928,0,1593,1]
11-29 07:43:07.211 1491 1760 I GameModeConfig: isGameModeOn = false
11-29 07:43:07.211 1491 1760 I GameModeConfig: isGameModeOn = false
11-29 07:43:07.211 1491 1760 I GameModeConfig: isGameModeOn = false
11-29 07:43:07.211 1491 1760 I GameModeConfig: isGameModeOn = false
11-29 07:43:07.211 1491 1760 I GameModeConfig: isGameModeOn = false
11-29 07:43:07.212 1491 1760 I GameModeConfig: isGameModeOn = false
11-29 07:43:07.212 1491 1760 I GameModeConfig: isGameModeOn = false
11-29 07:43:07.212 1491 1760 I GameModeConfig: isGameModeOn = false
11-29 07:43:07.212 1491 1760 I GameModeConfig: isGameModeOn = false
11-29 07:43:07.212 1491 1760 I GameModeConfig: isGameModeOn = false
11-29 07:43:07.213 30912 30912 I sysui_multi_action: [757,111,758,2]
11-29 07:43:07.213 30912 30912 I sysui_multi_action: [757,111,758,2]
11-29 07:43:07.214 1491 1491 I GameModeConfig: isGameModeOn = false
11-29 07:43:07.214 1491 1491 E NotificationService: Muting recently noisy 0|com.android.systemui|2048|null|10082
11-29 07:43:07.215 1491 1491 I notification_enqueue: [10082,30912,com.android.systemui,2048,NULL,0,Notification(channel=updateNotification shortcut=null contentView=null vibrate=null sound=null defaults=0x0 flags=0x0 color=0x00000000 vis=PRIVATE),1]
11-29 07:43:07.226 1491 10783 W ActivityManager: Receiver with filter android.content.IntentFilter@687a3de already registered for pid 32243, callerPackage is com.baidu.input
11-29 07:43:07.228 30912 30912 I sysui_multi_action: [757,111,758,1]
11-29 07:43:07.228 30912 30912 I sysui_multi_action: [757,126,758,1,759,126,927,0,928,1,1593,1]
11-29 07:43:07.228 30912 30912 I sysui_multi_action: [757,113,758,1,759,113,927,1,928,1,1593,1]
11-29 07:43:07.228 30912 30912 I sysui_multi_action: [757,0,758,1,759,0,927,2,928,0,1593,1]
11-29 07:43:07.228 30912 30912 I sysui_multi_action: [757,0,758,1,759,0,927,3,928,0,1593,1]
11-29 07:43:07.229 30912 30912 I sysui_multi_action: [757,491,758,1,759,491,927,4,928,0,1311,-1,1593,0]
11-29 07:43:07.229 30912 30912 I sysui_multi_action: [757,0,758,1,759,0,927,5,928,0,1593,0]
11-29 07:43:07.229 30912 30912 I sysui_multi_action: [757,111,758,1]
11-29 07:43:07.229 30912 30912 I sysui_multi_action: [757,126,758,1,759,126,927,0,928,1,1593,1]
11-29 07:43:07.229 30912 30912 I sysui_multi_action: [757,113,758,1,759,113,927,1,928,1,1593,1]
11-29 07:43:07.229 30912 30912 I sysui_multi_action: [757,0,758,1,759,0,927,2,928,0,1593,1]
11-29 07:43:07.229 30912 30912 I sysui_multi_action: [757,0,758,1,759,0,927,3,928,0,1593,1]
11-29 07:43:07.230 1491 1491 I GameModeConfig: isGameModeOn = false
11-29 07:43:07.231 1491 1491 E NotificationService: Muting recently noisy 0|com.android.systemui|2048|null|10082
11-29 07:43:07.246 1491 1760 I GameModeConfig: isGameModeOn = false
11-29 07:43:07.246 1491 1760 I GameModeConfig: isGameModeOn = false
11-29 07:43:07.246 1491 1760 I GameModeConfig: isGameModeOn = false
11-29 07:43:07.246 1491 1760 I GameModeConfig: isGameModeOn = false
11-29 07:43:07.246 1491 1760 I GameModeConfig: isGameModeOn = false
11-29 07:43:07.246 1491 1760 I GameModeConfig: isGameModeOn = false
11-29 07:43:07.247 1491 1760 I GameModeConfig: isGameModeOn = false
11-29 07:43:07.247 1491 1760 I GameModeConfig: isGameModeOn = false
11-29 07:43:07.247 1491 1760 I GameModeConfig: isGameModeOn = false
11-29 07:43:07.247 1491 1760 I GameModeConfig: isGameModeOn = false
11-29 07:43:07.248 30912 30912 I sysui_multi_action: [757,111,758,2]
11-29 07:43:07.248 30912 30912 I sysui_multi_action: [757,111,758,2]
11-29 07:43:07.249 1491 10783 I sysui_multi_action: [757,127,758,2]
11-29 07:43:07.250 1491 10783 I notification_panel_hidden:
11-29 07:43:07.250 1491 1491 I GameModeConfig: isGameModeOn = false
11-29 07:43:07.250 1491 1491 E NotificationService: Muting recently noisy 0|com.android.systemui|2048|null|10082
11-29 07:43:07.250 1491 1491 I notification_enqueue: [10082,30912,com.android.systemui,2048,NULL,0,Notification(channel=updateNotification shortcut=null contentView=null vibrate=null sound=null defaults=0x0 flags=0x0 color=0x00000000 vis=PRIVATE),1]
11-29 07:43:07.259 30912 30912 I sysui_multi_action: [757,111,758,1]
11-29 07:43:07.259 30912 30912 I sysui_multi_action: [757,126,758,1,759,126,927,0,928,1,1593,1]
11-29 07:43:07.259 30912 30912 I sysui_multi_action: [757,113,758,1,759,113,927,1,928,1,1593,1]
11-29 07:43:07.259 30912 30912 I sysui_multi_action: [757,0,758,1,759,0,927,2,928,0,1593,1]
11-29 07:43:07.259 30912 30912 I sysui_multi_action: [757,0,758,1,759,0,927,3,928,0,1593,1]
11-29 07:43:07.259 30912 30912 I sysui_multi_action: [757,491,758,1,759,491,927,4,928,0,1311,-1,1593,0]
11-29 07:43:07.259 30912 30912 I sysui_multi_action: [757,0,758,1,759,0,927,5,928,0,1593,0]
11-29 07:43:07.259 30912 30912 I sysui_multi_action: [757,111,758,1]
11-29 07:43:07.259 30912 30912 I sysui_multi_action: [757,126,758,1,759,126,927,0,928,1,1593,1]
11-29 07:43:07.260 30912 30912 I sysui_multi_action: [757,113,758,1,759,113,927,1,928,1,1593,1]
11-29 07:43:07.260 30912 30912 I sysui_multi_action: [757,0,758,1,759,0,927,2,928,0,1593,1]
11-29 07:43:07.260 30912 30912 I sysui_multi_action: [757,0,758,1,759,0,927,3,928,0,1593,1]
11-29 07:43:07.263 1491 1491 I GameModeConfig: isGameModeOn = false
11-29 07:43:07.263 1491 1491 E NotificationService: Muting recently noisy 0|com.android.systemui|2048|null|10082
11-29 07:43:07.296 1491 1491 I GameModeConfig: isGameModeOn = false
11-29 07:43:07.297 1491 1491 E NotificationService: Muting recently noisy 0|com.android.systemui|2048|null|10082
11-29 07:43:07.314 1491 1491 I GameModeConfig: isGameModeOn = false
11-29 07:43:07.315 1491 1491 E NotificationService: Muting recently noisy 0|com.android.systemui|2048|null|10082
11-29 07:43:07.322 1491 1491 I GameModeConfig: isGameModeOn = false
11-29 07:43:07.322 1491 1491 E NotificationService: Muting recently noisy 0|com.android.systemui|2048|null|10082
11-29 07:43:07.337 1491 1491 I GameModeConfig: isGameModeOn = false
11-29 07:43:07.338 1491 1491 E NotificationService: Muting recently noisy 0|com.android.systemui|2048|null|10082
11-29 07:43:07.350 1491 1491 I GameModeConfig: isGameModeOn = false
11-29 07:43:07.351 1491 1491 E NotificationService: Muting recently noisy 0|com.android.systemui|2048|null|10082
11-29 07:43:07.358 1491 1693 I input_interaction: Interaction with: 3c721b8 StatusBar (server), edge-swipe (server), swipe-up (server), PointerEventDispatcher0 (server),
11-29 07:43:07.360 30912 30912 I sysui_multi_action: [757,803,799,panel_open,802,1]
11-29 07:43:07.360 30912 30912 I sysui_multi_action: [757,1328,758,4,1326,65,1327,4,1329,0]
11-29 07:43:07.367 1491 1491 I GameModeConfig: isGameModeOn = false
11-29 07:43:07.368 1491 1491 E NotificationService: Muting recently noisy 0|com.android.systemui|2048|null|10082
11-29 07:43:07.380 1491 1760 I GameModeConfig: isGameModeOn = false
11-29 07:43:07.381 1491 1760 I GameModeConfig: isGameModeOn = false
11-29 07:43:07.381 1491 7072 I sysui_multi_action: [757,127,758,1]
11-29 07:43:07.381 1491 1760 I GameModeConfig: isGameModeOn = false
11-29 07:43:07.381 1491 7072 I sysui_multi_action: [757,804,799,note_load,801,3,802,1]
11-29 07:43:07.381 1491 7072 I notification_panel_revealed: 3
11-29 07:43:07.381 1491 1760 I GameModeConfig: isGameModeOn = false
11-29 07:43:07.381 1491 1760 I GameModeConfig: isGameModeOn = false
11-29 07:43:07.381 1491 1760 I GameModeConfig: isGameModeOn = false
11-29 07:43:07.381 1491 1760 I GameModeConfig: isGameModeOn = false
11-29 07:43:07.381 1491 1760 I GameModeConfig: isGameModeOn = false
11-29 07:43:07.381 1491 1760 I GameModeConfig: isGameModeOn = false
11-29 07:43:07.381 1491 1760 I GameModeConfig: isGameModeOn = false
11-29 07:43:07.383 30912 30912 I sysui_multi_action: [757,111,758,2]
11-29 07:43:07.383 30912 30912 I sysui_multi_action: [757,111,758,2]
11-29 07:43:07.390 1491 1600 I input_focus: [Focus request 6b9abb7 NotificationShade,reason=UpdateInputWindows]
11-29 07:43:07.391 30912 30912 I sysui_multi_action: [757,111,758,1]
11-29 07:43:07.392 30912 30912 I sysui_multi_action: [757,126,758,1,759,126,927,0,928,1,1593,0]
11-29 07:43:07.392 30912 30912 I sysui_multi_action: [757,113,758,1,759,113,927,1,928,1,1593,0]
11-29 07:43:07.392 30912 30912 I sysui_multi_action: [757,0,758,1,759,0,927,2,928,0,1593,0]
11-29 07:43:07.392 30912 30912 I sysui_multi_action: [757,0,758,1,759,0,927,3,928,0,1593,0]
11-29 07:43:07.392 1491 1491 I notification_enqueue: [10082,30912,com.android.systemui,2048,NULL,0,Notification(channel=updateNotification shortcut=null contentView=null vibrate=null sound=null defaults=0x0 flags=0x0 color=0x00000000 vis=PRIVATE),1]
11-29 07:43:07.392 30912 30912 I sysui_multi_action: [757,491,758,1,759,491,927,4,928,0,1311,-1,1593,0]
11-29 07:43:07.392 30912 30912 I sysui_multi_action: [757,0,758,1,759,0,927,5,928,0,1593,0]
11-29 07:43:07.392 30912 30912 I sysui_multi_action: [757,111,758,1]
11-29 07:43:07.392 30912 30912 I sysui_multi_action: [757,126,758,1,759,126,927,0,928,1,1593,0]
11-29 07:43:07.392 30912 30912 I sysui_multi_action: [757,113,758,1,759,113,927,1,928,1,1593,0]
11-29 07:43:07.392 30912 30912 I sysui_multi_action: [757,0,758,1,759,0,927,2,928,0,1593,0]
11-29 07:43:07.392 30912 30912 I sysui_multi_action: [757,0,758,1,759,0,927,3,928,0,1593,0]
11-29 07:43:07.393 1491 1491 I GameModeConfig: isGameModeOn = false
11-29 07:43:07.393 1491 1491 E NotificationService: Muting recently noisy 0|com.android.systemui|2048|null|10082
11-29 07:43:07.398 1491 1723 I netstats_mobile_sample: [0,0,0,0,0,0,0,0,0,0,0,0,1669678987398]
11-29 07:43:07.399 1491 1491 I GameModeConfig: isGameModeOn = false
11-29 07:43:07.400 1491 1491 E NotificationService: Muting recently noisy 0|com.android.systemui|2048|null|10082
11-29 07:43:07.400 30912 30912 I sysui_multi_action: [757,111,758,2]
11-29 07:43:07.400 30912 30912 I sysui_multi_action: [757,111,758,2]
11-29 07:43:07.401 1491 1491 I notification_enqueue: [10082,30912,com.android.systemui,2048,NULL,0,Notification(channel=updateNotification shortcut=null contentView=null vibrate=null sound=null defaults=0x0 flags=0x0 color=0x00000000 vis=PRIVATE),1]
11-29 07:43:07.402 1491 1760 I GameModeConfig: isGameModeOn = false
11-29 07:43:07.402 30912 30912 I sysui_multi_action: [757,111,758,1]
11-29 07:43:07.402 1491 1760 I GameModeConfig: isGameModeOn = false
11-29 07:43:07.402 1491 1760 I GameModeConfig: isGameModeOn = false
11-29 07:43:07.402 1491 1760 I GameModeConfig: isGameModeOn = false
11-29 07:43:07.403 30912 30912 I sysui_multi_action: [757,126,758,1,759,126,927,0,928,1,1593,0]
11-29 07:43:07.403 30912 30912 I sysui_multi_action: [757,113,758,1,759,113,927,1,928,1,1593,0]
11-29 07:43:07.403 30912 30912 I sysui_multi_action: [757,0,758,1,759,0,927,2,928,0,1593,0]
11-29 07:43:07.403 1491 1760 I GameModeConfig: isGameModeOn = false
11-29 07:43:07.403 30912 30912 I sysui_multi_action: [757,0,758,1,759,0,927,3,928,0,1593,0]
11-29 07:43:07.403 1491 1760 I GameModeConfig: isGameModeOn = false
11-29 07:43:07.403 1491 1760 I GameModeConfig: isGameModeOn = false
11-29 07:43:07.403 30912 30912 I sysui_multi_action: [757,491,758,1,759,491,927,4,928,0,1311,-1,1593,0]
11-29 07:43:07.403 30912 30912 I sysui_multi_action: [757,0,758,1,759,0,927,5,928,0,1593,0]
11-29 07:43:07.403 1491 1760 I GameModeConfig: isGameModeOn = false
11-29 07:43:07.403 30912 30912 I sysui_multi_action: [757,111,758,1]
11-29 07:43:07.403 30912 30912 I sysui_multi_action: [757,126,758,1,759,126,927,0,928,1,1593,0]
11-29 07:43:07.403 30912 30912 I sysui_multi_action: [757,113,758,1,759,113,927,1,928,1,1593,0]
11-29 07:43:07.403 1491 1760 I GameModeConfig: isGameModeOn = false
11-29 07:43:07.403 30912 30912 I sysui_multi_action: [757,0,758,1,759,0,927,2,928,0,1593,0]
11-29 07:43:07.403 30912 30912 I sysui_multi_action: [757,0,758,1,759,0,927,3,928,0,1593,0]
11-29 07:43:07.403 1491 1760 I GameModeConfig: isGameModeOn = false
11-29 07:43:07.404 1491 1723 I netstats_wifi_sample: [6140400585,5114716,211799681,996753,6140398291,5114714,211799681,996753,6223153376,5754672,123323868,796316,1669678987398]
11-29 07:43:07.417 1491 1491 I GameModeConfig: isGameModeOn = false
11-29 07:43:07.419 1491 1693 I input_focus: [Focus leaving cd0514f com.android.launcher3/com.android.launcher3.uioverrides.QuickstepLauncher (server),reason=setFocusedWindow]
11-29 07:43:07.419 1491 1693 I input_focus: [Focus entering 6b9abb7 NotificationShade (server),reason=setFocusedWindow]
11-29 07:43:07.419 1491 1491 E NotificationService: Muting recently noisy 0|com.android.systemui|2048|null|10082
11-29 07:43:07.427 30912 30912 I sysui_multi_action: [757,111,758,2]
11-29 07:43:07.427 30912 30912 I sysui_multi_action: [757,111,758,2]
11-29 07:43:07.427 1491 1491 I notification_enqueue: [10082,30912,com.android.systemui,2048,NULL,0,Notification(channel=updateNotification shortcut=null contentView=null vibrate=null sound=null defaults=0x0 flags=0x0 color=0x00000000 vis=PRIVATE),1]
11-29 07:43:07.429 1491 1760 I GameModeConfig: isGameModeOn = false
11-29 07:43:07.429 1491 1760 I GameModeConfig: isGameModeOn = false
11-29 07:43:07.429 1491 1760 I GameModeConfig: isGameModeOn = false
11-29 07:43:07.429 1491 1760 I GameModeConfig: isGameModeOn = false
11-29 07:43:07.430 1491 1760 I GameModeConfig: isGameModeOn = false
11-29 07:43:07.430 1491 1760 I GameModeConfig: isGameModeOn = false
11-29 07:43:07.430 1491 1760 I GameModeConfig: isGameModeOn = false
11-29 07:43:07.430 1491 1760 I GameModeConfig: isGameModeOn = false
11-29 07:43:07.430 1491 1760 I GameModeConfig: isGameModeOn = false
11-29 07:43:07.430 1491 1760 I GameModeConfig: isGameModeOn = false
11-29 07:43:07.435 30912 30912 I sysui_multi_action: [757,111,758,1]
11-29 07:43:07.435 30912 30912 I sysui_multi_action: [757,126,758,1,759,126,927,0,928,1,1593,0]
11-29 07:43:07.435 30912 30912 I sysui_multi_action: [757,113,758,1,759,113,927,1,928,1,1593,0]
11-29 07:43:07.436 30912 30912 I sysui_multi_action: [757,0,758,1,759,0,927,2,928,0,1593,0]
11-29 07:43:07.436 30912 30912 I sysui_multi_action: [757,0,758,1,759,0,927,3,928,0,1593,0]
11-29 07:43:07.436 30912 30912 I sysui_multi_action: [757,491,758,1,759,491,927,4,928,0,1311,-1,1593,0]
11-29 07:43:07.436 30912 30912 I sysui_multi_action: [757,0,758,1,759,0,927,5,928,0,1593,0]
11-29 07:43:07.436 30912 30912 I sysui_multi_action: [757,111,758,1]
11-29 07:43:07.436 30912 30912 I sysui_multi_action: [757,126,758,1,759,126,927,0,928,1,1593,0]
11-29 07:43:07.436 30912 30912 I sysui_multi_action: [757,113,758,1,759,113,927,1,928,1,1593,0]
11-29 07:43:07.436 30912 30912 I sysui_multi_action: [757,0,758,1,759,0,927,2,928,0,1593,0]
11-29 07:43:07.436 30912 30912 I sysui_multi_action: [757,0,758,1,759,0,927,3,928,0,1593,0]
11-29 07:43:07.447 1491 1760 I GameModeConfig: isGameModeOn = false
11-29 07:43:07.447 1491 1760 I GameModeConfig: isGameModeOn = false
11-29 07:43:07.447 1491 1760 I GameModeConfig: isGameModeOn = false
11-29 07:43:07.447 1491 1760 I GameModeConfig: isGameModeOn = false
11-29 07:43:07.447 1491 1760 I GameModeConfig: isGameModeOn = false
11-29 07:43:07.448 1491 1760 I GameModeConfig: isGameModeOn = false
11-29 07:43:07.448 1491 1760 I GameModeConfig: isGameModeOn = false
11-29 07:43:07.448 1491 1760 I GameModeConfig: isGameModeOn = false
11-29 07:43:07.448 1491 1760 I GameModeConfig: isGameModeOn = false
11-29 07:43:07.448 1491 1760 I GameModeConfig: isGameModeOn = false
11-29 07:43:07.449 30912 30912 I sysui_multi_action: [757,111,758,2]
11-29 07:43:07.449 30912 30912 I sysui_multi_action: [757,111,758,2]
11-29 07:43:07.451 1491 1491 I notification_enqueue: [10082,30912,com.android.systemui,2048,NULL,0,Notification(channel=updateNotification shortcut=null contentView=null vibrate=null sound=null defaults=0x0 flags=0x0 color=0x00000000 vis=PRIVATE),1]
11-29 07:43:07.451 30912 30912 I sysui_multi_action: [757,111,758,1]
11-29 07:43:07.451 30912 30912 I sysui_multi_action: [757,126,758,1,759,126,927,0,928,1,1593,0]
11-29 07:43:07.451 30912 30912 I sysui_multi_action: [757,113,758,1,759,113,927,1,928,1,1593,0]
11-29 07:43:07.451 30912 30912 I sysui_multi_action: [757,0,758,1,759,0,927,2,928,0,1593,0]
11-29 07:43:07.451 30912 30912 I sysui_multi_action: [757,0,758,1,759,0,927,3,928,0,1593,0]
11-29 07:43:07.451 30912 30912 I sysui_multi_action: [757,491,758,1,759,491,927,4,928,0,1311,-1,1593,0]
11-29 07:43:07.451 30912 30912 I sysui_multi_action: [757,0,758,1,759,0,927,5,928,0,1593,0]
11-29 07:43:07.452 30912 30912 I sysui_multi_action: [757,111,758,1]
11-29 07:43:07.452 30912 30912 I sysui_multi_action: [757,126,758,1,759,126,927,0,928,1,1593,0]
11-29 07:43:07.452 30912 30912 I sysui_multi_action: [757,113,758,1,759,113,927,1,928,1,1593,0]
11-29 07:43:07.452 30912 30912 I sysui_multi_action: [757,0,758,1,759,0,927,2,928,0,1593,0]
11-29 07:43:07.452 30912 30912 I sysui_multi_action: [757,0,758,1,759,0,927,3,928,0,1593,0]
11-29 07:43:07.452 1491 1491 I GameModeConfig: isGameModeOn = false
11-29 07:43:07.452 1491 1491 E NotificationService: Muting recently noisy 0|com.android.systemui|2048|null|10082
11-29 07:43:07.462 30912 30912 I sysui_multi_action: [757,111,758,2]
11-29 07:43:07.462 30912 30912 I sysui_multi_action: [757,111,758,2]
11-29 07:43:07.464 30912 30912 I sysui_multi_action: [757,111,758,1]
11-29 07:43:07.464 30912 30912 I sysui_multi_action: [757,126,758,1,759,126,927,0,928,1,1593,0]
11-29 07:43:07.464 30912 30912 I sysui_multi_action: [757,113,758,1,759,113,927,1,928,1,1593,0]
11-29 07:43:07.464 30912 30912 I sysui_multi_action: [757,0,758,1,759,0,927,2,928,0,1593,0]
11-29 07:43:07.464 30912 30912 I sysui_multi_action: [757,0,758,1,759,0,927,3,928,0,1593,0]
11-29 07:43:07.464 30912 30912 I sysui_multi_action: [757,491,758,1,759,491,927,4,928,0,1311,-1,1593,0]
11-29 07:43:07.464 30912 30912 I sysui_multi_action: [757,0,758,1,759,0,927,5,928,0,1593,0]
11-29 07:43:07.464 30912 30912 I sysui_multi_action: [757,111,758,1]
11-29 07:43:07.464 30912 30912 I sysui_multi_action: [757,126,758,1,759,126,927,0,928,1,1593,0]
11-29 07:43:07.464 30912 30912 I sysui_multi_action: [757,113,758,1,759,113,927,1,928,1,1593,0]
11-29 07:43:07.464 30912 30912 I sysui_multi_action: [757,0,758,1,759,0,927,2,928,0,1593,0]
11-29 07:43:07.464 30912 30912 I sysui_multi_action: [757,0,758,1,759,0,927,3,928,0,1593,0]
11-29 07:43:07.466 1491 1491 I notification_enqueue: [10082,30912,com.android.systemui,2048,NULL,0,Notification(channel=updateNotification shortcut=null contentView=null vibrate=null sound=null defaults=0x0 flags=0x0 color=0x00000000 vis=PRIVATE),1]
11-29 07:43:07.467 1491 1760 I GameModeConfig: isGameModeOn = false
11-29 07:43:07.468 1491 1760 I GameModeConfig: isGameModeOn = false
11-29 07:43:07.468 1491 1760 I GameModeConfig: isGameModeOn = false
11-29 07:43:07.468 1491 1760 I GameModeConfig: isGameModeOn = false
11-29 07:43:07.468 1491 1760 I GameModeConfig: isGameModeOn = false
11-29 07:43:07.468 1491 1760 I GameModeConfig: isGameModeOn = false
11-29 07:43:07.468 1491 1760 I GameModeConfig: isGameModeOn = false
11-29 07:43:07.468 1491 1760 I GameModeConfig: isGameModeOn = false
11-29 07:43:07.469 1491 1760 I GameModeConfig: isGameModeOn = false
11-29 07:43:07.469 1491 1760 I GameModeConfig: isGameModeOn = false
11-29 07:43:07.499 1491 10785 I sysui_multi_action: [757,128,758,1,793,14752271,794,0,795,14752271,796,26,798,0,806,android,857,DEVELOPER_IMPORTANT,858,4,947,0,1395,3,1500,14752066,1688,1]
11-29 07:43:07.499 1491 10785 I sysui_multi_action: [757,804,799,note_freshness,801,14752271,802,1]
11-29 07:43:07.499 1491 10785 I notification_visibility: [-1|android|26|null|1000,1,14752271,14752271,0,0]
11-29 07:43:07.499 1491 10785 I sysui_multi_action: [757,128,758,1,793,559188,794,0,795,559188,796,131808548,797,OfflinePageAutoFetchNotification,798,1,806,com.microsoft.emmx,857,downloads,858,2,946,OfflinePageAutoFetchNotification,947,0,1395,3,1500,558985,1688,1]
11-29 07:43:07.499 1491 10785 I sysui_multi_action: [757,804,799,note_freshness,801,559188,802,1]
11-29 07:43:07.499 1491 10785 I notification_visibility: [0|com.microsoft.emmx|131808548|OfflinePageAutoFetchNotification|10036,1,559188,559188,0,1]
11-29 07:43:07.499 1491 10785 I sysui_multi_action: [757,128,758,1,793,14752275,794,0,795,14752275,796,32,798,2,806,android,857,USB,858,1,947,0,1395,3,1500,14752072,1688,1]
11-29 07:43:07.499 1491 10785 I sysui_multi_action: [757,804,799,note_freshness,801,14752275,802,1]
11-29 07:43:07.499 1491 10785 I notification_visibility: [-1|android|32|null|1000,1,14752275,14752275,0,2]
11-29 07:43:07.594 1491 1491 I GameModeConfig: isGameModeOn = false
11-29 07:43:07.595 1491 1491 E NotificationService: Muting recently noisy 0|com.android.systemui|2048|null|10082
11-29 07:43:07.603 1491 1491 I GameModeConfig: isGameModeOn = false
11-29 07:43:07.604 1491 1491 E NotificationService: Muting recently noisy 0|com.android.systemui|2048|null|10082
11-29 07:43:07.629 1491 1491 I GameModeConfig: isGameModeOn = false
11-29 07:43:07.630 1491 1491 E NotificationService: Muting recently noisy 0|com.android.systemui|2048|null|10082
11-29 07:43:07.653 1491 1491 I GameModeConfig: isGameModeOn = false
11-29 07:43:07.654 1491 1491 E NotificationService: Muting recently noisy 0|com.android.systemui|2048|null|10082
11-29 07:43:07.670 1491 1491 I GameModeConfig: isGameModeOn = false
11-29 07:43:07.671 1491 1491 E NotificationService: Muting recently noisy 0|com.android.systemui|2048|null|10082
11-29 07:43:08.206 1491 1693 I input_interaction: Interaction with: 6b9abb7 NotificationShade (server), edge-swipe (server), swipe-up (server), PointerEventDispatcher0 (server),
11-29 07:43:08.291 1491 1760 I GameModeConfig: isGameModeOn = false
11-29 07:43:08.291 1491 1760 I GameModeConfig: isGameModeOn = false
11-29 07:43:08.291 1491 1760 I GameModeConfig: isGameModeOn = false
11-29 07:43:08.291 1491 1760 I GameModeConfig: isGameModeOn = false
11-29 07:43:08.291 1491 1760 I GameModeConfig: isGameModeOn = false
11-29 07:43:08.291 1491 1760 I GameModeConfig: isGameModeOn = false
11-29 07:43:08.291 1491 1760 I GameModeConfig: isGameModeOn = false
11-29 07:43:08.291 1491 1760 I GameModeConfig: isGameModeOn = false
11-29 07:43:08.291 1491 1760 I GameModeConfig: isGameModeOn = false
11-29 07:43:08.291 1491 1760 I GameModeConfig: isGameModeOn = false
11-29 07:43:08.294 1491 1491 I notification_enqueue: [10082,30912,com.android.systemui,2048,NULL,0,Notification(channel=updateNotification shortcut=null contentView=null vibrate=null sound=null defaults=0x0 flags=0x0 color=0x00000000 vis=PRIVATE),1]
11-29 07:43:08.498 1491 1491 I GameModeConfig: isGameModeOn = false
11-29 07:43:08.501 1491 1491 I sysui_multi_action: [757,1501,758,1,793,16145761,794,0,795,209,796,2048,806,com.android.systemui,857,updateNotification,858,3,947,0,1500,0,1688,1]
11-29 07:43:08.501 1491 1491 I sysui_multi_action: [757,804,799,note_interruptive,801,0,802,1]
11-29 07:43:08.502 1491 1491 I sysui_multi_action: [757,199,758,1,759,2,793,16145762,794,0,795,210,796,2048,806,com.android.systemui,857,updateNotification,858,3,947,0,1500,1,1688,1]
11-29 07:43:08.502 1491 1491 I notification_alert: [0|com.android.systemui|2048|null|10082,0,1,0]
11-29 07:43:08.503 1491 1491 W NotificationHistory: Attempted to add notif for locked/gone/disabled user 0
11-29 07:43:08.600 1491 7072 I sysui_multi_action: [757,128,758,1,793,573921,794,0,795,573921,796,52575843,798,4,806,com.tencent.android.qqdownloader,857,channel_id_default_silent,858,3,946,com.tencent.android.qqdownloader,947,1,1395,8,1500,573921,1688,1]
11-29 07:43:08.601 1491 7072 I sysui_multi_action: [757,804,799,note_freshness,801,573921,802,1]
11-29 07:43:08.602 1491 7072 I notification_visibility: [0|com.tencent.android.qqdownloader|52575843|null|10097,1,573921,573921,0,4]
11-29 07:43:08.604 1491 7072 I sysui_multi_action: [757,128,758,1,793,1007532,794,0,795,23588,796,127,798,3,806,com.tencent.android.qqdownloader,857,channel_id_default_silent,858,3,946,com.tencent.android.qqdownloader,947,1,1395,8,1500,23588,1688,1]
11-29 07:43:08.604 1491 7072 I sysui_multi_action: [757,804,799,note_freshness,801,23588,802,1]
11-29 07:43:08.604 1491 7072 I notification_visibility: [0|com.tencent.android.qqdownloader|127|null|10097,1,1007532,23588,0,3]
11-29 07:43:08.862 1491 1763 I storage_state: [41217664-9172-527a-b3d5-edabb50a7d69,0,0,109016866816,118610538496]
11-29 07:43:09.353 1491 1723 I netstats_mobile_sample: [0,0,0,0,0,0,0,0,0,0,0,0,1669678989352]
11-29 07:43:09.354 1491 1723 I netstats_wifi_sample: [6144803410,5118334,211849701,997403,6144803410,5118334,211849701,997403,6227573406,5758305,123362812,796942,1669678989352]
11-29 07:43:11.384 1491 1723 I netstats_mobile_sample: [0,0,0,0,0,0,0,0,0,0,0,0,1669678991384]
11-29 07:43:11.384 1491 1723 I netstats_wifi_sample: [6149014855,5121865,211901283,998026,6149014855,5121865,211901283,998026,6231778946,5761874,123403008,797539,1669678991384]
11-29 07:43:12.079 0 0 I auditd : type=1400 audit(0.0:18689): avc: denied { kill } for comm="swapper/3" capability=5 scontext=u:r:kernel:s0 tcontext=u:r:kernel:s0 tclass=capability permissive=0
11-29 07:43:13.144 1491 1723 I netstats_mobile_sample: [0,0,0,0,0,0,0,0,0,0,0,0,1669678993143]
11-29 07:43:13.144 1491 1723 I netstats_wifi_sample: [6153217798,5125329,211951798,998666,6153217798,5125329,211951798,998666,6235983505,5765336,123442387,798154,1669678993143]
11-29 07:43:14.079 3345 3345 I auditd : type=1400 audit(0.0:18690): avc: denied { kill } for comm="dp_rx_thread_0" capability=5 scontext=u:r:kernel:s0 tcontext=u:r:kernel:s0 tclass=capability permissive=0
11-29 07:43:15.079 0 0 I auditd : type=1400 audit(0.0:18691): avc: denied { kill } for comm="swapper/3" capability=5 scontext=u:r:kernel:s0 tcontext=u:r:kernel:s0 tclass=capability permissive=0
11-29 07:43:15.182 1491 1723 I netstats_mobile_sample: [0,0,0,0,0,0,0,0,0,0,0,0,1669678995182]
11-29 07:43:15.182 1491 1723 I netstats_wifi_sample: [6157702224,5128972,212011404,999499,6157702224,5128972,212011404,999499,6240483714,5769012,123490667,798962,1669678995182]
11-29 07:43:15.668 1491 1760 I GameModeConfig: isGameModeOn = false
11-29 07:43:15.677 1491 1760 I GameModeConfig: isGameModeOn = false
11-29 07:43:15.710 1491 1760 I GameModeConfig: isGameModeOn = false
11-29 07:43:15.727 1491 1760 I GameModeConfig: isGameModeOn = false
