11-29 07:44:57.343 1491 1491 I notification_enqueue: [10082,30912,com.android.systemui,2048,NULL,0,Notification(channel=updateNotification shortcut=null contentView=null vibrate=null sound=null defaults=0x0 flags=0x0 color=0x00000000 vis=PRIVATE),1]
11-29 07:44:57.346 30912 30912 I sysui_multi_action: [757,111,758,1]
11-29 07:44:57.346 30912 30912 I sysui_multi_action: [757,126,758,1,759,126,927,0,928,1,1593,1]
11-29 07:44:57.346 30912 30912 I sysui_multi_action: [757,113,758,1,759,113,927,1,928,1,1593,1]
11-29 07:44:57.346 30912 30912 I sysui_multi_action: [757,0,758,1,759,0,927,2,928,0,1593,1]
11-29 07:44:57.346 30912 30912 I sysui_multi_action: [757,0,758,1,759,0,927,3,928,0,1593,1]
11-29 07:44:57.346 30912 30912 I sysui_multi_action: [757,491,758,1,759,491,927,4,928,0,1311,-1,1593,0]
11-29 07:44:57.346 30912 30912 I sysui_multi_action: [757,0,758,1,759,0,927,5,928,0,1593,0]
11-29 07:44:57.346 30912 30912 I sysui_multi_action: [757,111,758,1]
11-29 07:44:57.346 30912 30912 I sysui_multi_action: [757,126,758,1,759,126,927,0,928,1,1593,1]
11-29 07:44:57.346 30912 30912 I sysui_multi_action: [757,113,758,1,759,113,927,1,928,1,1593,1]
11-29 07:44:57.346 30912 30912 I sysui_multi_action: [757,0,758,1,759,0,927,2,928,0,1593,1]
11-29 07:44:57.346 30912 30912 I sysui_multi_action: [757,0,758,1,759,0,927,3,928,0,1593,1]
11-29 07:44:57.346 1491 1491 I GameModeConfig: isGameModeOn = false
11-29 07:44:57.347 1491 1491 E NotificationService: Muting recently noisy 0|com.android.systemui|2048|null|10082
11-29 07:44:57.358 1491 1760 I GameModeConfig: isGameModeOn = false
11-29 07:44:57.359 1491 1760 I GameModeConfig: isGameModeOn = false
11-29 07:44:57.360 1491 1760 I GameModeConfig: isGameModeOn = false
11-29 07:44:57.360 1491 1760 I GameModeConfig: isGameModeOn = false
11-29 07:44:57.360 1491 1760 I GameModeConfig: isGameModeOn = false
11-29 07:44:57.360 1491 1760 I GameModeConfig: isGameModeOn = false
11-29 07:44:57.360 1491 1760 I GameModeConfig: isGameModeOn = false
11-29 07:44:57.360 1491 1760 I GameModeConfig: isGameModeOn = false
11-29 07:44:57.361 30912 30912 I sysui_multi_action: [757,111,758,2]
11-29 07:44:57.361 30912 30912 I sysui_multi_action: [757,111,758,2]
11-29 07:44:57.361 1491 1491 I notification_enqueue: [10082,30912,com.android.systemui,2048,NULL,0,Notification(channel=updateNotification shortcut=null contentView=null vibrate=null sound=null defaults=0x0 flags=0x0 color=0x00000000 vis=PRIVATE),1]
11-29 07:44:57.362 1491 1491 I GameModeConfig: isGameModeOn = false
11-29 07:44:57.363 1491 1491 E NotificationService: Muting recently noisy 0|com.android.systemui|2048|null|10082
11-29 07:44:57.371 1491 1600 I input_focus: [Focus request cd0514f com.android.launcher3/com.android.launcher3.uioverrides.QuickstepLauncher,reason=UpdateInputWindows]
11-29 07:44:57.372 1491 1760 I GameModeConfig: isGameModeOn = false
11-29 07:44:57.372 30912 30912 I sysui_multi_action: [757,111,758,1]
11-29 07:44:57.372 30912 30912 I sysui_multi_action: [757,126,758,1,759,126,927,0,928,1,1593,1]
11-29 07:44:57.372 30912 30912 I sysui_multi_action: [757,113,758,1,759,113,927,1,928,1,1593,1]
11-29 07:44:57.372 30912 30912 I sysui_multi_action: [757,0,758,1,759,0,927,2,928,0,1593,1]
11-29 07:44:57.372 30912 30912 I sysui_multi_action: [757,0,758,1,759,0,927,3,928,0,1593,1]
11-29 07:44:57.373 30912 30912 I sysui_multi_action: [757,491,758,1,759,491,927,4,928,0,1311,-1,1593,0]
11-29 07:44:57.373 30912 30912 I sysui_multi_action: [757,0,758,1,759,0,927,5,928,0,1593,0]
11-29 07:44:57.373 30912 30912 I sysui_multi_action: [757,111,758,1]
11-29 07:44:57.373 30912 30912 I sysui_multi_action: [757,126,758,1,759,126,927,0,928,1,1593,1]
11-29 07:44:57.373 30912 30912 I sysui_multi_action: [757,113,758,1,759,113,927,1,928,1,1593,1]
11-29 07:44:57.373 30912 30912 I sysui_multi_action: [757,0,758,1,759,0,927,2,928,0,1593,1]
11-29 07:44:57.373 30912 30912 I sysui_multi_action: [757,0,758,1,759,0,927,3,928,0,1593,1]
11-29 07:44:57.379 1491 1491 I GameModeConfig: isGameModeOn = false
11-29 07:44:57.380 1491 1491 E NotificationService: Muting recently noisy 0|com.android.systemui|2048|null|10082
11-29 07:44:57.388 1491 2061 I sysui_multi_action: [757,128,758,2,793,14862161,794,1040,795,14862161,796,26,798,0,806,android,857,DEVELOPER_IMPORTANT,858,4,947,0,1395,2,1500,14861956,1688,1]
11-29 07:44:57.389 1491 2061 I notification_visibility: [-1|android|26|null|1000,0,14862161,14862161,0,0]
11-29 07:44:57.389 1491 2061 I sysui_multi_action: [757,128,758,2,793,14862165,794,1040,795,14862165,796,32,798,1,806,android,857,USB,858,1,947,0,1395,2,1500,14861962,1688,1]
11-29 07:44:57.389 1491 2061 I notification_visibility: [-1|android|32|null|1000,0,14862165,14862165,0,1]
11-29 07:44:57.390 30912 30912 I sysui_multi_action: [757,111,758,2]
11-29 07:44:57.390 30912 30912 I sysui_multi_action: [757,111,758,2]
11-29 07:44:57.391 1491 1491 I notification_enqueue: [10082,30912,com.android.systemui,2048,NULL,0,Notification(channel=updateNotification shortcut=null contentView=null vibrate=null sound=null defaults=0x0 flags=0x0 color=0x00000000 vis=PRIVATE),1]
11-29 07:44:57.392 1491 2061 I sysui_multi_action: [757,127,758,2]
11-29 07:44:57.392 1491 2061 I notification_panel_hidden:
11-29 07:44:57.394 1491 1760 I GameModeConfig: isGameModeOn = false
11-29 07:44:57.394 1491 1760 I GameModeConfig: isGameModeOn = false
11-29 07:44:57.394 1491 1760 I GameModeConfig: isGameModeOn = false
11-29 07:44:57.394 1491 1760 I GameModeConfig: isGameModeOn = false
11-29 07:44:57.394 1491 1760 I GameModeConfig: isGameModeOn = false
11-29 07:44:57.395 1491 1760 I GameModeConfig: isGameModeOn = false
11-29 07:44:57.395 1491 1760 I GameModeConfig: isGameModeOn = false
11-29 07:44:57.395 1491 1760 I GameModeConfig: isGameModeOn = false
11-29 07:44:57.396 1491 1491 I GameModeConfig: isGameModeOn = false
11-29 07:44:57.396 1491 1491 E NotificationService: Muting recently noisy 0|com.android.systemui|2048|null|10082
11-29 07:44:57.398 1491 1693 I input_focus: [Focus leaving 6b9abb7 NotificationShade (server),reason=NOT_FOCUSABLE]
11-29 07:44:57.398 1491 1693 I input_focus: [Focus entering cd0514f com.android.launcher3/com.android.launcher3.uioverrides.QuickstepLauncher (server),reason=setFocusedWindow]
11-29 07:44:57.404 1491 1760 I GameModeConfig: isGameModeOn = false
11-29 07:44:57.406 30912 30912 I sysui_multi_action: [757,111,758,1]
11-29 07:44:57.406 30912 30912 I sysui_multi_action: [757,126,758,1,759,126,927,0,928,1,1593,1]
11-29 07:44:57.406 30912 30912 I sysui_multi_action: [757,113,758,1,759,113,927,1,928,1,1593,1]
11-29 07:44:57.406 30912 30912 I sysui_multi_action: [757,0,758,1,759,0,927,2,928,0,1593,1]
11-29 07:44:57.406 30912 30912 I sysui_multi_action: [757,0,758,1,759,0,927,3,928,0,1593,1]
11-29 07:44:57.406 30912 30912 I sysui_multi_action: [757,491,758,1,759,491,927,4,928,0,1311,-1,1593,0]
11-29 07:44:57.406 30912 30912 I sysui_multi_action: [757,0,758,1,759,0,927,5,928,0,1593,0]
11-29 07:44:57.406 30912 30912 I sysui_multi_action: [757,111,758,1]
11-29 07:44:57.406 30912 30912 I sysui_multi_action: [757,126,758,1,759,126,927,0,928,1,1593,1]
11-29 07:44:57.406 30912 30912 I sysui_multi_action: [757,113,758,1,759,113,927,1,928,1,1593,1]
11-29 07:44:57.406 30912 30912 I sysui_multi_action: [757,0,758,1,759,0,927,2,928,0,1593,1]
11-29 07:44:57.406 30912 30912 I sysui_multi_action: [757,0,758,1,759,0,927,3,928,0,1593,1]
11-29 07:44:57.413 1491 1491 I GameModeConfig: isGameModeOn = false
11-29 07:44:57.414 1491 1491 E NotificationService: Muting recently noisy 0|com.android.systemui|2048|null|10082
11-29 07:44:57.426 1491 1760 I GameModeConfig: isGameModeOn = false
11-29 07:44:57.428 1491 1491 I GameModeConfig: isGameModeOn = false
11-29 07:44:57.429 1491 1491 E NotificationService: Muting recently noisy 0|com.android.systemui|2048|null|10082
11-29 07:44:57.439 1491 1760 I GameModeConfig: isGameModeOn = false
11-29 07:44:57.445 1491 1491 I GameModeConfig: isGameModeOn = false
11-29 07:44:57.446 1491 1491 E NotificationService: Muting recently noisy 0|com.android.systemui|2048|null|10082
11-29 07:44:57.459 1491 1760 I GameModeConfig: isGameModeOn = false
11-29 07:44:57.462 1491 1491 I GameModeConfig: isGameModeOn = false
11-29 07:44:57.463 1491 1491 E NotificationService: Muting recently noisy 0|com.android.systemui|2048|null|10082
11-29 07:44:57.478 1491 1491 I GameModeConfig: isGameModeOn = false
11-29 07:44:57.479 1491 1491 E NotificationService: Muting recently noisy 0|com.android.systemui|2048|null|10082
11-29 07:44:57.479 1491 1760 I GameModeConfig: isGameModeOn = false
11-29 07:44:57.495 1491 1491 I GameModeConfig: isGameModeOn = false
11-29 07:44:57.496 1491 1491 E NotificationService: Muting recently noisy 0|com.android.systemui|2048|null|10082
11-29 07:44:57.499 1491 1760 I GameModeConfig: isGameModeOn = false
11-29 07:44:57.516 1491 1491 I GameModeConfig: isGameModeOn = false
11-29 07:44:57.517 1491 1491 E NotificationService: Muting recently noisy 0|com.android.systemui|2048|null|10082
11-29 07:44:57.524 1491 1693 I input_interaction: Interaction with: cd0514f com.android.launcher3/com.android.launcher3.uioverrides.QuickstepLauncher (server), d05df9c com.android.systemui.ImageWallpaper (server), edge-swipe (server), swipe-up (server), PointerEventDispatcher0 (server),
11-29 07:44:57.528 1491 1491 I GameModeConfig: isGameModeOn = false
11-29 07:44:57.529 1491 1491 E NotificationService: Muting recently noisy 0|com.android.systemui|2048|null|10082
11-29 07:44:57.546 1491 1491 I GameModeConfig: isGameModeOn = false
11-29 07:44:57.547 1491 1491 E NotificationService: Muting recently noisy 0|com.android.systemui|2048|null|10082
11-29 07:44:57.556 9956 9956 I view_enqueue_input_event: [Motion - Cancel,com.android.launcher3/com.android.launcher3.uioverrides.QuickstepLauncher]
11-29 07:44:57.558 1491 1693 I input_interaction: Interaction with: edge-swipe (server), swipe-up (server), PointerEventDispatcher0 (server),
11-29 07:44:57.562 1491 1491 I GameModeConfig: isGameModeOn = false
11-29 07:44:57.562 1491 1491 E NotificationService: Muting recently noisy 0|com.android.systemui|2048|null|10082
11-29 07:44:57.594 1491 1491 I GameModeConfig: isGameModeOn = false
11-29 07:44:57.595 1491 1491 E NotificationService: Muting recently noisy 0|com.android.systemui|2048|null|10082
11-29 07:44:57.764 1491 1673 I commit_sys_config_file: [settings-1-0,20]
11-29 07:44:58.023 1491 1673 I commit_sys_config_file: [settings-1-0,4]
11-29 07:44:58.079 0 0 I auditd : type=1400 audit(0.0:18809): avc: denied { kill } for comm="swapper/0" capability=5 scontext=u:r:kernel:s0 tcontext=u:r:kernel:s0 tclass=capability permissive=0
11-29 07:44:58.335 1491 1693 I input_interaction: Interaction with: cd0514f com.android.launcher3/com.android.launcher3.uioverrides.QuickstepLauncher (server), d05df9c com.android.systemui.ImageWallpaper (server), edge-swipe (server), swipe-up (server), PointerEventDispatcher0 (server),
11-29 07:44:58.366 9956 9956 I view_enqueue_input_event: [Motion - Cancel,com.android.launcher3/com.android.launcher3.uioverrides.QuickstepLauncher]
11-29 07:44:58.370 1491 1693 I input_interaction: Interaction with: edge-swipe (server), swipe-up (server), PointerEventDispatcher0 (server),
11-29 07:44:58.371 1491 1524 W ActivityTaskManager: getTaskSnapshot: taskId=2217 not found
11-29 07:44:58.372 1491 1524 W ActivityTaskManager: getTaskSnapshot: taskId=1217 not found
11-29 07:44:58.571 1491 1673 I commit_sys_config_file: [settings-1-0,19]
11-29 07:44:58.977 1491 1673 I commit_sys_config_file: [settings-1-0,4]
11-29 07:44:59.719 1491 1693 I input_interaction: Interaction with: cd0514f com.android.launcher3/com.android.launcher3.uioverrides.QuickstepLauncher (server), d05df9c com.android.systemui.ImageWallpaper (server), edge-swipe (server), swipe-up (server), PointerEventDispatcher0 (server),
11-29 07:44:59.799 1491 1524 I wm_task_moved: [32,1,8]
11-29 07:44:59.800 1491 1524 I wm_set_resumed_activity: [0,com.android.launcher3/.uioverrides.QuickstepLauncher,positionChildAt]
11-29 07:44:59.800 1491 1524 I wm_task_moved: [223,1,8]
11-29 07:44:59.800 1491 1524 I wm_task_to_front: [0,223]
11-29 07:44:59.801 1491 1524 I wm_focused_root_task: [0,0,223,32,moveTaskToFront findTaskToMoveToFront]
11-29 07:44:59.801 1491 1524 I wm_set_resumed_activity: [0,com.tencent.tmgp.pubgmhd/com.epicgames.ue4.GameActivity,moveTaskToFront findTaskToMoveToFront]
11-29 07:44:59.803 1491 1524 I wm_pause_activity: [0,254362067,com.android.launcher3/.uioverrides.QuickstepLauncher,userLeaving=true,pauseBackTasks]
11-29 07:44:59.808 9956 9956 I wm_on_top_resumed_lost_called: [254362067,com.android.launcher3.uioverrides.QuickstepLauncher,topStateChangedWhenResumed]
11-29 07:44:59.810 9956 9956 I wm_on_paused_called: [254362067,com.android.launcher3.uioverrides.QuickstepLauncher,performPause]
11-29 07:44:59.813 1491 9316 I ActivityTaskManager: FOREGROUND_APPLICATION_CHANGED to com.epicgames.ue4.GameActivity
11-29 07:44:59.815 1491 9316 I wm_set_resumed_activity: [0,com.tencent.tmgp.pubgmhd/com.epicgames.ue4.GameActivity,resumeTopActivityInnerLocked]
11-29 07:44:59.816 1491 9316 I wm_add_to_stopping: [0,254362067,com.android.launcher3/.uioverrides.QuickstepLauncher,makeInvisible]
11-29 07:44:59.818 1491 9316 I wm_resume_activity: [0,35295098,223,com.tencent.tmgp.pubgmhd/com.epicgames.ue4.GameActivity]
11-29 07:44:59.843 1491 1693 I input_focus: [Focus leaving cd0514f com.android.launcher3/com.android.launcher3.uioverrides.QuickstepLauncher (server),reason=NO_WINDOW]
11-29 07:44:59.862 29251 29251 I wm_on_restart_called: [35295098,com.epicgames.ue4.GameActivity,performRestartActivity]
11-29 07:44:59.864 29251 29251 I wm_on_start_called: [35295098,com.epicgames.ue4.GameActivity,handleStartActivity]
11-29 07:44:59.865 1491 1599 I sysui_multi_action: [757,803,799,window_time_0,802,5]
11-29 07:44:59.874 29251 29251 I wm_on_resume_called: [35295098,com.epicgames.ue4.GameActivity,RESUME_ACTIVITY]
11-29 07:44:59.874 29251 29251 I wm_on_top_resumed_gained_called: [35295098,com.epicgames.ue4.GameActivity,topWhenResuming]
11-29 07:44:59.880 16043 16059 W ContextImpl: Calling a method in the system process without a qualified user: android.app.ContextImpl.startService:1816 android.content.ContextWrapper.startService:774 com.thundercomm.gamemode.ingame.services.GameModeActionUtils.startGameModeService:93 com.thundercomm.gamemode.ingame.services.GameModeActionUtils.startGameModeEntry:21 com.thundercomm.gamemode.ingame.services.ActivityMonitoringService$1.onActivityLaunch:127
11-29 07:44:59.883 1491 1600 I input_focus: [Focus request 1b49df com.tencent.tmgp.pubgmhd/com.epicgames.ue4.GameActivity,reason=UpdateInputWindows]
11-29 07:44:59.896 1491 1491 I GameModeConfig: Current uri is uri = content://com.thundercomm.gamemode.api/gamemode_settings/gamemode_isgaming
11-29 07:44:59.897 30912 30912 I sysui_multi_action: [757,111,758,2]
11-29 07:44:59.897 1491 1760 I GameModeConfig: isGameModeOn = false
11-29 07:44:59.897 30912 30912 I sysui_multi_action: [757,111,758,2]
11-29 07:44:59.897 1491 1760 I GameModeConfig: isGameModeOn = false
11-29 07:44:59.898 1491 1760 I GameModeConfig: isGameModeOn = false
11-29 07:44:59.898 1491 1760 I GameModeConfig: isGameModeOn = false
11-29 07:44:59.898 1491 1760 I GameModeConfig: isGameModeOn = false
11-29 07:44:59.898 1491 1760 I GameModeConfig: isGameModeOn = false
11-29 07:44:59.898 1491 1760 I GameModeConfig: isGameModeOn = false
11-29 07:44:59.898 1491 1760 I GameModeConfig: isGameModeOn = false
11-29 07:44:59.903 1491 1693 I input_focus: [Focus entering 1b49df com.tencent.tmgp.pubgmhd/com.epicgames.ue4.GameActivity (server),reason=setFocusedWindow]
11-29 07:44:59.903 1491 1596 I sysui_multi_action: [319,41,321,36,322,92,325,16278,757,761,758,9,759,4,806,com.tencent.tmgp.pubgmhd,871,com.epicgames.ue4.GameActivity,904,com.tencent.tmgp.pubgmhd,905,0,1320,4,1321,4]
11-29 07:44:59.906 1491 1491 I GameModeConfig: isGameModeOn = false
11-29 07:44:59.907 30912 30912 I sysui_multi_action: [757,111,758,1]
11-29 07:44:59.907 30912 30912 I sysui_multi_action: [757,126,758,1,759,126,927,0,928,1,1593,0]
11-29 07:44:59.908 30912 30912 I sysui_multi_action: [757,113,758,1,759,113,927,1,928,1,1593,0]
11-29 07:44:59.908 30912 30912 I sysui_multi_action: [757,0,758,1,759,0,927,2,928,0,1593,0]
11-29 07:44:59.908 30912 30912 I sysui_multi_action: [757,0,758,1,759,0,927,3,928,0,1593,0]
11-29 07:44:59.908 30912 30912 I sysui_multi_action: [757,491,758,1,759,491,927,4,928,0,1311,-1,1593,0]
11-29 07:44:59.908 30912 30912 I sysui_multi_action: [757,0,758,1,759,0,927,5,928,0,1593,0]
11-29 07:44:59.908 30912 30912 I sysui_multi_action: [757,111,758,1]
11-29 07:44:59.908 30912 30912 I sysui_multi_action: [757,126,758,1,759,126,927,0,928,1,1593,0]
11-29 07:44:59.908 30912 30912 I sysui_multi_action: [757,113,758,1,759,113,927,1,928,1,1593,0]
11-29 07:44:59.908 30912 30912 I sysui_multi_action: [757,0,758,1,759,0,927,2,928,0,1593,0]
11-29 07:44:59.908 30912 30912 I sysui_multi_action: [757,0,758,1,759,0,927,3,928,0,1593,0]
11-29 07:44:59.909 1491 1491 I GameModeConfig: isGameModeOn = false
11-29 07:44:59.909 1491 1491 I GameModeConfig: isDisableVoice = true
11-29 07:44:59.909 1491 1491 I notification_enqueue: [10082,30912,com.android.systemui,2048,NULL,0,Notification(channel=updateNotification shortcut=null contentView=null vibrate=null sound=null defaults=0x0 flags=0x0 color=0x00000000 vis=PRIVATE),1]
11-29 07:44:59.946 16043 16059 W ContextImpl: Calling a method in the system process without a qualified user: android.app.ContextImpl.startService:1816 android.content.ContextWrapper.startService:774 com.thundercomm.gamemode.ingame.services.GameModeActionUtils.startGameModeService:93 com.thundercomm.gamemode.ingame.services.GameModeActionUtils.startGameModeEntry:21 com.thundercomm.gamemode.ingame.services.ActivityMonitoringService$1.onActivityLaunch:127
11-29 07:44:59.949 1491 1491 I GameModeConfig: Current uri is uri = content://com.thundercomm.gamemode.api/gamemode_settings/gamemode_isgaming
11-29 07:44:59.952 1491 1491 I GameModeConfig: isGameModeOn = false
11-29 07:44:59.952 1491 1491 I GameModeConfig: isGameModeOn = false
11-29 07:44:59.952 1491 1491 I GameModeConfig: isDisableVoice = true
11-29 07:45:00.112 1491 1491 I GameModeConfig: isGameModeOn = false
11-29 07:45:00.113 1491 1491 I sysui_multi_action: [757,1501,758,1,793,16257374,794,0,795,216,796,2048,806,com.android.systemui,857,updateNotification,858,3,947,0,1500,0,1688,1]
11-29 07:45:00.113 1491 1491 I sysui_multi_action: [757,804,799,note_interruptive,801,0,802,1]
11-29 07:45:00.118 1491 1491 I sysui_multi_action: [757,199,758,1,759,2,793,16257379,794,0,795,221,796,2048,806,com.android.systemui,857,updateNotification,858,3,947,0,1500,5,1688,1]
11-29 07:45:00.119 1491 1491 I notification_alert: [0|com.android.systemui|2048|null|10082,0,1,0]
11-29 07:45:00.120 1491 1491 W NotificationHistory: Attempted to add notif for locked/gone/disabled user 0
11-29 07:45:00.247 1491 1599 I wm_stop_activity: [0,254362067,com.android.launcher3/.uioverrides.QuickstepLauncher]
11-29 07:45:00.319 9956 9956 I wm_on_stop_called: [254362067,com.android.launcher3.uioverrides.QuickstepLauncher,STOP_ACTIVITY_ITEM]
11-29 07:45:00.354 16043 16059 W ContextImpl: Calling a method in the system process without a qualified user: android.app.ContextImpl.startService:1816 android.content.ContextWrapper.startService:774 com.thundercomm.gamemode.ingame.services.GameModeActionUtils.startGameModeService:93 com.thundercomm.gamemode.ingame.services.GameModeActionUtils.startGameModeEntry:21 com.thundercomm.gamemode.ingame.services.ActivityMonitoringService$1.onActivityLaunch:127
11-29 07:45:00.360 1491 1491 I GameModeConfig: Current uri is uri = content://com.thundercomm.gamemode.api/gamemode_settings/gamemode_isgaming
11-29 07:45:00.362 1491 1491 I GameModeConfig: isGameModeOn = false
11-29 07:45:00.362 1491 1491 I GameModeConfig: isGameModeOn = false
11-29 07:45:00.362 1491 1491 I GameModeConfig: isDisableVoice = true
11-29 07:45:01.079 0 0 I auditd : type=1400 audit(0.0:18810): avc: denied { kill } for comm="swapper/0" capability=5 scontext=u:r:kernel:s0 tcontext=u:r:kernel:s0 tclass=capability permissive=0
11-29 07:45:02.894 1491 1760 I GameModeConfig: isGameModeOn = false
11-29 07:45:03.079 0 0 I auditd : type=1400 audit(0.0:18811): avc: denied { kill } for comm="swapper/0" capability=5 scontext=u:r:kernel:s0 tcontext=u:r:kernel:s0 tclass=capability permissive=0
11-29 07:45:03.473 1491 1760 I GameModeConfig: isGameModeOn = false
11-29 07:45:03.501 1491 1760 I GameModeConfig: isGameModeOn = false
11-29 07:45:03.680 1491 1760 I GameModeConfig: isGameModeOn = false
11-29 07:45:03.710 1491 1760 I GameModeConfig: isGameModeOn = false
11-29 07:45:04.079 0 0 I auditd : type=1400 audit(0.0:18812): avc: denied { kill } for comm="swapper/0" capability=5 scontext=u:r:kernel:s0 tcontext=u:r:kernel:s0 tclass=capability permissive=0
11-29 07:45:04.771 1491 1760 I GameModeConfig: isGameModeOn = false
11-29 07:45:04.802 1491 1760 I GameModeConfig: isGameModeOn = false
11-29 07:45:04.825 1491 1760 I GameModeConfig: isGameModeOn = false
11-29 07:45:04.839 1491 1760 I GameModeConfig: isGameModeOn = false
11-29 07:45:04.854 1491 1760 I GameModeConfig: isGameModeOn = false
11-29 07:45:04.872 1491 1760 I GameModeConfig: isGameModeOn = false
11-29 07:45:04.969 1491 1760 I GameModeConfig: isGameModeOn = false
11-29 07:45:05.013 1491 1760 I GameModeConfig: isGameModeOn = false
11-29 07:45:05.024 1491 1760 I GameModeConfig: isGameModeOn = false
11-29 07:45:05.046 1491 1760 I GameModeConfig: isGameModeOn = false
11-29 07:45:05.061 1491 1760 I GameModeConfig: isGameModeOn = false
11-29 07:45:05.081 1491 1760 I GameModeConfig: isGameModeOn = false
11-29 07:45:05.709 1491 1760 I GameModeConfig: isGameModeOn = false
11-29 07:45:05.730 1491 1760 I GameModeConfig: isGameModeOn = false
11-29 07:45:05.759 1491 1760 I GameModeConfig: isGameModeOn = false
11-29 07:45:05.777 1491 1760 I GameModeConfig: isGameModeOn = false
11-29 07:45:05.794 1491 1760 I GameModeConfig: isGameModeOn = false
11-29 07:45:05.806 1491 1760 I GameModeConfig: isGameModeOn = false
11-29 07:45:05.822 1491 1760 I GameModeConfig: isGameModeOn = false
11-29 07:45:05.845 1491 1760 I GameModeConfig: isGameModeOn = false
11-29 07:45:05.864 1491 1760 I GameModeConfig: isGameModeOn = false
11-29 07:45:05.878 1491 1760 I GameModeConfig: isGameModeOn = false
11-29 07:45:05.890 1491 1760 I GameModeConfig: isGameModeOn = false
11-29 07:45:05.906 1491 1760 I GameModeConfig: isGameModeOn = false
11-29 07:45:05.912 1491 1760 I GameModeConfig: isGameModeOn = false
11-29 07:45:05.923 1491 1760 I GameModeConfig: isGameModeOn = false
11-29 07:45:05.939 1491 1760 I GameModeConfig: isGameModeOn = false
11-29 07:45:05.944 1491 1760 I GameModeConfig: isGameModeOn = false
11-29 07:45:05.952 1491 1760 I GameModeConfig: isGameModeOn = false
11-29 07:45:05.956 1491 1760 I GameModeConfig: isGameModeOn = false
11-29 07:45:05.972 1491 1760 I GameModeConfig: isGameModeOn = false
11-29 07:45:05.979 1491 1760 I GameModeConfig: isGameModeOn = false
11-29 07:45:05.979 1491 1760 I GameModeConfig: isGameModeOn = false
11-29 07:45:05.993 1491 1760 I GameModeConfig: isGameModeOn = false
11-29 07:45:06.000 1491 1760 I GameModeConfig: isGameModeOn = false
11-29 07:45:06.011 1491 1760 I GameModeConfig: isGameModeOn = false
11-29 07:45:06.022 1491 1760 I GameModeConfig: isGameModeOn = false
11-29 07:45:06.030 1491 1760 I GameModeConfig: isGameModeOn = false
11-29 07:45:06.054 1491 1760 I GameModeConfig: isGameModeOn = false
11-29 07:45:06.058 1491 1760 I GameModeConfig: isGameModeOn = false
11-29 07:45:06.072 1491 1760 I GameModeConfig: isGameModeOn = false
11-29 07:45:06.084 1491 1760 I GameModeConfig: isGameModeOn = false
11-29 07:45:06.087 1491 1760 I GameModeConfig: isGameModeOn = false
11-29 07:45:06.094 1491 1760 I GameModeConfig: isGameModeOn = false
11-29 07:45:06.100 1491 1760 I GameModeConfig: isGameModeOn = false
11-29 07:45:06.113 1491 1760 I GameModeConfig: isGameModeOn = false
11-29 07:45:06.118 1491 1760 I GameModeConfig: isGameModeOn = false
11-29 07:45:06.126 1491 1760 I GameModeConfig: isGameModeOn = false
11-29 07:45:06.131 1491 1760 I GameModeConfig: isGameModeOn = false
11-29 07:45:06.142 1491 1760 I GameModeConfig: isGameModeOn = false
11-29 07:45:06.151 1491 1760 I GameModeConfig: isGameModeOn = false
11-29 07:45:06.159 1491 1760 I GameModeConfig: isGameModeOn = false
11-29 07:45:06.167 1491 1760 I GameModeConfig: isGameModeOn = false
11-29 07:45:06.177 1491 1760 I GameModeConfig: isGameModeOn = false
11-29 07:45:06.181 1491 1760 I GameModeConfig: isGameModeOn = false
11-29 07:45:06.195 1491 1760 I GameModeConfig: isGameModeOn = false
11-29 07:45:06.198 1491 1760 I GameModeConfig: isGameModeOn = false
11-29 07:45:06.212 1491 1760 I GameModeConfig: isGameModeOn = false
11-29 07:45:06.227 1491 1760 I GameModeConfig: isGameModeOn = false
11-29 07:45:06.227 1491 1760 I GameModeConfig: isGameModeOn = false
11-29 07:45:06.239 1491 1760 I GameModeConfig: isGameModeOn = false
11-29 07:45:06.257 1491 1760 I GameModeConfig: isGameModeOn = false
11-29 07:45:06.263 1491 1760 I GameModeConfig: isGameModeOn = false
11-29 07:45:06.272 1491 1760 I GameModeConfig: isGameModeOn = false
11-29 07:45:06.289 1491 1760 I GameModeConfig: isGameModeOn = false
11-29 07:45:06.294 1491 1760 I GameModeConfig: isGameModeOn = false
11-29 07:45:06.303 1491 1760 I GameModeConfig: isGameModeOn = false
11-29 07:45:06.307 1491 1760 I GameModeConfig: isGameModeOn = false
11-29 07:45:06.320 1491 1760 I GameModeConfig: isGameModeOn = false
11-29 07:45:06.324 1491 1760 I GameModeConfig: isGameModeOn = false
11-29 07:45:06.340 1491 1760 I GameModeConfig: isGameModeOn = false
11-29 07:45:06.356 1491 1760 I GameModeConfig: isGameModeOn = false
11-29 07:45:06.370 1491 1760 I GameModeConfig: isGameModeOn = false
11-29 07:45:06.384 1491 1760 I GameModeConfig: isGameModeOn = false
11-29 07:45:06.401 1491 1760 I GameModeConfig: isGameModeOn = false
11-29 07:45:06.415 1491 1760 I GameModeConfig: isGameModeOn = false
11-29 07:45:06.424 1491 1760 I GameModeConfig: isGameModeOn = false
11-29 07:45:06.444 1491 1760 I GameModeConfig: isGameModeOn = false
11-29 07:45:06.461 1491 1760 I GameModeConfig: isGameModeOn = false
11-29 07:45:06.485 1491 1760 I GameModeConfig: isGameModeOn = false
11-29 07:45:06.494 1491 1760 I GameModeConfig: isGameModeOn = false
11-29 07:45:06.513 1491 1760 I GameModeConfig: isGameModeOn = false
11-29 07:45:06.530 1491 1760 I GameModeConfig: isGameModeOn = false
11-29 07:45:07.079 0 0 I auditd : type=1400 audit(0.0:18813): avc: denied { kill } for comm="swapper/0" capability=5 scontext=u:r:kernel:s0 tcontext=u:r:kernel:s0 tclass=capability permissive=0
11-29 07:45:07.096 1491 1760 I GameModeConfig: isGameModeOn = false
11-29 07:45:07.127 1491 1760 I GameModeConfig: isGameModeOn = false
11-29 07:45:07.143 1491 1760 I GameModeConfig: isGameModeOn = false
11-29 07:45:07.159 1491 1760 I GameModeConfig: isGameModeOn = false
11-29 07:45:07.175 1491 1760 I GameModeConfig: isGameModeOn = false
11-29 07:45:07.194 1491 1760 I GameModeConfig: isGameModeOn = false
11-29 07:45:07.209 1491 1760 I GameModeConfig: isGameModeOn = false
11-29 07:45:07.225 1491 1760 I GameModeConfig: isGameModeOn = false
11-29 07:45:07.248 1491 1760 I GameModeConfig: isGameModeOn = false
11-29 07:45:07.260 1491 1760 I GameModeConfig: isGameModeOn = false
11-29 07:45:07.274 1491 1760 I GameModeConfig: isGameModeOn = false
11-29 07:45:07.293 1491 1760 I GameModeConfig: isGameModeOn = false
11-29 07:45:07.304 1491 1760 I GameModeConfig: isGameModeOn = false
11-29 07:45:07.308 1491 1760 I GameModeConfig: isGameModeOn = false
11-29 07:45:07.328 1491 1760 I GameModeConfig: isGameModeOn = false
11-29 07:45:07.332 1491 1760 I GameModeConfig: isGameModeOn = false
11-29 07:45:07.341 1491 1760 I GameModeConfig: isGameModeOn = false
11-29 07:45:07.346 1491 1760 I GameModeConfig: isGameModeOn = false
11-29 07:45:07.359 1491 1760 I GameModeConfig: isGameModeOn = false
11-29 07:45:07.363 1491 1760 I GameModeConfig: isGameModeOn = false
11-29 07:45:07.379 1491 1760 I GameModeConfig: isGameModeOn = false
11-29 07:45:07.393 1491 1760 I GameModeConfig: isGameModeOn = false
11-29 07:45:07.396 1491 1760 I GameModeConfig: isGameModeOn = false
11-29 07:45:07.396 1491 1723 I netstats_mobile_sample: [0,0,0,0,0,0,0,0,0,0,0,0,1669679107396]
11-29 07:45:07.396 1491 1723 I netstats_wifi_sample: [6353814938,5284180,214599876,1024120,6353814938,5284180,214599876,1024120,6436698075,5925506,125450143,822182,1669679107396]
11-29 07:45:07.414 1491 1760 I GameModeConfig: isGameModeOn = false
11-29 07:45:07.429 1491 1760 I GameModeConfig: isGameModeOn = false
11-29 07:45:07.446 1491 1760 I GameModeConfig: isGameModeOn = false
11-29 07:45:07.463 1491 1760 I GameModeConfig: isGameModeOn = false
11-29 07:45:07.478 1491 1760 I GameModeConfig: isGameModeOn = false
11-29 07:45:07.497 1491 1760 I GameModeConfig: isGameModeOn = false
11-29 07:45:07.517 1491 1760 I GameModeConfig: isGameModeOn = false
11-29 07:45:07.528 1491 1760 I GameModeConfig: isGameModeOn = false
11-29 07:45:07.547 1491 1760 I GameModeConfig: isGameModeOn = false
11-29 07:45:07.563 1491 1760 I GameModeConfig: isGameModeOn = false
11-29 07:45:07.595 1491 1760 I GameModeConfig: isGameModeOn = false
11-29 07:45:09.050 1491 1763 I storage_state: [41217664-9172-527a-b3d5-edabb50a7d69,0,0,108828725248,118610538496]
11-29 07:45:09.311 1491 1723 I netstats_mobile_sample: [0,0,0,0,0,0,0,0,0,0,0,0,1669679109311]
11-29 07:45:09.312 1491 1723 I netstats_wifi_sample: [6358988559,5287924,214700423,1025882,6358988559,5287924,214700423,1025882,6441595504,5929051,125539614,823920,1669679109311]
11-29 07:45:09.909 1491 1760 I GameModeConfig: isGameModeOn = false
11-29 07:45:10.079 0 0 I auditd : type=1400 audit(0.0:18814): avc: denied { kill } for comm="swapper/0" capability=5 scontext=u:r:kernel:s0 tcontext=u:r:kernel:s0 tclass=capability permissive=0
11-29 07:45:10.113 1491 1760 I GameModeConfig: isGameModeOn = false
11-29 07:45:11.079 0 0 I auditd : type=1400 audit(0.0:18815): avc: denied { kill } for comm="swapper/0" capability=5 scontext=u:r:kernel:s0 tcontext=u:r:kernel:s0 tclass=capability permissive=0
11-29 07:45:11.751 1491 1723 I netstats_mobile_sample: [0,0,0,0,0,0,0,0,0,0,0,0,1669679111750]
11-29 07:45:11.751 1491 1723 I netstats_wifi_sample: [6365086996,5292366,214806772,1027715,6365086996,5292366,214806772,1027715,6447470360,5933377,125634577,825727,1669679111750]
11-29 07:45:15.007 29251 29251 I auditd : type=1400 audit(0.0:18816): avc: granted { nlmsg_readpriv } for comm="Thread-152" scontext=u:r:untrusted_app_27:s0:c512,c768 tcontext=u:r:untrusted_app_27:s0:c512,c768 tclass=netlink_route_socket app=com.tencent.tmgp.pubgmhd
11-29 07:45:15.079 0 0 I auditd : type=1400 audit(0.0:18817): avc: denied { kill } for comm="swapper/0" capability=5 scontext=u:r:kernel:s0 tcontext=u:r:kernel:s0 tclass=capability permissive=0
11-29 07:45:16.079 353 353 I auditd : type=1400 audit(0.0:18818): avc: denied { kill } for comm="irq/382-atmel_m" capability=5 scontext=u:r:kernel:s0 tcontext=u:r:kernel:s0 tclass=capability permissive=0
11-29 07:45:17.079 0 0 I auditd : type=1400 audit(0.0:18819): avc: denied { kill } for comm="swapper/0" capability=5 scontext=u:r:kernel:s0 tcontext=u:r:kernel:s0 tclass=capability permissive=0
11-29 07:45:19.079 0 0 I auditd : type=1400 audit(0.0:18820): avc: denied { kill } for comm="swapper/0" capability=5 scontext=u:r:kernel:s0 tcontext=u:r:kernel:s0 tclass=capability permissive=0
11-29 07:45:20.079 0 0 I auditd : type=1400 audit(0.0:18821): avc: denied { kill } for comm="swapper/0" capability=5 scontext=u:r:kernel:s0 tcontext=u:r:kernel:s0 tclass=capability permissive=0
11-29 07:45:20.270 1491 1607 I am_pss : [32486,10068,com.android.gallery3d,8577024,5824512,13312,89583616,0,19,7]
11-29 07:45:21.079 0 0 I auditd : type=1400 audit(0.0:18822): avc: denied { kill } for comm="swapper/0" capability=5 scontext=u:r:kernel:s0 tcontext=u:r:kernel:s0 tclass=capability permissive=0
11-29 07:45:22.079 0 0 I auditd : type=1400 audit(0.0:18823): avc: denied { kill } for comm="swapper/0" capability=5 scontext=u:r:kernel:s0 tcontext=u:r:kernel:s0 tclass=capability permissive=0
11-29 07:45:23.079 0 0 I auditd : type=1400 audit(0.0:18824): avc: denied { kill } for comm="swapper/0" capability=5 scontext=u:r:kernel:s0 tcontext=u:r:kernel:s0 tclass=capability permissive=0
11-29 07:45:24.079 0 0 I auditd : type=1400 audit(0.0:18825): avc: denied { kill } for comm="swapper/0" capability=5 scontext=u:r:kernel:s0 tcontext=u:r:kernel:s0 tclass=capability permissive=0
11-29 07:45:25.079 0 0 I auditd : type=1400 audit(0.0:18826): avc: denied { kill } for comm="swapper/0" capability=5 scontext=u:r:kernel:s0 tcontext=u:r:kernel:s0 tclass=capability permissive=0
11-29 07:45:26.079 353 353 I auditd : type=1400 audit(0.0:18827): avc: denied { kill } for comm="irq/382-atmel_m" capability=5 scontext=u:r:kernel:s0 tcontext=u:r:kernel:s0 tclass=capability permissive=0
11-29 07:45:27.079 1191 1191 I auditd : type=1400 audit(0.0:18828): avc: denied { kill } for comm="selfinstaller" capability=5 scontext=u:r:selfinstaller:s0 tcontext=u:r:selfinstaller:s0 tclass=capability permissive=0
11-29 07:45:28.079 353 353 I auditd : type=1400 audit(0.0:18829): avc: denied { kill } for comm="irq/382-atmel_m" capability=5 scontext=u:r:kernel:s0 tcontext=u:r:kernel:s0 tclass=capability permissive=0
11-29 07:45:29.079 0 0 I auditd : type=1400 audit(0.0:18830): avc: denied { kill } for comm="swapper/0" capability=5 scontext=u:r:kernel:s0 tcontext=u:r:kernel:s0 tclass=capability permissive=0
11-29 07:45:30.079 0 0 I auditd : type=1400 audit(0.0:18831): avc: denied { kill } for comm="swapper/0" capability=5 scontext=u:r:kernel:s0 tcontext=u:r:kernel:s0 tclass=capability permissive=0
11-29 07:45:31.079 0 0 I auditd : type=1400 audit(0.0:18832): avc: denied { kill } for comm="swapper/0" capability=5 scontext=u:r:kernel:s0 tcontext=u:r:kernel:s0 tclass=capability permissive=0
11-29 07:45:32.079 353 353 I auditd : type=1400 audit(0.0:18833): avc: denied { kill } for comm="irq/382-atmel_m" capability=5 scontext=u:r:kernel:s0 tcontext=u:r:kernel:s0 tclass=capability permissive=0
11-29 07:45:33.079 353 353 I auditd : type=1400 audit(0.0:18834): avc: denied { kill } for comm="irq/382-atmel_m" capability=5 scontext=u:r:kernel:s0 tcontext=u:r:kernel:s0 tclass=capability permissive=0
11-29 07:45:34.079 0 0 I auditd : type=1400 audit(0.0:18835): avc: denied { kill } for comm="swapper/0" capability=5 scontext=u:r:kernel:s0 tcontext=u:r:kernel:s0 tclass=capability permissive=0
11-29 07:45:34.675 1491 1674 D ActivityManager: freezing 28887 com.android.permissioncontroller
11-29 07:45:34.675 1491 1674 E ActivityManager: Unable to freeze binder for 28887 com.android.permissioncontroller
11-29 07:45:34.676 1491 1674 D ActivityManager: froze 28887 com.android.permissioncontroller
11-29 07:45:34.676 1491 1674 I am_freeze: [28887,com.android.permissioncontroller]
11-29 07:45:34.676 1491 1674 E ActivityManager: Unable to freeze binder for 28887 com.android.permissioncontroller
11-29 07:45:34.678 1491 1674 I ActivityManager: Killing 28887:com.android.permissioncontroller/u0a94 (adj 955): Unable to freeze binder interface
11-29 07:45:34.678 1491 1674 I am_kill : [0,28887,com.android.permissioncontroller,955,Unable to freeze binder interface]
11-29 07:45:34.719 1491 10783 I am_proc_died: [0,28887,com.android.permissioncontroller,955,19]
11-29 07:45:34.721 1491 10783 I am_uid_stopped: 10094
11-29 07:45:35.079 14 14 I auditd : type=1400 audit(0.0:18836): avc: denied { kill } for comm="rcuos/0" capability=5 scontext=u:r:kernel:s0 tcontext=u:r:kernel:s0 tclass=capability permissive=0
11-29 07:45:38.079 0 0 I auditd : type=1400 audit(0.0:18837): avc: denied { kill } for comm="swapper/3" capability=5 scontext=u:r:kernel:s0 tcontext=u:r:kernel:s0 tclass=capability permissive=0
11-29 07:45:41.079 0 0 I auditd : type=1400 audit(0.0:18838): avc: denied { kill } for comm="swapper/3" capability=5 scontext=u:r:kernel:s0 tcontext=u:r:kernel:s0 tclass=capability permissive=0
11-29 07:45:41.287 1491 1693 I input_interaction: Interaction with: 1b49df com.tencent.tmgp.pubgmhd/com.epicgames.ue4.GameActivity (server), edge-swipe (server), swipe-up (server), PointerEventDispatcher0 (server),
11-29 07:45:42.079 0 0 I auditd : type=1400 audit(0.0:18839): avc: denied { kill } for comm="swapper/3" capability=5 scontext=u:r:kernel:s0 tcontext=u:r:kernel:s0 tclass=capability permissive=0
11-29 07:45:44.079 0 0 I auditd : type=1400 audit(0.0:18840): avc: denied { kill } for comm="swapper/3" capability=5 scontext=u:r:kernel:s0 tcontext=u:r:kernel:s0 tclass=capability permissive=0
11-29 07:45:45.079 0 0 I auditd : type=1400 audit(0.0:18841): avc: denied { kill } for comm="swapper/3" capability=5 scontext=u:r:kernel:s0 tcontext=u:r:kernel:s0 tclass=capability permissive=0
11-29 07:45:46.079 0 0 I auditd : type=1400 audit(0.0:18842): avc: denied { kill } for comm="swapper/3" capability=5 scontext=u:r:kernel:s0 tcontext=u:r:kernel:s0 tclass=capability permissive=0
11-29 07:45:46.938 1491 1674 D ActivityManager: freezing 30053 com.android.soundrecorder
11-29 07:45:46.938 1491 1674 E ActivityManager: Unable to freeze binder for 30053 com.android.soundrecorder
11-29 07:45:46.939 1491 1674 D ActivityManager: froze 30053 com.android.soundrecorder
11-29 07:45:46.939 1491 1674 I am_freeze: [30053,com.android.soundrecorder]
11-29 07:45:46.939 1491 1674 E ActivityManager: Unable to freeze binder for 30053 com.android.soundrecorder
11-29 07:45:46.940 1491 1674 I ActivityManager: Killing 30053:com.android.soundrecorder/u0a61 (adj 955): Unable to freeze binder interface
11-29 07:45:46.940 1491 1674 I am_kill : [0,30053,com.android.soundrecorder,955,Unable to freeze binder interface]
11-29 07:45:46.967 1491 10783 I am_proc_died: [0,30053,com.android.soundrecorder,955,19]
11-29 07:45:46.968 1491 10783 I am_uid_stopped: 10061
11-29 07:45:46.979 1491 1599 I am_uid_running: 10061
11-29 07:45:46.979 1491 1599 D CompatibilityChangeReporter: Compat change id reported: 135634846; UID 10061; state: DISABLED
11-29 07:45:46.979 1491 1599 D CompatibilityChangeReporter: Compat change id reported: 177438394; UID 10061; state: DISABLED
11-29 07:45:46.980 1491 1599 D CompatibilityChangeReporter: Compat change id reported: 135772972; UID 10061; state: DISABLED
11-29 07:45:46.980 1491 1599 D CompatibilityChangeReporter: Compat change id reported: 135754954; UID 10061; state: ENABLED
11-29 07:45:46.980 1491 1609 D CompatibilityChangeReporter: Compat change id reported: 143937733; UID 10061; state: ENABLED
11-29 07:45:46.989 1491 1609 I am_proc_start: [0,467,10061,com.android.soundrecorder,NULL,]
11-29 07:45:46.989 1491 1609 I ActivityManager: Start proc 467:com.android.soundrecorder/u0a61 for null
11-29 07:45:47.020 1491 2061 I am_proc_bound: [0,467,com.android.soundrecorder]
11-29 07:45:47.022 1491 2061 D CompatibilityChangeReporter: Compat change id reported: 168419799; UID 10061; state: DISABLED
11-29 07:45:48.079 0 0 I auditd : type=1400 audit(0.0:18843): avc: denied { kill } for comm="swapper/3" capability=5 scontext=u:r:kernel:s0 tcontext=u:r:kernel:s0 tclass=capability permissive=0
11-29 07:45:49.079 0 0 I auditd : type=1400 audit(0.0:18844): avc: denied { kill } for comm="swapper/3" capability=5 scontext=u:r:kernel:s0 tcontext=u:r:kernel:s0 tclass=capability permissive=0
11-29 07:45:49.496 1491 1491 I notification_enqueue: [10097,27146,com.tencent.android.qqdownloader,127,NULL,0,Notification(channel=channel_id_default_silent shortcut=null contentView=com.tencent.android.qqdownloader/0x7f0a01c2 vibrate=null sound=null defaults=0x0 flags=0x2a0 color=0x00000000 groupKey=com.tencent.android.qqdownloader vis=PRIVATE),1]
11-29 07:45:49.699 1491 1491 I GameModeConfig: isGameModeOn = false
11-29 07:45:50.079 0 0 I auditd : type=1400 audit(0.0:18845): avc: denied { kill } for comm="swapper/3" capability=5 scontext=u:r:kernel:s0 tcontext=u:r:kernel:s0 tclass=capability permissive=0
11-29 07:45:51.079 0 0 I auditd : type=1400 audit(0.0:18846): avc: denied { kill } for comm="swapper/3" capability=5 scontext=u:r:kernel:s0 tcontext=u:r:kernel:s0 tclass=capability permissive=0
11-29 07:45:52.079 0 0 I auditd : type=1400 audit(0.0:18847): avc: denied { kill } for comm="swapper/3" capability=5 scontext=u:r:kernel:s0 tcontext=u:r:kernel:s0 tclass=capability permissive=0
11-29 07:45:53.079 0 0 I auditd : type=1400 audit(0.0:18848): avc: denied { kill } for comm="swapper/3" capability=5 scontext=u:r:kernel:s0 tcontext=u:r:kernel:s0 tclass=capability permissive=0
11-29 07:45:54.079 0 0 I auditd : type=1400 audit(0.0:18849): avc: denied { kill } for comm="swapper/3" capability=5 scontext=u:r:kernel:s0 tcontext=u:r:kernel:s0 tclass=capability permissive=0
11-29 07:45:54.897 1491 1608 I am_uid_idle: 10083
11-29 07:45:55.079 0 0 I auditd : type=1400 audit(0.0:18850): avc: denied { kill } for comm="swapper/3" capability=5 scontext=u:r:kernel:s0 tcontext=u:r:kernel:s0 tclass=capability permissive=0
11-29 07:45:56.079 0 0 I auditd : type=1400 audit(0.0:18851): avc: denied { kill } for comm="swapper/3" capability=5 scontext=u:r:kernel:s0 tcontext=u:r:kernel:s0 tclass=capability permissive=0
11-29 07:45:57.079 287 287 I auditd : type=1400 audit(0.0:18852): avc: denied { kill } for comm="kgsl_worker_thr" capability=5 scontext=u:r:kernel:s0 tcontext=u:r:kernel:s0 tclass=capability permissive=0
11-29 07:45:58.079 0 0 I auditd : type=1400 audit(0.0:18853): avc: denied { kill } for comm="swapper/3" capability=5 scontext=u:r:kernel:s0 tcontext=u:r:kernel:s0 tclass=capability permissive=0
11-29 07:46:00.079 0 0 I auditd : type=1400 audit(0.0:18854): avc: denied { kill } for comm="swapper/3" capability=5 scontext=u:r:kernel:s0 tcontext=u:r:kernel:s0 tclass=capability permissive=0
11-29 07:46:01.079 0 0 I auditd : type=1400 audit(0.0:18855): avc: denied { kill } for comm="swapper/3" capability=5 scontext=u:r:kernel:s0 tcontext=u:r:kernel:s0 tclass=capability permissive=0
11-29 07:46:03.079 0 0 I auditd : type=1400 audit(0.0:18856): avc: denied { kill } for comm="swapper/3" capability=5 scontext=u:r:kernel:s0 tcontext=u:r:kernel:s0 tclass=capability permissive=0
11-29 07:46:05.079 0 0 I auditd : type=1400 audit(0.0:18857): avc: denied { kill } for comm="swapper/3" capability=5 scontext=u:r:kernel:s0 tcontext=u:r:kernel:s0 tclass=capability permissive=0
11-29 07:46:06.079 0 0 I auditd : type=1400 audit(0.0:18858): avc: denied { kill } for comm="swapper/3" capability=5 scontext=u:r:kernel:s0 tcontext=u:r:kernel:s0 tclass=capability permissive=0
11-29 07:46:06.365 1491 1608 I am_uid_idle: 10063
11-29 07:46:07.079 0 0 I auditd : type=1400 audit(0.0:18859): avc: denied { kill } for comm="swapper/3" capability=5 scontext=u:r:kernel:s0 tcontext=u:r:kernel:s0 tclass=capability permissive=0
11-29 07:46:08.079 0 0 I auditd : type=1400 audit(0.0:18860): avc: denied { kill } for comm="swapper/3" capability=5 scontext=u:r:kernel:s0 tcontext=u:r:kernel:s0 tclass=capability permissive=0
11-29 07:46:09.079 0 0 I auditd : type=1400 audit(0.0:18861): avc: denied { kill } for comm="swapper/3" capability=5 scontext=u:r:kernel:s0 tcontext=u:r:kernel:s0 tclass=capability permissive=0
11-29 07:46:11.079 0 0 I auditd : type=1400 audit(0.0:18862): avc: denied { kill } for comm="swapper/3" capability=5 scontext=u:r:kernel:s0 tcontext=u:r:kernel:s0 tclass=capability permissive=0
11-29 07:46:14.079 0 0 I auditd : type=1400 audit(0.0:18863): avc: denied { kill } for comm="swapper/3" capability=5 scontext=u:r:kernel:s0 tcontext=u:r:kernel:s0 tclass=capability permissive=0
11-29 07:46:15.079 0 0 I auditd : type=1400 audit(0.0:18864): avc: denied { kill } for comm="swapper/3" capability=5 scontext=u:r:kernel:s0 tcontext=u:r:kernel:s0 tclass=capability permissive=0
11-29 07:46:16.079 0 0 I auditd : type=1400 audit(0.0:18865): avc: denied { kill } for comm="swapper/3" capability=5 scontext=u:r:kernel:s0 tcontext=u:r:kernel:s0 tclass=capability permissive=0
11-29 07:46:18.079 0 0 I auditd : type=1400 audit(0.0:18866): avc: denied { kill } for comm="swapper/3" capability=5 scontext=u:r:kernel:s0 tcontext=u:r:kernel:s0 tclass=capability permissive=0
11-29 07:46:19.079 0 0 I auditd : type=1400 audit(0.0:18867): avc: denied { kill } for comm="swapper/3" capability=5 scontext=u:r:kernel:s0 tcontext=u:r:kernel:s0 tclass=capability permissive=0
11-29 07:46:20.079 0 0 I auditd : type=1400 audit(0.0:18868): avc: denied { kill } for comm="swapper/3" capability=5 scontext=u:r:kernel:s0 tcontext=u:r:kernel:s0 tclass=capability permissive=0
11-29 07:46:20.260 1491 1608 I am_uid_idle: 10036
11-29 07:46:21.079 0 0 I auditd : type=1400 audit(0.0:18869): avc: denied { kill } for comm="swapper/3" capability=5 scontext=u:r:kernel:s0 tcontext=u:r:kernel:s0 tclass=capability permissive=0
11-29 07:46:23.079 0 0 I auditd : type=1400 audit(0.0:18870): avc: denied { kill } for comm="swapper/3" capability=5 scontext=u:r:kernel:s0 tcontext=u:r:kernel:s0 tclass=capability permissive=0
11-29 07:46:24.079 0 0 I auditd : type=1400 audit(0.0:18871): avc: denied { kill } for comm="swapper/3" capability=5 scontext=u:r:kernel:s0 tcontext=u:r:kernel:s0 tclass=capability permissive=0
11-29 07:46:26.079 0 0 I auditd : type=1400 audit(0.0:18872): avc: denied { kill } for comm="swapper/3" capability=5 scontext=u:r:kernel:s0 tcontext=u:r:kernel:s0 tclass=capability permissive=0
11-29 07:46:27.079 0 0 I auditd : type=1400 audit(0.0:18873): avc: denied { kill } for comm="swapper/3" capability=5 scontext=u:r:kernel:s0 tcontext=u:r:kernel:s0 tclass=capability permissive=0
11-29 07:46:28.079 0 0 I auditd : type=1400 audit(0.0:18874): avc: denied { kill } for comm="swapper/3" capability=5 scontext=u:r:kernel:s0 tcontext=u:r:kernel:s0 tclass=capability permissive=0
11-29 07:46:29.079 0 0 I auditd : type=1400 audit(0.0:18875): avc: denied { kill } for comm="swapper/3" capability=5 scontext=u:r:kernel:s0 tcontext=u:r:kernel:s0 tclass=capability permissive=0
11-29 07:46:30.079 0 0 I auditd : type=1400 audit(0.0:18876): avc: denied { kill } for comm="swapper/3" capability=5 scontext=u:r:kernel:s0 tcontext=u:r:kernel:s0 tclass=capability permissive=0
11-29 07:46:31.079 0 0 I auditd : type=1400 audit(0.0:18877): avc: denied { kill } for comm="swapper/3" capability=5 scontext=u:r:kernel:s0 tcontext=u:r:kernel:s0 tclass=capability permissive=0
11-29 07:46:33.079 0 0 I auditd : type=1400 audit(0.0:18878): avc: denied { kill } for comm="swapper/3" capability=5 scontext=u:r:kernel:s0 tcontext=u:r:kernel:s0 tclass=capability permissive=0
11-29 07:46:34.079 0 0 I auditd : type=1400 audit(0.0:18879): avc: denied { kill } for comm="swapper/3" capability=5 scontext=u:r:kernel:s0 tcontext=u:r:kernel:s0 tclass=capability permissive=0
11-29 07:46:36.079 0 0 I auditd : type=1400 audit(0.0:18880): avc: denied { kill } for comm="swapper/3" capability=5 scontext=u:r:kernel:s0 tcontext=u:r:kernel:s0 tclass=capability permissive=0
11-29 07:46:37.079 0 0 I auditd : type=1400 audit(0.0:18881): avc: denied { kill } for comm="swapper/3" capability=5 scontext=u:r:kernel:s0 tcontext=u:r:kernel:s0 tclass=capability permissive=0
11-29 07:46:40.079 0 0 I auditd : type=1400 audit(0.0:18882): avc: denied { kill } for comm="swapper/3" capability=5 scontext=u:r:kernel:s0 tcontext=u:r:kernel:s0 tclass=capability permissive=0
11-29 07:46:41.079 0 0 I auditd : type=1400 audit(0.0:18883): avc: denied { kill } for comm="swapper/3" capability=5 scontext=u:r:kernel:s0 tcontext=u:r:kernel:s0 tclass=capability permissive=0
11-29 07:46:42.079 0 0 I auditd : type=1400 audit(0.0:18884): avc: denied { kill } for comm="swapper/3" capability=5 scontext=u:r:kernel:s0 tcontext=u:r:kernel:s0 tclass=capability permissive=0
11-29 07:46:45.079 0 0 I auditd : type=1400 audit(0.0:18885): avc: denied { kill } for comm="swapper/3" capability=5 scontext=u:r:kernel:s0 tcontext=u:r:kernel:s0 tclass=capability permissive=0
11-29 07:46:47.079 0 0 I auditd : type=1400 audit(0.0:18886): avc: denied { kill } for comm="swapper/3" capability=5 scontext=u:r:kernel:s0 tcontext=u:r:kernel:s0 tclass=capability permissive=0
11-29 07:46:48.079 0 0 I auditd : type=1400 audit(0.0:18887): avc: denied { kill } for comm="swapper/3" capability=5 scontext=u:r:kernel:s0 tcontext=u:r:kernel:s0 tclass=capability permissive=0
11-29 07:46:49.079 0 0 I auditd : type=1400 audit(0.0:18888): avc: denied { kill } for comm="swapper/3" capability=5 scontext=u:r:kernel:s0 tcontext=u:r:kernel:s0 tclass=capability permissive=0
11-29 07:46:50.079 0 0 I auditd : type=1400 audit(0.0:18889): avc: denied { kill } for comm="swapper/3" capability=5 scontext=u:r:kernel:s0 tcontext=u:r:kernel:s0 tclass=capability permissive=0
11-29 07:46:50.990 1491 1491 I notification_enqueue: [10097,27146,com.tencent.android.qqdownloader,127,NULL,0,Notification(channel=channel_id_default_silent shortcut=null contentView=com.tencent.android.qqdownloader/0x7f0a01c2 vibrate=null sound=null defaults=0x0 flags=0x2a0 color=0x00000000 groupKey=com.tencent.android.qqdownloader vis=PRIVATE),1]
11-29 07:46:51.079 0 0 I auditd : type=1400 audit(0.0:18890): avc: denied { kill } for comm="swapper/3" capability=5 scontext=u:r:kernel:s0 tcontext=u:r:kernel:s0 tclass=capability permissive=0
11-29 07:46:51.191 1491 1491 I GameModeConfig: isGameModeOn = false
11-29 07:46:52.079 0 0 I auditd : type=1400 audit(0.0:18891): avc: denied { kill } for comm="swapper/3" capability=5 scontext=u:r:kernel:s0 tcontext=u:r:kernel:s0 tclass=capability permissive=0
11-29 07:46:54.697 1491 1608 W BroadcastQueue: Background execution not allowed: receiving Intent { act=com.tencent.assistant.st.report.PluginLogProcessorReceiver.TIME flg=0x14 (has extras) } to com.tencent.android.qqdownloader/com.tencent.assistant.st.report.PluginLogProcessorReceiver
