11-29 07:53:03.232 30912 30912 I sysui_multi_action: [757,126,758,1,759,126,927,0,928,1,1593,1]
11-29 07:53:03.232 30912 30912 I sysui_multi_action: [757,113,758,1,759,113,927,1,928,1,1593,1]
11-29 07:53:03.232 30912 30912 I sysui_multi_action: [757,0,758,1,759,0,927,2,928,0,1593,1]
11-29 07:53:03.232 30912 30912 I sysui_multi_action: [757,0,758,1,759,0,927,3,928,0,1593,1]
11-29 07:53:03.242 1491 1760 I GameModeConfig: isGameModeOn = false
11-29 07:53:03.242 1491 1760 I GameModeConfig: isGameModeOn = false
11-29 07:53:03.242 1491 1760 I GameModeConfig: isGameModeOn = false
11-29 07:53:03.242 1491 1760 I GameModeConfig: isGameModeOn = false
11-29 07:53:03.243 1491 1760 I GameModeConfig: isGameModeOn = false
11-29 07:53:03.243 1491 1760 I GameModeConfig: isGameModeOn = false
11-29 07:53:03.243 1491 1760 I GameModeConfig: isGameModeOn = false
11-29 07:53:03.243 1491 1760 I GameModeConfig: isGameModeOn = false
11-29 07:53:03.245 30912 30912 I sysui_multi_action: [757,111,758,2]
11-29 07:53:03.245 30912 30912 I sysui_multi_action: [757,111,758,2]
11-29 07:53:03.245 1491 1491 I notification_enqueue: [10082,30912,com.android.systemui,2048,NULL,0,Notification(channel=updateNotification shortcut=null contentView=null vibrate=null sound=null defaults=0x0 flags=0x0 color=0x00000000 vis=PRIVATE),1]
11-29 07:53:03.248 30912 30912 I sysui_multi_action: [757,111,758,1]
11-29 07:53:03.248 30912 30912 I sysui_multi_action: [757,126,758,1,759,126,927,0,928,1,1593,1]
11-29 07:53:03.248 30912 30912 I sysui_multi_action: [757,113,758,1,759,113,927,1,928,1,1593,1]
11-29 07:53:03.248 30912 30912 I sysui_multi_action: [757,0,758,1,759,0,927,2,928,0,1593,1]
11-29 07:53:03.248 30912 30912 I sysui_multi_action: [757,0,758,1,759,0,927,3,928,0,1593,1]
11-29 07:53:03.248 30912 30912 I sysui_multi_action: [757,491,758,1,759,491,927,4,928,0,1311,-1,1593,0]
11-29 07:53:03.248 30912 30912 I sysui_multi_action: [757,0,758,1,759,0,927,5,928,0,1593,0]
11-29 07:53:03.249 30912 30912 I sysui_multi_action: [757,111,758,1]
11-29 07:53:03.249 30912 30912 I sysui_multi_action: [757,126,758,1,759,126,927,0,928,1,1593,1]
11-29 07:53:03.249 30912 30912 I sysui_multi_action: [757,113,758,1,759,113,927,1,928,1,1593,1]
11-29 07:53:03.249 30912 30912 I sysui_multi_action: [757,0,758,1,759,0,927,2,928,0,1593,1]
11-29 07:53:03.249 30912 30912 I sysui_multi_action: [757,0,758,1,759,0,927,3,928,0,1593,1]
11-29 07:53:03.259 1491 1760 I GameModeConfig: isGameModeOn = false
11-29 07:53:03.259 1491 1760 I GameModeConfig: isGameModeOn = false
11-29 07:53:03.259 1491 1760 I GameModeConfig: isGameModeOn = false
11-29 07:53:03.259 1491 1760 I GameModeConfig: isGameModeOn = false
11-29 07:53:03.259 1491 1760 I GameModeConfig: isGameModeOn = false
11-29 07:53:03.259 1491 1760 I GameModeConfig: isGameModeOn = false
11-29 07:53:03.259 1491 1760 I GameModeConfig: isGameModeOn = false
11-29 07:53:03.260 1491 1760 I GameModeConfig: isGameModeOn = false
11-29 07:53:03.261 30912 30912 I sysui_multi_action: [757,111,758,2]
11-29 07:53:03.261 30912 30912 I sysui_multi_action: [757,111,758,2]
11-29 07:53:03.261 1491 1491 I notification_enqueue: [10082,30912,com.android.systemui,2048,NULL,0,Notification(channel=updateNotification shortcut=null contentView=null vibrate=null sound=null defaults=0x0 flags=0x0 color=0x00000000 vis=PRIVATE),1]
11-29 07:53:03.265 30912 30912 I sysui_multi_action: [757,111,758,1]
11-29 07:53:03.265 30912 30912 I sysui_multi_action: [757,126,758,1,759,126,927,0,928,1,1593,1]
11-29 07:53:03.265 30912 30912 I sysui_multi_action: [757,113,758,1,759,113,927,1,928,1,1593,1]
11-29 07:53:03.265 30912 30912 I sysui_multi_action: [757,0,758,1,759,0,927,2,928,0,1593,1]
11-29 07:53:03.265 30912 30912 I sysui_multi_action: [757,0,758,1,759,0,927,3,928,0,1593,1]
11-29 07:53:03.265 30912 30912 I sysui_multi_action: [757,491,758,1,759,491,927,4,928,0,1311,-1,1593,0]
11-29 07:53:03.265 30912 30912 I sysui_multi_action: [757,0,758,1,759,0,927,5,928,0,1593,0]
11-29 07:53:03.266 30912 30912 I sysui_multi_action: [757,111,758,1]
11-29 07:53:03.266 30912 30912 I sysui_multi_action: [757,126,758,1,759,126,927,0,928,1,1593,1]
11-29 07:53:03.266 30912 30912 I sysui_multi_action: [757,113,758,1,759,113,927,1,928,1,1593,1]
11-29 07:53:03.266 30912 30912 I sysui_multi_action: [757,0,758,1,759,0,927,2,928,0,1593,1]
11-29 07:53:03.266 30912 30912 I sysui_multi_action: [757,0,758,1,759,0,927,3,928,0,1593,1]
11-29 07:53:03.276 1491 1760 I GameModeConfig: isGameModeOn = false
11-29 07:53:03.277 1491 1760 I GameModeConfig: isGameModeOn = false
11-29 07:53:03.277 1491 1760 I GameModeConfig: isGameModeOn = false
11-29 07:53:03.277 1491 1760 I GameModeConfig: isGameModeOn = false
11-29 07:53:03.277 1491 1760 I GameModeConfig: isGameModeOn = false
11-29 07:53:03.277 1491 1760 I GameModeConfig: isGameModeOn = false
11-29 07:53:03.277 1491 1760 I GameModeConfig: isGameModeOn = false
11-29 07:53:03.278 1491 1760 I GameModeConfig: isGameModeOn = false
11-29 07:53:03.278 30912 30912 I sysui_multi_action: [757,111,758,2]
11-29 07:53:03.279 30912 30912 I sysui_multi_action: [757,111,758,2]
11-29 07:53:03.279 1491 1491 I notification_enqueue: [10082,30912,com.android.systemui,2048,NULL,0,Notification(channel=updateNotification shortcut=null contentView=null vibrate=null sound=null defaults=0x0 flags=0x0 color=0x00000000 vis=PRIVATE),1]
11-29 07:53:03.283 30912 30912 I sysui_multi_action: [757,111,758,1]
11-29 07:53:03.283 30912 30912 I sysui_multi_action: [757,126,758,1,759,126,927,0,928,1,1593,1]
11-29 07:53:03.283 30912 30912 I sysui_multi_action: [757,113,758,1,759,113,927,1,928,1,1593,1]
11-29 07:53:03.283 30912 30912 I sysui_multi_action: [757,0,758,1,759,0,927,2,928,0,1593,1]
11-29 07:53:03.283 30912 30912 I sysui_multi_action: [757,0,758,1,759,0,927,3,928,0,1593,1]
11-29 07:53:03.283 30912 30912 I sysui_multi_action: [757,491,758,1,759,491,927,4,928,0,1311,-1,1593,0]
11-29 07:53:03.284 30912 30912 I sysui_multi_action: [757,0,758,1,759,0,927,5,928,0,1593,0]
11-29 07:53:03.284 30912 30912 I sysui_multi_action: [757,111,758,1]
11-29 07:53:03.284 30912 30912 I sysui_multi_action: [757,126,758,1,759,126,927,0,928,1,1593,1]
11-29 07:53:03.284 30912 30912 I sysui_multi_action: [757,113,758,1,759,113,927,1,928,1,1593,1]
11-29 07:53:03.284 30912 30912 I sysui_multi_action: [757,0,758,1,759,0,927,2,928,0,1593,1]
11-29 07:53:03.284 30912 30912 I sysui_multi_action: [757,0,758,1,759,0,927,3,928,0,1593,1]
11-29 07:53:03.292 1491 1760 I GameModeConfig: isGameModeOn = false
11-29 07:53:03.293 1491 1760 I GameModeConfig: isGameModeOn = false
11-29 07:53:03.293 1491 1760 I GameModeConfig: isGameModeOn = false
11-29 07:53:03.294 1491 1760 I GameModeConfig: isGameModeOn = false
11-29 07:53:03.294 1491 1760 I GameModeConfig: isGameModeOn = false
11-29 07:53:03.294 1491 1760 I GameModeConfig: isGameModeOn = false
11-29 07:53:03.294 1491 1760 I GameModeConfig: isGameModeOn = false
11-29 07:53:03.294 1491 1760 I GameModeConfig: isGameModeOn = false
11-29 07:53:03.296 30912 30912 I sysui_multi_action: [757,111,758,2]
11-29 07:53:03.296 30912 30912 I sysui_multi_action: [757,111,758,2]
11-29 07:53:03.296 1491 1491 I notification_enqueue: [10082,30912,com.android.systemui,2048,NULL,0,Notification(channel=updateNotification shortcut=null contentView=null vibrate=null sound=null defaults=0x0 flags=0x0 color=0x00000000 vis=PRIVATE),1]
11-29 07:53:03.299 30912 30912 I sysui_multi_action: [757,111,758,1]
11-29 07:53:03.299 30912 30912 I sysui_multi_action: [757,126,758,1,759,126,927,0,928,1,1593,1]
11-29 07:53:03.299 30912 30912 I sysui_multi_action: [757,113,758,1,759,113,927,1,928,1,1593,1]
11-29 07:53:03.299 30912 30912 I sysui_multi_action: [757,0,758,1,759,0,927,2,928,0,1593,1]
11-29 07:53:03.299 30912 30912 I sysui_multi_action: [757,0,758,1,759,0,927,3,928,0,1593,1]
11-29 07:53:03.300 30912 30912 I sysui_multi_action: [757,491,758,1,759,491,927,4,928,0,1311,-1,1593,0]
11-29 07:53:03.300 30912 30912 I sysui_multi_action: [757,0,758,1,759,0,927,5,928,0,1593,0]
11-29 07:53:03.300 30912 30912 I sysui_multi_action: [757,111,758,1]
11-29 07:53:03.300 30912 30912 I sysui_multi_action: [757,126,758,1,759,126,927,0,928,1,1593,1]
11-29 07:53:03.300 30912 30912 I sysui_multi_action: [757,113,758,1,759,113,927,1,928,1,1593,1]
11-29 07:53:03.300 30912 30912 I sysui_multi_action: [757,0,758,1,759,0,927,2,928,0,1593,1]
11-29 07:53:03.300 30912 30912 I sysui_multi_action: [757,0,758,1,759,0,927,3,928,0,1593,1]
11-29 07:53:03.309 1491 1760 I GameModeConfig: isGameModeOn = false
11-29 07:53:03.310 1491 1760 I GameModeConfig: isGameModeOn = false
11-29 07:53:03.310 1491 1760 I GameModeConfig: isGameModeOn = false
11-29 07:53:03.310 1491 1760 I GameModeConfig: isGameModeOn = false
11-29 07:53:03.310 1491 1760 I GameModeConfig: isGameModeOn = false
11-29 07:53:03.310 1491 1760 I GameModeConfig: isGameModeOn = false
11-29 07:53:03.310 1491 1760 I GameModeConfig: isGameModeOn = false
11-29 07:53:03.310 1491 1760 I GameModeConfig: isGameModeOn = false
11-29 07:53:03.311 30912 30912 I sysui_multi_action: [757,111,758,2]
11-29 07:53:03.311 30912 30912 I sysui_multi_action: [757,111,758,2]
11-29 07:53:03.311 1491 1491 I notification_enqueue: [10082,30912,com.android.systemui,2048,NULL,0,Notification(channel=updateNotification shortcut=null contentView=null vibrate=null sound=null defaults=0x0 flags=0x0 color=0x00000000 vis=PRIVATE),1]
11-29 07:53:03.314 30912 30912 I sysui_multi_action: [757,111,758,1]
11-29 07:53:03.315 30912 30912 I sysui_multi_action: [757,126,758,1,759,126,927,0,928,1,1593,1]
11-29 07:53:03.315 30912 30912 I sysui_multi_action: [757,113,758,1,759,113,927,1,928,1,1593,1]
11-29 07:53:03.315 30912 30912 I sysui_multi_action: [757,0,758,1,759,0,927,2,928,0,1593,1]
11-29 07:53:03.315 30912 30912 I sysui_multi_action: [757,0,758,1,759,0,927,3,928,0,1593,1]
11-29 07:53:03.315 30912 30912 I sysui_multi_action: [757,491,758,1,759,491,927,4,928,0,1311,-1,1593,0]
11-29 07:53:03.315 30912 30912 I sysui_multi_action: [757,0,758,1,759,0,927,5,928,0,1593,0]
11-29 07:53:03.315 30912 30912 I sysui_multi_action: [757,111,758,1]
11-29 07:53:03.315 30912 30912 I sysui_multi_action: [757,126,758,1,759,126,927,0,928,1,1593,1]
11-29 07:53:03.315 30912 30912 I sysui_multi_action: [757,113,758,1,759,113,927,1,928,1,1593,1]
11-29 07:53:03.315 30912 30912 I sysui_multi_action: [757,0,758,1,759,0,927,2,928,0,1593,1]
11-29 07:53:03.315 30912 30912 I sysui_multi_action: [757,0,758,1,759,0,927,3,928,0,1593,1]
11-29 07:53:03.326 1491 1760 I GameModeConfig: isGameModeOn = false
11-29 07:53:03.326 1491 1760 I GameModeConfig: isGameModeOn = false
11-29 07:53:03.326 1491 1760 I GameModeConfig: isGameModeOn = false
11-29 07:53:03.327 1491 1760 I GameModeConfig: isGameModeOn = false
11-29 07:53:03.327 1491 1760 I GameModeConfig: isGameModeOn = false
11-29 07:53:03.327 1491 1760 I GameModeConfig: isGameModeOn = false
11-29 07:53:03.327 1491 1760 I GameModeConfig: isGameModeOn = false
11-29 07:53:03.327 1491 1760 I GameModeConfig: isGameModeOn = false
11-29 07:53:03.328 30912 30912 I sysui_multi_action: [757,111,758,2]
11-29 07:53:03.328 30912 30912 I sysui_multi_action: [757,111,758,2]
11-29 07:53:03.328 1491 1491 I notification_enqueue: [10082,30912,com.android.systemui,2048,NULL,0,Notification(channel=updateNotification shortcut=null contentView=null vibrate=null sound=null defaults=0x0 flags=0x0 color=0x00000000 vis=PRIVATE),1]
11-29 07:53:03.329 1491 1491 I GameModeConfig: isGameModeOn = false
11-29 07:53:03.331 30912 30912 I sysui_multi_action: [757,111,758,1]
11-29 07:53:03.331 30912 30912 I sysui_multi_action: [757,126,758,1,759,126,927,0,928,1,1593,1]
11-29 07:53:03.331 30912 30912 I sysui_multi_action: [757,113,758,1,759,113,927,1,928,1,1593,1]
11-29 07:53:03.331 30912 30912 I sysui_multi_action: [757,0,758,1,759,0,927,2,928,0,1593,1]
11-29 07:53:03.331 30912 30912 I sysui_multi_action: [757,0,758,1,759,0,927,3,928,0,1593,1]
11-29 07:53:03.331 1491 1491 I sysui_multi_action: [757,1501,758,1,793,16740592,794,0,795,205,796,2048,806,com.android.systemui,857,updateNotification,858,3,947,0,1500,0,1688,1]
11-29 07:53:03.331 1491 1491 I sysui_multi_action: [757,804,799,note_interruptive,801,0,802,1]
11-29 07:53:03.331 1491 1491 I sysui_multi_action: [757,199,758,1,759,2,793,16740592,794,0,795,205,796,2048,806,com.android.systemui,857,updateNotification,858,3,947,0,1500,0,1688,1]
11-29 07:53:03.332 1491 1491 I notification_alert: [0|com.android.systemui|2048|null|10082,0,1,0]
11-29 07:53:03.332 30912 30912 I sysui_multi_action: [757,491,758,1,759,491,927,4,928,0,1311,-1,1593,0]
11-29 07:53:03.332 30912 30912 I sysui_multi_action: [757,0,758,1,759,0,927,5,928,0,1593,0]
11-29 07:53:03.332 30912 30912 I sysui_multi_action: [757,111,758,1]
11-29 07:53:03.332 30912 30912 I sysui_multi_action: [757,126,758,1,759,126,927,0,928,1,1593,1]
11-29 07:53:03.332 30912 30912 I sysui_multi_action: [757,113,758,1,759,113,927,1,928,1,1593,1]
11-29 07:53:03.332 30912 30912 I sysui_multi_action: [757,0,758,1,759,0,927,2,928,0,1593,1]
11-29 07:53:03.332 30912 30912 I sysui_multi_action: [757,0,758,1,759,0,927,3,928,0,1593,1]
11-29 07:53:03.333 1491 1491 W NotificationHistory: Attempted to add notif for locked/gone/disabled user 0
11-29 07:53:03.343 30912 30912 I sysui_multi_action: [757,111,758,2]
11-29 07:53:03.344 30912 30912 I sysui_multi_action: [757,111,758,2]
11-29 07:53:03.345 1491 1491 I notification_enqueue: [10082,30912,com.android.systemui,2048,NULL,0,Notification(channel=updateNotification shortcut=null contentView=null vibrate=null sound=null defaults=0x0 flags=0x0 color=0x00000000 vis=PRIVATE),1]
11-29 07:53:03.347 30912 30912 I sysui_multi_action: [757,111,758,1]
11-29 07:53:03.347 30912 30912 I sysui_multi_action: [757,126,758,1,759,126,927,0,928,1,1593,0]
11-29 07:53:03.347 30912 30912 I sysui_multi_action: [757,113,758,1,759,113,927,1,928,1,1593,0]
11-29 07:53:03.347 30912 30912 I sysui_multi_action: [757,0,758,1,759,0,927,2,928,0,1593,0]
11-29 07:53:03.347 30912 30912 I sysui_multi_action: [757,0,758,1,759,0,927,3,928,0,1593,0]
11-29 07:53:03.347 30912 30912 I sysui_multi_action: [757,491,758,1,759,491,927,4,928,0,1311,-1,1593,0]
11-29 07:53:03.347 30912 30912 I sysui_multi_action: [757,0,758,1,759,0,927,5,928,0,1593,0]
11-29 07:53:03.347 30912 30912 I sysui_multi_action: [757,111,758,1]
11-29 07:53:03.347 30912 30912 I sysui_multi_action: [757,126,758,1,759,126,927,0,928,1,1593,1]
11-29 07:53:03.347 30912 30912 I sysui_multi_action: [757,113,758,1,759,113,927,1,928,1,1593,1]
11-29 07:53:03.347 30912 30912 I sysui_multi_action: [757,0,758,1,759,0,927,2,928,0,1593,1]
11-29 07:53:03.347 30912 30912 I sysui_multi_action: [757,0,758,1,759,0,927,3,928,0,1593,1]
11-29 07:53:03.355 1491 1760 I GameModeConfig: isGameModeOn = false
11-29 07:53:03.356 1491 1760 I GameModeConfig: isGameModeOn = false
11-29 07:53:03.356 1491 1760 I GameModeConfig: isGameModeOn = false
11-29 07:53:03.357 1491 1760 I GameModeConfig: isGameModeOn = false
11-29 07:53:03.357 1491 1760 I GameModeConfig: isGameModeOn = false
11-29 07:53:03.357 1491 1760 I GameModeConfig: isGameModeOn = false
11-29 07:53:03.357 1491 1760 I GameModeConfig: isGameModeOn = false
11-29 07:53:03.358 1491 1760 I GameModeConfig: isGameModeOn = false
11-29 07:53:03.360 1491 1491 I GameModeConfig: isGameModeOn = false
11-29 07:53:03.360 1491 1491 E NotificationService: Muting recently noisy 0|com.android.systemui|2048|null|10082
11-29 07:53:03.361 1491 1760 I GameModeConfig: isGameModeOn = false
11-29 07:53:03.361 1491 1760 I GameModeConfig: isGameModeOn = false
11-29 07:53:03.361 1491 1760 I GameModeConfig: isGameModeOn = false
11-29 07:53:03.361 1491 1760 I GameModeConfig: isGameModeOn = false
11-29 07:53:03.361 1491 1760 I GameModeConfig: isGameModeOn = false
11-29 07:53:03.361 1491 1760 I GameModeConfig: isGameModeOn = false
11-29 07:53:03.362 1491 1760 I GameModeConfig: isGameModeOn = false
11-29 07:53:03.362 1491 1760 I GameModeConfig: isGameModeOn = false
11-29 07:53:03.362 30912 30912 I sysui_multi_action: [757,111,758,2]
11-29 07:53:03.362 30912 30912 I sysui_multi_action: [757,111,758,2]
11-29 07:53:03.365 30912 30912 I sysui_multi_action: [757,111,758,1]
11-29 07:53:03.365 30912 30912 I sysui_multi_action: [757,126,758,1,759,126,927,0,928,1,1593,1]
11-29 07:53:03.365 30912 30912 I sysui_multi_action: [757,113,758,1,759,113,927,1,928,1,1593,1]
11-29 07:53:03.365 30912 30912 I sysui_multi_action: [757,0,758,1,759,0,927,2,928,0,1593,1]
11-29 07:53:03.365 30912 30912 I sysui_multi_action: [757,0,758,1,759,0,927,3,928,0,1593,1]
11-29 07:53:03.365 30912 30912 I sysui_multi_action: [757,491,758,1,759,491,927,4,928,0,1311,-1,1593,0]
11-29 07:53:03.365 30912 30912 I sysui_multi_action: [757,0,758,1,759,0,927,5,928,0,1593,0]
11-29 07:53:03.365 30912 30912 I sysui_multi_action: [757,111,758,1]
11-29 07:53:03.365 30912 30912 I sysui_multi_action: [757,126,758,1,759,126,927,0,928,1,1593,1]
11-29 07:53:03.365 30912 30912 I sysui_multi_action: [757,113,758,1,759,113,927,1,928,1,1593,1]
11-29 07:53:03.365 30912 30912 I sysui_multi_action: [757,0,758,1,759,0,927,2,928,0,1593,1]
11-29 07:53:03.365 30912 30912 I sysui_multi_action: [757,0,758,1,759,0,927,3,928,0,1593,1]
11-29 07:53:03.366 1491 1491 I notification_enqueue: [10082,30912,com.android.systemui,2048,NULL,0,Notification(channel=updateNotification shortcut=null contentView=null vibrate=null sound=null defaults=0x0 flags=0x0 color=0x00000000 vis=PRIVATE),1]
11-29 07:53:03.376 1491 1760 I GameModeConfig: isGameModeOn = false
11-29 07:53:03.376 1491 1760 I GameModeConfig: isGameModeOn = false
11-29 07:53:03.376 1491 1760 I GameModeConfig: isGameModeOn = false
11-29 07:53:03.376 1491 1760 I GameModeConfig: isGameModeOn = false
11-29 07:53:03.376 1491 1760 I GameModeConfig: isGameModeOn = false
11-29 07:53:03.376 1491 1760 I GameModeConfig: isGameModeOn = false
11-29 07:53:03.377 1491 1760 I GameModeConfig: isGameModeOn = false
11-29 07:53:03.377 1491 1760 I GameModeConfig: isGameModeOn = false
11-29 07:53:03.377 1491 1491 I GameModeConfig: isGameModeOn = false
11-29 07:53:03.378 1491 1491 E NotificationService: Muting recently noisy 0|com.android.systemui|2048|null|10082
11-29 07:53:03.378 30912 30912 I sysui_multi_action: [757,111,758,2]
11-29 07:53:03.378 30912 30912 I sysui_multi_action: [757,111,758,2]
11-29 07:53:03.379 1491 1491 I notification_enqueue: [10082,30912,com.android.systemui,2048,NULL,0,Notification(channel=updateNotification shortcut=null contentView=null vibrate=null sound=null defaults=0x0 flags=0x0 color=0x00000000 vis=PRIVATE),1]
11-29 07:53:03.381 30912 30912 I sysui_multi_action: [757,111,758,1]
11-29 07:53:03.381 30912 30912 I sysui_multi_action: [757,126,758,1,759,126,927,0,928,1,1593,1]
11-29 07:53:03.381 30912 30912 I sysui_multi_action: [757,113,758,1,759,113,927,1,928,1,1593,1]
11-29 07:53:03.382 30912 30912 I sysui_multi_action: [757,0,758,1,759,0,927,2,928,0,1593,1]
11-29 07:53:03.382 30912 30912 I sysui_multi_action: [757,0,758,1,759,0,927,3,928,0,1593,1]
11-29 07:53:03.382 30912 30912 I sysui_multi_action: [757,491,758,1,759,491,927,4,928,0,1311,-1,1593,0]
11-29 07:53:03.382 30912 30912 I sysui_multi_action: [757,0,758,1,759,0,927,5,928,0,1593,0]
11-29 07:53:03.382 30912 30912 I sysui_multi_action: [757,111,758,1]
11-29 07:53:03.382 30912 30912 I sysui_multi_action: [757,126,758,1,759,126,927,0,928,1,1593,1]
11-29 07:53:03.382 30912 30912 I sysui_multi_action: [757,113,758,1,759,113,927,1,928,1,1593,1]
11-29 07:53:03.382 30912 30912 I sysui_multi_action: [757,0,758,1,759,0,927,2,928,0,1593,1]
11-29 07:53:03.382 30912 30912 I sysui_multi_action: [757,0,758,1,759,0,927,3,928,0,1593,1]
11-29 07:53:03.389 1491 1491 I GameModeConfig: isGameModeOn = false
11-29 07:53:03.389 1491 1491 E NotificationService: Muting recently noisy 0|com.android.systemui|2048|null|10082
11-29 07:53:03.392 1491 1760 I GameModeConfig: isGameModeOn = false
11-29 07:53:03.393 1491 1760 I GameModeConfig: isGameModeOn = false
11-29 07:53:03.393 1491 1760 I GameModeConfig: isGameModeOn = false
11-29 07:53:03.394 1491 1760 I GameModeConfig: isGameModeOn = false
11-29 07:53:03.394 1491 1760 I GameModeConfig: isGameModeOn = false
11-29 07:53:03.394 1491 1760 I GameModeConfig: isGameModeOn = false
11-29 07:53:03.394 1491 1760 I GameModeConfig: isGameModeOn = false
11-29 07:53:03.394 1491 1760 I GameModeConfig: isGameModeOn = false
11-29 07:53:03.395 30912 30912 I sysui_multi_action: [757,111,758,2]
11-29 07:53:03.395 30912 30912 I sysui_multi_action: [757,111,758,2]
11-29 07:53:03.395 1491 1491 I notification_enqueue: [10082,30912,com.android.systemui,2048,NULL,0,Notification(channel=updateNotification shortcut=null contentView=null vibrate=null sound=null defaults=0x0 flags=0x0 color=0x00000000 vis=PRIVATE),1]
11-29 07:53:03.397 30912 30912 I sysui_multi_action: [757,111,758,1]
11-29 07:53:03.398 30912 30912 I sysui_multi_action: [757,126,758,1,759,126,927,0,928,1,1593,1]
11-29 07:53:03.398 30912 30912 I sysui_multi_action: [757,113,758,1,759,113,927,1,928,1,1593,1]
11-29 07:53:03.398 30912 30912 I sysui_multi_action: [757,0,758,1,759,0,927,2,928,0,1593,1]
11-29 07:53:03.398 30912 30912 I sysui_multi_action: [757,0,758,1,759,0,927,3,928,0,1593,1]
11-29 07:53:03.398 30912 30912 I sysui_multi_action: [757,491,758,1,759,491,927,4,928,0,1311,-1,1593,0]
11-29 07:53:03.398 30912 30912 I sysui_multi_action: [757,0,758,1,759,0,927,5,928,0,1593,0]
11-29 07:53:03.398 30912 30912 I sysui_multi_action: [757,111,758,1]
11-29 07:53:03.398 30912 30912 I sysui_multi_action: [757,126,758,1,759,126,927,0,928,1,1593,1]
11-29 07:53:03.398 30912 30912 I sysui_multi_action: [757,113,758,1,759,113,927,1,928,1,1593,1]
11-29 07:53:03.398 30912 30912 I sysui_multi_action: [757,0,758,1,759,0,927,2,928,0,1593,1]
11-29 07:53:03.398 30912 30912 I sysui_multi_action: [757,0,758,1,759,0,927,3,928,0,1593,1]
11-29 07:53:03.405 1491 1491 I GameModeConfig: isGameModeOn = false
11-29 07:53:03.405 1491 1491 E NotificationService: Muting recently noisy 0|com.android.systemui|2048|null|10082
11-29 07:53:03.409 1491 1760 I GameModeConfig: isGameModeOn = false
11-29 07:53:03.410 1491 1760 I GameModeConfig: isGameModeOn = false
11-29 07:53:03.410 1491 1760 I GameModeConfig: isGameModeOn = false
11-29 07:53:03.410 1491 1760 I GameModeConfig: isGameModeOn = false
11-29 07:53:03.410 1491 1760 I GameModeConfig: isGameModeOn = false
11-29 07:53:03.410 1491 1760 I GameModeConfig: isGameModeOn = false
11-29 07:53:03.411 1491 1760 I GameModeConfig: isGameModeOn = false
11-29 07:53:03.411 1491 1760 I GameModeConfig: isGameModeOn = false
11-29 07:53:03.412 30912 30912 I sysui_multi_action: [757,111,758,2]
11-29 07:53:03.412 30912 30912 I sysui_multi_action: [757,111,758,2]
11-29 07:53:03.412 1491 1491 I GameModeConfig: isGameModeOn = false
11-29 07:53:03.413 1491 1491 E NotificationService: Muting recently noisy 0|com.android.systemui|2048|null|10082
11-29 07:53:03.414 1491 1491 I notification_enqueue: [10082,30912,com.android.systemui,2048,NULL,0,Notification(channel=updateNotification shortcut=null contentView=null vibrate=null sound=null defaults=0x0 flags=0x0 color=0x00000000 vis=PRIVATE),1]
11-29 07:53:03.414 30912 30912 I sysui_multi_action: [757,111,758,1]
11-29 07:53:03.414 30912 30912 I sysui_multi_action: [757,126,758,1,759,126,927,0,928,1,1593,1]
11-29 07:53:03.414 30912 30912 I sysui_multi_action: [757,113,758,1,759,113,927,1,928,1,1593,1]
11-29 07:53:03.414 30912 30912 I sysui_multi_action: [757,0,758,1,759,0,927,2,928,0,1593,1]
11-29 07:53:03.414 30912 30912 I sysui_multi_action: [757,0,758,1,759,0,927,3,928,0,1593,1]
11-29 07:53:03.414 30912 30912 I sysui_multi_action: [757,491,758,1,759,491,927,4,928,0,1311,-1,1593,0]
11-29 07:53:03.414 30912 30912 I sysui_multi_action: [757,0,758,1,759,0,927,5,928,0,1593,0]
11-29 07:53:03.414 30912 30912 I sysui_multi_action: [757,111,758,1]
11-29 07:53:03.415 30912 30912 I sysui_multi_action: [757,126,758,1,759,126,927,0,928,1,1593,1]
11-29 07:53:03.415 30912 30912 I sysui_multi_action: [757,113,758,1,759,113,927,1,928,1,1593,1]
11-29 07:53:03.415 30912 30912 I sysui_multi_action: [757,0,758,1,759,0,927,2,928,0,1593,1]
11-29 07:53:03.415 30912 30912 I sysui_multi_action: [757,0,758,1,759,0,927,3,928,0,1593,1]
11-29 07:53:03.426 1491 1760 I GameModeConfig: isGameModeOn = false
11-29 07:53:03.426 1491 1760 I GameModeConfig: isGameModeOn = false
11-29 07:53:03.426 1491 1760 I GameModeConfig: isGameModeOn = false
11-29 07:53:03.426 1491 1760 I GameModeConfig: isGameModeOn = false
11-29 07:53:03.426 1491 1760 I GameModeConfig: isGameModeOn = false
11-29 07:53:03.426 1491 1760 I GameModeConfig: isGameModeOn = false
11-29 07:53:03.427 1491 1760 I GameModeConfig: isGameModeOn = false
11-29 07:53:03.427 1491 1760 I GameModeConfig: isGameModeOn = false
11-29 07:53:03.428 30912 30912 I sysui_multi_action: [757,111,758,2]
11-29 07:53:03.428 30912 30912 I sysui_multi_action: [757,111,758,2]
11-29 07:53:03.428 1491 1491 I notification_enqueue: [10082,30912,com.android.systemui,2048,NULL,0,Notification(channel=updateNotification shortcut=null contentView=null vibrate=null sound=null defaults=0x0 flags=0x0 color=0x00000000 vis=PRIVATE),1]
11-29 07:53:03.430 1491 1491 I GameModeConfig: isGameModeOn = false
11-29 07:53:03.430 30912 30912 I sysui_multi_action: [757,111,758,1]
11-29 07:53:03.430 30912 30912 I sysui_multi_action: [757,126,758,1,759,126,927,0,928,1,1593,1]
11-29 07:53:03.430 30912 30912 I sysui_multi_action: [757,113,758,1,759,113,927,1,928,1,1593,1]
11-29 07:53:03.430 30912 30912 I sysui_multi_action: [757,0,758,1,759,0,927,2,928,0,1593,1]
11-29 07:53:03.430 30912 30912 I sysui_multi_action: [757,0,758,1,759,0,927,3,928,0,1593,1]
11-29 07:53:03.430 1491 1491 E NotificationService: Muting recently noisy 0|com.android.systemui|2048|null|10082
11-29 07:53:03.431 30912 30912 I sysui_multi_action: [757,491,758,1,759,491,927,4,928,0,1311,-1,1593,0]
11-29 07:53:03.431 30912 30912 I sysui_multi_action: [757,0,758,1,759,0,927,5,928,0,1593,0]
11-29 07:53:03.431 30912 30912 I sysui_multi_action: [757,111,758,1]
11-29 07:53:03.431 30912 30912 I sysui_multi_action: [757,126,758,1,759,126,927,0,928,1,1593,1]
11-29 07:53:03.431 30912 30912 I sysui_multi_action: [757,113,758,1,759,113,927,1,928,1,1593,1]
11-29 07:53:03.431 30912 30912 I sysui_multi_action: [757,0,758,1,759,0,927,2,928,0,1593,1]
11-29 07:53:03.431 30912 30912 I sysui_multi_action: [757,0,758,1,759,0,927,3,928,0,1593,1]
11-29 07:53:03.443 1491 1760 I GameModeConfig: isGameModeOn = false
11-29 07:53:03.443 1491 1760 I GameModeConfig: isGameModeOn = false
11-29 07:53:03.443 1491 1760 I GameModeConfig: isGameModeOn = false
11-29 07:53:03.443 1491 1760 I GameModeConfig: isGameModeOn = false
11-29 07:53:03.444 1491 1760 I GameModeConfig: isGameModeOn = false
11-29 07:53:03.444 1491 1760 I GameModeConfig: isGameModeOn = false
11-29 07:53:03.444 1491 1760 I GameModeConfig: isGameModeOn = false
11-29 07:53:03.444 1491 1760 I GameModeConfig: isGameModeOn = false
11-29 07:53:03.445 30912 30912 I sysui_multi_action: [757,111,758,2]
11-29 07:53:03.445 30912 30912 I sysui_multi_action: [757,111,758,2]
11-29 07:53:03.445 1491 1491 I notification_enqueue: [10082,30912,com.android.systemui,2048,NULL,0,Notification(channel=updateNotification shortcut=null contentView=null vibrate=null sound=null defaults=0x0 flags=0x0 color=0x00000000 vis=PRIVATE),1]
11-29 07:53:03.446 1491 1491 I GameModeConfig: isGameModeOn = false
11-29 07:53:03.446 1491 1491 E NotificationService: Muting recently noisy 0|com.android.systemui|2048|null|10082
11-29 07:53:03.447 30912 30912 I sysui_multi_action: [757,111,758,1]
11-29 07:53:03.447 30912 30912 I sysui_multi_action: [757,126,758,1,759,126,927,0,928,1,1593,1]
11-29 07:53:03.447 30912 30912 I sysui_multi_action: [757,113,758,1,759,113,927,1,928,1,1593,1]
11-29 07:53:03.447 30912 30912 I sysui_multi_action: [757,0,758,1,759,0,927,2,928,0,1593,1]
11-29 07:53:03.447 30912 30912 I sysui_multi_action: [757,0,758,1,759,0,927,3,928,0,1593,1]
11-29 07:53:03.448 30912 30912 I sysui_multi_action: [757,491,758,1,759,491,927,4,928,0,1311,-1,1593,0]
11-29 07:53:03.448 30912 30912 I sysui_multi_action: [757,0,758,1,759,0,927,5,928,0,1593,0]
11-29 07:53:03.448 30912 30912 I sysui_multi_action: [757,111,758,1]
11-29 07:53:03.448 30912 30912 I sysui_multi_action: [757,126,758,1,759,126,927,0,928,1,1593,1]
11-29 07:53:03.448 30912 30912 I sysui_multi_action: [757,113,758,1,759,113,927,1,928,1,1593,1]
11-29 07:53:03.448 30912 30912 I sysui_multi_action: [757,0,758,1,759,0,927,2,928,0,1593,1]
11-29 07:53:03.448 30912 30912 I sysui_multi_action: [757,0,758,1,759,0,927,3,928,0,1593,1]
11-29 07:53:03.459 1491 1760 I GameModeConfig: isGameModeOn = false
11-29 07:53:03.460 1491 1760 I GameModeConfig: isGameModeOn = false
11-29 07:53:03.460 1491 1760 I GameModeConfig: isGameModeOn = false
11-29 07:53:03.460 1491 1760 I GameModeConfig: isGameModeOn = false
11-29 07:53:03.460 1491 1760 I GameModeConfig: isGameModeOn = false
11-29 07:53:03.460 1491 1760 I GameModeConfig: isGameModeOn = false
11-29 07:53:03.460 1491 1760 I GameModeConfig: isGameModeOn = false
11-29 07:53:03.460 1491 1760 I GameModeConfig: isGameModeOn = false
11-29 07:53:03.461 30912 30912 I sysui_multi_action: [757,111,758,2]
11-29 07:53:03.461 30912 30912 I sysui_multi_action: [757,111,758,2]
11-29 07:53:03.461 1491 1491 I notification_enqueue: [10082,30912,com.android.systemui,2048,NULL,0,Notification(channel=updateNotification shortcut=null contentView=null vibrate=null sound=null defaults=0x0 flags=0x0 color=0x00000000 vis=PRIVATE),1]
11-29 07:53:03.463 1491 1491 I GameModeConfig: isGameModeOn = false
11-29 07:53:03.464 1491 1491 E NotificationService: Muting recently noisy 0|com.android.systemui|2048|null|10082
11-29 07:53:03.472 30912 30912 I sysui_multi_action: [757,111,758,1]
11-29 07:53:03.472 30912 30912 I sysui_multi_action: [757,126,758,1,759,126,927,0,928,1,1593,1]
11-29 07:53:03.472 30912 30912 I sysui_multi_action: [757,113,758,1,759,113,927,1,928,1,1593,1]
11-29 07:53:03.472 30912 30912 I sysui_multi_action: [757,0,758,1,759,0,927,2,928,0,1593,1]
11-29 07:53:03.472 30912 30912 I sysui_multi_action: [757,0,758,1,759,0,927,3,928,0,1593,1]
11-29 07:53:03.472 30912 30912 I sysui_multi_action: [757,491,758,1,759,491,927,4,928,0,1311,-1,1593,0]
11-29 07:53:03.472 30912 30912 I sysui_multi_action: [757,0,758,1,759,0,927,5,928,0,1593,0]
11-29 07:53:03.472 30912 30912 I sysui_multi_action: [757,111,758,1]
11-29 07:53:03.472 30912 30912 I sysui_multi_action: [757,126,758,1,759,126,927,0,928,1,1593,1]
11-29 07:53:03.472 30912 30912 I sysui_multi_action: [757,113,758,1,759,113,927,1,928,1,1593,1]
11-29 07:53:03.472 30912 30912 I sysui_multi_action: [757,0,758,1,759,0,927,2,928,0,1593,1]
11-29 07:53:03.472 30912 30912 I sysui_multi_action: [757,0,758,1,759,0,927,3,928,0,1593,1]
11-29 07:53:03.480 1491 1760 I GameModeConfig: isGameModeOn = false
11-29 07:53:03.480 1491 1760 I GameModeConfig: isGameModeOn = false
11-29 07:53:03.480 1491 1760 I GameModeConfig: isGameModeOn = false
11-29 07:53:03.481 1491 1760 I GameModeConfig: isGameModeOn = false
11-29 07:53:03.481 1491 1760 I GameModeConfig: isGameModeOn = false
11-29 07:53:03.481 1491 1760 I GameModeConfig: isGameModeOn = false
11-29 07:53:03.481 1491 1760 I GameModeConfig: isGameModeOn = false
11-29 07:53:03.481 1491 1760 I GameModeConfig: isGameModeOn = false
11-29 07:53:03.481 30912 30912 I sysui_multi_action: [757,111,758,2]
11-29 07:53:03.481 30912 30912 I sysui_multi_action: [757,111,758,2]
11-29 07:53:03.483 1491 1491 I GameModeConfig: isGameModeOn = false
11-29 07:53:03.488 1491 1491 E NotificationService: Muting recently noisy 0|com.android.systemui|2048|null|10082
11-29 07:53:03.490 1491 1491 I notification_enqueue: [10082,30912,com.android.systemui,2048,NULL,0,Notification(channel=updateNotification shortcut=null contentView=null vibrate=null sound=null defaults=0x0 flags=0x0 color=0x00000000 vis=PRIVATE),1]
11-29 07:53:03.491 30912 30912 I sysui_multi_action: [757,111,758,1]
11-29 07:53:03.492 30912 30912 I sysui_multi_action: [757,126,758,1,759,126,927,0,928,1,1593,1]
11-29 07:53:03.492 30912 30912 I sysui_multi_action: [757,113,758,1,759,113,927,1,928,1,1593,1]
11-29 07:53:03.492 30912 30912 I sysui_multi_action: [757,0,758,1,759,0,927,2,928,0,1593,1]
11-29 07:53:03.492 30912 30912 I sysui_multi_action: [757,0,758,1,759,0,927,3,928,0,1593,1]
11-29 07:53:03.492 30912 30912 I sysui_multi_action: [757,491,758,1,759,491,927,4,928,0,1311,-1,1593,0]
11-29 07:53:03.492 30912 30912 I sysui_multi_action: [757,0,758,1,759,0,927,5,928,0,1593,0]
11-29 07:53:03.492 30912 30912 I sysui_multi_action: [757,111,758,1]
11-29 07:53:03.492 30912 30912 I sysui_multi_action: [757,126,758,1,759,126,927,0,928,1,1593,1]
11-29 07:53:03.492 30912 30912 I sysui_multi_action: [757,113,758,1,759,113,927,1,928,1,1593,1]
11-29 07:53:03.492 30912 30912 I sysui_multi_action: [757,0,758,1,759,0,927,2,928,0,1593,1]
11-29 07:53:03.492 30912 30912 I sysui_multi_action: [757,0,758,1,759,0,927,3,928,0,1593,1]
11-29 07:53:03.498 1491 1491 I GameModeConfig: isGameModeOn = false
11-29 07:53:03.498 1491 1491 E NotificationService: Muting recently noisy 0|com.android.systemui|2048|null|10082
11-29 07:53:03.512 1491 1491 I GameModeConfig: isGameModeOn = false
11-29 07:53:03.513 1491 1491 E NotificationService: Muting recently noisy 0|com.android.systemui|2048|null|10082
11-29 07:53:03.529 1491 1491 I GameModeConfig: isGameModeOn = false
11-29 07:53:03.529 1491 1491 E NotificationService: Muting recently noisy 0|com.android.systemui|2048|null|10082
11-29 07:53:03.547 1491 1491 I GameModeConfig: isGameModeOn = false
11-29 07:53:03.547 1491 1491 E NotificationService: Muting recently noisy 0|com.android.systemui|2048|null|10082
11-29 07:53:03.567 1491 1491 I GameModeConfig: isGameModeOn = false
11-29 07:53:03.568 1491 1491 E NotificationService: Muting recently noisy 0|com.android.systemui|2048|null|10082
11-29 07:53:03.580 1491 1491 I GameModeConfig: isGameModeOn = false
11-29 07:53:03.581 1491 1491 E NotificationService: Muting recently noisy 0|com.android.systemui|2048|null|10082
11-29 07:53:03.597 1491 1491 I GameModeConfig: isGameModeOn = false
11-29 07:53:03.597 1491 1491 E NotificationService: Muting recently noisy 0|com.android.systemui|2048|null|10082
11-29 07:53:03.616 1491 1491 I GameModeConfig: isGameModeOn = false
11-29 07:53:03.617 1491 1491 E NotificationService: Muting recently noisy 0|com.android.systemui|2048|null|10082
11-29 07:53:03.630 1491 1491 I GameModeConfig: isGameModeOn = false
11-29 07:53:03.631 1491 1491 E NotificationService: Muting recently noisy 0|com.android.systemui|2048|null|10082
11-29 07:53:03.646 1491 1491 I GameModeConfig: isGameModeOn = false
11-29 07:53:03.647 1491 1491 E NotificationService: Muting recently noisy 0|com.android.systemui|2048|null|10082
11-29 07:53:03.662 1491 1491 I GameModeConfig: isGameModeOn = false
11-29 07:53:03.663 1491 1491 E NotificationService: Muting recently noisy 0|com.android.systemui|2048|null|10082
11-29 07:53:03.694 1491 1491 I GameModeConfig: isGameModeOn = false
11-29 07:53:03.694 1491 1491 E NotificationService: Muting recently noisy 0|com.android.systemui|2048|null|10082
11-29 07:53:04.079 0 0 I auditd : type=1400 audit(0.0:19157): avc: denied { kill } for comm="swapper/0" capability=5 scontext=u:r:kernel:s0 tcontext=u:r:kernel:s0 tclass=capability permissive=0
11-29 07:53:05.079 0 0 I auditd : type=1400 audit(0.0:19158): avc: denied { kill } for comm="swapper/0" capability=5 scontext=u:r:kernel:s0 tcontext=u:r:kernel:s0 tclass=capability permissive=0
11-29 07:53:06.242 1491 1760 I GameModeConfig: isGameModeOn = false
11-29 07:53:06.257 1491 1760 I GameModeConfig: isGameModeOn = false
11-29 07:53:06.281 1491 1760 I GameModeConfig: isGameModeOn = false
11-29 07:53:07.079 0 0 I auditd : type=1400 audit(0.0:19159): avc: denied { kill } for comm="swapper/0" capability=5 scontext=u:r:kernel:s0 tcontext=u:r:kernel:s0 tclass=capability permissive=0
11-29 07:53:08.079 0 0 I auditd : type=1400 audit(0.0:19160): avc: denied { kill } for comm="swapper/0" capability=5 scontext=u:r:kernel:s0 tcontext=u:r:kernel:s0 tclass=capability permissive=0
11-29 07:53:08.225 1491 1760 I GameModeConfig: isGameModeOn = false
11-29 07:53:08.448 1491 1760 I GameModeConfig: isGameModeOn = false
11-29 07:53:08.471 1491 1760 I GameModeConfig: isGameModeOn = false
11-29 07:53:08.493 1491 1760 I GameModeConfig: isGameModeOn = false
11-29 07:53:08.511 1491 1760 I GameModeConfig: isGameModeOn = false
11-29 07:53:08.522 1491 1760 I GameModeConfig: isGameModeOn = false
11-29 07:53:08.542 1491 1760 I GameModeConfig: isGameModeOn = false
11-29 07:53:08.555 1491 1760 I GameModeConfig: isGameModeOn = false
11-29 07:53:08.567 1491 1760 I GameModeConfig: isGameModeOn = false
11-29 07:53:08.585 1491 1760 I GameModeConfig: isGameModeOn = false
11-29 07:53:08.607 1491 1760 I GameModeConfig: isGameModeOn = false
11-29 07:53:08.619 1491 1760 I GameModeConfig: isGameModeOn = false
11-29 07:53:08.634 1491 1760 I GameModeConfig: isGameModeOn = false
11-29 07:53:08.660 1491 1760 I GameModeConfig: isGameModeOn = false
11-29 07:53:08.667 1491 1760 I GameModeConfig: isGameModeOn = false
11-29 07:53:08.679 1491 1760 I GameModeConfig: isGameModeOn = false
11-29 07:53:08.683 1491 1760 I GameModeConfig: isGameModeOn = false
11-29 07:53:08.701 1491 1760 I GameModeConfig: isGameModeOn = false
11-29 07:53:08.702 1491 1760 I GameModeConfig: isGameModeOn = false
11-29 07:53:08.715 1491 1760 I GameModeConfig: isGameModeOn = false
11-29 07:53:08.725 1491 1760 I GameModeConfig: isGameModeOn = false
11-29 07:53:08.731 1491 1760 I GameModeConfig: isGameModeOn = false
11-29 07:53:08.737 1491 1760 I GameModeConfig: isGameModeOn = false
11-29 07:53:08.758 1491 1760 I GameModeConfig: isGameModeOn = false
11-29 07:53:08.771 1491 1760 I GameModeConfig: isGameModeOn = false
11-29 07:53:08.795 1491 1760 I GameModeConfig: isGameModeOn = false
11-29 07:53:08.806 1491 1760 I GameModeConfig: isGameModeOn = false
11-29 07:53:08.829 1491 1760 I GameModeConfig: isGameModeOn = false
11-29 07:53:08.839 1491 1760 I GameModeConfig: isGameModeOn = false
11-29 07:53:08.856 1491 1760 I GameModeConfig: isGameModeOn = false
11-29 07:53:08.870 1491 1760 I GameModeConfig: isGameModeOn = false
11-29 07:53:08.890 1491 1760 I GameModeConfig: isGameModeOn = false
11-29 07:53:08.906 1491 1760 I GameModeConfig: isGameModeOn = false
11-29 07:53:08.935 1491 1760 I GameModeConfig: isGameModeOn = false
11-29 07:53:09.079 0 0 I auditd : type=1400 audit(0.0:19161): avc: denied { kill } for comm="swapper/0" capability=5 scontext=u:r:kernel:s0 tcontext=u:r:kernel:s0 tclass=capability permissive=0
11-29 07:53:09.682 1491 1760 I GameModeConfig: isGameModeOn = false
11-29 07:53:09.694 1491 1760 I GameModeConfig: isGameModeOn = false
11-29 07:53:09.742 1491 1760 I GameModeConfig: isGameModeOn = false
11-29 07:53:10.079 0 0 I auditd : type=1400 audit(0.0:19162): avc: denied { kill } for comm="swapper/0" capability=5 scontext=u:r:kernel:s0 tcontext=u:r:kernel:s0 tclass=capability permissive=0
11-29 07:53:10.298 1491 1760 I GameModeConfig: isGameModeOn = false
11-29 07:53:10.321 1491 1760 I GameModeConfig: isGameModeOn = false
11-29 07:53:10.340 1491 1760 I GameModeConfig: isGameModeOn = false
11-29 07:53:10.357 1491 1760 I GameModeConfig: isGameModeOn = false
11-29 07:53:10.387 1491 1760 I GameModeConfig: isGameModeOn = false
11-29 07:53:10.405 1491 1760 I GameModeConfig: isGameModeOn = false
11-29 07:53:10.425 1491 1760 I GameModeConfig: isGameModeOn = false
11-29 07:53:10.451 1491 1760 I GameModeConfig: isGameModeOn = false
11-29 07:53:10.483 1491 1760 I GameModeConfig: isGameModeOn = false
11-29 07:53:10.500 1491 1760 I GameModeConfig: isGameModeOn = false
11-29 07:53:10.528 1491 1760 I GameModeConfig: isGameModeOn = false
11-29 07:53:10.541 1491 1760 I GameModeConfig: isGameModeOn = false
11-29 07:53:10.565 1491 1760 I GameModeConfig: isGameModeOn = false
11-29 07:53:10.591 1491 1760 I GameModeConfig: isGameModeOn = false
11-29 07:53:10.611 1491 1760 I GameModeConfig: isGameModeOn = false
11-29 07:53:10.631 1491 1760 I GameModeConfig: isGameModeOn = false
11-29 07:53:10.656 1491 1760 I GameModeConfig: isGameModeOn = false
11-29 07:53:10.678 1491 1760 I GameModeConfig: isGameModeOn = false
11-29 07:53:11.079 0 0 I auditd : type=1400 audit(0.0:19163): avc: denied { kill } for comm="swapper/0" capability=5 scontext=u:r:kernel:s0 tcontext=u:r:kernel:s0 tclass=capability permissive=0
11-29 07:53:12.079 0 0 I auditd : type=1400 audit(0.0:19164): avc: denied { kill } for comm="swapper/0" capability=5 scontext=u:r:kernel:s0 tcontext=u:r:kernel:s0 tclass=capability permissive=0
11-29 07:53:12.693 1491 1693 I input_interaction: Interaction with: 692e614 com.android.music/com.android.music.MusicBrowserActivity (server), edge-swipe (server), swipe-up (server), PointerEventDispatcher0 (server),
11-29 07:53:12.710 1491 9315 I wm_task_moved: [32,0,0]
11-29 07:53:12.711 1491 9315 I wm_task_moved: [32,0,8]
11-29 07:53:12.718 9956 9956 I wm_on_restart_called: [254362067,com.android.launcher3.uioverrides.QuickstepLauncher,performRestartActivity]
11-29 07:53:12.718 1900 1900 I view_enqueue_input_event: [Motion - Cancel,com.android.music/com.android.music.MusicBrowserActivity]
11-29 07:53:12.719 1491 1693 I input_interaction: Interaction with: edge-swipe (server), swipe-up (server), PointerEventDispatcher0 (server),
11-29 07:53:12.743 16043 16059 W ContextImpl: Calling a method in the system process without a qualified user: android.app.ContextImpl.startService:1816 android.content.ContextWrapper.startService:774 com.thundercomm.gamemode.ingame.services.GameModeActionUtils.startGameModeService:93 com.thundercomm.gamemode.ingame.services.GameModeActionUtils.startGameModeEntry:21 com.thundercomm.gamemode.ingame.services.ActivityMonitoringService$1.onActivityLaunch:127
11-29 07:53:12.748 1491 1491 I GameModeConfig: Current uri is uri = content://com.thundercomm.gamemode.api/gamemode_settings/gamemode_isgaming
11-29 07:53:12.750 9956 9956 I wm_on_start_called: [254362067,com.android.launcher3.uioverrides.QuickstepLauncher,handleStartActivity]
11-29 07:53:12.751 1491 1600 I input_focus: [Focus request recents_animation_input_consumer,reason=UpdateInputWindows]
11-29 07:53:12.753 1491 1491 I GameModeConfig: isGameModeOn = false
11-29 07:53:12.754 1491 1491 I GameModeConfig: isGameModeOn = false
11-29 07:53:12.754 1491 1491 I GameModeConfig: isDisableVoice = true
11-29 07:53:12.759 9956 9956 I sysui_latency: [1,67]
11-29 07:53:12.769 1491 1693 I input_focus: [Focus leaving 692e614 com.android.music/com.android.music.MusicBrowserActivity (server),reason=NOT_FOCUSABLE]
11-29 07:53:12.770 1491 1693 I input_focus: [Focus entering recents_animation_input_consumer (server),reason=setFocusedWindow]
11-29 07:53:12.770 1491 1772 W ActivityTaskManager: getTaskSnapshot: taskId=2217 not found
11-29 07:53:12.771 1491 2058 W ActivityTaskManager: getTaskSnapshot: taskId=1217 not found
11-29 07:53:12.772 1491 1596 I sysui_multi_action: [319,11,322,54,325,16771,757,761,758,9,759,5,806,com.android.launcher3,871,com.android.launcher3.uioverrides.QuickstepLauncher,905,0,1320,8,1321,5]
11-29 07:53:12.963 1491 1673 I commit_sys_config_file: [settings-1-0,15]
11-29 07:53:13.067 1491 1607 I sysui_latency: [8,68]
11-29 07:53:13.079 353 353 I auditd : type=1400 audit(0.0:19165): avc: denied { kill } for comm="irq/382-atmel_m" capability=5 scontext=u:r:kernel:s0 tcontext=u:r:kernel:s0 tclass=capability permissive=0
11-29 07:53:13.134 1491 1760 I GameModeConfig: isGameModeOn = false
11-29 07:53:13.150 1491 1760 I GameModeConfig: isGameModeOn = false
11-29 07:53:13.172 1491 1760 I GameModeConfig: isGameModeOn = false
11-29 07:53:13.185 1491 1760 I GameModeConfig: isGameModeOn = false
11-29 07:53:13.199 1491 1760 I GameModeConfig: isGameModeOn = false
11-29 07:53:13.213 1491 1760 I GameModeConfig: isGameModeOn = false
11-29 07:53:13.226 1491 1760 I GameModeConfig: isGameModeOn = false
11-29 07:53:13.243 1491 1760 I GameModeConfig: isGameModeOn = false
11-29 07:53:13.259 1491 1760 I GameModeConfig: isGameModeOn = false
11-29 07:53:13.280 1491 1760 I GameModeConfig: isGameModeOn = false
11-29 07:53:13.292 1491 1760 I GameModeConfig: isGameModeOn = false
11-29 07:53:13.311 1491 1760 I GameModeConfig: isGameModeOn = false
11-29 07:53:13.326 1491 1760 I GameModeConfig: isGameModeOn = false
11-29 07:53:13.330 1491 1760 I GameModeConfig: isGameModeOn = false
11-29 07:53:13.355 1491 1760 I GameModeConfig: isGameModeOn = false
11-29 07:53:13.360 1491 1760 I GameModeConfig: isGameModeOn = false
11-29 07:53:13.360 1491 1760 I GameModeConfig: isGameModeOn = false
11-29 07:53:13.376 1491 1760 I GameModeConfig: isGameModeOn = false
11-29 07:53:13.378 1491 1760 I GameModeConfig: isGameModeOn = false
11-29 07:53:13.390 1491 1760 I GameModeConfig: isGameModeOn = false
11-29 07:53:13.394 1491 1760 I GameModeConfig: isGameModeOn = false
11-29 07:53:13.398 1491 1693 I input_interaction: Interaction with: recents_animation_input_consumer (server), edge-swipe (server), swipe-up (server), PointerEventDispatcher0 (server),
11-29 07:53:13.408 1491 1760 I GameModeConfig: isGameModeOn = false
11-29 07:53:13.410 1491 1760 I GameModeConfig: isGameModeOn = false
11-29 07:53:13.418 1491 1760 I GameModeConfig: isGameModeOn = false
11-29 07:53:13.425 1491 1760 I GameModeConfig: isGameModeOn = false
11-29 07:53:13.429 1491 10067 I sysui_multi_action: [757,127,758,1]
11-29 07:53:13.429 1491 10067 I sysui_multi_action: [757,804,799,note_load,801,2,802,1]
11-29 07:53:13.429 1491 10067 I notification_panel_revealed: 2
11-29 07:53:13.432 1491 1760 I GameModeConfig: isGameModeOn = false
11-29 07:53:13.434 1491 2058 I wm_task_moved: [32,1,9]
11-29 07:53:13.434 1491 2058 I wm_task_moved: [41,1,2147483647]
11-29 07:53:13.434 1491 2058 I wm_task_to_front: [0,41]
11-29 07:53:13.434 1491 2058 I wm_focused_root_task: [0,0,32,243,RecentsAnimation.onAnimationFinished()]
11-29 07:53:13.435 1491 2058 I wm_set_resumed_activity: [0,com.android.launcher3/.uioverrides.QuickstepLauncher,RecentsAnimation.onAnimationFinished()]
11-29 07:53:13.435 1900 1900 I wm_on_top_resumed_lost_called: [219223401,com.android.music.MusicBrowserActivity,topStateChangedWhenResumed]
11-29 07:53:13.436 1491 2058 I wm_pause_activity: [0,219223401,com.android.music/.MusicBrowserActivity,userLeaving=true,pauseBackTasks]
11-29 07:53:13.436 1491 2058 I wm_add_to_stopping: [0,219223401,com.android.music/.MusicBrowserActivity,makeInvisible]
11-29 07:53:13.436 1491 2058 I ActivityTaskManager: FOREGROUND_APPLICATION_CHANGED to com.android.launcher3.uioverrides.QuickstepLauncher
11-29 07:53:13.437 1491 2058 I wm_set_resumed_activity: [0,com.android.launcher3/.uioverrides.QuickstepLauncher,resumeTopActivityInnerLocked]
11-29 07:53:13.438 1491 2058 I wm_resume_activity: [0,254362067,41,com.android.launcher3/.uioverrides.QuickstepLauncher]
11-29 07:53:13.439 9956 9956 I wm_on_resume_called: [254362067,com.android.launcher3.uioverrides.QuickstepLauncher,RESUME_ACTIVITY]
11-29 07:53:13.444 1491 1760 I GameModeConfig: isGameModeOn = false
11-29 07:53:13.446 1491 1600 I input_focus: [Focus request cd0514f com.android.launcher3/com.android.launcher3.uioverrides.QuickstepLauncher,reason=UpdateInputWindows]
11-29 07:53:13.447 1491 1760 I GameModeConfig: isGameModeOn = false
11-29 07:53:13.453 1900 1900 I wm_on_paused_called: [219223401,com.android.music.MusicBrowserActivity,performPause]
11-29 07:53:13.454 9956 9956 I wm_on_top_resumed_gained_called: [254362067,com.android.launcher3.uioverrides.QuickstepLauncher,topStateChangedWhenResumed]
11-29 07:53:13.462 1491 1693 I input_focus: [Focus leaving recents_animation_input_consumer (server),reason=NOT_VISIBLE]
11-29 07:53:13.462 1491 1693 I input_focus: [Focus entering cd0514f com.android.launcher3/com.android.launcher3.uioverrides.QuickstepLauncher (server),reason=setFocusedWindow]
11-29 07:53:13.464 1491 1600 I input_focus: [Focus request 6b9abb7 NotificationShade,reason=UpdateInputWindows]
11-29 07:53:13.465 1491 1760 I GameModeConfig: isGameModeOn = false
11-29 07:53:13.465 1491 1760 I GameModeConfig: isGameModeOn = false
11-29 07:53:13.466 1491 9316 I wm_stop_activity: [0,219223401,com.android.music/.MusicBrowserActivity]
11-29 07:53:13.467 1491 1599 I sysui_multi_action: [757,803,799,window_time_0,802,14]
11-29 07:53:13.471 1491 1599 I sysui_multi_action: [757,803,799,window_time_0,802,0]
11-29 07:53:13.484 1491 1760 I GameModeConfig: isGameModeOn = false
11-29 07:53:13.484 1491 1760 I GameModeConfig: isGameModeOn = false
11-29 07:53:13.485 1491 1693 I input_focus: [Focus leaving cd0514f com.android.launcher3/com.android.launcher3.uioverrides.QuickstepLauncher (server),reason=Waiting for window because NOT_VISIBLE]
11-29 07:53:13.487 1491 1760 I GameModeConfig: isGameModeOn = false
11-29 07:53:13.487 30912 30912 I sysui_multi_action: [757,111,758,2]
11-29 07:53:13.487 30912 30912 I sysui_multi_action: [757,111,758,2]
11-29 07:53:13.488 1491 1760 I GameModeConfig: isGameModeOn = false
11-29 07:53:13.488 1491 1760 I GameModeConfig: isGameModeOn = false
11-29 07:53:13.488 1491 1760 I GameModeConfig: isGameModeOn = false
11-29 07:53:13.488 1491 1760 I GameModeConfig: isGameModeOn = false
11-29 07:53:13.488 1491 1760 I GameModeConfig: isGameModeOn = false
11-29 07:53:13.488 1491 1693 I input_focus: [Focus entering 6b9abb7 NotificationShade (server),reason=Window became focusable. Previous reason: NOT_VISIBLE]
11-29 07:53:13.489 1491 1760 I GameModeConfig: isGameModeOn = false
11-29 07:53:13.490 1491 1760 I GameModeConfig: isGameModeOn = false
11-29 07:53:13.491 1491 1491 I notification_enqueue: [10082,30912,com.android.systemui,2048,NULL,0,Notification(channel=updateNotification shortcut=null contentView=null vibrate=null sound=null defaults=0x0 flags=0x0 color=0x00000000 vis=PRIVATE),1]
11-29 07:53:13.492 1900 1900 I wm_on_stop_called: [219223401,com.android.music.MusicBrowserActivity,STOP_ACTIVITY_ITEM]
