11-29 07:43:29.148 1491 1760 I GameModeConfig: isGameModeOn = false
11-29 07:43:29.148 1491 1760 I GameModeConfig: isGameModeOn = false
11-29 07:43:29.148 1491 1760 I GameModeConfig: isGameModeOn = false
11-29 07:43:29.148 1491 1760 I GameModeConfig: isGameModeOn = false
11-29 07:43:29.149 1491 1760 I GameModeConfig: isGameModeOn = false
11-29 07:43:29.149 1491 1760 I GameModeConfig: isGameModeOn = false
11-29 07:43:29.149 1491 1760 I GameModeConfig: isGameModeOn = false
11-29 07:43:29.150 30912 30912 I sysui_multi_action: [757,111,758,2]
11-29 07:43:29.150 30912 30912 I sysui_multi_action: [757,111,758,2]
11-29 07:43:29.150 1491 1491 I notification_enqueue: [10082,30912,com.android.systemui,2048,NULL,0,Notification(channel=updateNotification shortcut=null contentView=null vibrate=null sound=null defaults=0x0 flags=0x0 color=0x00000000 vis=PRIVATE),1]
11-29 07:43:29.161 30912 30912 I sysui_multi_action: [757,111,758,1]
11-29 07:43:29.161 30912 30912 I sysui_multi_action: [757,126,758,1,759,126,927,0,928,1,1593,1]
11-29 07:43:29.162 30912 30912 I sysui_multi_action: [757,113,758,1,759,113,927,1,928,1,1593,1]
11-29 07:43:29.162 30912 30912 I sysui_multi_action: [757,0,758,1,759,0,927,2,928,0,1593,1]
11-29 07:43:29.162 30912 30912 I sysui_multi_action: [757,0,758,1,759,0,927,3,928,0,1593,1]
11-29 07:43:29.162 30912 30912 I sysui_multi_action: [757,491,758,1,759,491,927,4,928,0,1311,-1,1593,0]
11-29 07:43:29.162 30912 30912 I sysui_multi_action: [757,0,758,1,759,0,927,5,928,0,1593,0]
11-29 07:43:29.163 30912 30912 I sysui_multi_action: [757,111,758,1]
11-29 07:43:29.163 30912 30912 I sysui_multi_action: [757,126,758,1,759,126,927,0,928,1,1593,1]
11-29 07:43:29.163 30912 30912 I sysui_multi_action: [757,113,758,1,759,113,927,1,928,1,1593,1]
11-29 07:43:29.163 30912 30912 I sysui_multi_action: [757,0,758,1,759,0,927,2,928,0,1593,1]
11-29 07:43:29.163 30912 30912 I sysui_multi_action: [757,0,758,1,759,0,927,3,928,0,1593,1]
11-29 07:43:29.183 1491 1760 I GameModeConfig: isGameModeOn = false
11-29 07:43:29.184 30912 30912 I sysui_multi_action: [757,111,758,2]
11-29 07:43:29.184 30912 30912 I sysui_multi_action: [757,111,758,2]
11-29 07:43:29.184 1491 1760 I GameModeConfig: isGameModeOn = false
11-29 07:43:29.185 1491 1760 I GameModeConfig: isGameModeOn = false
11-29 07:43:29.185 1491 1760 I GameModeConfig: isGameModeOn = false
11-29 07:43:29.185 1491 1760 I GameModeConfig: isGameModeOn = false
11-29 07:43:29.185 1491 1760 I GameModeConfig: isGameModeOn = false
11-29 07:43:29.185 1491 1760 I GameModeConfig: isGameModeOn = false
11-29 07:43:29.185 1491 1760 I GameModeConfig: isGameModeOn = false
11-29 07:43:29.185 1491 1760 I GameModeConfig: isGameModeOn = false
11-29 07:43:29.186 1491 1760 I GameModeConfig: isGameModeOn = false
11-29 07:43:29.186 1491 1491 I notification_enqueue: [10082,30912,com.android.systemui,2048,NULL,0,Notification(channel=updateNotification shortcut=null contentView=null vibrate=null sound=null defaults=0x0 flags=0x0 color=0x00000000 vis=PRIVATE),1]
11-29 07:43:29.187 30912 30912 I sysui_multi_action: [757,111,758,1]
11-29 07:43:29.187 30912 30912 I sysui_multi_action: [757,126,758,1,759,126,927,0,928,1,1593,1]
11-29 07:43:29.187 30912 30912 I sysui_multi_action: [757,113,758,1,759,113,927,1,928,1,1593,1]
11-29 07:43:29.187 30912 30912 I sysui_multi_action: [757,0,758,1,759,0,927,2,928,0,1593,1]
11-29 07:43:29.187 30912 30912 I sysui_multi_action: [757,0,758,1,759,0,927,3,928,0,1593,1]
11-29 07:43:29.187 30912 30912 I sysui_multi_action: [757,491,758,1,759,491,927,4,928,0,1311,-1,1593,0]
11-29 07:43:29.187 30912 30912 I sysui_multi_action: [757,0,758,1,759,0,927,5,928,0,1593,0]
11-29 07:43:29.187 30912 30912 I sysui_multi_action: [757,111,758,1]
11-29 07:43:29.187 30912 30912 I sysui_multi_action: [757,126,758,1,759,126,927,0,928,1,1593,1]
11-29 07:43:29.187 30912 30912 I sysui_multi_action: [757,113,758,1,759,113,927,1,928,1,1593,1]
11-29 07:43:29.188 30912 30912 I sysui_multi_action: [757,0,758,1,759,0,927,2,928,0,1593,1]
11-29 07:43:29.188 30912 30912 I sysui_multi_action: [757,0,758,1,759,0,927,3,928,0,1593,1]
11-29 07:43:29.198 30912 30912 I sysui_multi_action: [757,111,758,2]
11-29 07:43:29.198 30912 30912 I sysui_multi_action: [757,111,758,2]
11-29 07:43:29.199 1491 1491 I notification_enqueue: [10082,30912,com.android.systemui,2048,NULL,0,Notification(channel=updateNotification shortcut=null contentView=null vibrate=null sound=null defaults=0x0 flags=0x0 color=0x00000000 vis=PRIVATE),1]
11-29 07:43:29.200 1491 1760 I GameModeConfig: isGameModeOn = false
11-29 07:43:29.200 1491 1760 I GameModeConfig: isGameModeOn = false
11-29 07:43:29.200 1491 1760 I GameModeConfig: isGameModeOn = false
11-29 07:43:29.200 1491 1760 I GameModeConfig: isGameModeOn = false
11-29 07:43:29.200 1491 1760 I GameModeConfig: isGameModeOn = false
11-29 07:43:29.200 1491 1760 I GameModeConfig: isGameModeOn = false
11-29 07:43:29.200 1491 1760 I GameModeConfig: isGameModeOn = false
11-29 07:43:29.200 30912 30912 I sysui_multi_action: [757,111,758,1]
11-29 07:43:29.200 1491 1760 I GameModeConfig: isGameModeOn = false
11-29 07:43:29.201 30912 30912 I sysui_multi_action: [757,126,758,1,759,126,927,0,928,1,1593,1]
11-29 07:43:29.201 30912 30912 I sysui_multi_action: [757,113,758,1,759,113,927,1,928,1,1593,1]
11-29 07:43:29.201 30912 30912 I sysui_multi_action: [757,0,758,1,759,0,927,2,928,0,1593,1]
11-29 07:43:29.201 30912 30912 I sysui_multi_action: [757,0,758,1,759,0,927,3,928,0,1593,1]
11-29 07:43:29.201 30912 30912 I sysui_multi_action: [757,491,758,1,759,491,927,4,928,0,1311,-1,1593,1]
11-29 07:43:29.201 30912 30912 I sysui_multi_action: [757,0,758,1,759,0,927,5,928,0,1593,1]
11-29 07:43:29.201 30912 30912 I sysui_multi_action: [757,111,758,1]
11-29 07:43:29.201 30912 30912 I sysui_multi_action: [757,126,758,1,759,126,927,0,928,1,1593,1]
11-29 07:43:29.201 30912 30912 I sysui_multi_action: [757,113,758,1,759,113,927,1,928,1,1593,1]
11-29 07:43:29.201 30912 30912 I sysui_multi_action: [757,0,758,1,759,0,927,2,928,0,1593,1]
11-29 07:43:29.201 30912 30912 I sysui_multi_action: [757,0,758,1,759,0,927,3,928,0,1593,1]
11-29 07:43:29.202 1491 1760 I GameModeConfig: isGameModeOn = false
11-29 07:43:29.202 1491 1760 I GameModeConfig: isGameModeOn = false
11-29 07:43:29.214 30912 30912 I sysui_multi_action: [757,111,758,2]
11-29 07:43:29.214 30912 30912 I sysui_multi_action: [757,111,758,2]
11-29 07:43:29.214 1491 1491 I notification_enqueue: [10082,30912,com.android.systemui,2048,NULL,0,Notification(channel=updateNotification shortcut=null contentView=null vibrate=null sound=null defaults=0x0 flags=0x0 color=0x00000000 vis=PRIVATE),1]
11-29 07:43:29.215 1491 1760 I GameModeConfig: isGameModeOn = false
11-29 07:43:29.215 1491 1760 I GameModeConfig: isGameModeOn = false
11-29 07:43:29.216 1491 1760 I GameModeConfig: isGameModeOn = false
11-29 07:43:29.216 1491 1760 I GameModeConfig: isGameModeOn = false
11-29 07:43:29.216 1491 1760 I GameModeConfig: isGameModeOn = false
11-29 07:43:29.216 1491 1760 I GameModeConfig: isGameModeOn = false
11-29 07:43:29.216 30912 30912 I sysui_multi_action: [757,111,758,1]
11-29 07:43:29.216 30912 30912 I sysui_multi_action: [757,126,758,1,759,126,927,0,928,1,1593,0]
11-29 07:43:29.216 30912 30912 I sysui_multi_action: [757,113,758,1,759,113,927,1,928,1,1593,0]
11-29 07:43:29.216 1491 1760 I GameModeConfig: isGameModeOn = false
11-29 07:43:29.216 30912 30912 I sysui_multi_action: [757,0,758,1,759,0,927,2,928,0,1593,0]
11-29 07:43:29.216 30912 30912 I sysui_multi_action: [757,0,758,1,759,0,927,3,928,0,1593,0]
11-29 07:43:29.216 1491 1760 I GameModeConfig: isGameModeOn = false
11-29 07:43:29.216 30912 30912 I sysui_multi_action: [757,491,758,1,759,491,927,4,928,0,1311,-1,1593,0]
11-29 07:43:29.216 30912 30912 I sysui_multi_action: [757,0,758,1,759,0,927,5,928,0,1593,0]
11-29 07:43:29.216 30912 30912 I sysui_multi_action: [757,111,758,1]
11-29 07:43:29.216 30912 30912 I sysui_multi_action: [757,126,758,1,759,126,927,0,928,1,1593,0]
11-29 07:43:29.216 30912 30912 I sysui_multi_action: [757,113,758,1,759,113,927,1,928,1,1593,0]
11-29 07:43:29.216 1491 1760 I GameModeConfig: isGameModeOn = false
11-29 07:43:29.216 30912 30912 I sysui_multi_action: [757,0,758,1,759,0,927,2,928,0,1593,0]
11-29 07:43:29.217 30912 30912 I sysui_multi_action: [757,0,758,1,759,0,927,3,928,0,1593,0]
11-29 07:43:29.217 1491 1760 I GameModeConfig: isGameModeOn = false
11-29 07:43:29.230 1491 1760 I GameModeConfig: isGameModeOn = false
11-29 07:43:29.231 1491 1760 I GameModeConfig: isGameModeOn = false
11-29 07:43:29.231 1491 1760 I GameModeConfig: isGameModeOn = false
11-29 07:43:29.231 1491 1760 I GameModeConfig: isGameModeOn = false
11-29 07:43:29.231 1491 1760 I GameModeConfig: isGameModeOn = false
11-29 07:43:29.231 1491 1760 I GameModeConfig: isGameModeOn = false
11-29 07:43:29.231 1491 1760 I GameModeConfig: isGameModeOn = false
11-29 07:43:29.231 1491 1760 I GameModeConfig: isGameModeOn = false
11-29 07:43:29.231 1491 1760 I GameModeConfig: isGameModeOn = false
11-29 07:43:29.231 1491 1760 I GameModeConfig: isGameModeOn = false
11-29 07:43:29.232 30912 30912 I sysui_multi_action: [757,111,758,2]
11-29 07:43:29.232 30912 30912 I sysui_multi_action: [757,111,758,2]
11-29 07:43:29.232 1491 1491 I notification_enqueue: [10082,30912,com.android.systemui,2048,NULL,0,Notification(channel=updateNotification shortcut=null contentView=null vibrate=null sound=null defaults=0x0 flags=0x0 color=0x00000000 vis=PRIVATE),1]
11-29 07:43:29.234 30912 30912 I sysui_multi_action: [757,111,758,1]
11-29 07:43:29.234 30912 30912 I sysui_multi_action: [757,126,758,1,759,126,927,0,928,1,1593,0]
11-29 07:43:29.234 30912 30912 I sysui_multi_action: [757,113,758,1,759,113,927,1,928,1,1593,0]
11-29 07:43:29.234 30912 30912 I sysui_multi_action: [757,0,758,1,759,0,927,2,928,0,1593,0]
11-29 07:43:29.234 30912 30912 I sysui_multi_action: [757,0,758,1,759,0,927,3,928,0,1593,0]
11-29 07:43:29.235 30912 30912 I sysui_multi_action: [757,491,758,1,759,491,927,4,928,0,1311,-1,1593,0]
11-29 07:43:29.235 30912 30912 I sysui_multi_action: [757,0,758,1,759,0,927,5,928,0,1593,0]
11-29 07:43:29.235 30912 30912 I sysui_multi_action: [757,111,758,1]
11-29 07:43:29.235 30912 30912 I sysui_multi_action: [757,126,758,1,759,126,927,0,928,1,1593,1]
11-29 07:43:29.235 30912 30912 I sysui_multi_action: [757,113,758,1,759,113,927,1,928,1,1593,1]
11-29 07:43:29.235 30912 30912 I sysui_multi_action: [757,0,758,1,759,0,927,2,928,0,1593,1]
11-29 07:43:29.235 30912 30912 I sysui_multi_action: [757,0,758,1,759,0,927,3,928,0,1593,1]
11-29 07:43:29.247 30912 30912 I sysui_multi_action: [757,111,758,2]
11-29 07:43:29.247 30912 30912 I sysui_multi_action: [757,111,758,2]
11-29 07:43:29.248 1491 1491 I notification_enqueue: [10082,30912,com.android.systemui,2048,NULL,0,Notification(channel=updateNotification shortcut=null contentView=null vibrate=null sound=null defaults=0x0 flags=0x0 color=0x00000000 vis=PRIVATE),1]
11-29 07:43:29.249 30912 30912 I sysui_multi_action: [757,111,758,1]
11-29 07:43:29.250 30912 30912 I sysui_multi_action: [757,126,758,1,759,126,927,0,928,1,1593,1]
11-29 07:43:29.250 30912 30912 I sysui_multi_action: [757,113,758,1,759,113,927,1,928,1,1593,1]
11-29 07:43:29.250 30912 30912 I sysui_multi_action: [757,0,758,1,759,0,927,2,928,0,1593,1]
11-29 07:43:29.250 30912 30912 I sysui_multi_action: [757,0,758,1,759,0,927,3,928,0,1593,1]
11-29 07:43:29.250 1491 1760 I GameModeConfig: isGameModeOn = false
11-29 07:43:29.250 30912 30912 I sysui_multi_action: [757,491,758,1,759,491,927,4,928,0,1311,-1,1593,0]
11-29 07:43:29.250 30912 30912 I sysui_multi_action: [757,0,758,1,759,0,927,5,928,0,1593,0]
11-29 07:43:29.250 30912 30912 I sysui_multi_action: [757,111,758,1]
11-29 07:43:29.250 1491 1760 I GameModeConfig: isGameModeOn = false
11-29 07:43:29.250 30912 30912 I sysui_multi_action: [757,126,758,1,759,126,927,0,928,1,1593,1]
11-29 07:43:29.250 30912 30912 I sysui_multi_action: [757,113,758,1,759,113,927,1,928,1,1593,1]
11-29 07:43:29.250 30912 30912 I sysui_multi_action: [757,0,758,1,759,0,927,2,928,0,1593,1]
11-29 07:43:29.250 1491 1760 I GameModeConfig: isGameModeOn = false
11-29 07:43:29.250 30912 30912 I sysui_multi_action: [757,0,758,1,759,0,927,3,928,0,1593,1]
11-29 07:43:29.250 1491 1760 I GameModeConfig: isGameModeOn = false
11-29 07:43:29.251 1491 1760 I GameModeConfig: isGameModeOn = false
11-29 07:43:29.251 1491 1760 I GameModeConfig: isGameModeOn = false
11-29 07:43:29.251 1491 1760 I GameModeConfig: isGameModeOn = false
11-29 07:43:29.251 1491 1760 I GameModeConfig: isGameModeOn = false
11-29 07:43:29.252 1491 1760 I GameModeConfig: isGameModeOn = false
11-29 07:43:29.252 1491 1760 I GameModeConfig: isGameModeOn = false
11-29 07:43:29.263 1491 1760 I GameModeConfig: isGameModeOn = false
11-29 07:43:29.264 1491 1760 I GameModeConfig: isGameModeOn = false
11-29 07:43:29.264 1491 1760 I GameModeConfig: isGameModeOn = false
11-29 07:43:29.264 1491 1760 I GameModeConfig: isGameModeOn = false
11-29 07:43:29.264 1491 1760 I GameModeConfig: isGameModeOn = false
11-29 07:43:29.264 1491 1760 I GameModeConfig: isGameModeOn = false
11-29 07:43:29.264 1491 1760 I GameModeConfig: isGameModeOn = false
11-29 07:43:29.264 1491 1760 I GameModeConfig: isGameModeOn = false
11-29 07:43:29.265 1491 1760 I GameModeConfig: isGameModeOn = false
11-29 07:43:29.265 1491 1760 I GameModeConfig: isGameModeOn = false
11-29 07:43:29.265 30912 30912 I sysui_multi_action: [757,111,758,2]
11-29 07:43:29.265 30912 30912 I sysui_multi_action: [757,111,758,2]
11-29 07:43:29.266 1491 1491 I notification_enqueue: [10082,30912,com.android.systemui,2048,NULL,0,Notification(channel=updateNotification shortcut=null contentView=null vibrate=null sound=null defaults=0x0 flags=0x0 color=0x00000000 vis=PRIVATE),1]
11-29 07:43:29.267 30912 30912 I sysui_multi_action: [757,111,758,1]
11-29 07:43:29.267 30912 30912 I sysui_multi_action: [757,126,758,1,759,126,927,0,928,1,1593,1]
11-29 07:43:29.267 30912 30912 I sysui_multi_action: [757,113,758,1,759,113,927,1,928,1,1593,1]
11-29 07:43:29.267 30912 30912 I sysui_multi_action: [757,0,758,1,759,0,927,2,928,0,1593,1]
11-29 07:43:29.267 30912 30912 I sysui_multi_action: [757,0,758,1,759,0,927,3,928,0,1593,1]
11-29 07:43:29.268 30912 30912 I sysui_multi_action: [757,491,758,1,759,491,927,4,928,0,1311,-1,1593,0]
11-29 07:43:29.268 30912 30912 I sysui_multi_action: [757,0,758,1,759,0,927,5,928,0,1593,0]
11-29 07:43:29.268 30912 30912 I sysui_multi_action: [757,111,758,1]
11-29 07:43:29.268 30912 30912 I sysui_multi_action: [757,126,758,1,759,126,927,0,928,1,1593,1]
11-29 07:43:29.268 30912 30912 I sysui_multi_action: [757,113,758,1,759,113,927,1,928,1,1593,1]
11-29 07:43:29.268 30912 30912 I sysui_multi_action: [757,0,758,1,759,0,927,2,928,0,1593,1]
11-29 07:43:29.268 30912 30912 I sysui_multi_action: [757,0,758,1,759,0,927,3,928,0,1593,1]
11-29 07:43:29.280 1491 1760 I GameModeConfig: isGameModeOn = false
11-29 07:43:29.280 1491 1760 I GameModeConfig: isGameModeOn = false
11-29 07:43:29.280 1491 1760 I GameModeConfig: isGameModeOn = false
11-29 07:43:29.280 1491 1760 I GameModeConfig: isGameModeOn = false
11-29 07:43:29.280 1491 1760 I GameModeConfig: isGameModeOn = false
11-29 07:43:29.281 1491 1760 I GameModeConfig: isGameModeOn = false
11-29 07:43:29.281 1491 1760 I GameModeConfig: isGameModeOn = false
11-29 07:43:29.281 1491 1760 I GameModeConfig: isGameModeOn = false
11-29 07:43:29.281 1491 1760 I GameModeConfig: isGameModeOn = false
11-29 07:43:29.281 1491 1760 I GameModeConfig: isGameModeOn = false
11-29 07:43:29.282 30912 30912 I sysui_multi_action: [757,111,758,2]
11-29 07:43:29.282 30912 30912 I sysui_multi_action: [757,111,758,2]
11-29 07:43:29.282 1491 1491 I notification_enqueue: [10082,30912,com.android.systemui,2048,NULL,0,Notification(channel=updateNotification shortcut=null contentView=null vibrate=null sound=null defaults=0x0 flags=0x0 color=0x00000000 vis=PRIVATE),1]
11-29 07:43:29.284 30912 30912 I sysui_multi_action: [757,111,758,1]
11-29 07:43:29.284 30912 30912 I sysui_multi_action: [757,126,758,1,759,126,927,0,928,1,1593,1]
11-29 07:43:29.284 30912 30912 I sysui_multi_action: [757,113,758,1,759,113,927,1,928,1,1593,1]
11-29 07:43:29.284 30912 30912 I sysui_multi_action: [757,0,758,1,759,0,927,2,928,0,1593,1]
11-29 07:43:29.284 30912 30912 I sysui_multi_action: [757,0,758,1,759,0,927,3,928,0,1593,1]
11-29 07:43:29.284 30912 30912 I sysui_multi_action: [757,491,758,1,759,491,927,4,928,0,1311,-1,1593,0]
11-29 07:43:29.284 30912 30912 I sysui_multi_action: [757,0,758,1,759,0,927,5,928,0,1593,0]
11-29 07:43:29.284 30912 30912 I sysui_multi_action: [757,111,758,1]
11-29 07:43:29.284 30912 30912 I sysui_multi_action: [757,126,758,1,759,126,927,0,928,1,1593,1]
11-29 07:43:29.284 30912 30912 I sysui_multi_action: [757,113,758,1,759,113,927,1,928,1,1593,1]
11-29 07:43:29.284 30912 30912 I sysui_multi_action: [757,0,758,1,759,0,927,2,928,0,1593,1]
11-29 07:43:29.284 30912 30912 I sysui_multi_action: [757,0,758,1,759,0,927,3,928,0,1593,1]
11-29 07:43:29.297 1491 1760 I GameModeConfig: isGameModeOn = false
11-29 07:43:29.297 1491 1760 I GameModeConfig: isGameModeOn = false
11-29 07:43:29.297 1491 1760 I GameModeConfig: isGameModeOn = false
11-29 07:43:29.297 1491 1760 I GameModeConfig: isGameModeOn = false
11-29 07:43:29.297 1491 1760 I GameModeConfig: isGameModeOn = false
11-29 07:43:29.297 1491 1760 I GameModeConfig: isGameModeOn = false
11-29 07:43:29.298 1491 1760 I GameModeConfig: isGameModeOn = false
11-29 07:43:29.298 1491 1760 I GameModeConfig: isGameModeOn = false
11-29 07:43:29.298 1491 1760 I GameModeConfig: isGameModeOn = false
11-29 07:43:29.298 1491 1760 I GameModeConfig: isGameModeOn = false
11-29 07:43:29.299 30912 30912 I sysui_multi_action: [757,111,758,2]
11-29 07:43:29.299 30912 30912 I sysui_multi_action: [757,111,758,2]
11-29 07:43:29.299 1491 1491 I notification_enqueue: [10082,30912,com.android.systemui,2048,NULL,0,Notification(channel=updateNotification shortcut=null contentView=null vibrate=null sound=null defaults=0x0 flags=0x0 color=0x00000000 vis=PRIVATE),1]
11-29 07:43:29.300 30912 30912 I sysui_multi_action: [757,111,758,1]
11-29 07:43:29.301 30912 30912 I sysui_multi_action: [757,126,758,1,759,126,927,0,928,1,1593,1]
11-29 07:43:29.301 30912 30912 I sysui_multi_action: [757,113,758,1,759,113,927,1,928,1,1593,1]
11-29 07:43:29.301 30912 30912 I sysui_multi_action: [757,0,758,1,759,0,927,2,928,0,1593,1]
11-29 07:43:29.301 30912 30912 I sysui_multi_action: [757,0,758,1,759,0,927,3,928,0,1593,1]
11-29 07:43:29.301 30912 30912 I sysui_multi_action: [757,491,758,1,759,491,927,4,928,0,1311,-1,1593,0]
11-29 07:43:29.301 30912 30912 I sysui_multi_action: [757,0,758,1,759,0,927,5,928,0,1593,0]
11-29 07:43:29.301 30912 30912 I sysui_multi_action: [757,111,758,1]
11-29 07:43:29.301 30912 30912 I sysui_multi_action: [757,126,758,1,759,126,927,0,928,1,1593,1]
11-29 07:43:29.301 30912 30912 I sysui_multi_action: [757,113,758,1,759,113,927,1,928,1,1593,1]
11-29 07:43:29.301 30912 30912 I sysui_multi_action: [757,0,758,1,759,0,927,2,928,0,1593,1]
11-29 07:43:29.301 30912 30912 I sysui_multi_action: [757,0,758,1,759,0,927,3,928,0,1593,1]
11-29 07:43:29.314 1491 1760 I GameModeConfig: isGameModeOn = false
11-29 07:43:29.314 30912 30912 I sysui_multi_action: [757,111,758,2]
11-29 07:43:29.314 30912 30912 I sysui_multi_action: [757,111,758,2]
11-29 07:43:29.314 1491 1760 I GameModeConfig: isGameModeOn = false
11-29 07:43:29.314 1491 1760 I GameModeConfig: isGameModeOn = false
11-29 07:43:29.314 1491 1760 I GameModeConfig: isGameModeOn = false
11-29 07:43:29.314 1491 1760 I GameModeConfig: isGameModeOn = false
11-29 07:43:29.315 1491 1760 I GameModeConfig: isGameModeOn = false
11-29 07:43:29.315 1491 1760 I GameModeConfig: isGameModeOn = false
11-29 07:43:29.315 1491 1760 I GameModeConfig: isGameModeOn = false
11-29 07:43:29.315 1491 1760 I GameModeConfig: isGameModeOn = false
11-29 07:43:29.315 1491 1760 I GameModeConfig: isGameModeOn = false
11-29 07:43:29.316 30912 30912 I sysui_multi_action: [757,111,758,1]
11-29 07:43:29.316 1491 1491 I notification_enqueue: [10082,30912,com.android.systemui,2048,NULL,0,Notification(channel=updateNotification shortcut=null contentView=null vibrate=null sound=null defaults=0x0 flags=0x0 color=0x00000000 vis=PRIVATE),1]
11-29 07:43:29.316 30912 30912 I sysui_multi_action: [757,126,758,1,759,126,927,0,928,1,1593,1]
11-29 07:43:29.316 30912 30912 I sysui_multi_action: [757,113,758,1,759,113,927,1,928,1,1593,1]
11-29 07:43:29.316 30912 30912 I sysui_multi_action: [757,0,758,1,759,0,927,2,928,0,1593,1]
11-29 07:43:29.316 30912 30912 I sysui_multi_action: [757,0,758,1,759,0,927,3,928,0,1593,1]
11-29 07:43:29.316 30912 30912 I sysui_multi_action: [757,491,758,1,759,491,927,4,928,0,1311,-1,1593,0]
11-29 07:43:29.316 30912 30912 I sysui_multi_action: [757,0,758,1,759,0,927,5,928,0,1593,0]
11-29 07:43:29.316 30912 30912 I sysui_multi_action: [757,111,758,1]
11-29 07:43:29.316 30912 30912 I sysui_multi_action: [757,126,758,1,759,126,927,0,928,1,1593,1]
11-29 07:43:29.316 30912 30912 I sysui_multi_action: [757,113,758,1,759,113,927,1,928,1,1593,1]
11-29 07:43:29.316 30912 30912 I sysui_multi_action: [757,0,758,1,759,0,927,2,928,0,1593,1]
11-29 07:43:29.316 30912 30912 I sysui_multi_action: [757,0,758,1,759,0,927,3,928,0,1593,1]
11-29 07:43:29.331 30912 30912 I sysui_multi_action: [757,111,758,2]
11-29 07:43:29.331 30912 30912 I sysui_multi_action: [757,111,758,2]
11-29 07:43:29.331 1491 1760 I GameModeConfig: isGameModeOn = false
11-29 07:43:29.331 1491 1760 I GameModeConfig: isGameModeOn = false
11-29 07:43:29.332 1491 1760 I GameModeConfig: isGameModeOn = false
11-29 07:43:29.332 1491 1760 I GameModeConfig: isGameModeOn = false
11-29 07:43:29.332 1491 1760 I GameModeConfig: isGameModeOn = false
11-29 07:43:29.332 1491 1760 I GameModeConfig: isGameModeOn = false
11-29 07:43:29.332 1491 1760 I GameModeConfig: isGameModeOn = false
11-29 07:43:29.332 1491 1760 I GameModeConfig: isGameModeOn = false
11-29 07:43:29.332 1491 1760 I GameModeConfig: isGameModeOn = false
11-29 07:43:29.333 1491 1760 I GameModeConfig: isGameModeOn = false
11-29 07:43:29.333 1491 1491 I notification_enqueue: [10082,30912,com.android.systemui,2048,NULL,0,Notification(channel=updateNotification shortcut=null contentView=null vibrate=null sound=null defaults=0x0 flags=0x0 color=0x00000000 vis=PRIVATE),1]
11-29 07:43:29.334 30912 30912 I sysui_multi_action: [757,111,758,1]
11-29 07:43:29.334 30912 30912 I sysui_multi_action: [757,126,758,1,759,126,927,0,928,1,1593,0]
11-29 07:43:29.334 30912 30912 I sysui_multi_action: [757,113,758,1,759,113,927,1,928,1,1593,0]
11-29 07:43:29.334 30912 30912 I sysui_multi_action: [757,0,758,1,759,0,927,2,928,0,1593,0]
11-29 07:43:29.334 30912 30912 I sysui_multi_action: [757,0,758,1,759,0,927,3,928,0,1593,0]
11-29 07:43:29.334 30912 30912 I sysui_multi_action: [757,491,758,1,759,491,927,4,928,0,1311,-1,1593,0]
11-29 07:43:29.334 30912 30912 I sysui_multi_action: [757,0,758,1,759,0,927,5,928,0,1593,0]
11-29 07:43:29.334 30912 30912 I sysui_multi_action: [757,111,758,1]
11-29 07:43:29.334 30912 30912 I sysui_multi_action: [757,126,758,1,759,126,927,0,928,1,1593,1]
11-29 07:43:29.334 30912 30912 I sysui_multi_action: [757,113,758,1,759,113,927,1,928,1,1593,1]
11-29 07:43:29.334 30912 30912 I sysui_multi_action: [757,0,758,1,759,0,927,2,928,0,1593,1]
11-29 07:43:29.334 30912 30912 I sysui_multi_action: [757,0,758,1,759,0,927,3,928,0,1593,1]
11-29 07:43:29.348 30912 30912 I sysui_multi_action: [757,111,758,2]
11-29 07:43:29.348 30912 30912 I sysui_multi_action: [757,111,758,2]
11-29 07:43:29.349 1491 1760 I GameModeConfig: isGameModeOn = false
11-29 07:43:29.349 1491 1760 I GameModeConfig: isGameModeOn = false
11-29 07:43:29.349 1491 1760 I GameModeConfig: isGameModeOn = false
11-29 07:43:29.349 1491 1760 I GameModeConfig: isGameModeOn = false
11-29 07:43:29.349 1491 1760 I GameModeConfig: isGameModeOn = false
11-29 07:43:29.349 1491 1760 I GameModeConfig: isGameModeOn = false
11-29 07:43:29.350 1491 1760 I GameModeConfig: isGameModeOn = false
11-29 07:43:29.350 30912 30912 I sysui_multi_action: [757,111,758,1]
11-29 07:43:29.350 1491 1760 I GameModeConfig: isGameModeOn = false
11-29 07:43:29.350 30912 30912 I sysui_multi_action: [757,126,758,1,759,126,927,0,928,1,1593,1]
11-29 07:43:29.350 1491 1760 I GameModeConfig: isGameModeOn = false
11-29 07:43:29.350 30912 30912 I sysui_multi_action: [757,113,758,1,759,113,927,1,928,1,1593,1]
11-29 07:43:29.350 30912 30912 I sysui_multi_action: [757,0,758,1,759,0,927,2,928,0,1593,1]
11-29 07:43:29.350 30912 30912 I sysui_multi_action: [757,0,758,1,759,0,927,3,928,0,1593,1]
11-29 07:43:29.350 30912 30912 I sysui_multi_action: [757,491,758,1,759,491,927,4,928,0,1311,-1,1593,0]
11-29 07:43:29.350 30912 30912 I sysui_multi_action: [757,0,758,1,759,0,927,5,928,0,1593,0]
11-29 07:43:29.350 30912 30912 I sysui_multi_action: [757,111,758,1]
11-29 07:43:29.350 30912 30912 I sysui_multi_action: [757,126,758,1,759,126,927,0,928,1,1593,1]
11-29 07:43:29.350 30912 30912 I sysui_multi_action: [757,113,758,1,759,113,927,1,928,1,1593,1]
11-29 07:43:29.350 30912 30912 I sysui_multi_action: [757,0,758,1,759,0,927,2,928,0,1593,1]
11-29 07:43:29.350 30912 30912 I sysui_multi_action: [757,0,758,1,759,0,927,3,928,0,1593,1]
11-29 07:43:29.351 1491 1760 I GameModeConfig: isGameModeOn = false
11-29 07:43:29.354 1491 1491 I notification_enqueue: [10082,30912,com.android.systemui,2048,NULL,0,Notification(channel=updateNotification shortcut=null contentView=null vibrate=null sound=null defaults=0x0 flags=0x0 color=0x00000000 vis=PRIVATE),1]
11-29 07:43:29.360 1491 1491 I GameModeConfig: isGameModeOn = false
11-29 07:43:29.361 1491 1491 I sysui_multi_action: [757,1501,758,1,793,16166622,794,0,795,213,796,2048,806,com.android.systemui,857,updateNotification,858,3,947,0,1500,0,1688,1]
11-29 07:43:29.362 1491 1491 I sysui_multi_action: [757,804,799,note_interruptive,801,0,802,1]
11-29 07:43:29.362 1491 1491 I sysui_multi_action: [757,199,758,1,759,2,793,16166623,794,0,795,214,796,2048,806,com.android.systemui,857,updateNotification,858,3,947,0,1500,1,1688,1]
11-29 07:43:29.362 1491 1491 I notification_alert: [0|com.android.systemui|2048|null|10082,0,1,0]
11-29 07:43:29.363 1491 1491 W NotificationHistory: Attempted to add notif for locked/gone/disabled user 0
11-29 07:43:29.364 1491 1491 I notification_enqueue: [10082,30912,com.android.systemui,2048,NULL,0,Notification(channel=updateNotification shortcut=null contentView=null vibrate=null sound=null defaults=0x0 flags=0x0 color=0x00000000 vis=PRIVATE),1]
11-29 07:43:29.365 30912 30912 I sysui_multi_action: [757,111,758,2]
11-29 07:43:29.365 30912 30912 I sysui_multi_action: [757,111,758,2]
11-29 07:43:29.365 1491 1760 I GameModeConfig: isGameModeOn = false
11-29 07:43:29.365 1491 1760 I GameModeConfig: isGameModeOn = false
11-29 07:43:29.365 1491 1760 I GameModeConfig: isGameModeOn = false
11-29 07:43:29.365 1491 1760 I GameModeConfig: isGameModeOn = false
11-29 07:43:29.365 1491 1760 I GameModeConfig: isGameModeOn = false
11-29 07:43:29.366 1491 1760 I GameModeConfig: isGameModeOn = false
11-29 07:43:29.366 1491 1760 I GameModeConfig: isGameModeOn = false
11-29 07:43:29.366 1491 1760 I GameModeConfig: isGameModeOn = false
11-29 07:43:29.366 1491 1760 I GameModeConfig: isGameModeOn = false
11-29 07:43:29.366 1491 1760 I GameModeConfig: isGameModeOn = false
11-29 07:43:29.368 30912 30912 I sysui_multi_action: [757,111,758,1]
11-29 07:43:29.368 30912 30912 I sysui_multi_action: [757,126,758,1,759,126,927,0,928,1,1593,1]
11-29 07:43:29.368 30912 30912 I sysui_multi_action: [757,113,758,1,759,113,927,1,928,1,1593,1]
11-29 07:43:29.368 30912 30912 I sysui_multi_action: [757,0,758,1,759,0,927,2,928,0,1593,1]
11-29 07:43:29.368 30912 30912 I sysui_multi_action: [757,0,758,1,759,0,927,3,928,0,1593,1]
11-29 07:43:29.368 30912 30912 I sysui_multi_action: [757,491,758,1,759,491,927,4,928,0,1311,-1,1593,0]
11-29 07:43:29.368 30912 30912 I sysui_multi_action: [757,0,758,1,759,0,927,5,928,0,1593,0]
11-29 07:43:29.368 30912 30912 I sysui_multi_action: [757,111,758,1]
11-29 07:43:29.368 30912 30912 I sysui_multi_action: [757,126,758,1,759,126,927,0,928,1,1593,1]
11-29 07:43:29.369 30912 30912 I sysui_multi_action: [757,113,758,1,759,113,927,1,928,1,1593,1]
11-29 07:43:29.369 30912 30912 I sysui_multi_action: [757,0,758,1,759,0,927,2,928,0,1593,1]
11-29 07:43:29.369 30912 30912 I sysui_multi_action: [757,0,758,1,759,0,927,3,928,0,1593,1]
11-29 07:43:29.380 1491 1760 I GameModeConfig: isGameModeOn = false
11-29 07:43:29.381 1491 1760 I GameModeConfig: isGameModeOn = false
11-29 07:43:29.381 1491 1760 I GameModeConfig: isGameModeOn = false
11-29 07:43:29.381 1491 1760 I GameModeConfig: isGameModeOn = false
11-29 07:43:29.381 1491 1760 I GameModeConfig: isGameModeOn = false
11-29 07:43:29.381 1491 1760 I GameModeConfig: isGameModeOn = false
11-29 07:43:29.381 1491 1760 I GameModeConfig: isGameModeOn = false
11-29 07:43:29.381 1491 1760 I GameModeConfig: isGameModeOn = false
11-29 07:43:29.381 1491 1760 I GameModeConfig: isGameModeOn = false
11-29 07:43:29.381 1491 1760 I GameModeConfig: isGameModeOn = false
11-29 07:43:29.382 30912 30912 I sysui_multi_action: [757,111,758,2]
11-29 07:43:29.382 1491 1491 I notification_enqueue: [10082,30912,com.android.systemui,2048,NULL,0,Notification(channel=updateNotification shortcut=null contentView=null vibrate=null sound=null defaults=0x0 flags=0x0 color=0x00000000 vis=PRIVATE),1]
11-29 07:43:29.382 30912 30912 I sysui_multi_action: [757,111,758,2]
11-29 07:43:29.385 30912 30912 I sysui_multi_action: [757,111,758,1]
11-29 07:43:29.385 30912 30912 I sysui_multi_action: [757,126,758,1,759,126,927,0,928,1,1593,1]
11-29 07:43:29.385 30912 30912 I sysui_multi_action: [757,113,758,1,759,113,927,1,928,1,1593,1]
11-29 07:43:29.385 30912 30912 I sysui_multi_action: [757,0,758,1,759,0,927,2,928,0,1593,1]
11-29 07:43:29.385 30912 30912 I sysui_multi_action: [757,0,758,1,759,0,927,3,928,0,1593,1]
11-29 07:43:29.386 30912 30912 I sysui_multi_action: [757,491,758,1,759,491,927,4,928,0,1311,-1,1593,0]
11-29 07:43:29.386 30912 30912 I sysui_multi_action: [757,0,758,1,759,0,927,5,928,0,1593,0]
11-29 07:43:29.386 30912 30912 I sysui_multi_action: [757,111,758,1]
11-29 07:43:29.386 30912 30912 I sysui_multi_action: [757,126,758,1,759,126,927,0,928,1,1593,1]
11-29 07:43:29.386 30912 30912 I sysui_multi_action: [757,113,758,1,759,113,927,1,928,1,1593,1]
11-29 07:43:29.386 30912 30912 I sysui_multi_action: [757,0,758,1,759,0,927,2,928,0,1593,1]
11-29 07:43:29.386 30912 30912 I sysui_multi_action: [757,0,758,1,759,0,927,3,928,0,1593,1]
11-29 07:43:29.391 1491 1491 I GameModeConfig: isGameModeOn = false
11-29 07:43:29.392 1491 1491 E NotificationService: Muting recently noisy 0|com.android.systemui|2048|null|10082
11-29 07:43:29.400 1491 1491 I GameModeConfig: isGameModeOn = false
11-29 07:43:29.401 1491 1491 E NotificationService: Muting recently noisy 0|com.android.systemui|2048|null|10082
11-29 07:43:29.402 30912 30912 I sysui_multi_action: [757,111,758,2]
11-29 07:43:29.402 30912 30912 I sysui_multi_action: [757,111,758,2]
11-29 07:43:29.403 1491 1491 I notification_enqueue: [10082,30912,com.android.systemui,2048,NULL,0,Notification(channel=updateNotification shortcut=null contentView=null vibrate=null sound=null defaults=0x0 flags=0x0 color=0x00000000 vis=PRIVATE),1]
11-29 07:43:29.404 1491 1760 I GameModeConfig: isGameModeOn = false
11-29 07:43:29.404 1491 1760 I GameModeConfig: isGameModeOn = false
11-29 07:43:29.404 1491 1760 I GameModeConfig: isGameModeOn = false
11-29 07:43:29.404 1491 1760 I GameModeConfig: isGameModeOn = false
11-29 07:43:29.404 1491 1760 I GameModeConfig: isGameModeOn = false
11-29 07:43:29.404 1491 1760 I GameModeConfig: isGameModeOn = false
11-29 07:43:29.404 1491 1760 I GameModeConfig: isGameModeOn = false
11-29 07:43:29.404 1491 1760 I GameModeConfig: isGameModeOn = false
11-29 07:43:29.404 30912 30912 I sysui_multi_action: [757,111,758,1]
11-29 07:43:29.404 1491 1760 I GameModeConfig: isGameModeOn = false
11-29 07:43:29.404 30912 30912 I sysui_multi_action: [757,126,758,1,759,126,927,0,928,1,1593,1]
11-29 07:43:29.404 1491 1760 I GameModeConfig: isGameModeOn = false
11-29 07:43:29.405 30912 30912 I sysui_multi_action: [757,113,758,1,759,113,927,1,928,1,1593,1]
11-29 07:43:29.405 30912 30912 I sysui_multi_action: [757,0,758,1,759,0,927,2,928,0,1593,1]
11-29 07:43:29.405 30912 30912 I sysui_multi_action: [757,0,758,1,759,0,927,3,928,0,1593,1]
11-29 07:43:29.405 30912 30912 I sysui_multi_action: [757,491,758,1,759,491,927,4,928,0,1311,-1,1593,0]
11-29 07:43:29.405 30912 30912 I sysui_multi_action: [757,0,758,1,759,0,927,5,928,0,1593,0]
11-29 07:43:29.405 30912 30912 I sysui_multi_action: [757,111,758,1]
11-29 07:43:29.405 30912 30912 I sysui_multi_action: [757,126,758,1,759,126,927,0,928,1,1593,1]
11-29 07:43:29.405 30912 30912 I sysui_multi_action: [757,113,758,1,759,113,927,1,928,1,1593,1]
11-29 07:43:29.405 30912 30912 I sysui_multi_action: [757,0,758,1,759,0,927,2,928,0,1593,1]
11-29 07:43:29.405 30912 30912 I sysui_multi_action: [757,0,758,1,759,0,927,3,928,0,1593,1]
11-29 07:43:29.414 1491 1760 I GameModeConfig: isGameModeOn = false
11-29 07:43:29.414 1491 1760 I GameModeConfig: isGameModeOn = false
11-29 07:43:29.414 1491 1760 I GameModeConfig: isGameModeOn = false
11-29 07:43:29.414 1491 1760 I GameModeConfig: isGameModeOn = false
11-29 07:43:29.415 1491 1760 I GameModeConfig: isGameModeOn = false
11-29 07:43:29.415 1491 1760 I GameModeConfig: isGameModeOn = false
11-29 07:43:29.415 1491 1760 I GameModeConfig: isGameModeOn = false
11-29 07:43:29.415 1491 1760 I GameModeConfig: isGameModeOn = false
11-29 07:43:29.415 1491 1760 I GameModeConfig: isGameModeOn = false
11-29 07:43:29.415 1491 1760 I GameModeConfig: isGameModeOn = false
11-29 07:43:29.416 30912 30912 I sysui_multi_action: [757,111,758,2]
11-29 07:43:29.416 30912 30912 I sysui_multi_action: [757,111,758,2]
11-29 07:43:29.416 1491 1491 I GameModeConfig: isGameModeOn = false
11-29 07:43:29.417 1491 1491 E NotificationService: Muting recently noisy 0|com.android.systemui|2048|null|10082
11-29 07:43:29.417 1491 1491 I notification_enqueue: [10082,30912,com.android.systemui,2048,NULL,0,Notification(channel=updateNotification shortcut=null contentView=null vibrate=null sound=null defaults=0x0 flags=0x0 color=0x00000000 vis=PRIVATE),1]
11-29 07:43:29.419 30912 30912 I sysui_multi_action: [757,111,758,1]
11-29 07:43:29.419 30912 30912 I sysui_multi_action: [757,126,758,1,759,126,927,0,928,1,1593,1]
11-29 07:43:29.419 30912 30912 I sysui_multi_action: [757,113,758,1,759,113,927,1,928,1,1593,1]
11-29 07:43:29.419 30912 30912 I sysui_multi_action: [757,0,758,1,759,0,927,2,928,0,1593,1]
11-29 07:43:29.419 30912 30912 I sysui_multi_action: [757,0,758,1,759,0,927,3,928,0,1593,1]
11-29 07:43:29.419 30912 30912 I sysui_multi_action: [757,491,758,1,759,491,927,4,928,0,1311,-1,1593,0]
11-29 07:43:29.419 30912 30912 I sysui_multi_action: [757,0,758,1,759,0,927,5,928,0,1593,0]
11-29 07:43:29.419 30912 30912 I sysui_multi_action: [757,111,758,1]
11-29 07:43:29.419 30912 30912 I sysui_multi_action: [757,126,758,1,759,126,927,0,928,1,1593,1]
11-29 07:43:29.419 30912 30912 I sysui_multi_action: [757,113,758,1,759,113,927,1,928,1,1593,1]
11-29 07:43:29.419 30912 30912 I sysui_multi_action: [757,0,758,1,759,0,927,2,928,0,1593,1]
11-29 07:43:29.419 30912 30912 I sysui_multi_action: [757,0,758,1,759,0,927,3,928,0,1593,1]
11-29 07:43:29.433 1491 1491 I GameModeConfig: isGameModeOn = false
11-29 07:43:29.434 1491 1491 E NotificationService: Muting recently noisy 0|com.android.systemui|2048|null|10082
11-29 07:43:29.436 30912 30912 I sysui_multi_action: [757,111,758,2]
11-29 07:43:29.437 30912 30912 I sysui_multi_action: [757,111,758,2]
11-29 07:43:29.437 1491 1491 I notification_enqueue: [10082,30912,com.android.systemui,2048,NULL,0,Notification(channel=updateNotification shortcut=null contentView=null vibrate=null sound=null defaults=0x0 flags=0x0 color=0x00000000 vis=PRIVATE),1]
11-29 07:43:29.438 1491 1760 I GameModeConfig: isGameModeOn = false
11-29 07:43:29.438 1491 1760 I GameModeConfig: isGameModeOn = false
11-29 07:43:29.438 1491 1760 I GameModeConfig: isGameModeOn = false
11-29 07:43:29.438 1491 1760 I GameModeConfig: isGameModeOn = false
11-29 07:43:29.438 1491 1760 I GameModeConfig: isGameModeOn = false
11-29 07:43:29.438 1491 1760 I GameModeConfig: isGameModeOn = false
11-29 07:43:29.439 1491 1760 I GameModeConfig: isGameModeOn = false
11-29 07:43:29.439 1491 1760 I GameModeConfig: isGameModeOn = false
11-29 07:43:29.439 1491 1760 I GameModeConfig: isGameModeOn = false
11-29 07:43:29.439 1491 1760 I GameModeConfig: isGameModeOn = false
11-29 07:43:29.439 30912 30912 I sysui_multi_action: [757,111,758,1]
11-29 07:43:29.439 30912 30912 I sysui_multi_action: [757,126,758,1,759,126,927,0,928,1,1593,1]
11-29 07:43:29.439 30912 30912 I sysui_multi_action: [757,113,758,1,759,113,927,1,928,1,1593,1]
11-29 07:43:29.439 30912 30912 I sysui_multi_action: [757,0,758,1,759,0,927,2,928,0,1593,1]
11-29 07:43:29.439 30912 30912 I sysui_multi_action: [757,0,758,1,759,0,927,3,928,0,1593,1]
11-29 07:43:29.440 30912 30912 I sysui_multi_action: [757,491,758,1,759,491,927,4,928,0,1311,-1,1593,0]
11-29 07:43:29.440 30912 30912 I sysui_multi_action: [757,0,758,1,759,0,927,5,928,0,1593,0]
11-29 07:43:29.440 30912 30912 I sysui_multi_action: [757,111,758,1]
11-29 07:43:29.440 30912 30912 I sysui_multi_action: [757,126,758,1,759,126,927,0,928,1,1593,1]
11-29 07:43:29.440 30912 30912 I sysui_multi_action: [757,113,758,1,759,113,927,1,928,1,1593,1]
11-29 07:43:29.440 30912 30912 I sysui_multi_action: [757,0,758,1,759,0,927,2,928,0,1593,1]
11-29 07:43:29.440 30912 30912 I sysui_multi_action: [757,0,758,1,759,0,927,3,928,0,1593,1]
11-29 07:43:29.449 1491 1491 I GameModeConfig: isGameModeOn = false
11-29 07:43:29.449 1491 1491 E NotificationService: Muting recently noisy 0|com.android.systemui|2048|null|10082
11-29 07:43:29.450 1491 1760 I GameModeConfig: isGameModeOn = false
11-29 07:43:29.450 1491 1760 I GameModeConfig: isGameModeOn = false
11-29 07:43:29.450 1491 1760 I GameModeConfig: isGameModeOn = false
11-29 07:43:29.451 1491 1760 I GameModeConfig: isGameModeOn = false
11-29 07:43:29.451 1491 1760 I GameModeConfig: isGameModeOn = false
11-29 07:43:29.451 1491 1760 I GameModeConfig: isGameModeOn = false
11-29 07:43:29.451 1491 1760 I GameModeConfig: isGameModeOn = false
11-29 07:43:29.451 1491 1760 I GameModeConfig: isGameModeOn = false
11-29 07:43:29.451 1491 1760 I GameModeConfig: isGameModeOn = false
11-29 07:43:29.451 1491 1760 I GameModeConfig: isGameModeOn = false
11-29 07:43:29.452 30912 30912 I sysui_multi_action: [757,111,758,2]
11-29 07:43:29.452 30912 30912 I sysui_multi_action: [757,111,758,2]
11-29 07:43:29.452 1491 1491 I notification_enqueue: [10082,30912,com.android.systemui,2048,NULL,0,Notification(channel=updateNotification shortcut=null contentView=null vibrate=null sound=null defaults=0x0 flags=0x0 color=0x00000000 vis=PRIVATE),1]
11-29 07:43:29.454 30912 30912 I sysui_multi_action: [757,111,758,1]
11-29 07:43:29.454 30912 30912 I sysui_multi_action: [757,126,758,1,759,126,927,0,928,1,1593,1]
11-29 07:43:29.454 30912 30912 I sysui_multi_action: [757,113,758,1,759,113,927,1,928,1,1593,1]
11-29 07:43:29.454 30912 30912 I sysui_multi_action: [757,0,758,1,759,0,927,2,928,0,1593,1]
11-29 07:43:29.454 30912 30912 I sysui_multi_action: [757,0,758,1,759,0,927,3,928,0,1593,1]
11-29 07:43:29.455 30912 30912 I sysui_multi_action: [757,491,758,1,759,491,927,4,928,0,1311,-1,1593,0]
11-29 07:43:29.455 30912 30912 I sysui_multi_action: [757,0,758,1,759,0,927,5,928,0,1593,0]
11-29 07:43:29.455 30912 30912 I sysui_multi_action: [757,111,758,1]
11-29 07:43:29.455 30912 30912 I sysui_multi_action: [757,126,758,1,759,126,927,0,928,1,1593,1]
11-29 07:43:29.455 30912 30912 I sysui_multi_action: [757,113,758,1,759,113,927,1,928,1,1593,1]
11-29 07:43:29.455 30912 30912 I sysui_multi_action: [757,0,758,1,759,0,927,2,928,0,1593,1]
11-29 07:43:29.455 30912 30912 I sysui_multi_action: [757,0,758,1,759,0,927,3,928,0,1593,1]
11-29 07:43:29.464 1491 1760 I GameModeConfig: isGameModeOn = false
11-29 07:43:29.464 1491 1760 I GameModeConfig: isGameModeOn = false
11-29 07:43:29.464 1491 1760 I GameModeConfig: isGameModeOn = false
11-29 07:43:29.464 1491 1760 I GameModeConfig: isGameModeOn = false
11-29 07:43:29.464 1491 1760 I GameModeConfig: isGameModeOn = false
11-29 07:43:29.465 1491 1760 I GameModeConfig: isGameModeOn = false
11-29 07:43:29.465 1491 1760 I GameModeConfig: isGameModeOn = false
11-29 07:43:29.465 1491 1760 I GameModeConfig: isGameModeOn = false
11-29 07:43:29.465 1491 1760 I GameModeConfig: isGameModeOn = false
11-29 07:43:29.465 1491 1760 I GameModeConfig: isGameModeOn = false
11-29 07:43:29.466 30912 30912 I sysui_multi_action: [757,111,758,2]
11-29 07:43:29.466 30912 30912 I sysui_multi_action: [757,111,758,2]
11-29 07:43:29.466 1491 1491 I notification_enqueue: [10082,30912,com.android.systemui,2048,NULL,0,Notification(channel=updateNotification shortcut=null contentView=null vibrate=null sound=null defaults=0x0 flags=0x0 color=0x00000000 vis=PRIVATE),1]
11-29 07:43:29.467 1491 1491 I GameModeConfig: isGameModeOn = false
11-29 07:43:29.468 30912 30912 I sysui_multi_action: [757,111,758,1]
11-29 07:43:29.468 30912 30912 I sysui_multi_action: [757,126,758,1,759,126,927,0,928,1,1593,1]
11-29 07:43:29.468 30912 30912 I sysui_multi_action: [757,113,758,1,759,113,927,1,928,1,1593,1]
11-29 07:43:29.468 1491 1491 E NotificationService: Muting recently noisy 0|com.android.systemui|2048|null|10082
11-29 07:43:29.468 30912 30912 I sysui_multi_action: [757,0,758,1,759,0,927,2,928,0,1593,1]
11-29 07:43:29.468 30912 30912 I sysui_multi_action: [757,0,758,1,759,0,927,3,928,0,1593,1]
11-29 07:43:29.468 30912 30912 I sysui_multi_action: [757,491,758,1,759,491,927,4,928,0,1311,-1,1593,0]
11-29 07:43:29.468 30912 30912 I sysui_multi_action: [757,0,758,1,759,0,927,5,928,0,1593,0]
11-29 07:43:29.468 30912 30912 I sysui_multi_action: [757,111,758,1]
11-29 07:43:29.468 30912 30912 I sysui_multi_action: [757,126,758,1,759,126,927,0,928,1,1593,1]
11-29 07:43:29.468 30912 30912 I sysui_multi_action: [757,113,758,1,759,113,927,1,928,1,1593,1]
11-29 07:43:29.468 30912 30912 I sysui_multi_action: [757,0,758,1,759,0,927,2,928,0,1593,1]
11-29 07:43:29.468 30912 30912 I sysui_multi_action: [757,0,758,1,759,0,927,3,928,0,1593,1]
11-29 07:43:29.481 30912 30912 I sysui_multi_action: [757,111,758,2]
11-29 07:43:29.481 30912 30912 I sysui_multi_action: [757,111,758,2]
11-29 07:43:29.482 1491 1491 I notification_enqueue: [10082,30912,com.android.systemui,2048,NULL,0,Notification(channel=updateNotification shortcut=null contentView=null vibrate=null sound=null defaults=0x0 flags=0x0 color=0x00000000 vis=PRIVATE),1]
11-29 07:43:29.483 30912 30912 I sysui_multi_action: [757,111,758,1]
11-29 07:43:29.483 30912 30912 I sysui_multi_action: [757,126,758,1,759,126,927,0,928,1,1593,1]
11-29 07:43:29.483 30912 30912 I sysui_multi_action: [757,113,758,1,759,113,927,1,928,1,1593,1]
11-29 07:43:29.483 30912 30912 I sysui_multi_action: [757,0,758,1,759,0,927,2,928,0,1593,1]
11-29 07:43:29.483 30912 30912 I sysui_multi_action: [757,0,758,1,759,0,927,3,928,0,1593,1]
11-29 07:43:29.484 30912 30912 I sysui_multi_action: [757,491,758,1,759,491,927,4,928,0,1311,-1,1593,0]
11-29 07:43:29.484 30912 30912 I sysui_multi_action: [757,0,758,1,759,0,927,5,928,0,1593,0]
11-29 07:43:29.484 30912 30912 I sysui_multi_action: [757,111,758,1]
11-29 07:43:29.484 1491 1491 I GameModeConfig: isGameModeOn = false
11-29 07:43:29.484 30912 30912 I sysui_multi_action: [757,126,758,1,759,126,927,0,928,1,1593,1]
11-29 07:43:29.484 30912 30912 I sysui_multi_action: [757,113,758,1,759,113,927,1,928,1,1593,1]
11-29 07:43:29.484 30912 30912 I sysui_multi_action: [757,0,758,1,759,0,927,2,928,0,1593,1]
11-29 07:43:29.484 30912 30912 I sysui_multi_action: [757,0,758,1,759,0,927,3,928,0,1593,1]
11-29 07:43:29.484 1491 1491 E NotificationService: Muting recently noisy 0|com.android.systemui|2048|null|10082
11-29 07:43:29.485 1491 1760 I GameModeConfig: isGameModeOn = false
11-29 07:43:29.491 1491 1760 I GameModeConfig: isGameModeOn = false
11-29 07:43:29.491 1491 1760 I GameModeConfig: isGameModeOn = false
11-29 07:43:29.491 1491 1760 I GameModeConfig: isGameModeOn = false
11-29 07:43:29.491 1491 1760 I GameModeConfig: isGameModeOn = false
11-29 07:43:29.492 1491 1760 I GameModeConfig: isGameModeOn = false
11-29 07:43:29.492 1491 1760 I GameModeConfig: isGameModeOn = false
11-29 07:43:29.492 1491 1760 I GameModeConfig: isGameModeOn = false
11-29 07:43:29.492 1491 1760 I GameModeConfig: isGameModeOn = false
11-29 07:43:29.492 1491 1760 I GameModeConfig: isGameModeOn = false
11-29 07:43:29.497 1491 1760 I GameModeConfig: isGameModeOn = false
11-29 07:43:29.498 1491 1760 I GameModeConfig: isGameModeOn = false
11-29 07:43:29.498 1491 1760 I GameModeConfig: isGameModeOn = false
11-29 07:43:29.498 1491 1760 I GameModeConfig: isGameModeOn = false
11-29 07:43:29.498 1491 1760 I GameModeConfig: isGameModeOn = false
11-29 07:43:29.498 1491 1760 I GameModeConfig: isGameModeOn = false
11-29 07:43:29.498 1491 1760 I GameModeConfig: isGameModeOn = false
11-29 07:43:29.498 1491 1760 I GameModeConfig: isGameModeOn = false
11-29 07:43:29.498 1491 1760 I GameModeConfig: isGameModeOn = false
11-29 07:43:29.498 1491 1760 I GameModeConfig: isGameModeOn = false
11-29 07:43:29.499 30912 30912 I sysui_multi_action: [757,111,758,2]
11-29 07:43:29.499 30912 30912 I sysui_multi_action: [757,111,758,2]
11-29 07:43:29.499 1491 1491 I notification_enqueue: [10082,30912,com.android.systemui,2048,NULL,0,Notification(channel=updateNotification shortcut=null contentView=null vibrate=null sound=null defaults=0x0 flags=0x0 color=0x00000000 vis=PRIVATE),1]
11-29 07:43:29.501 1491 1491 I GameModeConfig: isGameModeOn = false
11-29 07:43:29.501 1491 1491 E NotificationService: Muting recently noisy 0|com.android.systemui|2048|null|10082
11-29 07:43:29.512 1491 1600 I input_focus: [Focus request cd0514f com.android.launcher3/com.android.launcher3.uioverrides.QuickstepLauncher,reason=UpdateInputWindows]
11-29 07:43:29.513 30912 30912 I sysui_multi_action: [757,111,758,1]
11-29 07:43:29.513 30912 30912 I sysui_multi_action: [757,126,758,1,759,126,927,0,928,1,1593,1]
11-29 07:43:29.513 30912 30912 I sysui_multi_action: [757,113,758,1,759,113,927,1,928,1,1593,1]
11-29 07:43:29.513 30912 30912 I sysui_multi_action: [757,0,758,1,759,0,927,2,928,0,1593,1]
11-29 07:43:29.513 30912 30912 I sysui_multi_action: [757,0,758,1,759,0,927,3,928,0,1593,1]
11-29 07:43:29.513 30912 30912 I sysui_multi_action: [757,491,758,1,759,491,927,4,928,0,1311,-1,1593,0]
11-29 07:43:29.514 30912 30912 I sysui_multi_action: [757,0,758,1,759,0,927,5,928,0,1593,0]
11-29 07:43:29.514 30912 30912 I sysui_multi_action: [757,111,758,1]
11-29 07:43:29.514 30912 30912 I sysui_multi_action: [757,126,758,1,759,126,927,0,928,1,1593,1]
11-29 07:43:29.514 30912 30912 I sysui_multi_action: [757,113,758,1,759,113,927,1,928,1,1593,1]
11-29 07:43:29.514 30912 30912 I sysui_multi_action: [757,0,758,1,759,0,927,2,928,0,1593,1]
11-29 07:43:29.514 30912 30912 I sysui_multi_action: [757,0,758,1,759,0,927,3,928,0,1593,1]
11-29 07:43:29.518 1491 1491 I GameModeConfig: isGameModeOn = false
11-29 07:43:29.518 1491 1491 E NotificationService: Muting recently noisy 0|com.android.systemui|2048|null|10082
11-29 07:43:29.524 1491 1760 I GameModeConfig: isGameModeOn = false
11-29 07:43:29.524 1491 1760 I GameModeConfig: isGameModeOn = false
11-29 07:43:29.525 1491 1760 I GameModeConfig: isGameModeOn = false
11-29 07:43:29.525 1491 1760 I GameModeConfig: isGameModeOn = false
11-29 07:43:29.525 1491 1760 I GameModeConfig: isGameModeOn = false
11-29 07:43:29.525 1491 1760 I GameModeConfig: isGameModeOn = false
11-29 07:43:29.525 1491 1760 I GameModeConfig: isGameModeOn = false
11-29 07:43:29.526 1491 1760 I GameModeConfig: isGameModeOn = false
11-29 07:43:29.526 1491 1760 I GameModeConfig: isGameModeOn = false
11-29 07:43:29.526 1491 1760 I GameModeConfig: isGameModeOn = false
11-29 07:43:29.527 30912 30912 I sysui_multi_action: [757,111,758,2]
11-29 07:43:29.527 30912 30912 I sysui_multi_action: [757,111,758,2]
11-29 07:43:29.527 1491 1491 I notification_enqueue: [10082,30912,com.android.systemui,2048,NULL,0,Notification(channel=updateNotification shortcut=null contentView=null vibrate=null sound=null defaults=0x0 flags=0x0 color=0x00000000 vis=PRIVATE),1]
11-29 07:43:29.528 1491 9316 I sysui_multi_action: [757,128,758,2,793,1401476,794,970,795,1401476,796,115,798,6,806,com.tencent.android.qqdownloader,857,channel_id_default_silent,858,3,946,com.tencent.android.qqdownloader,947,1,1395,8,1500,1401476,1688,1]
11-29 07:43:29.529 1491 9316 I notification_visibility: [0|com.tencent.android.qqdownloader|115|null|10097,0,1401476,1401476,0,6]
11-29 07:43:29.529 1491 9316 I sysui_multi_action: [757,128,758,2,793,68561,794,971,795,68561,796,1,798,7,806,com.tencent.tmgp.pubgmhd,857,my_channel_01,858,3,947,0,1395,8,1500,68354,1688,1]
11-29 07:43:29.529 1491 9316 I notification_visibility: [0|com.tencent.tmgp.pubgmhd|1|null|10099,0,68561,68561,0,7]
11-29 07:43:29.529 1491 2059 I sysui_multi_action: [757,127,758,2]
11-29 07:43:29.529 1491 2059 I notification_panel_hidden:
11-29 07:43:29.535 1491 1491 I GameModeConfig: isGameModeOn = false
11-29 07:43:29.535 1491 1491 E NotificationService: Muting recently noisy 0|com.android.systemui|2048|null|10082
11-29 07:43:29.535 30912 30912 I sysui_multi_action: [757,111,758,1]
11-29 07:43:29.536 30912 30912 I sysui_multi_action: [757,126,758,1,759,126,927,0,928,1,1593,1]
11-29 07:43:29.536 30912 30912 I sysui_multi_action: [757,113,758,1,759,113,927,1,928,1,1593,1]
11-29 07:43:29.536 30912 30912 I sysui_multi_action: [757,0,758,1,759,0,927,2,928,0,1593,1]
