11-29 07:49:34.079 0 0 I auditd : type=1400 audit(0.0:19004): avc: denied { kill } for comm="swapper/2" capability=5 scontext=u:r:kernel:s0 tcontext=u:r:kernel:s0 tclass=capability permissive=0
11-29 07:49:34.143 1491 7658 W ActivityManager: Unable to start service Intent { act=com.tencent.tpns.mqttchannel.FEEDBACK pkg=com.tencent.tmgp.pubgmhd } U=0: not found
11-29 07:49:35.774 1491 1723 I netstats_mobile_sample: [0,0,0,0,0,0,0,0,0,0,0,0,1669679375774]
11-29 07:49:35.775 1491 1723 I netstats_wifi_sample: [6430956179,5346627,218640082,1043436,6430953379,5346625,218640042,1043435,6513813993,5990814,127983995,838123,1669679375774]
11-29 07:49:36.079 0 0 I auditd : type=1400 audit(0.0:19005): avc: denied { kill } for comm="swapper/2" capability=5 scontext=u:r:kernel:s0 tcontext=u:r:kernel:s0 tclass=capability permissive=0
11-29 07:49:38.017 1491 1723 I netstats_mobile_sample: [0,0,0,0,0,0,0,0,0,0,0,0,1669679378017]
11-29 07:49:38.018 1491 1723 I netstats_wifi_sample: [6434544327,5349697,218683919,1043758,6434544327,5349697,218683919,1043758,6517420729,5993898,128014187,838420,1669679378017]
11-29 07:49:38.079 0 0 I auditd : type=1400 audit(0.0:19006): avc: denied { kill } for comm="swapper/2" capability=5 scontext=u:r:kernel:s0 tcontext=u:r:kernel:s0 tclass=capability permissive=0
11-29 07:49:40.369 1491 1723 I netstats_mobile_sample: [0,0,0,0,0,0,0,0,0,0,0,0,1669679380368]
11-29 07:49:40.369 1491 1723 I netstats_wifi_sample: [6438085720,5352764,218727040,1044071,6438085720,5352764,218727040,1044071,6520957029,5997006,128043033,838698,1669679380368]
11-29 07:49:43.079 0 0 I auditd : type=1400 audit(0.0:19007): avc: denied { kill } for comm="swapper/2" capability=5 scontext=u:r:kernel:s0 tcontext=u:r:kernel:s0 tclass=capability permissive=0
11-29 07:49:45.079 0 0 I auditd : type=1400 audit(0.0:19008): avc: denied { kill } for comm="swapper/2" capability=5 scontext=u:r:kernel:s0 tcontext=u:r:kernel:s0 tclass=capability permissive=0
11-29 07:49:46.079 0 0 I auditd : type=1400 audit(0.0:19009): avc: denied { kill } for comm="swapper/2" capability=5 scontext=u:r:kernel:s0 tcontext=u:r:kernel:s0 tclass=capability permissive=0
11-29 07:49:47.079 0 0 I auditd : type=1400 audit(0.0:19010): avc: denied { kill } for comm="swapper/2" capability=5 scontext=u:r:kernel:s0 tcontext=u:r:kernel:s0 tclass=capability permissive=0
11-29 07:49:47.390 1491 1723 I netstats_mobile_sample: [0,0,0,0,0,0,0,0,0,0,0,0,1669679387390]
11-29 07:49:47.391 1491 1723 I netstats_wifi_sample: [6440106607,5354451,218858254,1044976,6440106607,5354451,218858254,1044976,6523009016,5998805,128134981,839518,1669679387390]
11-29 07:49:47.494 1491 1608 I am_uid_idle: 10063
11-29 07:49:48.079 0 0 I auditd : type=1400 audit(0.0:19011): avc: denied { kill } for comm="swapper/2" capability=5 scontext=u:r:kernel:s0 tcontext=u:r:kernel:s0 tclass=capability permissive=0
11-29 07:49:50.079 0 0 I auditd : type=1400 audit(0.0:19012): avc: denied { kill } for comm="swapper/2" capability=5 scontext=u:r:kernel:s0 tcontext=u:r:kernel:s0 tclass=capability permissive=0
11-29 07:49:50.459 29251 29251 I auditd : type=1400 audit(0.0:19013): avc: denied { search } for comm="Thread-308" name="net" dev="sysfs" ino=46907 scontext=u:r:untrusted_app_27:s0:c512,c768 tcontext=u:object_r:sysfs_net:s0 tclass=dir permissive=0 app=com.tencent.tmgp.pubgmhd
11-29 07:49:50.459 29251 29251 I auditd : type=1400 audit(0.0:19014): avc: denied { search } for comm="Thread-308" name="net" dev="sysfs" ino=46907 scontext=u:r:untrusted_app_27:s0:c512,c768 tcontext=u:object_r:sysfs_net:s0 tclass=dir permissive=0 app=com.tencent.tmgp.pubgmhd
11-29 07:49:50.467 29251 29251 I auditd : type=1400 audit(0.0:19015): avc: denied { search } for comm="Thread-308" name="net" dev="sysfs" ino=46907 scontext=u:r:untrusted_app_27:s0:c512,c768 tcontext=u:object_r:sysfs_net:s0 tclass=dir permissive=0 app=com.tencent.tmgp.pubgmhd
11-29 07:49:50.467 29251 29251 I auditd : type=1400 audit(0.0:19016): avc: denied { search } for comm="Thread-308" name="net" dev="sysfs" ino=46907 scontext=u:r:untrusted_app_27:s0:c512,c768 tcontext=u:object_r:sysfs_net:s0 tclass=dir permissive=0 app=com.tencent.tmgp.pubgmhd
11-29 07:49:52.046 1491 1674 D ActivityManager: freezing 5601 com.thundercomm.screensaver
11-29 07:49:52.046 1491 1674 E ActivityManager: Unable to freeze binder for 5601 com.thundercomm.screensaver
11-29 07:49:52.050 1491 1674 D ActivityManager: froze 5601 com.thundercomm.screensaver
11-29 07:49:52.050 1491 1674 I am_freeze: [5601,com.thundercomm.screensaver]
11-29 07:49:52.050 1491 1674 E ActivityManager: Unable to freeze binder for 5601 com.thundercomm.screensaver
11-29 07:49:52.052 1491 1674 I ActivityManager: Killing 5601:com.thundercomm.screensaver/u0a52 (adj 999): Unable to freeze binder interface
11-29 07:49:52.053 1491 1674 I am_kill : [0,5601,com.thundercomm.screensaver,999,Unable to freeze binder interface]
11-29 07:49:52.108 1491 7658 I am_proc_died: [0,5601,com.thundercomm.screensaver,999,19]
11-29 07:49:52.109 1491 7658 I am_uid_stopped: 10052
11-29 07:49:52.115 1491 1599 W ActivityManager: setHasOverlayUi called on unknown pid: 5601
11-29 07:49:52.128 1491 1607 I am_pss : [1132,10099,com.tencent.tmgp.pubgmhd:tgaPlugin,27974656,19578880,13312,125919232,0,19,8]
11-29 07:49:53.079 0 0 I auditd : type=1400 audit(0.0:19018): avc: denied { kill } for comm="swapper/2" capability=5 scontext=u:r:kernel:s0 tcontext=u:r:kernel:s0 tclass=capability permissive=0
11-29 07:49:53.990 1491 1491 I notification_enqueue: [10097,27146,com.tencent.android.qqdownloader,127,NULL,0,Notification(channel=channel_id_default_silent shortcut=null contentView=com.tencent.android.qqdownloader/0x7f0a01c2 vibrate=null sound=null defaults=0x0 flags=0x2a0 color=0x00000000 groupKey=com.tencent.android.qqdownloader vis=PRIVATE),1]
11-29 07:49:54.192 1491 1491 I GameModeConfig: isGameModeOn = false
11-29 07:49:54.350 1491 1693 I input_interaction: Interaction with: Letterbox_right_ActivityRecord{21a8f7a u0 com.tencent.tmgp.pubgmhd/com.epicgames.ue4.GameActivity t223} (server), edge-swipe (server), swipe-up (server), PointerEventDispatcher0 (server),
11-29 07:49:55.079 0 0 I auditd : type=1400 audit(0.0:19019): avc: denied { kill } for comm="swapper/0" capability=5 scontext=u:r:kernel:s0 tcontext=u:r:kernel:s0 tclass=capability permissive=0
11-29 07:49:56.079 0 0 I auditd : type=1400 audit(0.0:19020): avc: denied { kill } for comm="swapper/0" capability=5 scontext=u:r:kernel:s0 tcontext=u:r:kernel:s0 tclass=capability permissive=0
11-29 07:49:57.079 0 0 I auditd : type=1400 audit(0.0:19021): avc: denied { kill } for comm="swapper/0" capability=5 scontext=u:r:kernel:s0 tcontext=u:r:kernel:s0 tclass=capability permissive=0
11-29 07:49:58.079 0 0 I auditd : type=1400 audit(0.0:19022): avc: denied { kill } for comm="swapper/0" capability=5 scontext=u:r:kernel:s0 tcontext=u:r:kernel:s0 tclass=capability permissive=0
11-29 07:49:59.079 353 353 I auditd : type=1400 audit(0.0:19023): avc: denied { kill } for comm="irq/382-atmel_m" capability=5 scontext=u:r:kernel:s0 tcontext=u:r:kernel:s0 tclass=capability permissive=0
11-29 07:50:01.079 0 0 I auditd : type=1400 audit(0.0:19024): avc: denied { kill } for comm="swapper/0" capability=5 scontext=u:r:kernel:s0 tcontext=u:r:kernel:s0 tclass=capability permissive=0
11-29 07:50:02.079 0 0 I auditd : type=1400 audit(0.0:19025): avc: denied { kill } for comm="swapper/0" capability=5 scontext=u:r:kernel:s0 tcontext=u:r:kernel:s0 tclass=capability permissive=0
11-29 07:50:04.079 353 353 I auditd : type=1400 audit(0.0:19026): avc: denied { kill } for comm="irq/382-atmel_m" capability=5 scontext=u:r:kernel:s0 tcontext=u:r:kernel:s0 tclass=capability permissive=0
11-29 07:50:05.079 0 0 I auditd : type=1400 audit(0.0:19027): avc: denied { kill } for comm="swapper/2" capability=5 scontext=u:r:kernel:s0 tcontext=u:r:kernel:s0 tclass=capability permissive=0
11-29 07:50:06.079 0 0 I auditd : type=1400 audit(0.0:19028): avc: denied { kill } for comm="swapper/2" capability=5 scontext=u:r:kernel:s0 tcontext=u:r:kernel:s0 tclass=capability permissive=0
11-29 07:50:07.037 1491 7658 I snet_event_log: [172655291,-1,]
11-29 07:50:08.079 0 0 I auditd : type=1400 audit(0.0:19029): avc: denied { kill } for comm="swapper/3" capability=5 scontext=u:r:kernel:s0 tcontext=u:r:kernel:s0 tclass=capability permissive=0
11-29 07:50:09.550 1491 1763 I storage_state: [41217664-9172-527a-b3d5-edabb50a7d69,0,0,108686782464,118610538496]
11-29 07:50:10.265 1491 1693 I input_interaction: Interaction with: 1b49df com.tencent.tmgp.pubgmhd/com.epicgames.ue4.GameActivity (server), edge-swipe (server), swipe-up (server), PointerEventDispatcher0 (server),
11-29 07:50:12.079 0 0 I auditd : type=1400 audit(0.0:19030): avc: denied { kill } for comm="swapper/3" capability=5 scontext=u:r:kernel:s0 tcontext=u:r:kernel:s0 tclass=capability permissive=0
11-29 07:50:14.079 0 0 I auditd : type=1400 audit(0.0:19031): avc: denied { kill } for comm="swapper/3" capability=5 scontext=u:r:kernel:s0 tcontext=u:r:kernel:s0 tclass=capability permissive=0
11-29 07:50:15.079 0 0 I auditd : type=1400 audit(0.0:19032): avc: denied { kill } for comm="swapper/3" capability=5 scontext=u:r:kernel:s0 tcontext=u:r:kernel:s0 tclass=capability permissive=0
11-29 07:50:15.511 29251 29251 I auditd : type=1400 audit(0.0:19033): avc: granted { nlmsg_readpriv } for comm="Thread-152" scontext=u:r:untrusted_app_27:s0:c512,c768 tcontext=u:r:untrusted_app_27:s0:c512,c768 tclass=netlink_route_socket app=com.tencent.tmgp.pubgmhd
11-29 07:50:15.511 29251 29251 I auditd : type=1400 audit(0.0:19034): avc: denied { read } for comm="Thread-152" name="/" dev="tmpfs" ino=13315 scontext=u:r:untrusted_app_27:s0:c512,c768 tcontext=u:object_r:device:s0 tclass=dir permissive=0 app=com.tencent.tmgp.pubgmhd
11-29 07:50:17.079 0 0 I auditd : type=1400 audit(0.0:19035): avc: denied { kill } for comm="swapper/3" capability=5 scontext=u:r:kernel:s0 tcontext=u:r:kernel:s0 tclass=capability permissive=0
11-29 07:50:17.773 1491 1491 I service_manager_stats: [100,72,55365]
11-29 07:50:18.079 0 0 I auditd : type=1400 audit(0.0:19036): avc: denied { kill } for comm="swapper/3" capability=5 scontext=u:r:kernel:s0 tcontext=u:r:kernel:s0 tclass=capability permissive=0
11-29 07:50:19.079 0 0 I auditd : type=1400 audit(0.0:19037): avc: denied { kill } for comm="swapper/3" capability=5 scontext=u:r:kernel:s0 tcontext=u:r:kernel:s0 tclass=capability permissive=0
11-29 07:50:22.079 0 0 I auditd : type=1400 audit(0.0:19038): avc: denied { kill } for comm="swapper/3" capability=5 scontext=u:r:kernel:s0 tcontext=u:r:kernel:s0 tclass=capability permissive=0
11-29 07:50:25.079 0 0 I auditd : type=1400 audit(0.0:19039): avc: denied { kill } for comm="swapper/3" capability=5 scontext=u:r:kernel:s0 tcontext=u:r:kernel:s0 tclass=capability permissive=0
11-29 07:50:26.079 0 0 I auditd : type=1400 audit(0.0:19040): avc: denied { kill } for comm="swapper/3" capability=5 scontext=u:r:kernel:s0 tcontext=u:r:kernel:s0 tclass=capability permissive=0
11-29 07:50:27.298 1491 1674 D ActivityManager: freezing 31029 com.android.calendar
11-29 07:50:27.298 1491 1674 E ActivityManager: Unable to freeze binder for 31029 com.android.calendar
11-29 07:50:27.300 1491 1674 D ActivityManager: froze 31029 com.android.calendar
11-29 07:50:27.300 1491 1674 I am_freeze: [31029,com.android.calendar]
11-29 07:50:27.300 1491 1674 E ActivityManager: Unable to freeze binder for 31029 com.android.calendar
11-29 07:50:27.303 1491 1674 D ActivityManager: freezing 31028 com.hryt.hiphishowfsecontrol
11-29 07:50:27.303 1491 1674 E ActivityManager: Unable to freeze binder for 31028 com.hryt.hiphishowfsecontrol
11-29 07:50:27.304 1491 1674 D ActivityManager: froze 31028 com.hryt.hiphishowfsecontrol
11-29 07:50:27.304 1491 1674 I am_freeze: [31028,com.hryt.hiphishowfsecontrol]
11-29 07:50:27.304 1491 1674 E ActivityManager: Unable to freeze binder for 31028 com.hryt.hiphishowfsecontrol
11-29 07:50:27.305 1491 1674 I ActivityManager: Killing 31029:com.android.calendar/u0a64 (adj 945): Unable to freeze binder interface
11-29 07:50:27.306 1491 1674 I am_kill : [0,31029,com.android.calendar,945,Unable to freeze binder interface]
11-29 07:50:27.310 1491 1674 I ActivityManager: Killing 31028:com.hryt.hiphishowfsecontrol/u0a20 (adj 945): Unable to freeze binder interface
11-29 07:50:27.310 1491 1674 I am_kill : [0,31028,com.hryt.hiphishowfsecontrol,945,Unable to freeze binder interface]
11-29 07:50:27.337 1491 10783 I am_proc_died: [0,31029,com.android.calendar,945,19]
11-29 07:50:27.338 1491 10783 I am_uid_stopped: 10064
11-29 07:50:27.358 1491 10783 I am_proc_died: [0,31028,com.hryt.hiphishowfsecontrol,945,19]
11-29 07:50:27.359 1491 10783 I am_uid_stopped: 10020
11-29 07:50:27.362 1491 1599 I am_uid_running: 10020
11-29 07:50:27.362 1491 1599 D CompatibilityChangeReporter: Compat change id reported: 135634846; UID 10020; state: DISABLED
11-29 07:50:27.363 1491 1599 D CompatibilityChangeReporter: Compat change id reported: 177438394; UID 10020; state: DISABLED
11-29 07:50:27.363 1491 1599 D CompatibilityChangeReporter: Compat change id reported: 135772972; UID 10020; state: DISABLED
11-29 07:50:27.363 1491 1599 D CompatibilityChangeReporter: Compat change id reported: 135754954; UID 10020; state: ENABLED
11-29 07:50:27.363 1491 1609 D CompatibilityChangeReporter: Compat change id reported: 143937733; UID 10020; state: ENABLED
11-29 07:50:27.363 1491 1599 I am_uid_running: 10064
11-29 07:50:27.363 1491 1599 D CompatibilityChangeReporter: Compat change id reported: 135634846; UID 10064; state: DISABLED
11-29 07:50:27.363 1491 1607 I am_pss : [1132,10099,com.tencent.tmgp.pubgmhd:tgaPlugin,27872256,19329024,14336,125558784,0,19,8]
11-29 07:50:27.363 1491 1599 D CompatibilityChangeReporter: Compat change id reported: 177438394; UID 10064; state: DISABLED
11-29 07:50:27.363 1491 1599 D CompatibilityChangeReporter: Compat change id reported: 135772972; UID 10064; state: DISABLED
11-29 07:50:27.364 1491 1599 D CompatibilityChangeReporter: Compat change id reported: 135754954; UID 10064; state: DISABLED
11-29 07:50:27.372 1491 1609 I am_proc_start: [0,1717,10020,com.hryt.hiphishowfsecontrol,NULL,]
11-29 07:50:27.372 1491 1609 I ActivityManager: Start proc 1717:com.hryt.hiphishowfsecontrol/u0a20 for null
11-29 07:50:27.372 1491 1609 D CompatibilityChangeReporter: Compat change id reported: 143937733; UID 10064; state: DISABLED
11-29 07:50:27.386 1491 1609 I am_proc_start: [0,1718,10064,com.android.calendar,NULL,]
11-29 07:50:27.386 1491 1609 I ActivityManager: Start proc 1718:com.android.calendar/u0a64 for null
11-29 07:50:27.416 1491 10783 I am_proc_bound: [0,1718,com.android.calendar]
11-29 07:50:27.418 1491 10783 D CompatibilityChangeReporter: Compat change id reported: 168419799; UID 10064; state: DISABLED
11-29 07:50:27.424 1491 10783 I am_proc_bound: [0,1717,com.hryt.hiphishowfsecontrol]
11-29 07:50:27.425 1491 10783 D CompatibilityChangeReporter: Compat change id reported: 168419799; UID 10020; state: DISABLED
11-29 07:50:28.292 1491 1693 I input_interaction: Interaction with: Letterbox_left_ActivityRecord{21a8f7a u0 com.tencent.tmgp.pubgmhd/com.epicgames.ue4.GameActivity t223} (server), edge-swipe (server), swipe-up (server), PointerEventDispatcher0 (server),
11-29 07:50:28.781 1491 1693 I input_interaction: Interaction with: 1b49df com.tencent.tmgp.pubgmhd/com.epicgames.ue4.GameActivity (server), edge-swipe (server), swipe-up (server), PointerEventDispatcher0 (server),
11-29 07:50:29.079 0 0 I auditd : type=1400 audit(0.0:19041): avc: denied { kill } for comm="swapper/3" capability=5 scontext=u:r:kernel:s0 tcontext=u:r:kernel:s0 tclass=capability permissive=0
11-29 07:50:30.079 0 0 I auditd : type=1400 audit(0.0:19042): avc: denied { kill } for comm="swapper/3" capability=5 scontext=u:r:kernel:s0 tcontext=u:r:kernel:s0 tclass=capability permissive=0
11-29 07:50:31.079 0 0 I auditd : type=1400 audit(0.0:19043): avc: denied { kill } for comm="swapper/3" capability=5 scontext=u:r:kernel:s0 tcontext=u:r:kernel:s0 tclass=capability permissive=0
11-29 07:50:31.145 1491 1674 D ActivityManager: freezing 30581 android.process.acore
11-29 07:50:31.146 1491 1674 E ActivityManager: Unable to freeze binder for 30581 android.process.acore
11-29 07:50:31.147 1491 1674 D ActivityManager: froze 30581 android.process.acore
11-29 07:50:31.147 1491 1674 I am_freeze: [30581,android.process.acore]
11-29 07:50:31.147 1491 1674 E ActivityManager: Unable to freeze binder for 30581 android.process.acore
11-29 07:50:31.149 1491 1674 I ActivityManager: Killing 30581:android.process.acore/u0a32 (adj 985): Unable to freeze binder interface
11-29 07:50:31.149 1491 1674 I am_kill : [0,30581,android.process.acore,985,Unable to freeze binder interface]
11-29 07:50:31.191 1491 9316 D CountryDetector: No listener is left
11-29 07:50:31.191 1491 10783 I am_proc_died: [0,30581,android.process.acore,985,19]
11-29 07:50:31.192 1491 10783 I am_uid_stopped: 10032
11-29 07:50:32.079 0 0 I auditd : type=1400 audit(0.0:19044): avc: denied { kill } for comm="swapper/3" capability=5 scontext=u:r:kernel:s0 tcontext=u:r:kernel:s0 tclass=capability permissive=0
11-29 07:50:33.079 0 0 I auditd : type=1400 audit(0.0:19045): avc: denied { kill } for comm="swapper/3" capability=5 scontext=u:r:kernel:s0 tcontext=u:r:kernel:s0 tclass=capability permissive=0
11-29 07:50:34.079 0 0 I auditd : type=1400 audit(0.0:19046): avc: denied { kill } for comm="swapper/3" capability=5 scontext=u:r:kernel:s0 tcontext=u:r:kernel:s0 tclass=capability permissive=0
11-29 07:50:35.079 0 0 I auditd : type=1400 audit(0.0:19047): avc: denied { kill } for comm="swapper/3" capability=5 scontext=u:r:kernel:s0 tcontext=u:r:kernel:s0 tclass=capability permissive=0
11-29 07:50:36.079 0 0 I auditd : type=1400 audit(0.0:19048): avc: denied { kill } for comm="swapper/3" capability=5 scontext=u:r:kernel:s0 tcontext=u:r:kernel:s0 tclass=capability permissive=0
11-29 07:50:37.079 0 0 I auditd : type=1400 audit(0.0:19049): avc: denied { kill } for comm="swapper/3" capability=5 scontext=u:r:kernel:s0 tcontext=u:r:kernel:s0 tclass=capability permissive=0
11-29 07:50:38.079 0 0 I auditd : type=1400 audit(0.0:19050): avc: denied { kill } for comm="swapper/3" capability=5 scontext=u:r:kernel:s0 tcontext=u:r:kernel:s0 tclass=capability permissive=0
11-29 07:50:42.079 1803 1803 I auditd : type=1400 audit(0.0:19051): avc: denied { kill } for comm="kworker/u17:0" capability=5 scontext=u:r:kernel:s0 tcontext=u:r:kernel:s0 tclass=capability permissive=0
11-29 07:50:43.079 0 0 I auditd : type=1400 audit(0.0:19052): avc: denied { kill } for comm="swapper/3" capability=5 scontext=u:r:kernel:s0 tcontext=u:r:kernel:s0 tclass=capability permissive=0
11-29 07:50:45.079 0 0 I auditd : type=1400 audit(0.0:19053): avc: denied { kill } for comm="swapper/3" capability=5 scontext=u:r:kernel:s0 tcontext=u:r:kernel:s0 tclass=capability permissive=0
11-29 07:50:46.079 0 0 I auditd : type=1400 audit(0.0:19054): avc: denied { kill } for comm="swapper/3" capability=5 scontext=u:r:kernel:s0 tcontext=u:r:kernel:s0 tclass=capability permissive=0
11-29 07:50:47.079 0 0 I auditd : type=1400 audit(0.0:19055): avc: denied { kill } for comm="swapper/3" capability=5 scontext=u:r:kernel:s0 tcontext=u:r:kernel:s0 tclass=capability permissive=0
11-29 07:50:48.079 0 0 I auditd : type=1400 audit(0.0:19056): avc: denied { kill } for comm="swapper/3" capability=5 scontext=u:r:kernel:s0 tcontext=u:r:kernel:s0 tclass=capability permissive=0
11-29 07:50:49.079 0 0 I auditd : type=1400 audit(0.0:19057): avc: denied { kill } for comm="swapper/3" capability=5 scontext=u:r:kernel:s0 tcontext=u:r:kernel:s0 tclass=capability permissive=0
11-29 07:50:50.079 0 0 I auditd : type=1400 audit(0.0:19058): avc: denied { kill } for comm="swapper/3" capability=5 scontext=u:r:kernel:s0 tcontext=u:r:kernel:s0 tclass=capability permissive=0
11-29 07:50:51.079 0 0 I auditd : type=1400 audit(0.0:19059): avc: denied { kill } for comm="swapper/3" capability=5 scontext=u:r:kernel:s0 tcontext=u:r:kernel:s0 tclass=capability permissive=0
11-29 07:50:53.079 0 0 I auditd : type=1400 audit(0.0:19060): avc: denied { kill } for comm="swapper/3" capability=5 scontext=u:r:kernel:s0 tcontext=u:r:kernel:s0 tclass=capability permissive=0
11-29 07:50:54.038 1491 1491 I notification_enqueue: [10097,27146,com.tencent.android.qqdownloader,127,NULL,0,Notification(channel=channel_id_default_silent shortcut=null contentView=com.tencent.android.qqdownloader/0x7f0a01c2 vibrate=null sound=null defaults=0x0 flags=0x2a0 color=0x00000000 groupKey=com.tencent.android.qqdownloader vis=PRIVATE),1]
11-29 07:50:54.079 0 0 I auditd : type=1400 audit(0.0:19061): avc: denied { kill } for comm="swapper/3" capability=5 scontext=u:r:kernel:s0 tcontext=u:r:kernel:s0 tclass=capability permissive=0
11-29 07:50:54.239 1491 1491 I GameModeConfig: isGameModeOn = false
11-29 07:50:55.079 0 0 I auditd : type=1400 audit(0.0:19062): avc: denied { kill } for comm="swapper/3" capability=5 scontext=u:r:kernel:s0 tcontext=u:r:kernel:s0 tclass=capability permissive=0
11-29 07:50:56.079 0 0 I auditd : type=1400 audit(0.0:19063): avc: denied { kill } for comm="swapper/3" capability=5 scontext=u:r:kernel:s0 tcontext=u:r:kernel:s0 tclass=capability permissive=0
11-29 07:50:57.079 0 0 I auditd : type=1400 audit(0.0:19064): avc: denied { kill } for comm="swapper/3" capability=5 scontext=u:r:kernel:s0 tcontext=u:r:kernel:s0 tclass=capability permissive=0
11-29 07:50:59.079 0 0 I auditd : type=1400 audit(0.0:19065): avc: denied { kill } for comm="swapper/3" capability=5 scontext=u:r:kernel:s0 tcontext=u:r:kernel:s0 tclass=capability permissive=0
11-29 07:51:00.079 0 0 I auditd : type=1400 audit(0.0:19066): avc: denied { kill } for comm="swapper/3" capability=5 scontext=u:r:kernel:s0 tcontext=u:r:kernel:s0 tclass=capability permissive=0
11-29 07:51:01.079 0 0 I auditd : type=1400 audit(0.0:19067): avc: denied { kill } for comm="swapper/3" capability=5 scontext=u:r:kernel:s0 tcontext=u:r:kernel:s0 tclass=capability permissive=0
11-29 07:51:02.079 0 0 I auditd : type=1400 audit(0.0:19068): avc: denied { kill } for comm="swapper/3" capability=5 scontext=u:r:kernel:s0 tcontext=u:r:kernel:s0 tclass=capability permissive=0
11-29 07:51:03.079 0 0 I auditd : type=1400 audit(0.0:19069): avc: denied { kill } for comm="swapper/3" capability=5 scontext=u:r:kernel:s0 tcontext=u:r:kernel:s0 tclass=capability permissive=0
11-29 07:51:04.079 0 0 I auditd : type=1400 audit(0.0:19070): avc: denied { kill } for comm="swapper/3" capability=5 scontext=u:r:kernel:s0 tcontext=u:r:kernel:s0 tclass=capability permissive=0
11-29 07:51:07.079 0 0 I auditd : type=1400 audit(0.0:19071): avc: denied { kill } for comm="swapper/3" capability=5 scontext=u:r:kernel:s0 tcontext=u:r:kernel:s0 tclass=capability permissive=0
11-29 07:51:08.079 0 0 I auditd : type=1400 audit(0.0:19072): avc: denied { kill } for comm="swapper/3" capability=5 scontext=u:r:kernel:s0 tcontext=u:r:kernel:s0 tclass=capability permissive=0
11-29 07:51:09.079 0 0 I auditd : type=1400 audit(0.0:19073): avc: denied { kill } for comm="swapper/3" capability=5 scontext=u:r:kernel:s0 tcontext=u:r:kernel:s0 tclass=capability permissive=0
11-29 07:51:09.313 1491 1716 I commit_sys_config_file: [appops,16627659]
11-29 07:51:10.079 0 0 I auditd : type=1400 audit(0.0:19074): avc: denied { kill } for comm="swapper/3" capability=5 scontext=u:r:kernel:s0 tcontext=u:r:kernel:s0 tclass=capability permissive=0
11-29 07:51:11.079 0 0 I auditd : type=1400 audit(0.0:19075): avc: denied { kill } for comm="swapper/3" capability=5 scontext=u:r:kernel:s0 tcontext=u:r:kernel:s0 tclass=capability permissive=0
11-29 07:51:12.079 0 0 I auditd : type=1400 audit(0.0:19076): avc: denied { kill } for comm="swapper/3" capability=5 scontext=u:r:kernel:s0 tcontext=u:r:kernel:s0 tclass=capability permissive=0
11-29 07:51:14.079 0 0 I auditd : type=1400 audit(0.0:19077): avc: denied { kill } for comm="swapper/1" capability=5 scontext=u:r:kernel:s0 tcontext=u:r:kernel:s0 tclass=capability permissive=0
11-29 07:51:16.079 0 0 I auditd : type=1400 audit(0.0:19078): avc: denied { kill } for comm="swapper/1" capability=5 scontext=u:r:kernel:s0 tcontext=u:r:kernel:s0 tclass=capability permissive=0
11-29 07:51:17.079 0 0 I auditd : type=1400 audit(0.0:19079): avc: denied { kill } for comm="swapper/1" capability=5 scontext=u:r:kernel:s0 tcontext=u:r:kernel:s0 tclass=capability permissive=0
11-29 07:51:19.079 745 745 I auditd : type=1400 audit(0.0:19080): avc: denied { kill } for comm="crtc_commit:125" capability=5 scontext=u:r:kernel:s0 tcontext=u:r:kernel:s0 tclass=capability permissive=0
11-29 07:51:20.079 0 0 I auditd : type=1400 audit(0.0:19081): avc: denied { kill } for comm="swapper/1" capability=5 scontext=u:r:kernel:s0 tcontext=u:r:kernel:s0 tclass=capability permissive=0
11-29 07:51:21.079 0 0 I auditd : type=1400 audit(0.0:19082): avc: denied { kill } for comm="swapper/1" capability=5 scontext=u:r:kernel:s0 tcontext=u:r:kernel:s0 tclass=capability permissive=0
11-29 07:51:22.079 0 0 I auditd : type=1400 audit(0.0:19083): avc: denied { kill } for comm="swapper/1" capability=5 scontext=u:r:kernel:s0 tcontext=u:r:kernel:s0 tclass=capability permissive=0
11-29 07:51:23.079 0 0 I auditd : type=1400 audit(0.0:19084): avc: denied { kill } for comm="swapper/1" capability=5 scontext=u:r:kernel:s0 tcontext=u:r:kernel:s0 tclass=capability permissive=0
11-29 07:51:24.079 0 0 I auditd : type=1400 audit(0.0:19085): avc: denied { kill } for comm="swapper/1" capability=5 scontext=u:r:kernel:s0 tcontext=u:r:kernel:s0 tclass=capability permissive=0
11-29 07:51:26.079 0 0 I auditd : type=1400 audit(0.0:19086): avc: denied { kill } for comm="swapper/1" capability=5 scontext=u:r:kernel:s0 tcontext=u:r:kernel:s0 tclass=capability permissive=0
11-29 07:51:28.079 0 0 I auditd : type=1400 audit(0.0:19087): avc: denied { kill } for comm="swapper/3" capability=5 scontext=u:r:kernel:s0 tcontext=u:r:kernel:s0 tclass=capability permissive=0
11-29 07:51:29.079 0 0 I auditd : type=1400 audit(0.0:19088): avc: denied { kill } for comm="swapper/3" capability=5 scontext=u:r:kernel:s0 tcontext=u:r:kernel:s0 tclass=capability permissive=0
11-29 07:51:30.079 0 0 I auditd : type=1400 audit(0.0:19089): avc: denied { kill } for comm="swapper/3" capability=5 scontext=u:r:kernel:s0 tcontext=u:r:kernel:s0 tclass=capability permissive=0
11-29 07:51:34.079 0 0 I auditd : type=1400 audit(0.0:19090): avc: denied { kill } for comm="swapper/3" capability=5 scontext=u:r:kernel:s0 tcontext=u:r:kernel:s0 tclass=capability permissive=0
11-29 07:51:36.079 0 0 I auditd : type=1400 audit(0.0:19091): avc: denied { kill } for comm="swapper/3" capability=5 scontext=u:r:kernel:s0 tcontext=u:r:kernel:s0 tclass=capability permissive=0
11-29 07:51:37.079 0 0 I auditd : type=1400 audit(0.0:19092): avc: denied { kill } for comm="swapper/3" capability=5 scontext=u:r:kernel:s0 tcontext=u:r:kernel:s0 tclass=capability permissive=0
11-29 07:51:40.079 0 0 I auditd : type=1400 audit(0.0:19093): avc: denied { kill } for comm="swapper/3" capability=5 scontext=u:r:kernel:s0 tcontext=u:r:kernel:s0 tclass=capability permissive=0
11-29 07:51:41.079 0 0 I auditd : type=1400 audit(0.0:19094): avc: denied { kill } for comm="swapper/3" capability=5 scontext=u:r:kernel:s0 tcontext=u:r:kernel:s0 tclass=capability permissive=0
11-29 07:51:42.079 0 0 I auditd : type=1400 audit(0.0:19095): avc: denied { kill } for comm="swapper/3" capability=5 scontext=u:r:kernel:s0 tcontext=u:r:kernel:s0 tclass=capability permissive=0
11-29 07:51:43.079 0 0 I auditd : type=1400 audit(0.0:19096): avc: denied { kill } for comm="swapper/3" capability=5 scontext=u:r:kernel:s0 tcontext=u:r:kernel:s0 tclass=capability permissive=0
11-29 07:51:45.079 0 0 I auditd : type=1400 audit(0.0:19097): avc: denied { kill } for comm="swapper/3" capability=5 scontext=u:r:kernel:s0 tcontext=u:r:kernel:s0 tclass=capability permissive=0
11-29 07:51:46.079 0 0 I auditd : type=1400 audit(0.0:19098): avc: denied { kill } for comm="swapper/3" capability=5 scontext=u:r:kernel:s0 tcontext=u:r:kernel:s0 tclass=capability permissive=0
11-29 07:51:48.079 0 0 I auditd : type=1400 audit(0.0:19099): avc: denied { kill } for comm="swapper/3" capability=5 scontext=u:r:kernel:s0 tcontext=u:r:kernel:s0 tclass=capability permissive=0
11-29 07:51:49.079 0 0 I auditd : type=1400 audit(0.0:19100): avc: denied { kill } for comm="swapper/3" capability=5 scontext=u:r:kernel:s0 tcontext=u:r:kernel:s0 tclass=capability permissive=0
11-29 07:51:50.079 0 0 I auditd : type=1400 audit(0.0:19101): avc: denied { kill } for comm="swapper/3" capability=5 scontext=u:r:kernel:s0 tcontext=u:r:kernel:s0 tclass=capability permissive=0
11-29 07:51:51.079 0 0 I auditd : type=1400 audit(0.0:19102): avc: denied { kill } for comm="swapper/3" capability=5 scontext=u:r:kernel:s0 tcontext=u:r:kernel:s0 tclass=capability permissive=0
11-29 07:51:52.079 0 0 I auditd : type=1400 audit(0.0:19103): avc: denied { kill } for comm="swapper/3" capability=5 scontext=u:r:kernel:s0 tcontext=u:r:kernel:s0 tclass=capability permissive=0
11-29 07:51:53.079 0 0 I auditd : type=1400 audit(0.0:19104): avc: denied { kill } for comm="swapper/3" capability=5 scontext=u:r:kernel:s0 tcontext=u:r:kernel:s0 tclass=capability permissive=0
11-29 07:51:54.022 1491 1723 I netstats_mobile_sample: [0,0,0,0,0,0,0,0,0,0,0,0,1669679514022]
11-29 07:51:54.022 1491 1723 I netstats_wifi_sample: [6441292710,5357850,220386661,1049473,6441292710,5357850,220386661,1049473,6524431584,6003711,128953221,842435,1669679514022]
11-29 07:51:55.079 0 0 I auditd : type=1400 audit(0.0:19105): avc: denied { kill } for comm="swapper/3" capability=5 scontext=u:r:kernel:s0 tcontext=u:r:kernel:s0 tclass=capability permissive=0
11-29 07:51:55.497 1491 1491 I notification_enqueue: [10097,27146,com.tencent.android.qqdownloader,127,NULL,0,Notification(channel=channel_id_default_silent shortcut=null contentView=com.tencent.android.qqdownloader/0x7f0a01c2 vibrate=null sound=null defaults=0x0 flags=0x2a0 color=0x00000000 groupKey=com.tencent.android.qqdownloader vis=PRIVATE),1]
11-29 07:51:55.699 1491 1491 I GameModeConfig: isGameModeOn = false
11-29 07:51:56.079 0 0 I auditd : type=1400 audit(0.0:19106): avc: denied { kill } for comm="swapper/3" capability=5 scontext=u:r:kernel:s0 tcontext=u:r:kernel:s0 tclass=capability permissive=0
11-29 07:51:58.079 0 0 I auditd : type=1400 audit(0.0:19107): avc: denied { kill } for comm="swapper/3" capability=5 scontext=u:r:kernel:s0 tcontext=u:r:kernel:s0 tclass=capability permissive=0
11-29 07:51:59.079 0 0 I auditd : type=1400 audit(0.0:19108): avc: denied { kill } for comm="swapper/3" capability=5 scontext=u:r:kernel:s0 tcontext=u:r:kernel:s0 tclass=capability permissive=0
11-29 07:52:00.079 0 0 I auditd : type=1400 audit(0.0:19109): avc: denied { kill } for comm="swapper/3" capability=5 scontext=u:r:kernel:s0 tcontext=u:r:kernel:s0 tclass=capability permissive=0
11-29 07:52:01.079 0 0 I auditd : type=1400 audit(0.0:19110): avc: denied { kill } for comm="swapper/3" capability=5 scontext=u:r:kernel:s0 tcontext=u:r:kernel:s0 tclass=capability permissive=0
11-29 07:52:03.079 0 0 I auditd : type=1400 audit(0.0:19111): avc: denied { kill } for comm="swapper/3" capability=5 scontext=u:r:kernel:s0 tcontext=u:r:kernel:s0 tclass=capability permissive=0
11-29 07:52:04.079 0 0 I auditd : type=1400 audit(0.0:19112): avc: denied { kill } for comm="swapper/3" capability=5 scontext=u:r:kernel:s0 tcontext=u:r:kernel:s0 tclass=capability permissive=0
11-29 07:52:05.079 0 0 I auditd : type=1400 audit(0.0:19113): avc: denied { kill } for comm="swapper/3" capability=5 scontext=u:r:kernel:s0 tcontext=u:r:kernel:s0 tclass=capability permissive=0
11-29 07:52:06.079 0 0 I auditd : type=1400 audit(0.0:19114): avc: denied { kill } for comm="swapper/3" capability=5 scontext=u:r:kernel:s0 tcontext=u:r:kernel:s0 tclass=capability permissive=0
11-29 07:52:07.079 0 0 I auditd : type=1400 audit(0.0:19115): avc: denied { kill } for comm="swapper/3" capability=5 scontext=u:r:kernel:s0 tcontext=u:r:kernel:s0 tclass=capability permissive=0
11-29 07:52:08.079 0 0 I auditd : type=1400 audit(0.0:19116): avc: denied { kill } for comm="swapper/3" capability=5 scontext=u:r:kernel:s0 tcontext=u:r:kernel:s0 tclass=capability permissive=0
11-29 07:52:09.079 0 0 I auditd : type=1400 audit(0.0:19117): avc: denied { kill } for comm="swapper/3" capability=5 scontext=u:r:kernel:s0 tcontext=u:r:kernel:s0 tclass=capability permissive=0
11-29 07:52:09.714 1491 1608 W BroadcastQueue: Background execution not allowed: receiving Intent { act=com.tencent.assistant.st.report.PluginLogProcessorReceiver.TIME flg=0x14 (has extras) } to com.tencent.android.qqdownloader/com.tencent.assistant.st.report.PluginLogProcessorReceiver
11-29 07:52:10.079 0 0 I auditd : type=1400 audit(0.0:19118): avc: denied { kill } for comm="swapper/3" capability=5 scontext=u:r:kernel:s0 tcontext=u:r:kernel:s0 tclass=capability permissive=0
11-29 07:52:11.079 0 0 I auditd : type=1400 audit(0.0:19119): avc: denied { kill } for comm="swapper/3" capability=5 scontext=u:r:kernel:s0 tcontext=u:r:kernel:s0 tclass=capability permissive=0
11-29 07:52:12.079 0 0 I auditd : type=1400 audit(0.0:19120): avc: denied { kill } for comm="swapper/3" capability=5 scontext=u:r:kernel:s0 tcontext=u:r:kernel:s0 tclass=capability permissive=0
11-29 07:52:14.079 0 0 I auditd : type=1400 audit(0.0:19121): avc: denied { kill } for comm="swapper/3" capability=5 scontext=u:r:kernel:s0 tcontext=u:r:kernel:s0 tclass=capability permissive=0
11-29 07:52:15.079 0 0 I auditd : type=1400 audit(0.0:19122): avc: denied { kill } for comm="swapper/3" capability=5 scontext=u:r:kernel:s0 tcontext=u:r:kernel:s0 tclass=capability permissive=0
11-29 07:52:16.079 0 0 I auditd : type=1400 audit(0.0:19123): avc: denied { kill } for comm="swapper/3" capability=5 scontext=u:r:kernel:s0 tcontext=u:r:kernel:s0 tclass=capability permissive=0
11-29 07:52:18.079 0 0 I auditd : type=1400 audit(0.0:19124): avc: denied { kill } for comm="swapper/2" capability=5 scontext=u:r:kernel:s0 tcontext=u:r:kernel:s0 tclass=capability permissive=0
11-29 07:52:20.079 0 0 I auditd : type=1400 audit(0.0:19125): avc: denied { kill } for comm="swapper/2" capability=5 scontext=u:r:kernel:s0 tcontext=u:r:kernel:s0 tclass=capability permissive=0
11-29 07:52:21.079 0 0 I auditd : type=1400 audit(0.0:19126): avc: denied { kill } for comm="swapper/2" capability=5 scontext=u:r:kernel:s0 tcontext=u:r:kernel:s0 tclass=capability permissive=0
11-29 07:52:22.079 0 0 I auditd : type=1400 audit(0.0:19127): avc: denied { kill } for comm="swapper/2" capability=5 scontext=u:r:kernel:s0 tcontext=u:r:kernel:s0 tclass=capability permissive=0
11-29 07:52:23.079 0 0 I auditd : type=1400 audit(0.0:19128): avc: denied { kill } for comm="swapper/2" capability=5 scontext=u:r:kernel:s0 tcontext=u:r:kernel:s0 tclass=capability permissive=0
11-29 07:52:24.079 0 0 I auditd : type=1400 audit(0.0:19129): avc: denied { kill } for comm="swapper/2" capability=5 scontext=u:r:kernel:s0 tcontext=u:r:kernel:s0 tclass=capability permissive=0
11-29 07:52:25.079 0 0 I auditd : type=1400 audit(0.0:19130): avc: denied { kill } for comm="swapper/2" capability=5 scontext=u:r:kernel:s0 tcontext=u:r:kernel:s0 tclass=capability permissive=0
11-29 07:52:26.079 0 0 I auditd : type=1400 audit(0.0:19131): avc: denied { kill } for comm="swapper/2" capability=5 scontext=u:r:kernel:s0 tcontext=u:r:kernel:s0 tclass=capability permissive=0
11-29 07:52:27.079 30212 30212 I auditd : type=1400 audit(0.0:19132): avc: denied { kill } for comm="kworker/u17:2" capability=5 scontext=u:r:kernel:s0 tcontext=u:r:kernel:s0 tclass=capability permissive=0
11-29 07:52:29.079 0 0 I auditd : type=1400 audit(0.0:19133): avc: denied { kill } for comm="swapper/2" capability=5 scontext=u:r:kernel:s0 tcontext=u:r:kernel:s0 tclass=capability permissive=0
11-29 07:52:30.079 0 0 I auditd : type=1400 audit(0.0:19134): avc: denied { kill } for comm="swapper/2" capability=5 scontext=u:r:kernel:s0 tcontext=u:r:kernel:s0 tclass=capability permissive=0
11-29 07:52:32.256 1491 1674 D ActivityManager: freezing 20866 com.android.musicfx
11-29 07:52:32.256 1491 1674 E ActivityManager: Unable to freeze binder for 20866 com.android.musicfx
11-29 07:52:32.258 1491 1674 D ActivityManager: froze 20866 com.android.musicfx
11-29 07:52:32.258 1491 1674 I am_freeze: [20866,com.android.musicfx]
11-29 07:52:32.258 1491 1674 E ActivityManager: Unable to freeze binder for 20866 com.android.musicfx
11-29 07:52:32.261 1491 1674 D ActivityManager: freezing 20697 com.android.music
11-29 07:52:32.261 1491 1674 E ActivityManager: Unable to freeze binder for 20697 com.android.music
11-29 07:52:32.262 1491 1674 D ActivityManager: froze 20697 com.android.music
11-29 07:52:32.262 1491 1674 I am_freeze: [20697,com.android.music]
11-29 07:52:32.263 1491 1674 E ActivityManager: Unable to freeze binder for 20697 com.android.music
11-29 07:52:32.264 1491 1674 I ActivityManager: Killing 20866:com.android.musicfx/u0a21 (adj 945): Unable to freeze binder interface
11-29 07:52:32.264 1491 1674 I am_kill : [0,20866,com.android.musicfx,945,Unable to freeze binder interface]
11-29 07:52:32.267 1491 1674 I ActivityManager: Killing 20697:com.android.music/u0a89 (adj 900): Unable to freeze binder interface
11-29 07:52:32.267 1491 1674 I am_kill : [0,20697,com.android.music,900,Unable to freeze binder interface]
11-29 07:52:32.289 1491 10783 I am_proc_died: [0,20866,com.android.musicfx,945,19]
11-29 07:52:32.290 1491 10783 I am_uid_stopped: 10021
11-29 07:52:32.308 1491 1607 I am_pss : [1717,10020,com.hryt.hiphishowfsecontrol,19385344,15433728,14336,98447360,0,19,7]
11-29 07:52:32.316 1491 1607 I am_pss : [1718,10064,com.android.calendar,7095296,4509696,14336,88195072,0,19,6]
11-29 07:52:32.330 1491 1607 I commit_sys_config_file: [procstats,15]
11-29 07:52:32.339 1491 9316 I am_proc_died: [0,20697,com.android.music,900,18]
11-29 07:52:32.339 1491 9316 I am_uid_stopped: 10089
11-29 07:52:32.341 1491 1599 W ActivityManager: setHasOverlayUi called on unknown pid: 20697
11-29 07:52:32.344 1491 1599 I am_uid_running: 10089
11-29 07:52:32.345 1491 1599 D CompatibilityChangeReporter: Compat change id reported: 135634846; UID 10089; state: DISABLED
11-29 07:52:32.345 1491 1599 D CompatibilityChangeReporter: Compat change id reported: 177438394; UID 10089; state: DISABLED
11-29 07:52:32.345 1491 1599 D CompatibilityChangeReporter: Compat change id reported: 135772972; UID 10089; state: DISABLED
11-29 07:52:32.345 1491 1599 D CompatibilityChangeReporter: Compat change id reported: 135754954; UID 10089; state: ENABLED
11-29 07:52:32.346 1491 1609 D CompatibilityChangeReporter: Compat change id reported: 143937733; UID 10089; state: ENABLED
11-29 07:52:32.355 1491 1609 I am_proc_start: [0,1900,10089,com.android.music,NULL,]
11-29 07:52:32.355 1491 1609 I ActivityManager: Start proc 1900:com.android.music/u0a89 for null
11-29 07:52:32.391 1491 2923 I am_proc_bound: [0,1900,com.android.music]
11-29 07:52:33.079 0 0 I auditd : type=1400 audit(0.0:19135): avc: denied { kill } for comm="swapper/1" capability=5 scontext=u:r:kernel:s0 tcontext=u:r:kernel:s0 tclass=capability permissive=0
11-29 07:52:35.079 0 0 I auditd : type=1400 audit(0.0:19136): avc: denied { kill } for comm="swapper/1" capability=5 scontext=u:r:kernel:s0 tcontext=u:r:kernel:s0 tclass=capability permissive=0
11-29 07:52:37.079 0 0 I auditd : type=1400 audit(0.0:19137): avc: denied { kill } for comm="swapper/1" capability=5 scontext=u:r:kernel:s0 tcontext=u:r:kernel:s0 tclass=capability permissive=0
11-29 07:52:38.079 0 0 I auditd : type=1400 audit(0.0:19138): avc: denied { kill } for comm="swapper/1" capability=5 scontext=u:r:kernel:s0 tcontext=u:r:kernel:s0 tclass=capability permissive=0
11-29 07:52:40.079 0 0 I auditd : type=1400 audit(0.0:19139): avc: denied { kill } for comm="swapper/1" capability=5 scontext=u:r:kernel:s0 tcontext=u:r:kernel:s0 tclass=capability permissive=0
11-29 07:52:43.079 0 0 I auditd : type=1400 audit(0.0:19140): avc: denied { kill } for comm="swapper/1" capability=5 scontext=u:r:kernel:s0 tcontext=u:r:kernel:s0 tclass=capability permissive=0
11-29 07:52:44.079 0 0 I auditd : type=1400 audit(0.0:19141): avc: denied { kill } for comm="swapper/1" capability=5 scontext=u:r:kernel:s0 tcontext=u:r:kernel:s0 tclass=capability permissive=0
11-29 07:52:44.301 1491 1674 D ActivityManager: freezing 29304 com.android.webview:webview_service
11-29 07:52:44.301 1491 1674 E ActivityManager: Unable to freeze binder for 29304 com.android.webview:webview_service
11-29 07:52:44.303 1491 1674 D ActivityManager: froze 29304 com.android.webview:webview_service
11-29 07:52:44.303 1491 1674 I am_freeze: [29304,com.android.webview:webview_service]
11-29 07:52:44.304 1491 1674 E ActivityManager: Unable to freeze binder for 29304 com.android.webview:webview_service
11-29 07:52:44.305 1491 1674 I ActivityManager: Killing 29304:com.android.webview:webview_service/u0a70 (adj 985): Unable to freeze binder interface
11-29 07:52:44.306 1491 1674 I am_kill : [0,29304,com.android.webview:webview_service,985,Unable to freeze binder interface]
11-29 07:52:44.343 1491 2923 I am_proc_died: [0,29304,com.android.webview:webview_service,985,19]
11-29 07:52:44.345 1491 2923 I am_uid_stopped: 10070
11-29 07:52:46.079 0 0 I auditd : type=1400 audit(0.0:19142): avc: denied { kill } for comm="swapper/3" capability=5 scontext=u:r:kernel:s0 tcontext=u:r:kernel:s0 tclass=capability permissive=0
11-29 07:52:47.079 0 0 I auditd : type=1400 audit(0.0:19143): avc: denied { kill } for comm="swapper/3" capability=5 scontext=u:r:kernel:s0 tcontext=u:r:kernel:s0 tclass=capability permissive=0
11-29 07:52:49.079 3345 3345 I auditd : type=1400 audit(0.0:19144): avc: denied { kill } for comm="dp_rx_thread_0" capability=5 scontext=u:r:kernel:s0 tcontext=u:r:kernel:s0 tclass=capability permissive=0
11-29 07:52:50.079 0 0 I auditd : type=1400 audit(0.0:19145): avc: denied { kill } for comm="swapper/3" capability=5 scontext=u:r:kernel:s0 tcontext=u:r:kernel:s0 tclass=capability permissive=0
11-29 07:52:51.079 0 0 I auditd : type=1400 audit(0.0:19146): avc: denied { kill } for comm="swapper/0" capability=5 scontext=u:r:kernel:s0 tcontext=u:r:kernel:s0 tclass=capability permissive=0
11-29 07:52:52.079 0 0 I auditd : type=1400 audit(0.0:19147): avc: denied { kill } for comm="swapper/0" capability=5 scontext=u:r:kernel:s0 tcontext=u:r:kernel:s0 tclass=capability permissive=0
11-29 07:52:53.079 0 0 I auditd : type=1400 audit(0.0:19148): avc: denied { kill } for comm="swapper/0" capability=5 scontext=u:r:kernel:s0 tcontext=u:r:kernel:s0 tclass=capability permissive=0
11-29 07:52:54.079 0 0 I auditd : type=1400 audit(0.0:19149): avc: denied { kill } for comm="swapper/0" capability=5 scontext=u:r:kernel:s0 tcontext=u:r:kernel:s0 tclass=capability permissive=0
11-29 07:52:55.079 0 0 I auditd : type=1400 audit(0.0:19150): avc: denied { kill } for comm="swapper/0" capability=5 scontext=u:r:kernel:s0 tcontext=u:r:kernel:s0 tclass=capability permissive=0
11-29 07:52:56.011 1491 1693 I input_interaction: Interaction with: 3c721b8 StatusBar (server), edge-swipe (server), swipe-up (server), PointerEventDispatcher0 (server),
11-29 07:52:56.015 30912 30912 I sysui_multi_action: [757,803,799,panel_open,802,1]
11-29 07:52:56.016 30912 30912 I sysui_multi_action: [757,1328,758,4,1326,41,1327,1,1329,0]
11-29 07:52:56.024 1491 2923 I sysui_multi_action: [757,127,758,1]
11-29 07:52:56.025 1491 2923 I sysui_multi_action: [757,804,799,note_load,801,2,802,1]
11-29 07:52:56.025 1491 2923 I notification_panel_revealed: 2
11-29 07:52:56.026 1491 1760 I GameModeConfig: isGameModeOn = false
11-29 07:52:56.026 1491 1760 I GameModeConfig: isGameModeOn = false
11-29 07:52:56.026 1491 1760 I GameModeConfig: isGameModeOn = false
11-29 07:52:56.026 1491 1760 I GameModeConfig: isGameModeOn = false
11-29 07:52:56.026 1491 1760 I GameModeConfig: isGameModeOn = false
11-29 07:52:56.026 1491 1760 I GameModeConfig: isGameModeOn = false
11-29 07:52:56.026 1491 1760 I GameModeConfig: isGameModeOn = false
11-29 07:52:56.026 1491 1760 I GameModeConfig: isGameModeOn = false
11-29 07:52:56.027 30912 30912 I sysui_multi_action: [757,111,758,2]
11-29 07:52:56.028 30912 30912 I sysui_multi_action: [757,111,758,2]
11-29 07:52:56.028 1491 1491 I notification_enqueue: [10082,30912,com.android.systemui,2048,NULL,0,Notification(channel=updateNotification shortcut=null contentView=null vibrate=null sound=null defaults=0x0 flags=0x0 color=0x00000000 vis=PRIVATE),1]
11-29 07:52:56.038 1491 1600 I input_focus: [Focus request 6b9abb7 NotificationShade,reason=UpdateInputWindows]
11-29 07:52:56.041 30912 30912 I sysui_multi_action: [757,111,758,1]
11-29 07:52:56.041 30912 30912 I sysui_multi_action: [757,126,758,1,759,126,927,0,928,1,1593,0]
11-29 07:52:56.041 30912 30912 I sysui_multi_action: [757,113,758,1,759,113,927,1,928,1,1593,0]
11-29 07:52:56.041 30912 30912 I sysui_multi_action: [757,0,758,1,759,0,927,2,928,0,1593,0]
11-29 07:52:56.041 30912 30912 I sysui_multi_action: [757,0,758,1,759,0,927,3,928,0,1593,0]
11-29 07:52:56.042 30912 30912 I sysui_multi_action: [757,491,758,1,759,491,927,4,928,0,1311,-1,1593,0]
11-29 07:52:56.042 30912 30912 I sysui_multi_action: [757,0,758,1,759,0,927,5,928,0,1593,0]
11-29 07:52:56.042 30912 30912 I sysui_multi_action: [757,111,758,1]
11-29 07:52:56.042 30912 30912 I sysui_multi_action: [757,126,758,1,759,126,927,0,928,1,1593,0]
11-29 07:52:56.042 30912 30912 I sysui_multi_action: [757,113,758,1,759,113,927,1,928,1,1593,0]
11-29 07:52:56.042 30912 30912 I sysui_multi_action: [757,0,758,1,759,0,927,2,928,0,1593,0]
11-29 07:52:56.042 30912 30912 I sysui_multi_action: [757,0,758,1,759,0,927,3,928,0,1593,0]
11-29 07:52:56.051 1491 1760 I GameModeConfig: isGameModeOn = false
11-29 07:52:56.051 1491 1760 I GameModeConfig: isGameModeOn = false
11-29 07:52:56.051 1491 1760 I GameModeConfig: isGameModeOn = false
11-29 07:52:56.051 1491 1760 I GameModeConfig: isGameModeOn = false
11-29 07:52:56.051 1491 1760 I GameModeConfig: isGameModeOn = false
11-29 07:52:56.051 1491 1760 I GameModeConfig: isGameModeOn = false
11-29 07:52:56.052 1491 1760 I GameModeConfig: isGameModeOn = false
11-29 07:52:56.052 1491 1760 I GameModeConfig: isGameModeOn = false
11-29 07:52:56.054 1491 1491 I notification_enqueue: [10082,30912,com.android.systemui,2048,NULL,0,Notification(channel=updateNotification shortcut=null contentView=null vibrate=null sound=null defaults=0x0 flags=0x0 color=0x00000000 vis=PRIVATE),1]
11-29 07:52:56.056 30912 30912 I sysui_multi_action: [757,111,758,2]
11-29 07:52:56.056 30912 30912 I sysui_multi_action: [757,111,758,2]
11-29 07:52:56.059 30912 30912 I sysui_multi_action: [757,111,758,1]
11-29 07:52:56.059 30912 30912 I sysui_multi_action: [757,126,758,1,759,126,927,0,928,1,1593,0]
11-29 07:52:56.059 30912 30912 I sysui_multi_action: [757,113,758,1,759,113,927,1,928,1,1593,0]
11-29 07:52:56.059 30912 30912 I sysui_multi_action: [757,0,758,1,759,0,927,2,928,0,1593,0]
11-29 07:52:56.060 30912 30912 I sysui_multi_action: [757,0,758,1,759,0,927,3,928,0,1593,0]
11-29 07:52:56.060 30912 30912 I sysui_multi_action: [757,491,758,1,759,491,927,4,928,0,1311,-1,1593,0]
11-29 07:52:56.060 30912 30912 I sysui_multi_action: [757,0,758,1,759,0,927,5,928,0,1593,0]
11-29 07:52:56.060 30912 30912 I sysui_multi_action: [757,111,758,1]
11-29 07:52:56.060 30912 30912 I sysui_multi_action: [757,126,758,1,759,126,927,0,928,1,1593,0]
11-29 07:52:56.060 30912 30912 I sysui_multi_action: [757,113,758,1,759,113,927,1,928,1,1593,0]
11-29 07:52:56.060 30912 30912 I sysui_multi_action: [757,0,758,1,759,0,927,2,928,0,1593,0]
11-29 07:52:56.060 30912 30912 I sysui_multi_action: [757,0,758,1,759,0,927,3,928,0,1593,0]
11-29 07:52:56.067 1491 1693 I input_focus: [Focus leaving 1b49df com.tencent.tmgp.pubgmhd/com.epicgames.ue4.GameActivity (server),reason=setFocusedWindow]
11-29 07:52:56.068 1491 1693 I input_focus: [Focus entering 6b9abb7 NotificationShade (server),reason=setFocusedWindow]
11-29 07:52:56.075 1491 1760 I GameModeConfig: isGameModeOn = false
11-29 07:52:56.075 1491 1760 I GameModeConfig: isGameModeOn = false
11-29 07:52:56.075 1491 1760 I GameModeConfig: isGameModeOn = false
11-29 07:52:56.076 1491 1760 I GameModeConfig: isGameModeOn = false
11-29 07:52:56.076 1491 1760 I GameModeConfig: isGameModeOn = false
11-29 07:52:56.076 1491 1760 I GameModeConfig: isGameModeOn = false
11-29 07:52:56.076 1491 1760 I GameModeConfig: isGameModeOn = false
11-29 07:52:56.077 1491 1760 I GameModeConfig: isGameModeOn = false
11-29 07:52:56.078 1491 1491 I notification_enqueue: [10082,30912,com.android.systemui,2048,NULL,0,Notification(channel=updateNotification shortcut=null contentView=null vibrate=null sound=null defaults=0x0 flags=0x0 color=0x00000000 vis=PRIVATE),1]
11-29 07:52:56.080 30912 30912 I sysui_multi_action: [757,111,758,2]
11-29 07:52:56.080 30912 30912 I sysui_multi_action: [757,111,758,2]
11-29 07:52:56.083 30912 30912 I sysui_multi_action: [757,111,758,1]
11-29 07:52:56.083 30912 30912 I sysui_multi_action: [757,126,758,1,759,126,927,0,928,1,1593,0]
11-29 07:52:56.083 30912 30912 I sysui_multi_action: [757,113,758,1,759,113,927,1,928,1,1593,0]
11-29 07:52:56.083 30912 30912 I sysui_multi_action: [757,0,758,1,759,0,927,2,928,0,1593,0]
11-29 07:52:56.083 30912 30912 I sysui_multi_action: [757,0,758,1,759,0,927,3,928,0,1593,0]
11-29 07:52:56.084 30912 30912 I sysui_multi_action: [757,491,758,1,759,491,927,4,928,0,1311,-1,1593,0]
11-29 07:52:56.084 30912 30912 I sysui_multi_action: [757,0,758,1,759,0,927,5,928,0,1593,0]
11-29 07:52:56.084 30912 30912 I sysui_multi_action: [757,111,758,1]
11-29 07:52:56.084 30912 30912 I sysui_multi_action: [757,126,758,1,759,126,927,0,928,1,1593,0]
11-29 07:52:56.084 30912 30912 I sysui_multi_action: [757,113,758,1,759,113,927,1,928,1,1593,0]
