11-29 07:43:29.536 30912 30912 I sysui_multi_action: [757,0,758,1,759,0,927,3,928,0,1593,1]
11-29 07:43:29.536 30912 30912 I sysui_multi_action: [757,491,758,1,759,491,927,4,928,0,1311,-1,1593,0]
11-29 07:43:29.536 30912 30912 I sysui_multi_action: [757,0,758,1,759,0,927,5,928,0,1593,0]
11-29 07:43:29.536 30912 30912 I sysui_multi_action: [757,111,758,1]
11-29 07:43:29.536 30912 30912 I sysui_multi_action: [757,126,758,1,759,126,927,0,928,1,1593,1]
11-29 07:43:29.536 30912 30912 I sysui_multi_action: [757,113,758,1,759,113,927,1,928,1,1593,1]
11-29 07:43:29.536 30912 30912 I sysui_multi_action: [757,0,758,1,759,0,927,2,928,0,1593,1]
11-29 07:43:29.536 30912 30912 I sysui_multi_action: [757,0,758,1,759,0,927,3,928,0,1593,1]
11-29 07:43:29.539 1491 1693 I input_focus: [Focus leaving 6b9abb7 NotificationShade (server),reason=NO_WINDOW]
11-29 07:43:29.540 1491 1693 I input_focus: [Focus entering cd0514f com.android.launcher3/com.android.launcher3.uioverrides.QuickstepLauncher (server),reason=setFocusedWindow]
11-29 07:43:29.562 1491 1491 I GameModeConfig: isGameModeOn = false
11-29 07:43:29.563 1491 1491 E NotificationService: Muting recently noisy 0|com.android.systemui|2048|null|10082
11-29 07:43:29.566 1491 1491 I GameModeConfig: isGameModeOn = false
11-29 07:43:29.566 1491 1491 E NotificationService: Muting recently noisy 0|com.android.systemui|2048|null|10082
11-29 07:43:29.584 1491 1491 I GameModeConfig: isGameModeOn = false
11-29 07:43:29.585 1491 1491 E NotificationService: Muting recently noisy 0|com.android.systemui|2048|null|10082
11-29 07:43:29.607 1491 1491 I GameModeConfig: isGameModeOn = false
11-29 07:43:29.608 1491 1491 E NotificationService: Muting recently noisy 0|com.android.systemui|2048|null|10082
11-29 07:43:29.623 1491 1491 I GameModeConfig: isGameModeOn = false
11-29 07:43:29.624 1491 1491 E NotificationService: Muting recently noisy 0|com.android.systemui|2048|null|10082
11-29 07:43:29.638 1491 1491 I GameModeConfig: isGameModeOn = false
11-29 07:43:29.638 1491 1491 E NotificationService: Muting recently noisy 0|com.android.systemui|2048|null|10082
11-29 07:43:29.654 1491 1491 I GameModeConfig: isGameModeOn = false
11-29 07:43:29.655 1491 1491 E NotificationService: Muting recently noisy 0|com.android.systemui|2048|null|10082
11-29 07:43:29.668 1491 1491 I GameModeConfig: isGameModeOn = false
11-29 07:43:29.668 1491 1491 E NotificationService: Muting recently noisy 0|com.android.systemui|2048|null|10082
11-29 07:43:29.684 1491 1491 I GameModeConfig: isGameModeOn = false
11-29 07:43:29.686 1491 1491 E NotificationService: Muting recently noisy 0|com.android.systemui|2048|null|10082
11-29 07:43:29.700 1491 1491 I GameModeConfig: isGameModeOn = false
11-29 07:43:29.701 1491 1491 E NotificationService: Muting recently noisy 0|com.android.systemui|2048|null|10082
11-29 07:43:29.729 1491 1491 I GameModeConfig: isGameModeOn = false
11-29 07:43:29.729 1491 1491 E NotificationService: Muting recently noisy 0|com.android.systemui|2048|null|10082
11-29 07:43:29.845 1491 1693 I input_interaction: Interaction with: 3c721b8 StatusBar (server), edge-swipe (server), swipe-up (server), PointerEventDispatcher0 (server),
11-29 07:43:29.847 30912 30912 I sysui_multi_action: [757,803,799,panel_open,802,1]
11-29 07:43:29.849 30912 30912 I sysui_multi_action: [757,1328,758,4,1326,40,1327,1,1329,0]
11-29 07:43:29.894 1491 9316 I sysui_multi_action: [757,127,758,1]
11-29 07:43:29.894 1491 9316 I sysui_multi_action: [757,804,799,note_load,801,3,802,1]
11-29 07:43:29.894 1491 9316 I notification_panel_revealed: 3
11-29 07:43:29.899 1491 1760 I GameModeConfig: isGameModeOn = false
11-29 07:43:29.904 1491 1760 I GameModeConfig: isGameModeOn = false
11-29 07:43:29.904 1491 1760 I GameModeConfig: isGameModeOn = false
11-29 07:43:29.904 1491 1760 I GameModeConfig: isGameModeOn = false
11-29 07:43:29.905 1491 1760 I GameModeConfig: isGameModeOn = false
11-29 07:43:29.905 1491 1760 I GameModeConfig: isGameModeOn = false
11-29 07:43:29.905 1491 1760 I GameModeConfig: isGameModeOn = false
11-29 07:43:29.906 1491 1760 I GameModeConfig: isGameModeOn = false
11-29 07:43:29.906 1491 1760 I GameModeConfig: isGameModeOn = false
11-29 07:43:29.906 1491 1760 I GameModeConfig: isGameModeOn = false
11-29 07:43:29.907 30912 30912 I sysui_multi_action: [757,111,758,2]
11-29 07:43:29.907 30912 30912 I sysui_multi_action: [757,111,758,2]
11-29 07:43:29.908 1491 1491 I notification_enqueue: [10082,30912,com.android.systemui,2048,NULL,0,Notification(channel=updateNotification shortcut=null contentView=null vibrate=null sound=null defaults=0x0 flags=0x0 color=0x00000000 vis=PRIVATE),1]
11-29 07:43:29.921 1491 1600 I input_focus: [Focus request 6b9abb7 NotificationShade,reason=UpdateInputWindows]
11-29 07:43:29.926 30912 30912 I sysui_multi_action: [757,111,758,1]
11-29 07:43:29.927 30912 30912 I sysui_multi_action: [757,126,758,1,759,126,927,0,928,1,1593,0]
11-29 07:43:29.927 30912 30912 I sysui_multi_action: [757,113,758,1,759,113,927,1,928,1,1593,0]
11-29 07:43:29.927 30912 30912 I sysui_multi_action: [757,0,758,1,759,0,927,2,928,0,1593,0]
11-29 07:43:29.927 30912 30912 I sysui_multi_action: [757,0,758,1,759,0,927,3,928,0,1593,0]
11-29 07:43:29.927 30912 30912 I sysui_multi_action: [757,491,758,1,759,491,927,4,928,0,1311,-1,1593,0]
11-29 07:43:29.928 30912 30912 I sysui_multi_action: [757,0,758,1,759,0,927,5,928,0,1593,0]
11-29 07:43:29.928 30912 30912 I sysui_multi_action: [757,111,758,1]
11-29 07:43:29.928 30912 30912 I sysui_multi_action: [757,126,758,1,759,126,927,0,928,1,1593,0]
11-29 07:43:29.928 30912 30912 I sysui_multi_action: [757,113,758,1,759,113,927,1,928,1,1593,0]
11-29 07:43:29.928 30912 30912 I sysui_multi_action: [757,0,758,1,759,0,927,2,928,0,1593,0]
11-29 07:43:29.928 30912 30912 I sysui_multi_action: [757,0,758,1,759,0,927,3,928,0,1593,0]
11-29 07:43:29.938 1491 1693 I input_focus: [Focus leaving cd0514f com.android.launcher3/com.android.launcher3.uioverrides.QuickstepLauncher (server),reason=Waiting for window because NOT_VISIBLE]
11-29 07:43:29.943 1491 1760 I GameModeConfig: isGameModeOn = false
11-29 07:43:29.944 1491 1760 I GameModeConfig: isGameModeOn = false
11-29 07:43:29.944 1491 1760 I GameModeConfig: isGameModeOn = false
11-29 07:43:29.948 1491 1760 I GameModeConfig: isGameModeOn = false
11-29 07:43:29.948 1491 1760 I GameModeConfig: isGameModeOn = false
11-29 07:43:29.948 1491 1760 I GameModeConfig: isGameModeOn = false
11-29 07:43:29.948 1491 1760 I GameModeConfig: isGameModeOn = false
11-29 07:43:29.949 1491 1760 I GameModeConfig: isGameModeOn = false
11-29 07:43:29.949 1491 1760 I GameModeConfig: isGameModeOn = false
11-29 07:43:29.949 1491 1760 I GameModeConfig: isGameModeOn = false
11-29 07:43:29.950 30912 30912 I sysui_multi_action: [757,111,758,2]
11-29 07:43:29.950 1491 1491 I notification_enqueue: [10082,30912,com.android.systemui,2048,NULL,0,Notification(channel=updateNotification shortcut=null contentView=null vibrate=null sound=null defaults=0x0 flags=0x0 color=0x00000000 vis=PRIVATE),1]
11-29 07:43:29.950 30912 30912 I sysui_multi_action: [757,111,758,2]
11-29 07:43:29.954 1491 1693 I input_focus: [Focus entering 6b9abb7 NotificationShade (server),reason=Window became focusable. Previous reason: NOT_VISIBLE]
11-29 07:43:29.954 30912 30912 I sysui_multi_action: [757,111,758,1]
11-29 07:43:29.954 30912 30912 I sysui_multi_action: [757,126,758,1,759,126,927,0,928,1,1593,0]
11-29 07:43:29.954 30912 30912 I sysui_multi_action: [757,113,758,1,759,113,927,1,928,1,1593,0]
11-29 07:43:29.955 30912 30912 I sysui_multi_action: [757,0,758,1,759,0,927,2,928,0,1593,0]
11-29 07:43:29.955 30912 30912 I sysui_multi_action: [757,0,758,1,759,0,927,3,928,0,1593,0]
11-29 07:43:29.955 30912 30912 I sysui_multi_action: [757,491,758,1,759,491,927,4,928,0,1311,-1,1593,0]
11-29 07:43:29.955 30912 30912 I sysui_multi_action: [757,0,758,1,759,0,927,5,928,0,1593,0]
11-29 07:43:29.955 30912 30912 I sysui_multi_action: [757,111,758,1]
11-29 07:43:29.955 30912 30912 I sysui_multi_action: [757,126,758,1,759,126,927,0,928,1,1593,0]
11-29 07:43:29.955 30912 30912 I sysui_multi_action: [757,113,758,1,759,113,927,1,928,1,1593,0]
11-29 07:43:29.955 30912 30912 I sysui_multi_action: [757,0,758,1,759,0,927,2,928,0,1593,0]
11-29 07:43:29.956 30912 30912 I sysui_multi_action: [757,0,758,1,759,0,927,3,928,0,1593,0]
11-29 07:43:29.965 1491 1760 I GameModeConfig: isGameModeOn = false
11-29 07:43:29.965 1491 1760 I GameModeConfig: isGameModeOn = false
11-29 07:43:29.966 1491 1760 I GameModeConfig: isGameModeOn = false
11-29 07:43:29.966 1491 1760 I GameModeConfig: isGameModeOn = false
11-29 07:43:29.966 1491 1760 I GameModeConfig: isGameModeOn = false
11-29 07:43:29.966 1491 1760 I GameModeConfig: isGameModeOn = false
11-29 07:43:29.966 1491 1760 I GameModeConfig: isGameModeOn = false
11-29 07:43:29.966 1491 1760 I GameModeConfig: isGameModeOn = false
11-29 07:43:29.967 1491 1760 I GameModeConfig: isGameModeOn = false
11-29 07:43:29.967 1491 1760 I GameModeConfig: isGameModeOn = false
11-29 07:43:29.968 30912 30912 I sysui_multi_action: [757,111,758,2]
11-29 07:43:29.969 30912 30912 I sysui_multi_action: [757,111,758,2]
11-29 07:43:29.969 1491 1491 I notification_enqueue: [10082,30912,com.android.systemui,2048,NULL,0,Notification(channel=updateNotification shortcut=null contentView=null vibrate=null sound=null defaults=0x0 flags=0x0 color=0x00000000 vis=PRIVATE),1]
11-29 07:43:29.979 30912 30912 I sysui_multi_action: [757,111,758,1]
11-29 07:43:29.979 30912 30912 I sysui_multi_action: [757,126,758,1,759,126,927,0,928,1,1593,0]
11-29 07:43:29.979 30912 30912 I sysui_multi_action: [757,113,758,1,759,113,927,1,928,1,1593,0]
11-29 07:43:29.979 30912 30912 I sysui_multi_action: [757,0,758,1,759,0,927,2,928,0,1593,0]
11-29 07:43:29.979 30912 30912 I sysui_multi_action: [757,0,758,1,759,0,927,3,928,0,1593,0]
11-29 07:43:29.979 30912 30912 I sysui_multi_action: [757,491,758,1,759,491,927,4,928,0,1311,-1,1593,0]
11-29 07:43:29.980 30912 30912 I sysui_multi_action: [757,0,758,1,759,0,927,5,928,0,1593,0]
11-29 07:43:29.980 30912 30912 I sysui_multi_action: [757,111,758,1]
11-29 07:43:29.980 30912 30912 I sysui_multi_action: [757,126,758,1,759,126,927,0,928,1,1593,0]
11-29 07:43:29.980 30912 30912 I sysui_multi_action: [757,113,758,1,759,113,927,1,928,1,1593,0]
11-29 07:43:29.980 30912 30912 I sysui_multi_action: [757,0,758,1,759,0,927,2,928,0,1593,0]
11-29 07:43:29.980 30912 30912 I sysui_multi_action: [757,0,758,1,759,0,927,3,928,0,1593,0]
11-29 07:43:29.992 30912 30912 I sysui_multi_action: [757,111,758,2]
11-29 07:43:29.992 30912 30912 I sysui_multi_action: [757,111,758,2]
11-29 07:43:29.994 1491 1491 I notification_enqueue: [10082,30912,com.android.systemui,2048,NULL,0,Notification(channel=updateNotification shortcut=null contentView=null vibrate=null sound=null defaults=0x0 flags=0x0 color=0x00000000 vis=PRIVATE),1]
11-29 07:43:29.995 30912 30912 I sysui_multi_action: [757,111,758,1]
11-29 07:43:29.995 30912 30912 I sysui_multi_action: [757,126,758,1,759,126,927,0,928,1,1593,0]
11-29 07:43:29.995 30912 30912 I sysui_multi_action: [757,113,758,1,759,113,927,1,928,1,1593,0]
11-29 07:43:29.995 30912 30912 I sysui_multi_action: [757,0,758,1,759,0,927,2,928,0,1593,0]
11-29 07:43:29.995 30912 30912 I sysui_multi_action: [757,0,758,1,759,0,927,3,928,0,1593,0]
11-29 07:43:29.995 30912 30912 I sysui_multi_action: [757,491,758,1,759,491,927,4,928,0,1311,-1,1593,0]
11-29 07:43:29.996 30912 30912 I sysui_multi_action: [757,0,758,1,759,0,927,5,928,0,1593,0]
11-29 07:43:29.996 30912 30912 I sysui_multi_action: [757,111,758,1]
11-29 07:43:29.996 30912 30912 I sysui_multi_action: [757,126,758,1,759,126,927,0,928,1,1593,0]
11-29 07:43:29.996 30912 30912 I sysui_multi_action: [757,113,758,1,759,113,927,1,928,1,1593,0]
11-29 07:43:29.996 30912 30912 I sysui_multi_action: [757,0,758,1,759,0,927,2,928,0,1593,0]
11-29 07:43:29.996 30912 30912 I sysui_multi_action: [757,0,758,1,759,0,927,3,928,0,1593,0]
11-29 07:43:29.997 1491 1760 I GameModeConfig: isGameModeOn = false
11-29 07:43:29.997 1491 1760 I GameModeConfig: isGameModeOn = false
11-29 07:43:29.998 1491 1760 I GameModeConfig: isGameModeOn = false
11-29 07:43:29.998 1491 1760 I GameModeConfig: isGameModeOn = false
11-29 07:43:29.998 1491 1760 I GameModeConfig: isGameModeOn = false
11-29 07:43:29.998 1491 1760 I GameModeConfig: isGameModeOn = false
11-29 07:43:29.998 1491 1760 I GameModeConfig: isGameModeOn = false
11-29 07:43:29.998 1491 1760 I GameModeConfig: isGameModeOn = false
11-29 07:43:29.998 1491 1760 I GameModeConfig: isGameModeOn = false
11-29 07:43:29.998 1491 1760 I GameModeConfig: isGameModeOn = false
11-29 07:43:30.006 1491 1760 I GameModeConfig: isGameModeOn = false
11-29 07:43:30.006 1491 1760 I GameModeConfig: isGameModeOn = false
11-29 07:43:30.006 1491 1760 I GameModeConfig: isGameModeOn = false
11-29 07:43:30.006 1491 1760 I GameModeConfig: isGameModeOn = false
11-29 07:43:30.007 1491 1760 I GameModeConfig: isGameModeOn = false
11-29 07:43:30.007 1491 1760 I GameModeConfig: isGameModeOn = false
11-29 07:43:30.007 1491 1760 I GameModeConfig: isGameModeOn = false
11-29 07:43:30.007 1491 1760 I GameModeConfig: isGameModeOn = false
11-29 07:43:30.007 1491 1760 I GameModeConfig: isGameModeOn = false
11-29 07:43:30.007 1491 1760 I GameModeConfig: isGameModeOn = false
11-29 07:43:30.008 30912 30912 I sysui_multi_action: [757,111,758,2]
11-29 07:43:30.008 30912 30912 I sysui_multi_action: [757,111,758,2]
11-29 07:43:30.009 1491 1491 I notification_enqueue: [10082,30912,com.android.systemui,2048,NULL,0,Notification(channel=updateNotification shortcut=null contentView=null vibrate=null sound=null defaults=0x0 flags=0x0 color=0x00000000 vis=PRIVATE),1]
11-29 07:43:30.010 30912 30912 I sysui_multi_action: [757,111,758,1]
11-29 07:43:30.010 30912 30912 I sysui_multi_action: [757,126,758,1,759,126,927,0,928,1,1593,0]
11-29 07:43:30.010 30912 30912 I sysui_multi_action: [757,113,758,1,759,113,927,1,928,1,1593,0]
11-29 07:43:30.010 30912 30912 I sysui_multi_action: [757,0,758,1,759,0,927,2,928,0,1593,0]
11-29 07:43:30.010 30912 30912 I sysui_multi_action: [757,0,758,1,759,0,927,3,928,0,1593,0]
11-29 07:43:30.011 30912 30912 I sysui_multi_action: [757,491,758,1,759,491,927,4,928,0,1311,-1,1593,0]
11-29 07:43:30.011 30912 30912 I sysui_multi_action: [757,0,758,1,759,0,927,5,928,0,1593,0]
11-29 07:43:30.011 30912 30912 I sysui_multi_action: [757,111,758,1]
11-29 07:43:30.011 30912 30912 I sysui_multi_action: [757,126,758,1,759,126,927,0,928,1,1593,0]
11-29 07:43:30.011 30912 30912 I sysui_multi_action: [757,113,758,1,759,113,927,1,928,1,1593,0]
11-29 07:43:30.011 30912 30912 I sysui_multi_action: [757,0,758,1,759,0,927,2,928,0,1593,0]
11-29 07:43:30.011 30912 30912 I sysui_multi_action: [757,0,758,1,759,0,927,3,928,0,1593,0]
11-29 07:43:30.079 0 0 I auditd : type=1400 audit(0.0:18701): avc: denied { kill } for comm="swapper/2" capability=5 scontext=u:r:kernel:s0 tcontext=u:r:kernel:s0 tclass=capability permissive=0
11-29 07:43:30.113 1491 1491 I GameModeConfig: isGameModeOn = false
11-29 07:43:30.114 1491 1491 E NotificationService: Muting recently noisy 0|com.android.systemui|2048|null|10082
11-29 07:43:30.116 1491 1760 I GameModeConfig: isGameModeOn = false
11-29 07:43:30.126 1491 1760 I GameModeConfig: isGameModeOn = false
11-29 07:43:30.143 1491 1760 I GameModeConfig: isGameModeOn = false
11-29 07:43:30.152 1491 1491 I GameModeConfig: isGameModeOn = false
11-29 07:43:30.152 1491 1491 E NotificationService: Muting recently noisy 0|com.android.systemui|2048|null|10082
11-29 07:43:30.157 1491 1760 I GameModeConfig: isGameModeOn = false
11-29 07:43:30.170 1491 1760 I GameModeConfig: isGameModeOn = false
11-29 07:43:30.173 1491 1491 I GameModeConfig: isGameModeOn = false
11-29 07:43:30.173 1491 1491 E NotificationService: Muting recently noisy 0|com.android.systemui|2048|null|10082
11-29 07:43:30.196 1491 1491 I GameModeConfig: isGameModeOn = false
11-29 07:43:30.197 1491 1491 E NotificationService: Muting recently noisy 0|com.android.systemui|2048|null|10082
11-29 07:43:30.211 1491 1491 I GameModeConfig: isGameModeOn = false
11-29 07:43:30.211 1491 1491 E NotificationService: Muting recently noisy 0|com.android.systemui|2048|null|10082
11-29 07:43:30.261 1491 1760 I GameModeConfig: isGameModeOn = false
11-29 07:43:30.282 1491 1760 I GameModeConfig: isGameModeOn = false
11-29 07:43:30.289 1491 1760 I GameModeConfig: isGameModeOn = false
11-29 07:43:30.298 1491 1760 I GameModeConfig: isGameModeOn = false
11-29 07:43:30.302 1491 1760 I GameModeConfig: isGameModeOn = false
11-29 07:43:30.313 1491 1760 I GameModeConfig: isGameModeOn = false
11-29 07:43:30.315 1491 1760 I GameModeConfig: isGameModeOn = false
11-29 07:43:30.334 1491 1760 I GameModeConfig: isGameModeOn = false
11-29 07:43:30.337 1491 1760 I GameModeConfig: isGameModeOn = false
11-29 07:43:30.349 1491 1760 I GameModeConfig: isGameModeOn = false
11-29 07:43:30.455 1491 2059 I sysui_multi_action: [757,128,758,1,793,14775228,794,0,795,14775228,796,26,798,0,806,android,857,DEVELOPER_IMPORTANT,858,4,947,0,1395,3,1500,14775023,1688,1]
11-29 07:43:30.455 1491 2059 I sysui_multi_action: [757,804,799,note_freshness,801,14775228,802,1]
11-29 07:43:30.455 1491 2059 I notification_visibility: [-1|android|26|null|1000,1,14775228,14775228,0,0]
11-29 07:43:30.456 1491 2059 I sysui_multi_action: [757,128,758,1,793,582145,794,0,795,582145,796,131808548,797,OfflinePageAutoFetchNotification,798,1,806,com.microsoft.emmx,857,downloads,858,2,946,OfflinePageAutoFetchNotification,947,0,1395,3,1500,581942,1688,1]
11-29 07:43:30.456 1491 2059 I sysui_multi_action: [757,804,799,note_freshness,801,582145,802,1]
11-29 07:43:30.456 1491 2059 I notification_visibility: [0|com.microsoft.emmx|131808548|OfflinePageAutoFetchNotification|10036,1,582145,582145,0,1]
11-29 07:43:30.456 1491 2059 I sysui_multi_action: [757,128,758,1,793,14775232,794,0,795,14775232,796,32,798,2,806,android,857,USB,858,1,947,0,1395,3,1500,14775029,1688,1]
11-29 07:43:30.456 1491 2059 I sysui_multi_action: [757,804,799,note_freshness,801,14775232,802,1]
11-29 07:43:30.456 1491 2059 I notification_visibility: [-1|android|32|null|1000,1,14775232,14775232,0,2]
11-29 07:43:30.470 1491 1760 I GameModeConfig: isGameModeOn = false
11-29 07:43:30.492 1491 1760 I GameModeConfig: isGameModeOn = false
11-29 07:43:30.505 1491 1760 I GameModeConfig: isGameModeOn = false
11-29 07:43:30.521 1491 1760 I GameModeConfig: isGameModeOn = false
11-29 07:43:30.542 1491 1760 I GameModeConfig: isGameModeOn = false
11-29 07:43:31.079 0 0 I auditd : type=1400 audit(0.0:18702): avc: denied { kill } for comm="swapper/2" capability=5 scontext=u:r:kernel:s0 tcontext=u:r:kernel:s0 tclass=capability permissive=0
11-29 07:43:31.559 1491 1693 I input_interaction: Interaction with: 6b9abb7 NotificationShade (server), edge-swipe (server), swipe-up (server), PointerEventDispatcher0 (server),
11-29 07:43:32.089 1491 1723 I netstats_mobile_sample: [0,0,0,0,0,0,0,0,0,0,0,0,1669679012089]
11-29 07:43:32.090 1491 1723 I netstats_wifi_sample: [6172853611,5142300,212285328,1001229,6172853611,5142300,212285328,1001229,6255668553,5782552,123669145,800479,1669679012089]
11-29 07:43:32.492 1491 10785 I sysui_multi_action: [757,128,758,2,793,14777265,794,2037,795,14777265,796,26,798,0,806,android,857,DEVELOPER_IMPORTANT,858,4,947,0,1395,3,1500,14777060,1688,1]
11-29 07:43:32.493 1491 10785 I notification_visibility: [-1|android|26|null|1000,0,14777265,14777265,0,0]
11-29 07:43:33.027 1491 1760 I GameModeConfig: isGameModeOn = false
11-29 07:43:33.027 1491 1760 I GameModeConfig: isGameModeOn = false
11-29 07:43:33.027 1491 1760 I GameModeConfig: isGameModeOn = false
11-29 07:43:33.028 1491 1760 I GameModeConfig: isGameModeOn = false
11-29 07:43:33.028 1491 1760 I GameModeConfig: isGameModeOn = false
11-29 07:43:33.028 1491 1760 I GameModeConfig: isGameModeOn = false
11-29 07:43:33.029 1491 1760 I GameModeConfig: isGameModeOn = false
11-29 07:43:33.030 1491 1760 I GameModeConfig: isGameModeOn = false
11-29 07:43:33.030 1491 1760 I GameModeConfig: isGameModeOn = false
11-29 07:43:33.030 1491 1760 I GameModeConfig: isGameModeOn = false
11-29 07:43:33.036 1491 1491 I notification_enqueue: [10082,30912,com.android.systemui,2048,NULL,0,Notification(channel=updateNotification shortcut=null contentView=null vibrate=null sound=null defaults=0x0 flags=0x0 color=0x00000000 vis=PRIVATE),1]
11-29 07:43:33.239 1491 1491 I GameModeConfig: isGameModeOn = false
11-29 07:43:33.241 1491 1491 I sysui_multi_action: [757,1501,758,1,793,16170501,794,0,795,213,796,2048,806,com.android.systemui,857,updateNotification,858,3,947,0,1500,0,1688,1]
11-29 07:43:33.242 1491 1491 I sysui_multi_action: [757,804,799,note_interruptive,801,0,802,1]
11-29 07:43:33.242 1491 1491 I sysui_multi_action: [757,199,758,1,759,2,793,16170503,794,0,795,215,796,2048,806,com.android.systemui,857,updateNotification,858,3,947,0,1500,2,1688,1]
11-29 07:43:33.243 1491 1491 I notification_alert: [0|com.android.systemui|2048|null|10082,0,1,0]
11-29 07:43:33.246 1491 1491 W NotificationHistory: Attempted to add notif for locked/gone/disabled user 0
11-29 07:43:33.512 1491 10785 I sysui_multi_action: [757,128,758,1,793,1338595,794,0,795,1338595,796,54086601,798,5,806,com.tencent.android.qqdownloader,857,channel_id_default_silent,858,3,946,com.tencent.android.qqdownloader,947,1,1395,8,1500,1338595,1688,1]
11-29 07:43:33.512 1491 10785 I sysui_multi_action: [757,804,799,note_freshness,801,1338595,802,1]
11-29 07:43:33.512 1491 10785 I notification_visibility: [0|com.tencent.android.qqdownloader|54086601|null|10097,1,1338595,1338595,0,5]
11-29 07:43:33.512 1491 10785 I sysui_multi_action: [757,128,758,1,793,598833,794,0,795,598833,796,52575843,798,4,806,com.tencent.android.qqdownloader,857,channel_id_default_silent,858,3,946,com.tencent.android.qqdownloader,947,1,1395,8,1500,598833,1688,1]
11-29 07:43:33.513 1491 10785 I sysui_multi_action: [757,804,799,note_freshness,801,598833,802,1]
11-29 07:43:33.513 1491 10785 I notification_visibility: [0|com.tencent.android.qqdownloader|52575843|null|10097,1,598833,598833,0,4]
11-29 07:43:33.513 1491 10785 I sysui_multi_action: [757,128,758,1,793,1032441,794,0,795,48497,796,127,798,3,806,com.tencent.android.qqdownloader,857,channel_id_default_silent,858,3,946,com.tencent.android.qqdownloader,947,1,1395,8,1500,48497,1688,1]
11-29 07:43:33.513 1491 10785 I sysui_multi_action: [757,804,799,note_freshness,801,48497,802,1]
11-29 07:43:33.513 1491 10785 I notification_visibility: [0|com.tencent.android.qqdownloader|127|null|10097,1,1032441,48497,0,3]
11-29 07:43:33.514 1491 10785 I sysui_multi_action: [757,128,758,1,793,1405462,794,0,795,1405462,796,115,798,6,806,com.tencent.android.qqdownloader,857,channel_id_default_silent,858,3,946,com.tencent.android.qqdownloader,947,1,1395,8,1500,1405462,1688,1]
11-29 07:43:33.514 1491 10785 I sysui_multi_action: [757,804,799,note_freshness,801,1405462,802,1]
11-29 07:43:33.514 1491 10785 I notification_visibility: [0|com.tencent.android.qqdownloader|115|null|10097,1,1405462,1405462,0,6]
11-29 07:43:34.428 1491 1674 D ActivityManager: freezing 28795 com.android.gallery3d
11-29 07:43:34.429 1491 1674 E ActivityManager: Unable to freeze binder for 28795 com.android.gallery3d
11-29 07:43:34.430 1491 1674 D ActivityManager: froze 28795 com.android.gallery3d
11-29 07:43:34.431 1491 1674 I am_freeze: [28795,com.android.gallery3d]
11-29 07:43:34.431 1491 1674 E ActivityManager: Unable to freeze binder for 28795 com.android.gallery3d
11-29 07:43:34.434 1491 1674 I ActivityManager: Killing 28795:com.android.gallery3d/u0a68 (adj 965): Unable to freeze binder interface
11-29 07:43:34.434 1491 1674 I am_kill : [0,28795,com.android.gallery3d,965,Unable to freeze binder interface]
11-29 07:43:34.463 1491 10785 I am_proc_died: [0,28795,com.android.gallery3d,965,19]
11-29 07:43:34.463 1491 10785 I am_uid_stopped: 10068
11-29 07:43:34.474 1491 1599 I am_uid_running: 10068
11-29 07:43:34.476 1491 1599 D CompatibilityChangeReporter: Compat change id reported: 135634846; UID 10068; state: DISABLED
11-29 07:43:34.476 1491 1599 D CompatibilityChangeReporter: Compat change id reported: 177438394; UID 10068; state: DISABLED
11-29 07:43:34.476 1491 1599 D CompatibilityChangeReporter: Compat change id reported: 135772972; UID 10068; state: DISABLED
11-29 07:43:34.476 1491 1599 D CompatibilityChangeReporter: Compat change id reported: 135754954; UID 10068; state: DISABLED
11-29 07:43:34.477 1491 1609 D CompatibilityChangeReporter: Compat change id reported: 143937733; UID 10068; state: DISABLED
11-29 07:43:34.486 1491 1609 I am_proc_start: [0,32486,10068,com.android.gallery3d,NULL,]
11-29 07:43:34.486 1491 1609 I ActivityManager: Start proc 32486:com.android.gallery3d/u0a68 for null
11-29 07:43:34.496 1491 1607 I am_pss : [32243,10029,com.baidu.input,120665088,104988672,11264,239030272,0,7,13]
11-29 07:43:34.505 1491 1607 I am_pss : [16815,10063,com.thundercomm.gamemode.provider,7458816,4132864,2207744,57016320,0,19,6]
11-29 07:43:34.516 1491 10785 I am_proc_bound: [0,32486,com.android.gallery3d]
11-29 07:43:36.079 0 0 I auditd : type=1400 audit(0.0:18703): avc: denied { kill } for comm="swapper/0" capability=5 scontext=u:r:kernel:s0 tcontext=u:r:kernel:s0 tclass=capability permissive=0
11-29 07:43:36.087 1491 10785 I sysui_multi_action: [757,128,758,1,793,75119,794,0,795,75119,796,1,798,7,806,com.tencent.tmgp.pubgmhd,857,my_channel_01,858,3,947,0,1395,8,1500,74912,1688,1]
11-29 07:43:36.087 1491 10785 I sysui_multi_action: [757,804,799,note_freshness,801,75119,802,1]
11-29 07:43:36.087 1491 10785 I notification_visibility: [0|com.tencent.tmgp.pubgmhd|1|null|10099,1,75119,75119,0,7]
11-29 07:43:36.088 1491 10785 I sysui_multi_action: [757,128,758,2,793,587777,794,5632,795,587777,796,131808548,797,OfflinePageAutoFetchNotification,798,1,806,com.microsoft.emmx,857,downloads,858,2,946,OfflinePageAutoFetchNotification,947,0,1395,8,1500,587574,1688,1]
11-29 07:43:36.088 1491 10785 I notification_visibility: [0|com.microsoft.emmx|131808548|OfflinePageAutoFetchNotification|10036,0,587777,587777,0,1]
11-29 07:43:36.088 1491 10785 I sysui_multi_action: [757,128,758,2,793,14780864,794,5632,795,14780864,796,32,798,2,806,android,857,USB,858,1,947,0,1395,8,1500,14780661,1688,1]
11-29 07:43:36.088 1491 10785 I notification_visibility: [-1|android|32|null|1000,0,14780864,14780864,0,2]
11-29 07:43:37.054 1491 1760 I GameModeConfig: isGameModeOn = false
11-29 07:43:37.079 27424 27424 I auditd : type=1400 audit(0.0:18704): avc: denied { kill } for comm="kworker/u16:21" capability=5 scontext=u:r:kernel:s0 tcontext=u:r:kernel:s0 tclass=capability permissive=0
11-29 07:43:37.236 1491 1760 I GameModeConfig: isGameModeOn = false
11-29 07:43:38.079 353 353 I auditd : type=1400 audit(0.0:18705): avc: denied { kill } for comm="irq/382-atmel_m" capability=5 scontext=u:r:kernel:s0 tcontext=u:r:kernel:s0 tclass=capability permissive=0
11-29 07:43:38.710 30912 30912 I sysui_multi_action: [757,407,758,4,759,1]
11-29 07:43:38.784 1491 1723 I netstats_mobile_sample: [0,0,0,0,0,0,0,0,0,0,0,0,1669679018784]
11-29 07:43:38.784 1491 1723 I netstats_wifi_sample: [6175165911,5144378,212373940,1001717,6175165911,5144378,212373940,1001717,6257988784,5784681,123724219,800893,1669679018784]
11-29 07:43:39.079 353 353 I auditd : type=1400 audit(0.0:18706): avc: denied { kill } for comm="irq/382-atmel_m" capability=5 scontext=u:r:kernel:s0 tcontext=u:r:kernel:s0 tclass=capability permissive=0
11-29 07:43:39.129 1491 7072 I sysui_multi_action: [757,128,758,3,793,78160,794,3041,795,78160,796,1,806,com.tencent.tmgp.pubgmhd,857,my_channel_01,858,3,947,0,1500,77953,1688,1]
11-29 07:43:39.158 1491 1760 I GameModeConfig: isGameModeOn = false
11-29 07:43:39.184 1491 1760 I GameModeConfig: isGameModeOn = false
11-29 07:43:39.200 1491 1760 I GameModeConfig: isGameModeOn = false
11-29 07:43:39.216 1491 1760 I GameModeConfig: isGameModeOn = false
11-29 07:43:39.231 1491 1760 I GameModeConfig: isGameModeOn = false
11-29 07:43:39.250 1491 1760 I GameModeConfig: isGameModeOn = false
11-29 07:43:39.263 1491 1760 I GameModeConfig: isGameModeOn = false
11-29 07:43:39.280 1491 1760 I GameModeConfig: isGameModeOn = false
11-29 07:43:39.297 1491 1760 I GameModeConfig: isGameModeOn = false
11-29 07:43:39.314 1491 1760 I GameModeConfig: isGameModeOn = false
11-29 07:43:39.332 1491 1760 I GameModeConfig: isGameModeOn = false
11-29 07:43:39.349 1491 1760 I GameModeConfig: isGameModeOn = false
11-29 07:43:39.361 1491 1760 I GameModeConfig: isGameModeOn = false
11-29 07:43:39.366 1491 1760 I GameModeConfig: isGameModeOn = false
11-29 07:43:39.381 1491 1760 I GameModeConfig: isGameModeOn = false
11-29 07:43:39.392 1491 1760 I GameModeConfig: isGameModeOn = false
11-29 07:43:39.400 1491 1760 I GameModeConfig: isGameModeOn = false
11-29 07:43:39.404 1491 1760 I GameModeConfig: isGameModeOn = false
11-29 07:43:39.418 1491 1760 I GameModeConfig: isGameModeOn = false
11-29 07:43:39.419 1491 1760 I GameModeConfig: isGameModeOn = false
11-29 07:43:39.435 1491 1760 I GameModeConfig: isGameModeOn = false
11-29 07:43:39.441 1491 1760 I GameModeConfig: isGameModeOn = false
11-29 07:43:39.450 1491 1760 I GameModeConfig: isGameModeOn = false
11-29 07:43:39.450 1491 1760 I GameModeConfig: isGameModeOn = false
11-29 07:43:39.458 30912 30912 I sysui_multi_action: [757,407,758,4,759,0]
11-29 07:43:39.465 1491 1760 I GameModeConfig: isGameModeOn = false
11-29 07:43:39.468 1491 1760 I GameModeConfig: isGameModeOn = false
11-29 07:43:39.484 1491 1760 I GameModeConfig: isGameModeOn = false
11-29 07:43:39.484 1491 1760 I GameModeConfig: isGameModeOn = false
11-29 07:43:39.498 1491 1760 I GameModeConfig: isGameModeOn = false
11-29 07:43:39.502 1491 1760 I GameModeConfig: isGameModeOn = false
11-29 07:43:39.519 1491 1760 I GameModeConfig: isGameModeOn = false
11-29 07:43:39.523 1491 1760 I GameModeConfig: isGameModeOn = false
11-29 07:43:39.535 1491 1760 I GameModeConfig: isGameModeOn = false
11-29 07:43:39.562 1491 1760 I GameModeConfig: isGameModeOn = false
11-29 07:43:39.569 1491 1760 I GameModeConfig: isGameModeOn = false
11-29 07:43:39.586 1491 1760 I GameModeConfig: isGameModeOn = false
11-29 07:43:39.607 1491 1760 I GameModeConfig: isGameModeOn = false
11-29 07:43:39.623 1491 1760 I GameModeConfig: isGameModeOn = false
11-29 07:43:39.638 1491 1760 I GameModeConfig: isGameModeOn = false
11-29 07:43:39.643 1491 7072 I sysui_multi_action: [757,128,758,14,793,78675,794,3556,795,78675,796,1,806,com.tencent.tmgp.pubgmhd,857,my_channel_01,858,3,947,0,1500,78468,1688,1]
11-29 07:43:39.654 1491 1760 I GameModeConfig: isGameModeOn = false
11-29 07:43:39.668 1491 1760 I GameModeConfig: isGameModeOn = false
11-29 07:43:39.685 1491 1760 I GameModeConfig: isGameModeOn = false
11-29 07:43:39.701 1491 1760 I GameModeConfig: isGameModeOn = false
11-29 07:43:39.733 1491 1760 I GameModeConfig: isGameModeOn = false
11-29 07:43:39.900 1491 1760 I GameModeConfig: isGameModeOn = false
11-29 07:43:39.944 1491 1760 I GameModeConfig: isGameModeOn = false
11-29 07:43:39.966 1491 1760 I GameModeConfig: isGameModeOn = false
11-29 07:43:39.997 1491 1760 I GameModeConfig: isGameModeOn = false
11-29 07:43:40.007 1491 1760 I GameModeConfig: isGameModeOn = false
11-29 07:43:40.114 1491 1760 I GameModeConfig: isGameModeOn = false
11-29 07:43:40.153 1491 1760 I GameModeConfig: isGameModeOn = false
11-29 07:43:40.176 1491 1760 I GameModeConfig: isGameModeOn = false
11-29 07:43:40.196 1491 1760 I GameModeConfig: isGameModeOn = false
11-29 07:43:40.211 1491 1760 I GameModeConfig: isGameModeOn = false
11-29 07:43:41.577 1491 1760 I GameModeConfig: isGameModeOn = false
11-29 07:43:41.578 1491 1760 I GameModeConfig: isGameModeOn = false
11-29 07:43:41.578 1491 1760 I GameModeConfig: isGameModeOn = false
11-29 07:43:41.578 1491 1760 I GameModeConfig: isGameModeOn = false
11-29 07:43:41.578 1491 1760 I GameModeConfig: isGameModeOn = false
11-29 07:43:41.578 1491 1760 I GameModeConfig: isGameModeOn = false
11-29 07:43:41.578 1491 1760 I GameModeConfig: isGameModeOn = false
11-29 07:43:41.578 1491 1760 I GameModeConfig: isGameModeOn = false
11-29 07:43:41.578 1491 1760 I GameModeConfig: isGameModeOn = false
11-29 07:43:41.579 1491 1760 I GameModeConfig: isGameModeOn = false
11-29 07:43:41.580 30912 30912 I sysui_multi_action: [757,111,758,2]
11-29 07:43:41.580 30912 30912 I sysui_multi_action: [757,111,758,2]
11-29 07:43:41.580 1491 1491 I notification_enqueue: [10082,30912,com.android.systemui,2048,NULL,0,Notification(channel=updateNotification shortcut=null contentView=null vibrate=null sound=null defaults=0x0 flags=0x0 color=0x00000000 vis=PRIVATE),1]
11-29 07:43:41.593 30912 30912 I sysui_multi_action: [757,111,758,1]
11-29 07:43:41.594 30912 30912 I sysui_multi_action: [757,126,758,1,759,126,927,0,928,1,1593,1]
11-29 07:43:41.594 30912 30912 I sysui_multi_action: [757,113,758,1,759,113,927,1,928,1,1593,1]
11-29 07:43:41.594 30912 30912 I sysui_multi_action: [757,0,758,1,759,0,927,2,928,0,1593,1]
11-29 07:43:41.594 30912 30912 I sysui_multi_action: [757,0,758,1,759,0,927,3,928,0,1593,1]
11-29 07:43:41.594 30912 30912 I sysui_multi_action: [757,491,758,1,759,491,927,4,928,0,1311,-1,1593,0]
11-29 07:43:41.595 30912 30912 I sysui_multi_action: [757,0,758,1,759,0,927,5,928,0,1593,0]
11-29 07:43:41.595 30912 30912 I sysui_multi_action: [757,111,758,1]
11-29 07:43:41.595 30912 30912 I sysui_multi_action: [757,126,758,1,759,126,927,0,928,1,1593,1]
11-29 07:43:41.595 30912 30912 I sysui_multi_action: [757,113,758,1,759,113,927,1,928,1,1593,1]
11-29 07:43:41.595 30912 30912 I sysui_multi_action: [757,0,758,1,759,0,927,2,928,0,1593,1]
11-29 07:43:41.595 30912 30912 I sysui_multi_action: [757,0,758,1,759,0,927,3,928,0,1593,1]
11-29 07:43:41.615 30912 30912 I sysui_multi_action: [757,111,758,2]
11-29 07:43:41.615 30912 30912 I sysui_multi_action: [757,111,758,2]
11-29 07:43:41.616 1491 1491 I notification_enqueue: [10082,30912,com.android.systemui,2048,NULL,0,Notification(channel=updateNotification shortcut=null contentView=null vibrate=null sound=null defaults=0x0 flags=0x0 color=0x00000000 vis=PRIVATE),1]
11-29 07:43:41.619 30912 30912 I sysui_multi_action: [757,111,758,1]
11-29 07:43:41.619 30912 30912 I sysui_multi_action: [757,126,758,1,759,126,927,0,928,1,1593,1]
11-29 07:43:41.620 30912 30912 I sysui_multi_action: [757,113,758,1,759,113,927,1,928,1,1593,1]
11-29 07:43:41.620 30912 30912 I sysui_multi_action: [757,0,758,1,759,0,927,2,928,0,1593,1]
11-29 07:43:41.620 30912 30912 I sysui_multi_action: [757,0,758,1,759,0,927,3,928,0,1593,1]
11-29 07:43:41.620 30912 30912 I sysui_multi_action: [757,491,758,1,759,491,927,4,928,0,1311,-1,1593,0]
11-29 07:43:41.620 30912 30912 I sysui_multi_action: [757,0,758,1,759,0,927,5,928,0,1593,0]
11-29 07:43:41.620 30912 30912 I sysui_multi_action: [757,111,758,1]
11-29 07:43:41.620 30912 30912 I sysui_multi_action: [757,126,758,1,759,126,927,0,928,1,1593,1]
11-29 07:43:41.621 30912 30912 I sysui_multi_action: [757,113,758,1,759,113,927,1,928,1,1593,1]
11-29 07:43:41.621 30912 30912 I sysui_multi_action: [757,0,758,1,759,0,927,2,928,0,1593,1]
11-29 07:43:41.621 30912 30912 I sysui_multi_action: [757,0,758,1,759,0,927,3,928,0,1593,1]
11-29 07:43:41.621 1491 1760 I GameModeConfig: isGameModeOn = false
11-29 07:43:41.621 1491 1760 I GameModeConfig: isGameModeOn = false
11-29 07:43:41.622 1491 1760 I GameModeConfig: isGameModeOn = false
11-29 07:43:41.622 1491 1760 I GameModeConfig: isGameModeOn = false
11-29 07:43:41.622 1491 1760 I GameModeConfig: isGameModeOn = false
11-29 07:43:41.622 1491 1760 I GameModeConfig: isGameModeOn = false
11-29 07:43:41.622 1491 1760 I GameModeConfig: isGameModeOn = false
11-29 07:43:41.622 1491 1760 I GameModeConfig: isGameModeOn = false
11-29 07:43:41.622 1491 1760 I GameModeConfig: isGameModeOn = false
11-29 07:43:41.622 1491 1760 I GameModeConfig: isGameModeOn = false
11-29 07:43:41.630 1491 1760 I GameModeConfig: isGameModeOn = false
11-29 07:43:41.630 1491 1760 I GameModeConfig: isGameModeOn = false
11-29 07:43:41.631 1491 1760 I GameModeConfig: isGameModeOn = false
11-29 07:43:41.631 1491 1760 I GameModeConfig: isGameModeOn = false
11-29 07:43:41.631 1491 1760 I GameModeConfig: isGameModeOn = false
11-29 07:43:41.631 1491 1760 I GameModeConfig: isGameModeOn = false
11-29 07:43:41.631 1491 1760 I GameModeConfig: isGameModeOn = false
11-29 07:43:41.631 1491 1760 I GameModeConfig: isGameModeOn = false
11-29 07:43:41.631 1491 1760 I GameModeConfig: isGameModeOn = false
11-29 07:43:41.631 1491 1760 I GameModeConfig: isGameModeOn = false
11-29 07:43:41.633 30912 30912 I sysui_multi_action: [757,111,758,2]
11-29 07:43:41.633 30912 30912 I sysui_multi_action: [757,111,758,2]
11-29 07:43:41.633 1491 1491 I notification_enqueue: [10082,30912,com.android.systemui,2048,NULL,0,Notification(channel=updateNotification shortcut=null contentView=null vibrate=null sound=null defaults=0x0 flags=0x0 color=0x00000000 vis=PRIVATE),1]
11-29 07:43:41.636 30912 30912 I sysui_multi_action: [757,111,758,1]
11-29 07:43:41.636 30912 30912 I sysui_multi_action: [757,126,758,1,759,126,927,0,928,1,1593,1]
11-29 07:43:41.636 30912 30912 I sysui_multi_action: [757,113,758,1,759,113,927,1,928,1,1593,1]
11-29 07:43:41.636 30912 30912 I sysui_multi_action: [757,0,758,1,759,0,927,2,928,0,1593,1]
11-29 07:43:41.636 30912 30912 I sysui_multi_action: [757,0,758,1,759,0,927,3,928,0,1593,1]
11-29 07:43:41.637 30912 30912 I sysui_multi_action: [757,491,758,1,759,491,927,4,928,0,1311,-1,1593,0]
11-29 07:43:41.637 30912 30912 I sysui_multi_action: [757,0,758,1,759,0,927,5,928,0,1593,0]
11-29 07:43:41.637 30912 30912 I sysui_multi_action: [757,111,758,1]
11-29 07:43:41.637 30912 30912 I sysui_multi_action: [757,126,758,1,759,126,927,0,928,1,1593,1]
11-29 07:43:41.637 30912 30912 I sysui_multi_action: [757,113,758,1,759,113,927,1,928,1,1593,1]
11-29 07:43:41.637 30912 30912 I sysui_multi_action: [757,0,758,1,759,0,927,2,928,0,1593,1]
11-29 07:43:41.637 30912 30912 I sysui_multi_action: [757,0,758,1,759,0,927,3,928,0,1593,1]
11-29 07:43:41.644 30912 30912 I sysui_multi_action: [757,111,758,2]
11-29 07:43:41.645 30912 30912 I sysui_multi_action: [757,111,758,2]
11-29 07:43:41.645 1491 1491 I notification_enqueue: [10082,30912,com.android.systemui,2048,NULL,0,Notification(channel=updateNotification shortcut=null contentView=null vibrate=null sound=null defaults=0x0 flags=0x0 color=0x00000000 vis=PRIVATE),1]
11-29 07:43:41.646 1491 1760 I GameModeConfig: isGameModeOn = false
11-29 07:43:41.647 1491 1760 I GameModeConfig: isGameModeOn = false
11-29 07:43:41.648 30912 30912 I sysui_multi_action: [757,111,758,1]
11-29 07:43:41.649 30912 30912 I sysui_multi_action: [757,126,758,1,759,126,927,0,928,1,1593,1]
11-29 07:43:41.649 30912 30912 I sysui_multi_action: [757,113,758,1,759,113,927,1,928,1,1593,1]
11-29 07:43:41.649 30912 30912 I sysui_multi_action: [757,0,758,1,759,0,927,2,928,0,1593,1]
11-29 07:43:41.649 30912 30912 I sysui_multi_action: [757,0,758,1,759,0,927,3,928,0,1593,1]
11-29 07:43:41.649 30912 30912 I sysui_multi_action: [757,491,758,1,759,491,927,4,928,0,1311,-1,1593,0]
11-29 07:43:41.649 30912 30912 I sysui_multi_action: [757,0,758,1,759,0,927,5,928,0,1593,0]
11-29 07:43:41.649 30912 30912 I sysui_multi_action: [757,111,758,1]
11-29 07:43:41.649 30912 30912 I sysui_multi_action: [757,126,758,1,759,126,927,0,928,1,1593,1]
11-29 07:43:41.649 30912 30912 I sysui_multi_action: [757,113,758,1,759,113,927,1,928,1,1593,1]
11-29 07:43:41.649 30912 30912 I sysui_multi_action: [757,0,758,1,759,0,927,2,928,0,1593,1]
11-29 07:43:41.649 30912 30912 I sysui_multi_action: [757,0,758,1,759,0,927,3,928,0,1593,1]
11-29 07:43:41.650 1491 1760 I GameModeConfig: isGameModeOn = false
11-29 07:43:41.651 1491 1760 I GameModeConfig: isGameModeOn = false
11-29 07:43:41.651 1491 1760 I GameModeConfig: isGameModeOn = false
11-29 07:43:41.651 1491 1760 I GameModeConfig: isGameModeOn = false
11-29 07:43:41.651 1491 1760 I GameModeConfig: isGameModeOn = false
11-29 07:43:41.651 1491 1760 I GameModeConfig: isGameModeOn = false
11-29 07:43:41.651 1491 1760 I GameModeConfig: isGameModeOn = false
11-29 07:43:41.651 1491 1760 I GameModeConfig: isGameModeOn = false
11-29 07:43:41.655 1491 2059 I sysui_multi_action: [757,128,758,2,793,1346738,794,8143,795,1346738,796,54086601,798,5,806,com.tencent.android.qqdownloader,857,channel_id_default_silent,858,3,946,com.tencent.android.qqdownloader,947,1,1395,8,1500,1346738,1688,1]
11-29 07:43:41.655 1491 2059 I notification_visibility: [0|com.tencent.android.qqdownloader|54086601|null|10097,0,1346738,1346738,0,5]
11-29 07:43:41.656 1491 2059 I sysui_multi_action: [757,128,758,2,793,606977,794,8144,795,606977,796,52575843,798,4,806,com.tencent.android.qqdownloader,857,channel_id_default_silent,858,3,946,com.tencent.android.qqdownloader,947,1,1395,8,1500,606977,1688,1]
11-29 07:43:41.656 1491 2059 I notification_visibility: [0|com.tencent.android.qqdownloader|52575843|null|10097,0,606977,606977,0,4]
11-29 07:43:41.656 1491 2059 I sysui_multi_action: [757,128,758,2,793,1040584,794,8143,795,56640,796,127,798,3,806,com.tencent.android.qqdownloader,857,channel_id_default_silent,858,3,946,com.tencent.android.qqdownloader,947,1,1395,8,1500,56640,1688,1]
11-29 07:43:41.656 1491 2059 I notification_visibility: [0|com.tencent.android.qqdownloader|127|null|10097,0,1040584,56640,0,3]
11-29 07:43:41.656 1491 2059 I sysui_multi_action: [757,128,758,2,793,1413604,794,8142,795,1413604,796,115,798,6,806,com.tencent.android.qqdownloader,857,channel_id_default_silent,858,3,946,com.tencent.android.qqdownloader,947,1,1395,8,1500,1413604,1688,1]
11-29 07:43:41.656 1491 2059 I notification_visibility: [0|com.tencent.android.qqdownloader|115|null|10097,0,1413604,1413604,0,6]
11-29 07:43:41.656 1491 2059 I sysui_multi_action: [757,128,758,2,793,80688,794,5569,795,80688,796,1,798,7,806,com.tencent.tmgp.pubgmhd,857,my_channel_01,858,3,947,0,1395,8,1500,80481,1688,1]
11-29 07:43:41.656 1491 2059 I notification_visibility: [0|com.tencent.tmgp.pubgmhd|1|null|10099,0,80688,80688,0,7]
11-29 07:43:41.660 1491 1760 I GameModeConfig: isGameModeOn = false
11-29 07:43:41.660 1491 1760 I GameModeConfig: isGameModeOn = false
11-29 07:43:41.660 1491 1760 I GameModeConfig: isGameModeOn = false
11-29 07:43:41.660 1491 1760 I GameModeConfig: isGameModeOn = false
11-29 07:43:41.660 1491 1760 I GameModeConfig: isGameModeOn = false
11-29 07:43:41.661 1491 1760 I GameModeConfig: isGameModeOn = false
11-29 07:43:41.661 1491 1760 I GameModeConfig: isGameModeOn = false
11-29 07:43:41.661 1491 1760 I GameModeConfig: isGameModeOn = false
11-29 07:43:41.661 1491 1760 I GameModeConfig: isGameModeOn = false
11-29 07:43:41.661 1491 1760 I GameModeConfig: isGameModeOn = false
11-29 07:43:41.662 30912 30912 I sysui_multi_action: [757,111,758,2]
11-29 07:43:41.662 30912 30912 I sysui_multi_action: [757,111,758,2]
11-29 07:43:41.663 1491 1491 I notification_enqueue: [10082,30912,com.android.systemui,2048,NULL,0,Notification(channel=updateNotification shortcut=null contentView=null vibrate=null sound=null defaults=0x0 flags=0x0 color=0x00000000 vis=PRIVATE),1]
11-29 07:43:41.664 30912 30912 I sysui_multi_action: [757,111,758,1]
11-29 07:43:41.665 30912 30912 I sysui_multi_action: [757,126,758,1,759,126,927,0,928,1,1593,1]
11-29 07:43:41.665 30912 30912 I sysui_multi_action: [757,113,758,1,759,113,927,1,928,1,1593,1]
11-29 07:43:41.665 30912 30912 I sysui_multi_action: [757,0,758,1,759,0,927,2,928,0,1593,1]
11-29 07:43:41.665 30912 30912 I sysui_multi_action: [757,0,758,1,759,0,927,3,928,0,1593,1]
11-29 07:43:41.665 30912 30912 I sysui_multi_action: [757,491,758,1,759,491,927,4,928,0,1311,-1,1593,0]
11-29 07:43:41.665 30912 30912 I sysui_multi_action: [757,0,758,1,759,0,927,5,928,0,1593,0]
11-29 07:43:41.665 30912 30912 I sysui_multi_action: [757,111,758,1]
11-29 07:43:41.665 30912 30912 I sysui_multi_action: [757,126,758,1,759,126,927,0,928,1,1593,1]
11-29 07:43:41.665 30912 30912 I sysui_multi_action: [757,113,758,1,759,113,927,1,928,1,1593,1]
11-29 07:43:41.665 30912 30912 I sysui_multi_action: [757,0,758,1,759,0,927,2,928,0,1593,1]
11-29 07:43:41.666 30912 30912 I sysui_multi_action: [757,0,758,1,759,0,927,3,928,0,1593,1]
11-29 07:43:41.677 1491 1760 I GameModeConfig: isGameModeOn = false
11-29 07:43:41.678 1491 1760 I GameModeConfig: isGameModeOn = false
11-29 07:43:41.678 1491 1760 I GameModeConfig: isGameModeOn = false
11-29 07:43:41.678 1491 1760 I GameModeConfig: isGameModeOn = false
11-29 07:43:41.678 1491 1760 I GameModeConfig: isGameModeOn = false
11-29 07:43:41.678 1491 1760 I GameModeConfig: isGameModeOn = false
11-29 07:43:41.678 1491 1760 I GameModeConfig: isGameModeOn = false
11-29 07:43:41.678 1491 1760 I GameModeConfig: isGameModeOn = false
11-29 07:43:41.678 1491 1760 I GameModeConfig: isGameModeOn = false
11-29 07:43:41.678 1491 1760 I GameModeConfig: isGameModeOn = false
11-29 07:43:41.679 30912 30912 I sysui_multi_action: [757,111,758,2]
11-29 07:43:41.679 30912 30912 I sysui_multi_action: [757,111,758,2]
11-29 07:43:41.679 1491 1491 I notification_enqueue: [10082,30912,com.android.systemui,2048,NULL,0,Notification(channel=updateNotification shortcut=null contentView=null vibrate=null sound=null defaults=0x0 flags=0x0 color=0x00000000 vis=PRIVATE),1]
11-29 07:43:41.682 30912 30912 I sysui_multi_action: [757,111,758,1]
11-29 07:43:41.682 30912 30912 I sysui_multi_action: [757,126,758,1,759,126,927,0,928,1,1593,1]
11-29 07:43:41.682 30912 30912 I sysui_multi_action: [757,113,758,1,759,113,927,1,928,1,1593,1]
11-29 07:43:41.682 30912 30912 I sysui_multi_action: [757,0,758,1,759,0,927,2,928,0,1593,1]
11-29 07:43:41.682 30912 30912 I sysui_multi_action: [757,0,758,1,759,0,927,3,928,0,1593,1]
11-29 07:43:41.682 30912 30912 I sysui_multi_action: [757,491,758,1,759,491,927,4,928,0,1311,-1,1593,0]
11-29 07:43:41.682 30912 30912 I sysui_multi_action: [757,0,758,1,759,0,927,5,928,0,1593,0]
11-29 07:43:41.682 30912 30912 I sysui_multi_action: [757,111,758,1]
11-29 07:43:41.682 30912 30912 I sysui_multi_action: [757,126,758,1,759,126,927,0,928,1,1593,1]
11-29 07:43:41.682 30912 30912 I sysui_multi_action: [757,113,758,1,759,113,927,1,928,1,1593,1]
11-29 07:43:41.682 30912 30912 I sysui_multi_action: [757,0,758,1,759,0,927,2,928,0,1593,1]
11-29 07:43:41.682 30912 30912 I sysui_multi_action: [757,0,758,1,759,0,927,3,928,0,1593,1]
11-29 07:43:41.693 1491 1760 I GameModeConfig: isGameModeOn = false
11-29 07:43:41.694 1491 1760 I GameModeConfig: isGameModeOn = false
11-29 07:43:41.694 1491 1760 I GameModeConfig: isGameModeOn = false
11-29 07:43:41.694 1491 1760 I GameModeConfig: isGameModeOn = false
11-29 07:43:41.694 1491 1760 I GameModeConfig: isGameModeOn = false
11-29 07:43:41.694 1491 1760 I GameModeConfig: isGameModeOn = false
11-29 07:43:41.694 1491 1760 I GameModeConfig: isGameModeOn = false
11-29 07:43:41.694 1491 1760 I GameModeConfig: isGameModeOn = false
11-29 07:43:41.694 1491 1760 I GameModeConfig: isGameModeOn = false
11-29 07:43:41.695 1491 1760 I GameModeConfig: isGameModeOn = false
11-29 07:43:41.695 30912 30912 I sysui_multi_action: [757,111,758,2]
11-29 07:43:41.695 30912 30912 I sysui_multi_action: [757,111,758,2]
11-29 07:43:41.696 1491 1491 I notification_enqueue: [10082,30912,com.android.systemui,2048,NULL,0,Notification(channel=updateNotification shortcut=null contentView=null vibrate=null sound=null defaults=0x0 flags=0x0 color=0x00000000 vis=PRIVATE),1]
11-29 07:43:41.698 30912 30912 I sysui_multi_action: [757,111,758,1]
11-29 07:43:41.698 30912 30912 I sysui_multi_action: [757,126,758,1,759,126,927,0,928,1,1593,0]
11-29 07:43:41.698 30912 30912 I sysui_multi_action: [757,113,758,1,759,113,927,1,928,1,1593,0]
11-29 07:43:41.698 30912 30912 I sysui_multi_action: [757,0,758,1,759,0,927,2,928,0,1593,0]
11-29 07:43:41.698 30912 30912 I sysui_multi_action: [757,0,758,1,759,0,927,3,928,0,1593,1]
11-29 07:43:41.698 30912 30912 I sysui_multi_action: [757,491,758,1,759,491,927,4,928,0,1311,-1,1593,0]
11-29 07:43:41.698 30912 30912 I sysui_multi_action: [757,0,758,1,759,0,927,5,928,0,1593,0]
11-29 07:43:41.698 30912 30912 I sysui_multi_action: [757,111,758,1]
11-29 07:43:41.698 30912 30912 I sysui_multi_action: [757,126,758,1,759,126,927,0,928,1,1593,1]
11-29 07:43:41.698 30912 30912 I sysui_multi_action: [757,113,758,1,759,113,927,1,928,1,1593,1]
11-29 07:43:41.698 30912 30912 I sysui_multi_action: [757,0,758,1,759,0,927,2,928,0,1593,1]
11-29 07:43:41.698 30912 30912 I sysui_multi_action: [757,0,758,1,759,0,927,3,928,0,1593,1]
11-29 07:43:41.711 30912 30912 I sysui_multi_action: [757,111,758,2]
11-29 07:43:41.711 30912 30912 I sysui_multi_action: [757,111,758,2]
11-29 07:43:41.711 1491 1491 I notification_enqueue: [10082,30912,com.android.systemui,2048,NULL,0,Notification(channel=updateNotification shortcut=null contentView=null vibrate=null sound=null defaults=0x0 flags=0x0 color=0x00000000 vis=PRIVATE),1]
11-29 07:43:41.713 30912 30912 I sysui_multi_action: [757,111,758,1]
11-29 07:43:41.713 30912 30912 I sysui_multi_action: [757,126,758,1,759,126,927,0,928,1,1593,1]
11-29 07:43:41.713 30912 30912 I sysui_multi_action: [757,113,758,1,759,113,927,1,928,1,1593,1]
11-29 07:43:41.713 30912 30912 I sysui_multi_action: [757,0,758,1,759,0,927,2,928,0,1593,1]
11-29 07:43:41.713 30912 30912 I sysui_multi_action: [757,0,758,1,759,0,927,3,928,0,1593,1]
11-29 07:43:41.713 30912 30912 I sysui_multi_action: [757,491,758,1,759,491,927,4,928,0,1311,-1,1593,0]
11-29 07:43:41.713 30912 30912 I sysui_multi_action: [757,0,758,1,759,0,927,5,928,0,1593,0]
11-29 07:43:41.713 30912 30912 I sysui_multi_action: [757,111,758,1]
11-29 07:43:41.713 30912 30912 I sysui_multi_action: [757,126,758,1,759,126,927,0,928,1,1593,1]
11-29 07:43:41.713 30912 30912 I sysui_multi_action: [757,113,758,1,759,113,927,1,928,1,1593,1]
11-29 07:43:41.714 30912 30912 I sysui_multi_action: [757,0,758,1,759,0,927,2,928,0,1593,1]
