11-29 07:43:04.829 31172 31172 I wm_on_top_resumed_lost_called: [55768314,com.miHoYo.sdk.platform.SdkActivity,topStateChangedWhenResumed]
11-29 07:43:04.830 1491 2059 I wm_pause_activity: [0,55768314,com.miHoYo.Yuanshen/com.miHoYo.sdk.platform.SdkActivity,userLeaving=false,pauseBackTasks]
11-29 07:43:04.831 1491 2059 I ActivityTaskManager: FOREGROUND_APPLICATION_CHANGED to com.android.launcher3.uioverrides.QuickstepLauncher
11-29 07:43:04.831 1491 2059 I wm_set_resumed_activity: [0,com.android.launcher3/.uioverrides.QuickstepLauncher,resumeTopActivityInnerLocked]
11-29 07:43:04.836 1491 2059 I wm_resume_activity: [0,254362067,41,com.android.launcher3/.uioverrides.QuickstepLauncher]
11-29 07:43:04.837 1491 2059 I wm_add_to_stopping: [0,55768314,com.miHoYo.Yuanshen/com.miHoYo.sdk.platform.SdkActivity,makeInvisible]
11-29 07:43:04.837 1491 2059 I wm_add_to_stopping: [0,238941043,com.miHoYo.Yuanshen/com.miHoYo.GetMobileInfo.MainActivity,makeInvisible]
11-29 07:43:04.843 9956 9956 I wm_on_resume_called: [254362067,com.android.launcher3.uioverrides.QuickstepLauncher,RESUME_ACTIVITY]
11-29 07:43:04.848 1491 1600 I input_focus: [Focus request cd0514f com.android.launcher3/com.android.launcher3.uioverrides.QuickstepLauncher,reason=UpdateInputWindows]
11-29 07:43:04.850 1491 1599 I sysui_multi_action: [757,803,799,window_time_0,802,10]
11-29 07:43:04.851 31172 31172 I wm_on_paused_called: [55768314,com.miHoYo.sdk.platform.SdkActivity,performPause]
11-29 07:43:04.853 1491 1599 I wm_stop_activity: [0,238941043,com.miHoYo.Yuanshen/com.miHoYo.GetMobileInfo.MainActivity]
11-29 07:43:04.853 1491 1599 I wm_stop_activity: [0,55768314,com.miHoYo.Yuanshen/com.miHoYo.sdk.platform.SdkActivity]
11-29 07:43:04.854 1491 1599 I sysui_multi_action: [757,803,799,window_time_0,802,0]
11-29 07:43:04.860 1491 1693 I input_focus: [Focus leaving recents_animation_input_consumer (server),reason=NOT_VISIBLE]
11-29 07:43:04.860 1491 1693 I input_focus: [Focus entering cd0514f com.android.launcher3/com.android.launcher3.uioverrides.QuickstepLauncher (server),reason=setFocusedWindow]
11-29 07:43:04.887 1491 1693 I input_interaction: Interaction with: cd0514f com.android.launcher3/com.android.launcher3.uioverrides.QuickstepLauncher (server), d05df9c com.android.systemui.ImageWallpaper (server), edge-swipe (server), swipe-up (server), PointerEventDispatcher0 (server),
11-29 07:43:04.892 1491 1772 I imf_force_reconnect_ime: [com.baidu.input/.ImeService,7643,0]
11-29 07:43:04.894 1491 1772 I am_uid_running: 10029
11-29 07:43:04.894 1491 1772 D CompatibilityChangeReporter: Compat change id reported: 135634846; UID 10029; state: DISABLED
11-29 07:43:04.894 1491 1772 D CompatibilityChangeReporter: Compat change id reported: 177438394; UID 10029; state: DISABLED
11-29 07:43:04.894 1491 1772 D CompatibilityChangeReporter: Compat change id reported: 135772972; UID 10029; state: DISABLED
11-29 07:43:04.894 1491 1772 D CompatibilityChangeReporter: Compat change id reported: 135754954; UID 10029; state: DISABLED
11-29 07:43:04.894 31172 31172 I wm_on_stop_called: [238941043,com.miHoYo.GetMobileInfo.MainActivity,STOP_ACTIVITY_ITEM]
11-29 07:43:04.895 1491 1609 D CompatibilityChangeReporter: Compat change id reported: 143937733; UID 10029; state: DISABLED
11-29 07:43:04.896 9956 9956 I wm_on_top_resumed_gained_called: [254362067,com.android.launcher3.uioverrides.QuickstepLauncher,topStateChangedWhenResumed]
11-29 07:43:04.902 1491 1609 I am_proc_start: [0,32243,10029,com.baidu.input,service,{com.baidu.input/com.baidu.input.ImeService}]
11-29 07:43:04.903 1491 1609 I ActivityManager: Start proc 32243:com.baidu.input/u0a29 for service {com.baidu.input/com.baidu.input.ImeService}
11-29 07:43:04.917 31172 31172 I wm_on_stop_called: [55768314,com.miHoYo.sdk.platform.SdkActivity,STOP_ACTIVITY_ITEM]
11-29 07:43:04.935 1491 2059 I am_proc_bound: [0,32243,com.baidu.input]
11-29 07:43:04.937 1491 2059 I am_uid_active: 10029
11-29 07:43:04.957 16043 16059 W ContextImpl: Calling a method in the system process without a qualified user: android.app.ContextImpl.startService:1816 android.content.ContextWrapper.startService:774 com.thundercomm.gamemode.ingame.services.GameModeActionUtils.startGameModeService:93 com.thundercomm.gamemode.ingame.services.GameModeActionUtils.startGameModeEntry:21 com.thundercomm.gamemode.ingame.services.ActivityMonitoringService$1.onActivityLaunch:127
11-29 07:43:04.960 1491 1772 I wm_finish_activity: [0,55768314,241,com.miHoYo.Yuanshen/com.miHoYo.sdk.platform.SdkActivity,remove-task]
11-29 07:43:04.960 1491 1772 I wm_destroy_activity: [0,55768314,241,com.miHoYo.Yuanshen/com.miHoYo.sdk.platform.SdkActivity,finish-imm:finishIfPossible]
11-29 07:43:04.961 1491 1772 I wm_finish_activity: [0,238941043,241,com.miHoYo.Yuanshen/com.miHoYo.GetMobileInfo.MainActivity,remove-task]
11-29 07:43:04.961 1491 1772 I wm_destroy_activity: [0,238941043,241,com.miHoYo.Yuanshen/com.miHoYo.GetMobileInfo.MainActivity,finish-imm:finishIfPossible]
11-29 07:43:04.972 1491 1599 I ActivityManager: Killing 31172:com.miHoYo.Yuanshen/u0a98 (adj 905): remove task
11-29 07:43:04.972 1491 1599 I am_kill : [0,31172,com.miHoYo.Yuanshen,905,remove task]
11-29 07:43:04.975 1491 1491 I GameModeConfig: Current uri is uri = content://com.thundercomm.gamemode.api/gamemode_settings/gamemode_isgaming
11-29 07:43:04.977 1491 10783 I ActivityManager: Killing 31444:com.miHoYo.Yuanshen:PushService/u0a98 (adj 500): remove task
11-29 07:43:04.977 1491 10783 I am_kill : [0,31444,com.miHoYo.Yuanshen:PushService,500,remove task]
11-29 07:43:04.979 1491 1491 I GameModeConfig: isGameModeOn = false
11-29 07:43:04.980 1491 1491 I GameModeConfig: isGameModeOn = false
11-29 07:43:04.980 1491 1491 I GameModeConfig: isDisableVoice = true
11-29 07:43:04.980 1491 1599 I sysui_multi_action: [757,803,799,window_time_0,802,0]
11-29 07:43:05.014 1491 10785 I am_proc_died: [0,31444,com.miHoYo.Yuanshen:PushService,500,10]
11-29 07:43:05.014 1491 10785 W ActivityManager: Scheduling restart of crashed service com.miHoYo.Yuanshen/com.combosdk.module.push.PushService in 1000ms for connection
11-29 07:43:05.014 1491 10785 I am_schedule_service_restart: [0,com.miHoYo.Yuanshen/com.combosdk.module.push.PushService,1000]
11-29 07:43:05.052 1491 1760 I GameModeConfig: isGameModeOn = false
11-29 07:43:05.052 1491 1760 I GameModeConfig: isGameModeOn = false
11-29 07:43:05.052 1491 1760 I GameModeConfig: isGameModeOn = false
11-29 07:43:05.053 1491 1760 I GameModeConfig: isGameModeOn = false
11-29 07:43:05.053 1491 1760 I GameModeConfig: isGameModeOn = false
11-29 07:43:05.053 1491 1760 I GameModeConfig: isGameModeOn = false
11-29 07:43:05.053 1491 1760 I GameModeConfig: isGameModeOn = false
11-29 07:43:05.053 1491 1760 I GameModeConfig: isGameModeOn = false
11-29 07:43:05.053 1491 1760 I GameModeConfig: isGameModeOn = false
11-29 07:43:05.057 1491 1760 I GameModeConfig: isGameModeOn = false
11-29 07:43:05.057 1491 1760 I GameModeConfig: isGameModeOn = false
11-29 07:43:05.058 1491 1760 I GameModeConfig: isGameModeOn = false
11-29 07:43:05.058 1491 1760 I GameModeConfig: isGameModeOn = false
11-29 07:43:05.058 1491 1760 I GameModeConfig: isGameModeOn = false
11-29 07:43:05.058 1491 1760 I GameModeConfig: isGameModeOn = false
11-29 07:43:05.058 1491 1760 I GameModeConfig: isGameModeOn = false
11-29 07:43:05.058 1491 1760 I GameModeConfig: isGameModeOn = false
11-29 07:43:05.059 1491 1760 I GameModeConfig: isGameModeOn = false
11-29 07:43:05.059 1491 1760 I GameModeConfig: isGameModeOn = false
11-29 07:43:05.059 1491 1760 I GameModeConfig: isGameModeOn = false
11-29 07:43:05.079 16043 16059 W ContextImpl: Calling a method in the system process without a qualified user: android.app.ContextImpl.startService:1816 android.content.ContextWrapper.startService:774 com.thundercomm.gamemode.ingame.services.GameModeActionUtils.startGameModeService:93 com.thundercomm.gamemode.ingame.services.GameModeActionUtils.startGameModeEntry:21 com.thundercomm.gamemode.ingame.services.ActivityMonitoringService$1.onActivityLaunch:127
11-29 07:43:05.083 1491 1491 I GameModeConfig: Current uri is uri = content://com.thundercomm.gamemode.api/gamemode_settings/gamemode_isgaming
11-29 07:43:05.085 1491 1491 I GameModeConfig: isGameModeOn = false
11-29 07:43:05.085 1491 1491 I GameModeConfig: isGameModeOn = false
11-29 07:43:05.086 1491 1491 I GameModeConfig: isDisableVoice = true
11-29 07:43:05.390 1491 1693 I input_interaction: Interaction with: 3c721b8 StatusBar (server), edge-swipe (server), swipe-up (server), PointerEventDispatcher0 (server),
11-29 07:43:05.393 30912 30912 I sysui_multi_action: [757,803,799,panel_open,802,1]
11-29 07:43:05.394 30912 30912 I sysui_multi_action: [757,1328,758,4,1326,74,1327,1,1329,0]
11-29 07:43:05.424 1491 2059 I sysui_multi_action: [757,127,758,1]
11-29 07:43:05.425 1491 2059 I sysui_multi_action: [757,804,799,note_load,801,3,802,1]
11-29 07:43:05.426 1491 1760 I GameModeConfig: isGameModeOn = false
11-29 07:43:05.426 1491 2059 I notification_panel_revealed: 3
11-29 07:43:05.426 1491 1760 I GameModeConfig: isGameModeOn = false
11-29 07:43:05.428 1491 1760 I GameModeConfig: isGameModeOn = false
11-29 07:43:05.428 1491 1760 I GameModeConfig: isGameModeOn = false
11-29 07:43:05.428 1491 1760 I GameModeConfig: isGameModeOn = false
11-29 07:43:05.428 1491 1760 I GameModeConfig: isGameModeOn = false
11-29 07:43:05.428 1491 1760 I GameModeConfig: isGameModeOn = false
11-29 07:43:05.428 1491 1760 I GameModeConfig: isGameModeOn = false
11-29 07:43:05.428 1491 1760 I GameModeConfig: isGameModeOn = false
11-29 07:43:05.428 1491 1760 I GameModeConfig: isGameModeOn = false
11-29 07:43:05.429 30912 30912 I sysui_multi_action: [757,111,758,2]
11-29 07:43:05.429 1491 1491 I notification_enqueue: [10082,30912,com.android.systemui,2048,NULL,0,Notification(channel=updateNotification shortcut=null contentView=null vibrate=null sound=null defaults=0x0 flags=0x0 color=0x00000000 vis=PRIVATE),1]
11-29 07:43:05.430 30912 30912 I sysui_multi_action: [757,111,758,2]
11-29 07:43:05.444 1491 1600 I input_focus: [Focus request 6b9abb7 NotificationShade,reason=UpdateInputWindows]
11-29 07:43:05.445 1491 1723 I netstats_mobile_sample: [0,0,0,0,0,0,0,0,0,0,0,0,1669678985445]
11-29 07:43:05.446 1491 1723 I netstats_wifi_sample: [6135488621,5110488,211740744,996219,6135488621,5110488,211740744,996219,6218236652,5750395,123275568,795806,1669678985445]
11-29 07:43:05.446 30912 30912 I sysui_multi_action: [757,111,758,1]
11-29 07:43:05.447 30912 30912 I sysui_multi_action: [757,126,758,1,759,126,927,0,928,1,1593,0]
11-29 07:43:05.447 30912 30912 I sysui_multi_action: [757,113,758,1,759,113,927,1,928,1,1593,0]
11-29 07:43:05.447 30912 30912 I sysui_multi_action: [757,0,758,1,759,0,927,2,928,0,1593,0]
11-29 07:43:05.447 30912 30912 I sysui_multi_action: [757,0,758,1,759,0,927,3,928,0,1593,0]
11-29 07:43:05.448 30912 30912 I sysui_multi_action: [757,491,758,1,759,491,927,4,928,0,1311,-1,1593,0]
11-29 07:43:05.448 30912 30912 I sysui_multi_action: [757,0,758,1,759,0,927,5,928,0,1593,0]
11-29 07:43:05.448 30912 30912 I sysui_multi_action: [757,111,758,1]
11-29 07:43:05.448 30912 30912 I sysui_multi_action: [757,126,758,1,759,126,927,0,928,1,1593,0]
11-29 07:43:05.448 30912 30912 I sysui_multi_action: [757,113,758,1,759,113,927,1,928,1,1593,0]
11-29 07:43:05.448 30912 30912 I sysui_multi_action: [757,0,758,1,759,0,927,2,928,0,1593,0]
11-29 07:43:05.449 30912 30912 I sysui_multi_action: [757,0,758,1,759,0,927,3,928,0,1593,0]
11-29 07:43:05.462 1491 1693 I input_focus: [Focus leaving cd0514f com.android.launcher3/com.android.launcher3.uioverrides.QuickstepLauncher (server),reason=Waiting for window because NOT_VISIBLE]
11-29 07:43:05.476 30912 30912 I sysui_multi_action: [757,111,758,2]
11-29 07:43:05.476 1491 1491 I notification_enqueue: [10082,30912,com.android.systemui,2048,NULL,0,Notification(channel=updateNotification shortcut=null contentView=null vibrate=null sound=null defaults=0x0 flags=0x0 color=0x00000000 vis=PRIVATE),1]
11-29 07:43:05.476 30912 30912 I sysui_multi_action: [757,111,758,2]
11-29 07:43:05.476 1491 1760 I GameModeConfig: isGameModeOn = false
11-29 07:43:05.476 32243 32307 E ActivityThread: Failed to find provider info for telephony
11-29 07:43:05.476 1491 1760 I GameModeConfig: isGameModeOn = false
11-29 07:43:05.477 1491 1760 I GameModeConfig: isGameModeOn = false
11-29 07:43:05.477 1491 1760 I GameModeConfig: isGameModeOn = false
11-29 07:43:05.477 1491 1760 I GameModeConfig: isGameModeOn = false
11-29 07:43:05.477 1491 1760 I GameModeConfig: isGameModeOn = false
11-29 07:43:05.477 1491 1760 I GameModeConfig: isGameModeOn = false
11-29 07:43:05.477 1491 1760 I GameModeConfig: isGameModeOn = false
11-29 07:43:05.477 1491 1760 I GameModeConfig: isGameModeOn = false
11-29 07:43:05.477 1491 1760 I GameModeConfig: isGameModeOn = false
11-29 07:43:05.478 30912 30912 I sysui_multi_action: [757,111,758,1]
11-29 07:43:05.479 30912 30912 I sysui_multi_action: [757,126,758,1,759,126,927,0,928,1,1593,0]
11-29 07:43:05.479 30912 30912 I sysui_multi_action: [757,113,758,1,759,113,927,1,928,1,1593,0]
11-29 07:43:05.479 30912 30912 I sysui_multi_action: [757,0,758,1,759,0,927,2,928,0,1593,0]
11-29 07:43:05.479 30912 30912 I sysui_multi_action: [757,0,758,1,759,0,927,3,928,0,1593,0]
11-29 07:43:05.479 1491 1693 I input_focus: [Focus entering 6b9abb7 NotificationShade (server),reason=Window became focusable. Previous reason: NOT_VISIBLE]
11-29 07:43:05.479 30912 30912 I sysui_multi_action: [757,491,758,1,759,491,927,4,928,0,1311,-1,1593,0]
11-29 07:43:05.479 30912 30912 I sysui_multi_action: [757,0,758,1,759,0,927,5,928,0,1593,0]
11-29 07:43:05.479 30912 30912 I sysui_multi_action: [757,111,758,1]
11-29 07:43:05.479 30912 30912 I sysui_multi_action: [757,126,758,1,759,126,927,0,928,1,1593,0]
11-29 07:43:05.480 30912 30912 I sysui_multi_action: [757,113,758,1,759,113,927,1,928,1,1593,0]
11-29 07:43:05.480 30912 30912 I sysui_multi_action: [757,0,758,1,759,0,927,2,928,0,1593,0]
11-29 07:43:05.480 30912 30912 I sysui_multi_action: [757,0,758,1,759,0,927,3,928,0,1593,0]
11-29 07:43:05.505 1491 1760 I GameModeConfig: isGameModeOn = false
11-29 07:43:05.505 1491 1760 I GameModeConfig: isGameModeOn = false
11-29 07:43:05.505 1491 1760 I GameModeConfig: isGameModeOn = false
11-29 07:43:05.505 1491 1760 I GameModeConfig: isGameModeOn = false
11-29 07:43:05.505 1491 1760 I GameModeConfig: isGameModeOn = false
11-29 07:43:05.505 1491 1760 I GameModeConfig: isGameModeOn = false
11-29 07:43:05.505 1491 1760 I GameModeConfig: isGameModeOn = false
11-29 07:43:05.505 1491 1760 I GameModeConfig: isGameModeOn = false
11-29 07:43:05.506 1491 1760 I GameModeConfig: isGameModeOn = false
11-29 07:43:05.506 1491 1760 I GameModeConfig: isGameModeOn = false
11-29 07:43:05.507 30912 30912 I sysui_multi_action: [757,111,758,2]
11-29 07:43:05.507 30912 30912 I sysui_multi_action: [757,111,758,2]
11-29 07:43:05.507 1491 1491 I notification_enqueue: [10082,30912,com.android.systemui,2048,NULL,0,Notification(channel=updateNotification shortcut=null contentView=null vibrate=null sound=null defaults=0x0 flags=0x0 color=0x00000000 vis=PRIVATE),1]
11-29 07:43:05.509 30912 30912 I sysui_multi_action: [757,111,758,1]
11-29 07:43:05.509 30912 30912 I sysui_multi_action: [757,126,758,1,759,126,927,0,928,1,1593,0]
11-29 07:43:05.510 30912 30912 I sysui_multi_action: [757,113,758,1,759,113,927,1,928,1,1593,0]
11-29 07:43:05.510 30912 30912 I sysui_multi_action: [757,0,758,1,759,0,927,2,928,0,1593,0]
11-29 07:43:05.510 30912 30912 I sysui_multi_action: [757,0,758,1,759,0,927,3,928,0,1593,0]
11-29 07:43:05.510 30912 30912 I sysui_multi_action: [757,491,758,1,759,491,927,4,928,0,1311,-1,1593,0]
11-29 07:43:05.510 30912 30912 I sysui_multi_action: [757,0,758,1,759,0,927,5,928,0,1593,0]
11-29 07:43:05.510 30912 30912 I sysui_multi_action: [757,111,758,1]
11-29 07:43:05.510 30912 30912 I sysui_multi_action: [757,126,758,1,759,126,927,0,928,1,1593,0]
11-29 07:43:05.510 30912 30912 I sysui_multi_action: [757,113,758,1,759,113,927,1,928,1,1593,0]
11-29 07:43:05.510 30912 30912 I sysui_multi_action: [757,0,758,1,759,0,927,2,928,0,1593,0]
11-29 07:43:05.510 30912 30912 I sysui_multi_action: [757,0,758,1,759,0,927,3,928,0,1593,0]
11-29 07:43:05.523 1491 1760 I GameModeConfig: isGameModeOn = false
11-29 07:43:05.524 1491 1760 I GameModeConfig: isGameModeOn = false
11-29 07:43:05.524 1491 1760 I GameModeConfig: isGameModeOn = false
11-29 07:43:05.524 1491 1760 I GameModeConfig: isGameModeOn = false
11-29 07:43:05.524 1491 1760 I GameModeConfig: isGameModeOn = false
11-29 07:43:05.524 1491 1760 I GameModeConfig: isGameModeOn = false
11-29 07:43:05.524 1491 1760 I GameModeConfig: isGameModeOn = false
11-29 07:43:05.524 1491 1760 I GameModeConfig: isGameModeOn = false
11-29 07:43:05.524 1491 1760 I GameModeConfig: isGameModeOn = false
11-29 07:43:05.525 1491 1760 I GameModeConfig: isGameModeOn = false
11-29 07:43:05.525 30912 30912 I sysui_multi_action: [757,111,758,2]
11-29 07:43:05.525 1491 1491 I notification_enqueue: [10082,30912,com.android.systemui,2048,NULL,0,Notification(channel=updateNotification shortcut=null contentView=null vibrate=null sound=null defaults=0x0 flags=0x0 color=0x00000000 vis=PRIVATE),1]
11-29 07:43:05.525 30912 30912 I sysui_multi_action: [757,111,758,2]
11-29 07:43:05.528 30912 30912 I sysui_multi_action: [757,111,758,1]
11-29 07:43:05.528 30912 30912 I sysui_multi_action: [757,126,758,1,759,126,927,0,928,1,1593,0]
11-29 07:43:05.528 30912 30912 I sysui_multi_action: [757,113,758,1,759,113,927,1,928,1,1593,0]
11-29 07:43:05.529 30912 30912 I sysui_multi_action: [757,0,758,1,759,0,927,2,928,0,1593,0]
11-29 07:43:05.529 30912 30912 I sysui_multi_action: [757,0,758,1,759,0,927,3,928,0,1593,0]
11-29 07:43:05.529 30912 30912 I sysui_multi_action: [757,491,758,1,759,491,927,4,928,0,1311,-1,1593,0]
11-29 07:43:05.529 30912 30912 I sysui_multi_action: [757,0,758,1,759,0,927,5,928,0,1593,0]
11-29 07:43:05.529 30912 30912 I sysui_multi_action: [757,111,758,1]
11-29 07:43:05.529 30912 30912 I sysui_multi_action: [757,126,758,1,759,126,927,0,928,1,1593,0]
11-29 07:43:05.529 30912 30912 I sysui_multi_action: [757,113,758,1,759,113,927,1,928,1,1593,0]
11-29 07:43:05.529 30912 30912 I sysui_multi_action: [757,0,758,1,759,0,927,2,928,0,1593,0]
11-29 07:43:05.530 30912 30912 I sysui_multi_action: [757,0,758,1,759,0,927,3,928,0,1593,0]
11-29 07:43:05.631 1491 1491 I GameModeConfig: isGameModeOn = false
11-29 07:43:05.632 1491 1491 I sysui_multi_action: [757,1501,758,1,793,16142893,794,0,795,205,796,2048,806,com.android.systemui,857,updateNotification,858,3,947,0,1500,0,1688,1]
11-29 07:43:05.632 1491 1491 I sysui_multi_action: [757,804,799,note_interruptive,801,0,802,1]
11-29 07:43:05.632 1491 1491 I sysui_multi_action: [757,199,758,1,759,2,793,16142893,794,0,795,205,796,2048,806,com.android.systemui,857,updateNotification,858,3,947,0,1500,0,1688,1]
11-29 07:43:05.632 1491 1491 I notification_alert: [0|com.android.systemui|2048|null|10082,0,1,0]
11-29 07:43:05.633 1491 1491 W NotificationHistory: Attempted to add notif for locked/gone/disabled user 0
11-29 07:43:05.676 1491 1491 I GameModeConfig: isGameModeOn = false
11-29 07:43:05.677 1491 1491 E NotificationService: Muting recently noisy 0|com.android.systemui|2048|null|10082
11-29 07:43:05.687 1491 2059 E PackageDexUsage: Unsupported context?
11-29 07:43:05.710 1491 1491 I GameModeConfig: isGameModeOn = false
11-29 07:43:05.710 1491 1491 E NotificationService: Muting recently noisy 0|com.android.systemui|2048|null|10082
11-29 07:43:05.726 1491 1491 I GameModeConfig: isGameModeOn = false
11-29 07:43:05.727 1491 1491 E NotificationService: Muting recently noisy 0|com.android.systemui|2048|null|10082
11-29 07:43:05.751 1491 10783 I am_proc_died: [0,31172,com.miHoYo.Yuanshen,905,19]
11-29 07:43:05.754 1491 10067 I WindowManager: WIN DEATH: Window{fd0d6b7 u0 com.miHoYo.Yuanshen/com.miHoYo.GetMobileInfo.MainActivity}
11-29 07:43:05.759 1491 1772 I WindowManager: WIN DEATH: Window{4b66c6 u0 com.miHoYo.Yuanshen/com.miHoYo.sdk.platform.SdkActivity}
11-29 07:43:05.774 1491 10783 I am_uid_stopped: 10098
11-29 07:43:05.776 1491 10783 I wm_task_removed: [241,removeChild:removeChild last r=ActivityRecord{352f4fa u0 com.miHoYo.Yuanshen/com.miHoYo.sdk.platform.SdkActivity t-1 f}} in t=Task{1725deb #241 type=standard A=10098:com.miHoYo.Yuanshen U=0 visible=false mode=fullscreen translucent=true sz=0}]
11-29 07:43:05.776 1491 10783 I wm_task_removed: [241,removeChild]
11-29 07:43:05.777 1491 1599 W ActivityManager: setHasOverlayUi called on unknown pid: 31172
11-29 07:43:05.777 1491 1607 W UsageStatsService: Unexpected activity event reported! (com.miHoYo.Yuanshen/com.miHoYo.GetMobileInfo.MainActivity event : 23 instanceId : 24914933)
11-29 07:43:05.778 1491 1607 W UsageStatsService: Unexpected activity event reported! (com.miHoYo.Yuanshen/com.miHoYo.sdk.platform.SdkActivity event : 23 instanceId : 122046446)
11-29 07:43:05.782 1491 1600 W ActivityTaskManager: Can't find TaskDisplayArea to determine support for multi window. Task id=241 attached=false
11-29 07:43:05.782 1491 1600 W ActivityTaskManager: Can't find TaskDisplayArea to determine support for multi window. Task id=241 attached=false
11-29 07:43:05.876 1491 1608 W BroadcastQueue: Permission Denial: broadcasting Intent { act=android.net.conn.CONNECTIVITY_CHANGE flg=0x4200010 (has extras) } from null (pid=-1, uid=-1) requires com.baidu.input.permission.sofire.RECEIVE due to registered receiver BroadcastFilter{a7d6a68 10029/u0 ReceiverList{5c8198b 32243 com.baidu.input/10029/u0 remote:34f535a}}
11-29 07:43:05.975 1491 10783 I sysui_multi_action: [757,128,758,1,793,14750748,794,0,795,14750748,796,26,798,0,806,android,857,DEVELOPER_IMPORTANT,858,4,947,0,1395,3,1500,14750543,1688,1]
11-29 07:43:05.975 1491 10783 I sysui_multi_action: [757,804,799,note_freshness,801,14750748,802,1]
11-29 07:43:05.975 1491 10783 I notification_visibility: [-1|android|26|null|1000,1,14750748,14750748,0,0]
11-29 07:43:05.975 1491 10783 I sysui_multi_action: [757,128,758,1,793,557664,794,0,795,557664,796,131808548,797,OfflinePageAutoFetchNotification,798,1,806,com.microsoft.emmx,857,downloads,858,2,946,OfflinePageAutoFetchNotification,947,0,1395,3,1500,557461,1688,1]
11-29 07:43:05.975 1491 10783 I sysui_multi_action: [757,804,799,note_freshness,801,557664,802,1]
11-29 07:43:05.975 1491 10783 I notification_visibility: [0|com.microsoft.emmx|131808548|OfflinePageAutoFetchNotification|10036,1,557664,557664,0,1]
11-29 07:43:05.976 1491 10783 I sysui_multi_action: [757,128,758,1,793,14750752,794,0,795,14750752,796,32,798,2,806,android,857,USB,858,1,947,0,1395,3,1500,14750549,1688,1]
11-29 07:43:05.976 1491 10783 I sysui_multi_action: [757,804,799,note_freshness,801,14750752,802,1]
11-29 07:43:05.976 1491 10783 I notification_visibility: [-1|android|32|null|1000,1,14750752,14750752,0,2]
11-29 07:43:06.063 32384 32384 I auditd : type=1400 audit(0.0:18671): avc: denied { read } for comm="cat" name="uptime" dev="proc" ino=4026532237 scontext=u:r:priv_app:s0:c512,c768 tcontext=u:object_r:proc_uptime:s0 tclass=file permissive=0 app=com.baidu.input
11-29 07:43:06.151 32243 32388 W PackageParser: No actions in intent filter at /system/priv-app/baidu_ime-mainLine-release/baidu_ime-mainLine-release.apk Binary XML file line #388
11-29 07:43:06.287 32243 32243 I auditd : type=1400 audit(0.0:18672): avc: denied { read } for comm="sec-1-thread-4" name="u:object_r:bluetooth_prop:s0" dev="tmpfs" ino=11566 scontext=u:r:priv_app:s0:c512,c768 tcontext=u:object_r:bluetooth_prop:s0 tclass=file permissive=0 app=com.baidu.input
11-29 07:43:06.287 32243 32243 I auditd : type=1400 audit(0.0:18673): avc: denied { search } for comm="sec-1-thread-4" name="asound" dev="proc" ino=4026532151 scontext=u:r:priv_app:s0:c512,c768 tcontext=u:object_r:proc_asound:s0 tclass=dir permissive=0 app=com.baidu.input
11-29 07:43:06.287 32243 32243 I auditd : type=1400 audit(0.0:18674): avc: denied { search } for comm="sec-1-thread-4" name="asound" dev="proc" ino=4026532151 scontext=u:r:priv_app:s0:c512,c768 tcontext=u:object_r:proc_asound:s0 tclass=dir permissive=0 app=com.baidu.input
11-29 07:43:06.287 32243 32243 I auditd : type=1400 audit(0.0:18675): avc: denied { search } for comm="sec-1-thread-4" name="asound" dev="proc" ino=4026532151 scontext=u:r:priv_app:s0:c512,c768 tcontext=u:object_r:proc_asound:s0 tclass=dir permissive=0 app=com.baidu.input
11-29 07:43:06.287 32243 32243 I auditd : type=1400 audit(0.0:18676): avc: denied { search } for comm="sec-1-thread-4" name="asound" dev="proc" ino=4026532151 scontext=u:r:priv_app:s0:c512,c768 tcontext=u:object_r:proc_asound:s0 tclass=dir permissive=0 app=com.baidu.input
11-29 07:43:06.287 32243 32243 I auditd : type=1400 audit(0.0:18677): avc: denied { search } for comm="sec-1-thread-4" name="asound" dev="proc" ino=4026532151 scontext=u:r:priv_app:s0:c512,c768 tcontext=u:object_r:proc_asound:s0 tclass=dir permissive=0 app=com.baidu.input
11-29 07:43:06.287 32243 32243 I auditd : type=1400 audit(0.0:18678): avc: denied { search } for comm="sec-1-thread-4" name="asound" dev="proc" ino=4026532151 scontext=u:r:priv_app:s0:c512,c768 tcontext=u:object_r:proc_asound:s0 tclass=dir permissive=0 app=com.baidu.input
11-29 07:43:06.287 32243 32243 I auditd : type=1400 audit(0.0:18679): avc: denied { search } for comm="sec-1-thread-4" name="asound" dev="proc" ino=4026532151 scontext=u:r:priv_app:s0:c512,c768 tcontext=u:object_r:proc_asound:s0 tclass=dir permissive=0 app=com.baidu.input
11-29 07:43:06.482 1491 1693 I input_interaction: Interaction with: 6b9abb7 NotificationShade (server), edge-swipe (server), swipe-up (server), PointerEventDispatcher0 (server),
11-29 07:43:06.577 30912 30912 I view_enqueue_input_event: [Motion - Cancel,NotificationShade]
11-29 07:43:06.579 1491 1693 I input_interaction: Interaction with: edge-swipe (server), swipe-up (server), PointerEventDispatcher0 (server),
11-29 07:43:06.677 1491 1772 I ActivityTaskManager: START u0 {act=android.intent.action.MAIN cat=[android.intent.category.HOME] flg=0x10000000 cmp=com.android.launcher3/.uioverrides.QuickstepLauncher} from uid 10077
11-29 07:43:06.688 1491 1772 I wm_new_intent: [0,254362067,41,com.android.launcher3/.uioverrides.QuickstepLauncher,android.intent.action.MAIN,NULL,NULL,268435712]
11-29 07:43:06.688 1491 1772 I wm_task_moved: [32,1,8]
11-29 07:43:06.690 1491 1772 I wm_set_resumed_activity: [0,com.android.launcher3/.uioverrides.QuickstepLauncher,positionChildAt]
11-29 07:43:06.694 9956 9956 I wm_on_top_resumed_lost_called: [254362067,com.android.launcher3.uioverrides.QuickstepLauncher,pausing]
11-29 07:43:06.694 9956 9956 I wm_on_paused_called: [254362067,com.android.launcher3.uioverrides.QuickstepLauncher,performPause]
11-29 07:43:06.695 9956 9956 I wm_on_resume_called: [254362067,com.android.launcher3.uioverrides.QuickstepLauncher,LIFECYCLER_RESUME_ACTIVITY]
11-29 07:43:06.695 9956 9956 I wm_on_top_resumed_gained_called: [254362067,com.android.launcher3.uioverrides.QuickstepLauncher,topWhenResuming]
11-29 07:43:06.715 1491 1600 I input_focus: [Focus request cd0514f com.android.launcher3/com.android.launcher3.uioverrides.QuickstepLauncher,reason=UpdateInputWindows]
11-29 07:43:06.733 1491 1693 I input_focus: [Focus leaving 6b9abb7 NotificationShade (server),reason=NOT_FOCUSABLE]
11-29 07:43:06.734 1491 1693 I input_focus: [Focus entering cd0514f com.android.launcher3/com.android.launcher3.uioverrides.QuickstepLauncher (server),reason=setFocusedWindow]
11-29 07:43:06.877 1491 1760 I GameModeConfig: isGameModeOn = false
11-29 07:43:06.882 1491 1760 I GameModeConfig: isGameModeOn = false
11-29 07:43:06.882 1491 1760 I GameModeConfig: isGameModeOn = false
11-29 07:43:06.882 1491 1760 I GameModeConfig: isGameModeOn = false
11-29 07:43:06.883 1491 1760 I GameModeConfig: isGameModeOn = false
11-29 07:43:06.883 1491 1760 I GameModeConfig: isGameModeOn = false
11-29 07:43:06.883 1491 1760 I GameModeConfig: isGameModeOn = false
11-29 07:43:06.883 1491 1760 I GameModeConfig: isGameModeOn = false
11-29 07:43:06.883 1491 1760 I GameModeConfig: isGameModeOn = false
11-29 07:43:06.883 1491 1760 I GameModeConfig: isGameModeOn = false
11-29 07:43:06.884 30912 30912 I sysui_multi_action: [757,111,758,2]
11-29 07:43:06.884 30912 30912 I sysui_multi_action: [757,111,758,2]
11-29 07:43:06.884 1491 1491 I notification_enqueue: [10082,30912,com.android.systemui,2048,NULL,0,Notification(channel=updateNotification shortcut=null contentView=null vibrate=null sound=null defaults=0x0 flags=0x0 color=0x00000000 vis=PRIVATE),1]
11-29 07:43:06.893 30912 30912 I sysui_multi_action: [757,111,758,1]
11-29 07:43:06.893 30912 30912 I sysui_multi_action: [757,126,758,1,759,126,927,0,928,1,1593,1]
11-29 07:43:06.893 30912 30912 I sysui_multi_action: [757,113,758,1,759,113,927,1,928,1,1593,1]
11-29 07:43:06.893 30912 30912 I sysui_multi_action: [757,0,758,1,759,0,927,2,928,0,1593,1]
11-29 07:43:06.893 30912 30912 I sysui_multi_action: [757,0,758,1,759,0,927,3,928,0,1593,1]
11-29 07:43:06.894 30912 30912 I sysui_multi_action: [757,491,758,1,759,491,927,4,928,0,1311,-1,1593,0]
11-29 07:43:06.894 30912 30912 I sysui_multi_action: [757,0,758,1,759,0,927,5,928,0,1593,0]
11-29 07:43:06.894 30912 30912 I sysui_multi_action: [757,111,758,1]
11-29 07:43:06.894 30912 30912 I sysui_multi_action: [757,126,758,1,759,126,927,0,928,1,1593,1]
11-29 07:43:06.895 30912 30912 I sysui_multi_action: [757,113,758,1,759,113,927,1,928,1,1593,1]
11-29 07:43:06.895 30912 30912 I sysui_multi_action: [757,0,758,1,759,0,927,2,928,0,1593,1]
11-29 07:43:06.895 30912 30912 I sysui_multi_action: [757,0,758,1,759,0,927,3,928,0,1593,1]
11-29 07:43:06.907 30912 30912 I sysui_multi_action: [757,111,758,2]
11-29 07:43:06.908 30912 30912 I sysui_multi_action: [757,111,758,2]
11-29 07:43:06.911 1491 1491 I notification_enqueue: [10082,30912,com.android.systemui,2048,NULL,0,Notification(channel=updateNotification shortcut=null contentView=null vibrate=null sound=null defaults=0x0 flags=0x0 color=0x00000000 vis=PRIVATE),1]
11-29 07:43:06.912 30912 30912 I sysui_multi_action: [757,111,758,1]
11-29 07:43:06.912 30912 30912 I sysui_multi_action: [757,126,758,1,759,126,927,0,928,1,1593,1]
11-29 07:43:06.912 30912 30912 I sysui_multi_action: [757,113,758,1,759,113,927,1,928,1,1593,1]
11-29 07:43:06.912 30912 30912 I sysui_multi_action: [757,0,758,1,759,0,927,2,928,0,1593,1]
11-29 07:43:06.912 30912 30912 I sysui_multi_action: [757,0,758,1,759,0,927,3,928,0,1593,1]
11-29 07:43:06.912 30912 30912 I sysui_multi_action: [757,491,758,1,759,491,927,4,928,0,1311,-1,1593,0]
11-29 07:43:06.913 30912 30912 I sysui_multi_action: [757,0,758,1,759,0,927,5,928,0,1593,0]
11-29 07:43:06.913 30912 30912 I sysui_multi_action: [757,111,758,1]
11-29 07:43:06.913 30912 30912 I sysui_multi_action: [757,126,758,1,759,126,927,0,928,1,1593,1]
11-29 07:43:06.913 30912 30912 I sysui_multi_action: [757,113,758,1,759,113,927,1,928,1,1593,1]
11-29 07:43:06.913 30912 30912 I sysui_multi_action: [757,0,758,1,759,0,927,2,928,0,1593,1]
11-29 07:43:06.913 30912 30912 I sysui_multi_action: [757,0,758,1,759,0,927,3,928,0,1593,1]
11-29 07:43:06.913 1491 1760 I GameModeConfig: isGameModeOn = false
11-29 07:43:06.913 1491 1760 I GameModeConfig: isGameModeOn = false
11-29 07:43:06.913 1491 1760 I GameModeConfig: isGameModeOn = false
11-29 07:43:06.913 1491 1760 I GameModeConfig: isGameModeOn = false
11-29 07:43:06.913 1491 1760 I GameModeConfig: isGameModeOn = false
11-29 07:43:06.913 1491 1760 I GameModeConfig: isGameModeOn = false
11-29 07:43:06.914 1491 1760 I GameModeConfig: isGameModeOn = false
11-29 07:43:06.914 1491 1760 I GameModeConfig: isGameModeOn = false
11-29 07:43:06.914 1491 1760 I GameModeConfig: isGameModeOn = false
11-29 07:43:06.914 1491 1760 I GameModeConfig: isGameModeOn = false
11-29 07:43:06.920 1491 1760 I GameModeConfig: isGameModeOn = false
11-29 07:43:06.921 1491 1760 I GameModeConfig: isGameModeOn = false
11-29 07:43:06.921 1491 1760 I GameModeConfig: isGameModeOn = false
11-29 07:43:06.921 1491 1760 I GameModeConfig: isGameModeOn = false
11-29 07:43:06.921 1491 1760 I GameModeConfig: isGameModeOn = false
11-29 07:43:06.921 1491 1760 I GameModeConfig: isGameModeOn = false
11-29 07:43:06.921 1491 1760 I GameModeConfig: isGameModeOn = false
11-29 07:43:06.921 1491 1760 I GameModeConfig: isGameModeOn = false
11-29 07:43:06.921 1491 1760 I GameModeConfig: isGameModeOn = false
11-29 07:43:06.921 1491 1760 I GameModeConfig: isGameModeOn = false
11-29 07:43:06.922 30912 30912 I sysui_multi_action: [757,111,758,2]
11-29 07:43:06.923 30912 30912 I sysui_multi_action: [757,111,758,2]
11-29 07:43:06.924 1491 1491 I notification_enqueue: [10082,30912,com.android.systemui,2048,NULL,0,Notification(channel=updateNotification shortcut=null contentView=null vibrate=null sound=null defaults=0x0 flags=0x0 color=0x00000000 vis=PRIVATE),1]
11-29 07:43:06.925 30912 30912 I sysui_multi_action: [757,111,758,1]
11-29 07:43:06.925 30912 30912 I sysui_multi_action: [757,126,758,1,759,126,927,0,928,1,1593,1]
11-29 07:43:06.925 30912 30912 I sysui_multi_action: [757,113,758,1,759,113,927,1,928,1,1593,1]
11-29 07:43:06.925 30912 30912 I sysui_multi_action: [757,0,758,1,759,0,927,2,928,0,1593,1]
11-29 07:43:06.926 30912 30912 I sysui_multi_action: [757,0,758,1,759,0,927,3,928,0,1593,1]
11-29 07:43:06.926 30912 30912 I sysui_multi_action: [757,491,758,1,759,491,927,4,928,0,1311,-1,1593,0]
11-29 07:43:06.926 30912 30912 I sysui_multi_action: [757,0,758,1,759,0,927,5,928,0,1593,0]
11-29 07:43:06.926 30912 30912 I sysui_multi_action: [757,111,758,1]
11-29 07:43:06.926 30912 30912 I sysui_multi_action: [757,126,758,1,759,126,927,0,928,1,1593,1]
11-29 07:43:06.926 30912 30912 I sysui_multi_action: [757,113,758,1,759,113,927,1,928,1,1593,1]
11-29 07:43:06.926 30912 30912 I sysui_multi_action: [757,0,758,1,759,0,927,2,928,0,1593,1]
11-29 07:43:06.926 30912 30912 I sysui_multi_action: [757,0,758,1,759,0,927,3,928,0,1593,1]
11-29 07:43:06.931 1491 1760 I GameModeConfig: isGameModeOn = false
11-29 07:43:06.931 1491 1760 I GameModeConfig: isGameModeOn = false
11-29 07:43:06.931 1491 1760 I GameModeConfig: isGameModeOn = false
11-29 07:43:06.932 1491 1760 I GameModeConfig: isGameModeOn = false
11-29 07:43:06.932 1491 1760 I GameModeConfig: isGameModeOn = false
11-29 07:43:06.932 1491 1760 I GameModeConfig: isGameModeOn = false
11-29 07:43:06.932 1491 1760 I GameModeConfig: isGameModeOn = false
11-29 07:43:06.932 1491 1760 I GameModeConfig: isGameModeOn = false
11-29 07:43:06.932 1491 1760 I GameModeConfig: isGameModeOn = false
11-29 07:43:06.932 1491 1760 I GameModeConfig: isGameModeOn = false
11-29 07:43:06.934 30912 30912 I sysui_multi_action: [757,111,758,2]
11-29 07:43:06.934 30912 30912 I sysui_multi_action: [757,111,758,2]
11-29 07:43:06.934 1491 1491 I notification_enqueue: [10082,30912,com.android.systemui,2048,NULL,0,Notification(channel=updateNotification shortcut=null contentView=null vibrate=null sound=null defaults=0x0 flags=0x0 color=0x00000000 vis=PRIVATE),1]
11-29 07:43:06.937 30912 30912 I sysui_multi_action: [757,111,758,1]
11-29 07:43:06.937 30912 30912 I sysui_multi_action: [757,126,758,1,759,126,927,0,928,1,1593,1]
11-29 07:43:06.937 30912 30912 I sysui_multi_action: [757,113,758,1,759,113,927,1,928,1,1593,1]
11-29 07:43:06.937 30912 30912 I sysui_multi_action: [757,0,758,1,759,0,927,2,928,0,1593,1]
11-29 07:43:06.937 30912 30912 I sysui_multi_action: [757,0,758,1,759,0,927,3,928,0,1593,1]
11-29 07:43:06.937 30912 30912 I sysui_multi_action: [757,491,758,1,759,491,927,4,928,0,1311,-1,1593,0]
11-29 07:43:06.937 30912 30912 I sysui_multi_action: [757,0,758,1,759,0,927,5,928,0,1593,0]
11-29 07:43:06.937 30912 30912 I sysui_multi_action: [757,111,758,1]
11-29 07:43:06.937 30912 30912 I sysui_multi_action: [757,126,758,1,759,126,927,0,928,1,1593,1]
11-29 07:43:06.937 30912 30912 I sysui_multi_action: [757,113,758,1,759,113,927,1,928,1,1593,1]
11-29 07:43:06.937 30912 30912 I sysui_multi_action: [757,0,758,1,759,0,927,2,928,0,1593,1]
11-29 07:43:06.937 30912 30912 I sysui_multi_action: [757,0,758,1,759,0,927,3,928,0,1593,1]
11-29 07:43:06.943 1491 1760 I GameModeConfig: isGameModeOn = false
11-29 07:43:06.944 1491 1760 I GameModeConfig: isGameModeOn = false
11-29 07:43:06.944 1491 1760 I GameModeConfig: isGameModeOn = false
11-29 07:43:06.944 1491 1760 I GameModeConfig: isGameModeOn = false
11-29 07:43:06.944 1491 1760 I GameModeConfig: isGameModeOn = false
11-29 07:43:06.944 1491 1760 I GameModeConfig: isGameModeOn = false
11-29 07:43:06.944 1491 1760 I GameModeConfig: isGameModeOn = false
11-29 07:43:06.944 1491 1760 I GameModeConfig: isGameModeOn = false
11-29 07:43:06.944 1491 1760 I GameModeConfig: isGameModeOn = false
11-29 07:43:06.944 1491 1760 I GameModeConfig: isGameModeOn = false
11-29 07:43:06.945 30912 30912 I sysui_multi_action: [757,111,758,2]
11-29 07:43:06.945 30912 30912 I sysui_multi_action: [757,111,758,2]
11-29 07:43:06.946 1491 1491 I notification_enqueue: [10082,30912,com.android.systemui,2048,NULL,0,Notification(channel=updateNotification shortcut=null contentView=null vibrate=null sound=null defaults=0x0 flags=0x0 color=0x00000000 vis=PRIVATE),1]
11-29 07:43:06.948 30912 30912 I sysui_multi_action: [757,111,758,1]
11-29 07:43:06.948 30912 30912 I sysui_multi_action: [757,126,758,1,759,126,927,0,928,1,1593,1]
11-29 07:43:06.948 30912 30912 I sysui_multi_action: [757,113,758,1,759,113,927,1,928,1,1593,1]
11-29 07:43:06.948 30912 30912 I sysui_multi_action: [757,0,758,1,759,0,927,2,928,0,1593,1]
11-29 07:43:06.948 30912 30912 I sysui_multi_action: [757,0,758,1,759,0,927,3,928,0,1593,1]
11-29 07:43:06.948 30912 30912 I sysui_multi_action: [757,491,758,1,759,491,927,4,928,0,1311,-1,1593,0]
11-29 07:43:06.948 30912 30912 I sysui_multi_action: [757,0,758,1,759,0,927,5,928,0,1593,0]
11-29 07:43:06.948 30912 30912 I sysui_multi_action: [757,111,758,1]
11-29 07:43:06.949 30912 30912 I sysui_multi_action: [757,126,758,1,759,126,927,0,928,1,1593,1]
11-29 07:43:06.949 30912 30912 I sysui_multi_action: [757,113,758,1,759,113,927,1,928,1,1593,1]
11-29 07:43:06.949 30912 30912 I sysui_multi_action: [757,0,758,1,759,0,927,2,928,0,1593,1]
11-29 07:43:06.949 30912 30912 I sysui_multi_action: [757,0,758,1,759,0,927,3,928,0,1593,1]
11-29 07:43:06.960 1491 1760 I GameModeConfig: isGameModeOn = false
11-29 07:43:06.960 1491 1760 I GameModeConfig: isGameModeOn = false
11-29 07:43:06.960 1491 1760 I GameModeConfig: isGameModeOn = false
11-29 07:43:06.960 1491 1760 I GameModeConfig: isGameModeOn = false
11-29 07:43:06.960 1491 1760 I GameModeConfig: isGameModeOn = false
11-29 07:43:06.960 1491 1760 I GameModeConfig: isGameModeOn = false
11-29 07:43:06.961 1491 1760 I GameModeConfig: isGameModeOn = false
11-29 07:43:06.961 1491 1760 I GameModeConfig: isGameModeOn = false
11-29 07:43:06.961 1491 1760 I GameModeConfig: isGameModeOn = false
11-29 07:43:06.961 1491 1760 I GameModeConfig: isGameModeOn = false
11-29 07:43:06.961 30912 30912 I sysui_multi_action: [757,111,758,2]
11-29 07:43:06.962 30912 30912 I sysui_multi_action: [757,111,758,2]
11-29 07:43:06.962 1491 1491 I notification_enqueue: [10082,30912,com.android.systemui,2048,NULL,0,Notification(channel=updateNotification shortcut=null contentView=null vibrate=null sound=null defaults=0x0 flags=0x0 color=0x00000000 vis=PRIVATE),1]
11-29 07:43:06.965 30912 30912 I sysui_multi_action: [757,111,758,1]
11-29 07:43:06.965 30912 30912 I sysui_multi_action: [757,126,758,1,759,126,927,0,928,1,1593,1]
11-29 07:43:06.965 30912 30912 I sysui_multi_action: [757,113,758,1,759,113,927,1,928,1,1593,1]
11-29 07:43:06.965 30912 30912 I sysui_multi_action: [757,0,758,1,759,0,927,2,928,0,1593,1]
11-29 07:43:06.965 30912 30912 I sysui_multi_action: [757,0,758,1,759,0,927,3,928,0,1593,1]
11-29 07:43:06.965 30912 30912 I sysui_multi_action: [757,491,758,1,759,491,927,4,928,0,1311,-1,1593,0]
11-29 07:43:06.965 30912 30912 I sysui_multi_action: [757,0,758,1,759,0,927,5,928,0,1593,0]
11-29 07:43:06.966 30912 30912 I sysui_multi_action: [757,111,758,1]
11-29 07:43:06.966 30912 30912 I sysui_multi_action: [757,126,758,1,759,126,927,0,928,1,1593,1]
11-29 07:43:06.966 30912 30912 I sysui_multi_action: [757,113,758,1,759,113,927,1,928,1,1593,1]
11-29 07:43:06.966 30912 30912 I sysui_multi_action: [757,0,758,1,759,0,927,2,928,0,1593,1]
11-29 07:43:06.966 30912 30912 I sysui_multi_action: [757,0,758,1,759,0,927,3,928,0,1593,1]
11-29 07:43:06.977 1491 1760 I GameModeConfig: isGameModeOn = false
11-29 07:43:06.977 1491 1760 I GameModeConfig: isGameModeOn = false
11-29 07:43:06.977 1491 1760 I GameModeConfig: isGameModeOn = false
11-29 07:43:06.977 1491 1760 I GameModeConfig: isGameModeOn = false
11-29 07:43:06.977 1491 1760 I GameModeConfig: isGameModeOn = false
11-29 07:43:06.978 1491 1760 I GameModeConfig: isGameModeOn = false
11-29 07:43:06.978 1491 1760 I GameModeConfig: isGameModeOn = false
11-29 07:43:06.978 1491 1760 I GameModeConfig: isGameModeOn = false
11-29 07:43:06.978 1491 1760 I GameModeConfig: isGameModeOn = false
11-29 07:43:06.978 1491 1760 I GameModeConfig: isGameModeOn = false
11-29 07:43:06.979 30912 30912 I sysui_multi_action: [757,111,758,2]
11-29 07:43:06.979 30912 30912 I sysui_multi_action: [757,111,758,2]
11-29 07:43:06.979 1491 1491 I notification_enqueue: [10082,30912,com.android.systemui,2048,NULL,0,Notification(channel=updateNotification shortcut=null contentView=null vibrate=null sound=null defaults=0x0 flags=0x0 color=0x00000000 vis=PRIVATE),1]
11-29 07:43:06.982 30912 30912 I sysui_multi_action: [757,111,758,1]
11-29 07:43:06.982 30912 30912 I sysui_multi_action: [757,126,758,1,759,126,927,0,928,1,1593,1]
11-29 07:43:06.982 30912 30912 I sysui_multi_action: [757,113,758,1,759,113,927,1,928,1,1593,1]
11-29 07:43:06.983 30912 30912 I sysui_multi_action: [757,0,758,1,759,0,927,2,928,0,1593,1]
11-29 07:43:06.983 30912 30912 I sysui_multi_action: [757,0,758,1,759,0,927,3,928,0,1593,1]
11-29 07:43:06.983 30912 30912 I sysui_multi_action: [757,491,758,1,759,491,927,4,928,0,1311,-1,1593,0]
11-29 07:43:06.983 30912 30912 I sysui_multi_action: [757,0,758,1,759,0,927,5,928,0,1593,0]
11-29 07:43:06.983 30912 30912 I sysui_multi_action: [757,111,758,1]
11-29 07:43:06.983 30912 30912 I sysui_multi_action: [757,126,758,1,759,126,927,0,928,1,1593,1]
11-29 07:43:06.983 30912 30912 I sysui_multi_action: [757,113,758,1,759,113,927,1,928,1,1593,1]
11-29 07:43:06.983 30912 30912 I sysui_multi_action: [757,0,758,1,759,0,927,2,928,0,1593,1]
11-29 07:43:06.983 30912 30912 I sysui_multi_action: [757,0,758,1,759,0,927,3,928,0,1593,1]
11-29 07:43:06.987 1491 1772 I sysui_multi_action: [757,128,758,2,793,14751760,794,1012,795,14751760,796,26,798,0,806,android,857,DEVELOPER_IMPORTANT,858,4,947,0,1395,3,1500,14751555,1688,1]
11-29 07:43:06.987 1491 1772 I notification_visibility: [-1|android|26|null|1000,0,14751760,14751760,0,0]
11-29 07:43:06.987 1491 1772 I sysui_multi_action: [757,128,758,2,793,558676,794,1012,795,558676,796,131808548,797,OfflinePageAutoFetchNotification,798,1,806,com.microsoft.emmx,857,downloads,858,2,946,OfflinePageAutoFetchNotification,947,0,1395,3,1500,558473,1688,1]
11-29 07:43:06.987 1491 1772 I notification_visibility: [0|com.microsoft.emmx|131808548|OfflinePageAutoFetchNotification|10036,0,558676,558676,0,1]
11-29 07:43:06.987 1491 1772 I sysui_multi_action: [757,128,758,2,793,14751763,794,1011,795,14751763,796,32,798,2,806,android,857,USB,858,1,947,0,1395,3,1500,14751560,1688,1]
11-29 07:43:06.987 1491 1772 I notification_visibility: [-1|android|32|null|1000,0,14751763,14751763,0,2]
11-29 07:43:06.994 1491 1760 I GameModeConfig: isGameModeOn = false
11-29 07:43:06.994 1491 1760 I GameModeConfig: isGameModeOn = false
11-29 07:43:06.994 1491 1760 I GameModeConfig: isGameModeOn = false
11-29 07:43:06.994 1491 1760 I GameModeConfig: isGameModeOn = false
11-29 07:43:06.994 1491 1760 I GameModeConfig: isGameModeOn = false
11-29 07:43:06.994 1491 1760 I GameModeConfig: isGameModeOn = false
11-29 07:43:06.994 1491 1760 I GameModeConfig: isGameModeOn = false
11-29 07:43:06.994 1491 1760 I GameModeConfig: isGameModeOn = false
11-29 07:43:06.994 1491 1760 I GameModeConfig: isGameModeOn = false
11-29 07:43:06.995 1491 1760 I GameModeConfig: isGameModeOn = false
11-29 07:43:06.995 30912 30912 I sysui_multi_action: [757,111,758,2]
11-29 07:43:06.995 30912 30912 I sysui_multi_action: [757,111,758,2]
11-29 07:43:06.996 1491 1491 I notification_enqueue: [10082,30912,com.android.systemui,2048,NULL,0,Notification(channel=updateNotification shortcut=null contentView=null vibrate=null sound=null defaults=0x0 flags=0x0 color=0x00000000 vis=PRIVATE),1]
11-29 07:43:06.998 30912 30912 I sysui_multi_action: [757,111,758,1]
11-29 07:43:06.999 30912 30912 I sysui_multi_action: [757,126,758,1,759,126,927,0,928,1,1593,1]
11-29 07:43:06.999 30912 30912 I sysui_multi_action: [757,113,758,1,759,113,927,1,928,1,1593,1]
11-29 07:43:06.999 30912 30912 I sysui_multi_action: [757,0,758,1,759,0,927,2,928,0,1593,1]
11-29 07:43:06.999 30912 30912 I sysui_multi_action: [757,0,758,1,759,0,927,3,928,0,1593,1]
11-29 07:43:06.999 30912 30912 I sysui_multi_action: [757,491,758,1,759,491,927,4,928,0,1311,-1,1593,0]
11-29 07:43:06.999 30912 30912 I sysui_multi_action: [757,0,758,1,759,0,927,5,928,0,1593,0]
11-29 07:43:06.999 30912 30912 I sysui_multi_action: [757,111,758,1]
11-29 07:43:06.999 30912 30912 I sysui_multi_action: [757,126,758,1,759,126,927,0,928,1,1593,1]
11-29 07:43:06.999 30912 30912 I sysui_multi_action: [757,113,758,1,759,113,927,1,928,1,1593,1]
11-29 07:43:06.999 30912 30912 I sysui_multi_action: [757,0,758,1,759,0,927,2,928,0,1593,1]
11-29 07:43:06.999 30912 30912 I sysui_multi_action: [757,0,758,1,759,0,927,3,928,0,1593,1]
11-29 07:43:07.010 1491 1760 I GameModeConfig: isGameModeOn = false
11-29 07:43:07.010 1491 1760 I GameModeConfig: isGameModeOn = false
11-29 07:43:07.010 1491 1760 I GameModeConfig: isGameModeOn = false
11-29 07:43:07.010 1491 1760 I GameModeConfig: isGameModeOn = false
11-29 07:43:07.010 1491 1760 I GameModeConfig: isGameModeOn = false
11-29 07:43:07.010 1491 1760 I GameModeConfig: isGameModeOn = false
11-29 07:43:07.010 1491 1760 I GameModeConfig: isGameModeOn = false
11-29 07:43:07.010 1491 1760 I GameModeConfig: isGameModeOn = false
11-29 07:43:07.011 1491 1760 I GameModeConfig: isGameModeOn = false
11-29 07:43:07.011 1491 1760 I GameModeConfig: isGameModeOn = false
11-29 07:43:07.011 30912 30912 I sysui_multi_action: [757,111,758,2]
11-29 07:43:07.011 1491 1491 I notification_enqueue: [10082,30912,com.android.systemui,2048,NULL,0,Notification(channel=updateNotification shortcut=null contentView=null vibrate=null sound=null defaults=0x0 flags=0x0 color=0x00000000 vis=PRIVATE),1]
11-29 07:43:07.011 30912 30912 I sysui_multi_action: [757,111,758,2]
11-29 07:43:07.015 30912 30912 I sysui_multi_action: [757,111,758,1]
11-29 07:43:07.015 30912 30912 I sysui_multi_action: [757,126,758,1,759,126,927,0,928,1,1593,1]
11-29 07:43:07.015 30912 30912 I sysui_multi_action: [757,113,758,1,759,113,927,1,928,1,1593,1]
11-29 07:43:07.015 30912 30912 I sysui_multi_action: [757,0,758,1,759,0,927,2,928,0,1593,1]
11-29 07:43:07.015 30912 30912 I sysui_multi_action: [757,0,758,1,759,0,927,3,928,0,1593,1]
11-29 07:43:07.015 30912 30912 I sysui_multi_action: [757,491,758,1,759,491,927,4,928,0,1311,-1,1593,0]
11-29 07:43:07.015 30912 30912 I sysui_multi_action: [757,0,758,1,759,0,927,5,928,0,1593,0]
11-29 07:43:07.015 30912 30912 I sysui_multi_action: [757,111,758,1]
11-29 07:43:07.015 30912 30912 I sysui_multi_action: [757,126,758,1,759,126,927,0,928,1,1593,1]
11-29 07:43:07.015 30912 30912 I sysui_multi_action: [757,113,758,1,759,113,927,1,928,1,1593,1]
11-29 07:43:07.015 30912 30912 I sysui_multi_action: [757,0,758,1,759,0,927,2,928,0,1593,1]
11-29 07:43:07.015 30912 30912 I sysui_multi_action: [757,0,758,1,759,0,927,3,928,0,1593,1]
11-29 07:43:07.027 1491 1760 I GameModeConfig: isGameModeOn = false
11-29 07:43:07.027 1491 1760 I GameModeConfig: isGameModeOn = false
11-29 07:43:07.027 1491 1760 I GameModeConfig: isGameModeOn = false
11-29 07:43:07.027 1491 1760 I GameModeConfig: isGameModeOn = false
11-29 07:43:07.027 1491 1760 I GameModeConfig: isGameModeOn = false
11-29 07:43:07.027 1491 1760 I GameModeConfig: isGameModeOn = false
11-29 07:43:07.027 1491 1760 I GameModeConfig: isGameModeOn = false
11-29 07:43:07.027 1491 1760 I GameModeConfig: isGameModeOn = false
11-29 07:43:07.028 1491 1760 I GameModeConfig: isGameModeOn = false
11-29 07:43:07.028 1491 1760 I GameModeConfig: isGameModeOn = false
11-29 07:43:07.029 30912 30912 I sysui_multi_action: [757,111,758,2]
11-29 07:43:07.029 1491 1491 I notification_enqueue: [10082,30912,com.android.systemui,2048,NULL,0,Notification(channel=updateNotification shortcut=null contentView=null vibrate=null sound=null defaults=0x0 flags=0x0 color=0x00000000 vis=PRIVATE),1]
11-29 07:43:07.029 30912 30912 I sysui_multi_action: [757,111,758,2]
11-29 07:43:07.032 30912 30912 I sysui_multi_action: [757,111,758,1]
11-29 07:43:07.032 30912 30912 I sysui_multi_action: [757,126,758,1,759,126,927,0,928,1,1593,1]
11-29 07:43:07.032 30912 30912 I sysui_multi_action: [757,113,758,1,759,113,927,1,928,1,1593,1]
11-29 07:43:07.032 30912 30912 I sysui_multi_action: [757,0,758,1,759,0,927,2,928,0,1593,1]
11-29 07:43:07.032 30912 30912 I sysui_multi_action: [757,0,758,1,759,0,927,3,928,0,1593,1]
11-29 07:43:07.032 30912 30912 I sysui_multi_action: [757,491,758,1,759,491,927,4,928,0,1311,-1,1593,0]
11-29 07:43:07.032 30912 30912 I sysui_multi_action: [757,0,758,1,759,0,927,5,928,0,1593,0]
11-29 07:43:07.032 30912 30912 I sysui_multi_action: [757,111,758,1]
11-29 07:43:07.033 30912 30912 I sysui_multi_action: [757,126,758,1,759,126,927,0,928,1,1593,1]
11-29 07:43:07.033 30912 30912 I sysui_multi_action: [757,113,758,1,759,113,927,1,928,1,1593,1]
11-29 07:43:07.033 30912 30912 I sysui_multi_action: [757,0,758,1,759,0,927,2,928,0,1593,1]
