11-29 07:53:15.710 969 969 I sf_frame_dur: [com.android.music/com.android.music.MusicBrowserActivity#0,1,0,0,0,0,0,0]
11-29 07:53:15.710 969 969 I sf_frame_dur: [com.android.launcher3/com.android.launcher3.uioverrides.QuickstepLauncher#0,1,1,0,0,0,0,0]
11-29 07:53:15.715 16043 16059 W ContextImpl: Calling a method in the system process without a qualified user: android.app.ContextImpl.startService:1816 android.content.ContextWrapper.startService:774 com.thundercomm.gamemode.ingame.services.GameModeActionUtils.startGameModeService:93 com.thundercomm.gamemode.ingame.services.GameModeActionUtils.startGameModeEntry:21 com.thundercomm.gamemode.ingame.services.ActivityMonitoringService$1.onActivityLaunch:127
11-29 07:53:15.718 1491 1491 I GameModeConfig: Current uri is uri = content://com.thundercomm.gamemode.api/gamemode_settings/gamemode_isgaming
11-29 07:53:15.720 1491 1491 I GameModeConfig: isGameModeOn = false
11-29 07:53:15.720 1491 1491 I GameModeConfig: isGameModeOn = false
11-29 07:53:15.720 1491 1491 I GameModeConfig: isDisableVoice = true
11-29 07:53:15.729 1491 5277 I wm_task_created: [244,-1]
11-29 07:53:15.730 1491 5277 I wm_task_created: [245,-1]
11-29 07:53:15.733 1491 1491 I GameModeConfig: isGameModeOn = false
11-29 07:53:15.733 1491 1491 I GameModeConfig: isGameModeOn = false
11-29 07:53:15.740 1491 1772 I wm_task_created: [246,-1]
11-29 07:53:15.742 1491 1772 I wm_task_created: [247,-1]
11-29 07:53:15.745 1491 1772 I wm_task_created: [248,-1]
11-29 07:53:15.746 16043 16059 W ContextImpl: Calling a method in the system process without a qualified user: android.app.ContextImpl.startService:1816 android.content.ContextWrapper.startService:774 com.thundercomm.gamemode.ingame.services.GameModeActionUtils.startGameModeService:93 com.thundercomm.gamemode.ingame.services.GameModeActionUtils.startGameModeEntry:21 com.thundercomm.gamemode.ingame.services.ActivityMonitoringService$1.onActivityLaunch:127
11-29 07:53:15.750 1491 1491 I GameModeConfig: Current uri is uri = content://com.thundercomm.gamemode.api/gamemode_settings/gamemode_isgaming
11-29 07:53:15.752 1491 1491 I GameModeConfig: isGameModeOn = false
11-29 07:53:15.753 1491 1491 I GameModeConfig: isGameModeOn = false
11-29 07:53:15.753 1491 1491 I GameModeConfig: isDisableVoice = true
11-29 07:53:15.759 2164 2164 W OneHandedController: Device doesn't support OneHanded feature
11-29 07:53:15.772 1491 5277 D TelephonyRegistry: listen oscl: mHasNotifySubscriptionInfoChangedOccurred==false no callback
11-29 07:53:15.773 1491 1491 D TrustManagerService: Removing dead TrustListener.
11-29 07:53:15.778 1491 5277 D CompatibilityChangeReporter: Compat change id reported: 157233955; UID 10082; state: ENABLED
11-29 07:53:15.788 1491 9480 W BluetoothManagerService: psc is not null in bindBluetoothProfileService
11-29 07:53:15.813 1491 1760 I GameModeConfig: isGameModeOn = false
11-29 07:53:15.813 1491 1760 I GameModeConfig: isGameModeOn = false
11-29 07:53:15.813 1491 1760 I GameModeConfig: isGameModeOn = false
11-29 07:53:15.813 1491 1760 I GameModeConfig: isGameModeOn = false
11-29 07:53:15.813 1491 1760 I GameModeConfig: isGameModeOn = false
11-29 07:53:15.814 1491 1760 I GameModeConfig: isGameModeOn = false
11-29 07:53:15.814 1491 1760 I GameModeConfig: isGameModeOn = false
11-29 07:53:15.814 1491 1760 I GameModeConfig: isGameModeOn = false
11-29 07:53:15.815 1491 1491 I notification_enqueue: [10082,2164,com.android.systemui,1,empty_media,0,Notification(channel=empty_media_style_id shortcut=null contentView=null vibrate=null sound=null defaults=0x0 flags=0x20 color=0x00000000 category=transport actions=4 vis=PRIVATE),0]
11-29 07:53:15.822 1491 1760 I GameModeConfig: isGameModeOn = false
11-29 07:53:15.822 1491 1760 I GameModeConfig: isGameModeOn = false
11-29 07:53:15.822 1491 1760 I GameModeConfig: isGameModeOn = false
11-29 07:53:15.823 1491 1760 I GameModeConfig: isGameModeOn = false
11-29 07:53:15.823 1491 1491 I notification_cancel_all: [1000,1491,com.android.systemui,0,0,0,20,NULL]
11-29 07:53:15.823 1491 1760 I GameModeConfig: isGameModeOn = false
11-29 07:53:15.823 1491 1760 I GameModeConfig: isGameModeOn = false
11-29 07:53:15.823 1491 1760 I GameModeConfig: isGameModeOn = false
11-29 07:53:15.824 1491 1760 I GameModeConfig: isGameModeOn = false
11-29 07:53:15.840 1491 10783 I wm_set_keyguard_shown: [0,0,0,setKeyguardShown]
11-29 07:53:15.840 1491 10783 D ActivityTaskManager: Top Process State changed to PROCESS_STATE_TOP
11-29 07:53:15.840 1491 10783 I wm_set_resumed_activity: [0,com.android.music/.MusicBrowserActivity,resumeTopActivityInnerLocked]
11-29 07:53:15.841 1491 10783 I wm_resume_activity: [0,219223401,243,com.android.music/.MusicBrowserActivity]
11-29 07:53:15.858 2164 2260 I sysui_multi_action: [757,213,758,4,759,-1]
11-29 07:53:15.859 1900 1900 I wm_on_restart_called: [219223401,com.android.music.MusicBrowserActivity,performRestartActivity]
11-29 07:53:15.862 1900 1900 I wm_on_start_called: [219223401,com.android.music.MusicBrowserActivity,handleStartActivity]
11-29 07:53:15.863 1900 1900 I wm_on_resume_called: [219223401,com.android.music.MusicBrowserActivity,RESUME_ACTIVITY]
11-29 07:53:15.863 1900 1900 I wm_on_top_resumed_gained_called: [219223401,com.android.music.MusicBrowserActivity,topWhenResuming]
11-29 07:53:15.871 2164 2164 W CarrierConfigManager: Error getting config for subId -1 ICarrierConfigLoader is null
11-29 07:53:15.875 1491 1772 D TelephonyRegistry: listen oscl: mHasNotifySubscriptionInfoChangedOccurred==false no callback
11-29 07:53:15.877 1491 1600 I input_focus: [Focus request 692e614 com.android.music/com.android.music.MusicBrowserActivity,reason=UpdateInputWindows]
11-29 07:53:15.889 1491 8943 W ActivityManager: Receiver with filter android.content.IntentFilter@60f71f8 already registered for pid 2164, callerPackage is com.android.systemui
11-29 07:53:15.892 1491 1693 I input_focus: [Focus entering 692e614 com.android.music/com.android.music.MusicBrowserActivity (server),reason=setFocusedWindow]
11-29 07:53:15.894 1491 1760 I GameModeConfig: isGameModeOn = false
11-29 07:53:15.895 1491 1760 I GameModeConfig: isGameModeOn = false
11-29 07:53:15.895 1491 1760 I GameModeConfig: isGameModeOn = false
11-29 07:53:15.895 1491 1760 I GameModeConfig: isGameModeOn = false
11-29 07:53:15.895 1491 1760 I GameModeConfig: isGameModeOn = false
11-29 07:53:15.895 1491 1760 I GameModeConfig: isGameModeOn = false
11-29 07:53:15.895 1491 1760 I GameModeConfig: isGameModeOn = false
11-29 07:53:15.895 1491 1760 I GameModeConfig: isGameModeOn = false
11-29 07:53:15.900 1491 8943 I StatusBarManagerService: registerStatusBar bar=com.android.internal.statusbar.IStatusBar$Stub$Proxy@a7f3b4b
11-29 07:53:15.907 1491 1491 I notification_enqueue: [10089,1900,com.android.music,1,NULL,0,Notification(channel=Channel-music shortcut=null contentView=null vibrate=null sound=null defaults=0x0 flags=0x40 color=0x00000000 category=transport actions=4 vis=PRIVATE),1]
11-29 07:53:15.910 1491 1491 I notification_enqueue: [10089,1900,com.android.music,1,NULL,0,Notification(channel=Channel-music shortcut=null contentView=null vibrate=null sound=null defaults=0x0 flags=0x40 color=0x00000000 category=transport actions=4 vis=PRIVATE),1]
11-29 07:53:15.973 1491 1673 I commit_sys_config_file: [settings-0-0,4]
11-29 07:53:16.016 1491 1491 I sysui_multi_action: [757,1501,758,1,793,202,794,0,795,202,796,1,797,empty_media,806,com.android.systemui,857,empty_media_style_id,858,4,947,0,1500,0,1641,transport,1688,1,1745,1043716538]
11-29 07:53:16.016 1491 1491 I sysui_multi_action: [757,804,799,note_interruptive,801,0,802,1]
11-29 07:53:16.016 1491 1491 I GameModeConfig: isGameModeOn = false
11-29 07:53:16.019 1491 1491 W NotificationHistory: Attempted to add notif for locked/gone/disabled user 0
11-29 07:53:16.069 1491 9480 I am_uid_running: 10032
11-29 07:53:16.069 1491 9480 D CompatibilityChangeReporter: Compat change id reported: 135634846; UID 10032; state: DISABLED
11-29 07:53:16.069 1491 9480 D CompatibilityChangeReporter: Compat change id reported: 177438394; UID 10032; state: DISABLED
11-29 07:53:16.069 1491 9480 D CompatibilityChangeReporter: Compat change id reported: 135772972; UID 10032; state: DISABLED
11-29 07:53:16.070 1491 9480 D CompatibilityChangeReporter: Compat change id reported: 135754954; UID 10032; state: ENABLED
11-29 07:53:16.070 1491 1609 D CompatibilityChangeReporter: Compat change id reported: 143937733; UID 10032; state: ENABLED
11-29 07:53:16.080 1491 1609 I am_proc_start: [0,2327,10032,android.process.acore,content provider,{com.android.providers.contacts/com.android.providers.contacts.ContactsProvider2}]
11-29 07:53:16.080 1491 1609 I ActivityManager: Start proc 2327:android.process.acore/u0a32 for content provider {com.android.providers.contacts/com.android.providers.contacts.ContactsProvider2}
11-29 07:53:16.102 1491 9480 I am_proc_bound: [0,2327,android.process.acore]
11-29 07:53:16.104 1491 9480 D CompatibilityChangeReporter: Compat change id reported: 168419799; UID 10032; state: DISABLED
11-29 07:53:16.106 1491 9480 I am_uid_active: 10032
11-29 07:53:16.109 1491 1491 I GameModeConfig: isGameModeOn = false
11-29 07:53:16.112 1491 1599 W ActivityManager: setHasOverlayUi called on unknown pid: 30912
11-29 07:53:16.112 1491 1491 I GameModeConfig: isGameModeOn = false
11-29 07:53:16.119 1491 1491 W WindowManager: addWindowToken: Attempted to add binder token: android.os.Binder@a213996 for already created window token: WallpaperWindowToken{fb56917 token=android.os.Binder@a213996} displayId=0
11-29 07:53:16.174 1491 9480 D CountryDetector: The first listener is added
11-29 07:53:16.424 1491 1608 W BroadcastQueue: Background execution not allowed: receiving Intent { act=android.intent.action.USER_PRESENT flg=0x24200010 } to com.microsoft.emmx/org.chromium.chrome.browser.sharing.click_to_call.ClickToCallMessageHandler$PhoneUnlockedReceiver
11-29 07:53:16.424 1491 1608 W BroadcastQueue: Permission Denial: broadcasting Intent { act=android.intent.action.USER_PRESENT flg=0x24200010 } from com.android.systemui (pid=2164, uid=10082) to com.miHoYo.Yuanshen/cn.jpush.android.service.PushReceiver is not exported from uid 10098
11-29 07:53:16.450 2164 2164 I sysui_multi_action: [757,111,758,1]
11-29 07:53:16.451 2164 2164 I sysui_multi_action: [757,126,758,1,759,126,927,0,928,0,1593,0]
11-29 07:53:16.451 2164 2164 I sysui_multi_action: [757,113,758,1,759,113,927,1,928,1,1593,0]
11-29 07:53:16.451 2164 2164 I sysui_multi_action: [757,0,758,1,759,0,927,2,928,0,1593,0]
11-29 07:53:16.451 2164 2164 I sysui_multi_action: [757,0,758,1,759,0,927,3,928,0,1593,0]
11-29 07:53:16.451 2164 2164 I sysui_multi_action: [757,491,758,1,759,491,927,4,928,0,1311,-1,1593,0]
11-29 07:53:16.451 2164 2164 I sysui_multi_action: [757,0,758,1,759,0,927,5,928,0,1593,0]
11-29 07:53:16.451 2164 2164 I sysui_multi_action: [757,111,758,1]
11-29 07:53:16.451 2164 2164 I sysui_multi_action: [757,126,758,1,759,126,927,0,928,0,1593,0]
11-29 07:53:16.451 2164 2164 I sysui_multi_action: [757,113,758,1,759,113,927,1,928,1,1593,0]
11-29 07:53:16.451 2164 2164 I sysui_multi_action: [757,0,758,1,759,0,927,2,928,0,1593,0]
11-29 07:53:16.451 2164 2164 I sysui_multi_action: [757,0,758,1,759,0,927,3,928,0,1593,0]
11-29 07:53:16.560 1491 1491 I sysui_multi_action: [757,128,758,5,759,8,793,747,794,0,795,747,796,1,797,empty_media,806,com.android.systemui,857,empty_media_style_id,858,4,947,0,1500,545,1641,transport,1688,1,1745,1043716538]
11-29 07:53:16.561 1491 1491 I notification_canceled: [0|com.android.systemui|1|empty_media|10082,8,747,747,0,-1,-1,NULL]
11-29 07:53:16.563 1491 1491 I service_manager_stats: [100,75,178789]
11-29 07:53:16.563 1491 1491 D CompatibilityChangeReporter: Compat change id reported: 175319604; UID 10082; state: ENABLED
11-29 07:53:16.616 2164 2164 I sysui_multi_action: [757,803,799,note_peek,802,1]
11-29 07:53:16.619 2164 2164 I sysui_heads_up_status: [-1|android|26|null|1000,1]
11-29 07:53:16.622 1491 8943 I sysui_multi_action: [757,127,758,1]
11-29 07:53:16.628 1491 8943 I sysui_multi_action: [757,804,799,note_load,801,1,802,1]
11-29 07:53:16.633 1491 8943 I notification_panel_revealed: 1
11-29 07:53:16.974 1491 1693 I input_interaction: Interaction with: 692e614 com.android.music/com.android.music.MusicBrowserActivity (server), edge-swipe (server), swipe-up (server), PointerEventDispatcher0 (server),
11-29 07:53:16.996 1900 1900 I view_enqueue_input_event: [Motion - Cancel,com.android.music/com.android.music.MusicBrowserActivity]
11-29 07:53:16.996 1491 1772 I wm_task_moved: [32,0,0]
11-29 07:53:16.998 1491 1772 I wm_task_moved: [32,0,8]
11-29 07:53:16.998 1491 1693 I input_interaction: Interaction with: edge-swipe (server), swipe-up (server), PointerEventDispatcher0 (server),
11-29 07:53:17.009 9956 9956 I wm_on_restart_called: [254362067,com.android.launcher3.uioverrides.QuickstepLauncher,performRestartActivity]
11-29 07:53:17.021 1491 1600 I input_focus: [Focus request recents_animation_input_consumer,reason=UpdateInputWindows]
11-29 07:53:17.027 16043 16059 W ContextImpl: Calling a method in the system process without a qualified user: android.app.ContextImpl.startService:1816 android.content.ContextWrapper.startService:774 com.thundercomm.gamemode.ingame.services.GameModeActionUtils.startGameModeService:93 com.thundercomm.gamemode.ingame.services.GameModeActionUtils.startGameModeEntry:21 com.thundercomm.gamemode.ingame.services.ActivityMonitoringService$1.onActivityLaunch:127
11-29 07:53:17.037 9956 9956 I wm_on_start_called: [254362067,com.android.launcher3.uioverrides.QuickstepLauncher,handleStartActivity]
11-29 07:53:17.037 1491 1491 I GameModeConfig: Current uri is uri = content://com.thundercomm.gamemode.api/gamemode_settings/gamemode_isgaming
11-29 07:53:17.043 9956 9956 I sysui_latency: [1,74]
11-29 07:53:17.044 1491 1491 I GameModeConfig: isGameModeOn = false
11-29 07:53:17.044 1491 1491 I GameModeConfig: isGameModeOn = false
11-29 07:53:17.044 1491 1491 I GameModeConfig: isDisableVoice = true
11-29 07:53:17.046 1491 1693 I input_focus: [Focus leaving 692e614 com.android.music/com.android.music.MusicBrowserActivity (server),reason=NOT_FOCUSABLE]
11-29 07:53:17.050 1491 1693 I input_focus: [Focus entering recents_animation_input_consumer (server),reason=setFocusedWindow]
11-29 07:53:17.057 1491 5277 W ActivityTaskManager: getTaskSnapshot: taskId=2217 not found
11-29 07:53:17.057 1491 5277 W ActivityTaskManager: getTaskSnapshot: taskId=1217 not found
11-29 07:53:17.062 1491 1596 I sysui_multi_action: [319,10,322,56,325,16775,757,761,758,9,759,5,806,com.android.launcher3,871,com.android.launcher3.uioverrides.QuickstepLauncher,905,0,1320,8,1321,5]
11-29 07:53:17.079 0 0 I auditd : type=1400 audit(0.0:19166): avc: denied { kill } for comm="swapper/1" capability=5 scontext=u:r:kernel:s0 tcontext=u:r:kernel:s0 tclass=capability permissive=0
11-29 07:53:17.120 1491 10785 I sysui_multi_action: [757,128,758,1,793,15361893,794,0,795,15361893,796,26,798,0,806,android,857,DEVELOPER_IMPORTANT,858,4,947,0,1395,2,1500,15361688,1688,1]
11-29 07:53:17.120 1491 10785 I sysui_multi_action: [757,804,799,note_freshness,801,15361893,802,1]
11-29 07:53:17.120 1491 10785 I notification_visibility: [-1|android|26|null|1000,1,15361893,15361893,0,0]
11-29 07:53:17.244 1491 1673 I commit_sys_config_file: [settings-1-0,8]
11-29 07:53:17.353 1491 1607 I sysui_latency: [8,72]
11-29 07:53:17.710 1491 1693 I input_interaction: Interaction with: recents_animation_input_consumer (server), edge-swipe (server), swipe-up (server), PointerEventDispatcher0 (server),
11-29 07:53:17.744 1491 1693 I input_interaction: Interaction with: edge-swipe (server), swipe-up (server), PointerEventDispatcher0 (server),
11-29 07:53:17.765 1491 1700 I wm_task_moved: [32,1,9]
11-29 07:53:17.765 1491 1700 I wm_task_moved: [41,1,2147483647]
11-29 07:53:17.765 1491 1700 I wm_task_to_front: [0,41]
11-29 07:53:17.765 1491 1700 I wm_focused_root_task: [0,0,32,243,RecentsAnimation.onAnimationFinished()]
11-29 07:53:17.765 1491 1700 I wm_set_resumed_activity: [0,com.android.launcher3/.uioverrides.QuickstepLauncher,RecentsAnimation.onAnimationFinished()]
11-29 07:53:17.766 1491 1700 I wm_pause_activity: [0,219223401,com.android.music/.MusicBrowserActivity,userLeaving=true,pauseBackTasks]
11-29 07:53:17.766 1491 1700 I wm_add_to_stopping: [0,219223401,com.android.music/.MusicBrowserActivity,makeInvisible]
11-29 07:53:17.766 1491 1700 I ActivityTaskManager: FOREGROUND_APPLICATION_CHANGED to com.android.launcher3.uioverrides.QuickstepLauncher
11-29 07:53:17.767 1491 1700 I wm_set_resumed_activity: [0,com.android.launcher3/.uioverrides.QuickstepLauncher,resumeTopActivityInnerLocked]
11-29 07:53:17.770 1900 1900 I wm_on_top_resumed_lost_called: [219223401,com.android.music.MusicBrowserActivity,topStateChangedWhenResumed]
11-29 07:53:17.770 1491 1700 I wm_resume_activity: [0,254362067,41,com.android.launcher3/.uioverrides.QuickstepLauncher]
11-29 07:53:17.776 1900 1900 I wm_on_paused_called: [219223401,com.android.music.MusicBrowserActivity,performPause]
11-29 07:53:17.778 9956 9956 I wm_on_resume_called: [254362067,com.android.launcher3.uioverrides.QuickstepLauncher,RESUME_ACTIVITY]
11-29 07:53:17.778 9956 9956 I wm_on_top_resumed_gained_called: [254362067,com.android.launcher3.uioverrides.QuickstepLauncher,topStateChangedWhenResumed]
11-29 07:53:17.780 1491 1600 I input_focus: [Focus request cd0514f com.android.launcher3/com.android.launcher3.uioverrides.QuickstepLauncher,reason=UpdateInputWindows]
11-29 07:53:17.782 1491 1693 I input_focus: [Focus leaving recents_animation_input_consumer (server),reason=NOT_VISIBLE]
11-29 07:53:17.785 1491 1599 I wm_stop_activity: [0,219223401,com.android.music/.MusicBrowserActivity]
11-29 07:53:17.785 1491 1599 I sysui_multi_action: [757,803,799,window_time_0,802,2]
11-29 07:53:17.790 1900 1900 I wm_on_stop_called: [219223401,com.android.music.MusicBrowserActivity,STOP_ACTIVITY_ITEM]
11-29 07:53:17.790 1491 1599 I sysui_multi_action: [757,803,799,window_time_0,802,0]
11-29 07:53:17.797 1491 1693 I input_focus: [Focus entering cd0514f com.android.launcher3/com.android.launcher3.uioverrides.QuickstepLauncher (server),reason=setFocusedWindow]
11-29 07:53:17.815 16043 16059 W ContextImpl: Calling a method in the system process without a qualified user: android.app.ContextImpl.startService:1816 android.content.ContextWrapper.startService:774 com.thundercomm.gamemode.ingame.services.GameModeActionUtils.startGameModeService:93 com.thundercomm.gamemode.ingame.services.GameModeActionUtils.startGameModeEntry:21 com.thundercomm.gamemode.ingame.services.ActivityMonitoringService$1.onActivityLaunch:127
11-29 07:53:17.824 1491 1491 I GameModeConfig: Current uri is uri = content://com.thundercomm.gamemode.api/gamemode_settings/gamemode_isgaming
11-29 07:53:17.833 1491 1491 I GameModeConfig: isGameModeOn = false
11-29 07:53:17.833 1491 1491 I GameModeConfig: isGameModeOn = false
11-29 07:53:17.833 1491 1491 I GameModeConfig: isDisableVoice = true
11-29 07:53:17.882 16043 16059 W ContextImpl: Calling a method in the system process without a qualified user: android.app.ContextImpl.startService:1816 android.content.ContextWrapper.startService:774 com.thundercomm.gamemode.ingame.services.GameModeActionUtils.startGameModeService:93 com.thundercomm.gamemode.ingame.services.GameModeActionUtils.startGameModeEntry:21 com.thundercomm.gamemode.ingame.services.ActivityMonitoringService$1.onActivityLaunch:127
11-29 07:53:17.888 1491 1491 I GameModeConfig: Current uri is uri = content://com.thundercomm.gamemode.api/gamemode_settings/gamemode_isgaming
11-29 07:53:17.890 1491 1491 I GameModeConfig: isGameModeOn = false
11-29 07:53:17.890 1491 1491 I GameModeConfig: isGameModeOn = false
11-29 07:53:17.890 1491 1491 I GameModeConfig: isDisableVoice = true
11-29 07:53:17.936 1491 1673 I commit_sys_config_file: [settings-1-0,4]
11-29 07:53:18.079 0 0 I auditd : type=1400 audit(0.0:19167): avc: denied { kill } for comm="swapper/1" capability=5 scontext=u:r:kernel:s0 tcontext=u:r:kernel:s0 tclass=capability permissive=0
11-29 07:53:19.079 0 0 I auditd : type=1400 audit(0.0:19168): avc: denied { kill } for comm="swapper/1" capability=5 scontext=u:r:kernel:s0 tcontext=u:r:kernel:s0 tclass=capability permissive=0
11-29 07:53:19.159 1491 1693 I input_interaction: Interaction with: cd0514f com.android.launcher3/com.android.launcher3.uioverrides.QuickstepLauncher (server), f50ccd7 com.android.systemui.ImageWallpaper (server), edge-swipe (server), swipe-up (server), PointerEventDispatcher0 (server),
11-29 07:53:19.213 1491 1693 I input_interaction: Interaction with: edge-swipe (server), swipe-up (server), PointerEventDispatcher0 (server),
11-29 07:53:19.215 9956 9956 I view_enqueue_input_event: [Motion - Cancel,com.android.launcher3/com.android.launcher3.uioverrides.QuickstepLauncher]
11-29 07:53:19.223 1491 8943 W ActivityTaskManager: getTaskSnapshot: taskId=2217 not found
11-29 07:53:19.223 1491 8943 W ActivityTaskManager: getTaskSnapshot: taskId=1217 not found
11-29 07:53:19.394 1491 1673 I commit_sys_config_file: [settings-1-0,10]
11-29 07:53:19.838 1491 1693 I input_interaction: Interaction with: cd0514f com.android.launcher3/com.android.launcher3.uioverrides.QuickstepLauncher (server), f50ccd7 com.android.systemui.ImageWallpaper (server), edge-swipe (server), swipe-up (server), PointerEventDispatcher0 (server),
11-29 07:53:19.920 1491 1693 I input_interaction: Interaction with: edge-swipe (server), swipe-up (server), PointerEventDispatcher0 (server),
11-29 07:53:19.922 9956 9956 I view_enqueue_input_event: [Motion - Cancel,com.android.launcher3/com.android.launcher3.uioverrides.QuickstepLauncher]
11-29 07:53:20.106 1491 1673 I commit_sys_config_file: [settings-1-0,4]
11-29 07:53:21.079 0 0 I auditd : type=1400 audit(0.0:19169): avc: denied { kill } for comm="swapper/1" capability=5 scontext=u:r:kernel:s0 tcontext=u:r:kernel:s0 tclass=capability permissive=0
11-29 07:53:22.079 0 0 I auditd : type=1400 audit(0.0:19170): avc: denied { kill } for comm="swapper/1" capability=5 scontext=u:r:kernel:s0 tcontext=u:r:kernel:s0 tclass=capability permissive=0
11-29 07:53:22.324 2164 2164 I sysui_heads_up_status: [-1|android|26|null|1000,0]
11-29 07:53:22.768 1491 5277 I sysui_multi_action: [757,128,758,2,793,15367541,794,5648,795,15367541,796,26,798,0,806,android,857,DEVELOPER_IMPORTANT,858,4,947,0,1395,2,1500,15367336,1688,1]
11-29 07:53:22.768 1491 5277 I notification_visibility: [-1|android|26|null|1000,0,15367541,15367541,0,0]
11-29 07:53:22.769 1491 1760 I GameModeConfig: isGameModeOn = false
11-29 07:53:22.770 1491 1760 I GameModeConfig: isGameModeOn = false
11-29 07:53:22.770 1491 1760 I GameModeConfig: isGameModeOn = false
11-29 07:53:22.770 1491 1760 I GameModeConfig: isGameModeOn = false
11-29 07:53:22.770 1491 1760 I GameModeConfig: isGameModeOn = false
11-29 07:53:22.771 1491 1760 I GameModeConfig: isGameModeOn = false
11-29 07:53:22.771 1491 1760 I GameModeConfig: isGameModeOn = false
11-29 07:53:22.771 1491 1760 I GameModeConfig: isGameModeOn = false
11-29 07:53:22.773 2164 2164 I sysui_multi_action: [757,111,758,2]
11-29 07:53:22.773 2164 2164 I sysui_multi_action: [757,111,758,2]
11-29 07:53:22.774 1491 1491 I notification_enqueue: [10082,2164,com.android.systemui,2048,NULL,0,Notification(channel=updateNotification shortcut=null contentView=null vibrate=null sound=null defaults=0x0 flags=0x0 color=0x00000000 vis=PRIVATE),1]
11-29 07:53:22.777 1491 8943 I sysui_multi_action: [757,127,758,2]
11-29 07:53:22.778 1491 8943 I notification_panel_hidden:
11-29 07:53:22.789 2164 2164 I sysui_multi_action: [757,111,758,1]
11-29 07:53:22.789 2164 2164 I sysui_multi_action: [757,126,758,1,759,126,927,0,928,1,1593,0]
11-29 07:53:22.790 2164 2164 I sysui_multi_action: [757,113,758,1,759,113,927,1,928,1,1593,0]
11-29 07:53:22.790 2164 2164 I sysui_multi_action: [757,0,758,1,759,0,927,2,928,0,1593,0]
11-29 07:53:22.790 2164 2164 I sysui_multi_action: [757,0,758,1,759,0,927,3,928,0,1593,0]
11-29 07:53:22.790 2164 2164 I sysui_multi_action: [757,491,758,1,759,491,927,4,928,0,1311,-1,1593,0]
11-29 07:53:22.791 2164 2164 I sysui_multi_action: [757,0,758,1,759,0,927,5,928,0,1593,0]
11-29 07:53:22.791 2164 2164 I sysui_multi_action: [757,111,758,1]
11-29 07:53:22.791 2164 2164 I sysui_multi_action: [757,126,758,1,759,126,927,0,928,1,1593,0]
11-29 07:53:22.791 2164 2164 I sysui_multi_action: [757,113,758,1,759,113,927,1,928,1,1593,0]
11-29 07:53:22.791 2164 2164 I sysui_multi_action: [757,0,758,1,759,0,927,2,928,0,1593,0]
11-29 07:53:22.792 2164 2164 I sysui_multi_action: [757,0,758,1,759,0,927,3,928,0,1593,0]
11-29 07:53:22.977 1491 1491 I GameModeConfig: isGameModeOn = false
11-29 07:53:22.979 1491 1491 I sysui_multi_action: [757,1501,758,1,793,16760239,794,0,795,209,796,2048,806,com.android.systemui,857,updateNotification,858,3,947,0,1500,0,1688,1]
11-29 07:53:22.981 1491 1491 I sysui_multi_action: [757,804,799,note_interruptive,801,0,802,1]
11-29 07:53:22.981 1491 1491 I sysui_multi_action: [757,199,758,1,759,2,793,16760242,794,0,795,212,796,2048,806,com.android.systemui,857,updateNotification,858,3,947,0,1500,3,1688,1]
11-29 07:53:22.982 1491 1491 I notification_alert: [0|com.android.systemui|2048|null|10082,0,1,0]
11-29 07:53:22.983 1491 1491 W NotificationHistory: Attempted to add notif for locked/gone/disabled user 0
11-29 07:53:23.079 0 0 I auditd : type=1400 audit(0.0:19171): avc: denied { kill } for comm="swapper/1" capability=5 scontext=u:r:kernel:s0 tcontext=u:r:kernel:s0 tclass=capability permissive=0
11-29 07:53:23.491 1491 1760 I GameModeConfig: isGameModeOn = false
11-29 07:53:23.506 1491 1760 I GameModeConfig: isGameModeOn = false
11-29 07:53:23.523 1491 1760 I GameModeConfig: isGameModeOn = false
11-29 07:53:23.540 1491 1760 I GameModeConfig: isGameModeOn = false
11-29 07:53:23.554 1491 1760 I GameModeConfig: isGameModeOn = false
11-29 07:53:23.569 1491 1760 I GameModeConfig: isGameModeOn = false
11-29 07:53:23.586 1491 1760 I GameModeConfig: isGameModeOn = false
11-29 07:53:23.609 1491 1760 I GameModeConfig: isGameModeOn = false
11-29 07:53:23.624 1491 1760 I GameModeConfig: isGameModeOn = false
11-29 07:53:23.642 1491 1760 I GameModeConfig: isGameModeOn = false
11-29 07:53:23.656 1491 1760 I GameModeConfig: isGameModeOn = false
11-29 07:53:23.673 1491 1760 I GameModeConfig: isGameModeOn = false
11-29 07:53:23.693 1491 1760 I GameModeConfig: isGameModeOn = false
11-29 07:53:23.718 1491 1760 I GameModeConfig: isGameModeOn = false
11-29 07:53:23.729 1491 1760 I GameModeConfig: isGameModeOn = false
11-29 07:53:23.748 1491 1760 I GameModeConfig: isGameModeOn = false
11-29 07:53:23.758 1491 1760 I GameModeConfig: isGameModeOn = false
11-29 07:53:23.771 1491 1760 I GameModeConfig: isGameModeOn = false
11-29 07:53:23.790 1491 1760 I GameModeConfig: isGameModeOn = false
11-29 07:53:23.809 1491 1760 I GameModeConfig: isGameModeOn = false
11-29 07:53:23.827 1491 1760 I GameModeConfig: isGameModeOn = false
11-29 07:53:23.850 1491 1760 I GameModeConfig: isGameModeOn = false
11-29 07:53:23.862 1491 1760 I GameModeConfig: isGameModeOn = false
11-29 07:53:23.884 1491 1760 I GameModeConfig: isGameModeOn = false
11-29 07:53:24.079 0 0 I auditd : type=1400 audit(0.0:19172): avc: denied { kill } for comm="swapper/1" capability=5 scontext=u:r:kernel:s0 tcontext=u:r:kernel:s0 tclass=capability permissive=0
11-29 07:53:25.516 1491 1760 I GameModeConfig: isGameModeOn = false
11-29 07:53:25.814 1491 1760 I GameModeConfig: isGameModeOn = false
11-29 07:53:25.823 1491 1760 I GameModeConfig: isGameModeOn = false
11-29 07:53:25.895 1491 1760 I GameModeConfig: isGameModeOn = false
11-29 07:53:26.079 0 0 I auditd : type=1400 audit(0.0:19173): avc: denied { kill } for comm="swapper/3" capability=5 scontext=u:r:kernel:s0 tcontext=u:r:kernel:s0 tclass=capability permissive=0
11-29 07:53:27.079 0 0 I auditd : type=1400 audit(0.0:19174): avc: denied { kill } for comm="swapper/3" capability=5 scontext=u:r:kernel:s0 tcontext=u:r:kernel:s0 tclass=capability permissive=0
11-29 07:53:28.079 0 0 I auditd : type=1400 audit(0.0:19175): avc: denied { kill } for comm="swapper/3" capability=5 scontext=u:r:kernel:s0 tcontext=u:r:kernel:s0 tclass=capability permissive=0
11-29 07:53:29.079 0 0 I auditd : type=1400 audit(0.0:19176): avc: denied { kill } for comm="swapper/3" capability=5 scontext=u:r:kernel:s0 tcontext=u:r:kernel:s0 tclass=capability permissive=0
11-29 07:53:30.079 0 0 I auditd : type=1400 audit(0.0:19177): avc: denied { kill } for comm="swapper/3" capability=5 scontext=u:r:kernel:s0 tcontext=u:r:kernel:s0 tclass=capability permissive=0
11-29 07:53:32.079 0 0 I auditd : type=1400 audit(0.0:19178): avc: denied { kill } for comm="swapper/3" capability=5 scontext=u:r:kernel:s0 tcontext=u:r:kernel:s0 tclass=capability permissive=0
11-29 07:53:32.801 1491 1760 I GameModeConfig: isGameModeOn = false
11-29 07:53:32.978 1491 1760 I GameModeConfig: isGameModeOn = false
11-29 07:53:33.079 0 0 I auditd : type=1400 audit(0.0:19179): avc: denied { kill } for comm="swapper/3" capability=5 scontext=u:r:kernel:s0 tcontext=u:r:kernel:s0 tclass=capability permissive=0
11-29 07:53:34.079 0 0 I auditd : type=1400 audit(0.0:19180): avc: denied { kill } for comm="swapper/3" capability=5 scontext=u:r:kernel:s0 tcontext=u:r:kernel:s0 tclass=capability permissive=0
11-29 07:53:34.540 1491 1674 D ActivityManager: freezing 32486 com.android.gallery3d
11-29 07:53:34.540 1491 1674 E ActivityManager: Unable to freeze binder for 32486 com.android.gallery3d
11-29 07:53:34.542 1491 1674 D ActivityManager: froze 32486 com.android.gallery3d
11-29 07:53:34.542 1491 1674 I am_freeze: [32486,com.android.gallery3d]
11-29 07:53:34.542 1491 1674 E ActivityManager: Unable to freeze binder for 32486 com.android.gallery3d
11-29 07:53:34.544 1491 1674 I ActivityManager: Killing 32486:com.android.gallery3d/u0a68 (adj 975): Unable to freeze binder interface
11-29 07:53:34.544 1491 1674 I am_kill : [0,32486,com.android.gallery3d,975,Unable to freeze binder interface]
11-29 07:53:34.566 1491 5277 I am_proc_died: [0,32486,com.android.gallery3d,975,19]
11-29 07:53:34.567 1491 5277 I am_uid_stopped: 10068
11-29 07:53:34.572 1491 1599 I am_uid_running: 10068
11-29 07:53:34.572 1491 1599 D CompatibilityChangeReporter: Compat change id reported: 135634846; UID 10068; state: DISABLED
11-29 07:53:34.572 1491 1599 D CompatibilityChangeReporter: Compat change id reported: 177438394; UID 10068; state: DISABLED
11-29 07:53:34.572 1491 1599 D CompatibilityChangeReporter: Compat change id reported: 135772972; UID 10068; state: DISABLED
11-29 07:53:34.572 1491 1599 D CompatibilityChangeReporter: Compat change id reported: 135754954; UID 10068; state: DISABLED
11-29 07:53:34.573 1491 1609 D CompatibilityChangeReporter: Compat change id reported: 143937733; UID 10068; state: DISABLED
11-29 07:53:34.580 1491 1607 I am_pss : [1900,10089,com.android.music,31511552,24342528,14336,141135872,0,4,8]
11-29 07:53:34.586 1491 1607 I am_pss : [1983,10021,com.android.musicfx,6096896,3899392,13312,86679552,0,19,6]
11-29 07:53:34.587 1491 1609 I am_proc_start: [0,2479,10068,com.android.gallery3d,NULL,]
11-29 07:53:34.587 1491 1609 I ActivityManager: Start proc 2479:com.android.gallery3d/u0a68 for null
11-29 07:53:34.623 1491 5277 I am_proc_bound: [0,2479,com.android.gallery3d]
11-29 07:53:34.625 1491 5277 D CompatibilityChangeReporter: Compat change id reported: 168419799; UID 10068; state: DISABLED
11-29 07:53:35.079 2700 2700 I auditd : type=1400 audit(0.0:19181): avc: denied { kill } for comm="irq/16-90b6400." capability=5 scontext=u:r:kernel:s0 tcontext=u:r:kernel:s0 tclass=capability permissive=0
11-29 07:53:36.079 0 0 I auditd : type=1400 audit(0.0:19182): avc: denied { kill } for comm="swapper/3" capability=5 scontext=u:r:kernel:s0 tcontext=u:r:kernel:s0 tclass=capability permissive=0
11-29 07:53:37.079 0 0 I auditd : type=1400 audit(0.0:19183): avc: denied { kill } for comm="swapper/3" capability=5 scontext=u:r:kernel:s0 tcontext=u:r:kernel:s0 tclass=capability permissive=0
11-29 07:53:38.079 0 0 I auditd : type=1400 audit(0.0:19184): avc: denied { kill } for comm="swapper/3" capability=5 scontext=u:r:kernel:s0 tcontext=u:r:kernel:s0 tclass=capability permissive=0
11-29 07:53:39.079 0 0 I auditd : type=1400 audit(0.0:19185): avc: denied { kill } for comm="swapper/3" capability=5 scontext=u:r:kernel:s0 tcontext=u:r:kernel:s0 tclass=capability permissive=0
11-29 07:53:40.079 0 0 I auditd : type=1400 audit(0.0:19186): avc: denied { kill } for comm="swapper/3" capability=5 scontext=u:r:kernel:s0 tcontext=u:r:kernel:s0 tclass=capability permissive=0
11-29 07:53:41.079 0 0 I auditd : type=1400 audit(0.0:19187): avc: denied { kill } for comm="swapper/3" capability=5 scontext=u:r:kernel:s0 tcontext=u:r:kernel:s0 tclass=capability permissive=0
11-29 07:53:42.079 0 0 I auditd : type=1400 audit(0.0:19188): avc: denied { kill } for comm="swapper/3" capability=5 scontext=u:r:kernel:s0 tcontext=u:r:kernel:s0 tclass=capability permissive=0
11-29 07:53:43.079 0 0 I auditd : type=1400 audit(0.0:19189): avc: denied { kill } for comm="swapper/3" capability=5 scontext=u:r:kernel:s0 tcontext=u:r:kernel:s0 tclass=capability permissive=0
11-29 07:53:44.079 0 0 I auditd : type=1400 audit(0.0:19190): avc: denied { kill } for comm="swapper/3" capability=5 scontext=u:r:kernel:s0 tcontext=u:r:kernel:s0 tclass=capability permissive=0
11-29 07:53:45.079 0 0 I auditd : type=1400 audit(0.0:19191): avc: denied { kill } for comm="swapper/3" capability=5 scontext=u:r:kernel:s0 tcontext=u:r:kernel:s0 tclass=capability permissive=0
11-29 07:53:45.551 1491 1607 I am_pss : [29251,10099,com.tencent.tmgp.pubgmhd,926107648,901357568,13312,1068683264,0,16,77]
11-29 07:53:45.560 1491 1607 I am_pss : [29526,10099,com.tencent.tmgp.pubgmhd:xg_vip_service,13299712,7266304,13312,106962944,0,10,7]
11-29 07:53:45.568 1491 1607 I am_pss : [2327,10032,android.process.acore,15118336,10117120,13312,109559808,0,19,6]
11-29 07:53:46.079 0 0 I auditd : type=1400 audit(0.0:19192): avc: denied { kill } for comm="swapper/3" capability=5 scontext=u:r:kernel:s0 tcontext=u:r:kernel:s0 tclass=capability permissive=0
11-29 07:53:47.079 0 0 I auditd : type=1400 audit(0.0:19193): avc: denied { kill } for comm="swapper/3" capability=5 scontext=u:r:kernel:s0 tcontext=u:r:kernel:s0 tclass=capability permissive=0
11-29 07:53:49.079 0 0 I auditd : type=1400 audit(0.0:19194): avc: denied { kill } for comm="swapper/3" capability=5 scontext=u:r:kernel:s0 tcontext=u:r:kernel:s0 tclass=capability permissive=0
11-29 07:53:50.079 0 0 I auditd : type=1400 audit(0.0:19195): avc: denied { kill } for comm="swapper/3" capability=5 scontext=u:r:kernel:s0 tcontext=u:r:kernel:s0 tclass=capability permissive=0
11-29 07:53:51.079 0 0 I auditd : type=1400 audit(0.0:19196): avc: denied { kill } for comm="swapper/3" capability=5 scontext=u:r:kernel:s0 tcontext=u:r:kernel:s0 tclass=capability permissive=0
11-29 07:53:52.079 0 0 I auditd : type=1400 audit(0.0:19197): avc: denied { kill } for comm="swapper/3" capability=5 scontext=u:r:kernel:s0 tcontext=u:r:kernel:s0 tclass=capability permissive=0
11-29 07:53:52.264 1491 1607 I UsageStatsService: User[0] Flushing usage stats to disk
11-29 07:53:53.079 0 0 I auditd : type=1400 audit(0.0:19198): avc: denied { kill } for comm="swapper/3" capability=5 scontext=u:r:kernel:s0 tcontext=u:r:kernel:s0 tclass=capability permissive=0
11-29 07:53:54.079 0 0 I auditd : type=1400 audit(0.0:19199): avc: denied { kill } for comm="swapper/3" capability=5 scontext=u:r:kernel:s0 tcontext=u:r:kernel:s0 tclass=capability permissive=0
11-29 07:53:55.079 0 0 I auditd : type=1400 audit(0.0:19200): avc: denied { kill } for comm="swapper/3" capability=5 scontext=u:r:kernel:s0 tcontext=u:r:kernel:s0 tclass=capability permissive=0
11-29 07:53:56.079 0 0 I auditd : type=1400 audit(0.0:19201): avc: denied { kill } for comm="swapper/3" capability=5 scontext=u:r:kernel:s0 tcontext=u:r:kernel:s0 tclass=capability permissive=0
11-29 07:53:57.079 0 0 I auditd : type=1400 audit(0.0:19202): avc: denied { kill } for comm="swapper/3" capability=5 scontext=u:r:kernel:s0 tcontext=u:r:kernel:s0 tclass=capability permissive=0
11-29 07:53:58.079 0 0 I auditd : type=1400 audit(0.0:19203): avc: denied { kill } for comm="swapper/3" capability=5 scontext=u:r:kernel:s0 tcontext=u:r:kernel:s0 tclass=capability permissive=0
11-29 07:53:58.532 1491 1491 I notification_enqueue: [10097,27146,com.tencent.android.qqdownloader,127,NULL,0,Notification(channel=channel_id_default_silent shortcut=null contentView=com.tencent.android.qqdownloader/0x7f0a01c2 vibrate=null sound=null defaults=0x0 flags=0x2a0 color=0x00000000 groupKey=com.tencent.android.qqdownloader vis=PRIVATE),1]
11-29 07:53:58.735 1491 1491 I GameModeConfig: isGameModeOn = false
11-29 07:53:59.079 0 0 I auditd : type=1400 audit(0.0:19204): avc: denied { kill } for comm="swapper/3" capability=5 scontext=u:r:kernel:s0 tcontext=u:r:kernel:s0 tclass=capability permissive=0
11-29 07:54:00.079 28670 28670 I auditd : type=1400 audit(0.0:19205): avc: denied { kill } for comm="kworker/u17:1" capability=5 scontext=u:r:kernel:s0 tcontext=u:r:kernel:s0 tclass=capability permissive=0
11-29 07:54:01.079 0 0 I auditd : type=1400 audit(0.0:19206): avc: denied { kill } for comm="swapper/3" capability=5 scontext=u:r:kernel:s0 tcontext=u:r:kernel:s0 tclass=capability permissive=0
11-29 07:54:02.079 0 0 I auditd : type=1400 audit(0.0:19207): avc: denied { kill } for comm="swapper/3" capability=5 scontext=u:r:kernel:s0 tcontext=u:r:kernel:s0 tclass=capability permissive=0
11-29 07:54:03.079 0 0 I auditd : type=1400 audit(0.0:19208): avc: denied { kill } for comm="swapper/3" capability=5 scontext=u:r:kernel:s0 tcontext=u:r:kernel:s0 tclass=capability permissive=0
11-29 07:54:04.079 0 0 I auditd : type=1400 audit(0.0:19209): avc: denied { kill } for comm="swapper/3" capability=5 scontext=u:r:kernel:s0 tcontext=u:r:kernel:s0 tclass=capability permissive=0
11-29 07:54:05.079 0 0 I auditd : type=1400 audit(0.0:19210): avc: denied { kill } for comm="swapper/3" capability=5 scontext=u:r:kernel:s0 tcontext=u:r:kernel:s0 tclass=capability permissive=0
11-29 07:54:06.079 0 0 I auditd : type=1400 audit(0.0:19211): avc: denied { kill } for comm="swapper/3" capability=5 scontext=u:r:kernel:s0 tcontext=u:r:kernel:s0 tclass=capability permissive=0
11-29 07:54:07.079 0 0 I auditd : type=1400 audit(0.0:19212): avc: denied { kill } for comm="swapper/3" capability=5 scontext=u:r:kernel:s0 tcontext=u:r:kernel:s0 tclass=capability permissive=0
11-29 07:54:08.079 0 0 I auditd : type=1400 audit(0.0:19213): avc: denied { kill } for comm="swapper/3" capability=5 scontext=u:r:kernel:s0 tcontext=u:r:kernel:s0 tclass=capability permissive=0
11-29 07:54:09.079 0 0 I auditd : type=1400 audit(0.0:19214): avc: denied { kill } for comm="swapper/3" capability=5 scontext=u:r:kernel:s0 tcontext=u:r:kernel:s0 tclass=capability permissive=0
11-29 07:54:10.034 1491 1723 I netstats_mobile_sample: [0,0,0,0,0,0,0,0,0,0,0,0,1669679650034]
11-29 07:54:10.034 1491 1723 I netstats_wifi_sample: [6442426497,5361146,222013508,1054025,6442426497,5361146,222013508,1054025,6525833503,6008685,129816292,845286,1669679650034]
11-29 07:54:10.079 0 0 I auditd : type=1400 audit(0.0:19215): avc: denied { kill } for comm="swapper/3" capability=5 scontext=u:r:kernel:s0 tcontext=u:r:kernel:s0 tclass=capability permissive=0
11-29 07:54:12.079 0 0 I auditd : type=1400 audit(0.0:19216): avc: denied { kill } for comm="swapper/3" capability=5 scontext=u:r:kernel:s0 tcontext=u:r:kernel:s0 tclass=capability permissive=0
11-29 07:54:12.950 1491 1626 V DisplayPowerController[0]: Brightness [0.05] reason changing to: 'manual [ dim ]', previous reason: 'manual'.
11-29 07:54:12.950 1491 1626 I sysui_multi_action: [757,1696,758,6,759,2]
11-29 07:54:12.951 1491 1626 W PowerManagerService: Screen on took 861402 ms
11-29 07:54:12.959 1491 1874 E DisplayDeviceConfig: requesting nits when no mapping exists.
11-29 07:54:12.960 1491 1608 I am_wtf : [0,1491,system_server,-1,DisplayDeviceConfig,requesting nits when no mapping exists.]
11-29 07:54:12.960 1491 1874 E DisplayDeviceConfig: requesting nits when no mapping exists.
11-29 07:54:12.962 1491 1608 I DropBoxManagerService: add tag=system_server_wtf isTagEnabled=true flags=0x2
11-29 07:54:12.964 1491 1608 I am_wtf : [0,1491,system_server,-1,DisplayDeviceConfig,requesting nits when no mapping exists.]
11-29 07:54:12.965 1491 1608 I DropBoxManagerService: add tag=system_server_wtf isTagEnabled=true flags=0x2
11-29 07:54:12.975 1491 1874 E DisplayDeviceConfig: requesting nits when no mapping exists.
11-29 07:54:12.975 1491 1874 E DisplayDeviceConfig: requesting nits when no mapping exists.
11-29 07:54:12.975 1491 1608 I am_wtf : [0,1491,system_server,-1,DisplayDeviceConfig,requesting nits when no mapping exists.]
11-29 07:54:12.976 1491 1608 I DropBoxManagerService: add tag=system_server_wtf isTagEnabled=true flags=0x2
11-29 07:54:12.977 1491 1608 I am_wtf : [0,1491,system_server,-1,DisplayDeviceConfig,requesting nits when no mapping exists.]
11-29 07:54:12.977 1491 1608 I DropBoxManagerService: add tag=system_server_wtf isTagEnabled=true flags=0x2
11-29 07:54:12.991 1491 1874 E DisplayDeviceConfig: requesting nits when no mapping exists.
11-29 07:54:12.992 1491 1874 E DisplayDeviceConfig: requesting nits when no mapping exists.
11-29 07:54:12.992 1491 1608 I am_wtf : [0,1491,system_server,-1,DisplayDeviceConfig,requesting nits when no mapping exists.]
11-29 07:54:12.993 1491 1608 I DropBoxManagerService: add tag=system_server_wtf isTagEnabled=true flags=0x2
11-29 07:54:12.993 1491 1608 I am_wtf : [0,1491,system_server,-1,DisplayDeviceConfig,requesting nits when no mapping exists.]
11-29 07:54:13.009 1491 1874 E DisplayDeviceConfig: requesting nits when no mapping exists.
11-29 07:54:13.009 1491 1874 E DisplayDeviceConfig: requesting nits when no mapping exists.
11-29 07:54:13.010 1491 1608 I am_wtf : [0,1491,system_server,-1,DisplayDeviceConfig,requesting nits when no mapping exists.]
11-29 07:54:13.011 1491 1608 I am_wtf : [0,1491,system_server,-1,DisplayDeviceConfig,requesting nits when no mapping exists.]
11-29 07:54:13.025 1491 1874 E DisplayDeviceConfig: requesting nits when no mapping exists.
11-29 07:54:13.026 1491 1874 E DisplayDeviceConfig: requesting nits when no mapping exists.
11-29 07:54:13.026 1491 1608 I am_wtf : [0,1491,system_server,-1,DisplayDeviceConfig,requesting nits when no mapping exists.]
11-29 07:54:13.027 1491 1608 I am_wtf : [0,1491,system_server,-1,DisplayDeviceConfig,requesting nits when no mapping exists.]
11-29 07:54:13.042 1491 1874 E DisplayDeviceConfig: requesting nits when no mapping exists.
11-29 07:54:13.043 1491 1874 E DisplayDeviceConfig: requesting nits when no mapping exists.
11-29 07:54:13.043 1491 1608 I am_wtf : [0,1491,system_server,-1,DisplayDeviceConfig,requesting nits when no mapping exists.]
11-29 07:54:13.044 1491 1608 I am_wtf : [0,1491,system_server,-1,DisplayDeviceConfig,requesting nits when no mapping exists.]
11-29 07:54:13.058 1491 1874 E DisplayDeviceConfig: requesting nits when no mapping exists.
11-29 07:54:13.059 1491 1874 E DisplayDeviceConfig: requesting nits when no mapping exists.
11-29 07:54:13.060 1491 1608 I am_wtf : [0,1491,system_server,-1,DisplayDeviceConfig,requesting nits when no mapping exists.]
11-29 07:54:13.062 1491 1608 I am_wtf : [0,1491,system_server,-1,DisplayDeviceConfig,requesting nits when no mapping exists.]
11-29 07:54:13.075 1491 1874 E DisplayDeviceConfig: requesting nits when no mapping exists.
11-29 07:54:13.076 1491 1874 E DisplayDeviceConfig: requesting nits when no mapping exists.
11-29 07:54:13.076 1491 1608 I am_wtf : [0,1491,system_server,-1,DisplayDeviceConfig,requesting nits when no mapping exists.]
11-29 07:54:13.077 1491 1608 I am_wtf : [0,1491,system_server,-1,DisplayDeviceConfig,requesting nits when no mapping exists.]
11-29 07:54:13.096 1491 1874 E DisplayDeviceConfig: requesting nits when no mapping exists.
11-29 07:54:13.097 1491 1874 E DisplayDeviceConfig: requesting nits when no mapping exists.
11-29 07:54:13.097 1491 1608 I am_wtf : [0,1491,system_server,-1,DisplayDeviceConfig,requesting nits when no mapping exists.]
11-29 07:54:13.098 1491 1608 I am_wtf : [0,1491,system_server,-1,DisplayDeviceConfig,requesting nits when no mapping exists.]
11-29 07:54:13.109 1491 1874 E DisplayDeviceConfig: requesting nits when no mapping exists.
11-29 07:54:13.109 1491 1874 E DisplayDeviceConfig: requesting nits when no mapping exists.
11-29 07:54:13.110 1491 1608 I am_wtf : [0,1491,system_server,-1,DisplayDeviceConfig,requesting nits when no mapping exists.]
11-29 07:54:13.112 1491 1608 I am_wtf : [0,1491,system_server,-1,DisplayDeviceConfig,requesting nits when no mapping exists.]
11-29 07:54:13.125 1491 1874 E DisplayDeviceConfig: requesting nits when no mapping exists.
11-29 07:54:13.125 1491 1874 E DisplayDeviceConfig: requesting nits when no mapping exists.
11-29 07:54:13.125 1491 1608 I am_wtf : [0,1491,system_server,-1,DisplayDeviceConfig,requesting nits when no mapping exists.]
11-29 07:54:13.126 1491 1608 I am_wtf : [0,1491,system_server,-1,DisplayDeviceConfig,requesting nits when no mapping exists.]
11-29 07:54:13.142 1491 1874 E DisplayDeviceConfig: requesting nits when no mapping exists.
11-29 07:54:13.143 1491 1874 E DisplayDeviceConfig: requesting nits when no mapping exists.
11-29 07:54:13.143 1491 1608 I am_wtf : [0,1491,system_server,-1,DisplayDeviceConfig,requesting nits when no mapping exists.]
11-29 07:54:13.144 1491 1608 I am_wtf : [0,1491,system_server,-1,DisplayDeviceConfig,requesting nits when no mapping exists.]
11-29 07:54:13.159 1491 1874 E DisplayDeviceConfig: requesting nits when no mapping exists.
11-29 07:54:13.159 1491 1608 I am_wtf : [0,1491,system_server,-1,DisplayDeviceConfig,requesting nits when no mapping exists.]
11-29 07:54:13.159 1491 1874 E DisplayDeviceConfig: requesting nits when no mapping exists.
11-29 07:54:13.161 1491 1608 I am_wtf : [0,1491,system_server,-1,DisplayDeviceConfig,requesting nits when no mapping exists.]
11-29 07:54:13.177 1491 1874 E DisplayDeviceConfig: requesting nits when no mapping exists.
11-29 07:54:13.178 1491 1874 E DisplayDeviceConfig: requesting nits when no mapping exists.
11-29 07:54:13.178 1491 1608 I am_wtf : [0,1491,system_server,-1,DisplayDeviceConfig,requesting nits when no mapping exists.]
11-29 07:54:13.180 1491 1608 I am_wtf : [0,1491,system_server,-1,DisplayDeviceConfig,requesting nits when no mapping exists.]
11-29 07:54:13.192 1491 1874 E DisplayDeviceConfig: requesting nits when no mapping exists.
11-29 07:54:13.193 1491 1608 I am_wtf : [0,1491,system_server,-1,DisplayDeviceConfig,requesting nits when no mapping exists.]
11-29 07:54:13.193 1491 1874 E DisplayDeviceConfig: requesting nits when no mapping exists.
11-29 07:54:13.194 1491 1608 I am_wtf : [0,1491,system_server,-1,DisplayDeviceConfig,requesting nits when no mapping exists.]
11-29 07:54:13.209 1491 1874 E DisplayDeviceConfig: requesting nits when no mapping exists.
11-29 07:54:13.210 1491 1874 E DisplayDeviceConfig: requesting nits when no mapping exists.
11-29 07:54:13.210 1491 1608 I am_wtf : [0,1491,system_server,-1,DisplayDeviceConfig,requesting nits when no mapping exists.]
11-29 07:54:13.211 1491 1608 I am_wtf : [0,1491,system_server,-1,DisplayDeviceConfig,requesting nits when no mapping exists.]
11-29 07:54:13.226 1491 1874 E DisplayDeviceConfig: requesting nits when no mapping exists.
11-29 07:54:13.226 1491 1874 E DisplayDeviceConfig: requesting nits when no mapping exists.
11-29 07:54:13.226 1491 1608 I am_wtf : [0,1491,system_server,-1,DisplayDeviceConfig,requesting nits when no mapping exists.]
11-29 07:54:13.227 1491 1608 I am_wtf : [0,1491,system_server,-1,DisplayDeviceConfig,requesting nits when no mapping exists.]
11-29 07:54:13.243 1491 1874 E DisplayDeviceConfig: requesting nits when no mapping exists.
11-29 07:54:13.243 1491 1874 E DisplayDeviceConfig: requesting nits when no mapping exists.
11-29 07:54:13.244 1491 1608 I am_wtf : [0,1491,system_server,-1,DisplayDeviceConfig,requesting nits when no mapping exists.]
11-29 07:54:13.245 1491 1608 I am_wtf : [0,1491,system_server,-1,DisplayDeviceConfig,requesting nits when no mapping exists.]
11-29 07:54:13.260 1491 1874 E DisplayDeviceConfig: requesting nits when no mapping exists.
11-29 07:54:13.261 1491 1874 E DisplayDeviceConfig: requesting nits when no mapping exists.
11-29 07:54:13.261 1491 1608 I am_wtf : [0,1491,system_server,-1,DisplayDeviceConfig,requesting nits when no mapping exists.]
11-29 07:54:13.262 1491 1608 I am_wtf : [0,1491,system_server,-1,DisplayDeviceConfig,requesting nits when no mapping exists.]
11-29 07:54:13.277 1491 1874 E DisplayDeviceConfig: requesting nits when no mapping exists.
11-29 07:54:13.278 1491 1874 E DisplayDeviceConfig: requesting nits when no mapping exists.
11-29 07:54:13.278 1491 1608 I am_wtf : [0,1491,system_server,-1,DisplayDeviceConfig,requesting nits when no mapping exists.]
11-29 07:54:13.279 1491 1608 I am_wtf : [0,1491,system_server,-1,DisplayDeviceConfig,requesting nits when no mapping exists.]
11-29 07:54:13.293 1491 1874 E DisplayDeviceConfig: requesting nits when no mapping exists.
11-29 07:54:13.294 1491 1608 I am_wtf : [0,1491,system_server,-1,DisplayDeviceConfig,requesting nits when no mapping exists.]
11-29 07:54:13.294 1491 1874 E DisplayDeviceConfig: requesting nits when no mapping exists.
11-29 07:54:13.295 1491 1608 I am_wtf : [0,1491,system_server,-1,DisplayDeviceConfig,requesting nits when no mapping exists.]
11-29 07:54:13.310 1491 1874 E DisplayDeviceConfig: requesting nits when no mapping exists.
11-29 07:54:13.311 1491 1608 I am_wtf : [0,1491,system_server,-1,DisplayDeviceConfig,requesting nits when no mapping exists.]
11-29 07:54:13.311 1491 1874 E DisplayDeviceConfig: requesting nits when no mapping exists.
