11-29 07:53:13.496 1491 1600 I input_focus: [Focus request cd0514f com.android.launcher3/com.android.launcher3.uioverrides.QuickstepLauncher,reason=UpdateInputWindows]
11-29 07:53:13.497 30912 30912 I sysui_multi_action: [757,111,758,1]
11-29 07:53:13.497 30912 30912 I sysui_multi_action: [757,126,758,1,759,126,927,0,928,1,1593,0]
11-29 07:53:13.497 30912 30912 I sysui_multi_action: [757,113,758,1,759,113,927,1,928,1,1593,0]
11-29 07:53:13.497 30912 30912 I sysui_multi_action: [757,0,758,1,759,0,927,2,928,0,1593,0]
11-29 07:53:13.497 30912 30912 I sysui_multi_action: [757,0,758,1,759,0,927,3,928,0,1593,0]
11-29 07:53:13.497 30912 30912 I sysui_multi_action: [757,491,758,1,759,491,927,4,928,0,1311,-1,1593,0]
11-29 07:53:13.497 30912 30912 I sysui_multi_action: [757,0,758,1,759,0,927,5,928,0,1593,0]
11-29 07:53:13.497 30912 30912 I sysui_multi_action: [757,111,758,1]
11-29 07:53:13.498 30912 30912 I sysui_multi_action: [757,126,758,1,759,126,927,0,928,1,1593,0]
11-29 07:53:13.498 30912 30912 I sysui_multi_action: [757,113,758,1,759,113,927,1,928,1,1593,0]
11-29 07:53:13.498 30912 30912 I sysui_multi_action: [757,0,758,1,759,0,927,2,928,0,1593,0]
11-29 07:53:13.498 30912 30912 I sysui_multi_action: [757,0,758,1,759,0,927,3,928,0,1593,0]
11-29 07:53:13.498 1491 1760 I GameModeConfig: isGameModeOn = false
11-29 07:53:13.503 1491 1607 I am_pss : [1900,10089,com.android.music,29201408,22396928,14336,137658368,0,4,8]
11-29 07:53:13.505 1491 1760 I GameModeConfig: isGameModeOn = false
11-29 07:53:13.505 1491 1760 I GameModeConfig: isGameModeOn = false
11-29 07:53:13.505 1491 1760 I GameModeConfig: isGameModeOn = false
11-29 07:53:13.505 1491 1760 I GameModeConfig: isGameModeOn = false
11-29 07:53:13.506 1491 1760 I GameModeConfig: isGameModeOn = false
11-29 07:53:13.506 1491 1760 I GameModeConfig: isGameModeOn = false
11-29 07:53:13.506 1491 1760 I GameModeConfig: isGameModeOn = false
11-29 07:53:13.506 1491 1760 I GameModeConfig: isGameModeOn = false
11-29 07:53:13.507 30912 30912 I sysui_multi_action: [757,111,758,2]
11-29 07:53:13.507 30912 30912 I sysui_multi_action: [757,111,758,2]
11-29 07:53:13.508 1491 1693 I input_focus: [Focus leaving 6b9abb7 NotificationShade (server),reason=NOT_FOCUSABLE]
11-29 07:53:13.508 1491 1693 I input_focus: [Focus entering cd0514f com.android.launcher3/com.android.launcher3.uioverrides.QuickstepLauncher (server),reason=setFocusedWindow]
11-29 07:53:13.514 1491 1600 I input_focus: [Focus request 6b9abb7 NotificationShade,reason=UpdateInputWindows]
11-29 07:53:13.515 30912 30912 I sysui_multi_action: [757,111,758,1]
11-29 07:53:13.515 30912 30912 I sysui_multi_action: [757,126,758,1,759,126,927,0,928,1,1593,0]
11-29 07:53:13.515 30912 30912 I sysui_multi_action: [757,113,758,1,759,113,927,1,928,1,1593,0]
11-29 07:53:13.515 30912 30912 I sysui_multi_action: [757,0,758,1,759,0,927,2,928,0,1593,0]
11-29 07:53:13.515 30912 30912 I sysui_multi_action: [757,0,758,1,759,0,927,3,928,0,1593,0]
11-29 07:53:13.515 1491 1491 I notification_enqueue: [10082,30912,com.android.systemui,2048,NULL,0,Notification(channel=updateNotification shortcut=null contentView=null vibrate=null sound=null defaults=0x0 flags=0x0 color=0x00000000 vis=PRIVATE),1]
11-29 07:53:13.515 30912 30912 I sysui_multi_action: [757,491,758,1,759,491,927,4,928,0,1311,-1,1593,0]
11-29 07:53:13.515 30912 30912 I sysui_multi_action: [757,0,758,1,759,0,927,5,928,0,1593,0]
11-29 07:53:13.515 30912 30912 I sysui_multi_action: [757,111,758,1]
11-29 07:53:13.515 30912 30912 I sysui_multi_action: [757,126,758,1,759,126,927,0,928,1,1593,0]
11-29 07:53:13.515 30912 30912 I sysui_multi_action: [757,113,758,1,759,113,927,1,928,1,1593,0]
11-29 07:53:13.515 30912 30912 I sysui_multi_action: [757,0,758,1,759,0,927,2,928,0,1593,0]
11-29 07:53:13.516 30912 30912 I sysui_multi_action: [757,0,758,1,759,0,927,3,928,0,1593,0]
11-29 07:53:13.517 1491 1760 I GameModeConfig: isGameModeOn = false
11-29 07:53:13.522 1491 1760 I GameModeConfig: isGameModeOn = false
11-29 07:53:13.523 1491 1760 I GameModeConfig: isGameModeOn = false
11-29 07:53:13.523 1491 1760 I GameModeConfig: isGameModeOn = false
11-29 07:53:13.523 1491 1760 I GameModeConfig: isGameModeOn = false
11-29 07:53:13.523 1491 1760 I GameModeConfig: isGameModeOn = false
11-29 07:53:13.524 1491 1760 I GameModeConfig: isGameModeOn = false
11-29 07:53:13.524 1491 1760 I GameModeConfig: isGameModeOn = false
11-29 07:53:13.524 1491 1760 I GameModeConfig: isGameModeOn = false
11-29 07:53:13.524 16043 16059 W ContextImpl: Calling a method in the system process without a qualified user: android.app.ContextImpl.startService:1816 android.content.ContextWrapper.startService:774 com.thundercomm.gamemode.ingame.services.GameModeActionUtils.startGameModeService:93 com.thundercomm.gamemode.ingame.services.GameModeActionUtils.startGameModeEntry:21 com.thundercomm.gamemode.ingame.services.ActivityMonitoringService$1.onActivityLaunch:127
11-29 07:53:13.525 30912 30912 I sysui_multi_action: [757,111,758,2]
11-29 07:53:13.525 30912 30912 I sysui_multi_action: [757,111,758,2]
11-29 07:53:13.525 1491 1491 I notification_enqueue: [10082,30912,com.android.systemui,2048,NULL,0,Notification(channel=updateNotification shortcut=null contentView=null vibrate=null sound=null defaults=0x0 flags=0x0 color=0x00000000 vis=PRIVATE),1]
11-29 07:53:13.527 30912 30912 I sysui_multi_action: [757,111,758,1]
11-29 07:53:13.528 30912 30912 I sysui_multi_action: [757,126,758,1,759,126,927,0,928,1,1593,0]
11-29 07:53:13.528 30912 30912 I sysui_multi_action: [757,113,758,1,759,113,927,1,928,1,1593,0]
11-29 07:53:13.528 30912 30912 I sysui_multi_action: [757,0,758,1,759,0,927,2,928,0,1593,0]
11-29 07:53:13.528 30912 30912 I sysui_multi_action: [757,0,758,1,759,0,927,3,928,0,1593,0]
11-29 07:53:13.528 1491 1491 I GameModeConfig: Current uri is uri = content://com.thundercomm.gamemode.api/gamemode_settings/gamemode_isgaming
11-29 07:53:13.528 30912 30912 I sysui_multi_action: [757,491,758,1,759,491,927,4,928,0,1311,-1,1593,0]
11-29 07:53:13.528 30912 30912 I sysui_multi_action: [757,0,758,1,759,0,927,5,928,0,1593,0]
11-29 07:53:13.528 30912 30912 I sysui_multi_action: [757,111,758,1]
11-29 07:53:13.528 30912 30912 I sysui_multi_action: [757,126,758,1,759,126,927,0,928,1,1593,0]
11-29 07:53:13.528 30912 30912 I sysui_multi_action: [757,113,758,1,759,113,927,1,928,1,1593,0]
11-29 07:53:13.528 30912 30912 I sysui_multi_action: [757,0,758,1,759,0,927,2,928,0,1593,0]
11-29 07:53:13.528 30912 30912 I sysui_multi_action: [757,0,758,1,759,0,927,3,928,0,1593,0]
11-29 07:53:13.529 1491 1760 I GameModeConfig: isGameModeOn = false
11-29 07:53:13.530 1491 1491 I GameModeConfig: isGameModeOn = false
11-29 07:53:13.530 1491 1491 I GameModeConfig: isGameModeOn = false
11-29 07:53:13.530 1491 1491 I GameModeConfig: isDisableVoice = true
11-29 07:53:13.540 1491 1760 I GameModeConfig: isGameModeOn = false
11-29 07:53:13.540 1491 1760 I GameModeConfig: isGameModeOn = false
11-29 07:53:13.540 1491 1693 I input_focus: [Focus leaving cd0514f com.android.launcher3/com.android.launcher3.uioverrides.QuickstepLauncher (server),reason=setFocusedWindow]
11-29 07:53:13.540 1491 1760 I GameModeConfig: isGameModeOn = false
11-29 07:53:13.540 1491 1693 I input_focus: [Focus entering 6b9abb7 NotificationShade (server),reason=setFocusedWindow]
11-29 07:53:13.540 1491 1760 I GameModeConfig: isGameModeOn = false
11-29 07:53:13.540 1491 1760 I GameModeConfig: isGameModeOn = false
11-29 07:53:13.541 1491 1760 I GameModeConfig: isGameModeOn = false
11-29 07:53:13.541 1491 1760 I GameModeConfig: isGameModeOn = false
11-29 07:53:13.541 1491 1760 I GameModeConfig: isGameModeOn = false
11-29 07:53:13.542 30912 30912 I sysui_multi_action: [757,111,758,2]
11-29 07:53:13.542 30912 30912 I sysui_multi_action: [757,111,758,2]
11-29 07:53:13.543 1491 1491 I notification_enqueue: [10082,30912,com.android.systemui,2048,NULL,0,Notification(channel=updateNotification shortcut=null contentView=null vibrate=null sound=null defaults=0x0 flags=0x0 color=0x00000000 vis=PRIVATE),1]
11-29 07:53:13.545 30912 30912 I sysui_multi_action: [757,111,758,1]
11-29 07:53:13.545 30912 30912 I sysui_multi_action: [757,126,758,1,759,126,927,0,928,1,1593,0]
11-29 07:53:13.545 30912 30912 I sysui_multi_action: [757,113,758,1,759,113,927,1,928,1,1593,0]
11-29 07:53:13.545 30912 30912 I sysui_multi_action: [757,0,758,1,759,0,927,2,928,0,1593,0]
11-29 07:53:13.545 30912 30912 I sysui_multi_action: [757,0,758,1,759,0,927,3,928,0,1593,0]
11-29 07:53:13.545 30912 30912 I sysui_multi_action: [757,491,758,1,759,491,927,4,928,0,1311,-1,1593,0]
11-29 07:53:13.545 30912 30912 I sysui_multi_action: [757,0,758,1,759,0,927,5,928,0,1593,0]
11-29 07:53:13.545 30912 30912 I sysui_multi_action: [757,111,758,1]
11-29 07:53:13.546 30912 30912 I sysui_multi_action: [757,126,758,1,759,126,927,0,928,1,1593,0]
11-29 07:53:13.546 30912 30912 I sysui_multi_action: [757,113,758,1,759,113,927,1,928,1,1593,0]
11-29 07:53:13.546 30912 30912 I sysui_multi_action: [757,0,758,1,759,0,927,2,928,0,1593,0]
11-29 07:53:13.546 30912 30912 I sysui_multi_action: [757,0,758,1,759,0,927,3,928,0,1593,0]
11-29 07:53:13.549 1491 1760 I GameModeConfig: isGameModeOn = false
11-29 07:53:13.554 1491 1760 I GameModeConfig: isGameModeOn = false
11-29 07:53:13.554 30912 30912 I sysui_multi_action: [757,111,758,2]
11-29 07:53:13.554 30912 30912 I sysui_multi_action: [757,111,758,2]
11-29 07:53:13.554 1491 1760 I GameModeConfig: isGameModeOn = false
11-29 07:53:13.554 1491 1760 I GameModeConfig: isGameModeOn = false
11-29 07:53:13.554 1491 1760 I GameModeConfig: isGameModeOn = false
11-29 07:53:13.554 1491 1760 I GameModeConfig: isGameModeOn = false
11-29 07:53:13.554 1491 1760 I GameModeConfig: isGameModeOn = false
11-29 07:53:13.555 1491 1760 I GameModeConfig: isGameModeOn = false
11-29 07:53:13.555 1491 1760 I GameModeConfig: isGameModeOn = false
11-29 07:53:13.556 30912 30912 I sysui_multi_action: [757,111,758,1]
11-29 07:53:13.556 30912 30912 I sysui_multi_action: [757,126,758,1,759,126,927,0,928,1,1593,0]
11-29 07:53:13.556 30912 30912 I sysui_multi_action: [757,113,758,1,759,113,927,1,928,1,1593,0]
11-29 07:53:13.556 30912 30912 I sysui_multi_action: [757,0,758,1,759,0,927,2,928,0,1593,0]
11-29 07:53:13.556 30912 30912 I sysui_multi_action: [757,0,758,1,759,0,927,3,928,0,1593,0]
11-29 07:53:13.556 1491 1491 I notification_enqueue: [10082,30912,com.android.systemui,2048,NULL,0,Notification(channel=updateNotification shortcut=null contentView=null vibrate=null sound=null defaults=0x0 flags=0x0 color=0x00000000 vis=PRIVATE),1]
11-29 07:53:13.556 30912 30912 I sysui_multi_action: [757,491,758,1,759,491,927,4,928,0,1311,-1,1593,0]
11-29 07:53:13.556 30912 30912 I sysui_multi_action: [757,0,758,1,759,0,927,5,928,0,1593,0]
11-29 07:53:13.556 30912 30912 I sysui_multi_action: [757,111,758,1]
11-29 07:53:13.556 30912 30912 I sysui_multi_action: [757,126,758,1,759,126,927,0,928,1,1593,0]
11-29 07:53:13.557 30912 30912 I sysui_multi_action: [757,113,758,1,759,113,927,1,928,1,1593,0]
11-29 07:53:13.557 30912 30912 I sysui_multi_action: [757,0,758,1,759,0,927,2,928,0,1593,0]
11-29 07:53:13.557 30912 30912 I sysui_multi_action: [757,0,758,1,759,0,927,3,928,0,1593,0]
11-29 07:53:13.557 16043 16059 W ContextImpl: Calling a method in the system process without a qualified user: android.app.ContextImpl.startService:1816 android.content.ContextWrapper.startService:774 com.thundercomm.gamemode.ingame.services.GameModeActionUtils.startGameModeService:93 com.thundercomm.gamemode.ingame.services.GameModeActionUtils.startGameModeEntry:21 com.thundercomm.gamemode.ingame.services.ActivityMonitoringService$1.onActivityLaunch:127
11-29 07:53:13.560 1491 1491 I GameModeConfig: Current uri is uri = content://com.thundercomm.gamemode.api/gamemode_settings/gamemode_isgaming
11-29 07:53:13.562 1491 1491 I GameModeConfig: isGameModeOn = false
11-29 07:53:13.562 1491 1491 I GameModeConfig: isGameModeOn = false
11-29 07:53:13.562 1491 1491 I GameModeConfig: isDisableVoice = true
11-29 07:53:13.568 1491 1760 I GameModeConfig: isGameModeOn = false
11-29 07:53:13.569 1491 1760 I GameModeConfig: isGameModeOn = false
11-29 07:53:13.569 1491 1760 I GameModeConfig: isGameModeOn = false
11-29 07:53:13.569 1491 1760 I GameModeConfig: isGameModeOn = false
11-29 07:53:13.569 1491 1760 I GameModeConfig: isGameModeOn = false
11-29 07:53:13.569 1491 1760 I GameModeConfig: isGameModeOn = false
11-29 07:53:13.569 1491 1760 I GameModeConfig: isGameModeOn = false
11-29 07:53:13.569 1491 1760 I GameModeConfig: isGameModeOn = false
11-29 07:53:13.569 1491 1760 I GameModeConfig: isGameModeOn = false
11-29 07:53:13.570 30912 30912 I sysui_multi_action: [757,111,758,2]
11-29 07:53:13.570 30912 30912 I sysui_multi_action: [757,111,758,2]
11-29 07:53:13.570 1491 1491 I notification_enqueue: [10082,30912,com.android.systemui,2048,NULL,0,Notification(channel=updateNotification shortcut=null contentView=null vibrate=null sound=null defaults=0x0 flags=0x0 color=0x00000000 vis=PRIVATE),1]
11-29 07:53:13.572 30912 30912 I sysui_multi_action: [757,111,758,1]
11-29 07:53:13.572 30912 30912 I sysui_multi_action: [757,126,758,1,759,126,927,0,928,1,1593,0]
11-29 07:53:13.572 30912 30912 I sysui_multi_action: [757,113,758,1,759,113,927,1,928,1,1593,0]
11-29 07:53:13.572 30912 30912 I sysui_multi_action: [757,0,758,1,759,0,927,2,928,0,1593,0]
11-29 07:53:13.572 30912 30912 I sysui_multi_action: [757,0,758,1,759,0,927,3,928,0,1593,0]
11-29 07:53:13.572 30912 30912 I sysui_multi_action: [757,491,758,1,759,491,927,4,928,0,1311,-1,1593,0]
11-29 07:53:13.572 30912 30912 I sysui_multi_action: [757,0,758,1,759,0,927,5,928,0,1593,0]
11-29 07:53:13.572 30912 30912 I sysui_multi_action: [757,111,758,1]
11-29 07:53:13.573 30912 30912 I sysui_multi_action: [757,126,758,1,759,126,927,0,928,1,1593,0]
11-29 07:53:13.573 30912 30912 I sysui_multi_action: [757,113,758,1,759,113,927,1,928,1,1593,0]
11-29 07:53:13.573 30912 30912 I sysui_multi_action: [757,0,758,1,759,0,927,2,928,0,1593,0]
11-29 07:53:13.573 30912 30912 I sysui_multi_action: [757,0,758,1,759,0,927,3,928,0,1593,0]
11-29 07:53:13.581 1491 1760 I GameModeConfig: isGameModeOn = false
11-29 07:53:13.586 30912 30912 I sysui_multi_action: [757,111,758,2]
11-29 07:53:13.586 1491 1760 I GameModeConfig: isGameModeOn = false
11-29 07:53:13.586 30912 30912 I sysui_multi_action: [757,111,758,2]
11-29 07:53:13.587 1491 1760 I GameModeConfig: isGameModeOn = false
11-29 07:53:13.587 1491 1760 I GameModeConfig: isGameModeOn = false
11-29 07:53:13.587 1491 1760 I GameModeConfig: isGameModeOn = false
11-29 07:53:13.587 1491 1760 I GameModeConfig: isGameModeOn = false
11-29 07:53:13.587 1491 1760 I GameModeConfig: isGameModeOn = false
11-29 07:53:13.587 1491 1760 I GameModeConfig: isGameModeOn = false
11-29 07:53:13.587 1491 1760 I GameModeConfig: isGameModeOn = false
11-29 07:53:13.588 1491 1491 I notification_enqueue: [10082,30912,com.android.systemui,2048,NULL,0,Notification(channel=updateNotification shortcut=null contentView=null vibrate=null sound=null defaults=0x0 flags=0x0 color=0x00000000 vis=PRIVATE),1]
11-29 07:53:13.589 30912 30912 I sysui_multi_action: [757,111,758,1]
11-29 07:53:13.589 30912 30912 I sysui_multi_action: [757,126,758,1,759,126,927,0,928,1,1593,0]
11-29 07:53:13.589 30912 30912 I sysui_multi_action: [757,113,758,1,759,113,927,1,928,1,1593,0]
11-29 07:53:13.589 30912 30912 I sysui_multi_action: [757,0,758,1,759,0,927,2,928,0,1593,0]
11-29 07:53:13.589 30912 30912 I sysui_multi_action: [757,0,758,1,759,0,927,3,928,0,1593,0]
11-29 07:53:13.589 30912 30912 I sysui_multi_action: [757,491,758,1,759,491,927,4,928,0,1311,-1,1593,0]
11-29 07:53:13.589 30912 30912 I sysui_multi_action: [757,0,758,1,759,0,927,5,928,0,1593,0]
11-29 07:53:13.589 30912 30912 I sysui_multi_action: [757,111,758,1]
11-29 07:53:13.590 30912 30912 I sysui_multi_action: [757,126,758,1,759,126,927,0,928,1,1593,0]
11-29 07:53:13.590 30912 30912 I sysui_multi_action: [757,113,758,1,759,113,927,1,928,1,1593,0]
11-29 07:53:13.590 30912 30912 I sysui_multi_action: [757,0,758,1,759,0,927,2,928,0,1593,0]
11-29 07:53:13.590 30912 30912 I sysui_multi_action: [757,0,758,1,759,0,927,3,928,0,1593,0]
11-29 07:53:13.597 1491 1760 I GameModeConfig: isGameModeOn = false
11-29 07:53:13.604 1491 1760 I GameModeConfig: isGameModeOn = false
11-29 07:53:13.605 1491 1760 I GameModeConfig: isGameModeOn = false
11-29 07:53:13.605 1491 1760 I GameModeConfig: isGameModeOn = false
11-29 07:53:13.605 1491 1760 I GameModeConfig: isGameModeOn = false
11-29 07:53:13.605 1491 1760 I GameModeConfig: isGameModeOn = false
11-29 07:53:13.606 1491 1760 I GameModeConfig: isGameModeOn = false
11-29 07:53:13.606 1491 1760 I GameModeConfig: isGameModeOn = false
11-29 07:53:13.607 1491 1760 I GameModeConfig: isGameModeOn = false
11-29 07:53:13.608 30912 30912 I sysui_multi_action: [757,111,758,2]
11-29 07:53:13.608 1491 1491 I notification_enqueue: [10082,30912,com.android.systemui,2048,NULL,0,Notification(channel=updateNotification shortcut=null contentView=null vibrate=null sound=null defaults=0x0 flags=0x0 color=0x00000000 vis=PRIVATE),1]
11-29 07:53:13.608 30912 30912 I sysui_multi_action: [757,111,758,2]
11-29 07:53:13.611 30912 30912 I sysui_multi_action: [757,111,758,1]
11-29 07:53:13.611 30912 30912 I sysui_multi_action: [757,126,758,1,759,126,927,0,928,1,1593,0]
11-29 07:53:13.611 30912 30912 I sysui_multi_action: [757,113,758,1,759,113,927,1,928,1,1593,0]
11-29 07:53:13.611 30912 30912 I sysui_multi_action: [757,0,758,1,759,0,927,2,928,0,1593,0]
11-29 07:53:13.611 30912 30912 I sysui_multi_action: [757,0,758,1,759,0,927,3,928,0,1593,0]
11-29 07:53:13.611 30912 30912 I sysui_multi_action: [757,491,758,1,759,491,927,4,928,0,1311,-1,1593,0]
11-29 07:53:13.611 30912 30912 I sysui_multi_action: [757,0,758,1,759,0,927,5,928,0,1593,0]
11-29 07:53:13.611 30912 30912 I sysui_multi_action: [757,111,758,1]
11-29 07:53:13.612 30912 30912 I sysui_multi_action: [757,126,758,1,759,126,927,0,928,1,1593,0]
11-29 07:53:13.612 30912 30912 I sysui_multi_action: [757,113,758,1,759,113,927,1,928,1,1593,0]
11-29 07:53:13.612 30912 30912 I sysui_multi_action: [757,0,758,1,759,0,927,2,928,0,1593,0]
11-29 07:53:13.612 30912 30912 I sysui_multi_action: [757,0,758,1,759,0,927,3,928,0,1593,0]
11-29 07:53:13.617 1491 1760 I GameModeConfig: isGameModeOn = false
11-29 07:53:13.623 1491 1760 I GameModeConfig: isGameModeOn = false
11-29 07:53:13.623 1491 1760 I GameModeConfig: isGameModeOn = false
11-29 07:53:13.624 1491 1760 I GameModeConfig: isGameModeOn = false
11-29 07:53:13.624 1491 1760 I GameModeConfig: isGameModeOn = false
11-29 07:53:13.624 1491 1760 I GameModeConfig: isGameModeOn = false
11-29 07:53:13.624 1491 1760 I GameModeConfig: isGameModeOn = false
11-29 07:53:13.624 1491 1760 I GameModeConfig: isGameModeOn = false
11-29 07:53:13.624 1491 1760 I GameModeConfig: isGameModeOn = false
11-29 07:53:13.625 30912 30912 I sysui_multi_action: [757,111,758,2]
11-29 07:53:13.625 30912 30912 I sysui_multi_action: [757,111,758,2]
11-29 07:53:13.625 1491 1491 I notification_enqueue: [10082,30912,com.android.systemui,2048,NULL,0,Notification(channel=updateNotification shortcut=null contentView=null vibrate=null sound=null defaults=0x0 flags=0x0 color=0x00000000 vis=PRIVATE),1]
11-29 07:53:13.628 30912 30912 I sysui_multi_action: [757,111,758,1]
11-29 07:53:13.628 30912 30912 I sysui_multi_action: [757,126,758,1,759,126,927,0,928,1,1593,0]
11-29 07:53:13.628 30912 30912 I sysui_multi_action: [757,113,758,1,759,113,927,1,928,1,1593,0]
11-29 07:53:13.628 30912 30912 I sysui_multi_action: [757,0,758,1,759,0,927,2,928,0,1593,0]
11-29 07:53:13.628 30912 30912 I sysui_multi_action: [757,0,758,1,759,0,927,3,928,0,1593,0]
11-29 07:53:13.629 30912 30912 I sysui_multi_action: [757,491,758,1,759,491,927,4,928,0,1311,-1,1593,0]
11-29 07:53:13.629 30912 30912 I sysui_multi_action: [757,0,758,1,759,0,927,5,928,0,1593,0]
11-29 07:53:13.629 30912 30912 I sysui_multi_action: [757,111,758,1]
11-29 07:53:13.629 30912 30912 I sysui_multi_action: [757,126,758,1,759,126,927,0,928,1,1593,0]
11-29 07:53:13.629 30912 30912 I sysui_multi_action: [757,113,758,1,759,113,927,1,928,1,1593,0]
11-29 07:53:13.629 30912 30912 I sysui_multi_action: [757,0,758,1,759,0,927,2,928,0,1593,0]
11-29 07:53:13.629 30912 30912 I sysui_multi_action: [757,0,758,1,759,0,927,3,928,0,1593,0]
11-29 07:53:13.630 1491 1760 I GameModeConfig: isGameModeOn = false
11-29 07:53:13.641 1491 1760 I GameModeConfig: isGameModeOn = false
11-29 07:53:13.643 1491 1760 I GameModeConfig: isGameModeOn = false
11-29 07:53:13.643 1491 1760 I GameModeConfig: isGameModeOn = false
11-29 07:53:13.643 1491 1760 I GameModeConfig: isGameModeOn = false
11-29 07:53:13.644 1491 1760 I GameModeConfig: isGameModeOn = false
11-29 07:53:13.644 1491 1760 I GameModeConfig: isGameModeOn = false
11-29 07:53:13.644 1491 1760 I GameModeConfig: isGameModeOn = false
11-29 07:53:13.644 1491 1760 I GameModeConfig: isGameModeOn = false
11-29 07:53:13.646 30912 30912 I sysui_multi_action: [757,111,758,2]
11-29 07:53:13.646 30912 30912 I sysui_multi_action: [757,111,758,2]
11-29 07:53:13.646 1491 1491 I notification_enqueue: [10082,30912,com.android.systemui,2048,NULL,0,Notification(channel=updateNotification shortcut=null contentView=null vibrate=null sound=null defaults=0x0 flags=0x0 color=0x00000000 vis=PRIVATE),1]
11-29 07:53:13.648 1491 1760 I GameModeConfig: isGameModeOn = false
11-29 07:53:13.649 30912 30912 I sysui_multi_action: [757,111,758,1]
11-29 07:53:13.650 30912 30912 I sysui_multi_action: [757,126,758,1,759,126,927,0,928,1,1593,0]
11-29 07:53:13.650 30912 30912 I sysui_multi_action: [757,113,758,1,759,113,927,1,928,1,1593,0]
11-29 07:53:13.650 30912 30912 I sysui_multi_action: [757,0,758,1,759,0,927,2,928,0,1593,0]
11-29 07:53:13.650 30912 30912 I sysui_multi_action: [757,0,758,1,759,0,927,3,928,0,1593,0]
11-29 07:53:13.650 30912 30912 I sysui_multi_action: [757,491,758,1,759,491,927,4,928,0,1311,-1,1593,0]
11-29 07:53:13.650 30912 30912 I sysui_multi_action: [757,0,758,1,759,0,927,5,928,0,1593,0]
11-29 07:53:13.650 30912 30912 I sysui_multi_action: [757,111,758,1]
11-29 07:53:13.650 30912 30912 I sysui_multi_action: [757,126,758,1,759,126,927,0,928,1,1593,0]
11-29 07:53:13.650 30912 30912 I sysui_multi_action: [757,113,758,1,759,113,927,1,928,1,1593,0]
11-29 07:53:13.650 30912 30912 I sysui_multi_action: [757,0,758,1,759,0,927,2,928,0,1593,0]
11-29 07:53:13.650 30912 30912 I sysui_multi_action: [757,0,758,1,759,0,927,3,928,0,1593,0]
11-29 07:53:13.657 1491 1760 I GameModeConfig: isGameModeOn = false
11-29 07:53:13.657 1491 1760 I GameModeConfig: isGameModeOn = false
11-29 07:53:13.657 1491 1760 I GameModeConfig: isGameModeOn = false
11-29 07:53:13.657 1491 1760 I GameModeConfig: isGameModeOn = false
11-29 07:53:13.657 1491 1760 I GameModeConfig: isGameModeOn = false
11-29 07:53:13.658 1491 1760 I GameModeConfig: isGameModeOn = false
11-29 07:53:13.658 1491 1760 I GameModeConfig: isGameModeOn = false
11-29 07:53:13.658 1491 1760 I GameModeConfig: isGameModeOn = false
11-29 07:53:13.659 1491 1491 I notification_enqueue: [10082,30912,com.android.systemui,2048,NULL,0,Notification(channel=updateNotification shortcut=null contentView=null vibrate=null sound=null defaults=0x0 flags=0x0 color=0x00000000 vis=PRIVATE),1]
11-29 07:53:13.660 30912 30912 I sysui_multi_action: [757,111,758,2]
11-29 07:53:13.660 30912 30912 I sysui_multi_action: [757,111,758,2]
11-29 07:53:13.663 1491 1760 I GameModeConfig: isGameModeOn = false
11-29 07:53:13.664 30912 30912 I sysui_multi_action: [757,111,758,1]
11-29 07:53:13.664 30912 30912 I sysui_multi_action: [757,126,758,1,759,126,927,0,928,1,1593,0]
11-29 07:53:13.664 30912 30912 I sysui_multi_action: [757,113,758,1,759,113,927,1,928,1,1593,0]
11-29 07:53:13.665 30912 30912 I sysui_multi_action: [757,0,758,1,759,0,927,2,928,0,1593,0]
11-29 07:53:13.665 30912 30912 I sysui_multi_action: [757,0,758,1,759,0,927,3,928,0,1593,0]
11-29 07:53:13.665 30912 30912 I sysui_multi_action: [757,491,758,1,759,491,927,4,928,0,1311,-1,1593,0]
11-29 07:53:13.665 30912 30912 I sysui_multi_action: [757,0,758,1,759,0,927,5,928,0,1593,0]
11-29 07:53:13.665 30912 30912 I sysui_multi_action: [757,111,758,1]
11-29 07:53:13.665 30912 30912 I sysui_multi_action: [757,126,758,1,759,126,927,0,928,1,1593,0]
11-29 07:53:13.665 30912 30912 I sysui_multi_action: [757,113,758,1,759,113,927,1,928,1,1593,0]
11-29 07:53:13.665 30912 30912 I sysui_multi_action: [757,0,758,1,759,0,927,2,928,0,1593,0]
11-29 07:53:13.665 30912 30912 I sysui_multi_action: [757,0,758,1,759,0,927,3,928,0,1593,0]
11-29 07:53:13.672 1491 1760 I GameModeConfig: isGameModeOn = false
11-29 07:53:13.672 1491 1760 I GameModeConfig: isGameModeOn = false
11-29 07:53:13.672 1491 1760 I GameModeConfig: isGameModeOn = false
11-29 07:53:13.672 1491 1760 I GameModeConfig: isGameModeOn = false
11-29 07:53:13.672 1491 1760 I GameModeConfig: isGameModeOn = false
11-29 07:53:13.673 1491 1760 I GameModeConfig: isGameModeOn = false
11-29 07:53:13.673 1491 1760 I GameModeConfig: isGameModeOn = false
11-29 07:53:13.673 1491 1760 I GameModeConfig: isGameModeOn = false
11-29 07:53:13.679 30912 30912 I sysui_multi_action: [757,111,758,2]
11-29 07:53:13.679 30912 30912 I sysui_multi_action: [757,111,758,2]
11-29 07:53:13.680 1491 1491 I notification_enqueue: [10082,30912,com.android.systemui,2048,NULL,0,Notification(channel=updateNotification shortcut=null contentView=null vibrate=null sound=null defaults=0x0 flags=0x0 color=0x00000000 vis=PRIVATE),1]
11-29 07:53:13.683 30912 30912 I sysui_multi_action: [757,111,758,1]
11-29 07:53:13.683 30912 30912 I sysui_multi_action: [757,126,758,1,759,126,927,0,928,1,1593,0]
11-29 07:53:13.683 30912 30912 I sysui_multi_action: [757,113,758,1,759,113,927,1,928,1,1593,0]
11-29 07:53:13.683 30912 30912 I sysui_multi_action: [757,0,758,1,759,0,927,2,928,0,1593,0]
11-29 07:53:13.683 30912 30912 I sysui_multi_action: [757,0,758,1,759,0,927,3,928,0,1593,0]
11-29 07:53:13.684 30912 30912 I sysui_multi_action: [757,491,758,1,759,491,927,4,928,0,1311,-1,1593,0]
11-29 07:53:13.684 30912 30912 I sysui_multi_action: [757,0,758,1,759,0,927,5,928,0,1593,0]
11-29 07:53:13.684 30912 30912 I sysui_multi_action: [757,111,758,1]
11-29 07:53:13.684 30912 30912 I sysui_multi_action: [757,126,758,1,759,126,927,0,928,1,1593,0]
11-29 07:53:13.684 30912 30912 I sysui_multi_action: [757,113,758,1,759,113,927,1,928,1,1593,0]
11-29 07:53:13.684 30912 30912 I sysui_multi_action: [757,0,758,1,759,0,927,2,928,0,1593,0]
11-29 07:53:13.684 30912 30912 I sysui_multi_action: [757,0,758,1,759,0,927,3,928,0,1593,0]
11-29 07:53:13.692 1491 1491 I GameModeConfig: isGameModeOn = false
11-29 07:53:13.694 1491 1491 I sysui_multi_action: [757,1501,758,1,793,16750955,794,0,795,207,796,2048,806,com.android.systemui,857,updateNotification,858,3,947,0,1500,0,1688,1]
11-29 07:53:13.694 1491 1491 I sysui_multi_action: [757,804,799,note_interruptive,801,0,802,1]
11-29 07:53:13.695 1491 1491 I sysui_multi_action: [757,199,758,1,759,2,793,16750955,794,0,795,207,796,2048,806,com.android.systemui,857,updateNotification,858,3,947,0,1500,0,1688,1]
11-29 07:53:13.695 1491 1491 I notification_alert: [0|com.android.systemui|2048|null|10082,0,1,0]
11-29 07:53:13.697 1491 1491 W NotificationHistory: Attempted to add notif for locked/gone/disabled user 0
11-29 07:53:13.697 1491 1760 I GameModeConfig: isGameModeOn = false
11-29 07:53:13.718 1491 1491 I GameModeConfig: isGameModeOn = false
11-29 07:53:13.718 1491 1491 E NotificationService: Muting recently noisy 0|com.android.systemui|2048|null|10082
11-29 07:53:13.729 1491 1491 I GameModeConfig: isGameModeOn = false
11-29 07:53:13.729 1491 1491 E NotificationService: Muting recently noisy 0|com.android.systemui|2048|null|10082
11-29 07:53:13.744 1491 1491 I GameModeConfig: isGameModeOn = false
11-29 07:53:13.745 1491 1491 E NotificationService: Muting recently noisy 0|com.android.systemui|2048|null|10082
11-29 07:53:13.758 1491 1491 I GameModeConfig: isGameModeOn = false
11-29 07:53:13.758 1491 1491 E NotificationService: Muting recently noisy 0|com.android.systemui|2048|null|10082
11-29 07:53:13.771 1491 1491 I GameModeConfig: isGameModeOn = false
11-29 07:53:13.772 1491 1491 E NotificationService: Muting recently noisy 0|com.android.systemui|2048|null|10082
11-29 07:53:13.790 1491 1491 I GameModeConfig: isGameModeOn = false
11-29 07:53:13.790 1491 1491 E NotificationService: Muting recently noisy 0|com.android.systemui|2048|null|10082
11-29 07:53:13.809 1491 1491 I GameModeConfig: isGameModeOn = false
11-29 07:53:13.810 1491 1491 E NotificationService: Muting recently noisy 0|com.android.systemui|2048|null|10082
11-29 07:53:13.826 1491 1491 I GameModeConfig: isGameModeOn = false
11-29 07:53:13.827 1491 1491 E NotificationService: Muting recently noisy 0|com.android.systemui|2048|null|10082
11-29 07:53:13.849 1491 1491 I GameModeConfig: isGameModeOn = false
11-29 07:53:13.850 1491 1491 E NotificationService: Muting recently noisy 0|com.android.systemui|2048|null|10082
11-29 07:53:13.861 1491 1491 I GameModeConfig: isGameModeOn = false
11-29 07:53:13.862 1491 1491 E NotificationService: Muting recently noisy 0|com.android.systemui|2048|null|10082
11-29 07:53:13.882 1491 1491 I GameModeConfig: isGameModeOn = false
11-29 07:53:13.883 1491 1491 E NotificationService: Muting recently noisy 0|com.android.systemui|2048|null|10082
11-29 07:53:13.995 1491 2770 I sysui_multi_action: [757,128,758,1,793,15358768,794,0,795,15358768,796,26,798,0,806,android,857,DEVELOPER_IMPORTANT,858,4,947,0,1395,2,1500,15358563,1688,1]
11-29 07:53:13.995 1491 2770 I sysui_multi_action: [757,804,799,note_freshness,801,15358768,802,1]
11-29 07:53:13.995 1491 2770 I notification_visibility: [-1|android|26|null|1000,1,15358768,15358768,0,0]
11-29 07:53:13.995 1491 2770 I sysui_multi_action: [757,128,758,1,793,15358771,794,0,795,15358771,796,32,798,1,806,android,857,USB,858,1,947,0,1395,2,1500,15358568,1688,1]
11-29 07:53:13.996 1491 2770 I sysui_multi_action: [757,804,799,note_freshness,801,15358771,802,1]
11-29 07:53:13.996 1491 2770 I notification_visibility: [-1|android|32|null|1000,1,15358771,15358771,0,1]
11-29 07:53:15.254 1491 1693 I input_interaction: Interaction with: 6b9abb7 NotificationShade (server), edge-swipe (server), swipe-up (server), PointerEventDispatcher0 (server),
11-29 07:53:15.447 1491 7072 I ActivityTaskManager: START u0 {act=com.android.music.PLAYBACK_VIEWER flg=0x10000000 cmp=com.android.music/.MusicBrowserActivity} from uid 10089
11-29 07:53:15.448 1491 7072 I wm_task_moved: [243,1,9]
11-29 07:53:15.448 1491 7072 I wm_task_to_front: [0,243]
11-29 07:53:15.449 1491 7072 I wm_focused_root_task: [0,0,243,32,bringingFoundTaskToFront]
11-29 07:53:15.449 1491 7072 I wm_set_resumed_activity: [0,com.android.music/.MusicBrowserActivity,bringingFoundTaskToFront]
11-29 07:53:15.449 9956 9956 I wm_on_top_resumed_lost_called: [254362067,com.android.launcher3.uioverrides.QuickstepLauncher,topStateChangedWhenResumed]
11-29 07:53:15.449 1491 7072 I wm_new_intent: [0,219223401,243,com.android.music/.MusicBrowserActivity,android.intent.action.MAIN,NULL,NULL,270532608]
11-29 07:53:15.450 1491 7072 I wm_pause_activity: [0,254362067,com.android.launcher3/.uioverrides.QuickstepLauncher,userLeaving=true,pauseBackTasks]
11-29 07:53:15.455 9956 9956 I wm_on_paused_called: [254362067,com.android.launcher3.uioverrides.QuickstepLauncher,performPause]
11-29 07:53:15.458 1491 1772 I ActivityTaskManager: FOREGROUND_APPLICATION_CHANGED to com.android.music.MusicBrowserActivity
11-29 07:53:15.460 1491 1772 I wm_set_resumed_activity: [0,com.android.music/.MusicBrowserActivity,resumeTopActivityInnerLocked]
11-29 07:53:15.460 1491 1772 I wm_add_to_stopping: [0,254362067,com.android.launcher3/.uioverrides.QuickstepLauncher,makeInvisible]
11-29 07:53:15.461 1491 1772 I wm_resume_activity: [0,219223401,243,com.android.music/.MusicBrowserActivity]
11-29 07:53:15.466 1491 1599 I sysui_multi_action: [757,803,799,window_time_0,802,2]
11-29 07:53:15.482 1900 1900 I wm_on_restart_called: [219223401,com.android.music.MusicBrowserActivity,performRestartActivity]
11-29 07:53:15.486 1900 1900 I wm_on_start_called: [219223401,com.android.music.MusicBrowserActivity,handleStartActivity]
11-29 07:53:15.486 16043 16059 W ContextImpl: Calling a method in the system process without a qualified user: android.app.ContextImpl.startService:1816 android.content.ContextWrapper.startService:774 com.thundercomm.gamemode.ingame.services.GameModeActionUtils.startGameModeService:93 com.thundercomm.gamemode.ingame.services.GameModeActionUtils.startGameModeEntry:21 com.thundercomm.gamemode.ingame.services.ActivityMonitoringService$1.onActivityLaunch:127
11-29 07:53:15.489 1900 1900 I wm_on_resume_called: [219223401,com.android.music.MusicBrowserActivity,RESUME_ACTIVITY]
11-29 07:53:15.489 1900 1900 I wm_on_top_resumed_gained_called: [219223401,com.android.music.MusicBrowserActivity,topWhenResuming]
11-29 07:53:15.498 1491 1491 I GameModeConfig: Current uri is uri = content://com.thundercomm.gamemode.api/gamemode_settings/gamemode_isgaming
11-29 07:53:15.502 1491 1491 I GameModeConfig: isGameModeOn = false
11-29 07:53:15.503 1491 1491 I GameModeConfig: isGameModeOn = false
11-29 07:53:15.503 1491 1491 I GameModeConfig: isDisableVoice = true
11-29 07:53:15.508 1491 1760 I GameModeConfig: isGameModeOn = false
11-29 07:53:15.511 1491 1760 I GameModeConfig: isGameModeOn = false
11-29 07:53:15.511 1491 1760 I GameModeConfig: isGameModeOn = false
11-29 07:53:15.511 1491 1760 I GameModeConfig: isGameModeOn = false
11-29 07:53:15.511 1491 1760 I GameModeConfig: isGameModeOn = false
11-29 07:53:15.512 1491 1760 I GameModeConfig: isGameModeOn = false
11-29 07:53:15.512 1491 1760 I GameModeConfig: isGameModeOn = false
11-29 07:53:15.512 1491 1760 I GameModeConfig: isGameModeOn = false
11-29 07:53:15.527 1491 1596 I sysui_multi_action: [319,63,322,59,325,16773,757,761,758,9,759,2,806,com.android.music,871,com.android.music.MusicBrowserActivity,904,com.android.launcher3,905,0,1320,4,1321,1]
11-29 07:53:15.527 30912 30912 E AndroidRuntime: FATAL EXCEPTION: main
11-29 07:53:15.527 30912 30912 E AndroidRuntime: Process: com.android.systemui, PID: 30912
11-29 07:53:15.527 30912 30912 E AndroidRuntime: java.lang.ClassCastException: android.graphics.drawable.NinePatchDrawable cannot be cast to com.android.systemui.media.IlluminationDrawable
11-29 07:53:15.527 30912 30912 E AndroidRuntime: at com.android.systemui.media.MediaControlPanel$1.getCurrentTopCornerRadius(MediaControlPanel.java:535)
11-29 07:53:15.527 30912 30912 E AndroidRuntime: at com.android.systemui.animation.GhostedViewLaunchAnimatorController.createAnimatorState(GhostedViewLaunchAnimatorController.kt:113)
11-29 07:53:15.527 30912 30912 E AndroidRuntime: at com.android.systemui.statusbar.phone.StatusBarLaunchAnimatorController.createAnimatorState(Unknown Source:2)
11-29 07:53:15.527 30912 30912 E AndroidRuntime: at com.android.systemui.animation.ActivityLaunchAnimator$Runner.startAnimation(ActivityLaunchAnimator.kt:445)
11-29 07:53:15.527 30912 30912 E AndroidRuntime: at com.android.systemui.animation.ActivityLaunchAnimator$Runner.access$startAnimation(ActivityLaunchAnimator.kt:365)
11-29 07:53:15.527 30912 30912 E AndroidRuntime: at com.android.systemui.animation.ActivityLaunchAnimator$Runner$onAnimationStart$1.run(ActivityLaunchAnimator.kt:418)
11-29 07:53:15.527 30912 30912 E AndroidRuntime: at android.os.Handler.handleCallback(Handler.java:938)
11-29 07:53:15.527 30912 30912 E AndroidRuntime: at android.os.Handler.dispatchMessage(Handler.java:99)
11-29 07:53:15.527 30912 30912 E AndroidRuntime: at android.os.Looper.loopOnce(Looper.java:201)
11-29 07:53:15.527 30912 30912 E AndroidRuntime: at android.os.Looper.loop(Looper.java:288)
11-29 07:53:15.527 30912 30912 E AndroidRuntime: at android.app.ActivityThread.main(ActivityThread.java:7880)
11-29 07:53:15.527 30912 30912 E AndroidRuntime: at java.lang.reflect.Method.invoke(Native Method)
11-29 07:53:15.527 30912 30912 E AndroidRuntime: at com.android.internal.os.RuntimeInit$MethodAndArgsCaller.run(RuntimeInit.java:548)
11-29 07:53:15.527 30912 30912 E AndroidRuntime: at com.android.internal.os.ZygoteInit.main(ZygoteInit.java:1009)
11-29 07:53:15.528 1491 9316 I am_crash: [30912,0,com.android.systemui,818462221,java.lang.ClassCastException,android.graphics.drawable.NinePatchDrawable cannot be cast to com.android.systemui.media.IlluminationDrawable,MediaControlPanel.java,535]
11-29 07:53:15.531 1491 2144 I DropBoxManagerService: add tag=system_app_crash isTagEnabled=true flags=0x2
11-29 07:53:15.532 1491 1491 I notification_enqueue: [10089,1900,com.android.music,1,NULL,0,Notification(channel=Channel-music shortcut=null contentView=null vibrate=null sound=null defaults=0x0 flags=0x40 color=0x00000000 category=transport actions=4 vis=PRIVATE),1]
11-29 07:53:15.533 1491 1491 I notification_enqueue: [10089,1900,com.android.music,1,NULL,0,Notification(channel=Channel-music shortcut=null contentView=null vibrate=null sound=null defaults=0x0 flags=0x40 color=0x00000000 category=transport actions=4 vis=PRIVATE),1]
11-29 07:53:15.534 1491 9316 I sysui_multi_action: [757,316,758,4,759,-1]
11-29 07:53:15.573 16043 16059 W ContextImpl: Calling a method in the system process without a qualified user: android.app.ContextImpl.startService:1816 android.content.ContextWrapper.startService:774 com.thundercomm.gamemode.ingame.services.GameModeActionUtils.startGameModeService:93 com.thundercomm.gamemode.ingame.services.GameModeActionUtils.startGameModeEntry:21 com.thundercomm.gamemode.ingame.services.ActivityMonitoringService$1.onActivityLaunch:127
11-29 07:53:15.577 1491 1491 I GameModeConfig: Current uri is uri = content://com.thundercomm.gamemode.api/gamemode_settings/gamemode_isgaming
11-29 07:53:15.579 1491 1491 I GameModeConfig: isGameModeOn = false
11-29 07:53:15.579 1491 1491 I GameModeConfig: isGameModeOn = false
11-29 07:53:15.579 1491 1491 I GameModeConfig: isDisableVoice = true
11-29 07:53:15.582 1491 2060 I ActivityManager: Process com.android.systemui (pid 30912) has died: pers PERU
11-29 07:53:15.582 1491 2060 I am_proc_died: [0,30912,com.android.systemui,-800,1]
11-29 07:53:15.583 1491 1524 D DisplayAreaOrganizerController: Organizer died before sending onDisplayAreaVanished
11-29 07:53:15.584 1491 1524 I wm_task_removed: [236,setTaskOrganizer]
11-29 07:53:15.584 1491 1524 I wm_task_removed: [237,setTaskOrganizer]
11-29 07:53:15.584 1491 1524 I wm_task_removed: [238,setTaskOrganizer]
11-29 07:53:15.584 1491 1524 I wm_task_removed: [239,setTaskOrganizer]
11-29 07:53:15.584 1491 1524 I wm_task_removed: [240,setTaskOrganizer]
11-29 07:53:15.585 1491 10783 E BiometricService: Enabled callback binder died
11-29 07:53:15.585 1491 10783 E LockoutResetTracker: Callback binder died: android.os.BinderProxy@d2c2d0b
11-29 07:53:15.585 1491 10783 E LockoutResetTracker: Removing dead callback for: com.android.systemui
11-29 07:53:15.586 1491 9315 I WindowManager: WIN DEATH: Window{4b2648b u0 ShellDropTarget}
11-29 07:53:15.588 1491 2770 D NotificationListeners: Removing active service ComponentInfo{com.android.systemui/com.android.systemui.statusbar.NotificationListener}
11-29 07:53:15.590 1491 8701 I WindowManager: WIN DEATH: Window{8162cf2 u0 freeform_bottom_left_tip_window}
11-29 07:53:15.592 1491 1700 I WindowManager: WIN DEATH: Window{d05df9c u0 com.android.systemui.ImageWallpaper}
11-29 07:53:15.592 1491 1491 W WallpaperManagerService: Wallpaper service gone: ComponentInfo{com.android.systemui/com.android.systemui.ImageWallpaper}
11-29 07:53:15.592 1491 1491 W WallpaperManagerService: Wallpaper service gone: ComponentInfo{com.android.systemui/com.android.systemui.ImageWallpaper}
11-29 07:53:15.597 1491 2060 W ActivityManager: Scheduling restart of crashed service com.android.systemui/.SystemUIService in 0ms for persistent
11-29 07:53:15.597 1491 2060 I am_schedule_service_restart: [0,com.android.systemui/.SystemUIService,0]
11-29 07:53:15.597 1491 7072 I WindowManager: WIN DEATH: Window{6b9abb7 u0 NotificationShade}
11-29 07:53:15.602 1491 2059 I WindowManager: WIN DEATH: Window{3c721b8 u0 StatusBar}
11-29 07:53:15.603 1491 2059 W WindowManager: Failed to deliver inset state change w=Window{7448883 u0 NavigationBar0}
11-29 07:53:15.603 1491 2059 W WindowManager: android.os.DeadObjectException
11-29 07:53:15.603 1491 2059 W WindowManager: at android.os.BinderProxy.transactNative(Native Method)
11-29 07:53:15.603 1491 2059 W WindowManager: at android.os.BinderProxy.transact(BinderProxy.java:571)
11-29 07:53:15.603 1491 2059 W WindowManager: at android.view.IWindow$Stub$Proxy.insetsChanged(IWindow.java:654)
11-29 07:53:15.603 1491 2059 W WindowManager: at com.android.server.wm.WindowState.notifyInsetsChanged(WindowState.java:3966)
11-29 07:53:15.603 1491 2059 W WindowManager: at com.android.server.wm.InsetsStateController.lambda$new$0(InsetsStateController.java:82)
11-29 07:53:15.603 1491 2059 W WindowManager: at com.android.server.wm.InsetsStateController$$ExternalSyntheticLambda3.accept(Unknown Source:2)
11-29 07:53:15.603 1491 2059 W WindowManager: at com.android.server.wm.WindowContainer$ForAllWindowsConsumerWrapper.apply(WindowContainer.java:2404)
11-29 07:53:15.603 1491 2059 W WindowManager: at com.android.server.wm.WindowContainer$ForAllWindowsConsumerWrapper.apply(WindowContainer.java:2394)
11-29 07:53:15.603 1491 2059 W WindowManager: at com.android.server.wm.WindowState.applyInOrderWithImeWindows(WindowState.java:4935)
11-29 07:53:15.603 1491 2059 W WindowManager: at com.android.server.wm.WindowState.forAllWindows(WindowState.java:4830)
11-29 07:53:15.603 1491 2059 W WindowManager: at com.android.server.wm.WindowContainer.forAllWindows(WindowContainer.java:1409)
11-29 07:53:15.603 1491 2059 W WindowManager: at com.android.server.wm.WindowContainer.forAllWindows(WindowContainer.java:1409)
11-29 07:53:15.603 1491 2059 W WindowManager: at com.android.server.wm.WindowContainer.forAllWindows(WindowContainer.java:1409)
11-29 07:53:15.603 1491 2059 W WindowManager: at com.android.server.wm.WindowContainer.forAllWindows(WindowContainer.java:1409)
11-29 07:53:15.603 1491 2059 W WindowManager: at com.android.server.wm.WindowContainer.forAllWindows(WindowContainer.java:1426)
11-29 07:53:15.603 1491 2059 W WindowManager: at com.android.server.wm.DisplayContent.notifyInsetsChanged(DisplayContent.java:1847)
11-29 07:53:15.603 1491 2059 W WindowManager: at com.android.server.wm.InsetsStateController.notifyInsetsChanged(InsetsStateController.java:571)
11-29 07:53:15.603 1491 2059 W WindowManager: at com.android.server.wm.InsetsStateController.onPostLayout(InsetsStateController.java:297)
11-29 07:53:15.603 1491 2059 W WindowManager: at com.android.server.wm.DisplayContent.applySurfaceChangesTransaction(DisplayContent.java:4324)
11-29 07:53:15.603 1491 2059 W WindowManager: at com.android.server.wm.RootWindowContainer.applySurfaceChangesTransaction(RootWindowContainer.java:1076)
11-29 07:53:15.603 1491 2059 W WindowManager: at com.android.server.wm.RootWindowContainer.performSurfacePlacementNoTrace(RootWindowContainer.java:852)
11-29 07:53:15.603 1491 2059 W WindowManager: at com.android.server.wm.RootWindowContainer.performSurfacePlacement(RootWindowContainer.java:805)
11-29 07:53:15.603 1491 2059 W WindowManager: at com.android.server.wm.WindowSurfacePlacer.performSurfacePlacementLoop(WindowSurfacePlacer.java:177)
11-29 07:53:15.603 1491 2059 W WindowManager: at com.android.server.wm.WindowSurfacePlacer.performSurfacePlacement(WindowSurfacePlacer.java:126)
11-29 07:53:15.603 1491 2059 W WindowManager: at com.android.server.wm.WindowSurfacePlacer.performSurfacePlacement(WindowSurfacePlacer.java:115)
11-29 07:53:15.603 1491 2059 W WindowManager: at com.android.server.wm.WindowManagerService.postWindowRemoveCleanupLocked(WindowManagerService.java:2107)
11-29 07:53:15.603 1491 2059 W WindowManager: at com.android.server.wm.WindowState.removeImmediately(WindowState.java:2426)
11-29 07:53:15.603 1491 2059 W WindowManager: at com.android.server.wm.WindowState.removeIfPossible(WindowState.java:2562)
11-29 07:53:15.603 1491 2059 W WindowManager: at com.android.server.wm.WindowState.access$300(WindowState.java:276)
11-29 07:53:15.603 1491 2059 W WindowManager: at com.android.server.wm.WindowState$DeathRecipient.binderDied(WindowState.java:3072)
11-29 07:53:15.603 1491 2059 W WindowManager: at android.os.IBinder$DeathRecipient.binderDied(IBinder.java:314)
11-29 07:53:15.603 1491 2059 W WindowManager: at android.os.BinderProxy.sendDeathNotice(BinderProxy.java:685)
11-29 07:53:15.604 1491 1597 I wm_set_keyguard_shown: [1,0,0,setKeyguardShown]
11-29 07:53:15.609 1491 1597 D ActivityTaskManager: Top Process State changed to PROCESS_STATE_TOP_SLEEPING
11-29 07:53:15.609 1491 1597 I wm_pause_activity: [0,219223401,com.android.music/.MusicBrowserActivity,userLeaving=false,sleep]
11-29 07:53:15.624 1900 1900 I wm_on_top_resumed_lost_called: [219223401,com.android.music.MusicBrowserActivity,topStateChangedWhenResumed]
11-29 07:53:15.625 1491 1597 I wm_add_to_stopping: [0,219223401,com.android.music/.MusicBrowserActivity,makeInvisible]
11-29 07:53:15.625 1491 8786 I WindowManager: WIN DEATH: Window{1537066 u0 freeform_top_right_tip_window}
11-29 07:53:15.627 1491 2770 I WindowManager: WIN DEATH: Window{626f545 u0 freeform_top_left_tip_window}
11-29 07:53:15.632 1491 8646 I WindowManager: WIN DEATH: Window{9d6263e u0 freeform_bottom_right_tip_window}
11-29 07:53:15.634 1491 9950 I WindowManager: WIN DEATH: Window{cfb8076 u0 EdgeBackGestureHandler0}
11-29 07:53:15.636 1491 10785 I WindowManager: WIN DEATH: Window{dd7820 u0 SecondaryHomeHandle0}
11-29 07:53:15.638 1900 1900 I wm_on_paused_called: [219223401,com.android.music.MusicBrowserActivity,performPause]
11-29 07:53:15.639 1491 2060 W ActivityManager: Scheduling restart of crashed service com.android.systemui/.dump.SystemUIAuxiliaryDumpService in 0ms for persistent
11-29 07:53:15.639 1491 2060 I am_schedule_service_restart: [0,com.android.systemui/.dump.SystemUIAuxiliaryDumpService,0]
11-29 07:53:15.639 1491 2060 W ActivityManager: Scheduling restart of crashed service com.android.systemui/.keyguard.KeyguardService in 0ms for persistent
11-29 07:53:15.639 1491 2060 I am_schedule_service_restart: [0,com.android.systemui/.keyguard.KeyguardService,0]
11-29 07:53:15.641 1491 8943 E WindowManager: Failed to notify cancel
11-29 07:53:15.641 1491 8943 E WindowManager: android.os.DeadObjectException
11-29 07:53:15.641 1491 8943 E WindowManager: at android.os.BinderProxy.transactNative(Native Method)
11-29 07:53:15.641 1491 8943 E WindowManager: at android.os.BinderProxy.transact(BinderProxy.java:571)
11-29 07:53:15.641 1491 8943 E WindowManager: at android.view.IRemoteAnimationRunner$Stub$Proxy.onAnimationCancelled(IRemoteAnimationRunner.java:187)
11-29 07:53:15.641 1491 8943 E WindowManager: at com.android.server.wm.RemoteAnimationController.invokeAnimationCancelled(RemoteAnimationController.java:301)
11-29 07:53:15.641 1491 8943 E WindowManager: at com.android.server.wm.RemoteAnimationController.cancelAnimation(RemoteAnimationController.java:172)
11-29 07:53:15.641 1491 8943 E WindowManager: at com.android.server.wm.RemoteAnimationController.binderDied(RemoteAnimationController.java:345)
11-29 07:53:15.641 1491 8943 E WindowManager: at android.os.IBinder$DeathRecipient.binderDied(IBinder.java:314)
11-29 07:53:15.641 1491 8943 E WindowManager: at android.os.BinderProxy.sendDeathNotice(BinderProxy.java:685)
11-29 07:53:15.643 1491 10783 I WindowManager: WIN DEATH: Window{7448883 u0 NavigationBar0}
11-29 07:53:15.647 1491 2060 W ActivityManager: Scheduling restart of crashed service com.android.systemui/.ImageWallpaper in 0ms for persistent
11-29 07:53:15.647 1491 2060 I am_schedule_service_restart: [0,com.android.systemui/.ImageWallpaper,0]
11-29 07:53:15.650 1491 2060 I am_uid_stopped: 10082
11-29 07:53:15.650 1491 2060 W ActivityManager: Re-adding persistent process ProcessRecord{f94d6b6 30912:com.android.systemui/u0a82}
11-29 07:53:15.650 1491 2060 I am_uid_running: 10082
11-29 07:53:15.651 1491 2060 D CompatibilityChangeReporter: Compat change id reported: 135634846; UID 10082; state: DISABLED
11-29 07:53:15.651 1491 2060 D CompatibilityChangeReporter: Compat change id reported: 177438394; UID 10082; state: DISABLED
11-29 07:53:15.651 1491 2060 D CompatibilityChangeReporter: Compat change id reported: 135772972; UID 10082; state: DISABLED
11-29 07:53:15.651 1491 2060 D CompatibilityChangeReporter: Compat change id reported: 135754954; UID 10082; state: ENABLED
11-29 07:53:15.651 1491 1609 D CompatibilityChangeReporter: Compat change id reported: 143937733; UID 10082; state: ENABLED
11-29 07:53:15.659 1491 9480 D CompatibilityChangeReporter: Compat change id reported: 157929241; UID 10082; state: LOGGED
11-29 07:53:15.664 1491 1609 I am_proc_start: [0,2164,10082,com.android.systemui,restart,com.android.systemui]
11-29 07:53:15.664 1491 1609 I ActivityManager: Start proc 2164:com.android.systemui/u0a82 for restart com.android.systemui
11-29 07:53:15.667 1491 1599 I wm_stop_activity: [0,219223401,com.android.music/.MusicBrowserActivity]
11-29 07:53:15.667 1491 1599 I wm_stop_activity: [0,254362067,com.android.launcher3/.uioverrides.QuickstepLauncher]
11-29 07:53:15.668 1491 1599 I sysui_multi_action: [757,803,799,window_time_0,802,1]
11-29 07:53:15.670 9956 9956 I wm_on_stop_called: [254362067,com.android.launcher3.uioverrides.QuickstepLauncher,STOP_ACTIVITY_ITEM]
11-29 07:53:15.675 1900 1900 I wm_on_stop_called: [219223401,com.android.music.MusicBrowserActivity,STOP_ACTIVITY_ITEM]
11-29 07:53:15.682 1491 5277 I am_proc_bound: [0,2164,com.android.systemui]
11-29 07:53:15.684 1491 5277 D CompatibilityChangeReporter: Compat change id reported: 168419799; UID 10082; state: DISABLED
11-29 07:53:15.686 1491 5277 I am_uid_active: 10082
