11-29 07:42:49.323 31861 31861 E AndroidRuntime: at com.baidu.dqy.dq(Proguard:245)
11-29 07:42:49.323 31861 31861 E AndroidRuntime: at com.baidu.input.ImeService.clickFloatTinyVoice(Proguard:5417)
11-29 07:42:49.323 31861 31861 E AndroidRuntime: at com.baidu.input.ImeService.switchToFloatTinyVoiceCandState(Proguard:2144)
11-29 07:42:49.323 31861 31861 E AndroidRuntime: at com.baidu.input.ImeService.enterGameKeyBoard(Proguard:2060)
11-29 07:42:49.323 31861 31861 E AndroidRuntime: at com.baidu.input.ImeService.enterSpicalSoftKeyboardMode(Proguard:1679)
11-29 07:42:49.323 31861 31861 E AndroidRuntime: at com.baidu.input.ImeService.onStartInputViewInternal(Proguard:1518)
11-29 07:42:49.323 31861 31861 E AndroidRuntime: at com.baidu.input.modular.ObservableImeService.onStartInputView(Proguard:96)
11-29 07:42:49.323 31861 31861 E AndroidRuntime: at android.inputmethodservice.InputMethodService.startViews(InputMethodService.java:2304)
11-29 07:42:49.323 31861 31861 E AndroidRuntime: at android.inputmethodservice.InputMethodService.showWindow(InputMethodService.java:2250)
11-29 07:42:49.323 31861 31861 E AndroidRuntime: at com.baidu.input.ImeService.showWindow(Proguard:5658)
11-29 07:42:49.323 31861 31861 E AndroidRuntime: at android.inputmethodservice.InputMethodService$InputMethodImpl.showSoftInput(InputMethodService.java:821)
11-29 07:42:49.323 31861 31861 E AndroidRuntime: at android.inputmethodservice.InputMethodService$InputMethodImpl.showSoftInputWithToken(InputMethodService.java:790)
11-29 07:42:49.323 31861 31861 E AndroidRuntime: at android.inputmethodservice.IInputMethodWrapper.executeMessage(IInputMethodWrapper.java:225)
11-29 07:42:49.323 31861 31861 E AndroidRuntime: at com.android.internal.os.HandlerCaller$MyHandler.handleMessage(HandlerCaller.java:44)
11-29 07:42:49.323 31861 31861 E AndroidRuntime: at android.os.Handler.dispatchMessage(Handler.java:106)
11-29 07:42:49.323 31861 31861 E AndroidRuntime: at android.os.Looper.loopOnce(Looper.java:201)
11-29 07:42:49.323 31861 31861 E AndroidRuntime: at android.os.Looper.loop(Looper.java:288)
11-29 07:42:49.323 31861 31861 E AndroidRuntime: at android.app.ActivityThread.main(ActivityThread.java:7880)
11-29 07:42:49.323 31861 31861 E AndroidRuntime: at java.lang.reflect.Method.invoke(Native Method)
11-29 07:42:49.323 31861 31861 E AndroidRuntime: at com.android.internal.os.RuntimeInit$MethodAndArgsCaller.run(RuntimeInit.java:548)
11-29 07:42:49.323 31861 31861 E AndroidRuntime: at com.android.internal.os.ZygoteInit.main(ZygoteInit.java:1009)
11-29 07:42:49.324 1491 9316 I am_crash: [31861,0,com.baidu.input,952647237,java.lang.NullPointerException,Attempt to invoke virtual method 'int android.graphics.Rect.height()' on a null object reference,Proguard,295]
11-29 07:42:49.325 1491 31970 I DropBoxManagerService: add tag=system_app_crash isTagEnabled=true flags=0x2
11-29 07:42:49.325 1491 9316 I sysui_multi_action: [757,316,758,4,759,-1]
11-29 07:42:49.386 1491 9316 I ActivityManager: Process com.baidu.input (pid 31861) has died: vis BFGS
11-29 07:42:49.387 1491 9316 I am_proc_died: [0,31861,com.baidu.input,100,5]
11-29 07:42:49.387 1491 1491 W InputMethodManagerService: Session failed to close due to remote exception
11-29 07:42:49.387 1491 1491 W InputMethodManagerService: android.os.DeadObjectException
11-29 07:42:49.387 1491 1491 W InputMethodManagerService: at android.os.BinderProxy.transactNative(Native Method)
11-29 07:42:49.387 1491 1491 W InputMethodManagerService: at android.os.BinderProxy.transact(BinderProxy.java:571)
11-29 07:42:49.387 1491 1491 W InputMethodManagerService: at com.android.internal.view.IInputMethodSession$Stub$Proxy.finishSession(IInputMethodSession.java:425)
11-29 07:42:49.387 1491 1491 W InputMethodManagerService: at com.android.server.inputmethod.InputMethodManagerService.finishSessionLocked(InputMethodManagerService.java:2631)
11-29 07:42:49.387 1491 1491 W InputMethodManagerService: at com.android.server.inputmethod.InputMethodManagerService.clearClientSessionLocked(InputMethodManagerService.java:2622)
11-29 07:42:49.387 1491 1491 W InputMethodManagerService: at com.android.server.inputmethod.InputMethodManagerService.clearCurMethodLocked(InputMethodManagerService.java:2649)
11-29 07:42:49.387 1491 1491 W InputMethodManagerService: at com.android.server.inputmethod.InputMethodManagerService.onServiceDisconnected(InputMethodManagerService.java:2678)
11-29 07:42:49.387 1491 1491 W InputMethodManagerService: at android.app.LoadedApk$ServiceDispatcher.doDeath(LoadedApk.java:2097)
11-29 07:42:49.387 1491 1491 W InputMethodManagerService: at android.app.LoadedApk$ServiceDispatcher$RunConnection.run(LoadedApk.java:2112)
11-29 07:42:49.387 1491 1491 W InputMethodManagerService: at android.os.Handler.handleCallback(Handler.java:938)
11-29 07:42:49.387 1491 1491 W InputMethodManagerService: at android.os.Handler.dispatchMessage(Handler.java:99)
11-29 07:42:49.387 1491 1491 W InputMethodManagerService: at android.os.Looper.loopOnce(Looper.java:201)
11-29 07:42:49.387 1491 1491 W InputMethodManagerService: at android.os.Looper.loop(Looper.java:288)
11-29 07:42:49.387 1491 1491 W InputMethodManagerService: at com.android.server.SystemServer.run(SystemServer.java:908)
11-29 07:42:49.387 1491 1491 W InputMethodManagerService: at com.android.server.SystemServer.main(SystemServer.java:615)
11-29 07:42:49.387 1491 1491 W InputMethodManagerService: at java.lang.reflect.Method.invoke(Native Method)
11-29 07:42:49.387 1491 1491 W InputMethodManagerService: at com.android.internal.os.RuntimeInit$MethodAndArgsCaller.run(RuntimeInit.java:548)
11-29 07:42:49.387 1491 1491 W InputMethodManagerService: at com.android.internal.os.ZygoteInit.main(ZygoteInit.java:987)
11-29 07:42:49.388 1491 8854 I WindowManager: WIN DEATH: Window{5915127 u0 InputMethod}
11-29 07:42:49.393 1491 9316 W ActivityManager: Scheduling restart of crashed service com.baidu.input/.ImeService in 1000ms for connection
11-29 07:42:49.393 1491 9316 I am_schedule_service_restart: [0,com.baidu.input/.ImeService,1000]
11-29 07:42:49.393 1491 9316 I am_uid_stopped: 10029
11-29 07:42:49.395 1491 1599 W ActivityManager: setHasOverlayUi called on unknown pid: 31861
11-29 07:42:50.079 0 0 I auditd : type=1400 audit(0.0:18640): avc: denied { kill } for comm="swapper/2" capability=5 scontext=u:r:kernel:s0 tcontext=u:r:kernel:s0 tclass=capability permissive=0
11-29 07:42:50.155 1491 1723 I netstats_mobile_sample: [0,0,0,0,0,0,0,0,0,0,0,0,1669678970155]
11-29 07:42:50.155 1491 1723 I netstats_wifi_sample: [6085594948,5069444,211203323,988449,6085592401,5069442,211203271,988448,6168291948,5709162,122823962,788237,1669678970155]
11-29 07:42:50.396 1491 1608 I am_uid_running: 10029
11-29 07:42:50.398 1491 1608 D CompatibilityChangeReporter: Compat change id reported: 135634846; UID 10029; state: DISABLED
11-29 07:42:50.398 1491 1608 D CompatibilityChangeReporter: Compat change id reported: 177438394; UID 10029; state: DISABLED
11-29 07:42:50.398 1491 1608 D CompatibilityChangeReporter: Compat change id reported: 135772972; UID 10029; state: DISABLED
11-29 07:42:50.398 1491 1608 D CompatibilityChangeReporter: Compat change id reported: 135754954; UID 10029; state: DISABLED
11-29 07:42:50.400 1491 1609 D CompatibilityChangeReporter: Compat change id reported: 143937733; UID 10029; state: DISABLED
11-29 07:42:50.422 1491 1609 I am_proc_start: [0,31971,10029,com.baidu.input,service,{com.baidu.input/com.baidu.input.ImeService}]
11-29 07:42:50.423 1491 1609 I ActivityManager: Start proc 31971:com.baidu.input/u0a29 for service {com.baidu.input/com.baidu.input.ImeService}
11-29 07:42:50.449 1491 9316 I am_proc_bound: [0,31971,com.baidu.input]
11-29 07:42:50.454 1491 9316 I am_uid_active: 10029
11-29 07:42:50.537 1491 1760 I GameModeConfig: isGameModeOn = false
11-29 07:42:50.537 1491 1760 I GameModeConfig: isGameModeOn = false
11-29 07:42:50.537 1491 1760 I GameModeConfig: isGameModeOn = false
11-29 07:42:50.538 1491 1760 I GameModeConfig: isGameModeOn = false
11-29 07:42:50.538 1491 1760 I GameModeConfig: isGameModeOn = false
11-29 07:42:50.538 1491 1760 I GameModeConfig: isGameModeOn = false
11-29 07:42:50.539 1491 1760 I GameModeConfig: isGameModeOn = false
11-29 07:42:50.539 1491 1760 I GameModeConfig: isGameModeOn = false
11-29 07:42:50.539 1491 1760 I GameModeConfig: isGameModeOn = false
11-29 07:42:50.539 1491 1760 I GameModeConfig: isGameModeOn = false
11-29 07:42:50.539 1491 1760 I GameModeConfig: isGameModeOn = false
11-29 07:42:50.540 1491 1760 I GameModeConfig: isGameModeOn = false
11-29 07:42:50.540 1491 1760 I GameModeConfig: isGameModeOn = false
11-29 07:42:50.540 1491 1760 I GameModeConfig: isGameModeOn = false
11-29 07:42:50.540 1491 1760 I GameModeConfig: isGameModeOn = false
11-29 07:42:50.540 1491 1760 I GameModeConfig: isGameModeOn = false
11-29 07:42:50.540 1491 1760 I GameModeConfig: isGameModeOn = false
11-29 07:42:50.540 1491 1760 I GameModeConfig: isGameModeOn = false
11-29 07:42:50.540 1491 1760 I GameModeConfig: isGameModeOn = false
11-29 07:42:50.540 1491 1760 I GameModeConfig: isGameModeOn = false
11-29 07:42:50.784 31971 32039 E ActivityThread: Failed to find provider info for telephony
11-29 07:42:50.797 1491 1608 W BroadcastQueue: Permission Denial: broadcasting Intent { act=android.net.conn.CONNECTIVITY_CHANGE flg=0x4200010 (has extras) } from null (pid=-1, uid=-1) requires com.baidu.input.permission.REGISTERRECEIVE due to registered receiver BroadcastFilter{7929aeb 10029/u0 ReceiverList{e4b5a5c 31971 com.baidu.input/10029/u0 remote:a0c0cf}}
11-29 07:42:50.981 1491 1700 E PackageDexUsage: Unsupported context?
11-29 07:42:51.017 1491 1608 W BroadcastQueue: Permission Denial: broadcasting Intent { act=android.net.conn.CONNECTIVITY_CHANGE flg=0x4200010 (has extras) } from null (pid=-1, uid=-1) requires com.baidu.input.permission.sofire.RECEIVE due to registered receiver BroadcastFilter{e56bab6 10029/u0 ReceiverList{39a6251 31971 com.baidu.input/10029/u0 remote:b29cb78}}
11-29 07:42:51.055 32101 32101 I auditd : type=1400 audit(0.0:18641): avc: denied { read } for comm="cat" name="uptime" dev="proc" ino=4026532237 scontext=u:r:priv_app:s0:c512,c768 tcontext=u:object_r:proc_uptime:s0 tclass=file permissive=0 app=com.baidu.input
11-29 07:42:51.079 0 0 I auditd : type=1400 audit(0.0:18642): avc: denied { kill } for comm="swapper/2" capability=5 scontext=u:r:kernel:s0 tcontext=u:r:kernel:s0 tclass=capability permissive=0
11-29 07:42:51.088 31971 32105 W PackageParser: No actions in intent filter at /system/priv-app/baidu_ime-mainLine-release/baidu_ime-mainLine-release.apk Binary XML file line #388
11-29 07:42:51.111 31971 31971 I auditd : type=1400 audit(0.0:18643): avc: denied { read } for comm="sec-1-thread-4" name="u:object_r:bluetooth_prop:s0" dev="tmpfs" ino=11566 scontext=u:r:priv_app:s0:c512,c768 tcontext=u:object_r:bluetooth_prop:s0 tclass=file permissive=0 app=com.baidu.input
11-29 07:42:51.111 31971 31971 I auditd : type=1400 audit(0.0:18644): avc: denied { search } for comm="sec-1-thread-4" name="asound" dev="proc" ino=4026532151 scontext=u:r:priv_app:s0:c512,c768 tcontext=u:object_r:proc_asound:s0 tclass=dir permissive=0 app=com.baidu.input
11-29 07:42:51.111 31971 31971 I auditd : type=1400 audit(0.0:18645): avc: denied { search } for comm="sec-1-thread-4" name="asound" dev="proc" ino=4026532151 scontext=u:r:priv_app:s0:c512,c768 tcontext=u:object_r:proc_asound:s0 tclass=dir permissive=0 app=com.baidu.input
11-29 07:42:51.452 1491 9316 W ActivityManager: Receiver with filter android.content.IntentFilter@939a154 already registered for pid 31971, callerPackage is com.baidu.input
11-29 07:42:51.699 1491 1723 I netstats_mobile_sample: [0,0,0,0,0,0,0,0,0,0,0,0,1669678971699]
11-29 07:42:51.700 1491 1723 I netstats_wifi_sample: [6091851547,5074640,211269808,989375,6091844665,5074634,211269808,989375,6174528170,5714384,122883826,789143,1669678971699]
11-29 07:42:52.690 1491 1693 I input_interaction: Interaction with: 9920e2c InputMethod (server), edge-swipe (server), swipe-up (server), PointerEventDispatcher0 (server),
11-29 07:42:53.079 0 0 I auditd : type=1400 audit(0.0:18660): avc: denied { kill } for comm="swapper/0" capability=5 scontext=u:r:kernel:s0 tcontext=u:r:kernel:s0 tclass=capability permissive=0
11-29 07:42:53.140 1491 1723 I netstats_mobile_sample: [0,0,0,0,0,0,0,0,0,0,0,0,1669678973139]
11-29 07:42:53.140 1491 1723 I netstats_wifi_sample: [6098231639,5079864,211338339,990383,6098231639,5079864,211338339,990383,6180959754,5719650,122942278,790138,1669678973139]
11-29 07:42:54.030 1491 1693 I input_interaction: Interaction with: eb6c2fe com.miHoYo.Yuanshen/com.miHoYo.sdk.platform.SdkActivity (server), edge-swipe (server), swipe-up (server), PointerEventDispatcher0 (server),
11-29 07:42:54.079 0 0 I auditd : type=1400 audit(0.0:18661): avc: denied { kill } for comm="swapper/0" capability=5 scontext=u:r:kernel:s0 tcontext=u:r:kernel:s0 tclass=capability permissive=0
11-29 07:42:54.622 1491 1723 I netstats_mobile_sample: [0,0,0,0,0,0,0,0,0,0,0,0,1669678974622]
11-29 07:42:54.622 1491 1723 I netstats_wifi_sample: [6106141712,5086125,211416962,991964,6106136606,5086121,211416962,991964,6188874375,5725914,123015403,791708,1669678974622]
11-29 07:42:54.938 1491 8592 I ActivityTaskManager: START u0 {flg=0x14000000 cmp=com.miHoYo.Yuanshen/com.miHoYo.sdk.platform.SdkActivity (has extras)} from uid 10098
11-29 07:42:54.944 1491 8592 I wm_finish_activity: [0,136835331,241,com.miHoYo.Yuanshen/com.miHoYo.sdk.platform.SdkActivity,clear-task-top]
11-29 07:42:54.954 1491 8592 I wm_pause_activity: [0,136835331,com.miHoYo.Yuanshen/com.miHoYo.sdk.platform.SdkActivity,userLeaving=false,finish]
11-29 07:42:54.958 1491 8592 I wm_task_moved: [241,1,9]
11-29 07:42:54.958 1491 8592 I wm_create_activity: [0,55768314,241,com.miHoYo.Yuanshen/com.miHoYo.sdk.platform.SdkActivity,NULL,NULL,NULL,335544320]
11-29 07:42:54.966 31172 31172 I wm_on_top_resumed_lost_called: [136835331,com.miHoYo.sdk.platform.SdkActivity,topStateChangedWhenResumed]
11-29 07:42:54.974 31172 31172 I wm_on_paused_called: [136835331,com.miHoYo.sdk.platform.SdkActivity,performPause]
11-29 07:42:54.975 1491 8592 I wm_add_to_stopping: [0,136835331,com.miHoYo.Yuanshen/com.miHoYo.sdk.platform.SdkActivity,completeFinishing]
11-29 07:42:54.976 1491 8592 I ActivityTaskManager: The Process com.miHoYo.Yuanshen Already Exists in BG. So sending its PID: 31172
11-29 07:42:54.979 1491 8592 W ActivityTaskManager: Tried to set launchTime (0) < mLastActivityLaunchTime (16147010)
11-29 07:42:54.980 1491 8592 I wm_restart_activity: [0,55768314,241,com.miHoYo.Yuanshen/com.miHoYo.sdk.platform.SdkActivity]
11-29 07:42:54.981 1491 8592 I wm_set_resumed_activity: [0,com.miHoYo.Yuanshen/com.miHoYo.sdk.platform.SdkActivity,minimalResumeActivityLocked]
11-29 07:42:54.984 1491 1693 I input_focus: [Focus leaving eb6c2fe com.miHoYo.Yuanshen/com.miHoYo.sdk.platform.SdkActivity (server),reason=NO_WINDOW]
11-29 07:42:54.987 1491 1599 I sysui_multi_action: [757,803,799,window_time_0,802,6]
11-29 07:42:55.036 31172 31172 I wm_on_create_called: [55768314,com.miHoYo.sdk.platform.SdkActivity,performCreate]
11-29 07:42:55.036 31172 31172 I wm_on_start_called: [55768314,com.miHoYo.sdk.platform.SdkActivity,handleStartActivity]
11-29 07:42:55.037 31172 31172 I wm_on_resume_called: [55768314,com.miHoYo.sdk.platform.SdkActivity,RESUME_ACTIVITY]
11-29 07:42:55.039 1491 9316 W WindowManager: Failed looking up window session=Session{a641d51 31172:u0a10098} callers=com.android.server.wm.WindowManagerService.windowForClientLocked:5628 com.android.server.wm.Session.insetsModified:629 android.view.IWindowSession$Stub.onTransact:1151
11-29 07:42:55.041 31172 31172 I wm_on_top_resumed_gained_called: [55768314,com.miHoYo.sdk.platform.SdkActivity,topStateChangedWhenResumed]
11-29 07:42:55.062 1491 1600 I input_focus: [Focus request 4b66c6 com.miHoYo.Yuanshen/com.miHoYo.sdk.platform.SdkActivity,reason=UpdateInputWindows]
11-29 07:42:55.075 1491 1596 I wm_activity_launch_time: [0,55768314,com.miHoYo.Yuanshen/com.miHoYo.sdk.platform.SdkActivity,135]
11-29 07:42:55.076 1491 1599 I wm_destroy_activity: [0,136835331,241,com.miHoYo.Yuanshen/com.miHoYo.sdk.platform.SdkActivity,finish-imm:transit]
11-29 07:42:55.086 1491 1693 I input_focus: [Focus entering 4b66c6 com.miHoYo.Yuanshen/com.miHoYo.sdk.platform.SdkActivity (server),reason=setFocusedWindow]
11-29 07:42:55.088 31172 31172 I wm_on_stop_called: [136835331,com.miHoYo.sdk.platform.SdkActivity,LIFECYCLER_STOP_ACTIVITY]
11-29 07:42:55.088 31172 31172 I wm_on_destroy_called: [136835331,com.miHoYo.sdk.platform.SdkActivity,performDestroy]
11-29 07:42:55.108 16043 16059 W ContextImpl: Calling a method in the system process without a qualified user: android.app.ContextImpl.startService:1816 android.content.ContextWrapper.startService:774 com.thundercomm.gamemode.ingame.services.GameModeActionUtils.startGameModeService:93 com.thundercomm.gamemode.ingame.services.GameModeActionUtils.startGameModeEntry:21 com.thundercomm.gamemode.ingame.services.ActivityMonitoringService$1.onActivityLaunch:127
11-29 07:42:55.116 1491 1491 I GameModeConfig: Current uri is uri = content://com.thundercomm.gamemode.api/gamemode_settings/gamemode_isgaming
11-29 07:42:55.120 1491 1491 I GameModeConfig: isGameModeOn = false
11-29 07:42:55.121 1491 1491 I GameModeConfig: isGameModeOn = false
11-29 07:42:55.121 1491 1491 I GameModeConfig: isDisableVoice = true
11-29 07:42:55.124 1491 1607 I am_pss : [31444,10098,com.miHoYo.Yuanshen:PushService,19317760,10690560,10240,124301312,0,3,7]
11-29 07:42:55.703 1491 1693 I input_interaction: Interaction with: 4b66c6 com.miHoYo.Yuanshen/com.miHoYo.sdk.platform.SdkActivity (server), edge-swipe (server), swipe-up (server), PointerEventDispatcher0 (server),
11-29 07:42:55.844 31971 31971 E AndroidRuntime: FATAL EXCEPTION: main
11-29 07:42:55.844 31971 31971 E AndroidRuntime: Process: com.baidu.input, PID: 31971
11-29 07:42:55.844 31971 31971 E AndroidRuntime: java.lang.NullPointerException: Attempt to invoke virtual method 'int android.graphics.Rect.height()' on a null object reference
11-29 07:42:55.844 31971 31971 E AndroidRuntime: at com.baidu.cjh.getRectHeight(Proguard:295)
11-29 07:42:55.844 31971 31971 E AndroidRuntime: at com.baidu.cjh.initData(Proguard:345)
11-29 07:42:55.844 31971 31971 E AndroidRuntime: at com.baidu.cjh.(Proguard:168)
11-29 07:42:55.844 31971 31971 E AndroidRuntime: at com.baidu.cjh.ca(Proguard:175)
11-29 07:42:55.844 31971 31971 E AndroidRuntime: at com.baidu.bws.dM(Proguard:858)
11-29 07:42:55.844 31971 31971 E AndroidRuntime: at com.baidu.crq.a(Proguard:2733)
11-29 07:42:55.844 31971 31971 E AndroidRuntime: at com.baidu.crq.onEvent(Proguard:2711)
11-29 07:42:55.844 31971 31971 E AndroidRuntime: at com.baidu.brn.c(Proguard:379)
11-29 07:42:55.844 31971 31971 E AndroidRuntime: at com.baidu.brn.a(Proguard:267)
11-29 07:42:55.844 31971 31971 E AndroidRuntime: at com.baidu.brn.a(Proguard:309)
11-29 07:42:55.844 31971 31971 E AndroidRuntime: at com.baidu.brn.a(Proguard:293)
11-29 07:42:55.844 31971 31971 E AndroidRuntime: at com.baidu.brn.a(Proguard:112)
11-29 07:42:55.844 31971 31971 E AndroidRuntime: at com.baidu.cov.asG(Proguard:105)
11-29 07:42:55.844 31971 31971 E AndroidRuntime: at com.baidu.bws.atE(Proguard:842)
11-29 07:42:55.844 31971 31971 E AndroidRuntime: at com.baidu.ctu.aZG(Proguard:947)
11-29 07:42:55.844 31971 31971 E AndroidRuntime: at com.baidu.bws.dP(Proguard:958)
11-29 07:42:55.844 31971 31971 E AndroidRuntime: at com.baidu.ctu.auW(Proguard:620)
11-29 07:42:55.844 31971 31971 E AndroidRuntime: at com.baidu.bws.auW(Proguard:6060)
11-29 07:42:55.844 31971 31971 E AndroidRuntime: at com.baidu.bws.q(Proguard:1530)
11-29 07:42:55.844 31971 31971 E AndroidRuntime: at com.baidu.bws.jk(Proguard:1166)
11-29 07:42:55.844 31971 31971 E AndroidRuntime: at com.baidu.input.ImeService.requestVoiceTinyView(Proguard:4818)
11-29 07:42:55.844 31971 31971 E AndroidRuntime: at com.baidu.dqy.dq(Proguard:245)
11-29 07:42:55.844 31971 31971 E AndroidRuntime: at com.baidu.input.ImeService.clickFloatTinyVoice(Proguard:5417)
11-29 07:42:55.844 31971 31971 E AndroidRuntime: at com.baidu.input.ImeService.switchToFloatTinyVoiceCandState(Proguard:2144)
11-29 07:42:55.844 31971 31971 E AndroidRuntime: at com.baidu.input.ImeService.enterGameKeyBoard(Proguard:2060)
11-29 07:42:55.844 31971 31971 E AndroidRuntime: at com.baidu.input.ImeService.enterSpicalSoftKeyboardMode(Proguard:1679)
11-29 07:42:55.844 31971 31971 E AndroidRuntime: at com.baidu.input.ImeService.onStartInputViewInternal(Proguard:1518)
11-29 07:42:55.844 31971 31971 E AndroidRuntime: at com.baidu.input.modular.ObservableImeService.onStartInputView(Proguard:96)
11-29 07:42:55.844 31971 31971 E AndroidRuntime: at android.inputmethodservice.InputMethodService.startViews(InputMethodService.java:2304)
11-29 07:42:55.844 31971 31971 E AndroidRuntime: at android.inputmethodservice.InputMethodService.showWindow(InputMethodService.java:2250)
11-29 07:42:55.844 31971 31971 E AndroidRuntime: at com.baidu.input.ImeService.showWindow(Proguard:5658)
11-29 07:42:55.844 31971 31971 E AndroidRuntime: at android.inputmethodservice.InputMethodService$InputMethodImpl.showSoftInput(InputMethodService.java:821)
11-29 07:42:55.844 31971 31971 E AndroidRuntime: at android.inputmethodservice.InputMethodService$InputMethodImpl.showSoftInputWithToken(InputMethodService.java:790)
11-29 07:42:55.844 31971 31971 E AndroidRuntime: at android.inputmethodservice.IInputMethodWrapper.executeMessage(IInputMethodWrapper.java:225)
11-29 07:42:55.844 31971 31971 E AndroidRuntime: at com.android.internal.os.HandlerCaller$MyHandler.handleMessage(HandlerCaller.java:44)
11-29 07:42:55.844 31971 31971 E AndroidRuntime: at android.os.Handler.dispatchMessage(Handler.java:106)
11-29 07:42:55.844 31971 31971 E AndroidRuntime: at android.os.Looper.loopOnce(Looper.java:201)
11-29 07:42:55.844 31971 31971 E AndroidRuntime: at android.os.Looper.loop(Looper.java:288)
11-29 07:42:55.844 31971 31971 E AndroidRuntime: at android.app.ActivityThread.main(ActivityThread.java:7880)
11-29 07:42:55.844 31971 31971 E AndroidRuntime: at java.lang.reflect.Method.invoke(Native Method)
11-29 07:42:55.844 31971 31971 E AndroidRuntime: at com.android.internal.os.RuntimeInit$MethodAndArgsCaller.run(RuntimeInit.java:548)
11-29 07:42:55.844 31971 31971 E AndroidRuntime: at com.android.internal.os.ZygoteInit.main(ZygoteInit.java:1009)
11-29 07:42:55.845 1491 8854 I am_crash: [31971,0,com.baidu.input,952647237,java.lang.NullPointerException,Attempt to invoke virtual method 'int android.graphics.Rect.height()' on a null object reference,Proguard,295]
11-29 07:42:55.847 1491 32130 I DropBoxManagerService: add tag=system_app_crash isTagEnabled=true flags=0x2
11-29 07:42:55.847 1491 8854 I sysui_multi_action: [757,316,758,4,759,-1]
11-29 07:42:55.940 1491 8592 I ActivityManager: Process com.baidu.input (pid 31971) has died: vis BFGS
11-29 07:42:55.940 1491 8592 I am_proc_died: [0,31971,com.baidu.input,100,5]
11-29 07:42:55.940 1491 2059 I WindowManager: WIN DEATH: Window{9920e2c u0 InputMethod}
11-29 07:42:55.941 1491 1491 W InputMethodManagerService: Session failed to close due to remote exception
11-29 07:42:55.941 1491 1491 W InputMethodManagerService: android.os.DeadObjectException
11-29 07:42:55.941 1491 1491 W InputMethodManagerService: at android.os.BinderProxy.transactNative(Native Method)
11-29 07:42:55.941 1491 1491 W InputMethodManagerService: at android.os.BinderProxy.transact(BinderProxy.java:571)
11-29 07:42:55.941 1491 1491 W InputMethodManagerService: at com.android.internal.view.IInputMethodSession$Stub$Proxy.finishSession(IInputMethodSession.java:425)
11-29 07:42:55.941 1491 1491 W InputMethodManagerService: at com.android.server.inputmethod.InputMethodManagerService.finishSessionLocked(InputMethodManagerService.java:2631)
11-29 07:42:55.941 1491 1491 W InputMethodManagerService: at com.android.server.inputmethod.InputMethodManagerService.clearClientSessionLocked(InputMethodManagerService.java:2622)
11-29 07:42:55.941 1491 1491 W InputMethodManagerService: at com.android.server.inputmethod.InputMethodManagerService.clearCurMethodLocked(InputMethodManagerService.java:2649)
11-29 07:42:55.941 1491 1491 W InputMethodManagerService: at com.android.server.inputmethod.InputMethodManagerService.onServiceDisconnected(InputMethodManagerService.java:2678)
11-29 07:42:55.941 1491 1491 W InputMethodManagerService: at android.app.LoadedApk$ServiceDispatcher.doDeath(LoadedApk.java:2097)
11-29 07:42:55.941 1491 1491 W InputMethodManagerService: at android.app.LoadedApk$ServiceDispatcher$RunConnection.run(LoadedApk.java:2112)
11-29 07:42:55.941 1491 1491 W InputMethodManagerService: at android.os.Handler.handleCallback(Handler.java:938)
11-29 07:42:55.941 1491 1491 W InputMethodManagerService: at android.os.Handler.dispatchMessage(Handler.java:99)
11-29 07:42:55.941 1491 1491 W InputMethodManagerService: at android.os.Looper.loopOnce(Looper.java:201)
11-29 07:42:55.941 1491 1491 W InputMethodManagerService: at android.os.Looper.loop(Looper.java:288)
11-29 07:42:55.941 1491 1491 W InputMethodManagerService: at com.android.server.SystemServer.run(SystemServer.java:908)
11-29 07:42:55.941 1491 1491 W InputMethodManagerService: at com.android.server.SystemServer.main(SystemServer.java:615)
11-29 07:42:55.941 1491 1491 W InputMethodManagerService: at java.lang.reflect.Method.invoke(Native Method)
11-29 07:42:55.941 1491 1491 W InputMethodManagerService: at com.android.internal.os.RuntimeInit$MethodAndArgsCaller.run(RuntimeInit.java:548)
11-29 07:42:55.941 1491 1491 W InputMethodManagerService: at com.android.internal.os.ZygoteInit.main(ZygoteInit.java:987)
11-29 07:42:55.948 1491 8592 W ActivityManager: Scheduling restart of crashed service com.baidu.input/.ImeService in 1000ms for connection
11-29 07:42:55.949 1491 8592 I am_schedule_service_restart: [0,com.baidu.input/.ImeService,1000]
11-29 07:42:55.949 1491 8592 I am_uid_stopped: 10029
11-29 07:42:55.951 1491 8592 I am_mem_factor: [1,0]
11-29 07:42:55.979 1491 1599 W ActivityManager: setHasOverlayUi called on unknown pid: 31971
11-29 07:42:56.050 1491 1723 I netstats_mobile_sample: [0,0,0,0,0,0,0,0,0,0,0,0,1669678976050]
11-29 07:42:56.050 1491 1723 I netstats_wifi_sample: [6113280019,5091902,211494203,993299,6113277472,5091900,211494163,993298,6195980636,5731702,123083007,793002,1669678976050]
11-29 07:42:56.079 353 353 I auditd : type=1400 audit(0.0:18662): avc: denied { kill } for comm="irq/382-atmel_m" capability=5 scontext=u:r:kernel:s0 tcontext=u:r:kernel:s0 tclass=capability permissive=0
11-29 07:42:56.371 31172 31172 I auditd : type=1400 audit(0.0:18663): avc: denied { read } for comm="Thread-100" name="tcp" dev="proc" ino=4026532256 scontext=u:r:untrusted_app:s0:c98,c256,c512,c768 tcontext=u:object_r:proc_net_tcp_udp:s0 tclass=file permissive=0 app=com.miHoYo.Yuanshen
11-29 07:42:56.950 1491 1608 I am_uid_running: 10029
11-29 07:42:56.950 1491 1608 D CompatibilityChangeReporter: Compat change id reported: 135634846; UID 10029; state: DISABLED
11-29 07:42:56.951 1491 1608 D CompatibilityChangeReporter: Compat change id reported: 177438394; UID 10029; state: DISABLED
11-29 07:42:56.951 1491 1608 D CompatibilityChangeReporter: Compat change id reported: 135772972; UID 10029; state: DISABLED
11-29 07:42:56.951 1491 1608 D CompatibilityChangeReporter: Compat change id reported: 135754954; UID 10029; state: DISABLED
11-29 07:42:56.952 1491 1609 D CompatibilityChangeReporter: Compat change id reported: 143937733; UID 10029; state: DISABLED
11-29 07:42:56.981 1491 1609 I am_proc_start: [0,32136,10029,com.baidu.input,service,{com.baidu.input/com.baidu.input.ImeService}]
11-29 07:42:56.981 1491 1609 I ActivityManager: Start proc 32136:com.baidu.input/u0a29 for service {com.baidu.input/com.baidu.input.ImeService}
11-29 07:42:57.016 1491 2059 I am_proc_bound: [0,32136,com.baidu.input]
11-29 07:42:57.020 1491 2059 I am_uid_active: 10029
11-29 07:42:57.117 1491 1760 I GameModeConfig: isGameModeOn = false
11-29 07:42:57.118 1491 1760 I GameModeConfig: isGameModeOn = false
11-29 07:42:57.118 1491 1760 I GameModeConfig: isGameModeOn = false
11-29 07:42:57.118 1491 1760 I GameModeConfig: isGameModeOn = false
11-29 07:42:57.118 1491 1760 I GameModeConfig: isGameModeOn = false
11-29 07:42:57.118 1491 1760 I GameModeConfig: isGameModeOn = false
11-29 07:42:57.118 1491 1760 I GameModeConfig: isGameModeOn = false
11-29 07:42:57.118 1491 1760 I GameModeConfig: isGameModeOn = false
11-29 07:42:57.119 1491 1760 I GameModeConfig: isGameModeOn = false
11-29 07:42:57.119 1491 1760 I GameModeConfig: isGameModeOn = false
11-29 07:42:57.119 1491 1760 I GameModeConfig: isGameModeOn = false
11-29 07:42:57.119 1491 1760 I GameModeConfig: isGameModeOn = false
11-29 07:42:57.119 1491 1760 I GameModeConfig: isGameModeOn = false
11-29 07:42:57.120 1491 1760 I GameModeConfig: isGameModeOn = false
11-29 07:42:57.121 1491 1760 I GameModeConfig: isGameModeOn = false
11-29 07:42:57.121 1491 1760 I GameModeConfig: isGameModeOn = false
11-29 07:42:57.121 1491 1760 I GameModeConfig: isGameModeOn = false
11-29 07:42:57.121 1491 1760 I GameModeConfig: isGameModeOn = false
11-29 07:42:57.121 1491 1760 I GameModeConfig: isGameModeOn = false
11-29 07:42:57.121 1491 1760 I GameModeConfig: isGameModeOn = false
11-29 07:42:57.227 32136 32136 E AndroidRuntime: FATAL EXCEPTION: main
11-29 07:42:57.227 32136 32136 E AndroidRuntime: Process: com.baidu.input, PID: 32136
11-29 07:42:57.227 32136 32136 E AndroidRuntime: java.lang.NullPointerException: Attempt to invoke virtual method 'int android.graphics.Rect.height()' on a null object reference
11-29 07:42:57.227 32136 32136 E AndroidRuntime: at com.baidu.cjh.getRectHeight(Proguard:295)
11-29 07:42:57.227 32136 32136 E AndroidRuntime: at com.baidu.cjh.initData(Proguard:345)
11-29 07:42:57.227 32136 32136 E AndroidRuntime: at com.baidu.cjh.(Proguard:168)
11-29 07:42:57.227 32136 32136 E AndroidRuntime: at com.baidu.cjh.ca(Proguard:175)
11-29 07:42:57.227 32136 32136 E AndroidRuntime: at com.baidu.bws.dM(Proguard:858)
11-29 07:42:57.227 32136 32136 E AndroidRuntime: at com.baidu.crq.a(Proguard:2733)
11-29 07:42:57.227 32136 32136 E AndroidRuntime: at com.baidu.crq.onEvent(Proguard:2711)
11-29 07:42:57.227 32136 32136 E AndroidRuntime: at com.baidu.brn.c(Proguard:379)
11-29 07:42:57.227 32136 32136 E AndroidRuntime: at com.baidu.brn.a(Proguard:267)
11-29 07:42:57.227 32136 32136 E AndroidRuntime: at com.baidu.brn.a(Proguard:309)
11-29 07:42:57.227 32136 32136 E AndroidRuntime: at com.baidu.brn.a(Proguard:293)
11-29 07:42:57.227 32136 32136 E AndroidRuntime: at com.baidu.brn.a(Proguard:112)
11-29 07:42:57.227 32136 32136 E AndroidRuntime: at com.baidu.bwq.asG(Proguard:2209)
11-29 07:42:57.227 32136 32136 E AndroidRuntime: at com.baidu.bws.atE(Proguard:842)
11-29 07:42:57.227 32136 32136 E AndroidRuntime: at com.baidu.ctu.aZG(Proguard:947)
11-29 07:42:57.227 32136 32136 E AndroidRuntime: at com.baidu.bws.dP(Proguard:958)
11-29 07:42:57.227 32136 32136 E AndroidRuntime: at com.baidu.ctu.auW(Proguard:620)
11-29 07:42:57.227 32136 32136 E AndroidRuntime: at com.baidu.bws.auW(Proguard:6060)
11-29 07:42:57.227 32136 32136 E AndroidRuntime: at com.baidu.bws.q(Proguard:1530)
11-29 07:42:57.227 32136 32136 E AndroidRuntime: at com.baidu.bws.jk(Proguard:1166)
11-29 07:42:57.227 32136 32136 E AndroidRuntime: at com.baidu.input.ImeService.requestVoiceTinyView(Proguard:4818)
11-29 07:42:57.227 32136 32136 E AndroidRuntime: at com.baidu.dqy.dq(Proguard:245)
11-29 07:42:57.227 32136 32136 E AndroidRuntime: at com.baidu.input.ImeService.clickFloatTinyVoice(Proguard:5417)
11-29 07:42:57.227 32136 32136 E AndroidRuntime: at com.baidu.input.ImeService.switchToFloatTinyVoiceCandState(Proguard:2144)
11-29 07:42:57.227 32136 32136 E AndroidRuntime: at com.baidu.input.ImeService.enterGameKeyBoard(Proguard:2060)
11-29 07:42:57.227 32136 32136 E AndroidRuntime: at com.baidu.input.ImeService.enterSpicalSoftKeyboardMode(Proguard:1679)
11-29 07:42:57.227 32136 32136 E AndroidRuntime: at com.baidu.input.ImeService.onStartInputViewInternal(Proguard:1518)
11-29 07:42:57.227 32136 32136 E AndroidRuntime: at com.baidu.input.modular.ObservableImeService.onStartInputView(Proguard:96)
11-29 07:42:57.227 32136 32136 E AndroidRuntime: at android.inputmethodservice.InputMethodService.startViews(InputMethodService.java:2304)
11-29 07:42:57.227 32136 32136 E AndroidRuntime: at android.inputmethodservice.InputMethodService.showWindow(InputMethodService.java:2250)
11-29 07:42:57.227 32136 32136 E AndroidRuntime: at com.baidu.input.ImeService.showWindow(Proguard:5658)
11-29 07:42:57.227 32136 32136 E AndroidRuntime: at android.inputmethodservice.InputMethodService$InputMethodImpl.showSoftInput(InputMethodService.java:821)
11-29 07:42:57.227 32136 32136 E AndroidRuntime: at android.inputmethodservice.InputMethodService$InputMethodImpl.showSoftInputWithToken(InputMethodService.java:790)
11-29 07:42:57.227 32136 32136 E AndroidRuntime: at android.inputmethodservice.IInputMethodWrapper.executeMessage(IInputMethodWrapper.java:225)
11-29 07:42:57.227 32136 32136 E AndroidRuntime: at com.android.internal.os.HandlerCaller$MyHandler.handleMessage(HandlerCaller.java:44)
11-29 07:42:57.227 32136 32136 E AndroidRuntime: at android.os.Handler.dispatchMessage(Handler.java:106)
11-29 07:42:57.227 32136 32136 E AndroidRuntime: at android.os.Looper.loopOnce(Looper.java:201)
11-29 07:42:57.227 32136 32136 E AndroidRuntime: at android.os.Looper.loop(Looper.java:288)
11-29 07:42:57.227 32136 32136 E AndroidRuntime: at android.app.ActivityThread.main(ActivityThread.java:7880)
11-29 07:42:57.227 32136 32136 E AndroidRuntime: at java.lang.reflect.Method.invoke(Native Method)
11-29 07:42:57.227 32136 32136 E AndroidRuntime: at com.android.internal.os.RuntimeInit$MethodAndArgsCaller.run(RuntimeInit.java:548)
11-29 07:42:57.227 32136 32136 E AndroidRuntime: at com.android.internal.os.ZygoteInit.main(ZygoteInit.java:1009)
11-29 07:42:57.227 1491 10783 I am_crash: [32136,0,com.baidu.input,952647237,java.lang.NullPointerException,Attempt to invoke virtual method 'int android.graphics.Rect.height()' on a null object reference,Proguard,295]
11-29 07:42:57.229 1491 32228 I DropBoxManagerService: add tag=system_app_crash isTagEnabled=true flags=0x2
11-29 07:42:57.230 1491 10783 I sysui_multi_action: [757,316,758,4,759,-1]
11-29 07:42:57.249 1491 1491 W InputMethodManagerService: Session failed to close due to remote exception
11-29 07:42:57.249 1491 1491 W InputMethodManagerService: android.os.DeadObjectException
11-29 07:42:57.249 1491 1491 W InputMethodManagerService: at android.os.BinderProxy.transactNative(Native Method)
11-29 07:42:57.249 1491 1491 W InputMethodManagerService: at android.os.BinderProxy.transact(BinderProxy.java:571)
11-29 07:42:57.249 1491 1491 W InputMethodManagerService: at com.android.internal.view.IInputMethodSession$Stub$Proxy.finishSession(IInputMethodSession.java:425)
11-29 07:42:57.249 1491 1491 W InputMethodManagerService: at com.android.server.inputmethod.InputMethodManagerService.finishSessionLocked(InputMethodManagerService.java:2631)
11-29 07:42:57.249 1491 1491 W InputMethodManagerService: at com.android.server.inputmethod.InputMethodManagerService.clearClientSessionLocked(InputMethodManagerService.java:2622)
11-29 07:42:57.249 1491 1491 W InputMethodManagerService: at com.android.server.inputmethod.InputMethodManagerService.clearCurMethodLocked(InputMethodManagerService.java:2649)
11-29 07:42:57.249 1491 1491 W InputMethodManagerService: at com.android.server.inputmethod.InputMethodManagerService.onServiceDisconnected(InputMethodManagerService.java:2678)
11-29 07:42:57.249 1491 1491 W InputMethodManagerService: at android.app.LoadedApk$ServiceDispatcher.doDeath(LoadedApk.java:2097)
11-29 07:42:57.249 1491 1491 W InputMethodManagerService: at android.app.LoadedApk$ServiceDispatcher$RunConnection.run(LoadedApk.java:2112)
11-29 07:42:57.249 1491 1491 W InputMethodManagerService: at android.os.Handler.handleCallback(Handler.java:938)
11-29 07:42:57.249 1491 1491 W InputMethodManagerService: at android.os.Handler.dispatchMessage(Handler.java:99)
11-29 07:42:57.249 1491 1491 W InputMethodManagerService: at android.os.Looper.loopOnce(Looper.java:201)
11-29 07:42:57.249 1491 1491 W InputMethodManagerService: at android.os.Looper.loop(Looper.java:288)
11-29 07:42:57.249 1491 1491 W InputMethodManagerService: at com.android.server.SystemServer.run(SystemServer.java:908)
11-29 07:42:57.249 1491 1491 W InputMethodManagerService: at com.android.server.SystemServer.main(SystemServer.java:615)
11-29 07:42:57.249 1491 1491 W InputMethodManagerService: at java.lang.reflect.Method.invoke(Native Method)
11-29 07:42:57.249 1491 1491 W InputMethodManagerService: at com.android.internal.os.RuntimeInit$MethodAndArgsCaller.run(RuntimeInit.java:548)
11-29 07:42:57.249 1491 1491 W InputMethodManagerService: at com.android.internal.os.ZygoteInit.main(ZygoteInit.java:987)
11-29 07:42:57.249 1491 8854 I WindowManager: WIN DEATH: Window{d11433f u0 InputMethod}
11-29 07:42:57.250 1491 10783 I ActivityManager: Process com.baidu.input (pid 32136) has died: vis BFGS
11-29 07:42:57.250 1491 10783 I am_proc_died: [0,32136,com.baidu.input,100,5]
11-29 07:42:57.256 1491 10783 W ActivityManager: Scheduling restart of crashed service com.baidu.input/.ImeService in 1800000ms for connection
11-29 07:42:57.256 1491 10783 I am_schedule_service_restart: [0,com.baidu.input/.ImeService,1800000]
11-29 07:42:57.256 1491 10783 I am_uid_stopped: 10029
11-29 07:42:57.258 1491 10783 I am_mem_factor: [0,1]
11-29 07:42:57.259 1491 1599 W ActivityManager: setHasOverlayUi called on unknown pid: 32136
11-29 07:42:57.325 1491 1607 W ActivityManager: Stale PhantomProcessRecord {c119122 31543:31172:/u0a98}, removing
11-29 07:42:57.504 1491 1607 I am_meminfo: [2304712704,1098981376,26726400,443396096,528198656]
11-29 07:42:57.553 1491 1607 I am_pss : [31172,10098,com.miHoYo.Yuanshen,707972096,412741632,9216,1120956416,1,2,46]
11-29 07:42:57.562 1491 1607 I am_pss : [31444,10098,com.miHoYo.Yuanshen:PushService,20110336,11235328,10240,124502016,1,3,8]
11-29 07:42:57.574 1491 1607 I am_pss : [9956,10077,com.android.launcher3,63374336,59080704,83968,163504128,1,5,10]
11-29 07:42:57.623 1491 1607 I am_pss : [29251,10099,com.tencent.tmgp.pubgmhd,673336320,648339456,10240,812875776,1,4,46]
11-29 07:42:57.630 1491 1607 I am_pss : [29526,10099,com.tencent.tmgp.pubgmhd:xg_vip_service,15722496,8212480,10240,108072960,1,4,6]
11-29 07:42:57.636 1491 1607 I am_pss : [29318,99002,com.android.webview:sandboxed_process0:org.chromium.content.app.SandboxedProcessService0:0,12995584,3072000,71680,71557120,1,4,5]
11-29 07:42:57.646 1491 1607 I am_pss : [20697,10089,com.android.music,51682304,46534656,1826816,131485696,1,18,8]
11-29 07:42:57.646 1491 1723 I netstats_mobile_sample: [0,0,0,0,0,0,0,0,0,0,0,0,1669678977646]
11-29 07:42:57.647 1491 1723 I netstats_wifi_sample: [6118054348,5095900,211541891,993914,6118054348,5095900,211541891,993914,6200764076,5735695,123121948,793592,1669678977646]
11-29 07:42:57.655 1491 1607 I am_pss : [27279,1000,com.android.settings,25903104,13598720,8481792,91455488,1,16,7]
11-29 07:42:57.670 1491 1607 I am_pss : [27265,10097,com.tencent.android.qqdownloader,132882432,118931456,71680,211251200,1,4,15]
11-29 07:42:57.686 1491 1607 I am_pss : [27146,10097,com.tencent.android.qqdownloader:daemon,101200896,88637440,71680,175824896,1,4,14]
11-29 07:42:57.692 1491 1607 I am_pss : [16815,10063,com.thundercomm.gamemode.provider,7325696,4149248,2094080,57020416,1,5,6]
11-29 07:42:57.698 1491 1607 I am_pss : [29304,10070,com.android.webview:webview_service,34470912,3829760,26380288,46903296,1,19,5]
11-29 07:42:57.704 1491 1607 I am_pss : [20866,10021,com.android.musicfx,7843840,864256,6232064,42790912,1,19,5]
11-29 07:42:57.711 1491 1607 I am_pss : [2867,10095,com.android.providers.media.module,20686848,17809408,10240,110100480,1,0,8]
11-29 07:42:57.718 1491 1607 I am_pss : [31028,10020,com.hryt.hiphishowfsecontrol,15526912,11505664,877568,92479488,1,19,6]
11-29 07:42:57.724 1491 1607 I am_pss : [31029,10064,com.android.calendar,7889920,3874816,2519040,60821504,1,19,6]
11-29 07:42:57.731 1491 1607 I am_pss : [30581,10032,android.process.acore,11264000,5390336,3499008,73220096,1,19,5]
11-29 07:42:57.738 1491 1607 I am_pss : [5601,10052,com.thundercomm.screensaver,16346112,9678848,4481024,82235392,1,19,6]
11-29 07:42:57.743 1491 1607 I am_pss : [30053,10061,com.android.soundrecorder,8064000,733184,6329344,45207552,1,19,4]
11-29 07:42:57.749 1491 1607 I am_pss : [28887,10094,com.android.permissioncontroller,12575744,4837376,6286336,56537088,1,19,6]
11-29 07:42:57.755 1491 1607 I am_pss : [29185,10083,com.qualcomm.qti.qccauthmgr,8502272,991232,6283264,49946624,1,19,5]
11-29 07:42:57.761 1491 1607 I am_pss : [3512,10019,com.android.packageinstaller,19443712,10612736,6671360,75280384,1,19,6]
11-29 07:42:57.771 1491 1607 I am_pss : [21979,10036,com.microsoft.emmx,52484096,36126720,6346752,120016896,1,19,10]
11-29 07:42:57.779 1491 1607 I am_pss : [22841,10036,com.microsoft.emmx:privileged_process0,28268544,11472896,7631872,79785984,1,19,7]
11-29 07:42:57.785 1491 1607 I am_pss : [28795,10068,com.android.gallery3d,8108032,847872,6318080,46288896,1,19,5]
11-29 07:42:57.790 1491 1607 I am_pss : [28824,1000,com.qti.diagservices,7998464,499712,6651904,43769856,1,10,5]
11-29 07:42:57.797 1491 1607 I am_pss : [27271,10097,com.tencent.android.qqdownloader:cloud,25295872,16945152,71680,85540864,1,4,6]
11-29 07:42:57.806 1491 1607 I am_pss : [9089,1002,com.android.bluetooth,22702080,19329024,10240,119635968,1,0,7]
11-29 07:42:57.812 1491 1607 I am_pss : [16043,1000,com.thundercomm.gamemode,10939392,7704576,1143808,82034688,1,10,6]
11-29 07:42:57.819 1491 1607 I am_pss : [2410,10096,android.ext.services,13251584,9252864,10240,99282944,1,5,6]
11-29 07:42:57.825 1491 1607 I am_pss : [2993,10073,com.qualcomm.location.XT,5984256,4177920,10240,83730432,1,6,5]
11-29 07:42:57.831 1491 1607 I am_pss : [2847,10076,com.qualcomm.location,8847360,6397952,10240,91725824,1,0,5]
11-29 07:42:57.838 1491 1607 I am_pss : [2834,10090,com.qualcomm.qti.workloadclassifier,20064256,17940480,10240,100429824,1,0,6]
11-29 07:42:57.843 1491 1607 I am_pss : [2804,10085,com.qualcomm.qti.qccnetstat,5677056,3907584,10240,82087936,1,0,5]
11-29 07:42:57.848 1491 1607 I am_pss : [2798,10072,com.qualcomm.qti.services.systemhelper:systemhelper_service,5774336,4014080,10240,81969152,1,0,4]
11-29 07:42:57.853 1491 1607 I am_pss : [2760,10053,.pasr,5380096,3629056,10240,80576512,1,0,5]
11-29 07:42:57.857 1491 1607 I am_pss : [2749,10058,ts.car.uart,5415936,3657728,10240,80941056,1,0,4]
11-29 07:42:57.866 1491 1607 I am_pss : [2735,10087,com.hht.lebocast,24368128,16822272,71680,85110784,1,0,8]
11-29 07:42:57.872 1491 1607 I am_pss : [2388,1000,com.qualcomm.qti.qdma,7159808,5042176,10240,89980928,1,0,6]
11-29 07:42:57.877 1491 1607 I am_pss : [3190,10066,com.qualcomm.qti.devicestatisticsservice,5281792,3526656,10240,80310272,1,0,5]
11-29 07:42:57.884 1491 1607 I am_pss : [2344,1000,com.thundercomm.tcservice,6640640,4808704,10240,84705280,1,0,5]
11-29 07:42:57.891 1491 1607 I am_pss : [2323,1000,com.thundercomm.remotecontrolservice,14239744,11988992,10240,96927744,1,0,6]
11-29 07:42:57.896 1491 1607 I am_pss : [2306,1068,com.android.se,5664768,3866624,10240,82505728,1,0,5]
11-29 07:42:57.902 1491 1607 I am_pss : [2246,1000,vendor.qti.qesdk.sysservice,5524480,3735552,10240,81997824,1,0,4]
11-29 07:42:57.907 1491 1607 I am_pss : [2263,10086,com.qti.qualcomm.mstatssystemservice,5426176,3670016,10240,80928768,1,0,4]
11-29 07:42:57.912 1491 1607 I am_pss : [2218,1000,com.thundercomm.tcsetupwizard,5516288,3780608,10240,80572416,1,0,5]
11-29 07:42:57.918 1491 1607 I am_pss : [2191,1073,com.android.networkstack.process,14229504,11313152,10240,98803712,1,0,6]
11-29 07:42:57.923 1491 1607 I am_pss : [2161,1000,com.thundercomm.tchttpserver,6006784,4227072,10240,82743296,1,0,4]
11-29 07:42:57.930 1491 1607 I am_pss : [2166,1000,com.tc.logclient,16843776,14213120,10240,107114496,1,0,6]
11-29 07:42:57.935 1491 1607 I am_pss : [2146,10054,.qtidataservices,5694464,3891200,10240,81784832,1,0,5]
11-29 07:42:57.940 1491 1607 I am_pss : [2121,1001,.dataservices,8860672,6922240,14336,87379968,1,0,4]
11-29 07:42:57.946 1491 1607 I am_pss : [2109,1000,com.thundercomm.microsettings,18212864,12705792,10240,106737664,1,0,5]
11-29 07:42:57.947 1491 1491 I service_manager_stats: [100,70,22669]
11-29 07:42:57.951 1491 1607 I am_pss : [2036,1000,com.thundercomm.microservice,6306816,4513792,10240,83406848,1,0,4]
11-29 07:42:57.967 1491 1607 I am_pss : [30912,10082,com.android.systemui,135520256,125587456,10240,255787008,1,0,15]
11-29 07:42:57.988 1491 1607 I am_pss : [1491,1000,system,175247360,95907840,10240,447692800,1,0,19]
11-29 07:42:58.079 353 353 I auditd : type=1400 audit(0.0:18664): avc: denied { kill } for comm="irq/382-atmel_m" capability=5 scontext=u:r:kernel:s0 tcontext=u:r:kernel:s0 tclass=capability permissive=0
11-29 07:42:59.079 0 0 I auditd : type=1400 audit(0.0:18665): avc: denied { kill } for comm="swapper/0" capability=5 scontext=u:r:kernel:s0 tcontext=u:r:kernel:s0 tclass=capability permissive=0
11-29 07:42:59.440 1491 1723 I netstats_mobile_sample: [0,0,0,0,0,0,0,0,0,0,0,0,1669678979439]
11-29 07:42:59.440 1491 1723 I netstats_wifi_sample: [6122376008,5099523,211587935,994414,6122376008,5099523,211587935,994414,6205130334,5739396,123157046,794077,1669678979439]
11-29 07:43:00.079 353 353 I auditd : type=1400 audit(0.0:18666): avc: denied { kill } for comm="irq/382-atmel_m" capability=5 scontext=u:r:kernel:s0 tcontext=u:r:kernel:s0 tclass=capability permissive=0
11-29 07:43:01.079 0 0 I auditd : type=1400 audit(0.0:18667): avc: denied { kill } for comm="swapper/0" capability=5 scontext=u:r:kernel:s0 tcontext=u:r:kernel:s0 tclass=capability permissive=0
11-29 07:43:01.475 1491 1723 I netstats_mobile_sample: [0,0,0,0,0,0,0,0,0,0,0,0,1669678981475]
11-29 07:43:01.475 1491 1723 I netstats_wifi_sample: [6126579538,5103050,211634933,994962,6126579538,5103050,211634933,994962,6209321176,5742913,123192808,794597,1669678981475]
11-29 07:43:02.079 0 0 I auditd : type=1400 audit(0.0:18668): avc: denied { kill } for comm="swapper/0" capability=5 scontext=u:r:kernel:s0 tcontext=u:r:kernel:s0 tclass=capability permissive=0
11-29 07:43:02.999 1491 8854 I wm_task_moved: [32,0,0]
11-29 07:43:02.999 1491 8854 I wm_task_moved: [32,0,8]
11-29 07:43:03.004 9956 9956 I wm_on_restart_called: [254362067,com.android.launcher3.uioverrides.QuickstepLauncher,performRestartActivity]
11-29 07:43:03.038 16043 16059 W ContextImpl: Calling a method in the system process without a qualified user: android.app.ContextImpl.startService:1816 android.content.ContextWrapper.startService:774 com.thundercomm.gamemode.ingame.services.GameModeActionUtils.startGameModeService:93 com.thundercomm.gamemode.ingame.services.GameModeActionUtils.startGameModeEntry:21 com.thundercomm.gamemode.ingame.services.ActivityMonitoringService$1.onActivityLaunch:127
11-29 07:43:03.039 9956 9956 I wm_on_start_called: [254362067,com.android.launcher3.uioverrides.QuickstepLauncher,handleStartActivity]
11-29 07:43:03.040 31172 31172 I view_enqueue_input_event: [Motion - Cancel,com.miHoYo.Yuanshen/com.miHoYo.sdk.platform.SdkActivity]
11-29 07:43:03.042 1491 1693 I input_interaction: Interaction with: edge-swipe (server), swipe-up (server), PointerEventDispatcher0 (server),
11-29 07:43:03.047 1491 1491 I GameModeConfig: Current uri is uri = content://com.thundercomm.gamemode.api/gamemode_settings/gamemode_isgaming
11-29 07:43:03.050 1491 1491 I GameModeConfig: isGameModeOn = false
11-29 07:43:03.050 1491 1491 I GameModeConfig: isGameModeOn = false
11-29 07:43:03.050 1491 1491 I GameModeConfig: isDisableVoice = true
11-29 07:43:03.058 9956 9956 I sysui_latency: [1,79]
11-29 07:43:03.068 1491 1600 I input_focus: [Focus request recents_animation_input_consumer,reason=UpdateInputWindows]
11-29 07:43:03.077 1491 1596 I sysui_multi_action: [319,19,322,67,325,16161,757,761,758,9,759,5,806,com.android.launcher3,871,com.android.launcher3.uioverrides.QuickstepLauncher,905,0,1320,8,1321,5]
11-29 07:43:03.079 353 353 I auditd : type=1400 audit(0.0:18669): avc: denied { kill } for comm="irq/382-atmel_m" capability=5 scontext=u:r:kernel:s0 tcontext=u:r:kernel:s0 tclass=capability permissive=0
11-29 07:43:03.087 1491 1693 I input_focus: [Focus leaving 4b66c6 com.miHoYo.Yuanshen/com.miHoYo.sdk.platform.SdkActivity (server),reason=NOT_FOCUSABLE]
11-29 07:43:03.088 1491 1693 I input_focus: [Focus entering recents_animation_input_consumer (server),reason=setFocusedWindow]
11-29 07:43:03.150 1491 1772 W ActivityTaskManager: getTaskSnapshot: taskId=1217 not found
11-29 07:43:03.242 1491 1673 I commit_sys_config_file: [settings-1-0,5]
11-29 07:43:03.357 1491 1723 I netstats_mobile_sample: [0,0,0,0,0,0,0,0,0,0,0,0,1669678983356]
11-29 07:43:03.357 1491 1723 I netstats_wifi_sample: [6131370147,5106992,211691940,995708,6131370147,5106992,211691940,995708,6214128851,5746911,123237765,795317,1669678983356]
11-29 07:43:03.368 1491 1607 I sysui_latency: [8,81]
11-29 07:43:03.794 1491 1673 I commit_sys_config_file: [settings-1-0,7]
11-29 07:43:04.079 30831 30831 I auditd : type=1400 audit(0.0:18670): avc: denied { kill } for comm="kworker/0:1" capability=5 scontext=u:r:kernel:s0 tcontext=u:r:kernel:s0 tclass=capability permissive=0
11-29 07:43:04.243 1491 1693 I input_interaction: Interaction with: cd0514f com.android.launcher3/com.android.launcher3.uioverrides.QuickstepLauncher (server), edge-swipe (server), swipe-up (server), PointerEventDispatcher0 (server),
11-29 07:43:04.825 1491 2059 I wm_task_moved: [32,1,9]
11-29 07:43:04.827 1491 2059 I wm_focused_root_task: [0,0,32,241,RecentsAnimation.onAnimationFinished()]
