11-29 07:52:59.482 1491 2058 I wm_task_moved: [243,1,9]
11-29 07:52:59.484 1491 2058 I wm_pause_activity: [0,254362067,com.android.launcher3/.uioverrides.QuickstepLauncher,userLeaving=true,pauseBackTasks]
11-29 07:52:59.491 9956 9956 I wm_on_top_resumed_lost_called: [254362067,com.android.launcher3.uioverrides.QuickstepLauncher,topStateChangedWhenResumed]
11-29 07:52:59.493 9956 9956 I wm_on_paused_called: [254362067,com.android.launcher3.uioverrides.QuickstepLauncher,performPause]
11-29 07:52:59.494 1491 10785 I ActivityTaskManager: FOREGROUND_APPLICATION_CHANGED to com.android.music.MusicBrowserActivity
11-29 07:52:59.495 1491 10785 I ActivityTaskManager: The Process com.android.music Already Exists in BG. So sending its PID: 1900
11-29 07:52:59.497 1491 10785 I wm_add_to_stopping: [0,254362067,com.android.launcher3/.uioverrides.QuickstepLauncher,makeInvisible]
11-29 07:52:59.498 1491 10785 I wm_restart_activity: [0,219223401,243,com.android.music/.MusicBrowserActivity]
11-29 07:52:59.500 1491 10785 I wm_set_resumed_activity: [0,com.android.music/.MusicBrowserActivity,minimalResumeActivityLocked]
11-29 07:52:59.508 1491 1599 I am_uid_active: 10089
11-29 07:52:59.510 1491 1599 I sysui_multi_action: [757,803,799,window_time_0,802,0]
11-29 07:52:59.520 1491 1693 I input_focus: [Focus leaving cd0514f com.android.launcher3/com.android.launcher3.uioverrides.QuickstepLauncher (server),reason=NO_WINDOW]
11-29 07:52:59.539 16043 16059 W ContextImpl: Calling a method in the system process without a qualified user: android.app.ContextImpl.startService:1816 android.content.ContextWrapper.startService:774 com.thundercomm.gamemode.ingame.services.GameModeActionUtils.startGameModeService:93 com.thundercomm.gamemode.ingame.services.GameModeActionUtils.startGameModeEntry:21 com.thundercomm.gamemode.ingame.services.ActivityMonitoringService$1.onActivityLaunch:127
11-29 07:52:59.544 1491 1491 I GameModeConfig: Current uri is uri = content://com.thundercomm.gamemode.api/gamemode_settings/gamemode_isgaming
11-29 07:52:59.548 1491 1491 I GameModeConfig: isGameModeOn = false
11-29 07:52:59.549 1491 1491 I GameModeConfig: isGameModeOn = false
11-29 07:52:59.549 1491 1491 I GameModeConfig: isDisableVoice = true
11-29 07:52:59.576 1900 1900 I wm_on_create_called: [219223401,com.android.music.MusicBrowserActivity,performCreate]
11-29 07:52:59.593 1900 1900 I wm_on_start_called: [219223401,com.android.music.MusicBrowserActivity,handleStartActivity]
11-29 07:52:59.594 1900 1900 I wm_on_resume_called: [219223401,com.android.music.MusicBrowserActivity,RESUME_ACTIVITY]
11-29 07:52:59.599 1900 1900 I wm_on_top_resumed_gained_called: [219223401,com.android.music.MusicBrowserActivity,topStateChangedWhenResumed]
11-29 07:52:59.623 16043 16059 W ContextImpl: Calling a method in the system process without a qualified user: android.app.ContextImpl.startService:1816 android.content.ContextWrapper.startService:774 com.thundercomm.gamemode.ingame.services.GameModeActionUtils.startGameModeService:93 com.thundercomm.gamemode.ingame.services.GameModeActionUtils.startGameModeEntry:21 com.thundercomm.gamemode.ingame.services.ActivityMonitoringService$1.onActivityLaunch:127
11-29 07:52:59.627 1491 1491 I GameModeConfig: Current uri is uri = content://com.thundercomm.gamemode.api/gamemode_settings/gamemode_isgaming
11-29 07:52:59.632 1491 1491 I GameModeConfig: isGameModeOn = false
11-29 07:52:59.632 1491 1491 I GameModeConfig: isGameModeOn = false
11-29 07:52:59.632 1491 1491 I GameModeConfig: isDisableVoice = true
11-29 07:52:59.665 1491 1608 I am_uid_running: 10021
11-29 07:52:59.666 1491 1608 D CompatibilityChangeReporter: Compat change id reported: 135634846; UID 10021; state: DISABLED
11-29 07:52:59.666 1491 1608 D CompatibilityChangeReporter: Compat change id reported: 177438394; UID 10021; state: DISABLED
11-29 07:52:59.666 1491 1608 D CompatibilityChangeReporter: Compat change id reported: 135772972; UID 10021; state: DISABLED
11-29 07:52:59.666 1491 1608 D CompatibilityChangeReporter: Compat change id reported: 135754954; UID 10021; state: ENABLED
11-29 07:52:59.667 1491 1609 D CompatibilityChangeReporter: Compat change id reported: 143937733; UID 10021; state: ENABLED
11-29 07:52:59.674 1491 1609 I am_proc_start: [0,1983,10021,com.android.musicfx,broadcast,{com.android.musicfx/com.android.musicfx.ControlPanelReceiver}]
11-29 07:52:59.674 1491 1609 I ActivityManager: Start proc 1983:com.android.musicfx/u0a21 for broadcast {com.android.musicfx/com.android.musicfx.ControlPanelReceiver}
11-29 07:52:59.678 1491 9316 I sysui_multi_action: [757,856,758,1,806,com.android.music,857,Channel-music,858,2]
11-29 07:52:59.678 1491 1760 I GameModeConfig: isGameModeOn = false
11-29 07:52:59.679 1491 1760 I GameModeConfig: isGameModeOn = false
11-29 07:52:59.679 1491 1760 I GameModeConfig: isGameModeOn = false
11-29 07:52:59.679 1491 1760 I GameModeConfig: isGameModeOn = false
11-29 07:52:59.679 1491 1760 I GameModeConfig: isGameModeOn = false
11-29 07:52:59.679 1491 1760 I GameModeConfig: isGameModeOn = false
11-29 07:52:59.679 1491 1760 I GameModeConfig: isGameModeOn = false
11-29 07:52:59.679 1491 1760 I GameModeConfig: isGameModeOn = false
11-29 07:52:59.693 1491 1760 I GameModeConfig: isGameModeOn = false
11-29 07:52:59.693 1491 1760 I GameModeConfig: isGameModeOn = false
11-29 07:52:59.693 1491 1760 I GameModeConfig: isGameModeOn = false
11-29 07:52:59.693 1491 1760 I GameModeConfig: isGameModeOn = false
11-29 07:52:59.693 1491 1760 I GameModeConfig: isGameModeOn = false
11-29 07:52:59.693 1491 1760 I GameModeConfig: isGameModeOn = false
11-29 07:52:59.694 1491 1760 I GameModeConfig: isGameModeOn = false
11-29 07:52:59.694 1491 1760 I GameModeConfig: isGameModeOn = false
11-29 07:52:59.694 1491 10785 I am_proc_bound: [0,1983,com.android.musicfx]
11-29 07:52:59.694 1491 1491 I notification_enqueue: [10089,1900,com.android.music,1,NULL,0,Notification(channel=Channel-music shortcut=null contentView=null vibrate=null sound=null defaults=0x0 flags=0x0 color=0x00000000 category=transport actions=4 vis=PRIVATE),0]
11-29 07:52:59.695 1491 1491 I notification_enqueue: [10089,1900,com.android.music,1,NULL,0,Notification(channel=Channel-music shortcut=null contentView=null vibrate=null sound=null defaults=0x0 flags=0x40 color=0x00000000 category=transport actions=4 vis=PRIVATE),0]
11-29 07:52:59.706 1491 1491 I notification_enqueue: [10089,1900,com.android.music,1,NULL,0,Notification(channel=Channel-music shortcut=null contentView=null vibrate=null sound=null defaults=0x0 flags=0x40 color=0x00000000 category=transport actions=4 vis=PRIVATE),0]
11-29 07:52:59.710 1491 1491 I notification_enqueue: [10089,1900,com.android.music,1,NULL,0,Notification(channel=Channel-music shortcut=null contentView=null vibrate=null sound=null defaults=0x0 flags=0x40 color=0x00000000 category=transport actions=4 vis=PRIVATE),0]
11-29 07:52:59.713 1491 1600 I input_focus: [Focus request 692e614 com.android.music/com.android.music.MusicBrowserActivity,reason=UpdateInputWindows]
11-29 07:52:59.740 1491 1760 I GameModeConfig: isGameModeOn = false
11-29 07:52:59.740 1491 1760 I GameModeConfig: isGameModeOn = false
11-29 07:52:59.741 1491 1760 I GameModeConfig: isGameModeOn = false
11-29 07:52:59.741 1491 1760 I GameModeConfig: isGameModeOn = false
11-29 07:52:59.741 1491 1760 I GameModeConfig: isGameModeOn = false
11-29 07:52:59.743 1491 1760 I GameModeConfig: isGameModeOn = false
11-29 07:52:59.744 1491 1760 I GameModeConfig: isGameModeOn = false
11-29 07:52:59.745 1491 1760 I GameModeConfig: isGameModeOn = false
11-29 07:52:59.747 1491 1596 I sysui_multi_action: [319,66,321,64,322,273,325,16757,757,761,758,8,759,1,806,com.android.music,871,com.android.music.MusicBrowserActivity,904,com.android.launcher3,905,0,1320,4,1321,1]
11-29 07:52:59.752 1491 1596 I wm_activity_launch_time: [0,219223401,com.android.music/.MusicBrowserActivity,273]
11-29 07:52:59.755 1491 1491 I notification_enqueue: [10089,1900,com.android.music,1,NULL,0,Notification(channel=Channel-music shortcut=null contentView=null vibrate=null sound=null defaults=0x0 flags=0x40 color=0x00000000 category=transport actions=4 vis=PRIVATE),0]
11-29 07:52:59.756 1491 1693 I input_focus: [Focus entering 692e614 com.android.music/com.android.music.MusicBrowserActivity (server),reason=Window became focusable. Previous reason: NOT_VISIBLE]
11-29 07:52:59.758 1491 1491 I notification_enqueue: [10089,1900,com.android.music,1,NULL,0,Notification(channel=Channel-music shortcut=null contentView=null vibrate=null sound=null defaults=0x0 flags=0x40 color=0x00000000 category=transport actions=4 vis=PRIVATE),0]
11-29 07:52:59.768 1491 10785 D CompatibilityChangeReporter: Compat change id reported: 157233955; UID 10089; state: ENABLED
11-29 07:52:59.895 1491 1491 I sysui_multi_action: [757,1501,758,1,793,203,794,0,795,203,796,1,806,com.android.music,857,Channel-music,858,2,947,0,1500,0,1641,transport,1688,1,1745,1043716538]
11-29 07:52:59.895 1491 1491 I sysui_multi_action: [757,804,799,note_interruptive,801,0,802,1]
11-29 07:52:59.895 1491 1491 I GameModeConfig: isGameModeOn = false
11-29 07:52:59.898 1491 1491 W NotificationHistory: Attempted to add notif for locked/gone/disabled user 0
11-29 07:52:59.898 1491 1491 I GameModeConfig: isGameModeOn = false
11-29 07:52:59.907 1491 1491 I GameModeConfig: isGameModeOn = false
11-29 07:52:59.911 1491 1491 I GameModeConfig: isGameModeOn = false
11-29 07:52:59.935 1491 1598 I commit_sys_config_file: [notification-policy,16748353]
11-29 07:52:59.956 1491 1491 I GameModeConfig: isGameModeOn = false
11-29 07:52:59.959 1491 1491 I GameModeConfig: isGameModeOn = false
11-29 07:52:59.973 1491 1491 I sysui_multi_action: [757,128,758,5,759,8,793,628053,794,0,795,628053,796,1,797,empty_media,806,com.android.systemui,857,empty_media_style_id,858,4,947,0,1500,627838,1641,transport,1688,1,1745,1043716538]
11-29 07:52:59.973 1491 1491 I notification_canceled: [0|com.android.systemui|1|empty_media|10082,8,628053,628053,0,-1,-1,NULL]
11-29 07:53:00.073 1491 1599 I wm_stop_activity: [0,254362067,com.android.launcher3/.uioverrides.QuickstepLauncher]
11-29 07:53:00.079 353 353 I auditd : type=1400 audit(0.0:19153): avc: denied { kill } for comm="irq/382-atmel_m" capability=5 scontext=u:r:kernel:s0 tcontext=u:r:kernel:s0 tclass=capability permissive=0
11-29 07:53:00.101 9956 9956 I wm_on_stop_called: [254362067,com.android.launcher3.uioverrides.QuickstepLauncher,STOP_ACTIVITY_ITEM]
11-29 07:53:00.116 16043 16059 W ContextImpl: Calling a method in the system process without a qualified user: android.app.ContextImpl.startService:1816 android.content.ContextWrapper.startService:774 com.thundercomm.gamemode.ingame.services.GameModeActionUtils.startGameModeService:93 com.thundercomm.gamemode.ingame.services.GameModeActionUtils.startGameModeEntry:21 com.thundercomm.gamemode.ingame.services.ActivityMonitoringService$1.onActivityLaunch:127
11-29 07:53:00.121 1491 1491 I GameModeConfig: Current uri is uri = content://com.thundercomm.gamemode.api/gamemode_settings/gamemode_isgaming
11-29 07:53:00.124 1491 1491 I GameModeConfig: isGameModeOn = false
11-29 07:53:00.125 1491 1491 I GameModeConfig: isGameModeOn = false
11-29 07:53:00.125 1491 1491 I GameModeConfig: isDisableVoice = true
11-29 07:53:00.242 1491 1693 I input_interaction: Interaction with: 3c721b8 StatusBar (server), edge-swipe (server), swipe-up (server), PointerEventDispatcher0 (server),
11-29 07:53:00.246 30912 30912 I sysui_multi_action: [757,803,799,panel_open,802,1]
11-29 07:53:00.246 30912 30912 I sysui_multi_action: [757,1328,758,4,1326,55,1327,0,1329,0]
11-29 07:53:00.291 1491 9316 I sysui_multi_action: [757,127,758,1]
11-29 07:53:00.292 1491 9316 I sysui_multi_action: [757,804,799,note_load,801,2,802,1]
11-29 07:53:00.293 1491 1760 I GameModeConfig: isGameModeOn = false
11-29 07:53:00.295 1491 1760 I GameModeConfig: isGameModeOn = false
11-29 07:53:00.295 1491 1760 I GameModeConfig: isGameModeOn = false
11-29 07:53:00.295 1491 1760 I GameModeConfig: isGameModeOn = false
11-29 07:53:00.295 1491 1760 I GameModeConfig: isGameModeOn = false
11-29 07:53:00.295 1491 1760 I GameModeConfig: isGameModeOn = false
11-29 07:53:00.295 1491 1760 I GameModeConfig: isGameModeOn = false
11-29 07:53:00.295 1491 1760 I GameModeConfig: isGameModeOn = false
11-29 07:53:00.296 1491 9316 I notification_panel_revealed: 2
11-29 07:53:00.297 30912 30912 I sysui_multi_action: [757,111,758,2]
11-29 07:53:00.297 30912 30912 I sysui_multi_action: [757,111,758,2]
11-29 07:53:00.298 1491 1491 I notification_enqueue: [10082,30912,com.android.systemui,2048,NULL,0,Notification(channel=updateNotification shortcut=null contentView=null vibrate=null sound=null defaults=0x0 flags=0x0 color=0x00000000 vis=PRIVATE),1]
11-29 07:53:00.311 1491 1600 I input_focus: [Focus request 6b9abb7 NotificationShade,reason=UpdateInputWindows]
11-29 07:53:00.311 30912 30912 I sysui_multi_action: [757,111,758,1]
11-29 07:53:00.311 30912 30912 I sysui_multi_action: [757,126,758,1,759,126,927,0,928,1,1593,0]
11-29 07:53:00.312 30912 30912 I sysui_multi_action: [757,113,758,1,759,113,927,1,928,1,1593,0]
11-29 07:53:00.312 30912 30912 I sysui_multi_action: [757,0,758,1,759,0,927,2,928,0,1593,0]
11-29 07:53:00.312 30912 30912 I sysui_multi_action: [757,0,758,1,759,0,927,3,928,0,1593,0]
11-29 07:53:00.313 30912 30912 I sysui_multi_action: [757,491,758,1,759,491,927,4,928,0,1311,-1,1593,0]
11-29 07:53:00.313 30912 30912 I sysui_multi_action: [757,0,758,1,759,0,927,5,928,0,1593,0]
11-29 07:53:00.313 30912 30912 I sysui_multi_action: [757,111,758,1]
11-29 07:53:00.313 30912 30912 I sysui_multi_action: [757,126,758,1,759,126,927,0,928,1,1593,0]
11-29 07:53:00.313 30912 30912 I sysui_multi_action: [757,113,758,1,759,113,927,1,928,1,1593,0]
11-29 07:53:00.313 30912 30912 I sysui_multi_action: [757,0,758,1,759,0,927,2,928,0,1593,0]
11-29 07:53:00.313 30912 30912 I sysui_multi_action: [757,0,758,1,759,0,927,3,928,0,1593,0]
11-29 07:53:00.322 1491 1760 I GameModeConfig: isGameModeOn = false
11-29 07:53:00.322 1491 1760 I GameModeConfig: isGameModeOn = false
11-29 07:53:00.322 1491 1760 I GameModeConfig: isGameModeOn = false
11-29 07:53:00.322 1491 1760 I GameModeConfig: isGameModeOn = false
11-29 07:53:00.322 1491 1760 I GameModeConfig: isGameModeOn = false
11-29 07:53:00.322 1491 1760 I GameModeConfig: isGameModeOn = false
11-29 07:53:00.323 1491 1760 I GameModeConfig: isGameModeOn = false
11-29 07:53:00.323 1491 1760 I GameModeConfig: isGameModeOn = false
11-29 07:53:00.324 30912 30912 I sysui_multi_action: [757,111,758,2]
11-29 07:53:00.324 1491 1491 I notification_enqueue: [10082,30912,com.android.systemui,2048,NULL,0,Notification(channel=updateNotification shortcut=null contentView=null vibrate=null sound=null defaults=0x0 flags=0x0 color=0x00000000 vis=PRIVATE),1]
11-29 07:53:00.324 30912 30912 I sysui_multi_action: [757,111,758,2]
11-29 07:53:00.325 1491 1693 I input_focus: [Focus leaving 692e614 com.android.music/com.android.music.MusicBrowserActivity (server),reason=setFocusedWindow]
11-29 07:53:00.326 1491 1693 I input_focus: [Focus entering 6b9abb7 NotificationShade (server),reason=setFocusedWindow]
11-29 07:53:00.327 30912 30912 I sysui_multi_action: [757,111,758,1]
11-29 07:53:00.327 30912 30912 I sysui_multi_action: [757,126,758,1,759,126,927,0,928,1,1593,0]
11-29 07:53:00.327 30912 30912 I sysui_multi_action: [757,113,758,1,759,113,927,1,928,1,1593,0]
11-29 07:53:00.327 30912 30912 I sysui_multi_action: [757,0,758,1,759,0,927,2,928,0,1593,0]
11-29 07:53:00.327 30912 30912 I sysui_multi_action: [757,0,758,1,759,0,927,3,928,0,1593,0]
11-29 07:53:00.328 30912 30912 I sysui_multi_action: [757,491,758,1,759,491,927,4,928,0,1311,-1,1593,0]
11-29 07:53:00.328 30912 30912 I sysui_multi_action: [757,0,758,1,759,0,927,5,928,0,1593,0]
11-29 07:53:00.328 30912 30912 I sysui_multi_action: [757,111,758,1]
11-29 07:53:00.328 30912 30912 I sysui_multi_action: [757,126,758,1,759,126,927,0,928,1,1593,0]
11-29 07:53:00.328 30912 30912 I sysui_multi_action: [757,113,758,1,759,113,927,1,928,1,1593,0]
11-29 07:53:00.328 30912 30912 I sysui_multi_action: [757,0,758,1,759,0,927,2,928,0,1593,0]
11-29 07:53:00.328 30912 30912 I sysui_multi_action: [757,0,758,1,759,0,927,3,928,0,1593,0]
11-29 07:53:00.338 30912 30912 I sysui_multi_action: [757,111,758,2]
11-29 07:53:00.338 30912 30912 I sysui_multi_action: [757,111,758,2]
11-29 07:53:00.339 1491 1491 I notification_enqueue: [10082,30912,com.android.systemui,2048,NULL,0,Notification(channel=updateNotification shortcut=null contentView=null vibrate=null sound=null defaults=0x0 flags=0x0 color=0x00000000 vis=PRIVATE),1]
11-29 07:53:00.340 1491 1760 I GameModeConfig: isGameModeOn = false
11-29 07:53:00.340 1491 1760 I GameModeConfig: isGameModeOn = false
11-29 07:53:00.340 1491 1760 I GameModeConfig: isGameModeOn = false
11-29 07:53:00.341 1491 1760 I GameModeConfig: isGameModeOn = false
11-29 07:53:00.341 1491 1760 I GameModeConfig: isGameModeOn = false
11-29 07:53:00.341 1491 1760 I GameModeConfig: isGameModeOn = false
11-29 07:53:00.341 1491 1760 I GameModeConfig: isGameModeOn = false
11-29 07:53:00.342 30912 30912 I sysui_multi_action: [757,111,758,1]
11-29 07:53:00.342 1491 1760 I GameModeConfig: isGameModeOn = false
11-29 07:53:00.342 30912 30912 I sysui_multi_action: [757,126,758,1,759,126,927,0,928,1,1593,0]
11-29 07:53:00.342 30912 30912 I sysui_multi_action: [757,113,758,1,759,113,927,1,928,1,1593,0]
11-29 07:53:00.342 30912 30912 I sysui_multi_action: [757,0,758,1,759,0,927,2,928,0,1593,0]
11-29 07:53:00.342 30912 30912 I sysui_multi_action: [757,0,758,1,759,0,927,3,928,0,1593,0]
11-29 07:53:00.342 30912 30912 I sysui_multi_action: [757,491,758,1,759,491,927,4,928,0,1311,-1,1593,0]
11-29 07:53:00.342 30912 30912 I sysui_multi_action: [757,0,758,1,759,0,927,5,928,0,1593,0]
11-29 07:53:00.342 30912 30912 I sysui_multi_action: [757,111,758,1]
11-29 07:53:00.342 30912 30912 I sysui_multi_action: [757,126,758,1,759,126,927,0,928,1,1593,0]
11-29 07:53:00.342 30912 30912 I sysui_multi_action: [757,113,758,1,759,113,927,1,928,1,1593,0]
11-29 07:53:00.342 30912 30912 I sysui_multi_action: [757,0,758,1,759,0,927,2,928,0,1593,0]
11-29 07:53:00.342 30912 30912 I sysui_multi_action: [757,0,758,1,759,0,927,3,928,0,1593,0]
11-29 07:53:00.356 1491 1760 I GameModeConfig: isGameModeOn = false
11-29 07:53:00.357 1491 1760 I GameModeConfig: isGameModeOn = false
11-29 07:53:00.357 1491 1760 I GameModeConfig: isGameModeOn = false
11-29 07:53:00.357 1491 1760 I GameModeConfig: isGameModeOn = false
11-29 07:53:00.357 1491 1760 I GameModeConfig: isGameModeOn = false
11-29 07:53:00.357 1491 1760 I GameModeConfig: isGameModeOn = false
11-29 07:53:00.358 1491 1760 I GameModeConfig: isGameModeOn = false
11-29 07:53:00.358 1491 1760 I GameModeConfig: isGameModeOn = false
11-29 07:53:00.359 30912 30912 I sysui_multi_action: [757,111,758,2]
11-29 07:53:00.359 30912 30912 I sysui_multi_action: [757,111,758,2]
11-29 07:53:00.360 1491 1491 I notification_enqueue: [10082,30912,com.android.systemui,2048,NULL,0,Notification(channel=updateNotification shortcut=null contentView=null vibrate=null sound=null defaults=0x0 flags=0x0 color=0x00000000 vis=PRIVATE),1]
11-29 07:53:00.369 30912 30912 I sysui_multi_action: [757,111,758,1]
11-29 07:53:00.369 30912 30912 I sysui_multi_action: [757,126,758,1,759,126,927,0,928,1,1593,0]
11-29 07:53:00.369 30912 30912 I sysui_multi_action: [757,113,758,1,759,113,927,1,928,1,1593,0]
11-29 07:53:00.369 30912 30912 I sysui_multi_action: [757,0,758,1,759,0,927,2,928,0,1593,0]
11-29 07:53:00.369 30912 30912 I sysui_multi_action: [757,0,758,1,759,0,927,3,928,0,1593,0]
11-29 07:53:00.370 30912 30912 I sysui_multi_action: [757,491,758,1,759,491,927,4,928,0,1311,-1,1593,0]
11-29 07:53:00.370 30912 30912 I sysui_multi_action: [757,0,758,1,759,0,927,5,928,0,1593,0]
11-29 07:53:00.370 30912 30912 I sysui_multi_action: [757,111,758,1]
11-29 07:53:00.370 30912 30912 I sysui_multi_action: [757,126,758,1,759,126,927,0,928,1,1593,0]
11-29 07:53:00.370 30912 30912 I sysui_multi_action: [757,113,758,1,759,113,927,1,928,1,1593,0]
11-29 07:53:00.370 30912 30912 I sysui_multi_action: [757,0,758,1,759,0,927,2,928,0,1593,0]
11-29 07:53:00.370 30912 30912 I sysui_multi_action: [757,0,758,1,759,0,927,3,928,0,1593,0]
11-29 07:53:00.386 1491 1760 I GameModeConfig: isGameModeOn = false
11-29 07:53:00.387 1491 1760 I GameModeConfig: isGameModeOn = false
11-29 07:53:00.387 1491 1760 I GameModeConfig: isGameModeOn = false
11-29 07:53:00.387 1491 1760 I GameModeConfig: isGameModeOn = false
11-29 07:53:00.387 1491 1760 I GameModeConfig: isGameModeOn = false
11-29 07:53:00.387 1491 1760 I GameModeConfig: isGameModeOn = false
11-29 07:53:00.388 1491 1760 I GameModeConfig: isGameModeOn = false
11-29 07:53:00.388 1491 1760 I GameModeConfig: isGameModeOn = false
11-29 07:53:00.389 30912 30912 I sysui_multi_action: [757,111,758,2]
11-29 07:53:00.389 30912 30912 I sysui_multi_action: [757,111,758,2]
11-29 07:53:00.389 1491 1491 I notification_enqueue: [10082,30912,com.android.systemui,2048,NULL,0,Notification(channel=updateNotification shortcut=null contentView=null vibrate=null sound=null defaults=0x0 flags=0x0 color=0x00000000 vis=PRIVATE),1]
11-29 07:53:00.393 30912 30912 I sysui_multi_action: [757,111,758,1]
11-29 07:53:00.393 30912 30912 I sysui_multi_action: [757,126,758,1,759,126,927,0,928,1,1593,0]
11-29 07:53:00.393 30912 30912 I sysui_multi_action: [757,113,758,1,759,113,927,1,928,1,1593,0]
11-29 07:53:00.393 30912 30912 I sysui_multi_action: [757,0,758,1,759,0,927,2,928,0,1593,0]
11-29 07:53:00.393 30912 30912 I sysui_multi_action: [757,0,758,1,759,0,927,3,928,0,1593,0]
11-29 07:53:00.394 30912 30912 I sysui_multi_action: [757,491,758,1,759,491,927,4,928,0,1311,-1,1593,0]
11-29 07:53:00.394 30912 30912 I sysui_multi_action: [757,0,758,1,759,0,927,5,928,0,1593,0]
11-29 07:53:00.394 30912 30912 I sysui_multi_action: [757,111,758,1]
11-29 07:53:00.394 30912 30912 I sysui_multi_action: [757,126,758,1,759,126,927,0,928,1,1593,0]
11-29 07:53:00.394 30912 30912 I sysui_multi_action: [757,113,758,1,759,113,927,1,928,1,1593,0]
11-29 07:53:00.394 30912 30912 I sysui_multi_action: [757,0,758,1,759,0,927,2,928,0,1593,0]
11-29 07:53:00.394 30912 30912 I sysui_multi_action: [757,0,758,1,759,0,927,3,928,0,1593,0]
11-29 07:53:00.404 1491 1760 I GameModeConfig: isGameModeOn = false
11-29 07:53:00.405 1491 1760 I GameModeConfig: isGameModeOn = false
11-29 07:53:00.406 1491 1760 I GameModeConfig: isGameModeOn = false
11-29 07:53:00.406 1491 1760 I GameModeConfig: isGameModeOn = false
11-29 07:53:00.406 1491 1760 I GameModeConfig: isGameModeOn = false
11-29 07:53:00.407 1491 1760 I GameModeConfig: isGameModeOn = false
11-29 07:53:00.407 1491 1760 I GameModeConfig: isGameModeOn = false
11-29 07:53:00.407 1491 1760 I GameModeConfig: isGameModeOn = false
11-29 07:53:00.408 30912 30912 I sysui_multi_action: [757,111,758,2]
11-29 07:53:00.409 30912 30912 I sysui_multi_action: [757,111,758,2]
11-29 07:53:00.409 1491 1491 I notification_enqueue: [10082,30912,com.android.systemui,2048,NULL,0,Notification(channel=updateNotification shortcut=null contentView=null vibrate=null sound=null defaults=0x0 flags=0x0 color=0x00000000 vis=PRIVATE),1]
11-29 07:53:00.412 30912 30912 I sysui_multi_action: [757,111,758,1]
11-29 07:53:00.413 30912 30912 I sysui_multi_action: [757,126,758,1,759,126,927,0,928,1,1593,0]
11-29 07:53:00.413 30912 30912 I sysui_multi_action: [757,113,758,1,759,113,927,1,928,1,1593,0]
11-29 07:53:00.413 30912 30912 I sysui_multi_action: [757,0,758,1,759,0,927,2,928,0,1593,0]
11-29 07:53:00.413 30912 30912 I sysui_multi_action: [757,0,758,1,759,0,927,3,928,0,1593,0]
11-29 07:53:00.413 30912 30912 I sysui_multi_action: [757,491,758,1,759,491,927,4,928,0,1311,-1,1593,0]
11-29 07:53:00.413 30912 30912 I sysui_multi_action: [757,0,758,1,759,0,927,5,928,0,1593,0]
11-29 07:53:00.413 30912 30912 I sysui_multi_action: [757,111,758,1]
11-29 07:53:00.414 30912 30912 I sysui_multi_action: [757,126,758,1,759,126,927,0,928,1,1593,0]
11-29 07:53:00.414 30912 30912 I sysui_multi_action: [757,113,758,1,759,113,927,1,928,1,1593,0]
11-29 07:53:00.414 30912 30912 I sysui_multi_action: [757,0,758,1,759,0,927,2,928,0,1593,0]
11-29 07:53:00.414 30912 30912 I sysui_multi_action: [757,0,758,1,759,0,927,3,928,0,1593,0]
11-29 07:53:00.424 1491 1760 I GameModeConfig: isGameModeOn = false
11-29 07:53:00.424 1491 1760 I GameModeConfig: isGameModeOn = false
11-29 07:53:00.425 1491 1760 I GameModeConfig: isGameModeOn = false
11-29 07:53:00.425 1491 1760 I GameModeConfig: isGameModeOn = false
11-29 07:53:00.425 1491 1760 I GameModeConfig: isGameModeOn = false
11-29 07:53:00.426 1491 1760 I GameModeConfig: isGameModeOn = false
11-29 07:53:00.426 1491 1760 I GameModeConfig: isGameModeOn = false
11-29 07:53:00.426 1491 1760 I GameModeConfig: isGameModeOn = false
11-29 07:53:00.427 30912 30912 I sysui_multi_action: [757,111,758,2]
11-29 07:53:00.427 30912 30912 I sysui_multi_action: [757,111,758,2]
11-29 07:53:00.428 1491 1491 I notification_enqueue: [10082,30912,com.android.systemui,2048,NULL,0,Notification(channel=updateNotification shortcut=null contentView=null vibrate=null sound=null defaults=0x0 flags=0x0 color=0x00000000 vis=PRIVATE),1]
11-29 07:53:00.430 30912 30912 I sysui_multi_action: [757,111,758,1]
11-29 07:53:00.431 30912 30912 I sysui_multi_action: [757,126,758,1,759,126,927,0,928,1,1593,0]
11-29 07:53:00.431 30912 30912 I sysui_multi_action: [757,113,758,1,759,113,927,1,928,1,1593,0]
11-29 07:53:00.431 30912 30912 I sysui_multi_action: [757,0,758,1,759,0,927,2,928,0,1593,0]
11-29 07:53:00.431 30912 30912 I sysui_multi_action: [757,0,758,1,759,0,927,3,928,0,1593,0]
11-29 07:53:00.431 30912 30912 I sysui_multi_action: [757,491,758,1,759,491,927,4,928,0,1311,-1,1593,0]
11-29 07:53:00.431 30912 30912 I sysui_multi_action: [757,0,758,1,759,0,927,5,928,0,1593,0]
11-29 07:53:00.431 30912 30912 I sysui_multi_action: [757,111,758,1]
11-29 07:53:00.431 30912 30912 I sysui_multi_action: [757,126,758,1,759,126,927,0,928,1,1593,0]
11-29 07:53:00.431 30912 30912 I sysui_multi_action: [757,113,758,1,759,113,927,1,928,1,1593,0]
11-29 07:53:00.431 30912 30912 I sysui_multi_action: [757,0,758,1,759,0,927,2,928,0,1593,0]
11-29 07:53:00.431 30912 30912 I sysui_multi_action: [757,0,758,1,759,0,927,3,928,0,1593,0]
11-29 07:53:00.450 1491 1760 I GameModeConfig: isGameModeOn = false
11-29 07:53:00.451 1491 1760 I GameModeConfig: isGameModeOn = false
11-29 07:53:00.451 1491 1760 I GameModeConfig: isGameModeOn = false
11-29 07:53:00.451 1491 1760 I GameModeConfig: isGameModeOn = false
11-29 07:53:00.451 1491 1760 I GameModeConfig: isGameModeOn = false
11-29 07:53:00.452 1491 1760 I GameModeConfig: isGameModeOn = false
11-29 07:53:00.452 1491 1760 I GameModeConfig: isGameModeOn = false
11-29 07:53:00.452 1491 1760 I GameModeConfig: isGameModeOn = false
11-29 07:53:00.453 30912 30912 I sysui_multi_action: [757,111,758,2]
11-29 07:53:00.454 30912 30912 I sysui_multi_action: [757,111,758,2]
11-29 07:53:00.454 1491 1491 I notification_enqueue: [10082,30912,com.android.systemui,2048,NULL,0,Notification(channel=updateNotification shortcut=null contentView=null vibrate=null sound=null defaults=0x0 flags=0x0 color=0x00000000 vis=PRIVATE),1]
11-29 07:53:00.457 30912 30912 I sysui_multi_action: [757,111,758,1]
11-29 07:53:00.457 30912 30912 I sysui_multi_action: [757,126,758,1,759,126,927,0,928,1,1593,0]
11-29 07:53:00.457 30912 30912 I sysui_multi_action: [757,113,758,1,759,113,927,1,928,1,1593,0]
11-29 07:53:00.458 30912 30912 I sysui_multi_action: [757,0,758,1,759,0,927,2,928,0,1593,0]
11-29 07:53:00.458 30912 30912 I sysui_multi_action: [757,0,758,1,759,0,927,3,928,0,1593,0]
11-29 07:53:00.458 30912 30912 I sysui_multi_action: [757,491,758,1,759,491,927,4,928,0,1311,-1,1593,0]
11-29 07:53:00.458 30912 30912 I sysui_multi_action: [757,0,758,1,759,0,927,5,928,0,1593,0]
11-29 07:53:00.458 30912 30912 I sysui_multi_action: [757,111,758,1]
11-29 07:53:00.458 30912 30912 I sysui_multi_action: [757,126,758,1,759,126,927,0,928,1,1593,0]
11-29 07:53:00.458 30912 30912 I sysui_multi_action: [757,113,758,1,759,113,927,1,928,1,1593,0]
11-29 07:53:00.458 30912 30912 I sysui_multi_action: [757,0,758,1,759,0,927,2,928,0,1593,0]
11-29 07:53:00.459 30912 30912 I sysui_multi_action: [757,0,758,1,759,0,927,3,928,0,1593,0]
11-29 07:53:00.476 30912 30912 I sysui_multi_action: [757,111,758,2]
11-29 07:53:00.476 30912 30912 I sysui_multi_action: [757,111,758,2]
11-29 07:53:00.476 1491 1491 I notification_enqueue: [10082,30912,com.android.systemui,2048,NULL,0,Notification(channel=updateNotification shortcut=null contentView=null vibrate=null sound=null defaults=0x0 flags=0x0 color=0x00000000 vis=PRIVATE),1]
11-29 07:53:00.478 30912 30912 I sysui_multi_action: [757,111,758,1]
11-29 07:53:00.478 30912 30912 I sysui_multi_action: [757,126,758,1,759,126,927,0,928,1,1593,0]
11-29 07:53:00.478 30912 30912 I sysui_multi_action: [757,113,758,1,759,113,927,1,928,1,1593,0]
11-29 07:53:00.478 30912 30912 I sysui_multi_action: [757,0,758,1,759,0,927,2,928,0,1593,0]
11-29 07:53:00.478 30912 30912 I sysui_multi_action: [757,0,758,1,759,0,927,3,928,0,1593,0]
11-29 07:53:00.479 30912 30912 I sysui_multi_action: [757,491,758,1,759,491,927,4,928,0,1311,-1,1593,0]
11-29 07:53:00.479 30912 30912 I sysui_multi_action: [757,0,758,1,759,0,927,5,928,0,1593,0]
11-29 07:53:00.479 30912 30912 I sysui_multi_action: [757,111,758,1]
11-29 07:53:00.479 30912 30912 I sysui_multi_action: [757,126,758,1,759,126,927,0,928,1,1593,0]
11-29 07:53:00.479 30912 30912 I sysui_multi_action: [757,113,758,1,759,113,927,1,928,1,1593,0]
11-29 07:53:00.479 30912 30912 I sysui_multi_action: [757,0,758,1,759,0,927,2,928,0,1593,0]
11-29 07:53:00.479 30912 30912 I sysui_multi_action: [757,0,758,1,759,0,927,3,928,0,1593,0]
11-29 07:53:00.483 1491 1760 I GameModeConfig: isGameModeOn = false
11-29 07:53:00.485 1491 1760 I GameModeConfig: isGameModeOn = false
11-29 07:53:00.485 1491 1760 I GameModeConfig: isGameModeOn = false
11-29 07:53:00.486 1491 1760 I GameModeConfig: isGameModeOn = false
11-29 07:53:00.486 1491 1760 I GameModeConfig: isGameModeOn = false
11-29 07:53:00.487 1491 1760 I GameModeConfig: isGameModeOn = false
11-29 07:53:00.487 1491 1760 I GameModeConfig: isGameModeOn = false
11-29 07:53:00.488 1491 1760 I GameModeConfig: isGameModeOn = false
11-29 07:53:00.499 1491 1491 I GameModeConfig: isGameModeOn = false
11-29 07:53:00.502 1491 1491 I sysui_multi_action: [757,1501,758,1,793,16737763,794,0,795,209,796,2048,806,com.android.systemui,857,updateNotification,858,3,947,0,1500,0,1688,1]
11-29 07:53:00.502 1491 1491 I sysui_multi_action: [757,804,799,note_interruptive,801,0,802,1]
11-29 07:53:00.502 1491 1491 I sysui_multi_action: [757,199,758,1,759,2,793,16737763,794,0,795,209,796,2048,806,com.android.systemui,857,updateNotification,858,3,947,0,1500,0,1688,1]
11-29 07:53:00.502 1491 1491 I notification_alert: [0|com.android.systemui|2048|null|10082,0,1,0]
11-29 07:53:00.506 1491 1491 W NotificationHistory: Attempted to add notif for locked/gone/disabled user 0
11-29 07:53:00.528 1491 1491 I GameModeConfig: isGameModeOn = false
11-29 07:53:00.529 1491 1491 E NotificationService: Muting recently noisy 0|com.android.systemui|2048|null|10082
11-29 07:53:00.541 1491 1491 I GameModeConfig: isGameModeOn = false
11-29 07:53:00.542 1491 1491 E NotificationService: Muting recently noisy 0|com.android.systemui|2048|null|10082
11-29 07:53:00.562 1491 1491 I GameModeConfig: isGameModeOn = false
11-29 07:53:00.562 1491 1491 E NotificationService: Muting recently noisy 0|com.android.systemui|2048|null|10082
11-29 07:53:00.590 1491 1491 I GameModeConfig: isGameModeOn = false
11-29 07:53:00.591 1491 1491 E NotificationService: Muting recently noisy 0|com.android.systemui|2048|null|10082
11-29 07:53:00.610 1491 1491 I GameModeConfig: isGameModeOn = false
11-29 07:53:00.611 1491 1491 E NotificationService: Muting recently noisy 0|com.android.systemui|2048|null|10082
11-29 07:53:00.631 1491 1491 I GameModeConfig: isGameModeOn = false
11-29 07:53:00.631 1491 1491 E NotificationService: Muting recently noisy 0|com.android.systemui|2048|null|10082
11-29 07:53:00.656 1491 1491 I GameModeConfig: isGameModeOn = false
11-29 07:53:00.658 1491 1491 E NotificationService: Muting recently noisy 0|com.android.systemui|2048|null|10082
11-29 07:53:00.678 1491 1491 I GameModeConfig: isGameModeOn = false
11-29 07:53:00.679 1491 1491 E NotificationService: Muting recently noisy 0|com.android.systemui|2048|null|10082
11-29 07:53:00.824 1491 2061 I sysui_multi_action: [757,128,758,1,793,15345597,794,0,795,15345597,796,26,798,0,806,android,857,DEVELOPER_IMPORTANT,858,4,947,0,1395,2,1500,15345392,1688,1]
11-29 07:53:00.824 1491 2061 I sysui_multi_action: [757,804,799,note_freshness,801,15345597,802,1]
11-29 07:53:00.824 1491 2061 I notification_visibility: [-1|android|26|null|1000,1,15345597,15345597,0,0]
11-29 07:53:00.824 1491 2061 I sysui_multi_action: [757,128,758,1,793,15345600,794,0,795,15345600,796,32,798,1,806,android,857,USB,858,1,947,0,1395,2,1500,15345397,1688,1]
11-29 07:53:00.824 1491 2061 I sysui_multi_action: [757,804,799,note_freshness,801,15345600,802,1]
11-29 07:53:00.825 1491 2061 I notification_visibility: [-1|android|32|null|1000,1,15345600,15345600,0,1]
11-29 07:53:01.079 0 0 I auditd : type=1400 audit(0.0:19154): avc: denied { kill } for comm="swapper/0" capability=5 scontext=u:r:kernel:s0 tcontext=u:r:kernel:s0 tclass=capability permissive=0
11-29 07:53:02.079 353 353 I auditd : type=1400 audit(0.0:19155): avc: denied { kill } for comm="irq/382-atmel_m" capability=5 scontext=u:r:kernel:s0 tcontext=u:r:kernel:s0 tclass=capability permissive=0
11-29 07:53:02.659 1491 1693 I input_interaction: Interaction with: 6b9abb7 NotificationShade (server), edge-swipe (server), swipe-up (server), PointerEventDispatcher0 (server),
11-29 07:53:02.803 1491 2058 I ActivityTaskManager: START u0 {act=com.android.music.PLAYBACK_VIEWER flg=0x10000000 cmp=com.android.music/.MusicBrowserActivity} from uid 10089
11-29 07:53:02.804 1491 2058 I wm_new_intent: [0,219223401,243,com.android.music/.MusicBrowserActivity,android.intent.action.MAIN,NULL,NULL,270532608]
11-29 07:53:02.804 1491 2058 I wm_task_moved: [243,1,9]
11-29 07:53:02.805 1491 2058 I wm_set_resumed_activity: [0,com.android.music/.MusicBrowserActivity,positionChildAt]
11-29 07:53:02.805 1900 1900 I wm_on_top_resumed_lost_called: [219223401,com.android.music.MusicBrowserActivity,pausing]
11-29 07:53:02.805 1900 1900 I wm_on_paused_called: [219223401,com.android.music.MusicBrowserActivity,performPause]
11-29 07:53:02.818 1491 2061 I sysui_multi_action: [757,128,758,2,793,15347591,794,1994,795,15347591,796,26,798,0,806,android,857,DEVELOPER_IMPORTANT,858,4,947,0,1395,2,1500,15347386,1688,1]
11-29 07:53:02.818 1491 2061 I notification_visibility: [-1|android|26|null|1000,0,15347591,15347591,0,0]
11-29 07:53:02.819 1491 2061 I sysui_multi_action: [757,128,758,2,793,15347595,794,1995,795,15347595,796,32,798,1,806,android,857,USB,858,1,947,0,1395,2,1500,15347392,1688,1]
11-29 07:53:02.819 1491 2061 I notification_visibility: [-1|android|32|null|1000,0,15347595,15347595,0,1]
11-29 07:53:02.819 1491 2061 I sysui_multi_action: [757,127,758,2]
11-29 07:53:02.819 1491 2061 I notification_panel_hidden:
11-29 07:53:02.825 1900 1900 I wm_on_resume_called: [219223401,com.android.music.MusicBrowserActivity,LIFECYCLER_RESUME_ACTIVITY]
11-29 07:53:02.826 1900 1900 I wm_on_top_resumed_gained_called: [219223401,com.android.music.MusicBrowserActivity,topWhenResuming]
11-29 07:53:02.842 1491 1600 I input_focus: [Focus request 692e614 com.android.music/com.android.music.MusicBrowserActivity,reason=UpdateInputWindows]
11-29 07:53:02.865 1491 1693 I input_focus: [Focus leaving 6b9abb7 NotificationShade (server),reason=NOT_FOCUSABLE]
11-29 07:53:02.866 1491 1693 I input_focus: [Focus entering 692e614 com.android.music/com.android.music.MusicBrowserActivity (server),reason=setFocusedWindow]
11-29 07:53:03.079 0 0 I auditd : type=1400 audit(0.0:19156): avc: denied { kill } for comm="swapper/0" capability=5 scontext=u:r:kernel:s0 tcontext=u:r:kernel:s0 tclass=capability permissive=0
11-29 07:53:03.126 1491 1760 I GameModeConfig: isGameModeOn = false
11-29 07:53:03.127 1491 1760 I GameModeConfig: isGameModeOn = false
11-29 07:53:03.127 1491 1760 I GameModeConfig: isGameModeOn = false
11-29 07:53:03.127 1491 1760 I GameModeConfig: isGameModeOn = false
11-29 07:53:03.127 1491 1760 I GameModeConfig: isGameModeOn = false
11-29 07:53:03.127 1491 1760 I GameModeConfig: isGameModeOn = false
11-29 07:53:03.127 1491 1760 I GameModeConfig: isGameModeOn = false
11-29 07:53:03.127 1491 1760 I GameModeConfig: isGameModeOn = false
11-29 07:53:03.128 30912 30912 I sysui_multi_action: [757,111,758,2]
11-29 07:53:03.128 1491 1491 I notification_enqueue: [10082,30912,com.android.systemui,2048,NULL,0,Notification(channel=updateNotification shortcut=null contentView=null vibrate=null sound=null defaults=0x0 flags=0x0 color=0x00000000 vis=PRIVATE),1]
11-29 07:53:03.128 30912 30912 I sysui_multi_action: [757,111,758,2]
11-29 07:53:03.137 30912 30912 I sysui_multi_action: [757,111,758,1]
11-29 07:53:03.138 30912 30912 I sysui_multi_action: [757,126,758,1,759,126,927,0,928,1,1593,1]
11-29 07:53:03.138 30912 30912 I sysui_multi_action: [757,113,758,1,759,113,927,1,928,1,1593,1]
11-29 07:53:03.138 30912 30912 I sysui_multi_action: [757,0,758,1,759,0,927,2,928,0,1593,1]
11-29 07:53:03.138 30912 30912 I sysui_multi_action: [757,0,758,1,759,0,927,3,928,0,1593,1]
11-29 07:53:03.139 30912 30912 I sysui_multi_action: [757,491,758,1,759,491,927,4,928,0,1311,-1,1593,0]
11-29 07:53:03.139 30912 30912 I sysui_multi_action: [757,0,758,1,759,0,927,5,928,0,1593,0]
11-29 07:53:03.139 30912 30912 I sysui_multi_action: [757,111,758,1]
11-29 07:53:03.139 30912 30912 I sysui_multi_action: [757,126,758,1,759,126,927,0,928,1,1593,1]
11-29 07:53:03.139 30912 30912 I sysui_multi_action: [757,113,758,1,759,113,927,1,928,1,1593,1]
11-29 07:53:03.139 30912 30912 I sysui_multi_action: [757,0,758,1,759,0,927,2,928,0,1593,1]
11-29 07:53:03.139 30912 30912 I sysui_multi_action: [757,0,758,1,759,0,927,3,928,0,1593,1]
11-29 07:53:03.150 1491 1760 I GameModeConfig: isGameModeOn = false
11-29 07:53:03.150 1491 1760 I GameModeConfig: isGameModeOn = false
11-29 07:53:03.150 1491 1760 I GameModeConfig: isGameModeOn = false
11-29 07:53:03.150 1491 1760 I GameModeConfig: isGameModeOn = false
11-29 07:53:03.150 1491 1760 I GameModeConfig: isGameModeOn = false
11-29 07:53:03.151 1491 1760 I GameModeConfig: isGameModeOn = false
11-29 07:53:03.151 1491 1760 I GameModeConfig: isGameModeOn = false
11-29 07:53:03.151 1491 1760 I GameModeConfig: isGameModeOn = false
11-29 07:53:03.152 30912 30912 I sysui_multi_action: [757,111,758,2]
11-29 07:53:03.152 1491 1491 I notification_enqueue: [10082,30912,com.android.systemui,2048,NULL,0,Notification(channel=updateNotification shortcut=null contentView=null vibrate=null sound=null defaults=0x0 flags=0x0 color=0x00000000 vis=PRIVATE),1]
11-29 07:53:03.152 30912 30912 I sysui_multi_action: [757,111,758,2]
11-29 07:53:03.158 30912 30912 I sysui_multi_action: [757,111,758,1]
11-29 07:53:03.159 30912 30912 I sysui_multi_action: [757,126,758,1,759,126,927,0,928,1,1593,1]
11-29 07:53:03.159 30912 30912 I sysui_multi_action: [757,113,758,1,759,113,927,1,928,1,1593,1]
11-29 07:53:03.159 30912 30912 I sysui_multi_action: [757,0,758,1,759,0,927,2,928,0,1593,1]
11-29 07:53:03.159 30912 30912 I sysui_multi_action: [757,0,758,1,759,0,927,3,928,0,1593,1]
11-29 07:53:03.160 30912 30912 I sysui_multi_action: [757,491,758,1,759,491,927,4,928,0,1311,-1,1593,0]
11-29 07:53:03.160 30912 30912 I sysui_multi_action: [757,0,758,1,759,0,927,5,928,0,1593,0]
11-29 07:53:03.160 30912 30912 I sysui_multi_action: [757,111,758,1]
11-29 07:53:03.160 30912 30912 I sysui_multi_action: [757,126,758,1,759,126,927,0,928,1,1593,1]
11-29 07:53:03.160 30912 30912 I sysui_multi_action: [757,113,758,1,759,113,927,1,928,1,1593,1]
11-29 07:53:03.160 30912 30912 I sysui_multi_action: [757,0,758,1,759,0,927,2,928,0,1593,1]
11-29 07:53:03.160 30912 30912 I sysui_multi_action: [757,0,758,1,759,0,927,3,928,0,1593,1]
11-29 07:53:03.172 1491 1760 I GameModeConfig: isGameModeOn = false
11-29 07:53:03.172 1491 1760 I GameModeConfig: isGameModeOn = false
11-29 07:53:03.172 1491 1760 I GameModeConfig: isGameModeOn = false
11-29 07:53:03.172 1491 1760 I GameModeConfig: isGameModeOn = false
11-29 07:53:03.172 1491 1760 I GameModeConfig: isGameModeOn = false
11-29 07:53:03.173 1491 1760 I GameModeConfig: isGameModeOn = false
11-29 07:53:03.173 1491 1760 I GameModeConfig: isGameModeOn = false
11-29 07:53:03.173 1491 1760 I GameModeConfig: isGameModeOn = false
11-29 07:53:03.174 30912 30912 I sysui_multi_action: [757,111,758,2]
11-29 07:53:03.174 30912 30912 I sysui_multi_action: [757,111,758,2]
11-29 07:53:03.174 1491 1491 I notification_enqueue: [10082,30912,com.android.systemui,2048,NULL,0,Notification(channel=updateNotification shortcut=null contentView=null vibrate=null sound=null defaults=0x0 flags=0x0 color=0x00000000 vis=PRIVATE),1]
11-29 07:53:03.178 30912 30912 I sysui_multi_action: [757,111,758,1]
11-29 07:53:03.178 30912 30912 I sysui_multi_action: [757,126,758,1,759,126,927,0,928,1,1593,1]
11-29 07:53:03.178 30912 30912 I sysui_multi_action: [757,113,758,1,759,113,927,1,928,1,1593,1]
11-29 07:53:03.178 30912 30912 I sysui_multi_action: [757,0,758,1,759,0,927,2,928,0,1593,1]
11-29 07:53:03.178 30912 30912 I sysui_multi_action: [757,0,758,1,759,0,927,3,928,0,1593,1]
11-29 07:53:03.178 30912 30912 I sysui_multi_action: [757,491,758,1,759,491,927,4,928,0,1311,-1,1593,0]
11-29 07:53:03.178 30912 30912 I sysui_multi_action: [757,0,758,1,759,0,927,5,928,0,1593,0]
11-29 07:53:03.178 30912 30912 I sysui_multi_action: [757,111,758,1]
11-29 07:53:03.178 30912 30912 I sysui_multi_action: [757,126,758,1,759,126,927,0,928,1,1593,1]
11-29 07:53:03.178 30912 30912 I sysui_multi_action: [757,113,758,1,759,113,927,1,928,1,1593,1]
11-29 07:53:03.178 30912 30912 I sysui_multi_action: [757,0,758,1,759,0,927,2,928,0,1593,1]
11-29 07:53:03.179 30912 30912 I sysui_multi_action: [757,0,758,1,759,0,927,3,928,0,1593,1]
11-29 07:53:03.185 1491 1760 I GameModeConfig: isGameModeOn = false
11-29 07:53:03.185 1491 1760 I GameModeConfig: isGameModeOn = false
11-29 07:53:03.185 1491 1760 I GameModeConfig: isGameModeOn = false
11-29 07:53:03.185 1491 1760 I GameModeConfig: isGameModeOn = false
11-29 07:53:03.185 1491 1760 I GameModeConfig: isGameModeOn = false
11-29 07:53:03.185 1491 1760 I GameModeConfig: isGameModeOn = false
11-29 07:53:03.185 1491 1760 I GameModeConfig: isGameModeOn = false
11-29 07:53:03.186 1491 1760 I GameModeConfig: isGameModeOn = false
11-29 07:53:03.186 30912 30912 I sysui_multi_action: [757,111,758,2]
11-29 07:53:03.186 30912 30912 I sysui_multi_action: [757,111,758,2]
11-29 07:53:03.187 1491 1491 I notification_enqueue: [10082,30912,com.android.systemui,2048,NULL,0,Notification(channel=updateNotification shortcut=null contentView=null vibrate=null sound=null defaults=0x0 flags=0x0 color=0x00000000 vis=PRIVATE),1]
11-29 07:53:03.190 30912 30912 I sysui_multi_action: [757,111,758,1]
11-29 07:53:03.190 30912 30912 I sysui_multi_action: [757,126,758,1,759,126,927,0,928,1,1593,1]
11-29 07:53:03.190 30912 30912 I sysui_multi_action: [757,113,758,1,759,113,927,1,928,1,1593,1]
11-29 07:53:03.190 30912 30912 I sysui_multi_action: [757,0,758,1,759,0,927,2,928,0,1593,1]
11-29 07:53:03.190 30912 30912 I sysui_multi_action: [757,0,758,1,759,0,927,3,928,0,1593,1]
11-29 07:53:03.190 30912 30912 I sysui_multi_action: [757,491,758,1,759,491,927,4,928,0,1311,-1,1593,0]
11-29 07:53:03.190 30912 30912 I sysui_multi_action: [757,0,758,1,759,0,927,5,928,0,1593,0]
11-29 07:53:03.190 30912 30912 I sysui_multi_action: [757,111,758,1]
11-29 07:53:03.190 30912 30912 I sysui_multi_action: [757,126,758,1,759,126,927,0,928,1,1593,1]
11-29 07:53:03.190 30912 30912 I sysui_multi_action: [757,113,758,1,759,113,927,1,928,1,1593,1]
11-29 07:53:03.190 30912 30912 I sysui_multi_action: [757,0,758,1,759,0,927,2,928,0,1593,1]
11-29 07:53:03.190 30912 30912 I sysui_multi_action: [757,0,758,1,759,0,927,3,928,0,1593,1]
11-29 07:53:03.196 30912 30912 I sysui_multi_action: [757,111,758,2]
11-29 07:53:03.196 30912 30912 I sysui_multi_action: [757,111,758,2]
11-29 07:53:03.199 30912 30912 I sysui_multi_action: [757,111,758,1]
11-29 07:53:03.199 30912 30912 I sysui_multi_action: [757,126,758,1,759,126,927,0,928,1,1593,0]
11-29 07:53:03.199 30912 30912 I sysui_multi_action: [757,113,758,1,759,113,927,1,928,1,1593,0]
11-29 07:53:03.199 30912 30912 I sysui_multi_action: [757,0,758,1,759,0,927,2,928,0,1593,0]
11-29 07:53:03.199 30912 30912 I sysui_multi_action: [757,0,758,1,759,0,927,3,928,0,1593,0]
11-29 07:53:03.199 1491 1760 I GameModeConfig: isGameModeOn = false
11-29 07:53:03.199 30912 30912 I sysui_multi_action: [757,491,758,1,759,491,927,4,928,0,1311,-1,1593,0]
11-29 07:53:03.199 30912 30912 I sysui_multi_action: [757,0,758,1,759,0,927,5,928,0,1593,0]
11-29 07:53:03.199 30912 30912 I sysui_multi_action: [757,111,758,1]
11-29 07:53:03.200 30912 30912 I sysui_multi_action: [757,126,758,1,759,126,927,0,928,1,1593,0]
11-29 07:53:03.200 30912 30912 I sysui_multi_action: [757,113,758,1,759,113,927,1,928,1,1593,0]
11-29 07:53:03.200 30912 30912 I sysui_multi_action: [757,0,758,1,759,0,927,2,928,0,1593,0]
11-29 07:53:03.200 1491 1760 I GameModeConfig: isGameModeOn = false
11-29 07:53:03.200 30912 30912 I sysui_multi_action: [757,0,758,1,759,0,927,3,928,0,1593,0]
11-29 07:53:03.200 1491 1760 I GameModeConfig: isGameModeOn = false
11-29 07:53:03.204 1491 1760 I GameModeConfig: isGameModeOn = false
11-29 07:53:03.204 1491 1760 I GameModeConfig: isGameModeOn = false
11-29 07:53:03.204 1491 1760 I GameModeConfig: isGameModeOn = false
11-29 07:53:03.204 1491 1760 I GameModeConfig: isGameModeOn = false
11-29 07:53:03.204 1491 1760 I GameModeConfig: isGameModeOn = false
11-29 07:53:03.205 1491 1491 I notification_enqueue: [10082,30912,com.android.systemui,2048,NULL,0,Notification(channel=updateNotification shortcut=null contentView=null vibrate=null sound=null defaults=0x0 flags=0x0 color=0x00000000 vis=PRIVATE),1]
11-29 07:53:03.210 30912 30912 I sysui_multi_action: [757,111,758,2]
11-29 07:53:03.210 30912 30912 I sysui_multi_action: [757,111,758,2]
11-29 07:53:03.210 1491 1491 I notification_enqueue: [10082,30912,com.android.systemui,2048,NULL,0,Notification(channel=updateNotification shortcut=null contentView=null vibrate=null sound=null defaults=0x0 flags=0x0 color=0x00000000 vis=PRIVATE),1]
11-29 07:53:03.211 1491 1760 I GameModeConfig: isGameModeOn = false
11-29 07:53:03.212 1491 1760 I GameModeConfig: isGameModeOn = false
11-29 07:53:03.212 1491 1760 I GameModeConfig: isGameModeOn = false
11-29 07:53:03.212 1491 1760 I GameModeConfig: isGameModeOn = false
11-29 07:53:03.212 1491 1760 I GameModeConfig: isGameModeOn = false
11-29 07:53:03.212 1491 1760 I GameModeConfig: isGameModeOn = false
11-29 07:53:03.212 1491 1760 I GameModeConfig: isGameModeOn = false
11-29 07:53:03.212 1491 1760 I GameModeConfig: isGameModeOn = false
11-29 07:53:03.213 30912 30912 I sysui_multi_action: [757,111,758,1]
11-29 07:53:03.213 30912 30912 I sysui_multi_action: [757,126,758,1,759,126,927,0,928,1,1593,0]
11-29 07:53:03.213 30912 30912 I sysui_multi_action: [757,113,758,1,759,113,927,1,928,1,1593,0]
11-29 07:53:03.213 30912 30912 I sysui_multi_action: [757,0,758,1,759,0,927,2,928,0,1593,0]
11-29 07:53:03.213 30912 30912 I sysui_multi_action: [757,0,758,1,759,0,927,3,928,0,1593,0]
11-29 07:53:03.213 30912 30912 I sysui_multi_action: [757,491,758,1,759,491,927,4,928,0,1311,-1,1593,0]
11-29 07:53:03.213 30912 30912 I sysui_multi_action: [757,0,758,1,759,0,927,5,928,0,1593,0]
11-29 07:53:03.213 30912 30912 I sysui_multi_action: [757,111,758,1]
11-29 07:53:03.213 30912 30912 I sysui_multi_action: [757,126,758,1,759,126,927,0,928,1,1593,1]
11-29 07:53:03.213 30912 30912 I sysui_multi_action: [757,113,758,1,759,113,927,1,928,1,1593,1]
11-29 07:53:03.213 30912 30912 I sysui_multi_action: [757,0,758,1,759,0,927,2,928,0,1593,1]
11-29 07:53:03.213 30912 30912 I sysui_multi_action: [757,0,758,1,759,0,927,3,928,0,1593,1]
11-29 07:53:03.225 1491 1760 I GameModeConfig: isGameModeOn = false
11-29 07:53:03.226 1491 1760 I GameModeConfig: isGameModeOn = false
11-29 07:53:03.226 1491 1760 I GameModeConfig: isGameModeOn = false
11-29 07:53:03.226 1491 1760 I GameModeConfig: isGameModeOn = false
11-29 07:53:03.226 1491 1760 I GameModeConfig: isGameModeOn = false
11-29 07:53:03.227 1491 1760 I GameModeConfig: isGameModeOn = false
11-29 07:53:03.227 1491 1760 I GameModeConfig: isGameModeOn = false
11-29 07:53:03.227 1491 1760 I GameModeConfig: isGameModeOn = false
11-29 07:53:03.228 30912 30912 I sysui_multi_action: [757,111,758,2]
11-29 07:53:03.228 30912 30912 I sysui_multi_action: [757,111,758,2]
11-29 07:53:03.229 1491 1491 I notification_enqueue: [10082,30912,com.android.systemui,2048,NULL,0,Notification(channel=updateNotification shortcut=null contentView=null vibrate=null sound=null defaults=0x0 flags=0x0 color=0x00000000 vis=PRIVATE),1]
11-29 07:53:03.231 30912 30912 I sysui_multi_action: [757,111,758,1]
11-29 07:53:03.232 30912 30912 I sysui_multi_action: [757,126,758,1,759,126,927,0,928,1,1593,1]
11-29 07:53:03.232 30912 30912 I sysui_multi_action: [757,113,758,1,759,113,927,1,928,1,1593,1]
11-29 07:53:03.232 30912 30912 I sysui_multi_action: [757,0,758,1,759,0,927,2,928,0,1593,1]
11-29 07:53:03.232 30912 30912 I sysui_multi_action: [757,0,758,1,759,0,927,3,928,0,1593,1]
11-29 07:53:03.232 30912 30912 I sysui_multi_action: [757,491,758,1,759,491,927,4,928,0,1311,-1,1593,0]
11-29 07:53:03.232 30912 30912 I sysui_multi_action: [757,0,758,1,759,0,927,5,928,0,1593,0]
11-29 07:53:03.232 30912 30912 I sysui_multi_action: [757,111,758,1]
