11-29 07:44:56.211 1491 1491 I notification_enqueue: [10082,30912,com.android.systemui,2048,NULL,0,Notification(channel=updateNotification shortcut=null contentView=null vibrate=null sound=null defaults=0x0 flags=0x0 color=0x00000000 vis=PRIVATE),1]
11-29 07:44:56.213 30912 30912 I sysui_multi_action: [757,111,758,1]
11-29 07:44:56.213 30912 30912 I sysui_multi_action: [757,126,758,1,759,126,927,0,928,1,1593,1]
11-29 07:44:56.213 30912 30912 I sysui_multi_action: [757,113,758,1,759,113,927,1,928,1,1593,1]
11-29 07:44:56.213 30912 30912 I sysui_multi_action: [757,0,758,1,759,0,927,2,928,0,1593,1]
11-29 07:44:56.213 30912 30912 I sysui_multi_action: [757,0,758,1,759,0,927,3,928,0,1593,1]
11-29 07:44:56.213 30912 30912 I sysui_multi_action: [757,491,758,1,759,491,927,4,928,0,1311,-1,1593,0]
11-29 07:44:56.213 30912 30912 I sysui_multi_action: [757,0,758,1,759,0,927,5,928,0,1593,0]
11-29 07:44:56.213 30912 30912 I sysui_multi_action: [757,111,758,1]
11-29 07:44:56.213 30912 30912 I sysui_multi_action: [757,126,758,1,759,126,927,0,928,1,1593,1]
11-29 07:44:56.213 30912 30912 I sysui_multi_action: [757,113,758,1,759,113,927,1,928,1,1593,1]
11-29 07:44:56.213 30912 30912 I sysui_multi_action: [757,0,758,1,759,0,927,2,928,0,1593,1]
11-29 07:44:56.213 30912 30912 I sysui_multi_action: [757,0,758,1,759,0,927,3,928,0,1593,1]
11-29 07:44:56.223 30912 30912 I sysui_multi_action: [757,111,758,2]
11-29 07:44:56.223 30912 30912 I sysui_multi_action: [757,111,758,2]
11-29 07:44:56.223 1491 1491 I notification_enqueue: [10082,30912,com.android.systemui,2048,NULL,0,Notification(channel=updateNotification shortcut=null contentView=null vibrate=null sound=null defaults=0x0 flags=0x0 color=0x00000000 vis=PRIVATE),1]
11-29 07:44:56.224 1491 1760 I GameModeConfig: isGameModeOn = false
11-29 07:44:56.224 1491 1760 I GameModeConfig: isGameModeOn = false
11-29 07:44:56.224 1491 1760 I GameModeConfig: isGameModeOn = false
11-29 07:44:56.224 1491 1760 I GameModeConfig: isGameModeOn = false
11-29 07:44:56.224 1491 1760 I GameModeConfig: isGameModeOn = false
11-29 07:44:56.224 1491 1760 I GameModeConfig: isGameModeOn = false
11-29 07:44:56.224 1491 1760 I GameModeConfig: isGameModeOn = false
11-29 07:44:56.224 1491 1760 I GameModeConfig: isGameModeOn = false
11-29 07:44:56.225 30912 30912 I sysui_multi_action: [757,111,758,1]
11-29 07:44:56.225 30912 30912 I sysui_multi_action: [757,126,758,1,759,126,927,0,928,1,1593,1]
11-29 07:44:56.225 30912 30912 I sysui_multi_action: [757,113,758,1,759,113,927,1,928,1,1593,1]
11-29 07:44:56.225 30912 30912 I sysui_multi_action: [757,0,758,1,759,0,927,2,928,0,1593,1]
11-29 07:44:56.225 30912 30912 I sysui_multi_action: [757,0,758,1,759,0,927,3,928,0,1593,1]
11-29 07:44:56.226 1491 1491 I GameModeConfig: isGameModeOn = false
11-29 07:44:56.226 30912 30912 I sysui_multi_action: [757,491,758,1,759,491,927,4,928,0,1311,-1,1593,0]
11-29 07:44:56.226 30912 30912 I sysui_multi_action: [757,0,758,1,759,0,927,5,928,0,1593,0]
11-29 07:44:56.226 30912 30912 I sysui_multi_action: [757,111,758,1]
11-29 07:44:56.226 30912 30912 I sysui_multi_action: [757,126,758,1,759,126,927,0,928,1,1593,1]
11-29 07:44:56.226 30912 30912 I sysui_multi_action: [757,113,758,1,759,113,927,1,928,1,1593,1]
11-29 07:44:56.226 30912 30912 I sysui_multi_action: [757,0,758,1,759,0,927,2,928,0,1593,1]
11-29 07:44:56.226 30912 30912 I sysui_multi_action: [757,0,758,1,759,0,927,3,928,0,1593,1]
11-29 07:44:56.226 1491 1491 E NotificationService: Muting recently noisy 0|com.android.systemui|2048|null|10082
11-29 07:44:56.239 1491 1760 I GameModeConfig: isGameModeOn = false
11-29 07:44:56.239 1491 1760 I GameModeConfig: isGameModeOn = false
11-29 07:44:56.239 1491 1760 I GameModeConfig: isGameModeOn = false
11-29 07:44:56.239 1491 1760 I GameModeConfig: isGameModeOn = false
11-29 07:44:56.239 1491 1760 I GameModeConfig: isGameModeOn = false
11-29 07:44:56.240 1491 1760 I GameModeConfig: isGameModeOn = false
11-29 07:44:56.240 1491 1760 I GameModeConfig: isGameModeOn = false
11-29 07:44:56.240 1491 1760 I GameModeConfig: isGameModeOn = false
11-29 07:44:56.241 30912 30912 I sysui_multi_action: [757,111,758,2]
11-29 07:44:56.241 30912 30912 I sysui_multi_action: [757,111,758,2]
11-29 07:44:56.241 1491 1491 I notification_enqueue: [10082,30912,com.android.systemui,2048,NULL,0,Notification(channel=updateNotification shortcut=null contentView=null vibrate=null sound=null defaults=0x0 flags=0x0 color=0x00000000 vis=PRIVATE),1]
11-29 07:44:56.244 30912 30912 I sysui_multi_action: [757,111,758,1]
11-29 07:44:56.244 30912 30912 I sysui_multi_action: [757,126,758,1,759,126,927,0,928,1,1593,1]
11-29 07:44:56.244 30912 30912 I sysui_multi_action: [757,113,758,1,759,113,927,1,928,1,1593,1]
11-29 07:44:56.244 30912 30912 I sysui_multi_action: [757,0,758,1,759,0,927,2,928,0,1593,1]
11-29 07:44:56.244 30912 30912 I sysui_multi_action: [757,0,758,1,759,0,927,3,928,0,1593,1]
11-29 07:44:56.245 30912 30912 I sysui_multi_action: [757,491,758,1,759,491,927,4,928,0,1311,-1,1593,0]
11-29 07:44:56.245 30912 30912 I sysui_multi_action: [757,0,758,1,759,0,927,5,928,0,1593,0]
11-29 07:44:56.245 30912 30912 I sysui_multi_action: [757,111,758,1]
11-29 07:44:56.245 30912 30912 I sysui_multi_action: [757,126,758,1,759,126,927,0,928,1,1593,1]
11-29 07:44:56.245 30912 30912 I sysui_multi_action: [757,113,758,1,759,113,927,1,928,1,1593,1]
11-29 07:44:56.245 30912 30912 I sysui_multi_action: [757,0,758,1,759,0,927,2,928,0,1593,1]
11-29 07:44:56.245 30912 30912 I sysui_multi_action: [757,0,758,1,759,0,927,3,928,0,1593,1]
11-29 07:44:56.256 1491 1760 I GameModeConfig: isGameModeOn = false
11-29 07:44:56.256 30912 30912 I sysui_multi_action: [757,111,758,2]
11-29 07:44:56.256 1491 1760 I GameModeConfig: isGameModeOn = false
11-29 07:44:56.256 30912 30912 I sysui_multi_action: [757,111,758,2]
11-29 07:44:56.257 1491 1760 I GameModeConfig: isGameModeOn = false
11-29 07:44:56.257 1491 1760 I GameModeConfig: isGameModeOn = false
11-29 07:44:56.257 1491 1760 I GameModeConfig: isGameModeOn = false
11-29 07:44:56.257 1491 1760 I GameModeConfig: isGameModeOn = false
11-29 07:44:56.257 1491 1760 I GameModeConfig: isGameModeOn = false
11-29 07:44:56.258 1491 1760 I GameModeConfig: isGameModeOn = false
11-29 07:44:56.259 1491 1491 I notification_enqueue: [10082,30912,com.android.systemui,2048,NULL,0,Notification(channel=updateNotification shortcut=null contentView=null vibrate=null sound=null defaults=0x0 flags=0x0 color=0x00000000 vis=PRIVATE),1]
11-29 07:44:56.260 30912 30912 I sysui_multi_action: [757,111,758,1]
11-29 07:44:56.260 30912 30912 I sysui_multi_action: [757,126,758,1,759,126,927,0,928,1,1593,0]
11-29 07:44:56.260 30912 30912 I sysui_multi_action: [757,113,758,1,759,113,927,1,928,1,1593,0]
11-29 07:44:56.260 30912 30912 I sysui_multi_action: [757,0,758,1,759,0,927,2,928,0,1593,0]
11-29 07:44:56.260 30912 30912 I sysui_multi_action: [757,0,758,1,759,0,927,3,928,0,1593,0]
11-29 07:44:56.260 30912 30912 I sysui_multi_action: [757,491,758,1,759,491,927,4,928,0,1311,-1,1593,0]
11-29 07:44:56.260 30912 30912 I sysui_multi_action: [757,0,758,1,759,0,927,5,928,0,1593,0]
11-29 07:44:56.260 30912 30912 I sysui_multi_action: [757,111,758,1]
11-29 07:44:56.260 30912 30912 I sysui_multi_action: [757,126,758,1,759,126,927,0,928,1,1593,1]
11-29 07:44:56.260 30912 30912 I sysui_multi_action: [757,113,758,1,759,113,927,1,928,1,1593,1]
11-29 07:44:56.260 30912 30912 I sysui_multi_action: [757,0,758,1,759,0,927,2,928,0,1593,1]
11-29 07:44:56.260 30912 30912 I sysui_multi_action: [757,0,758,1,759,0,927,3,928,0,1593,1]
11-29 07:44:56.262 1491 1491 I GameModeConfig: isGameModeOn = false
11-29 07:44:56.263 1491 1491 E NotificationService: Muting recently noisy 0|com.android.systemui|2048|null|10082
11-29 07:44:56.273 1491 1760 I GameModeConfig: isGameModeOn = false
11-29 07:44:56.273 1491 1760 I GameModeConfig: isGameModeOn = false
11-29 07:44:56.273 1491 1760 I GameModeConfig: isGameModeOn = false
11-29 07:44:56.273 1491 1760 I GameModeConfig: isGameModeOn = false
11-29 07:44:56.273 1491 1760 I GameModeConfig: isGameModeOn = false
11-29 07:44:56.274 1491 1760 I GameModeConfig: isGameModeOn = false
11-29 07:44:56.274 1491 1760 I GameModeConfig: isGameModeOn = false
11-29 07:44:56.274 1491 1760 I GameModeConfig: isGameModeOn = false
11-29 07:44:56.278 30912 30912 I sysui_multi_action: [757,111,758,2]
11-29 07:44:56.278 30912 30912 I sysui_multi_action: [757,111,758,2]
11-29 07:44:56.278 1491 1491 I notification_enqueue: [10082,30912,com.android.systemui,2048,NULL,0,Notification(channel=updateNotification shortcut=null contentView=null vibrate=null sound=null defaults=0x0 flags=0x0 color=0x00000000 vis=PRIVATE),1]
11-29 07:44:56.280 30912 30912 I sysui_multi_action: [757,111,758,1]
11-29 07:44:56.280 30912 30912 I sysui_multi_action: [757,126,758,1,759,126,927,0,928,1,1593,1]
11-29 07:44:56.280 30912 30912 I sysui_multi_action: [757,113,758,1,759,113,927,1,928,1,1593,1]
11-29 07:44:56.280 30912 30912 I sysui_multi_action: [757,0,758,1,759,0,927,2,928,0,1593,1]
11-29 07:44:56.280 30912 30912 I sysui_multi_action: [757,0,758,1,759,0,927,3,928,0,1593,1]
11-29 07:44:56.280 30912 30912 I sysui_multi_action: [757,491,758,1,759,491,927,4,928,0,1311,-1,1593,0]
11-29 07:44:56.280 30912 30912 I sysui_multi_action: [757,0,758,1,759,0,927,5,928,0,1593,0]
11-29 07:44:56.280 30912 30912 I sysui_multi_action: [757,111,758,1]
11-29 07:44:56.280 30912 30912 I sysui_multi_action: [757,126,758,1,759,126,927,0,928,1,1593,1]
11-29 07:44:56.280 30912 30912 I sysui_multi_action: [757,113,758,1,759,113,927,1,928,1,1593,1]
11-29 07:44:56.280 30912 30912 I sysui_multi_action: [757,0,758,1,759,0,927,2,928,0,1593,1]
11-29 07:44:56.280 30912 30912 I sysui_multi_action: [757,0,758,1,759,0,927,3,928,0,1593,1]
11-29 07:44:56.289 1491 1491 I GameModeConfig: isGameModeOn = false
11-29 07:44:56.289 1491 1491 E NotificationService: Muting recently noisy 0|com.android.systemui|2048|null|10082
11-29 07:44:56.290 30912 30912 I sysui_multi_action: [757,111,758,2]
11-29 07:44:56.290 30912 30912 I sysui_multi_action: [757,111,758,2]
11-29 07:44:56.291 1491 1491 I notification_enqueue: [10082,30912,com.android.systemui,2048,NULL,0,Notification(channel=updateNotification shortcut=null contentView=null vibrate=null sound=null defaults=0x0 flags=0x0 color=0x00000000 vis=PRIVATE),1]
11-29 07:44:56.292 1491 1760 I GameModeConfig: isGameModeOn = false
11-29 07:44:56.293 1491 1760 I GameModeConfig: isGameModeOn = false
11-29 07:44:56.293 1491 1760 I GameModeConfig: isGameModeOn = false
11-29 07:44:56.293 1491 1760 I GameModeConfig: isGameModeOn = false
11-29 07:44:56.294 30912 30912 I sysui_multi_action: [757,111,758,1]
11-29 07:44:56.294 30912 30912 I sysui_multi_action: [757,126,758,1,759,126,927,0,928,1,1593,1]
11-29 07:44:56.294 30912 30912 I sysui_multi_action: [757,113,758,1,759,113,927,1,928,1,1593,1]
11-29 07:44:56.294 30912 30912 I sysui_multi_action: [757,0,758,1,759,0,927,2,928,0,1593,1]
11-29 07:44:56.294 30912 30912 I sysui_multi_action: [757,0,758,1,759,0,927,3,928,0,1593,1]
11-29 07:44:56.294 30912 30912 I sysui_multi_action: [757,491,758,1,759,491,927,4,928,0,1311,-1,1593,0]
11-29 07:44:56.294 30912 30912 I sysui_multi_action: [757,0,758,1,759,0,927,5,928,0,1593,0]
11-29 07:44:56.294 30912 30912 I sysui_multi_action: [757,111,758,1]
11-29 07:44:56.295 30912 30912 I sysui_multi_action: [757,126,758,1,759,126,927,0,928,1,1593,1]
11-29 07:44:56.295 30912 30912 I sysui_multi_action: [757,113,758,1,759,113,927,1,928,1,1593,1]
11-29 07:44:56.295 30912 30912 I sysui_multi_action: [757,0,758,1,759,0,927,2,928,0,1593,1]
11-29 07:44:56.295 30912 30912 I sysui_multi_action: [757,0,758,1,759,0,927,3,928,0,1593,1]
11-29 07:44:56.298 1491 1760 I GameModeConfig: isGameModeOn = false
11-29 07:44:56.298 1491 1760 I GameModeConfig: isGameModeOn = false
11-29 07:44:56.298 1491 1760 I GameModeConfig: isGameModeOn = false
11-29 07:44:56.298 1491 1760 I GameModeConfig: isGameModeOn = false
11-29 07:44:56.303 1491 1491 I GameModeConfig: isGameModeOn = false
11-29 07:44:56.303 1491 1491 E NotificationService: Muting recently noisy 0|com.android.systemui|2048|null|10082
11-29 07:44:56.307 1491 1760 I GameModeConfig: isGameModeOn = false
11-29 07:44:56.307 1491 1760 I GameModeConfig: isGameModeOn = false
11-29 07:44:56.307 1491 1760 I GameModeConfig: isGameModeOn = false
11-29 07:44:56.307 1491 1760 I GameModeConfig: isGameModeOn = false
11-29 07:44:56.307 1491 1760 I GameModeConfig: isGameModeOn = false
11-29 07:44:56.307 1491 1760 I GameModeConfig: isGameModeOn = false
11-29 07:44:56.308 1491 1760 I GameModeConfig: isGameModeOn = false
11-29 07:44:56.308 1491 1760 I GameModeConfig: isGameModeOn = false
11-29 07:44:56.309 30912 30912 I sysui_multi_action: [757,111,758,2]
11-29 07:44:56.309 30912 30912 I sysui_multi_action: [757,111,758,2]
11-29 07:44:56.309 1491 1491 I notification_enqueue: [10082,30912,com.android.systemui,2048,NULL,0,Notification(channel=updateNotification shortcut=null contentView=null vibrate=null sound=null defaults=0x0 flags=0x0 color=0x00000000 vis=PRIVATE),1]
11-29 07:44:56.312 30912 30912 I sysui_multi_action: [757,111,758,1]
11-29 07:44:56.312 30912 30912 I sysui_multi_action: [757,126,758,1,759,126,927,0,928,1,1593,1]
11-29 07:44:56.312 30912 30912 I sysui_multi_action: [757,113,758,1,759,113,927,1,928,1,1593,1]
11-29 07:44:56.312 30912 30912 I sysui_multi_action: [757,0,758,1,759,0,927,2,928,0,1593,1]
11-29 07:44:56.312 30912 30912 I sysui_multi_action: [757,0,758,1,759,0,927,3,928,0,1593,1]
11-29 07:44:56.312 30912 30912 I sysui_multi_action: [757,491,758,1,759,491,927,4,928,0,1311,-1,1593,0]
11-29 07:44:56.312 30912 30912 I sysui_multi_action: [757,0,758,1,759,0,927,5,928,0,1593,0]
11-29 07:44:56.313 30912 30912 I sysui_multi_action: [757,111,758,1]
11-29 07:44:56.313 30912 30912 I sysui_multi_action: [757,126,758,1,759,126,927,0,928,1,1593,1]
11-29 07:44:56.313 30912 30912 I sysui_multi_action: [757,113,758,1,759,113,927,1,928,1,1593,1]
11-29 07:44:56.313 30912 30912 I sysui_multi_action: [757,0,758,1,759,0,927,2,928,0,1593,1]
11-29 07:44:56.313 30912 30912 I sysui_multi_action: [757,0,758,1,759,0,927,3,928,0,1593,1]
11-29 07:44:56.320 1491 1491 I GameModeConfig: isGameModeOn = false
11-29 07:44:56.321 1491 1491 E NotificationService: Muting recently noisy 0|com.android.systemui|2048|null|10082
11-29 07:44:56.323 1491 1760 I GameModeConfig: isGameModeOn = false
11-29 07:44:56.324 1491 1760 I GameModeConfig: isGameModeOn = false
11-29 07:44:56.324 1491 1760 I GameModeConfig: isGameModeOn = false
11-29 07:44:56.324 1491 1760 I GameModeConfig: isGameModeOn = false
11-29 07:44:56.325 1491 1760 I GameModeConfig: isGameModeOn = false
11-29 07:44:56.325 1491 1760 I GameModeConfig: isGameModeOn = false
11-29 07:44:56.325 1491 1760 I GameModeConfig: isGameModeOn = false
11-29 07:44:56.325 1491 1760 I GameModeConfig: isGameModeOn = false
11-29 07:44:56.327 30912 30912 I sysui_multi_action: [757,111,758,2]
11-29 07:44:56.327 30912 30912 I sysui_multi_action: [757,111,758,2]
11-29 07:44:56.327 1491 1491 I notification_enqueue: [10082,30912,com.android.systemui,2048,NULL,0,Notification(channel=updateNotification shortcut=null contentView=null vibrate=null sound=null defaults=0x0 flags=0x0 color=0x00000000 vis=PRIVATE),1]
11-29 07:44:56.329 30912 30912 I sysui_multi_action: [757,111,758,1]
11-29 07:44:56.329 30912 30912 I sysui_multi_action: [757,126,758,1,759,126,927,0,928,1,1593,1]
11-29 07:44:56.329 30912 30912 I sysui_multi_action: [757,113,758,1,759,113,927,1,928,1,1593,1]
11-29 07:44:56.329 30912 30912 I sysui_multi_action: [757,0,758,1,759,0,927,2,928,0,1593,1]
11-29 07:44:56.329 30912 30912 I sysui_multi_action: [757,0,758,1,759,0,927,3,928,0,1593,1]
11-29 07:44:56.329 30912 30912 I sysui_multi_action: [757,491,758,1,759,491,927,4,928,0,1311,-1,1593,0]
11-29 07:44:56.329 30912 30912 I sysui_multi_action: [757,0,758,1,759,0,927,5,928,0,1593,0]
11-29 07:44:56.330 30912 30912 I sysui_multi_action: [757,111,758,1]
11-29 07:44:56.330 30912 30912 I sysui_multi_action: [757,126,758,1,759,126,927,0,928,1,1593,1]
11-29 07:44:56.330 30912 30912 I sysui_multi_action: [757,113,758,1,759,113,927,1,928,1,1593,1]
11-29 07:44:56.330 30912 30912 I sysui_multi_action: [757,0,758,1,759,0,927,2,928,0,1593,1]
11-29 07:44:56.330 30912 30912 I sysui_multi_action: [757,0,758,1,759,0,927,3,928,0,1593,1]
11-29 07:44:56.339 1491 1491 I GameModeConfig: isGameModeOn = false
11-29 07:44:56.340 1491 1491 E NotificationService: Muting recently noisy 0|com.android.systemui|2048|null|10082
11-29 07:44:56.348 1491 1524 I sysui_multi_action: [757,128,758,1,793,14861121,794,0,795,14861121,796,26,798,0,806,android,857,DEVELOPER_IMPORTANT,858,4,947,0,1395,2,1500,14860916,1688,1]
11-29 07:44:56.348 1491 1524 I sysui_multi_action: [757,804,799,note_freshness,801,14861121,802,1]
11-29 07:44:56.348 1491 1524 I notification_visibility: [-1|android|26|null|1000,1,14861121,14861121,0,0]
11-29 07:44:56.349 1491 1524 I sysui_multi_action: [757,128,758,1,793,14861125,794,0,795,14861125,796,32,798,1,806,android,857,USB,858,1,947,0,1395,2,1500,14860922,1688,1]
11-29 07:44:56.349 1491 1524 I sysui_multi_action: [757,804,799,note_freshness,801,14861125,802,1]
11-29 07:44:56.349 1491 1524 I notification_visibility: [-1|android|32|null|1000,1,14861125,14861125,0,1]
11-29 07:44:56.354 1491 1491 I GameModeConfig: isGameModeOn = false
11-29 07:44:56.355 1491 1491 E NotificationService: Muting recently noisy 0|com.android.systemui|2048|null|10082
11-29 07:44:56.369 1491 1491 I GameModeConfig: isGameModeOn = false
11-29 07:44:56.369 1491 1491 E NotificationService: Muting recently noisy 0|com.android.systemui|2048|null|10082
11-29 07:44:56.384 1491 1491 I GameModeConfig: isGameModeOn = false
11-29 07:44:56.384 1491 1491 E NotificationService: Muting recently noisy 0|com.android.systemui|2048|null|10082
11-29 07:44:56.401 1491 1491 I GameModeConfig: isGameModeOn = false
11-29 07:44:56.401 1491 1491 E NotificationService: Muting recently noisy 0|com.android.systemui|2048|null|10082
11-29 07:44:56.413 1491 1491 I GameModeConfig: isGameModeOn = false
11-29 07:44:56.413 1491 1491 E NotificationService: Muting recently noisy 0|com.android.systemui|2048|null|10082
11-29 07:44:56.424 1491 1491 I GameModeConfig: isGameModeOn = false
11-29 07:44:56.425 1491 1491 E NotificationService: Muting recently noisy 0|com.android.systemui|2048|null|10082
11-29 07:44:56.444 1491 1491 I GameModeConfig: isGameModeOn = false
11-29 07:44:56.444 1491 1491 E NotificationService: Muting recently noisy 0|com.android.systemui|2048|null|10082
11-29 07:44:56.461 1491 1491 I GameModeConfig: isGameModeOn = false
11-29 07:44:56.461 1491 1491 E NotificationService: Muting recently noisy 0|com.android.systemui|2048|null|10082
11-29 07:44:56.464 1491 1673 I commit_sys_config_file: [settings-1-0,7]
11-29 07:44:56.485 1491 1491 I GameModeConfig: isGameModeOn = false
11-29 07:44:56.485 1491 1491 E NotificationService: Muting recently noisy 0|com.android.systemui|2048|null|10082
11-29 07:44:56.494 1491 1491 I GameModeConfig: isGameModeOn = false
11-29 07:44:56.495 1491 1491 E NotificationService: Muting recently noisy 0|com.android.systemui|2048|null|10082
11-29 07:44:56.512 1491 1491 I GameModeConfig: isGameModeOn = false
11-29 07:44:56.512 1491 1491 E NotificationService: Muting recently noisy 0|com.android.systemui|2048|null|10082
11-29 07:44:56.529 1491 1491 I GameModeConfig: isGameModeOn = false
11-29 07:44:56.529 1491 1491 E NotificationService: Muting recently noisy 0|com.android.systemui|2048|null|10082
11-29 07:44:56.908 1491 1693 I input_interaction: Interaction with: 6b9abb7 NotificationShade (server), edge-swipe (server), swipe-up (server), PointerEventDispatcher0 (server),
11-29 07:44:57.079 0 0 I auditd : type=1400 audit(0.0:18808): avc: denied { kill } for comm="swapper/0" capability=5 scontext=u:r:kernel:s0 tcontext=u:r:kernel:s0 tclass=capability permissive=0
11-29 07:44:57.092 1491 1760 I GameModeConfig: isGameModeOn = false
11-29 07:44:57.095 1491 1760 I GameModeConfig: isGameModeOn = false
11-29 07:44:57.095 1491 1760 I GameModeConfig: isGameModeOn = false
11-29 07:44:57.095 1491 1760 I GameModeConfig: isGameModeOn = false
11-29 07:44:57.095 1491 1760 I GameModeConfig: isGameModeOn = false
11-29 07:44:57.096 1491 1760 I GameModeConfig: isGameModeOn = false
11-29 07:44:57.096 1491 1760 I GameModeConfig: isGameModeOn = false
11-29 07:44:57.096 1491 1760 I GameModeConfig: isGameModeOn = false
11-29 07:44:57.098 30912 30912 I sysui_multi_action: [757,111,758,2]
11-29 07:44:57.098 30912 30912 I sysui_multi_action: [757,111,758,2]
11-29 07:44:57.101 1491 1491 I notification_enqueue: [10082,30912,com.android.systemui,2048,NULL,0,Notification(channel=updateNotification shortcut=null contentView=null vibrate=null sound=null defaults=0x0 flags=0x0 color=0x00000000 vis=PRIVATE),1]
11-29 07:44:57.109 30912 30912 I sysui_multi_action: [757,111,758,1]
11-29 07:44:57.109 30912 30912 I sysui_multi_action: [757,126,758,1,759,126,927,0,928,1,1593,1]
11-29 07:44:57.109 30912 30912 I sysui_multi_action: [757,113,758,1,759,113,927,1,928,1,1593,1]
11-29 07:44:57.109 30912 30912 I sysui_multi_action: [757,0,758,1,759,0,927,2,928,0,1593,1]
11-29 07:44:57.109 30912 30912 I sysui_multi_action: [757,0,758,1,759,0,927,3,928,0,1593,1]
11-29 07:44:57.110 30912 30912 I sysui_multi_action: [757,491,758,1,759,491,927,4,928,0,1311,-1,1593,0]
11-29 07:44:57.110 30912 30912 I sysui_multi_action: [757,0,758,1,759,0,927,5,928,0,1593,0]
11-29 07:44:57.110 30912 30912 I sysui_multi_action: [757,111,758,1]
11-29 07:44:57.110 30912 30912 I sysui_multi_action: [757,126,758,1,759,126,927,0,928,1,1593,1]
11-29 07:44:57.110 30912 30912 I sysui_multi_action: [757,113,758,1,759,113,927,1,928,1,1593,1]
11-29 07:44:57.110 30912 30912 I sysui_multi_action: [757,0,758,1,759,0,927,2,928,0,1593,1]
11-29 07:44:57.111 30912 30912 I sysui_multi_action: [757,0,758,1,759,0,927,3,928,0,1593,1]
11-29 07:44:57.127 1491 1760 I GameModeConfig: isGameModeOn = false
11-29 07:44:57.127 1491 1760 I GameModeConfig: isGameModeOn = false
11-29 07:44:57.128 1491 1760 I GameModeConfig: isGameModeOn = false
11-29 07:44:57.128 1491 1760 I GameModeConfig: isGameModeOn = false
11-29 07:44:57.128 1491 1760 I GameModeConfig: isGameModeOn = false
11-29 07:44:57.128 1491 1760 I GameModeConfig: isGameModeOn = false
11-29 07:44:57.128 1491 1760 I GameModeConfig: isGameModeOn = false
11-29 07:44:57.128 1491 1760 I GameModeConfig: isGameModeOn = false
11-29 07:44:57.130 30912 30912 I sysui_multi_action: [757,111,758,2]
11-29 07:44:57.130 30912 30912 I sysui_multi_action: [757,111,758,2]
11-29 07:44:57.130 1491 1491 I notification_enqueue: [10082,30912,com.android.systemui,2048,NULL,0,Notification(channel=updateNotification shortcut=null contentView=null vibrate=null sound=null defaults=0x0 flags=0x0 color=0x00000000 vis=PRIVATE),1]
11-29 07:44:57.133 30912 30912 I sysui_multi_action: [757,111,758,1]
11-29 07:44:57.133 30912 30912 I sysui_multi_action: [757,126,758,1,759,126,927,0,928,1,1593,1]
11-29 07:44:57.133 30912 30912 I sysui_multi_action: [757,113,758,1,759,113,927,1,928,1,1593,1]
11-29 07:44:57.133 30912 30912 I sysui_multi_action: [757,0,758,1,759,0,927,2,928,0,1593,1]
11-29 07:44:57.133 30912 30912 I sysui_multi_action: [757,0,758,1,759,0,927,3,928,0,1593,1]
11-29 07:44:57.133 30912 30912 I sysui_multi_action: [757,491,758,1,759,491,927,4,928,0,1311,-1,1593,0]
11-29 07:44:57.133 30912 30912 I sysui_multi_action: [757,0,758,1,759,0,927,5,928,0,1593,0]
11-29 07:44:57.133 30912 30912 I sysui_multi_action: [757,111,758,1]
11-29 07:44:57.134 30912 30912 I sysui_multi_action: [757,126,758,1,759,126,927,0,928,1,1593,1]
11-29 07:44:57.134 30912 30912 I sysui_multi_action: [757,113,758,1,759,113,927,1,928,1,1593,1]
11-29 07:44:57.134 30912 30912 I sysui_multi_action: [757,0,758,1,759,0,927,2,928,0,1593,1]
11-29 07:44:57.134 30912 30912 I sysui_multi_action: [757,0,758,1,759,0,927,3,928,0,1593,1]
11-29 07:44:57.142 1491 1760 I GameModeConfig: isGameModeOn = false
11-29 07:44:57.142 1491 1760 I GameModeConfig: isGameModeOn = false
11-29 07:44:57.143 1491 1760 I GameModeConfig: isGameModeOn = false
11-29 07:44:57.143 1491 1760 I GameModeConfig: isGameModeOn = false
11-29 07:44:57.143 1491 1760 I GameModeConfig: isGameModeOn = false
11-29 07:44:57.143 1491 1760 I GameModeConfig: isGameModeOn = false
11-29 07:44:57.143 1491 1760 I GameModeConfig: isGameModeOn = false
11-29 07:44:57.143 1491 1760 I GameModeConfig: isGameModeOn = false
11-29 07:44:57.144 30912 30912 I sysui_multi_action: [757,111,758,2]
11-29 07:44:57.144 30912 30912 I sysui_multi_action: [757,111,758,2]
11-29 07:44:57.145 1491 1491 I notification_enqueue: [10082,30912,com.android.systemui,2048,NULL,0,Notification(channel=updateNotification shortcut=null contentView=null vibrate=null sound=null defaults=0x0 flags=0x0 color=0x00000000 vis=PRIVATE),1]
11-29 07:44:57.147 30912 30912 I sysui_multi_action: [757,111,758,1]
11-29 07:44:57.147 30912 30912 I sysui_multi_action: [757,126,758,1,759,126,927,0,928,1,1593,1]
11-29 07:44:57.147 30912 30912 I sysui_multi_action: [757,113,758,1,759,113,927,1,928,1,1593,1]
11-29 07:44:57.147 30912 30912 I sysui_multi_action: [757,0,758,1,759,0,927,2,928,0,1593,1]
11-29 07:44:57.148 30912 30912 I sysui_multi_action: [757,0,758,1,759,0,927,3,928,0,1593,1]
11-29 07:44:57.148 30912 30912 I sysui_multi_action: [757,491,758,1,759,491,927,4,928,0,1311,-1,1593,0]
11-29 07:44:57.148 30912 30912 I sysui_multi_action: [757,0,758,1,759,0,927,5,928,0,1593,0]
11-29 07:44:57.148 30912 30912 I sysui_multi_action: [757,111,758,1]
11-29 07:44:57.148 30912 30912 I sysui_multi_action: [757,126,758,1,759,126,927,0,928,1,1593,1]
11-29 07:44:57.148 30912 30912 I sysui_multi_action: [757,113,758,1,759,113,927,1,928,1,1593,1]
11-29 07:44:57.148 30912 30912 I sysui_multi_action: [757,0,758,1,759,0,927,2,928,0,1593,1]
11-29 07:44:57.148 30912 30912 I sysui_multi_action: [757,0,758,1,759,0,927,3,928,0,1593,1]
11-29 07:44:57.159 1491 1760 I GameModeConfig: isGameModeOn = false
11-29 07:44:57.159 1491 1760 I GameModeConfig: isGameModeOn = false
11-29 07:44:57.159 1491 1760 I GameModeConfig: isGameModeOn = false
11-29 07:44:57.159 1491 1760 I GameModeConfig: isGameModeOn = false
11-29 07:44:57.159 1491 1760 I GameModeConfig: isGameModeOn = false
11-29 07:44:57.160 1491 1760 I GameModeConfig: isGameModeOn = false
11-29 07:44:57.160 1491 1760 I GameModeConfig: isGameModeOn = false
11-29 07:44:57.160 1491 1760 I GameModeConfig: isGameModeOn = false
11-29 07:44:57.161 30912 30912 I sysui_multi_action: [757,111,758,2]
11-29 07:44:57.161 30912 30912 I sysui_multi_action: [757,111,758,2]
11-29 07:44:57.161 1491 1491 I notification_enqueue: [10082,30912,com.android.systemui,2048,NULL,0,Notification(channel=updateNotification shortcut=null contentView=null vibrate=null sound=null defaults=0x0 flags=0x0 color=0x00000000 vis=PRIVATE),1]
11-29 07:44:57.164 30912 30912 I sysui_multi_action: [757,111,758,1]
11-29 07:44:57.164 30912 30912 I sysui_multi_action: [757,126,758,1,759,126,927,0,928,1,1593,1]
11-29 07:44:57.164 30912 30912 I sysui_multi_action: [757,113,758,1,759,113,927,1,928,1,1593,1]
11-29 07:44:57.164 30912 30912 I sysui_multi_action: [757,0,758,1,759,0,927,2,928,0,1593,1]
11-29 07:44:57.164 30912 30912 I sysui_multi_action: [757,0,758,1,759,0,927,3,928,0,1593,1]
11-29 07:44:57.164 30912 30912 I sysui_multi_action: [757,491,758,1,759,491,927,4,928,0,1311,-1,1593,0]
11-29 07:44:57.164 30912 30912 I sysui_multi_action: [757,0,758,1,759,0,927,5,928,0,1593,0]
11-29 07:44:57.164 30912 30912 I sysui_multi_action: [757,111,758,1]
11-29 07:44:57.164 30912 30912 I sysui_multi_action: [757,126,758,1,759,126,927,0,928,1,1593,1]
11-29 07:44:57.164 30912 30912 I sysui_multi_action: [757,113,758,1,759,113,927,1,928,1,1593,1]
11-29 07:44:57.164 30912 30912 I sysui_multi_action: [757,0,758,1,759,0,927,2,928,0,1593,1]
11-29 07:44:57.165 30912 30912 I sysui_multi_action: [757,0,758,1,759,0,927,3,928,0,1593,1]
11-29 07:44:57.175 1491 1760 I GameModeConfig: isGameModeOn = false
11-29 07:44:57.175 1491 1760 I GameModeConfig: isGameModeOn = false
11-29 07:44:57.175 1491 1760 I GameModeConfig: isGameModeOn = false
11-29 07:44:57.175 1491 1760 I GameModeConfig: isGameModeOn = false
11-29 07:44:57.176 1491 1760 I GameModeConfig: isGameModeOn = false
11-29 07:44:57.176 1491 1760 I GameModeConfig: isGameModeOn = false
11-29 07:44:57.176 1491 1760 I GameModeConfig: isGameModeOn = false
11-29 07:44:57.176 1491 1760 I GameModeConfig: isGameModeOn = false
11-29 07:44:57.177 30912 30912 I sysui_multi_action: [757,111,758,2]
11-29 07:44:57.177 30912 30912 I sysui_multi_action: [757,111,758,2]
11-29 07:44:57.178 1491 1491 I notification_enqueue: [10082,30912,com.android.systemui,2048,NULL,0,Notification(channel=updateNotification shortcut=null contentView=null vibrate=null sound=null defaults=0x0 flags=0x0 color=0x00000000 vis=PRIVATE),1]
11-29 07:44:57.179 30912 30912 I sysui_multi_action: [757,111,758,1]
11-29 07:44:57.179 30912 30912 I sysui_multi_action: [757,126,758,1,759,126,927,0,928,1,1593,1]
11-29 07:44:57.180 30912 30912 I sysui_multi_action: [757,113,758,1,759,113,927,1,928,1,1593,1]
11-29 07:44:57.180 30912 30912 I sysui_multi_action: [757,0,758,1,759,0,927,2,928,0,1593,1]
11-29 07:44:57.180 30912 30912 I sysui_multi_action: [757,0,758,1,759,0,927,3,928,0,1593,1]
11-29 07:44:57.180 30912 30912 I sysui_multi_action: [757,491,758,1,759,491,927,4,928,0,1311,-1,1593,0]
11-29 07:44:57.180 30912 30912 I sysui_multi_action: [757,0,758,1,759,0,927,5,928,0,1593,0]
11-29 07:44:57.180 30912 30912 I sysui_multi_action: [757,111,758,1]
11-29 07:44:57.180 30912 30912 I sysui_multi_action: [757,126,758,1,759,126,927,0,928,1,1593,1]
11-29 07:44:57.180 30912 30912 I sysui_multi_action: [757,113,758,1,759,113,927,1,928,1,1593,1]
11-29 07:44:57.180 30912 30912 I sysui_multi_action: [757,0,758,1,759,0,927,2,928,0,1593,1]
11-29 07:44:57.180 30912 30912 I sysui_multi_action: [757,0,758,1,759,0,927,3,928,0,1593,1]
11-29 07:44:57.191 1491 1760 I GameModeConfig: isGameModeOn = false
11-29 07:44:57.192 1491 1760 I GameModeConfig: isGameModeOn = false
11-29 07:44:57.192 1491 1760 I GameModeConfig: isGameModeOn = false
11-29 07:44:57.192 1491 1760 I GameModeConfig: isGameModeOn = false
11-29 07:44:57.192 1491 1760 I GameModeConfig: isGameModeOn = false
11-29 07:44:57.193 1491 1760 I GameModeConfig: isGameModeOn = false
11-29 07:44:57.193 1491 1760 I GameModeConfig: isGameModeOn = false
11-29 07:44:57.193 1491 1760 I GameModeConfig: isGameModeOn = false
11-29 07:44:57.194 30912 30912 I sysui_multi_action: [757,111,758,2]
11-29 07:44:57.194 30912 30912 I sysui_multi_action: [757,111,758,2]
11-29 07:44:57.194 1491 1491 I notification_enqueue: [10082,30912,com.android.systemui,2048,NULL,0,Notification(channel=updateNotification shortcut=null contentView=null vibrate=null sound=null defaults=0x0 flags=0x0 color=0x00000000 vis=PRIVATE),1]
11-29 07:44:57.196 30912 30912 I sysui_multi_action: [757,111,758,1]
11-29 07:44:57.196 30912 30912 I sysui_multi_action: [757,126,758,1,759,126,927,0,928,1,1593,1]
11-29 07:44:57.196 30912 30912 I sysui_multi_action: [757,113,758,1,759,113,927,1,928,1,1593,1]
11-29 07:44:57.196 30912 30912 I sysui_multi_action: [757,0,758,1,759,0,927,2,928,0,1593,1]
11-29 07:44:57.196 30912 30912 I sysui_multi_action: [757,0,758,1,759,0,927,3,928,0,1593,1]
11-29 07:44:57.197 30912 30912 I sysui_multi_action: [757,491,758,1,759,491,927,4,928,0,1311,-1,1593,0]
11-29 07:44:57.197 30912 30912 I sysui_multi_action: [757,0,758,1,759,0,927,5,928,0,1593,0]
11-29 07:44:57.197 30912 30912 I sysui_multi_action: [757,111,758,1]
11-29 07:44:57.197 30912 30912 I sysui_multi_action: [757,126,758,1,759,126,927,0,928,1,1593,1]
11-29 07:44:57.197 30912 30912 I sysui_multi_action: [757,113,758,1,759,113,927,1,928,1,1593,1]
11-29 07:44:57.197 30912 30912 I sysui_multi_action: [757,0,758,1,759,0,927,2,928,0,1593,1]
11-29 07:44:57.197 30912 30912 I sysui_multi_action: [757,0,758,1,759,0,927,3,928,0,1593,1]
11-29 07:44:57.208 1491 1760 I GameModeConfig: isGameModeOn = false
11-29 07:44:57.209 1491 1760 I GameModeConfig: isGameModeOn = false
11-29 07:44:57.209 1491 1760 I GameModeConfig: isGameModeOn = false
11-29 07:44:57.209 1491 1760 I GameModeConfig: isGameModeOn = false
11-29 07:44:57.209 1491 1760 I GameModeConfig: isGameModeOn = false
11-29 07:44:57.210 1491 1760 I GameModeConfig: isGameModeOn = false
11-29 07:44:57.210 1491 1760 I GameModeConfig: isGameModeOn = false
11-29 07:44:57.210 1491 1760 I GameModeConfig: isGameModeOn = false
11-29 07:44:57.211 30912 30912 I sysui_multi_action: [757,111,758,2]
11-29 07:44:57.211 30912 30912 I sysui_multi_action: [757,111,758,2]
11-29 07:44:57.211 1491 1491 I notification_enqueue: [10082,30912,com.android.systemui,2048,NULL,0,Notification(channel=updateNotification shortcut=null contentView=null vibrate=null sound=null defaults=0x0 flags=0x0 color=0x00000000 vis=PRIVATE),1]
11-29 07:44:57.213 30912 30912 I sysui_multi_action: [757,111,758,1]
11-29 07:44:57.214 30912 30912 I sysui_multi_action: [757,126,758,1,759,126,927,0,928,1,1593,1]
11-29 07:44:57.214 30912 30912 I sysui_multi_action: [757,113,758,1,759,113,927,1,928,1,1593,1]
11-29 07:44:57.214 30912 30912 I sysui_multi_action: [757,0,758,1,759,0,927,2,928,0,1593,1]
11-29 07:44:57.214 30912 30912 I sysui_multi_action: [757,0,758,1,759,0,927,3,928,0,1593,1]
11-29 07:44:57.214 30912 30912 I sysui_multi_action: [757,491,758,1,759,491,927,4,928,0,1311,-1,1593,0]
11-29 07:44:57.214 30912 30912 I sysui_multi_action: [757,0,758,1,759,0,927,5,928,0,1593,0]
11-29 07:44:57.214 30912 30912 I sysui_multi_action: [757,111,758,1]
11-29 07:44:57.214 30912 30912 I sysui_multi_action: [757,126,758,1,759,126,927,0,928,1,1593,1]
11-29 07:44:57.214 30912 30912 I sysui_multi_action: [757,113,758,1,759,113,927,1,928,1,1593,1]
11-29 07:44:57.214 30912 30912 I sysui_multi_action: [757,0,758,1,759,0,927,2,928,0,1593,1]
11-29 07:44:57.214 30912 30912 I sysui_multi_action: [757,0,758,1,759,0,927,3,928,0,1593,1]
11-29 07:44:57.225 1491 1760 I GameModeConfig: isGameModeOn = false
11-29 07:44:57.225 1491 1760 I GameModeConfig: isGameModeOn = false
11-29 07:44:57.225 1491 1760 I GameModeConfig: isGameModeOn = false
11-29 07:44:57.226 1491 1760 I GameModeConfig: isGameModeOn = false
11-29 07:44:57.226 1491 1760 I GameModeConfig: isGameModeOn = false
11-29 07:44:57.226 1491 1760 I GameModeConfig: isGameModeOn = false
11-29 07:44:57.226 1491 1760 I GameModeConfig: isGameModeOn = false
11-29 07:44:57.226 1491 1760 I GameModeConfig: isGameModeOn = false
11-29 07:44:57.227 30912 30912 I sysui_multi_action: [757,111,758,2]
11-29 07:44:57.227 30912 30912 I sysui_multi_action: [757,111,758,2]
11-29 07:44:57.227 1491 1491 I notification_enqueue: [10082,30912,com.android.systemui,2048,NULL,0,Notification(channel=updateNotification shortcut=null contentView=null vibrate=null sound=null defaults=0x0 flags=0x0 color=0x00000000 vis=PRIVATE),1]
11-29 07:44:57.230 30912 30912 I sysui_multi_action: [757,111,758,1]
11-29 07:44:57.230 30912 30912 I sysui_multi_action: [757,126,758,1,759,126,927,0,928,1,1593,1]
11-29 07:44:57.230 30912 30912 I sysui_multi_action: [757,113,758,1,759,113,927,1,928,1,1593,1]
11-29 07:44:57.230 30912 30912 I sysui_multi_action: [757,0,758,1,759,0,927,2,928,0,1593,1]
11-29 07:44:57.230 30912 30912 I sysui_multi_action: [757,0,758,1,759,0,927,3,928,0,1593,1]
11-29 07:44:57.230 30912 30912 I sysui_multi_action: [757,491,758,1,759,491,927,4,928,0,1311,-1,1593,0]
11-29 07:44:57.230 30912 30912 I sysui_multi_action: [757,0,758,1,759,0,927,5,928,0,1593,0]
11-29 07:44:57.230 30912 30912 I sysui_multi_action: [757,111,758,1]
11-29 07:44:57.230 30912 30912 I sysui_multi_action: [757,126,758,1,759,126,927,0,928,1,1593,1]
11-29 07:44:57.230 30912 30912 I sysui_multi_action: [757,113,758,1,759,113,927,1,928,1,1593,1]
11-29 07:44:57.230 30912 30912 I sysui_multi_action: [757,0,758,1,759,0,927,2,928,0,1593,1]
11-29 07:44:57.231 30912 30912 I sysui_multi_action: [757,0,758,1,759,0,927,3,928,0,1593,1]
11-29 07:44:57.242 1491 1760 I GameModeConfig: isGameModeOn = false
11-29 07:44:57.243 1491 1760 I GameModeConfig: isGameModeOn = false
11-29 07:44:57.243 1491 1760 I GameModeConfig: isGameModeOn = false
11-29 07:44:57.243 1491 1760 I GameModeConfig: isGameModeOn = false
11-29 07:44:57.243 1491 1760 I GameModeConfig: isGameModeOn = false
11-29 07:44:57.243 1491 1760 I GameModeConfig: isGameModeOn = false
11-29 07:44:57.243 1491 1760 I GameModeConfig: isGameModeOn = false
11-29 07:44:57.243 1491 1760 I GameModeConfig: isGameModeOn = false
11-29 07:44:57.244 30912 30912 I sysui_multi_action: [757,111,758,2]
11-29 07:44:57.244 30912 30912 I sysui_multi_action: [757,111,758,2]
11-29 07:44:57.244 1491 1491 I notification_enqueue: [10082,30912,com.android.systemui,2048,NULL,0,Notification(channel=updateNotification shortcut=null contentView=null vibrate=null sound=null defaults=0x0 flags=0x0 color=0x00000000 vis=PRIVATE),1]
11-29 07:44:57.247 30912 30912 I sysui_multi_action: [757,111,758,1]
11-29 07:44:57.247 30912 30912 I sysui_multi_action: [757,126,758,1,759,126,927,0,928,1,1593,1]
11-29 07:44:57.248 30912 30912 I sysui_multi_action: [757,113,758,1,759,113,927,1,928,1,1593,1]
11-29 07:44:57.248 30912 30912 I sysui_multi_action: [757,0,758,1,759,0,927,2,928,0,1593,1]
11-29 07:44:57.248 30912 30912 I sysui_multi_action: [757,0,758,1,759,0,927,3,928,0,1593,1]
11-29 07:44:57.248 30912 30912 I sysui_multi_action: [757,491,758,1,759,491,927,4,928,0,1311,-1,1593,0]
11-29 07:44:57.248 30912 30912 I sysui_multi_action: [757,0,758,1,759,0,927,5,928,0,1593,0]
11-29 07:44:57.248 30912 30912 I sysui_multi_action: [757,111,758,1]
11-29 07:44:57.248 30912 30912 I sysui_multi_action: [757,126,758,1,759,126,927,0,928,1,1593,1]
11-29 07:44:57.248 30912 30912 I sysui_multi_action: [757,113,758,1,759,113,927,1,928,1,1593,1]
11-29 07:44:57.248 30912 30912 I sysui_multi_action: [757,0,758,1,759,0,927,2,928,0,1593,1]
11-29 07:44:57.248 30912 30912 I sysui_multi_action: [757,0,758,1,759,0,927,3,928,0,1593,1]
11-29 07:44:57.259 1491 1760 I GameModeConfig: isGameModeOn = false
11-29 07:44:57.259 1491 1760 I GameModeConfig: isGameModeOn = false
11-29 07:44:57.259 1491 1760 I GameModeConfig: isGameModeOn = false
11-29 07:44:57.259 1491 1760 I GameModeConfig: isGameModeOn = false
11-29 07:44:57.259 1491 1760 I GameModeConfig: isGameModeOn = false
11-29 07:44:57.259 1491 1760 I GameModeConfig: isGameModeOn = false
11-29 07:44:57.259 1491 1760 I GameModeConfig: isGameModeOn = false
11-29 07:44:57.259 1491 1760 I GameModeConfig: isGameModeOn = false
11-29 07:44:57.260 30912 30912 I sysui_multi_action: [757,111,758,2]
11-29 07:44:57.260 30912 30912 I sysui_multi_action: [757,111,758,2]
11-29 07:44:57.260 1491 1491 I notification_enqueue: [10082,30912,com.android.systemui,2048,NULL,0,Notification(channel=updateNotification shortcut=null contentView=null vibrate=null sound=null defaults=0x0 flags=0x0 color=0x00000000 vis=PRIVATE),1]
11-29 07:44:57.263 30912 30912 I sysui_multi_action: [757,111,758,1]
11-29 07:44:57.263 30912 30912 I sysui_multi_action: [757,126,758,1,759,126,927,0,928,1,1593,1]
11-29 07:44:57.263 30912 30912 I sysui_multi_action: [757,113,758,1,759,113,927,1,928,1,1593,1]
11-29 07:44:57.263 30912 30912 I sysui_multi_action: [757,0,758,1,759,0,927,2,928,0,1593,1]
11-29 07:44:57.264 30912 30912 I sysui_multi_action: [757,0,758,1,759,0,927,3,928,0,1593,1]
11-29 07:44:57.264 30912 30912 I sysui_multi_action: [757,491,758,1,759,491,927,4,928,0,1311,-1,1593,0]
11-29 07:44:57.264 30912 30912 I sysui_multi_action: [757,0,758,1,759,0,927,5,928,0,1593,0]
11-29 07:44:57.264 30912 30912 I sysui_multi_action: [757,111,758,1]
11-29 07:44:57.264 30912 30912 I sysui_multi_action: [757,126,758,1,759,126,927,0,928,1,1593,1]
11-29 07:44:57.264 30912 30912 I sysui_multi_action: [757,113,758,1,759,113,927,1,928,1,1593,1]
11-29 07:44:57.264 30912 30912 I sysui_multi_action: [757,0,758,1,759,0,927,2,928,0,1593,1]
11-29 07:44:57.264 30912 30912 I sysui_multi_action: [757,0,758,1,759,0,927,3,928,0,1593,1]
11-29 07:44:57.275 1491 1760 I GameModeConfig: isGameModeOn = false
11-29 07:44:57.275 1491 1760 I GameModeConfig: isGameModeOn = false
11-29 07:44:57.275 1491 1760 I GameModeConfig: isGameModeOn = false
11-29 07:44:57.276 1491 1760 I GameModeConfig: isGameModeOn = false
11-29 07:44:57.276 1491 1760 I GameModeConfig: isGameModeOn = false
11-29 07:44:57.276 1491 1760 I GameModeConfig: isGameModeOn = false
11-29 07:44:57.276 1491 1760 I GameModeConfig: isGameModeOn = false
11-29 07:44:57.276 1491 1760 I GameModeConfig: isGameModeOn = false
11-29 07:44:57.277 30912 30912 I sysui_multi_action: [757,111,758,2]
11-29 07:44:57.277 1491 1491 I notification_enqueue: [10082,30912,com.android.systemui,2048,NULL,0,Notification(channel=updateNotification shortcut=null contentView=null vibrate=null sound=null defaults=0x0 flags=0x0 color=0x00000000 vis=PRIVATE),1]
11-29 07:44:57.277 30912 30912 I sysui_multi_action: [757,111,758,2]
11-29 07:44:57.279 30912 30912 I sysui_multi_action: [757,111,758,1]
11-29 07:44:57.279 30912 30912 I sysui_multi_action: [757,126,758,1,759,126,927,0,928,1,1593,1]
11-29 07:44:57.280 30912 30912 I sysui_multi_action: [757,113,758,1,759,113,927,1,928,1,1593,1]
11-29 07:44:57.280 30912 30912 I sysui_multi_action: [757,0,758,1,759,0,927,2,928,0,1593,1]
11-29 07:44:57.280 30912 30912 I sysui_multi_action: [757,0,758,1,759,0,927,3,928,0,1593,1]
11-29 07:44:57.280 30912 30912 I sysui_multi_action: [757,491,758,1,759,491,927,4,928,0,1311,-1,1593,0]
11-29 07:44:57.280 30912 30912 I sysui_multi_action: [757,0,758,1,759,0,927,5,928,0,1593,0]
11-29 07:44:57.280 30912 30912 I sysui_multi_action: [757,111,758,1]
11-29 07:44:57.280 30912 30912 I sysui_multi_action: [757,126,758,1,759,126,927,0,928,1,1593,1]
11-29 07:44:57.280 30912 30912 I sysui_multi_action: [757,113,758,1,759,113,927,1,928,1,1593,1]
11-29 07:44:57.280 30912 30912 I sysui_multi_action: [757,0,758,1,759,0,927,2,928,0,1593,1]
11-29 07:44:57.280 30912 30912 I sysui_multi_action: [757,0,758,1,759,0,927,3,928,0,1593,1]
11-29 07:44:57.292 1491 1760 I GameModeConfig: isGameModeOn = false
11-29 07:44:57.293 1491 1760 I GameModeConfig: isGameModeOn = false
11-29 07:44:57.293 1491 1760 I GameModeConfig: isGameModeOn = false
11-29 07:44:57.293 1491 1760 I GameModeConfig: isGameModeOn = false
11-29 07:44:57.293 1491 1760 I GameModeConfig: isGameModeOn = false
11-29 07:44:57.293 1491 1760 I GameModeConfig: isGameModeOn = false
11-29 07:44:57.293 1491 1760 I GameModeConfig: isGameModeOn = false
11-29 07:44:57.293 1491 1760 I GameModeConfig: isGameModeOn = false
11-29 07:44:57.294 30912 30912 I sysui_multi_action: [757,111,758,2]
11-29 07:44:57.294 30912 30912 I sysui_multi_action: [757,111,758,2]
11-29 07:44:57.294 1491 1491 I notification_enqueue: [10082,30912,com.android.systemui,2048,NULL,0,Notification(channel=updateNotification shortcut=null contentView=null vibrate=null sound=null defaults=0x0 flags=0x0 color=0x00000000 vis=PRIVATE),1]
11-29 07:44:57.296 30912 30912 I sysui_multi_action: [757,111,758,1]
11-29 07:44:57.296 30912 30912 I sysui_multi_action: [757,126,758,1,759,126,927,0,928,1,1593,1]
11-29 07:44:57.297 30912 30912 I sysui_multi_action: [757,113,758,1,759,113,927,1,928,1,1593,1]
11-29 07:44:57.297 30912 30912 I sysui_multi_action: [757,0,758,1,759,0,927,2,928,0,1593,1]
11-29 07:44:57.297 30912 30912 I sysui_multi_action: [757,0,758,1,759,0,927,3,928,0,1593,1]
11-29 07:44:57.297 30912 30912 I sysui_multi_action: [757,491,758,1,759,491,927,4,928,0,1311,-1,1593,0]
11-29 07:44:57.297 30912 30912 I sysui_multi_action: [757,0,758,1,759,0,927,5,928,0,1593,0]
11-29 07:44:57.297 30912 30912 I sysui_multi_action: [757,111,758,1]
11-29 07:44:57.297 30912 30912 I sysui_multi_action: [757,126,758,1,759,126,927,0,928,1,1593,1]
11-29 07:44:57.297 30912 30912 I sysui_multi_action: [757,113,758,1,759,113,927,1,928,1,1593,1]
11-29 07:44:57.297 30912 30912 I sysui_multi_action: [757,0,758,1,759,0,927,2,928,0,1593,1]
11-29 07:44:57.297 30912 30912 I sysui_multi_action: [757,0,758,1,759,0,927,3,928,0,1593,1]
11-29 07:44:57.304 1491 1491 I GameModeConfig: isGameModeOn = false
11-29 07:44:57.304 1491 1491 I sysui_multi_action: [757,1501,758,1,793,16254565,794,0,795,212,796,2048,806,com.android.systemui,857,updateNotification,858,3,947,0,1500,0,1688,1]
11-29 07:44:57.305 1491 1491 I sysui_multi_action: [757,804,799,note_interruptive,801,0,802,1]
11-29 07:44:57.305 1491 1491 I sysui_multi_action: [757,199,758,1,759,2,793,16254566,794,0,795,213,796,2048,806,com.android.systemui,857,updateNotification,858,3,947,0,1500,1,1688,1]
11-29 07:44:57.305 1491 1491 I notification_alert: [0|com.android.systemui|2048|null|10082,0,1,0]
11-29 07:44:57.306 1491 1491 W NotificationHistory: Attempted to add notif for locked/gone/disabled user 0
11-29 07:44:57.309 1491 1760 I GameModeConfig: isGameModeOn = false
11-29 07:44:57.309 1491 1760 I GameModeConfig: isGameModeOn = false
11-29 07:44:57.309 1491 1760 I GameModeConfig: isGameModeOn = false
11-29 07:44:57.309 1491 1760 I GameModeConfig: isGameModeOn = false
11-29 07:44:57.309 1491 1760 I GameModeConfig: isGameModeOn = false
11-29 07:44:57.310 1491 1760 I GameModeConfig: isGameModeOn = false
11-29 07:44:57.310 1491 1760 I GameModeConfig: isGameModeOn = false
11-29 07:44:57.312 1491 1760 I GameModeConfig: isGameModeOn = false
11-29 07:44:57.313 30912 30912 I sysui_multi_action: [757,111,758,2]
11-29 07:44:57.313 30912 30912 I sysui_multi_action: [757,111,758,2]
11-29 07:44:57.314 1491 1491 I notification_enqueue: [10082,30912,com.android.systemui,2048,NULL,0,Notification(channel=updateNotification shortcut=null contentView=null vibrate=null sound=null defaults=0x0 flags=0x0 color=0x00000000 vis=PRIVATE),1]
11-29 07:44:57.315 30912 30912 I sysui_multi_action: [757,111,758,1]
11-29 07:44:57.315 30912 30912 I sysui_multi_action: [757,126,758,1,759,126,927,0,928,1,1593,1]
11-29 07:44:57.315 30912 30912 I sysui_multi_action: [757,113,758,1,759,113,927,1,928,1,1593,1]
11-29 07:44:57.315 30912 30912 I sysui_multi_action: [757,0,758,1,759,0,927,2,928,0,1593,1]
11-29 07:44:57.315 30912 30912 I sysui_multi_action: [757,0,758,1,759,0,927,3,928,0,1593,1]
11-29 07:44:57.316 30912 30912 I sysui_multi_action: [757,491,758,1,759,491,927,4,928,0,1311,-1,1593,0]
11-29 07:44:57.316 30912 30912 I sysui_multi_action: [757,0,758,1,759,0,927,5,928,0,1593,0]
11-29 07:44:57.316 30912 30912 I sysui_multi_action: [757,111,758,1]
11-29 07:44:57.316 30912 30912 I sysui_multi_action: [757,126,758,1,759,126,927,0,928,1,1593,1]
11-29 07:44:57.316 30912 30912 I sysui_multi_action: [757,113,758,1,759,113,927,1,928,1,1593,1]
11-29 07:44:57.316 30912 30912 I sysui_multi_action: [757,0,758,1,759,0,927,2,928,0,1593,1]
11-29 07:44:57.316 30912 30912 I sysui_multi_action: [757,0,758,1,759,0,927,3,928,0,1593,1]
11-29 07:44:57.326 30912 30912 I sysui_multi_action: [757,111,758,2]
11-29 07:44:57.326 30912 30912 I sysui_multi_action: [757,111,758,2]
11-29 07:44:57.326 1491 1491 I notification_enqueue: [10082,30912,com.android.systemui,2048,NULL,0,Notification(channel=updateNotification shortcut=null contentView=null vibrate=null sound=null defaults=0x0 flags=0x0 color=0x00000000 vis=PRIVATE),1]
11-29 07:44:57.327 1491 1760 I GameModeConfig: isGameModeOn = false
11-29 07:44:57.328 1491 1760 I GameModeConfig: isGameModeOn = false
11-29 07:44:57.328 1491 1760 I GameModeConfig: isGameModeOn = false
11-29 07:44:57.328 1491 1760 I GameModeConfig: isGameModeOn = false
11-29 07:44:57.328 1491 1760 I GameModeConfig: isGameModeOn = false
11-29 07:44:57.328 1491 1760 I GameModeConfig: isGameModeOn = false
11-29 07:44:57.328 1491 1760 I GameModeConfig: isGameModeOn = false
11-29 07:44:57.328 1491 1760 I GameModeConfig: isGameModeOn = false
11-29 07:44:57.328 30912 30912 I sysui_multi_action: [757,111,758,1]
11-29 07:44:57.328 30912 30912 I sysui_multi_action: [757,126,758,1,759,126,927,0,928,1,1593,1]
11-29 07:44:57.328 30912 30912 I sysui_multi_action: [757,113,758,1,759,113,927,1,928,1,1593,1]
11-29 07:44:57.329 30912 30912 I sysui_multi_action: [757,0,758,1,759,0,927,2,928,0,1593,1]
11-29 07:44:57.329 30912 30912 I sysui_multi_action: [757,0,758,1,759,0,927,3,928,0,1593,1]
11-29 07:44:57.329 30912 30912 I sysui_multi_action: [757,491,758,1,759,491,927,4,928,0,1311,-1,1593,0]
11-29 07:44:57.329 30912 30912 I sysui_multi_action: [757,0,758,1,759,0,927,5,928,0,1593,0]
11-29 07:44:57.329 30912 30912 I sysui_multi_action: [757,111,758,1]
11-29 07:44:57.329 30912 30912 I sysui_multi_action: [757,126,758,1,759,126,927,0,928,1,1593,1]
11-29 07:44:57.329 30912 30912 I sysui_multi_action: [757,113,758,1,759,113,927,1,928,1,1593,1]
11-29 07:44:57.329 30912 30912 I sysui_multi_action: [757,0,758,1,759,0,927,2,928,0,1593,1]
11-29 07:44:57.329 30912 30912 I sysui_multi_action: [757,0,758,1,759,0,927,3,928,0,1593,1]
11-29 07:44:57.331 1491 1491 I GameModeConfig: isGameModeOn = false
11-29 07:44:57.332 1491 1491 E NotificationService: Muting recently noisy 0|com.android.systemui|2048|null|10082
11-29 07:44:57.342 1491 1760 I GameModeConfig: isGameModeOn = false
11-29 07:44:57.342 1491 1760 I GameModeConfig: isGameModeOn = false
11-29 07:44:57.342 1491 1760 I GameModeConfig: isGameModeOn = false
11-29 07:44:57.342 1491 1760 I GameModeConfig: isGameModeOn = false
11-29 07:44:57.342 1491 1760 I GameModeConfig: isGameModeOn = false
11-29 07:44:57.343 1491 1760 I GameModeConfig: isGameModeOn = false
11-29 07:44:57.343 1491 1760 I GameModeConfig: isGameModeOn = false
11-29 07:44:57.343 1491 1760 I GameModeConfig: isGameModeOn = false
11-29 07:44:57.343 30912 30912 I sysui_multi_action: [757,111,758,2]
11-29 07:44:57.343 30912 30912 I sysui_multi_action: [757,111,758,2]
