11-29 07:43:16.079 0 0 I auditd : type=1400 audit(0.0:18692): avc: denied { kill } for comm="swapper/3" capability=5 scontext=u:r:kernel:s0 tcontext=u:r:kernel:s0 tclass=capability permissive=0
11-29 07:43:16.251 1491 10067 I sysui_multi_action: [757,128,758,1,793,1321334,794,0,795,1321334,796,54086601,798,5,806,com.tencent.android.qqdownloader,857,channel_id_default_silent,858,3,946,com.tencent.android.qqdownloader,947,1,1395,8,1500,1321334,1688,1]
11-29 07:43:16.251 1491 10067 I sysui_multi_action: [757,804,799,note_freshness,801,1321334,802,1]
11-29 07:43:16.252 1491 10067 I notification_visibility: [0|com.tencent.android.qqdownloader|54086601|null|10097,1,1321334,1321334,0,5]
11-29 07:43:16.252 1491 10067 I sysui_multi_action: [757,128,758,1,793,1388200,794,0,795,1388200,796,115,798,6,806,com.tencent.android.qqdownloader,857,channel_id_default_silent,858,3,946,com.tencent.android.qqdownloader,947,1,1395,8,1500,1388200,1688,1]
11-29 07:43:16.252 1491 10067 I sysui_multi_action: [757,804,799,note_freshness,801,1388200,802,1]
11-29 07:43:16.252 1491 10067 I notification_visibility: [0|com.tencent.android.qqdownloader|115|null|10097,1,1388200,1388200,0,6]
11-29 07:43:16.252 1491 10067 I sysui_multi_action: [757,128,758,2,793,14761025,794,8754,795,14761025,796,26,798,0,806,android,857,DEVELOPER_IMPORTANT,858,4,947,0,1395,8,1500,14760820,1688,1]
11-29 07:43:16.252 1491 10067 I notification_visibility: [-1|android|26|null|1000,0,14761025,14761025,0,0]
11-29 07:43:16.757 1491 10067 I sysui_multi_action: [757,128,758,1,793,55789,794,0,795,55789,796,1,798,7,806,com.tencent.tmgp.pubgmhd,857,my_channel_01,858,3,947,0,1395,8,1500,55582,1688,1]
11-29 07:43:16.757 1491 10067 I sysui_multi_action: [757,804,799,note_freshness,801,55789,802,1]
11-29 07:43:16.757 1491 10067 I notification_visibility: [0|com.tencent.tmgp.pubgmhd|1|null|10099,1,55789,55789,0,7]
11-29 07:43:16.758 1491 10067 I sysui_multi_action: [757,128,758,2,793,568447,794,9259,795,568447,796,131808548,797,OfflinePageAutoFetchNotification,798,1,806,com.microsoft.emmx,857,downloads,858,2,946,OfflinePageAutoFetchNotification,947,0,1395,8,1500,568244,1688,1]
11-29 07:43:16.758 1491 10067 I notification_visibility: [0|com.microsoft.emmx|131808548|OfflinePageAutoFetchNotification|10036,0,568447,568447,0,1]
11-29 07:43:16.883 1491 1760 I GameModeConfig: isGameModeOn = false
11-29 07:43:16.913 1491 1760 I GameModeConfig: isGameModeOn = false
11-29 07:43:16.921 1491 1760 I GameModeConfig: isGameModeOn = false
11-29 07:43:16.932 1491 1760 I GameModeConfig: isGameModeOn = false
11-29 07:43:16.944 1491 1760 I GameModeConfig: isGameModeOn = false
11-29 07:43:16.964 1491 1760 I GameModeConfig: isGameModeOn = false
11-29 07:43:16.976 1491 1760 I GameModeConfig: isGameModeOn = false
11-29 07:43:16.994 1491 1760 I GameModeConfig: isGameModeOn = false
11-29 07:43:17.011 1491 1760 I GameModeConfig: isGameModeOn = false
11-29 07:43:17.027 1491 1760 I GameModeConfig: isGameModeOn = false
11-29 07:43:17.044 1491 1760 I GameModeConfig: isGameModeOn = false
11-29 07:43:17.061 1491 1760 I GameModeConfig: isGameModeOn = false
11-29 07:43:17.078 1491 1760 I GameModeConfig: isGameModeOn = false
11-29 07:43:17.079 0 0 I auditd : type=1400 audit(0.0:18693): avc: denied { kill } for comm="swapper/2" capability=5 scontext=u:r:kernel:s0 tcontext=u:r:kernel:s0 tclass=capability permissive=0
11-29 07:43:17.092 1491 1760 I GameModeConfig: isGameModeOn = false
11-29 07:43:17.104 1491 1760 I GameModeConfig: isGameModeOn = false
11-29 07:43:17.115 1491 1760 I GameModeConfig: isGameModeOn = false
11-29 07:43:17.121 1491 1760 I GameModeConfig: isGameModeOn = false
11-29 07:43:17.125 1491 1760 I GameModeConfig: isGameModeOn = false
11-29 07:43:17.135 1491 1760 I GameModeConfig: isGameModeOn = false
11-29 07:43:17.135 1491 1760 I GameModeConfig: isGameModeOn = false
11-29 07:43:17.147 1491 1760 I GameModeConfig: isGameModeOn = false
11-29 07:43:17.149 1491 1760 I GameModeConfig: isGameModeOn = false
11-29 07:43:17.163 1491 1760 I GameModeConfig: isGameModeOn = false
11-29 07:43:17.170 1491 1760 I GameModeConfig: isGameModeOn = false
11-29 07:43:17.180 1491 1760 I GameModeConfig: isGameModeOn = false
11-29 07:43:17.182 1491 1760 I GameModeConfig: isGameModeOn = false
11-29 07:43:17.195 1491 1760 I GameModeConfig: isGameModeOn = false
11-29 07:43:17.198 1491 1760 I GameModeConfig: isGameModeOn = false
11-29 07:43:17.211 1491 1760 I GameModeConfig: isGameModeOn = false
11-29 07:43:17.213 1491 1760 I GameModeConfig: isGameModeOn = false
11-29 07:43:17.231 1491 1760 I GameModeConfig: isGameModeOn = false
11-29 07:43:17.246 1491 1760 I GameModeConfig: isGameModeOn = false
11-29 07:43:17.250 1491 1760 I GameModeConfig: isGameModeOn = false
11-29 07:43:17.261 1491 1723 I netstats_mobile_sample: [0,0,0,0,0,0,0,0,0,0,0,0,1669678997261]
11-29 07:43:17.262 1491 1723 I netstats_wifi_sample: [6160390321,5131254,212059745,999998,6160390321,5131254,212059745,999998,6243173473,5771316,123527872,799436,1669678997261]
11-29 07:43:17.263 1491 1760 I GameModeConfig: isGameModeOn = false
11-29 07:43:17.297 1491 1760 I GameModeConfig: isGameModeOn = false
11-29 07:43:17.314 1491 1760 I GameModeConfig: isGameModeOn = false
11-29 07:43:17.322 1491 1760 I GameModeConfig: isGameModeOn = false
11-29 07:43:17.338 1491 1760 I GameModeConfig: isGameModeOn = false
11-29 07:43:17.350 1491 1760 I GameModeConfig: isGameModeOn = false
11-29 07:43:17.367 1491 1760 I GameModeConfig: isGameModeOn = false
11-29 07:43:17.381 1491 1760 I GameModeConfig: isGameModeOn = false
11-29 07:43:17.393 1491 1760 I GameModeConfig: isGameModeOn = false
11-29 07:43:17.399 1491 1760 I GameModeConfig: isGameModeOn = false
11-29 07:43:17.403 1491 1760 I GameModeConfig: isGameModeOn = false
11-29 07:43:17.419 1491 1760 I GameModeConfig: isGameModeOn = false
11-29 07:43:17.429 1491 1760 I GameModeConfig: isGameModeOn = false
11-29 07:43:17.448 1491 1760 I GameModeConfig: isGameModeOn = false
11-29 07:43:17.452 1491 1760 I GameModeConfig: isGameModeOn = false
11-29 07:43:17.468 1491 1760 I GameModeConfig: isGameModeOn = false
11-29 07:43:17.596 1491 1760 I GameModeConfig: isGameModeOn = false
11-29 07:43:17.603 1491 1760 I GameModeConfig: isGameModeOn = false
11-29 07:43:17.630 1491 1760 I GameModeConfig: isGameModeOn = false
11-29 07:43:17.654 1491 1760 I GameModeConfig: isGameModeOn = false
11-29 07:43:17.671 1491 1760 I GameModeConfig: isGameModeOn = false
11-29 07:43:18.079 0 0 I auditd : type=1400 audit(0.0:18694): avc: denied { kill } for comm="swapper/2" capability=5 scontext=u:r:kernel:s0 tcontext=u:r:kernel:s0 tclass=capability permissive=0
11-29 07:43:18.291 1491 1760 I GameModeConfig: isGameModeOn = false
11-29 07:43:18.502 1491 1760 I GameModeConfig: isGameModeOn = false
11-29 07:43:18.929 1491 7072 I sysui_multi_action: [757,128,758,2,793,14763705,794,11430,795,14763705,796,32,798,2,806,android,857,USB,858,1,947,0,1395,8,1500,14763502,1688,1]
11-29 07:43:18.929 1491 7072 I notification_visibility: [-1|android|32|null|1000,0,14763705,14763705,0,2]
11-29 07:43:19.909 1491 1760 I GameModeConfig: isGameModeOn = false
11-29 07:43:19.909 1491 1760 I GameModeConfig: isGameModeOn = false
11-29 07:43:19.910 1491 1760 I GameModeConfig: isGameModeOn = false
11-29 07:43:19.910 1491 1760 I GameModeConfig: isGameModeOn = false
11-29 07:43:19.911 1491 1760 I GameModeConfig: isGameModeOn = false
11-29 07:43:19.911 1491 1760 I GameModeConfig: isGameModeOn = false
11-29 07:43:19.911 1491 1760 I GameModeConfig: isGameModeOn = false
11-29 07:43:19.911 1491 1760 I GameModeConfig: isGameModeOn = false
11-29 07:43:19.911 1491 1760 I GameModeConfig: isGameModeOn = false
11-29 07:43:19.912 1491 1760 I GameModeConfig: isGameModeOn = false
11-29 07:43:19.913 30912 30912 I sysui_multi_action: [757,111,758,2]
11-29 07:43:19.913 1491 1491 I notification_enqueue: [10082,30912,com.android.systemui,2048,NULL,0,Notification(channel=updateNotification shortcut=null contentView=null vibrate=null sound=null defaults=0x0 flags=0x0 color=0x00000000 vis=PRIVATE),1]
11-29 07:43:19.913 30912 30912 I sysui_multi_action: [757,111,758,2]
11-29 07:43:19.927 30912 30912 I sysui_multi_action: [757,111,758,1]
11-29 07:43:19.927 30912 30912 I sysui_multi_action: [757,126,758,1,759,126,927,0,928,1,1593,1]
11-29 07:43:19.927 30912 30912 I sysui_multi_action: [757,113,758,1,759,113,927,1,928,1,1593,1]
11-29 07:43:19.927 30912 30912 I sysui_multi_action: [757,0,758,1,759,0,927,2,928,0,1593,1]
11-29 07:43:19.927 30912 30912 I sysui_multi_action: [757,0,758,1,759,0,927,3,928,0,1593,1]
11-29 07:43:19.928 30912 30912 I sysui_multi_action: [757,491,758,1,759,491,927,4,928,0,1311,-1,1593,0]
11-29 07:43:19.928 30912 30912 I sysui_multi_action: [757,0,758,1,759,0,927,5,928,0,1593,0]
11-29 07:43:19.928 30912 30912 I sysui_multi_action: [757,111,758,1]
11-29 07:43:19.928 30912 30912 I sysui_multi_action: [757,126,758,1,759,126,927,0,928,1,1593,1]
11-29 07:43:19.928 30912 30912 I sysui_multi_action: [757,113,758,1,759,113,927,1,928,1,1593,1]
11-29 07:43:19.928 30912 30912 I sysui_multi_action: [757,0,758,1,759,0,927,2,928,0,1593,1]
11-29 07:43:19.929 30912 30912 I sysui_multi_action: [757,0,758,1,759,0,927,3,928,0,1593,1]
11-29 07:43:19.950 30912 30912 I sysui_multi_action: [757,111,758,2]
11-29 07:43:19.951 30912 30912 I sysui_multi_action: [757,111,758,2]
11-29 07:43:19.953 30912 30912 I sysui_multi_action: [757,111,758,1]
11-29 07:43:19.954 30912 30912 I sysui_multi_action: [757,126,758,1,759,126,927,0,928,1,1593,1]
11-29 07:43:19.954 30912 30912 I sysui_multi_action: [757,113,758,1,759,113,927,1,928,1,1593,1]
11-29 07:43:19.954 30912 30912 I sysui_multi_action: [757,0,758,1,759,0,927,2,928,0,1593,1]
11-29 07:43:19.954 30912 30912 I sysui_multi_action: [757,0,758,1,759,0,927,3,928,0,1593,1]
11-29 07:43:19.954 30912 30912 I sysui_multi_action: [757,491,758,1,759,491,927,4,928,0,1311,-1,1593,0]
11-29 07:43:19.954 30912 30912 I sysui_multi_action: [757,0,758,1,759,0,927,5,928,0,1593,0]
11-29 07:43:19.954 30912 30912 I sysui_multi_action: [757,111,758,1]
11-29 07:43:19.954 30912 30912 I sysui_multi_action: [757,126,758,1,759,126,927,0,928,1,1593,1]
11-29 07:43:19.954 1491 1491 I notification_enqueue: [10082,30912,com.android.systemui,2048,NULL,0,Notification(channel=updateNotification shortcut=null contentView=null vibrate=null sound=null defaults=0x0 flags=0x0 color=0x00000000 vis=PRIVATE),1]
11-29 07:43:19.954 30912 30912 I sysui_multi_action: [757,113,758,1,759,113,927,1,928,1,1593,1]
11-29 07:43:19.954 30912 30912 I sysui_multi_action: [757,0,758,1,759,0,927,2,928,0,1593,1]
11-29 07:43:19.954 30912 30912 I sysui_multi_action: [757,0,758,1,759,0,927,3,928,0,1593,1]
11-29 07:43:19.955 1491 1760 I GameModeConfig: isGameModeOn = false
11-29 07:43:19.956 1491 1760 I GameModeConfig: isGameModeOn = false
11-29 07:43:19.956 1491 1760 I GameModeConfig: isGameModeOn = false
11-29 07:43:19.956 1491 1760 I GameModeConfig: isGameModeOn = false
11-29 07:43:19.956 1491 1760 I GameModeConfig: isGameModeOn = false
11-29 07:43:19.956 1491 1760 I GameModeConfig: isGameModeOn = false
11-29 07:43:19.957 1491 1760 I GameModeConfig: isGameModeOn = false
11-29 07:43:19.960 1491 1760 I GameModeConfig: isGameModeOn = false
11-29 07:43:19.960 1491 1760 I GameModeConfig: isGameModeOn = false
11-29 07:43:19.960 1491 1760 I GameModeConfig: isGameModeOn = false
11-29 07:43:19.962 1491 1772 I sysui_multi_action: [757,128,758,2,793,585283,794,11362,795,585283,796,52575843,798,4,806,com.tencent.android.qqdownloader,857,channel_id_default_silent,858,3,946,com.tencent.android.qqdownloader,947,1,1395,8,1500,585283,1688,1]
11-29 07:43:19.963 1491 1772 I notification_visibility: [0|com.tencent.android.qqdownloader|52575843|null|10097,0,585283,585283,0,4]
11-29 07:43:19.963 1491 1772 I sysui_multi_action: [757,128,758,2,793,1018891,794,11359,795,34947,796,127,798,3,806,com.tencent.android.qqdownloader,857,channel_id_default_silent,858,3,946,com.tencent.android.qqdownloader,947,1,1395,8,1500,34947,1688,1]
11-29 07:43:19.963 1491 1772 I notification_visibility: [0|com.tencent.android.qqdownloader|127|null|10097,0,1018891,34947,0,3]
11-29 07:43:19.965 1491 1760 I GameModeConfig: isGameModeOn = false
11-29 07:43:19.965 1491 1760 I GameModeConfig: isGameModeOn = false
11-29 07:43:19.965 1491 1760 I GameModeConfig: isGameModeOn = false
11-29 07:43:19.965 1491 1760 I GameModeConfig: isGameModeOn = false
11-29 07:43:19.965 1491 1760 I GameModeConfig: isGameModeOn = false
11-29 07:43:19.966 1491 1760 I GameModeConfig: isGameModeOn = false
11-29 07:43:19.966 1491 1760 I GameModeConfig: isGameModeOn = false
11-29 07:43:19.966 1491 1760 I GameModeConfig: isGameModeOn = false
11-29 07:43:19.966 1491 1760 I GameModeConfig: isGameModeOn = false
11-29 07:43:19.966 1491 1760 I GameModeConfig: isGameModeOn = false
11-29 07:43:19.967 30912 30912 I sysui_multi_action: [757,111,758,2]
11-29 07:43:19.967 30912 30912 I sysui_multi_action: [757,111,758,2]
11-29 07:43:19.969 30912 30912 I sysui_multi_action: [757,111,758,1]
11-29 07:43:19.969 1491 1491 I notification_enqueue: [10082,30912,com.android.systemui,2048,NULL,0,Notification(channel=updateNotification shortcut=null contentView=null vibrate=null sound=null defaults=0x0 flags=0x0 color=0x00000000 vis=PRIVATE),1]
11-29 07:43:19.969 30912 30912 I sysui_multi_action: [757,126,758,1,759,126,927,0,928,1,1593,1]
11-29 07:43:19.969 1491 1693 I input_interaction: Interaction with: 6b9abb7 NotificationShade (server), d05df9c com.android.systemui.ImageWallpaper (server), edge-swipe (server), swipe-up (server), PointerEventDispatcher0 (server),
11-29 07:43:19.969 30912 30912 I sysui_multi_action: [757,113,758,1,759,113,927,1,928,1,1593,1]
11-29 07:43:19.970 30912 30912 I sysui_multi_action: [757,0,758,1,759,0,927,2,928,0,1593,1]
11-29 07:43:19.970 30912 30912 I sysui_multi_action: [757,0,758,1,759,0,927,3,928,0,1593,1]
11-29 07:43:19.970 30912 30912 I sysui_multi_action: [757,491,758,1,759,491,927,4,928,0,1311,-1,1593,0]
11-29 07:43:19.970 30912 30912 I sysui_multi_action: [757,0,758,1,759,0,927,5,928,0,1593,0]
11-29 07:43:19.970 30912 30912 I sysui_multi_action: [757,111,758,1]
11-29 07:43:19.970 30912 30912 I sysui_multi_action: [757,126,758,1,759,126,927,0,928,1,1593,1]
11-29 07:43:19.970 30912 30912 I sysui_multi_action: [757,113,758,1,759,113,927,1,928,1,1593,1]
11-29 07:43:19.970 30912 30912 I sysui_multi_action: [757,0,758,1,759,0,927,2,928,0,1593,1]
11-29 07:43:19.970 30912 30912 I sysui_multi_action: [757,0,758,1,759,0,927,3,928,0,1593,1]
11-29 07:43:20.072 1491 1760 I GameModeConfig: isGameModeOn = false
11-29 07:43:20.073 1491 1760 I GameModeConfig: isGameModeOn = false
11-29 07:43:20.073 1491 1760 I GameModeConfig: isGameModeOn = false
11-29 07:43:20.073 1491 1760 I GameModeConfig: isGameModeOn = false
11-29 07:43:20.073 1491 1760 I GameModeConfig: isGameModeOn = false
11-29 07:43:20.073 1491 1760 I GameModeConfig: isGameModeOn = false
11-29 07:43:20.076 1491 1760 I GameModeConfig: isGameModeOn = false
11-29 07:43:20.076 1491 1760 I GameModeConfig: isGameModeOn = false
11-29 07:43:20.076 1491 1760 I GameModeConfig: isGameModeOn = false
11-29 07:43:20.077 1491 1760 I GameModeConfig: isGameModeOn = false
11-29 07:43:20.078 30912 30912 I sysui_multi_action: [757,111,758,2]
11-29 07:43:20.079 30912 30912 I sysui_multi_action: [757,111,758,2]
11-29 07:43:20.079 1491 1491 I notification_enqueue: [10082,30912,com.android.systemui,2048,NULL,0,Notification(channel=updateNotification shortcut=null contentView=null vibrate=null sound=null defaults=0x0 flags=0x0 color=0x00000000 vis=PRIVATE),1]
11-29 07:43:20.079 0 0 I auditd : type=1400 audit(0.0:18695): avc: denied { kill } for comm="swapper/2" capability=5 scontext=u:r:kernel:s0 tcontext=u:r:kernel:s0 tclass=capability permissive=0
11-29 07:43:20.087 30912 30912 I sysui_multi_action: [757,111,758,1]
11-29 07:43:20.087 30912 30912 I sysui_multi_action: [757,126,758,1,759,126,927,0,928,1,1593,0]
11-29 07:43:20.087 30912 30912 I sysui_multi_action: [757,113,758,1,759,113,927,1,928,1,1593,0]
11-29 07:43:20.087 30912 30912 I sysui_multi_action: [757,0,758,1,759,0,927,2,928,0,1593,0]
11-29 07:43:20.087 30912 30912 I sysui_multi_action: [757,0,758,1,759,0,927,3,928,0,1593,0]
11-29 07:43:20.087 30912 30912 I sysui_multi_action: [757,491,758,1,759,491,927,4,928,0,1311,-1,1593,0]
11-29 07:43:20.088 30912 30912 I sysui_multi_action: [757,0,758,1,759,0,927,5,928,0,1593,0]
11-29 07:43:20.088 30912 30912 I sysui_multi_action: [757,111,758,1]
11-29 07:43:20.088 30912 30912 I sysui_multi_action: [757,126,758,1,759,126,927,0,928,1,1593,0]
11-29 07:43:20.088 30912 30912 I sysui_multi_action: [757,113,758,1,759,113,927,1,928,1,1593,0]
11-29 07:43:20.088 30912 30912 I sysui_multi_action: [757,0,758,1,759,0,927,2,928,0,1593,0]
11-29 07:43:20.088 30912 30912 I sysui_multi_action: [757,0,758,1,759,0,927,3,928,0,1593,0]
11-29 07:43:20.096 1491 1760 I GameModeConfig: isGameModeOn = false
11-29 07:43:20.096 1491 1760 I GameModeConfig: isGameModeOn = false
11-29 07:43:20.096 1491 1760 I GameModeConfig: isGameModeOn = false
11-29 07:43:20.096 1491 1760 I GameModeConfig: isGameModeOn = false
11-29 07:43:20.096 1491 1760 I GameModeConfig: isGameModeOn = false
11-29 07:43:20.096 1491 1760 I GameModeConfig: isGameModeOn = false
11-29 07:43:20.097 1491 1760 I GameModeConfig: isGameModeOn = false
11-29 07:43:20.097 1491 1760 I GameModeConfig: isGameModeOn = false
11-29 07:43:20.097 1491 1760 I GameModeConfig: isGameModeOn = false
11-29 07:43:20.097 1491 1760 I GameModeConfig: isGameModeOn = false
11-29 07:43:20.098 30912 30912 I sysui_multi_action: [757,111,758,2]
11-29 07:43:20.098 30912 30912 I sysui_multi_action: [757,111,758,2]
11-29 07:43:20.098 1491 1491 I notification_enqueue: [10082,30912,com.android.systemui,2048,NULL,0,Notification(channel=updateNotification shortcut=null contentView=null vibrate=null sound=null defaults=0x0 flags=0x0 color=0x00000000 vis=PRIVATE),1]
11-29 07:43:20.100 30912 30912 I sysui_multi_action: [757,111,758,1]
11-29 07:43:20.100 30912 30912 I sysui_multi_action: [757,126,758,1,759,126,927,0,928,1,1593,1]
11-29 07:43:20.100 30912 30912 I sysui_multi_action: [757,113,758,1,759,113,927,1,928,1,1593,1]
11-29 07:43:20.100 30912 30912 I sysui_multi_action: [757,0,758,1,759,0,927,2,928,0,1593,1]
11-29 07:43:20.100 30912 30912 I sysui_multi_action: [757,0,758,1,759,0,927,3,928,0,1593,1]
11-29 07:43:20.101 30912 30912 I sysui_multi_action: [757,491,758,1,759,491,927,4,928,0,1311,-1,1593,0]
11-29 07:43:20.101 30912 30912 I sysui_multi_action: [757,0,758,1,759,0,927,5,928,0,1593,0]
11-29 07:43:20.101 30912 30912 I sysui_multi_action: [757,111,758,1]
11-29 07:43:20.101 30912 30912 I sysui_multi_action: [757,126,758,1,759,126,927,0,928,1,1593,1]
11-29 07:43:20.101 30912 30912 I sysui_multi_action: [757,113,758,1,759,113,927,1,928,1,1593,1]
11-29 07:43:20.101 30912 30912 I sysui_multi_action: [757,0,758,1,759,0,927,2,928,0,1593,1]
11-29 07:43:20.101 30912 30912 I sysui_multi_action: [757,0,758,1,759,0,927,3,928,0,1593,1]
11-29 07:43:20.108 1491 1760 I GameModeConfig: isGameModeOn = false
11-29 07:43:20.108 1491 1760 I GameModeConfig: isGameModeOn = false
11-29 07:43:20.109 1491 1760 I GameModeConfig: isGameModeOn = false
11-29 07:43:20.109 1491 1760 I GameModeConfig: isGameModeOn = false
11-29 07:43:20.109 1491 1760 I GameModeConfig: isGameModeOn = false
11-29 07:43:20.109 1491 1760 I GameModeConfig: isGameModeOn = false
11-29 07:43:20.109 1491 1760 I GameModeConfig: isGameModeOn = false
11-29 07:43:20.109 1491 1760 I GameModeConfig: isGameModeOn = false
11-29 07:43:20.109 1491 1760 I GameModeConfig: isGameModeOn = false
11-29 07:43:20.110 1491 1760 I GameModeConfig: isGameModeOn = false
11-29 07:43:20.111 30912 30912 I sysui_multi_action: [757,111,758,2]
11-29 07:43:20.111 30912 30912 I sysui_multi_action: [757,111,758,2]
11-29 07:43:20.111 1491 1491 I notification_enqueue: [10082,30912,com.android.systemui,2048,NULL,0,Notification(channel=updateNotification shortcut=null contentView=null vibrate=null sound=null defaults=0x0 flags=0x0 color=0x00000000 vis=PRIVATE),1]
11-29 07:43:20.113 30912 30912 I sysui_multi_action: [757,111,758,1]
11-29 07:43:20.113 30912 30912 I sysui_multi_action: [757,126,758,1,759,126,927,0,928,1,1593,1]
11-29 07:43:20.113 30912 30912 I sysui_multi_action: [757,113,758,1,759,113,927,1,928,1,1593,1]
11-29 07:43:20.113 30912 30912 I sysui_multi_action: [757,0,758,1,759,0,927,2,928,0,1593,1]
11-29 07:43:20.113 30912 30912 I sysui_multi_action: [757,0,758,1,759,0,927,3,928,0,1593,1]
11-29 07:43:20.113 30912 30912 I sysui_multi_action: [757,491,758,1,759,491,927,4,928,0,1311,-1,1593,0]
11-29 07:43:20.114 30912 30912 I sysui_multi_action: [757,0,758,1,759,0,927,5,928,0,1593,0]
11-29 07:43:20.114 30912 30912 I sysui_multi_action: [757,111,758,1]
11-29 07:43:20.114 30912 30912 I sysui_multi_action: [757,126,758,1,759,126,927,0,928,1,1593,1]
11-29 07:43:20.114 30912 30912 I sysui_multi_action: [757,113,758,1,759,113,927,1,928,1,1593,1]
11-29 07:43:20.114 30912 30912 I sysui_multi_action: [757,0,758,1,759,0,927,2,928,0,1593,1]
11-29 07:43:20.114 30912 30912 I sysui_multi_action: [757,0,758,1,759,0,927,3,928,0,1593,1]
11-29 07:43:20.115 1491 1491 I GameModeConfig: isGameModeOn = false
11-29 07:43:20.116 1491 1491 I sysui_multi_action: [757,1501,758,1,793,16157377,794,0,795,207,796,2048,806,com.android.systemui,857,updateNotification,858,3,947,0,1500,0,1688,1]
11-29 07:43:20.116 1491 1491 I sysui_multi_action: [757,804,799,note_interruptive,801,0,802,1]
11-29 07:43:20.116 1491 1491 I sysui_multi_action: [757,199,758,1,759,2,793,16157377,794,0,795,207,796,2048,806,com.android.systemui,857,updateNotification,858,3,947,0,1500,0,1688,1]
11-29 07:43:20.117 1491 1491 I notification_alert: [0|com.android.systemui|2048|null|10082,0,1,0]
11-29 07:43:20.118 1491 1491 W NotificationHistory: Attempted to add notif for locked/gone/disabled user 0
11-29 07:43:20.125 1491 1760 I GameModeConfig: isGameModeOn = false
11-29 07:43:20.125 1491 1760 I GameModeConfig: isGameModeOn = false
11-29 07:43:20.126 1491 1760 I GameModeConfig: isGameModeOn = false
11-29 07:43:20.127 1491 1760 I GameModeConfig: isGameModeOn = false
11-29 07:43:20.127 1491 1760 I GameModeConfig: isGameModeOn = false
11-29 07:43:20.127 1491 1760 I GameModeConfig: isGameModeOn = false
11-29 07:43:20.127 1491 1760 I GameModeConfig: isGameModeOn = false
11-29 07:43:20.128 1491 1760 I GameModeConfig: isGameModeOn = false
11-29 07:43:20.128 1491 1760 I GameModeConfig: isGameModeOn = false
11-29 07:43:20.128 1491 1760 I GameModeConfig: isGameModeOn = false
11-29 07:43:20.131 1491 1491 I notification_enqueue: [10082,30912,com.android.systemui,2048,NULL,0,Notification(channel=updateNotification shortcut=null contentView=null vibrate=null sound=null defaults=0x0 flags=0x0 color=0x00000000 vis=PRIVATE),1]
11-29 07:43:20.132 30912 30912 I sysui_multi_action: [757,111,758,2]
11-29 07:43:20.132 30912 30912 I sysui_multi_action: [757,111,758,2]
11-29 07:43:20.134 30912 30912 I sysui_multi_action: [757,111,758,1]
11-29 07:43:20.134 30912 30912 I sysui_multi_action: [757,126,758,1,759,126,927,0,928,1,1593,1]
11-29 07:43:20.134 30912 30912 I sysui_multi_action: [757,113,758,1,759,113,927,1,928,1,1593,1]
11-29 07:43:20.134 30912 30912 I sysui_multi_action: [757,0,758,1,759,0,927,2,928,0,1593,1]
11-29 07:43:20.134 30912 30912 I sysui_multi_action: [757,0,758,1,759,0,927,3,928,0,1593,1]
11-29 07:43:20.134 30912 30912 I sysui_multi_action: [757,491,758,1,759,491,927,4,928,0,1311,-1,1593,0]
11-29 07:43:20.134 30912 30912 I sysui_multi_action: [757,0,758,1,759,0,927,5,928,0,1593,0]
11-29 07:43:20.134 30912 30912 I sysui_multi_action: [757,111,758,1]
11-29 07:43:20.134 30912 30912 I sysui_multi_action: [757,126,758,1,759,126,927,0,928,1,1593,1]
11-29 07:43:20.134 30912 30912 I sysui_multi_action: [757,113,758,1,759,113,927,1,928,1,1593,1]
11-29 07:43:20.134 30912 30912 I sysui_multi_action: [757,0,758,1,759,0,927,2,928,0,1593,1]
11-29 07:43:20.134 30912 30912 I sysui_multi_action: [757,0,758,1,759,0,927,3,928,0,1593,1]
11-29 07:43:20.142 1491 1760 I GameModeConfig: isGameModeOn = false
11-29 07:43:20.143 1491 1760 I GameModeConfig: isGameModeOn = false
11-29 07:43:20.143 1491 1760 I GameModeConfig: isGameModeOn = false
11-29 07:43:20.143 1491 1760 I GameModeConfig: isGameModeOn = false
11-29 07:43:20.143 1491 1760 I GameModeConfig: isGameModeOn = false
11-29 07:43:20.143 1491 1760 I GameModeConfig: isGameModeOn = false
11-29 07:43:20.144 1491 1760 I GameModeConfig: isGameModeOn = false
11-29 07:43:20.144 1491 1760 I GameModeConfig: isGameModeOn = false
11-29 07:43:20.144 1491 1760 I GameModeConfig: isGameModeOn = false
11-29 07:43:20.145 1491 1760 I GameModeConfig: isGameModeOn = false
11-29 07:43:20.146 30912 30912 I sysui_multi_action: [757,111,758,2]
11-29 07:43:20.146 30912 30912 I sysui_multi_action: [757,111,758,2]
11-29 07:43:20.148 1491 1491 I notification_enqueue: [10082,30912,com.android.systemui,2048,NULL,0,Notification(channel=updateNotification shortcut=null contentView=null vibrate=null sound=null defaults=0x0 flags=0x0 color=0x00000000 vis=PRIVATE),1]
11-29 07:43:20.148 30912 30912 I sysui_multi_action: [757,111,758,1]
11-29 07:43:20.148 30912 30912 I sysui_multi_action: [757,126,758,1,759,126,927,0,928,1,1593,1]
11-29 07:43:20.148 30912 30912 I sysui_multi_action: [757,113,758,1,759,113,927,1,928,1,1593,1]
11-29 07:43:20.148 30912 30912 I sysui_multi_action: [757,0,758,1,759,0,927,2,928,0,1593,1]
11-29 07:43:20.148 30912 30912 I sysui_multi_action: [757,0,758,1,759,0,927,3,928,0,1593,1]
11-29 07:43:20.149 30912 30912 I sysui_multi_action: [757,491,758,1,759,491,927,4,928,0,1311,-1,1593,0]
11-29 07:43:20.149 30912 30912 I sysui_multi_action: [757,0,758,1,759,0,927,5,928,0,1593,0]
11-29 07:43:20.149 30912 30912 I sysui_multi_action: [757,111,758,1]
11-29 07:43:20.149 30912 30912 I sysui_multi_action: [757,126,758,1,759,126,927,0,928,1,1593,1]
11-29 07:43:20.149 30912 30912 I sysui_multi_action: [757,113,758,1,759,113,927,1,928,1,1593,1]
11-29 07:43:20.149 30912 30912 I sysui_multi_action: [757,0,758,1,759,0,927,2,928,0,1593,1]
11-29 07:43:20.149 30912 30912 I sysui_multi_action: [757,0,758,1,759,0,927,3,928,0,1593,1]
11-29 07:43:20.157 1491 1491 I GameModeConfig: isGameModeOn = false
11-29 07:43:20.157 1491 1491 E NotificationService: Muting recently noisy 0|com.android.systemui|2048|null|10082
11-29 07:43:20.170 1491 1491 I GameModeConfig: isGameModeOn = false
11-29 07:43:20.171 1491 1491 E NotificationService: Muting recently noisy 0|com.android.systemui|2048|null|10082
11-29 07:43:20.175 1491 1723 I netstats_mobile_sample: [0,0,0,0,0,0,0,0,0,0,0,0,1669679000175]
11-29 07:43:20.175 1491 1723 I netstats_wifi_sample: [6163531120,5134031,212104553,1000218,6163531120,5134031,212104553,1000218,6246319909,5774142,123555756,799618,1669679000175]
11-29 07:43:20.260 1491 1760 I GameModeConfig: isGameModeOn = false
11-29 07:43:20.260 1491 1760 I GameModeConfig: isGameModeOn = false
11-29 07:43:20.260 1491 1760 I GameModeConfig: isGameModeOn = false
11-29 07:43:20.260 1491 1760 I GameModeConfig: isGameModeOn = false
11-29 07:43:20.260 1491 1760 I GameModeConfig: isGameModeOn = false
11-29 07:43:20.260 1491 1760 I GameModeConfig: isGameModeOn = false
11-29 07:43:20.260 1491 1760 I GameModeConfig: isGameModeOn = false
11-29 07:43:20.261 1491 1760 I GameModeConfig: isGameModeOn = false
11-29 07:43:20.261 1491 1760 I GameModeConfig: isGameModeOn = false
11-29 07:43:20.261 1491 1760 I GameModeConfig: isGameModeOn = false
11-29 07:43:20.262 30912 30912 I sysui_multi_action: [757,111,758,2]
11-29 07:43:20.262 30912 30912 I sysui_multi_action: [757,111,758,2]
11-29 07:43:20.262 1491 1491 I notification_enqueue: [10082,30912,com.android.systemui,2048,NULL,0,Notification(channel=updateNotification shortcut=null contentView=null vibrate=null sound=null defaults=0x0 flags=0x0 color=0x00000000 vis=PRIVATE),1]
11-29 07:43:20.269 30912 30912 I sysui_multi_action: [757,111,758,1]
11-29 07:43:20.269 30912 30912 I sysui_multi_action: [757,126,758,1,759,126,927,0,928,1,1593,1]
11-29 07:43:20.269 30912 30912 I sysui_multi_action: [757,113,758,1,759,113,927,1,928,1,1593,1]
11-29 07:43:20.269 30912 30912 I sysui_multi_action: [757,0,758,1,759,0,927,2,928,0,1593,1]
11-29 07:43:20.270 30912 30912 I sysui_multi_action: [757,0,758,1,759,0,927,3,928,0,1593,1]
11-29 07:43:20.270 30912 30912 I sysui_multi_action: [757,491,758,1,759,491,927,4,928,0,1311,-1,1593,0]
11-29 07:43:20.270 30912 30912 I sysui_multi_action: [757,0,758,1,759,0,927,5,928,0,1593,0]
11-29 07:43:20.271 30912 30912 I sysui_multi_action: [757,111,758,1]
11-29 07:43:20.271 30912 30912 I sysui_multi_action: [757,126,758,1,759,126,927,0,928,1,1593,1]
11-29 07:43:20.271 30912 30912 I sysui_multi_action: [757,113,758,1,759,113,927,1,928,1,1593,1]
11-29 07:43:20.271 30912 30912 I sysui_multi_action: [757,0,758,1,759,0,927,2,928,0,1593,1]
11-29 07:43:20.271 30912 30912 I sysui_multi_action: [757,0,758,1,759,0,927,3,928,0,1593,1]
11-29 07:43:20.282 1491 1760 I GameModeConfig: isGameModeOn = false
11-29 07:43:20.282 1491 1760 I GameModeConfig: isGameModeOn = false
11-29 07:43:20.282 1491 1760 I GameModeConfig: isGameModeOn = false
11-29 07:43:20.282 1491 1760 I GameModeConfig: isGameModeOn = false
11-29 07:43:20.282 1491 1760 I GameModeConfig: isGameModeOn = false
11-29 07:43:20.282 1491 1760 I GameModeConfig: isGameModeOn = false
11-29 07:43:20.282 1491 1760 I GameModeConfig: isGameModeOn = false
11-29 07:43:20.283 1491 1760 I GameModeConfig: isGameModeOn = false
11-29 07:43:20.284 1491 1760 I GameModeConfig: isGameModeOn = false
11-29 07:43:20.284 1491 1760 I GameModeConfig: isGameModeOn = false
11-29 07:43:20.285 30912 30912 I sysui_multi_action: [757,111,758,2]
11-29 07:43:20.285 30912 30912 I sysui_multi_action: [757,111,758,2]
11-29 07:43:20.288 30912 30912 I sysui_multi_action: [757,111,758,1]
11-29 07:43:20.288 30912 30912 I sysui_multi_action: [757,126,758,1,759,126,927,0,928,1,1593,1]
11-29 07:43:20.288 30912 30912 I sysui_multi_action: [757,113,758,1,759,113,927,1,928,1,1593,1]
11-29 07:43:20.288 30912 30912 I sysui_multi_action: [757,0,758,1,759,0,927,2,928,0,1593,1]
11-29 07:43:20.288 30912 30912 I sysui_multi_action: [757,0,758,1,759,0,927,3,928,0,1593,1]
11-29 07:43:20.289 30912 30912 I sysui_multi_action: [757,491,758,1,759,491,927,4,928,0,1311,-1,1593,0]
11-29 07:43:20.289 1491 1491 I GameModeConfig: isGameModeOn = false
11-29 07:43:20.289 30912 30912 I sysui_multi_action: [757,0,758,1,759,0,927,5,928,0,1593,0]
11-29 07:43:20.289 30912 30912 I sysui_multi_action: [757,111,758,1]
11-29 07:43:20.289 30912 30912 I sysui_multi_action: [757,126,758,1,759,126,927,0,928,1,1593,1]
11-29 07:43:20.289 30912 30912 I sysui_multi_action: [757,113,758,1,759,113,927,1,928,1,1593,1]
11-29 07:43:20.289 30912 30912 I sysui_multi_action: [757,0,758,1,759,0,927,2,928,0,1593,1]
11-29 07:43:20.289 30912 30912 I sysui_multi_action: [757,0,758,1,759,0,927,3,928,0,1593,1]
11-29 07:43:20.289 1491 1491 E NotificationService: Muting recently noisy 0|com.android.systemui|2048|null|10082
11-29 07:43:20.290 1491 1491 I notification_enqueue: [10082,30912,com.android.systemui,2048,NULL,0,Notification(channel=updateNotification shortcut=null contentView=null vibrate=null sound=null defaults=0x0 flags=0x0 color=0x00000000 vis=PRIVATE),1]
11-29 07:43:20.297 1491 1760 I GameModeConfig: isGameModeOn = false
11-29 07:43:20.298 1491 1760 I GameModeConfig: isGameModeOn = false
11-29 07:43:20.298 1491 1760 I GameModeConfig: isGameModeOn = false
11-29 07:43:20.299 1491 1760 I GameModeConfig: isGameModeOn = false
11-29 07:43:20.299 1491 1760 I GameModeConfig: isGameModeOn = false
11-29 07:43:20.299 1491 1760 I GameModeConfig: isGameModeOn = false
11-29 07:43:20.300 1491 1760 I GameModeConfig: isGameModeOn = false
11-29 07:43:20.300 1491 1760 I GameModeConfig: isGameModeOn = false
11-29 07:43:20.300 1491 1760 I GameModeConfig: isGameModeOn = false
11-29 07:43:20.300 1491 1760 I GameModeConfig: isGameModeOn = false
11-29 07:43:20.301 30912 30912 I sysui_multi_action: [757,111,758,2]
11-29 07:43:20.301 30912 30912 I sysui_multi_action: [757,111,758,2]
11-29 07:43:20.302 1491 1491 I GameModeConfig: isGameModeOn = false
11-29 07:43:20.302 1491 1491 E NotificationService: Muting recently noisy 0|com.android.systemui|2048|null|10082
11-29 07:43:20.303 1491 1491 I notification_enqueue: [10082,30912,com.android.systemui,2048,NULL,0,Notification(channel=updateNotification shortcut=null contentView=null vibrate=null sound=null defaults=0x0 flags=0x0 color=0x00000000 vis=PRIVATE),1]
11-29 07:43:20.304 30912 30912 I sysui_multi_action: [757,111,758,1]
11-29 07:43:20.304 30912 30912 I sysui_multi_action: [757,126,758,1,759,126,927,0,928,1,1593,1]
11-29 07:43:20.305 30912 30912 I sysui_multi_action: [757,113,758,1,759,113,927,1,928,1,1593,1]
11-29 07:43:20.305 30912 30912 I sysui_multi_action: [757,0,758,1,759,0,927,2,928,0,1593,1]
11-29 07:43:20.305 30912 30912 I sysui_multi_action: [757,0,758,1,759,0,927,3,928,0,1593,1]
11-29 07:43:20.305 30912 30912 I sysui_multi_action: [757,491,758,1,759,491,927,4,928,0,1311,-1,1593,0]
11-29 07:43:20.305 30912 30912 I sysui_multi_action: [757,0,758,1,759,0,927,5,928,0,1593,0]
11-29 07:43:20.305 30912 30912 I sysui_multi_action: [757,111,758,1]
11-29 07:43:20.305 30912 30912 I sysui_multi_action: [757,126,758,1,759,126,927,0,928,1,1593,1]
11-29 07:43:20.305 30912 30912 I sysui_multi_action: [757,113,758,1,759,113,927,1,928,1,1593,1]
11-29 07:43:20.305 30912 30912 I sysui_multi_action: [757,0,758,1,759,0,927,2,928,0,1593,1]
11-29 07:43:20.305 30912 30912 I sysui_multi_action: [757,0,758,1,759,0,927,3,928,0,1593,1]
11-29 07:43:20.312 1491 1760 I GameModeConfig: isGameModeOn = false
11-29 07:43:20.313 1491 1760 I GameModeConfig: isGameModeOn = false
11-29 07:43:20.313 1491 1760 I GameModeConfig: isGameModeOn = false
11-29 07:43:20.313 1491 1760 I GameModeConfig: isGameModeOn = false
11-29 07:43:20.313 1491 1760 I GameModeConfig: isGameModeOn = false
11-29 07:43:20.313 1491 1760 I GameModeConfig: isGameModeOn = false
11-29 07:43:20.314 1491 1760 I GameModeConfig: isGameModeOn = false
11-29 07:43:20.314 1491 1760 I GameModeConfig: isGameModeOn = false
11-29 07:43:20.314 1491 1760 I GameModeConfig: isGameModeOn = false
11-29 07:43:20.314 1491 1760 I GameModeConfig: isGameModeOn = false
11-29 07:43:20.315 1491 1491 I GameModeConfig: isGameModeOn = false
11-29 07:43:20.316 1491 1491 E NotificationService: Muting recently noisy 0|com.android.systemui|2048|null|10082
11-29 07:43:20.316 30912 30912 I sysui_multi_action: [757,111,758,2]
11-29 07:43:20.316 30912 30912 I sysui_multi_action: [757,111,758,2]
11-29 07:43:20.319 1491 1491 I notification_enqueue: [10082,30912,com.android.systemui,2048,NULL,0,Notification(channel=updateNotification shortcut=null contentView=null vibrate=null sound=null defaults=0x0 flags=0x0 color=0x00000000 vis=PRIVATE),1]
11-29 07:43:20.320 30912 30912 I sysui_multi_action: [757,111,758,1]
11-29 07:43:20.320 30912 30912 I sysui_multi_action: [757,126,758,1,759,126,927,0,928,1,1593,1]
11-29 07:43:20.320 30912 30912 I sysui_multi_action: [757,113,758,1,759,113,927,1,928,1,1593,1]
11-29 07:43:20.320 30912 30912 I sysui_multi_action: [757,0,758,1,759,0,927,2,928,0,1593,1]
11-29 07:43:20.320 30912 30912 I sysui_multi_action: [757,0,758,1,759,0,927,3,928,0,1593,1]
11-29 07:43:20.320 30912 30912 I sysui_multi_action: [757,491,758,1,759,491,927,4,928,0,1311,-1,1593,0]
11-29 07:43:20.320 30912 30912 I sysui_multi_action: [757,0,758,1,759,0,927,5,928,0,1593,0]
11-29 07:43:20.320 30912 30912 I sysui_multi_action: [757,111,758,1]
11-29 07:43:20.320 30912 30912 I sysui_multi_action: [757,126,758,1,759,126,927,0,928,1,1593,1]
11-29 07:43:20.321 30912 30912 I sysui_multi_action: [757,113,758,1,759,113,927,1,928,1,1593,1]
11-29 07:43:20.321 30912 30912 I sysui_multi_action: [757,0,758,1,759,0,927,2,928,0,1593,1]
11-29 07:43:20.321 30912 30912 I sysui_multi_action: [757,0,758,1,759,0,927,3,928,0,1593,1]
11-29 07:43:20.332 1491 1491 I GameModeConfig: isGameModeOn = false
11-29 07:43:20.333 1491 1491 E NotificationService: Muting recently noisy 0|com.android.systemui|2048|null|10082
11-29 07:43:20.336 1491 1760 I GameModeConfig: isGameModeOn = false
11-29 07:43:20.337 1491 1760 I GameModeConfig: isGameModeOn = false
11-29 07:43:20.337 1491 1760 I GameModeConfig: isGameModeOn = false
11-29 07:43:20.337 1491 1760 I GameModeConfig: isGameModeOn = false
11-29 07:43:20.337 1491 1760 I GameModeConfig: isGameModeOn = false
11-29 07:43:20.337 1491 1760 I GameModeConfig: isGameModeOn = false
11-29 07:43:20.337 1491 1760 I GameModeConfig: isGameModeOn = false
11-29 07:43:20.338 1491 1760 I GameModeConfig: isGameModeOn = false
11-29 07:43:20.338 1491 1760 I GameModeConfig: isGameModeOn = false
11-29 07:43:20.338 1491 1760 I GameModeConfig: isGameModeOn = false
11-29 07:43:20.339 30912 30912 I sysui_multi_action: [757,111,758,2]
11-29 07:43:20.339 30912 30912 I sysui_multi_action: [757,111,758,2]
11-29 07:43:20.339 1491 1491 I notification_enqueue: [10082,30912,com.android.systemui,2048,NULL,0,Notification(channel=updateNotification shortcut=null contentView=null vibrate=null sound=null defaults=0x0 flags=0x0 color=0x00000000 vis=PRIVATE),1]
11-29 07:43:20.342 30912 30912 I sysui_multi_action: [757,111,758,1]
11-29 07:43:20.342 30912 30912 I sysui_multi_action: [757,126,758,1,759,126,927,0,928,1,1593,0]
11-29 07:43:20.342 30912 30912 I sysui_multi_action: [757,113,758,1,759,113,927,1,928,1,1593,0]
11-29 07:43:20.342 30912 30912 I sysui_multi_action: [757,0,758,1,759,0,927,2,928,0,1593,0]
11-29 07:43:20.342 30912 30912 I sysui_multi_action: [757,0,758,1,759,0,927,3,928,0,1593,0]
11-29 07:43:20.342 30912 30912 I sysui_multi_action: [757,491,758,1,759,491,927,4,928,0,1311,-1,1593,0]
11-29 07:43:20.342 30912 30912 I sysui_multi_action: [757,0,758,1,759,0,927,5,928,0,1593,0]
11-29 07:43:20.342 30912 30912 I sysui_multi_action: [757,111,758,1]
11-29 07:43:20.342 30912 30912 I sysui_multi_action: [757,126,758,1,759,126,927,0,928,1,1593,1]
11-29 07:43:20.342 30912 30912 I sysui_multi_action: [757,113,758,1,759,113,927,1,928,1,1593,1]
11-29 07:43:20.342 30912 30912 I sysui_multi_action: [757,0,758,1,759,0,927,2,928,0,1593,1]
11-29 07:43:20.342 30912 30912 I sysui_multi_action: [757,0,758,1,759,0,927,3,928,0,1593,1]
11-29 07:43:20.349 1491 1491 I GameModeConfig: isGameModeOn = false
11-29 07:43:20.349 1491 1491 E NotificationService: Muting recently noisy 0|com.android.systemui|2048|null|10082
11-29 07:43:20.468 1491 1491 I GameModeConfig: isGameModeOn = false
11-29 07:43:20.469 1491 1491 E NotificationService: Muting recently noisy 0|com.android.systemui|2048|null|10082
11-29 07:43:20.481 1491 7072 I sysui_multi_action: [757,128,758,1,793,572170,794,0,795,572170,796,131808548,797,OfflinePageAutoFetchNotification,798,1,806,com.microsoft.emmx,857,downloads,858,2,946,OfflinePageAutoFetchNotification,947,0,1395,3,1500,571967,1688,1]
11-29 07:43:20.481 1491 7072 I sysui_multi_action: [757,804,799,note_freshness,801,572170,802,1]
11-29 07:43:20.482 1491 7072 I notification_visibility: [0|com.microsoft.emmx|131808548|OfflinePageAutoFetchNotification|10036,1,572170,572170,0,1]
11-29 07:43:20.482 1491 7072 I sysui_multi_action: [757,128,758,1,793,14765258,794,0,795,14765258,796,32,798,2,806,android,857,USB,858,1,947,0,1395,3,1500,14765055,1688,1]
11-29 07:43:20.482 1491 7072 I sysui_multi_action: [757,804,799,note_freshness,801,14765258,802,1]
11-29 07:43:20.482 1491 7072 I notification_visibility: [-1|android|32|null|1000,1,14765258,14765258,0,2]
11-29 07:43:20.482 1491 7072 I sysui_multi_action: [757,128,758,2,793,1325565,794,4231,795,1325565,796,54086601,798,5,806,com.tencent.android.qqdownloader,857,channel_id_default_silent,858,3,946,com.tencent.android.qqdownloader,947,1,1395,8,1500,1325565,1688,1]
11-29 07:43:20.482 1491 7072 I notification_visibility: [0|com.tencent.android.qqdownloader|54086601|null|10097,0,1325565,1325565,0,5]
11-29 07:43:20.483 1491 7072 I sysui_multi_action: [757,128,758,2,793,1392431,794,4231,795,1392431,796,115,798,6,806,com.tencent.android.qqdownloader,857,channel_id_default_silent,858,3,946,com.tencent.android.qqdownloader,947,1,1395,8,1500,1392431,1688,1]
11-29 07:43:20.483 1491 7072 I notification_visibility: [0|com.tencent.android.qqdownloader|115|null|10097,0,1392431,1392431,0,6]
11-29 07:43:20.483 1491 7072 I sysui_multi_action: [757,128,758,2,793,59515,794,3726,795,59515,796,1,798,7,806,com.tencent.tmgp.pubgmhd,857,my_channel_01,858,3,947,0,1395,8,1500,59308,1688,1]
11-29 07:43:20.483 1491 7072 I notification_visibility: [0|com.tencent.tmgp.pubgmhd|1|null|10099,0,59515,59515,0,7]
11-29 07:43:20.492 1491 1491 I GameModeConfig: isGameModeOn = false
11-29 07:43:20.492 1491 1491 E NotificationService: Muting recently noisy 0|com.android.systemui|2048|null|10082
11-29 07:43:20.504 1491 1491 I GameModeConfig: isGameModeOn = false
11-29 07:43:20.505 1491 1491 E NotificationService: Muting recently noisy 0|com.android.systemui|2048|null|10082
11-29 07:43:20.520 1491 1491 I GameModeConfig: isGameModeOn = false
11-29 07:43:20.521 1491 1491 E NotificationService: Muting recently noisy 0|com.android.systemui|2048|null|10082
11-29 07:43:20.541 1491 1491 I GameModeConfig: isGameModeOn = false
11-29 07:43:20.541 1491 1491 E NotificationService: Muting recently noisy 0|com.android.systemui|2048|null|10082
11-29 07:43:21.079 0 0 I auditd : type=1400 audit(0.0:18696): avc: denied { kill } for comm="swapper/2" capability=5 scontext=u:r:kernel:s0 tcontext=u:r:kernel:s0 tclass=capability permissive=0
11-29 07:43:22.079 0 0 I auditd : type=1400 audit(0.0:18697): avc: denied { kill } for comm="swapper/2" capability=5 scontext=u:r:kernel:s0 tcontext=u:r:kernel:s0 tclass=capability permissive=0
11-29 07:43:22.852 1491 1693 I input_interaction: Interaction with: 6b9abb7 NotificationShade (server), edge-swipe (server), swipe-up (server), PointerEventDispatcher0 (server),
11-29 07:43:23.079 2704 2704 I auditd : type=1400 audit(0.0:18698): avc: denied { kill } for comm="irq/17-9091000." capability=5 scontext=u:r:kernel:s0 tcontext=u:r:kernel:s0 tclass=capability permissive=0
11-29 07:43:23.999 1491 1491 I service_manager_stats: [100,80,26053]
11-29 07:43:24.079 22504 22504 I auditd : type=1400 audit(0.0:18699): avc: denied { kill } for comm="kworker/u16:13" capability=5 scontext=u:r:kernel:s0 tcontext=u:r:kernel:s0 tclass=capability permissive=0
11-29 07:43:24.872 1491 2059 I sysui_multi_action: [757,128,758,1,793,14769644,794,0,795,14769644,796,26,798,0,806,android,857,DEVELOPER_IMPORTANT,858,4,947,0,1395,3,1500,14769439,1688,1]
11-29 07:43:24.872 1491 2059 I sysui_multi_action: [757,804,799,note_freshness,801,14769644,802,1]
11-29 07:43:24.872 1491 2059 I notification_visibility: [-1|android|26|null|1000,1,14769644,14769644,0,0]
11-29 07:43:25.008 1491 1723 I netstats_mobile_sample: [0,0,0,0,0,0,0,0,0,0,0,0,1669679005008]
11-29 07:43:25.009 1491 1723 I netstats_wifi_sample: [6167124609,5137224,212163813,1000525,6167124609,5137224,212163813,1000525,6249922159,5777386,123592514,799874,1669679005008]
11-29 07:43:25.079 0 0 I auditd : type=1400 audit(0.0:18700): avc: denied { kill } for comm="swapper/2" capability=5 scontext=u:r:kernel:s0 tcontext=u:r:kernel:s0 tclass=capability permissive=0
11-29 07:43:27.031 1491 1491 I notification_enqueue: [10082,30912,com.android.systemui,2048,NULL,0,Notification(channel=updateNotification shortcut=null contentView=null vibrate=null sound=null defaults=0x0 flags=0x0 color=0x00000000 vis=PRIVATE),1]
11-29 07:43:27.033 1491 1760 I GameModeConfig: isGameModeOn = false
11-29 07:43:27.034 1491 1760 I GameModeConfig: isGameModeOn = false
11-29 07:43:27.034 1491 1760 I GameModeConfig: isGameModeOn = false
11-29 07:43:27.034 1491 1760 I GameModeConfig: isGameModeOn = false
11-29 07:43:27.034 1491 1760 I GameModeConfig: isGameModeOn = false
11-29 07:43:27.034 1491 1760 I GameModeConfig: isGameModeOn = false
11-29 07:43:27.034 1491 1760 I GameModeConfig: isGameModeOn = false
11-29 07:43:27.034 1491 1760 I GameModeConfig: isGameModeOn = false
11-29 07:43:27.034 1491 1760 I GameModeConfig: isGameModeOn = false
11-29 07:43:27.034 1491 1760 I GameModeConfig: isGameModeOn = false
11-29 07:43:27.235 1491 1491 I GameModeConfig: isGameModeOn = false
11-29 07:43:27.236 1491 1491 I sysui_multi_action: [757,1501,758,1,793,16164497,794,0,795,206,796,2048,806,com.android.systemui,857,updateNotification,858,3,947,0,1500,0,1688,1]
11-29 07:43:27.237 1491 1491 I sysui_multi_action: [757,804,799,note_interruptive,801,0,802,1]
11-29 07:43:27.238 1491 1491 I sysui_multi_action: [757,199,758,1,759,2,793,16164498,794,0,795,207,796,2048,806,com.android.systemui,857,updateNotification,858,3,947,0,1500,1,1688,1]
11-29 07:43:27.239 1491 1491 I notification_alert: [0|com.android.systemui|2048|null|10082,0,1,0]
11-29 07:43:27.241 1491 1491 W NotificationHistory: Attempted to add notif for locked/gone/disabled user 0
11-29 07:43:27.548 1491 10067 I sysui_multi_action: [757,128,758,1,793,592869,794,0,795,592869,796,52575843,798,4,806,com.tencent.android.qqdownloader,857,channel_id_default_silent,858,3,946,com.tencent.android.qqdownloader,947,1,1395,8,1500,592869,1688,1]
11-29 07:43:27.549 1491 10067 I sysui_multi_action: [757,804,799,note_freshness,801,592869,802,1]
11-29 07:43:27.549 1491 10067 I notification_visibility: [0|com.tencent.android.qqdownloader|52575843|null|10097,1,592869,592869,0,4]
11-29 07:43:27.551 1491 10067 I sysui_multi_action: [757,128,758,1,793,1026478,794,0,795,42534,796,127,798,3,806,com.tencent.android.qqdownloader,857,channel_id_default_silent,858,3,946,com.tencent.android.qqdownloader,947,1,1395,8,1500,42534,1688,1]
11-29 07:43:27.551 1491 10067 I sysui_multi_action: [757,804,799,note_freshness,801,42534,802,1]
11-29 07:43:27.551 1491 10067 I notification_visibility: [0|com.tencent.android.qqdownloader|127|null|10097,1,1026478,42534,0,3]
11-29 07:43:28.178 1491 1723 I netstats_mobile_sample: [0,0,0,0,0,0,0,0,0,0,0,0,1669679008177]
11-29 07:43:28.178 1491 1723 I netstats_wifi_sample: [6170458292,5140179,212223188,1000830,6170457145,5140178,212223188,1000830,6253265037,5780391,123629467,800130,1669679008177]
11-29 07:43:28.557 1491 2059 I sysui_multi_action: [757,128,758,1,793,1333640,794,0,795,1333640,796,54086601,798,5,806,com.tencent.android.qqdownloader,857,channel_id_default_silent,858,3,946,com.tencent.android.qqdownloader,947,1,1395,8,1500,1333640,1688,1]
11-29 07:43:28.558 1491 2059 I sysui_multi_action: [757,804,799,note_freshness,801,1333640,802,1]
11-29 07:43:28.558 1491 2059 I notification_visibility: [0|com.tencent.android.qqdownloader|54086601|null|10097,1,1333640,1333640,0,5]
11-29 07:43:28.558 1491 2059 I sysui_multi_action: [757,128,758,1,793,1400506,794,0,795,1400506,796,115,798,6,806,com.tencent.android.qqdownloader,857,channel_id_default_silent,858,3,946,com.tencent.android.qqdownloader,947,1,1395,8,1500,1400506,1688,1]
11-29 07:43:28.558 1491 2059 I sysui_multi_action: [757,804,799,note_freshness,801,1400506,802,1]
11-29 07:43:28.558 1491 2059 I notification_visibility: [0|com.tencent.android.qqdownloader|115|null|10097,1,1400506,1400506,0,6]
11-29 07:43:28.559 1491 2059 I sysui_multi_action: [757,128,758,1,793,67590,794,0,795,67590,796,1,798,7,806,com.tencent.tmgp.pubgmhd,857,my_channel_01,858,3,947,0,1395,8,1500,67383,1688,1]
11-29 07:43:28.559 1491 2059 I sysui_multi_action: [757,804,799,note_freshness,801,67590,802,1]
11-29 07:43:28.559 1491 2059 I notification_visibility: [0|com.tencent.tmgp.pubgmhd|1|null|10099,1,67590,67590,0,7]
11-29 07:43:28.559 1491 2059 I sysui_multi_action: [757,128,758,2,793,14773332,794,3688,795,14773332,796,26,798,0,806,android,857,DEVELOPER_IMPORTANT,858,4,947,0,1395,8,1500,14773127,1688,1]
11-29 07:43:28.559 1491 2059 I notification_visibility: [-1|android|26|null|1000,0,14773332,14773332,0,0]
11-29 07:43:28.559 1491 2059 I sysui_multi_action: [757,128,758,2,793,580248,794,8078,795,580248,796,131808548,797,OfflinePageAutoFetchNotification,798,1,806,com.microsoft.emmx,857,downloads,858,2,946,OfflinePageAutoFetchNotification,947,0,1395,8,1500,580045,1688,1]
11-29 07:43:28.559 1491 2059 I notification_visibility: [0|com.microsoft.emmx|131808548|OfflinePageAutoFetchNotification|10036,0,580248,580248,0,1]
11-29 07:43:28.560 1491 2059 I sysui_multi_action: [757,128,758,2,793,14773335,794,8077,795,14773335,796,32,798,2,806,android,857,USB,858,1,947,0,1395,8,1500,14773132,1688,1]
11-29 07:43:28.560 1491 2059 I notification_visibility: [-1|android|32|null|1000,0,14773335,14773335,0,2]
11-29 07:43:29.080 1491 2059 I sysui_multi_action: [757,128,758,2,793,1334162,794,522,795,1334162,796,54086601,798,5,806,com.tencent.android.qqdownloader,857,channel_id_default_silent,858,3,946,com.tencent.android.qqdownloader,947,1,1395,8,1500,1334162,1688,1]
11-29 07:43:29.081 1491 2059 I notification_visibility: [0|com.tencent.android.qqdownloader|54086601|null|10097,0,1334162,1334162,0,5]
11-29 07:43:29.081 1491 2059 I sysui_multi_action: [757,128,758,2,793,594402,794,1533,795,594402,796,52575843,798,4,806,com.tencent.android.qqdownloader,857,channel_id_default_silent,858,3,946,com.tencent.android.qqdownloader,947,1,1395,8,1500,594402,1688,1]
11-29 07:43:29.081 1491 2059 I notification_visibility: [0|com.tencent.android.qqdownloader|52575843|null|10097,0,594402,594402,0,4]
11-29 07:43:29.082 1491 2059 I sysui_multi_action: [757,128,758,2,793,1028010,794,1532,795,44066,796,127,798,3,806,com.tencent.android.qqdownloader,857,channel_id_default_silent,858,3,946,com.tencent.android.qqdownloader,947,1,1395,8,1500,44066,1688,1]
11-29 07:43:29.082 1491 2059 I notification_visibility: [0|com.tencent.android.qqdownloader|127|null|10097,0,1028010,44066,0,3]
11-29 07:43:29.147 1491 1760 I GameModeConfig: isGameModeOn = false
11-29 07:43:29.148 1491 1760 I GameModeConfig: isGameModeOn = false
11-29 07:43:29.148 1491 1760 I GameModeConfig: isGameModeOn = false
