11-29 03:13:52.761 D/CompatibilityChangeReporter( 1496): Compat change id reported: 73144566; UID 1000; state: DISABLED
11-29 03:13:52.761 I/ActivityManagerTiming( 1496): OnBootPhase_1000_com.android.server.emergency.EmergencyAffordanceService
11-29 03:13:52.761 I/ActivityManagerTiming( 1496): OnBootPhase_1000_com.android.server.blob.BlobStoreManagerService
11-29 03:13:52.761 I/ActivityManagerTiming( 1496): OnBootPhase_1000_com.android.server.dreams.DreamManagerService
11-29 03:13:52.761 I/ActivityManagerTiming( 1496): OnBootPhase_1000_com.android.server.companion.CompanionDeviceManagerService
11-29 03:13:52.761 I/ActivityManagerTiming( 1496): OnBootPhase_1000_com.android.server.restrictions.RestrictionsManagerService
11-29 03:13:52.761 I/ActivityManagerTiming( 1496): OnBootPhase_1000_com.android.server.media.MediaSessionService
11-29 03:13:52.761 I/wm_task_created( 1496): [8,-1]
11-29 03:13:52.761 W/ActivityTaskManager( 1496): Can't find TaskDisplayArea to determine support for multi window. Task id=8 attached=false
11-29 03:13:52.763 D/CompatibilityChangeReporter( 1496): Compat change id reported: 174042980; UID 10082; state: DISABLED
11-29 03:13:52.763 D/CompatibilityChangeReporter( 1496): Compat change id reported: 184838306; UID 10082; state: DISABLED
11-29 03:13:52.763 I/ActivityManagerTiming( 1496): OnBootPhase_1000_com.android.server.media.MediaResourceMonitorService
11-29 03:13:52.763 I/ActivityManagerTiming( 1496): OnBootPhase_1000_com.android.server.biometrics.sensors.fingerprint.FingerprintService
11-29 03:13:52.763 I/ActivityManagerTiming( 1496): OnBootPhase_1000_com.android.server.biometrics.BiometricService
11-29 03:13:52.763 D/CompatibilityChangeReporter( 1496): Compat change id reported: 185004937; UID 10082; state: DISABLED
11-29 03:13:52.764 I/ActivityManagerTiming( 1496): OnBootPhase_1000_com.android.server.biometrics.AuthService
11-29 03:13:52.764 I/ActivityManagerTiming( 1496): OnBootPhase_1000_com.android.server.pm.ShortcutService$Lifecycle
11-29 03:13:52.764 I/ActivityManagerTiming( 1496): OnBootPhase_1000_com.android.server.pm.LauncherAppsService
11-29 03:13:52.764 I/ActivityManagerTiming( 1496): OnBootPhase_1000_com.android.server.pm.CrossProfileAppsService
11-29 03:13:52.764 I/ActivityManagerTiming( 1496): OnBootPhase_1000_com.android.server.people.PeopleService
11-29 03:13:52.764 I/ActivityManagerTiming( 1496): OnBootPhase_1000_com.android.server.media.metrics.MediaMetricsManagerService
11-29 03:13:52.764 I/ActivityManagerTiming( 1496): OnBootPhase_1000_com.android.server.media.projection.MediaProjectionManagerService
11-29 03:13:52.764 D/CompatibilityChangeReporter( 1496): Compat change id reported: 181136395; UID 10082; state: DISABLED
11-29 03:13:52.764 I/ActivityManagerTiming( 1496): OnBootPhase_1000_com.android.server.slice.SliceManagerService$Lifecycle
11-29 03:13:52.764 I/ActivityManagerTiming( 1496): OnBootPhase_1000_com.android.server.stats.StatsCompanion$Lifecycle
11-29 03:13:52.764 I/ActivityManagerTiming( 1496): OnBootPhase_1000_com.android.server.scheduling.RebootReadinessManagerService$Lifecycle
11-29 03:13:52.764 I/ActivityManagerTiming( 1496): OnBootPhase_1000_com.android.server.stats.pull.StatsPullAtomService
11-29 03:13:52.764 I/ActivityManagerTiming( 1496): OnBootPhase_1000_com.android.server.incident.IncidentCompanionService
11-29 03:13:52.764 I/ActivityManagerTiming( 1496): OnBootPhase_1000_com.android.server.MmsServiceBroker
11-29 03:13:52.764 I/ActivityManagerTiming( 1496): OnBootPhase_1000_com.android.server.autofill.AutofillManagerService
11-29 03:13:52.764 I/ActivityManagerTiming( 1496): OnBootPhase_1000_com.android.server.clipboard.ClipboardService
11-29 03:13:52.764 I/ActivityManagerTiming( 1496): OnBootPhase_1000_com.android.server.appbinding.AppBindingService$Lifecycle
11-29 03:13:52.764 I/ActivityManagerTiming( 1496): OnBootPhase_1000_com.android.server.tracing.TracingServiceProxy
11-29 03:13:52.764 I/ActivityManagerTiming( 1496): OnBootPhase_1000_com.android.server.policy.PermissionPolicyService
11-29 03:13:52.764 I/ActivityManagerTiming( 1496): OnBootPhase_1000_com.android.server.pm.StagingManager$Lifecycle
11-29 03:13:52.764 I/ActivityManagerTiming( 1496): OnBootPhase_1000_com.android.server.app.GameManagerService$Lifecycle
11-29 03:13:52.764 D/GameManagerService( 1496): onBootCompleted
11-29 03:13:52.764 I/ActivityManagerTiming( 1496): OnBootPhase_1000_com.android.server.appsearch.AppSearchManagerService
11-29 03:13:52.764 I/ActivityManagerTiming( 1496): OnBootPhase_1000_com.android.server.media.MediaCommunicationService
11-29 03:13:52.764 D/ActivityManagerTiming( 1496): TotalBootTime took to complete: 3065ms
11-29 03:13:52.764 D/SystemServerInitThreadPool( 1496): Shutdown requested
11-29 03:13:52.764 I/SystemServerTiming( 1496): WaitInitThreadPoolShutdown
11-29 03:13:52.765 D/CompatibilityChangeReporter( 1496): Compat change id reported: 174042936; UID 10082; state: DISABLED
11-29 03:13:52.765 D/SystemServerInitThreadPool( 1496): Shutdown successful
11-29 03:13:52.765 I/wm_task_moved( 1496): [8,1,6]
11-29 03:13:52.765 I/wm_task_to_front( 1496): [0,8]
11-29 03:13:52.766 I/wm_create_task( 1496): [0,8]
11-29 03:13:52.766 I/wm_create_activity( 1496): [0,34066703,8,com.android.systemui/.usb.UsbDebuggingActivity,NULL,NULL,NULL,276824064]
11-29 03:13:52.766 I/wm_task_moved( 1496): [8,1,6]
11-29 03:13:52.766 I/wm_pause_activity( 1496): [0,84224050,com.android.settings/.FallbackHome,userLeaving=true,pauseBackTasks]
11-29 03:13:52.767 I/wm_on_top_resumed_lost_called( 2394): [84224050,com.android.settings.FallbackHome,topStateChangedWhenResumed]
11-29 03:13:52.767 I/uc_finish_user_boot( 1496): 0
11-29 03:13:52.767 I/ActivityManager( 1496): User 0 state changed from BOOTING to RUNNING_LOCKED
11-29 03:13:52.767 I/am_user_state_changed( 1496): [0,1]
11-29 03:13:52.767 W/ActivityManager( 1496): UserLifecycleEvent 4 received without an active userJourneySession.
11-29 03:13:52.768 I/uc_send_user_broadcast( 1496): [0,android.intent.action.LOCKED_BOOT_COMPLETED]
11-29 03:13:52.769 D/StorageManagerService( 1496): unlockUserKey: 0 isFileEncryptedNativeOrEmulated: true hasToken: false hasSecret: false
11-29 03:13:52.769 D/vold ( 516): fscrypt_unlock_user_key 0 serial=0
11-29 03:13:52.770 I/wm_on_paused_called( 2394): [84224050,com.android.settings.FallbackHome,performPause]
11-29 03:13:52.770 I/ActivityTaskManager( 1496): FOREGROUND_APPLICATION_CHANGED to com.android.systemui.usb.UsbDebuggingActivity
11-29 03:13:52.771 D/vold ( 516): Trying user CE key /data/misc/vold/user_keys/ce/0/current
11-29 03:13:52.772 I/ActivityTaskManager( 1496): The Process com.android.systemui Already Exists in BG. So sending its PID: 1991
11-29 03:13:52.772 I/wm_restart_activity( 1496): [0,34066703,8,com.android.systemui/.usb.UsbDebuggingActivity]
11-29 03:13:52.773 I/wm_set_resumed_activity( 1496): [0,com.android.systemui/.usb.UsbDebuggingActivity,minimalResumeActivityLocked]
11-29 03:13:52.779 D/vold ( 516): Successfully retrieved key
11-29 03:13:52.782 D/Fingerprint21( 1496): Daemon was null, reconnecting, current operation: null
11-29 03:13:52.783 D/Fingerprint21( 1496): Fingerprint HAL ready, HAL ID: 5326416
11-29 03:13:52.783 D/BiometricScheduler/Fingerprint21( 1496): [Added] {[0] FingerprintUpdateActiveUserClient, proto=1, owner=android, cookie=0, requestId=-1, userId=0}, new queue size: 1
11-29 03:13:52.783 D/BiometricScheduler/Fingerprint21( 1496): [Polled] {[0] FingerprintUpdateActiveUserClient, proto=1, owner=android, cookie=0, requestId=-1, userId=0}, State: 0
11-29 03:13:52.783 D/BiometricScheduler/Fingerprint21( 1496): [Starting] {[0] FingerprintUpdateActiveUserClient, proto=1, owner=android, cookie=0, requestId=-1, userId=0}, State: 0
11-29 03:13:52.783 D/BiometricScheduler/Fingerprint21( 1496): [Started] {[0] FingerprintUpdateActiveUserClient, proto=1, owner=android, cookie=0, requestId=-1, userId=0}
11-29 03:13:52.784 D/vold ( 516): Installed fscrypt key with ref 4c73de0b7dadfee081b62ffd32a63aef to /data
11-29 03:13:52.785 D/vold ( 516): Added fscrypt-provisioning key for 4c73de0b7dadfee081b62ffd32a63aef to session keyring
11-29 03:13:52.785 D/vold ( 516): Installed ce key for user 0
11-29 03:13:52.785 I/uc_finish_user_unlocking( 1496): 0
11-29 03:13:52.785 W/ActivityManager( 1496): UserLifecycleEvent 5 received without an active userJourneySession.
11-29 03:13:52.785 D/ActivityManager( 1496): Started unlocking user 0
11-29 03:13:52.785 D/ActivityManager( 1496): Unlocking user 0 progress 0
11-29 03:13:52.785 D/ActivityManager( 1496): Unlocking user 0 progress 5
11-29 03:13:52.786 D/vold ( 516): fscrypt_prepare_user_storage for volume null, user 0, serial 0, flags 2
11-29 03:13:52.786 D/vold ( 516): Preparing: /data/system_ce/0
11-29 03:13:52.786 D/vold ( 516): Preparing: /data/misc_ce/0
11-29 03:13:52.786 D/vold ( 516): Preparing: /data/vendor_ce/0
11-29 03:13:52.787 D/vold ( 516): Preparing: /data/media/0
11-29 03:13:52.787 D/vold ( 516): Preparing: /data/data
11-29 03:13:52.787 I/vold ( 516): Verified that /data/system_ce/0 has the encryption policy 4c73de0b7dadfee081b62ffd32a63aef v2 modes 1/4 flags 0xa
11-29 03:13:52.787 I/vold ( 516): Verified that /data/misc_ce/0 has the encryption policy 4c73de0b7dadfee081b62ffd32a63aef v2 modes 1/4 flags 0xa
11-29 03:13:52.787 I/vold ( 516): Verified that /data/vendor_ce/0 has the encryption policy 4c73de0b7dadfee081b62ffd32a63aef v2 modes 1/4 flags 0xa
11-29 03:13:52.787 I/vold ( 516): Verified that /data/media/0 has the encryption policy 4c73de0b7dadfee081b62ffd32a63aef v2 modes 1/4 flags 0xa
11-29 03:13:52.787 I/vold ( 516): Verified that /data/data has the encryption policy 4c73de0b7dadfee081b62ffd32a63aef v2 modes 1/4 flags 0xa
11-29 03:13:52.787 D/vold ( 516): Starting restorecon of /data/system_ce/0
11-29 03:13:52.787 I/am_uid_running( 1496): 10068
11-29 03:13:52.788 D/CompatibilityChangeReporter( 1496): Compat change id reported: 135634846; UID 10068; state: DISABLED
11-29 03:13:52.788 D/CompatibilityChangeReporter( 1496): Compat change id reported: 177438394; UID 10068; state: DISABLED
11-29 03:13:52.788 D/CompatibilityChangeReporter( 1496): Compat change id reported: 135772972; UID 10068; state: DISABLED
11-29 03:13:52.788 D/CompatibilityChangeReporter( 1496): Compat change id reported: 135754954; UID 10068; state: DISABLED
11-29 03:13:52.788 D/CompatibilityChangeReporter( 1496): Compat change id reported: 143937733; UID 10068; state: DISABLED
11-29 03:13:52.789 D/ColorDisplayService( 1496): setUp: currentUser=0
11-29 03:13:52.794 D/vold ( 516): Finished restorecon of /data/system_ce/0
11-29 03:13:52.794 D/vold ( 516): Starting restorecon of /data/vendor_ce/0
11-29 03:13:52.797 D/ColorDisplayService( 1496): onNightDisplayAutoModeChanged: autoMode=0
11-29 03:13:52.797 I/ColorDisplayService( 1496): Turning off night display
11-29 03:13:52.797 D/ColorDisplayService( 1496): Setting bright color reduction level: 50
11-29 03:13:52.797 V/DisplayPowerController[0]( 1496): Brightness [1.0] manual adjustment.
11-29 03:13:52.799 I/sysui_multi_action( 1496): [757,803,799,window_time_0,802,2]
11-29 03:13:52.801 D/vold ( 516): Finished restorecon of /data/vendor_ce/0
11-29 03:13:52.801 D/vold ( 516): Starting restorecon of /data/misc_ce/0
11-29 03:13:52.803 D/vold ( 516): Finished restorecon of /data/misc_ce/0
11-29 03:13:52.803 D/vold ( 516): /system/bin/vold_prepare_subdirs
11-29 03:13:52.803 D/vold ( 516): prepare
11-29 03:13:52.803 D/vold ( 516):
11-29 03:13:52.803 D/vold ( 516): 0
11-29 03:13:52.803 D/vold ( 516): 2
11-29 03:13:52.805 I/am_proc_start( 1496): [0,2643,10068,com.android.deskclock,broadcast,{com.android.deskclock/com.android.deskclock.AlarmInitReceiver}]
11-29 03:13:52.805 I/ActivityManager( 1496): Start proc 2643:com.android.deskclock/u0a68 for broadcast {com.android.deskclock/com.android.deskclock.AlarmInitReceiver}
11-29 03:13:52.806 F/libc ( 2642): Fatal signal 6 (SIGABRT), code -1 (SI_QUEUE) in tid 2642 (init), pid 2642 (init)
11-29 03:13:52.811 I/auditd ( 2646): type=1400 audit(0.0:218): avc: denied { ptrace } for comm="crash_dump64" scontext=u:r:crash_dump:s0 tcontext=u:r:init:s0 tclass=process permissive=0
11-29 03:13:52.813 I/wm_on_create_called( 1991): [34066703,com.android.systemui.usb.UsbDebuggingActivity,performCreate]
11-29 03:13:52.814 I/wm_on_start_called( 1991): [34066703,com.android.systemui.usb.UsbDebuggingActivity,handleStartActivity]
11-29 03:13:52.814 I/wm_on_resume_called( 1991): [34066703,com.android.systemui.usb.UsbDebuggingActivity,RESUME_ACTIVITY]
11-29 03:13:52.815 F/libc ( 2642): crash_dump helper failed to exec, or was killed
11-29 03:13:52.817 I/wm_on_top_resumed_gained_called( 1991): [34066703,com.android.systemui.usb.UsbDebuggingActivity,topStateChangedWhenResumed]
11-29 03:13:52.829 I/input_focus( 1496): [Focus request 8b3f093 com.android.systemui/com.android.systemui.usb.UsbDebuggingActivity,reason=UpdateInputWindows]
11-29 03:13:52.830 I/am_proc_bound( 1496): [0,2643,com.android.deskclock]
11-29 03:13:52.831 D/CompatibilityChangeReporter( 1496): Compat change id reported: 168419799; UID 10068; state: DISABLED
11-29 03:13:52.832 I/am_uid_active( 1496): 10068
11-29 03:13:52.859 V/UserDataPreparer( 1496): Found /data/user/0 with serial number 0
11-29 03:13:52.860 V/UserDataPreparer( 1496): Found /data/system_ce/0 with serial number 0
11-29 03:13:52.860 D/UserDataPreparer( 1496): Setting property: sys.user.0.ce_available=true
11-29 03:13:52.860 V/PackageManager( 1496): reconcileAppsData for null u0 0x2 migrateAppData=false
11-29 03:13:52.869 W/AdbDebuggingManager( 1496): Read failed with count -1
11-29 03:13:52.870 E/AdbDebuggingManager( 1496): Caught an exception opening the socket: java.io.IOException: Connection refused
11-29 03:13:52.932 V/PackageManager( 1496): reconcileAppsData finished 141 packages
11-29 03:13:52.932 I/ActivityManager( 1496): User 0 state changed from RUNNING_LOCKED to RUNNING_UNLOCKING
11-29 03:13:52.932 I/am_user_state_changed( 1496): [0,2]
11-29 03:13:52.934 D/ActivityManager( 1496): Unlocking user 0 progress 20
11-29 03:13:52.934 I/ssm_user_unlocking( 1496): 0
11-29 03:13:52.934 W/Looper ( 1496): Slow dispatch took 148ms android.fg h=android.os.Handler c=com.android.server.am.UserController$$ExternalSyntheticLambda3@12041d5 m=0
11-29 03:13:52.934 I/SystemServerTimingAsync( 1496): ssm.UnlockingUser-0
11-29 03:13:52.934 I/SystemServiceManager( 1496): Calling onUnlockingUser 0
11-29 03:13:52.934 I/SystemServerTimingAsync( 1496): ssm.onUnlockingUser-0_com.android.server.security.FileIntegrityService
11-29 03:13:52.934 I/SystemServerTimingAsync( 1496): ssm.onUnlockingUser-0_com.android.server.pm.Installer
11-29 03:13:52.934 I/SystemServerTimingAsync( 1496): ssm.onUnlockingUser-0_com.android.server.os.DeviceIdentifiersPolicyService
11-29 03:13:52.934 I/SystemServerTimingAsync( 1496): ssm.onUnlockingUser-0_com.android.server.uri.UriGrantsManagerService$Lifecycle
11-29 03:13:52.934 I/SystemServerTimingAsync( 1496): ssm.onUnlockingUser-0_com.android.server.powerstats.PowerStatsService
11-29 03:13:52.934 I/SystemServerTimingAsync( 1496): ssm.onUnlockingUser-0_com.android.server.wm.ActivityTaskManagerService$Lifecycle
11-29 03:13:52.934 I/SystemServerTimingAsync( 1496): ssm.onUnlockingUser-0_com.android.server.am.ActivityManagerService$Lifecycle
11-29 03:13:52.934 I/SystemServerTimingAsync( 1496): ssm.onUnlockingUser-0_com.android.server.pm.DataLoaderManagerService
11-29 03:13:52.934 I/SystemServerTimingAsync( 1496): ssm.onUnlockingUser-0_com.android.server.power.PowerManagerService
11-29 03:13:52.934 I/SystemServerTimingAsync( 1496): ssm.onUnlockingUser-0_com.android.server.power.ThermalManagerService
11-29 03:13:52.934 I/SystemServerTimingAsync( 1496): ssm.onUnlockingUser-0_com.android.server.power.hint.HintManagerService
11-29 03:13:52.934 I/SystemServerTimingAsync( 1496): ssm.onUnlockingUser-0_com.android.server.recoverysystem.RecoverySystemService$Lifecycle
11-29 03:13:52.934 I/SystemServerTimingAsync( 1496): ssm.onUnlockingUser-0_com.android.server.lights.LightsService
11-29 03:13:52.934 I/SystemServerTimingAsync( 1496): ssm.onUnlockingUser-0_com.android.server.display.DisplayManagerService
11-29 03:13:52.934 I/SystemServerTimingAsync( 1496): ssm.onUnlockingUser-0_com.android.server.pm.verify.domain.DomainVerificationService
11-29 03:13:52.934 I/SystemServerTimingAsync( 1496): ssm.onUnlockingUser-0_com.android.server.pm.PackageInstallerService$Lifecycle
11-29 03:13:52.934 I/SystemServerTimingAsync( 1496): ssm.onUnlockingUser-0_com.android.server.pm.UserManagerService$LifeCycle
11-29 03:13:52.934 I/SystemServerTimingAsync( 1496): ssm.onUnlockingUser-0_com.android.server.om.OverlayManagerService
11-29 03:13:52.934 I/SystemServerTimingAsync( 1496): ssm.onUnlockingUser-0_com.android.server.SensorPrivacyService
11-29 03:13:52.934 I/SystemServerTimingAsync( 1496): ssm.onUnlockingUser-0_com.android.server.sensors.SensorService
11-29 03:13:52.934 I/SystemServerTimingAsync( 1496): ssm.onUnlockingUser-0_com.android.server.SystemConfigService
11-29 03:13:52.934 I/SystemServerTimingAsync( 1496): ssm.onUnlockingUser-0_com.android.server.BatteryService
11-29 03:13:52.934 I/SystemServerTimingAsync( 1496): ssm.onUnlockingUser-0_com.android.server.usage.UsageStatsService
11-29 03:13:52.934 I/SystemServerTimingAsync( 1496): ssm.onUnlockingUser-0_com.android.server.webkit.WebViewUpdateService
11-29 03:13:52.934 I/SystemServerTimingAsync( 1496): ssm.onUnlockingUser-0_com.android.server.CachedDeviceStateService
11-29 03:13:52.934 I/SystemServerTimingAsync( 1496): ssm.onUnlockingUser-0_com.android.server.BinderCallsStatsService$LifeCycle
11-29 03:13:52.934 I/SystemServerTimingAsync( 1496): ssm.onUnlockingUser-0_com.android.server.LooperStatsService$Lifecycle
11-29 03:13:52.934 I/SystemServerTimingAsync( 1496): ssm.onUnlockingUser-0_com.android.server.rollback.RollbackManagerService
11-29 03:13:52.934 I/SystemServerTimingAsync( 1496): ssm.onUnlockingUser-0_com.android.server.os.NativeTombstoneManagerService
11-29 03:13:52.934 I/SystemServerTimingAsync( 1496): ssm.onUnlockingUser-0_com.android.server.os.BugreportManagerService
11-29 03:13:52.934 I/SystemServerTimingAsync( 1496): ssm.onUnlockingUser-0_com.android.server.gpu.GpuService
11-29 03:13:52.934 I/SystemServerTimingAsync( 1496): ssm.onUnlockingUser-0_com.android.server.security.KeyChainSystemService
11-29 03:13:52.934 I/SystemServerTimingAsync( 1496): ssm.onUnlockingUser-0_com.android.server.telecom.TelecomLoaderService
11-29 03:13:52.934 I/SystemServerTimingAsync( 1496): ssm.onUnlockingUser-0_com.android.server.accounts.AccountManagerService$Lifecycle
11-29 03:13:52.934 I/SystemServerTimingAsync( 1496): ssm.onUnlockingUser-0_com.android.server.content.ContentService$Lifecycle
11-29 03:13:52.934 I/SystemServerTimingAsync( 1496): ssm.onUnlockingUser-0_com.android.server.DropBoxManagerService
11-29 03:13:52.934 I/SystemServerTimingAsync( 1496): ssm.onUnlockingUser-0_com.android.role.RoleService
11-29 03:13:52.934 I/SystemServerTimingAsync( 1496): ssm.onUnlockingUser-0_com.android.server.vibrator.VibratorManagerService$Lifecycle
11-29 03:13:52.934 I/SystemServerTimingAsync( 1496): ssm.onUnlockingUser-0_com.android.server.alarm.AlarmManagerService
11-29 03:13:52.934 I/SystemServerTimingAsync( 1496): ssm.onUnlockingUser-0_com.android.server.devicestate.DeviceStateManagerService
11-29 03:13:52.934 I/SystemServerTimingAsync( 1496): ssm.onUnlockingUser-0_com.android.server.camera.CameraServiceProxy
11-29 03:13:52.934 I/SystemServerTimingAsync( 1496): ssm.onUnlockingUser-0_com.android.server.BluetoothService
11-29 03:13:52.934 D/BluetoothManagerService( 1496): User 0 unlocked
11-29 03:13:52.935 I/SystemServerTimingAsync( 1496): ssm.onUnlockingUser-0_com.android.server.connectivity.IpConnectivityMetrics
11-29 03:13:52.935 I/SystemServerTimingAsync( 1496): ssm.onUnlockingUser-0_com.android.server.net.watchlist.NetworkWatchlistService$Lifecycle
11-29 03:13:52.935 D/BluetoothManagerService( 1496): MESSAGE_USER_UNLOCKED
11-29 03:13:52.935 I/SystemServerTimingAsync( 1496): ssm.onUnlockingUser-0_com.android.server.PinnerService
11-29 03:13:52.935 I/SystemServerTimingAsync( 1496): ssm.onUnlockingUser-0_com.google.android.startop.iorap.IorapForwardingService
11-29 03:13:52.935 I/SystemServerTimingAsync( 1496): ssm.onUnlockingUser-0_com.android.server.ActivityTriggerService
11-29 03:13:52.935 I/SystemServerTimingAsync( 1496): ssm.onUnlockingUser-0_com.android.server.integrity.AppIntegrityManagerService
11-29 03:13:52.935 I/SystemServerTimingAsync( 1496): ssm.onUnlockingUser-0_com.android.server.inputmethod.InputMethodManagerService$Lifecycle
11-29 03:13:52.935 I/SystemServerTimingAsync( 1496): ssm.onUnlockingUser-0_com.android.server.accessibility.AccessibilityManagerService$Lifecycle
11-29 03:13:52.935 I/SystemServerTimingAsync( 1496): ssm.onUnlockingUser-0_com.android.server.StorageManagerService$Lifecycle
11-29 03:13:52.935 D/StorageManagerService( 1496): onUnlockUser 0
11-29 03:13:52.935 I/StorageSessionController( 1496): On user unlock 0
11-29 03:13:52.935 I/StorageSessionController( 1496): Initialialising...
11-29 03:13:52.935 I/vold ( 516): onUserStarted: 0
11-29 03:13:52.936 V/StorageManagerService( 1496): Found primary storage at VolumeInfo{emulated;0}:
11-29 03:13:52.936 V/StorageManagerService( 1496): type=EMULATED diskId=null partGuid= mountFlags=0 mountUserId=0
11-29 03:13:52.936 V/StorageManagerService( 1496): state=UNMOUNTED
11-29 03:13:52.936 V/StorageManagerService( 1496): fsType=null fsUuid=null fsLabel=null
11-29 03:13:52.936 V/StorageManagerService( 1496): path=null internalPath=null
11-29 03:13:52.936 I/StorageManagerService( 1496): Mounting volume VolumeInfo{emulated;0}:
11-29 03:13:52.936 I/StorageManagerService( 1496): type=EMULATED diskId=null partGuid= mountFlags=PRIMARY|VISIBLE
11-29 03:13:52.936 I/StorageManagerService( 1496): mountUserId=0 state=UNMOUNTED
11-29 03:13:52.936 I/StorageManagerService( 1496): fsType=null fsUuid=null fsLabel=null
11-29 03:13:52.936 I/StorageManagerService( 1496): path=null internalPath=null
11-29 03:13:52.936 I/vold ( 516): Executing sdcardfs
11-29 03:13:52.937 D/vold ( 516): Waiting for sdcardfs to spin up...
11-29 03:13:52.946 W/sdcard ( 2705): Device explicitly enabled sdcardfs
11-29 03:13:52.947 I/SystemServerTimingAsync( 1496): ssm.onUnlockingUser-0_com.android.server.usage.StorageStatsService$Lifecycle
11-29 03:13:52.947 I/SystemServerTimingAsync( 1496): ssm.onUnlockingUser-0_com.android.server.UiModeManagerService
11-29 03:13:52.948 I/SystemServerTimingAsync( 1496): ssm.onUnlockingUser-0_com.android.server.locksettings.LockSettingsService$Lifecycle
11-29 03:13:52.948 I/SystemServerTimingAsync( 1496): ssm.onUnlockingUser-0_com.android.server.PersistentDataBlockService
11-29 03:13:52.948 I/SystemServerTimingAsync( 1496): ssm.onUnlockingUser-0_com.android.server.testharness.TestHarnessModeService
11-29 03:13:52.948 I/SystemServerTimingAsync( 1496): ssm.onUnlockingUser-0_com.android.server.oemlock.OemLockService
11-29 03:13:52.948 I/SystemServerTimingAsync( 1496): ssm.onUnlockingUser-0_com.android.server.DeviceIdleController
11-29 03:13:52.948 I/SystemServerTimingAsync( 1496): ssm.onUnlockingUser-0_com.android.server.devicepolicy.DevicePolicyManagerService$Lifecycle
11-29 03:13:52.948 I/SystemServerTimingAsync( 1496): ssm.onUnlockingUser-0_com.android.server.texttospeech.TextToSpeechManagerService
11-29 03:13:52.948 I/SystemServerTimingAsync( 1496): ssm.onUnlockingUser-0_com.android.server.speech.SpeechRecognitionManagerService
11-29 03:13:52.948 I/SystemServerTimingAsync( 1496): ssm.onUnlockingUser-0_com.android.server.searchui.SearchUiManagerService
11-29 03:13:52.948 I/SystemServerTimingAsync( 1496): ssm.onUnlockingUser-0_com.android.server.smartspace.SmartspaceManagerService
11-29 03:13:52.948 I/SystemServerTimingAsync( 1496): ssm.onUnlockingUser-0_com.android.server.graphics.fonts.FontManagerService$Lifecycle
11-29 03:13:52.948 I/SystemServerTimingAsync( 1496): ssm.onUnlockingUser-0_com.android.server.textservices.TextServicesManagerService$Lifecycle
11-29 03:13:52.951 I/sysui_multi_action( 1496): [319,978,322,977,325,10,757,761,758,7,759,2,806,com.android.systemui,871,com.android.systemui.usb.UsbDebuggingActivity,904,android,905,0,945,292,1320,8,1321,5]
11-29 03:13:52.952 I/SystemServerTimingAsync( 1496): ssm.onUnlockingUser-0_com.android.server.textclassifier.TextClassificationManagerService$Lifecycle
11-29 03:13:52.953 I/SystemServerTimingAsync( 1496): ssm.onUnlockingUser-0_com.android.server.NetworkScoreService$Lifecycle
11-29 03:13:52.953 I/SystemServerTimingAsync( 1496): ssm.onUnlockingUser-0_com.android.server.wifi.WifiService
11-29 03:13:52.953 I/SystemServerTimingAsync( 1496): ssm.onUnlockingUser-0_com.android.server.wifi.scanner.WifiScanningService
11-29 03:13:52.953 I/SystemServerTimingAsync( 1496): ssm.onUnlockingUser-0_com.android.server.wifi.rtt.RttService
11-29 03:13:52.953 I/SystemServerTimingAsync( 1496): ssm.onUnlockingUser-0_com.android.server.wifi.aware.WifiAwareService
11-29 03:13:52.953 I/SystemServerTimingAsync( 1496): ssm.onUnlockingUser-0_com.android.server.wifi.p2p.WifiP2pService
11-29 03:13:52.953 I/SystemServerTimingAsync( 1496): ssm.onUnlockingUser-0_com.android.server.ethernet.EthernetService
11-29 03:13:52.953 I/SystemServerTimingAsync( 1496): ssm.onUnlockingUser-0_com.android.server.ConnectivityServiceInitializer
11-29 03:13:52.953 I/SystemServerTimingAsync( 1496): ssm.onUnlockingUser-0_com.android.server.notification.NotificationManagerService
11-29 03:13:52.953 I/SystemServerTimingAsync( 1496): ssm.onUnlockingUser-0_com.android.server.storage.DeviceStorageMonitorService
11-29 03:13:52.953 I/SystemServerTimingAsync( 1496): ssm.onUnlockingUser-0_com.android.server.location.LocationManagerService$Lifecycle
11-29 03:13:52.953 I/SystemServerTimingAsync( 1496): ssm.onUnlockingUser-0_com.android.server.timedetector.TimeDetectorService$Lifecycle
11-29 03:13:52.953 I/SystemServerTimingAsync( 1496): ssm.onUnlockingUser-0_com.android.server.timezonedetector.TimeZoneDetectorService$Lifecycle
11-29 03:13:52.953 I/SystemServerTimingAsync( 1496): ssm.onUnlockingUser-0_com.android.server.timezonedetector.location.LocationTimeZoneManagerService$Lifecycle
11-29 03:13:52.953 I/SystemServerTimingAsync( 1496): ssm.onUnlockingUser-0_com.android.server.search.SearchManagerService$Lifecycle
11-29 03:13:52.953 I/SystemServerTimingAsync( 1496): ssm.onUnlockingUser-0_com.android.server.wallpaper.WallpaperManagerService$Lifecycle
11-29 03:13:52.953 I/WallpaperManagerService( 1496): on-unlock-user-0
11-29 03:13:52.953 I/SystemServerTimingAsync( 1496): ssm.onUnlockingUser-0_com.android.server.audio.AudioService$Lifecycle
11-29 03:13:52.953 I/SystemServerTimingAsync( 1496): ssm.onUnlockingUser-0_com.android.server.soundtrigger_middleware.SoundTriggerMiddlewareService$Lifecycle
11-29 03:13:52.953 I/SystemServerTimingAsync( 1496): ssm.onUnlockingUser-0_com.android.server.DockObserver
11-29 03:13:52.953 I/SystemServerTimingAsync( 1496): ssm.onUnlockingUser-0_com.android.server.midi.MidiService$Lifecycle
11-29 03:13:52.954 I/wm_activity_launch_time( 1496): [0,34066703,com.android.systemui/.usb.UsbDebuggingActivity,977]
11-29 03:13:52.951 I/auditd ( 983): type=1400 audit(0.0:219): avc: denied { read write } for comm="sensors.qti" name="diag" dev="tmpfs" ino=12822 scontext=u:r:vendor_sensors_qti:s0 tcontext=u:object_r:vendor_diag_device:s0 tclass=chr_file permissive=0
11-29 03:13:52.957 I/SystemServerTimingAsync( 1496): ssm.onUnlockingUser-0_com.android.server.adb.AdbService$Lifecycle
11-29 03:13:52.957 I/SystemServerTimingAsync( 1496): ssm.onUnlockingUser-0_com.android.server.usb.UsbService$Lifecycle
11-29 03:13:52.957 I/SystemServerTimingAsync( 1496): ssm.onUnlockingUser-0_com.android.server.twilight.TwilightService
11-29 03:13:52.959 I/SystemServerTimingAsync( 1496): ssm.onUnlockingUser-0_com.android.server.display.color.ColorDisplayService
11-29 03:13:52.959 I/SystemServerTimingAsync( 1496): ssm.onUnlockingUser-0_com.android.server.job.JobSchedulerService
11-29 03:13:52.959 I/SystemServerTimingAsync( 1496): ssm.onUnlockingUser-0_com.android.server.soundtrigger.SoundTriggerService
11-29 03:13:52.959 I/SystemServerTimingAsync( 1496): ssm.onUnlockingUser-0_com.android.server.trust.TrustManagerService
11-29 03:13:52.959 I/SystemServerTimingAsync( 1496): ssm.onUnlockingUser-0_com.android.server.backup.BackupManagerService$Lifecycle
11-29 03:13:52.959 I/SystemServerTimingAsync( 1496): ssm.onUnlockingUser-0_com.android.server.appwidget.AppWidgetService
11-29 03:13:52.959 I/SystemServerTimingAsync( 1496): ssm.onUnlockingUser-0_com.android.server.voiceinteraction.VoiceInteractionManagerService
11-29 03:13:52.960 I/BackupManagerService( 1496): Starting service for user: 0
11-29 03:13:52.960 V/BackupManagerService( 1496): [UserID:0] Starting with transport com.android.localtransport/.LocalTransport
11-29 03:13:52.960 W/VoiceInteractionManager( 1496): no available voice recognition services found for user 0
11-29 03:13:52.960 I/SystemServerTimingAsync( 1496): ssm.onUnlockingUser-0_com.android.server.apphibernation.AppHibernationService
11-29 03:13:52.961 I/SystemServerTimingAsync( 1496): ssm.onUnlockingUser-0_com.android.server.GestureLauncherService
11-29 03:13:52.961 I/SystemServerTimingAsync( 1496): ssm.onUnlockingUser-0_com.android.server.SensorNotificationService
11-29 03:13:52.961 I/HibernationStateDiskStore( 1496): No hibernation file on disk for file /data/system_ce/0/hibernation/states
11-29 03:13:52.961 I/SystemServerTimingAsync( 1496): ssm.onUnlockingUser-0_com.android.server.emergency.EmergencyAffordanceService
11-29 03:13:52.961 I/SystemServerTimingAsync( 1496): ssm.onUnlockingUser-0_com.android.server.blob.BlobStoreManagerService
11-29 03:13:52.961 I/SystemServerTimingAsync( 1496): ssm.onUnlockingUser-0_com.android.server.dreams.DreamManagerService
11-29 03:13:52.961 I/SystemServerTimingAsync( 1496): ssm.onUnlockingUser-0_com.android.server.companion.CompanionDeviceManagerService
11-29 03:13:52.961 D/BackupManagerService( 1496): [UserID:0] Started thread backup-0
11-29 03:13:52.970 I/CompanionDeviceManagerService( 1496): Read associations from disk: {0=[]}
11-29 03:13:52.970 I/SystemServerTimingAsync( 1496): ssm.onUnlockingUser-0_com.android.server.restrictions.RestrictionsManagerService
11-29 03:13:52.970 I/SystemServerTimingAsync( 1496): ssm.onUnlockingUser-0_com.android.server.media.MediaSessionService
11-29 03:13:52.970 I/SystemServerTimingAsync( 1496): ssm.onUnlockingUser-0_com.android.server.media.MediaResourceMonitorService
11-29 03:13:52.970 I/SystemServerTimingAsync( 1496): ssm.onUnlockingUser-0_com.android.server.biometrics.sensors.fingerprint.FingerprintService
11-29 03:13:52.970 I/SystemServerTimingAsync( 1496): ssm.onUnlockingUser-0_com.android.server.biometrics.BiometricService
11-29 03:13:52.970 I/SystemServerTimingAsync( 1496): ssm.onUnlockingUser-0_com.android.server.biometrics.AuthService
11-29 03:13:52.970 I/SystemServerTimingAsync( 1496): ssm.onUnlockingUser-0_com.android.server.pm.ShortcutService$Lifecycle
11-29 03:13:52.970 I/SystemServerTimingAsync( 1496): ssm.onUnlockingUser-0_com.android.server.pm.LauncherAppsService
11-29 03:13:52.970 I/SystemServerTimingAsync( 1496): ssm.onUnlockingUser-0_com.android.server.pm.CrossProfileAppsService
11-29 03:13:52.970 I/SystemServerTimingAsync( 1496): ssm.onUnlockingUser-0_com.android.server.people.PeopleService
11-29 03:13:52.970 I/SystemServerTimingAsync( 1496): ssm.onUnlockingUser-0_com.android.server.media.metrics.MediaMetricsManagerService
11-29 03:13:52.970 I/SystemServerTimingAsync( 1496): ssm.onUnlockingUser-0_com.android.server.media.projection.MediaProjectionManagerService
11-29 03:13:52.970 I/SystemServerTimingAsync( 1496): ssm.onUnlockingUser-0_com.android.server.slice.SliceManagerService$Lifecycle
11-29 03:13:52.970 I/SystemServerTimingAsync( 1496): ssm.onUnlockingUser-0_com.android.server.stats.StatsCompanion$Lifecycle
11-29 03:13:52.970 I/SystemServerTimingAsync( 1496): ssm.onUnlockingUser-0_com.android.server.scheduling.RebootReadinessManagerService$Lifecycle
11-29 03:13:52.970 I/SystemServerTimingAsync( 1496): ssm.onUnlockingUser-0_com.android.server.stats.pull.StatsPullAtomService
11-29 03:13:52.970 I/SystemServerTimingAsync( 1496): ssm.onUnlockingUser-0_com.android.server.incident.IncidentCompanionService
11-29 03:13:52.970 I/SystemServerTimingAsync( 1496): ssm.onUnlockingUser-0_com.android.server.MmsServiceBroker
11-29 03:13:52.970 I/SystemServerTimingAsync( 1496): ssm.onUnlockingUser-0_com.android.server.autofill.AutofillManagerService
11-29 03:13:52.971 I/SystemServerTimingAsync( 1496): ssm.onUnlockingUser-0_com.android.server.clipboard.ClipboardService
11-29 03:13:52.971 I/SystemServerTimingAsync( 1496): ssm.onUnlockingUser-0_com.android.server.appbinding.AppBindingService$Lifecycle
11-29 03:13:52.971 W/AppBindingService( 1496): [Default SMS app] u0 Target package not found
11-29 03:13:52.971 I/SystemServerTimingAsync( 1496): ssm.onUnlockingUser-0_com.android.server.tracing.TracingServiceProxy
11-29 03:13:52.971 I/SystemServerTimingAsync( 1496): ssm.onUnlockingUser-0_com.android.server.policy.PermissionPolicyService
11-29 03:13:52.971 I/SystemServerTimingAsync( 1496): ssm.onUnlockingUser-0_com.android.server.pm.StagingManager$Lifecycle
11-29 03:13:52.971 I/SystemServerTimingAsync( 1496): ssm.onUnlockingUser-0_com.android.server.app.GameManagerService$Lifecycle
11-29 03:13:52.971 I/SystemServerTimingAsync( 1496): ssm.onUnlockingUser-0_com.android.server.appsearch.AppSearchManagerService
11-29 03:13:52.971 I/SystemServerTimingAsync( 1496): ssm.onUnlockingUser-0_com.android.server.media.MediaCommunicationService
11-29 03:13:52.971 W/ActivityManager( 1496): UserLifecycleEvent 5 received without an active userJourneySession.
11-29 03:13:52.971 W/ActivityManager( 1496): UserLifecycleEvent 6 received without an active userJourneySession.
11-29 03:13:52.971 I/uc_finish_user_unlocked( 1496): 0
11-29 03:13:52.971 I/ActivityManager( 1496): User 0 state changed from RUNNING_UNLOCKING to RUNNING_UNLOCKED
11-29 03:13:52.971 I/am_user_state_changed( 1496): [0,3]
11-29 03:13:52.971 I/ActivityTaskManager( 1496): Loading recents for user 0 into memory.
11-29 03:13:52.972 I/wm_task_created( 1496): [262,-1]
11-29 03:13:52.973 D/SystemServerTiming( 1496): SystemUserUnlock took to complete: 188ms
11-29 03:13:52.973 I/wm_task_created( 1496): [261,-1]
11-29 03:13:52.975 E/BackupPasswordManager( 1496): Unable to read backup pw version
11-29 03:13:52.975 W/ActivityTaskManager( 1496): Removing auto-remove without activity: Task{6f04016 #262 type=undefined A=1002:com.android.bluetooth U=0 visible=false mode=undefined translucent=true sz=0}
11-29 03:13:52.975 E/BackupPasswordManager( 1496): Unable to read saved backup pw hash
11-29 03:13:52.976 V/PackageConfigPersister( 1496): loadPackages: empty list files from /data/system_ce/0/package_configs
11-29 03:13:52.977 I/am_uid_running( 1496): 10087
11-29 03:13:52.977 D/CompatibilityChangeReporter( 1496): Compat change id reported: 135634846; UID 10087; state: DISABLED
11-29 03:13:52.978 I/am_uid_running( 1496): 10055
11-29 03:13:52.978 D/CompatibilityChangeReporter( 1496): Compat change id reported: 135634846; UID 10055; state: DISABLED
11-29 03:13:52.978 D/CompatibilityChangeReporter( 1496): Compat change id reported: 177438394; UID 10055; state: DISABLED
11-29 03:13:52.978 D/CompatibilityChangeReporter( 1496): Compat change id reported: 135772972; UID 10055; state: DISABLED
11-29 03:13:52.978 D/CompatibilityChangeReporter( 1496): Compat change id reported: 135754954; UID 10055; state: ENABLED
11-29 03:13:52.978 I/am_uid_running( 1496): 10053
11-29 03:13:52.978 D/CompatibilityChangeReporter( 1496): Compat change id reported: 135634846; UID 10053; state: DISABLED
11-29 03:13:52.978 D/CompatibilityChangeReporter( 1496): Compat change id reported: 177438394; UID 10053; state: DISABLED
11-29 03:13:52.978 D/CompatibilityChangeReporter( 1496): Compat change id reported: 135772972; UID 10053; state: DISABLED
11-29 03:13:52.978 D/CompatibilityChangeReporter( 1496): Compat change id reported: 135754954; UID 10053; state: ENABLED
11-29 03:13:52.978 I/am_uid_running( 1496): 10072
11-29 03:13:52.979 D/CompatibilityChangeReporter( 1496): Compat change id reported: 135634846; UID 10072; state: DISABLED
11-29 03:13:52.979 D/CompatibilityChangeReporter( 1496): Compat change id reported: 177438394; UID 10072; state: DISABLED
11-29 03:13:52.979 D/CompatibilityChangeReporter( 1496): Compat change id reported: 135772972; UID 10072; state: DISABLED
11-29 03:13:52.979 D/CompatibilityChangeReporter( 1496): Compat change id reported: 135754954; UID 10072; state: DISABLED
11-29 03:13:52.979 I/am_uid_running( 1496): 10085
11-29 03:13:52.979 D/CompatibilityChangeReporter( 1496): Compat change id reported: 135634846; UID 10085; state: DISABLED
11-29 03:13:52.979 D/CompatibilityChangeReporter( 1496): Compat change id reported: 177438394; UID 10085; state: DISABLED
11-29 03:13:52.979 D/CompatibilityChangeReporter( 1496): Compat change id reported: 135772972; UID 10085; state: DISABLED
11-29 03:13:52.979 D/CompatibilityChangeReporter( 1496): Compat change id reported: 135754954; UID 10085; state: ENABLED
11-29 03:13:52.979 I/am_uid_running( 1496): 10089
11-29 03:13:52.979 D/CompatibilityChangeReporter( 1496): Compat change id reported: 135634846; UID 10089; state: DISABLED
11-29 03:13:52.979 D/CompatibilityChangeReporter( 1496): Compat change id reported: 177438394; UID 10089; state: DISABLED
11-29 03:13:52.980 D/CompatibilityChangeReporter( 1496): Compat change id reported: 135772972; UID 10089; state: DISABLED
11-29 03:13:52.980 D/CompatibilityChangeReporter( 1496): Compat change id reported: 135754954; UID 10089; state: ENABLED
11-29 03:13:52.980 I/am_uid_running( 1496): 10076
11-29 03:13:52.980 D/CompatibilityChangeReporter( 1496): Compat change id reported: 135634846; UID 10076; state: DISABLED
11-29 03:13:52.980 D/CompatibilityChangeReporter( 1496): Compat change id reported: 177438394; UID 10076; state: DISABLED
11-29 03:13:52.980 D/CompatibilityChangeReporter( 1496): Compat change id reported: 135772972; UID 10076; state: DISABLED
11-29 03:13:52.980 D/CompatibilityChangeReporter( 1496): Compat change id reported: 135754954; UID 10076; state: ENABLED
11-29 03:13:52.980 D/CompatibilityChangeReporter( 1496): Compat change id reported: 143937733; UID 10087; state: ENABLED
11-29 03:13:52.981 I/uc_send_user_broadcast( 1496): [0,android.intent.action.USER_UNLOCKED]
11-29 03:13:52.982 I/uc_finish_user_unlocked_completed( 1496): 0
11-29 03:13:52.983 I/ActivityManager( 1496): Posting BOOT_COMPLETED user #0
11-29 03:13:52.984 I/ssm_user_unlocked( 1496): 0
11-29 03:13:52.984 I/SystemServerTimingAsync( 1496): ssm.UnlockedUser-0
11-29 03:13:52.984 I/SystemServiceManager( 1496): Calling onUnlockedUser 0
11-29 03:13:52.984 I/SystemServerTimingAsync( 1496): ssm.onUnlockedUser-0_com.android.server.security.FileIntegrityService
11-29 03:13:52.984 I/SystemServerTimingAsync( 1496): ssm.onUnlockedUser-0_com.android.server.pm.Installer
11-29 03:13:52.984 I/SystemServerTimingAsync( 1496): ssm.onUnlockedUser-0_com.android.server.os.DeviceIdentifiersPolicyService
11-29 03:13:52.984 I/SystemServerTimingAsync( 1496): ssm.onUnlockedUser-0_com.android.server.uri.UriGrantsManagerService$Lifecycle
11-29 03:13:52.984 I/SystemServerTimingAsync( 1496): ssm.onUnlockedUser-0_com.android.server.powerstats.PowerStatsService
11-29 03:13:52.984 I/SystemServerTimingAsync( 1496): ssm.onUnlockedUser-0_com.android.server.wm.ActivityTaskManagerService$Lifecycle
11-29 03:13:52.985 I/am_proc_start( 1496): [0,2727,10087,com.hht.lebocast,added application,com.hht.lebocast]
11-29 03:13:52.985 I/ActivityManager( 1496): Start proc 2727:com.hht.lebocast/u0a87 for added application com.hht.lebocast
11-29 03:13:52.987 I/vold ( 516): Mounting emulated fuse volume
11-29 03:13:52.987 I/LaunchParamsPersister( 1496): Didn't find launch param folder for user 0
11-29 03:13:52.989 W/StorageManagerService( 1496): Reporting emulated;0 unmounted due to system locked
11-29 03:13:52.989 I/SystemServerTimingAsync( 1496): ssm.onUnlockedUser-0_com.android.server.am.ActivityManagerService$Lifecycle
11-29 03:13:52.989 I/SystemServerTimingAsync( 1496): ssm.onUnlockedUser-0_com.android.server.pm.DataLoaderManagerService
11-29 03:13:52.989 I/SystemServerTimingAsync( 1496): ssm.onUnlockedUser-0_com.android.server.power.PowerManagerService
11-29 03:13:52.989 I/SystemServerTimingAsync( 1496): ssm.onUnlockedUser-0_com.android.server.power.ThermalManagerService
11-29 03:13:52.989 I/SystemServerTimingAsync( 1496): ssm.onUnlockedUser-0_com.android.server.power.hint.HintManagerService
11-29 03:13:52.989 I/SystemServerTimingAsync( 1496): ssm.onUnlockedUser-0_com.android.server.recoverysystem.RecoverySystemService$Lifecycle
11-29 03:13:52.990 I/SystemServerTimingAsync( 1496): ssm.onUnlockedUser-0_com.android.server.lights.LightsService
11-29 03:13:52.990 I/SystemServerTimingAsync( 1496): ssm.onUnlockedUser-0_com.android.server.display.DisplayManagerService
11-29 03:13:52.990 I/SystemServerTimingAsync( 1496): ssm.onUnlockedUser-0_com.android.server.pm.verify.domain.DomainVerificationService
11-29 03:13:52.990 I/SystemServerTimingAsync( 1496): ssm.onUnlockedUser-0_com.android.server.pm.PackageInstallerService$Lifecycle
11-29 03:13:52.990 I/SystemServerTimingAsync( 1496): ssm.onUnlockedUser-0_com.android.server.pm.UserManagerService$LifeCycle
11-29 03:13:52.990 I/SystemServerTimingAsync( 1496): ssm.onUnlockedUser-0_com.android.server.om.OverlayManagerService
11-29 03:13:52.990 I/SystemServerTimingAsync( 1496): ssm.onUnlockedUser-0_com.android.server.SensorPrivacyService
11-29 03:13:52.990 I/SystemServerTimingAsync( 1496): ssm.onUnlockedUser-0_com.android.server.sensors.SensorService
11-29 03:13:52.990 I/SystemServerTimingAsync( 1496): ssm.onUnlockedUser-0_com.android.server.SystemConfigService
11-29 03:13:52.990 I/SystemServerTimingAsync( 1496): ssm.onUnlockedUser-0_com.android.server.BatteryService
11-29 03:13:52.990 I/SystemServerTimingAsync( 1496): ssm.onUnlockedUser-0_com.android.server.usage.UsageStatsService
11-29 03:13:52.990 I/SystemServerTimingAsync( 1496): ssm.onUnlockedUser-0_com.android.server.webkit.WebViewUpdateService
11-29 03:13:52.990 I/SystemServerTimingAsync( 1496): ssm.onUnlockedUser-0_com.android.server.CachedDeviceStateService
11-29 03:13:52.990 I/SystemServerTimingAsync( 1496): ssm.onUnlockedUser-0_com.android.server.BinderCallsStatsService$LifeCycle
11-29 03:13:52.990 I/SystemServerTimingAsync( 1496): ssm.onUnlockedUser-0_com.android.server.LooperStatsService$Lifecycle
11-29 03:13:52.990 I/SystemServerTimingAsync( 1496): ssm.onUnlockedUser-0_com.android.server.rollback.RollbackManagerService
11-29 03:13:52.990 I/SystemServerTimingAsync( 1496): ssm.onUnlockedUser-0_com.android.server.os.NativeTombstoneManagerService
11-29 03:13:52.991 I/wm_finish_activity( 1496): [0,84224050,2,com.android.settings/.FallbackHome,app-request]
11-29 03:13:52.992 I/wm_destroy_activity( 1496): [0,84224050,2,com.android.settings/.FallbackHome,finish-imm:finishIfPossible]
11-29 03:13:52.990 I/SystemServerTimingAsync( 1496): ssm.onUnlockedUser-0_com.android.server.os.BugreportManagerService
11-29 03:13:52.994 D/CompatibilityChangeReporter( 1496): Compat change id reported: 143937733; UID 10055; state: ENABLED
11-29 03:13:52.994 I/SystemServerTimingAsync( 1496): ssm.onUnlockedUser-0_com.android.server.gpu.GpuService
11-29 03:13:52.994 E/TaskPersister( 1496): File error accessing recents directory (directory doesn't exist?).
11-29 03:13:52.994 I/AppWidgetServiceImpl( 1496): Processing of handleUserUnlocked u0 took 9 ms
11-29 03:13:52.994 I/uc_send_user_broadcast( 1496): [0,android.intent.action.BOOT_COMPLETED]
11-29 03:13:52.994 V/BackupManagerService( 1496): [UserID:0] No ancestral data
11-29 03:13:52.994 I/SystemServerTimingAsync( 1496): ssm.onUnlockedUser-0_com.android.server.security.KeyChainSystemService
11-29 03:13:52.994 I/SystemServerTimingAsync( 1496): ssm.onUnlockedUser-0_com.android.server.telecom.TelecomLoaderService
11-29 03:13:52.994 I/SystemServerTimingAsync( 1496): ssm.onUnlockedUser-0_com.android.server.accounts.AccountManagerService$Lifecycle
11-29 03:13:52.994 I/SystemServerTimingAsync( 1496): ssm.onUnlockedUser-0_com.android.server.content.ContentService$Lifecycle
11-29 03:13:52.994 I/SystemServerTimingAsync( 1496): ssm.onUnlockedUser-0_com.android.server.DropBoxManagerService
11-29 03:13:52.994 I/SystemServerTimingAsync( 1496): ssm.onUnlockedUser-0_com.android.role.RoleService
11-29 03:13:52.994 I/SystemServerTimingAsync( 1496): ssm.onUnlockedUser-0_com.android.server.vibrator.VibratorManagerService$Lifecycle
11-29 03:13:52.994 I/SystemServerTimingAsync( 1496): ssm.onUnlockedUser-0_com.android.server.alarm.AlarmManagerService
11-29 03:13:52.994 I/SystemServerTimingAsync( 1496): ssm.onUnlockedUser-0_com.android.server.devicestate.DeviceStateManagerService
11-29 03:13:52.994 I/SystemServerTimingAsync( 1496): ssm.onUnlockedUser-0_com.android.server.camera.CameraServiceProxy
11-29 03:13:52.994 I/SystemServerTimingAsync( 1496): ssm.onUnlockedUser-0_com.android.server.BluetoothService
11-29 03:13:52.994 I/SystemServerTimingAsync( 1496): ssm.onUnlockedUser-0_com.android.server.connectivity.IpConnectivityMetrics
11-29 03:13:52.994 I/SystemServerTimingAsync( 1496): ssm.onUnlockedUser-0_com.android.server.net.watchlist.NetworkWatchlistService$Lifecycle
11-29 03:13:52.994 I/SystemServerTimingAsync( 1496): ssm.onUnlockedUser-0_com.android.server.PinnerService
11-29 03:13:52.994 I/SystemServerTimingAsync( 1496): ssm.onUnlockedUser-0_com.google.android.startop.iorap.IorapForwardingService
11-29 03:13:52.994 I/SystemServerTimingAsync( 1496): ssm.onUnlockedUser-0_com.android.server.ActivityTriggerService
11-29 03:13:52.994 I/SystemServerTimingAsync( 1496): ssm.onUnlockedUser-0_com.android.server.integrity.AppIntegrityManagerService
11-29 03:13:52.994 I/SystemServerTimingAsync( 1496): ssm.onUnlockedUser-0_com.android.server.inputmethod.InputMethodManagerService$Lifecycle
11-29 03:13:52.994 I/SystemServerTimingAsync( 1496): ssm.onUnlockedUser-0_com.android.server.accessibility.AccessibilityManagerService$Lifecycle
11-29 03:13:52.994 I/SystemServerTimingAsync( 1496): ssm.onUnlockedUser-0_com.android.server.StorageManagerService$Lifecycle
11-29 03:13:52.994 I/SystemServerTimingAsync( 1496): ssm.onUnlockedUser-0_com.android.server.usage.StorageStatsService$Lifecycle
11-29 03:13:52.994 I/SystemServerTimingAsync( 1496): ssm.onUnlockedUser-0_com.android.server.UiModeManagerService
11-29 03:13:52.994 I/SystemServerTimingAsync( 1496): ssm.onUnlockedUser-0_com.android.server.locksettings.LockSettingsService$Lifecycle
11-29 03:13:52.994 I/SystemServerTimingAsync( 1496): ssm.onUnlockedUser-0_com.android.server.PersistentDataBlockService
11-29 03:13:52.994 I/SystemServerTimingAsync( 1496): ssm.onUnlockedUser-0_com.android.server.testharness.TestHarnessModeService
11-29 03:13:52.994 I/SystemServerTimingAsync( 1496): ssm.onUnlockedUser-0_com.android.server.oemlock.OemLockService
11-29 03:13:52.994 I/SystemServerTimingAsync( 1496): ssm.onUnlockedUser-0_com.android.server.DeviceIdleController
11-29 03:13:52.994 I/SystemServerTimingAsync( 1496): ssm.onUnlockedUser-0_com.android.server.devicepolicy.DevicePolicyManagerService$Lifecycle
11-29 03:13:52.994 I/SystemServerTimingAsync( 1496): ssm.onUnlockedUser-0_com.android.server.texttospeech.TextToSpeechManagerService
11-29 03:13:52.994 I/SystemServerTimingAsync( 1496): ssm.onUnlockedUser-0_com.android.server.speech.SpeechRecognitionManagerService
11-29 03:13:52.994 I/SystemServerTimingAsync( 1496): ssm.onUnlockedUser-0_com.android.server.searchui.SearchUiManagerService
11-29 03:13:52.994 I/SystemServerTimingAsync( 1496): ssm.onUnlockedUser-0_com.android.server.smartspace.SmartspaceManagerService
11-29 03:13:52.994 I/SystemServerTimingAsync( 1496): ssm.onUnlockedUser-0_com.android.server.graphics.fonts.FontManagerService$Lifecycle
11-29 03:13:52.994 I/SystemServerTimingAsync( 1496): ssm.onUnlockedUser-0_com.android.server.textservices.TextServicesManagerService$Lifecycle
11-29 03:13:52.994 I/SystemServerTimingAsync( 1496): ssm.onUnlockedUser-0_com.android.server.textclassifier.TextClassificationManagerService$Lifecycle
11-29 03:13:52.994 I/SystemServerTimingAsync( 1496): ssm.onUnlockedUser-0_com.android.server.NetworkScoreService$Lifecycle
11-29 03:13:52.994 I/SystemServerTimingAsync( 1496): ssm.onUnlockedUser-0_com.android.server.wifi.WifiService
11-29 03:13:52.994 I/SystemServerTimingAsync( 1496): ssm.onUnlockedUser-0_com.android.server.wifi.scanner.WifiScanningService
11-29 03:13:52.994 I/SystemServerTimingAsync( 1496): ssm.onUnlockedUser-0_com.android.server.wifi.rtt.RttService
11-29 03:13:52.994 I/SystemServerTimingAsync( 1496): ssm.onUnlockedUser-0_com.android.server.wifi.aware.WifiAwareService
11-29 03:13:52.994 I/SystemServerTimingAsync( 1496): ssm.onUnlockedUser-0_com.android.server.wifi.p2p.WifiP2pService
11-29 03:13:52.994 I/SystemServerTimingAsync( 1496): ssm.onUnlockedUser-0_com.android.server.ethernet.EthernetService
11-29 03:13:52.995 I/SystemServerTimingAsync( 1496): ssm.onUnlockedUser-0_com.android.server.ConnectivityServiceInitializer
11-29 03:13:52.995 I/SystemServerTimingAsync( 1496): ssm.onUnlockedUser-0_com.android.server.notification.NotificationManagerService
11-29 03:13:52.995 I/SystemServerTimingAsync( 1496): ssm.onUnlockedUser-0_com.android.server.storage.DeviceStorageMonitorService
11-29 03:13:52.995 I/SystemServerTimingAsync( 1496): ssm.onUnlockedUser-0_com.android.server.location.LocationManagerService$Lifecycle
11-29 03:13:52.995 I/SystemServerTimingAsync( 1496): ssm.onUnlockedUser-0_com.android.server.timedetector.TimeDetectorService$Lifecycle
11-29 03:13:52.995 I/SystemServerTimingAsync( 1496): ssm.onUnlockedUser-0_com.android.server.timezonedetector.TimeZoneDetectorService$Lifecycle
