11-29 03:16:59.858 D/NetworkMonitor/100( 2199): isDataStall: result=1, tcp packets received=0, latest tcp fail rate=-1, consecutive dns timeout count=55
11-29 03:16:59.859 D/NetworkMonitor/100( 2199): Suspecting data stall, reevaluate
11-29 03:16:59.861 D/NetworkMonitor/100( 2199): Validation disabled.
11-29 03:16:59.868 D/ConnectivityService( 1496): [100 WIFI] validation passed
11-29 03:16:59.890 I/mpu_uart( 647): [MSG-P:RECV]:No message received in 1000 ms
11-29 03:16:59.907 I/auditd ( 0): type=1400 audit(0.0:422): avc: denied { kill } for comm="swapper/1" capability=5 scontext=u:r:kernel:s0 tcontext=u:r:kernel:s0 tclass=capability permissive=0
11-29 03:16:59.907 W/swapper/1( 0): type=1400 audit(0.0:422): avc: denied { kill } for capability=5 scontext=u:r:kernel:s0 tcontext=u:r:kernel:s0 tclass=capability permissive=0
11-29 03:16:59.969 I/mpu_uart( 647): [MSG-P:R]:recv sync frame timeout
11-29 03:17:00.003 D/KeyguardUpdateMonitor( 1991): received broadcast android.intent.action.TIME_TICK
11-29 03:17:00.011 D/KeyguardUpdateMonitor( 1991): handleTimeUpdate
11-29 03:17:00.890 I/mpu_uart( 647): [MSG-P:RECV]:No message received in 1000 ms
11-29 03:17:01.131 D/DhcpClient( 2199): Received packet: 50:84:92:5e:7c:11 ACK: your new IP /10.1.1.111, netmask /255.255.255.0, gateways [/10.1.1.1] DNS servers: /10.1.1.1 , lease time 30
11-29 03:17:01.891 I/mpu_uart( 647): [MSG-P:RECV]:No message received in 1000 ms
11-29 03:17:02.700 D/DhcpClient( 2199): Unicasting DHCPREQUEST ciaddr=10.1.1.100 request=0.0.0.0 serverid=null to /10.1.1.1:67
11-29 03:17:02.891 I/mpu_uart( 647): [MSG-P:RECV]:No message received in 1000 ms
11-29 03:17:02.907 I/auditd ( 0): type=1400 audit(0.0:423): avc: denied { kill } for comm="swapper/1" capability=5 scontext=u:r:kernel:s0 tcontext=u:r:kernel:s0 tclass=capability permissive=0
11-29 03:17:02.907 W/swapper/1( 0): type=1400 audit(0.0:423): avc: denied { kill } for capability=5 scontext=u:r:kernel:s0 tcontext=u:r:kernel:s0 tclass=capability permissive=0
11-29 03:17:02.972 I/mpu_uart( 647): [MSG-P:R]:recv sync frame timeout
11-29 03:17:02.972 D/DhcpClient( 2199): Received packet: 46:9b:5c:c6:13:95 ACK: your new IP /10.1.1.100, netmask /255.255.255.0, gateways [/10.1.1.1] DNS servers: /10.1.1.1 , lease time 30
11-29 03:17:02.974 D/DhcpClient( 2199): Renewed lease: android.net.networkstack.DhcpResults@dee9c6d DHCP server /10.1.1.1 Vendor info null lease 30 seconds Servername
11-29 03:17:02.981 D/DhcpClient( 2199): Scheduling renewal in 29s
11-29 03:17:02.981 D/DhcpClient( 2199): Scheduling rebind in 52s
11-29 03:17:02.981 D/DhcpClient( 2199): Scheduling expiry in 59s
11-29 03:17:02.990 D/SettingMicroservices( 2127): WifiReceiver:
11-29 03:17:02.990 D/BluetoothAdapterService( 1974): android.net.wifi.STATE_CHANGE
11-29 03:17:02.990 D/SettingMicroservices( 2127): WifiReceiver NetworkInfo.State.CONNECTED
11-29 03:17:02.990 D/SettingMicroservices( 2127): doNetworkSync: mIDCMNetworkState: -1 mIsFSEMNetworkWiFi: true
11-29 03:17:02.990 D/SettingMicroservices( 2127): Change Network Preference to TYPE_ETHERNET.
11-29 03:17:03.000 W/BluetoothAdapterService( 1974): fetchWifiState - isWifiConnected =true
11-29 03:17:03.000 D/BluetoothVendorService( 1974): setWifiState to: true
11-29 03:17:03.000 I/BluetoothVendorJni( 1974): setWifiStateNative
11-29 03:17:03.000 I/bt_btif_vendor( 1974): setWifiState :1
11-29 03:17:03.891 I/mpu_uart( 647): [MSG-P:RECV]:No message received in 1000 ms
11-29 03:17:03.907 I/auditd ( 0): type=1400 audit(0.0:424): avc: denied { kill } for comm="swapper/1" capability=5 scontext=u:r:kernel:s0 tcontext=u:r:kernel:s0 tclass=capability permissive=0
11-29 03:17:03.907 W/swapper/1( 0): type=1400 audit(0.0:424): avc: denied { kill } for capability=5 scontext=u:r:kernel:s0 tcontext=u:r:kernel:s0 tclass=capability permissive=0
11-29 03:17:04.743 D/DhcpClient( 2199): Received packet: b2:e2:78:f2:76:a8 ACK: your new IP /10.1.1.101, netmask /255.255.255.0, gateways [/10.1.1.1] DNS servers: /10.1.1.1 , lease time 30
11-29 03:17:04.891 I/mpu_uart( 647): [MSG-P:RECV]:No message received in 1000 ms
11-29 03:17:04.907 I/auditd ( 0): type=1400 audit(0.0:425): avc: denied { kill } for comm="swapper/1" capability=5 scontext=u:r:kernel:s0 tcontext=u:r:kernel:s0 tclass=capability permissive=0
11-29 03:17:04.907 W/swapper/1( 0): type=1400 audit(0.0:425): avc: denied { kill } for capability=5 scontext=u:r:kernel:s0 tcontext=u:r:kernel:s0 tclass=capability permissive=0
11-29 03:17:05.892 I/mpu_uart( 647): [MSG-P:RECV]:No message received in 1000 ms
11-29 03:17:05.907 I/auditd ( 0): type=1400 audit(0.0:426): avc: denied { kill } for comm="swapper/1" capability=5 scontext=u:r:kernel:s0 tcontext=u:r:kernel:s0 tclass=capability permissive=0
11-29 03:17:05.907 W/swapper/1( 0): type=1400 audit(0.0:426): avc: denied { kill } for capability=5 scontext=u:r:kernel:s0 tcontext=u:r:kernel:s0 tclass=capability permissive=0
11-29 03:17:05.975 I/mpu_uart( 647): [MSG-P:R]:recv sync frame timeout
11-29 03:17:06.892 I/mpu_uart( 647): [MSG-P:RECV]:No message received in 1000 ms
11-29 03:17:06.907 I/auditd ( 0): type=1400 audit(0.0:427): avc: denied { kill } for comm="swapper/1" capability=5 scontext=u:r:kernel:s0 tcontext=u:r:kernel:s0 tclass=capability permissive=0
11-29 03:17:06.907 W/swapper/1( 0): type=1400 audit(0.0:427): avc: denied { kill } for capability=5 scontext=u:r:kernel:s0 tcontext=u:r:kernel:s0 tclass=capability permissive=0
11-29 03:17:07.892 I/mpu_uart( 647): [MSG-P:RECV]:No message received in 1000 ms
11-29 03:17:07.907 I/auditd ( 0): type=1400 audit(0.0:428): avc: denied { kill } for comm="swapper/1" capability=5 scontext=u:r:kernel:s0 tcontext=u:r:kernel:s0 tclass=capability permissive=0
11-29 03:17:07.907 W/swapper/1( 0): type=1400 audit(0.0:428): avc: denied { kill } for capability=5 scontext=u:r:kernel:s0 tcontext=u:r:kernel:s0 tclass=capability permissive=0
11-29 03:17:08.892 I/mpu_uart( 647): [MSG-P:RECV]:No message received in 1000 ms
11-29 03:17:08.907 I/auditd ( 0): type=1400 audit(0.0:429): avc: denied { kill } for comm="swapper/1" capability=5 scontext=u:r:kernel:s0 tcontext=u:r:kernel:s0 tclass=capability permissive=0
11-29 03:17:08.907 W/swapper/1( 0): type=1400 audit(0.0:429): avc: denied { kill } for capability=5 scontext=u:r:kernel:s0 tcontext=u:r:kernel:s0 tclass=capability permissive=0
11-29 03:17:08.976 I/mpu_uart( 647): [MSG-P:R]:recv sync frame timeout
11-29 03:17:09.893 I/mpu_uart( 647): [MSG-P:RECV]:No message received in 1000 ms
11-29 03:17:09.907 I/auditd ( 0): type=1400 audit(0.0:430): avc: denied { kill } for comm="swapper/1" capability=5 scontext=u:r:kernel:s0 tcontext=u:r:kernel:s0 tclass=capability permissive=0
11-29 03:17:09.907 W/swapper/1( 0): type=1400 audit(0.0:430): avc: denied { kill } for capability=5 scontext=u:r:kernel:s0 tcontext=u:r:kernel:s0 tclass=capability permissive=0
11-29 03:17:10.893 I/mpu_uart( 647): [MSG-P:RECV]:No message received in 1000 ms
11-29 03:17:10.907 I/auditd ( 0): type=1400 audit(0.0:431): avc: denied { kill } for comm="swapper/1" capability=5 scontext=u:r:kernel:s0 tcontext=u:r:kernel:s0 tclass=capability permissive=0
11-29 03:17:10.907 W/swapper/1( 0): type=1400 audit(0.0:431): avc: denied { kill } for capability=5 scontext=u:r:kernel:s0 tcontext=u:r:kernel:s0 tclass=capability permissive=0
11-29 03:17:11.893 I/mpu_uart( 647): [MSG-P:RECV]:No message received in 1000 ms
11-29 03:17:11.907 I/auditd ( 0): type=1400 audit(0.0:432): avc: denied { kill } for comm="swapper/1" capability=5 scontext=u:r:kernel:s0 tcontext=u:r:kernel:s0 tclass=capability permissive=0
11-29 03:17:11.907 W/swapper/1( 0): type=1400 audit(0.0:432): avc: denied { kill } for capability=5 scontext=u:r:kernel:s0 tcontext=u:r:kernel:s0 tclass=capability permissive=0
11-29 03:17:11.979 I/mpu_uart( 647): [MSG-P:R]:recv sync frame timeout
11-29 03:17:12.893 I/mpu_uart( 647): [MSG-P:RECV]:No message received in 1000 ms
11-29 03:17:12.907 I/auditd ( 0): type=1400 audit(0.0:433): avc: denied { kill } for comm="swapper/1" capability=5 scontext=u:r:kernel:s0 tcontext=u:r:kernel:s0 tclass=capability permissive=0
11-29 03:17:12.907 W/swapper/1( 0): type=1400 audit(0.0:433): avc: denied { kill } for capability=5 scontext=u:r:kernel:s0 tcontext=u:r:kernel:s0 tclass=capability permissive=0
11-29 03:17:13.893 I/mpu_uart( 647): [MSG-P:RECV]:No message received in 1000 ms
11-29 03:17:13.907 I/auditd ( 0): type=1400 audit(0.0:434): avc: denied { kill } for comm="swapper/1" capability=5 scontext=u:r:kernel:s0 tcontext=u:r:kernel:s0 tclass=capability permissive=0
11-29 03:17:13.907 W/swapper/1( 0): type=1400 audit(0.0:434): avc: denied { kill } for capability=5 scontext=u:r:kernel:s0 tcontext=u:r:kernel:s0 tclass=capability permissive=0
11-29 03:17:14.894 I/mpu_uart( 647): [MSG-P:RECV]:No message received in 1000 ms
11-29 03:17:14.907 I/auditd ( 0): type=1400 audit(0.0:435): avc: denied { kill } for comm="swapper/1" capability=5 scontext=u:r:kernel:s0 tcontext=u:r:kernel:s0 tclass=capability permissive=0
11-29 03:17:14.907 W/swapper/1( 0): type=1400 audit(0.0:435): avc: denied { kill } for capability=5 scontext=u:r:kernel:s0 tcontext=u:r:kernel:s0 tclass=capability permissive=0
11-29 03:17:14.983 I/mpu_uart( 647): [MSG-P:R]:recv sync frame timeout
11-29 03:17:15.894 I/mpu_uart( 647): [MSG-P:RECV]:No message received in 1000 ms
11-29 03:17:15.907 I/auditd ( 0): type=1400 audit(0.0:436): avc: denied { kill } for comm="swapper/1" capability=5 scontext=u:r:kernel:s0 tcontext=u:r:kernel:s0 tclass=capability permissive=0
11-29 03:17:15.907 W/swapper/1( 0): type=1400 audit(0.0:436): avc: denied { kill } for capability=5 scontext=u:r:kernel:s0 tcontext=u:r:kernel:s0 tclass=capability permissive=0
11-29 03:17:16.894 I/mpu_uart( 647): [MSG-P:RECV]:No message received in 1000 ms
11-29 03:17:16.905 D/DhcpClient( 2199): Received packet: a6:ae:2b:52:e2:59 ACK: your new IP /10.1.1.102, netmask /255.255.255.0, gateways [/10.1.1.1] DNS servers: /10.1.1.1 , lease time 30
11-29 03:17:17.894 I/mpu_uart( 647): [MSG-P:RECV]:No message received in 1000 ms
11-29 03:17:17.907 I/auditd ( 0): type=1400 audit(0.0:437): avc: denied { kill } for comm="swapper/1" capability=5 scontext=u:r:kernel:s0 tcontext=u:r:kernel:s0 tclass=capability permissive=0
11-29 03:17:17.907 W/swapper/1( 0): type=1400 audit(0.0:437): avc: denied { kill } for capability=5 scontext=u:r:kernel:s0 tcontext=u:r:kernel:s0 tclass=capability permissive=0
11-29 03:17:17.986 I/mpu_uart( 647): [MSG-P:R]:recv sync frame timeout
11-29 03:17:18.894 I/mpu_uart( 647): [MSG-P:RECV]:No message received in 1000 ms
11-29 03:17:18.907 I/auditd ( 0): type=1400 audit(0.0:438): avc: denied { kill } for comm="swapper/1" capability=5 scontext=u:r:kernel:s0 tcontext=u:r:kernel:s0 tclass=capability permissive=0
11-29 03:17:18.907 W/swapper/1( 0): type=1400 audit(0.0:438): avc: denied { kill } for capability=5 scontext=u:r:kernel:s0 tcontext=u:r:kernel:s0 tclass=capability permissive=0
11-29 03:17:19.894 D/ConnectivityService( 1496): Data stall detected with methods: 1
11-29 03:17:19.894 D/NetworkMonitor/100( 2199): isDataStall: result=1, tcp packets received=0, latest tcp fail rate=-1, consecutive dns timeout count=55
11-29 03:17:19.894 D/NetworkMonitor/100( 2199): Suspecting data stall, reevaluate
11-29 03:17:19.895 I/mpu_uart( 647): [MSG-P:RECV]:No message received in 1000 ms
11-29 03:17:19.896 D/NetworkMonitor/100( 2199): Validation disabled.
11-29 03:17:19.901 D/ConnectivityService( 1496): [100 WIFI] validation passed
11-29 03:17:19.907 I/auditd ( 0): type=1400 audit(0.0:439): avc: denied { kill } for comm="swapper/1" capability=5 scontext=u:r:kernel:s0 tcontext=u:r:kernel:s0 tclass=capability permissive=0
11-29 03:17:19.907 W/swapper/1( 0): type=1400 audit(0.0:439): avc: denied { kill } for capability=5 scontext=u:r:kernel:s0 tcontext=u:r:kernel:s0 tclass=capability permissive=0
11-29 03:17:20.177 D/DhcpClient( 2199): Received packet: ca:1b:7b:34:7a:e5 ACK: your new IP /10.1.1.103, netmask /255.255.255.0, gateways [/10.1.1.1] DNS servers: /10.1.1.1 , lease time 30
11-29 03:17:20.895 I/mpu_uart( 647): [MSG-P:RECV]:No message received in 1000 ms
11-29 03:17:20.907 I/auditd ( 0): type=1400 audit(0.0:440): avc: denied { kill } for comm="swapper/1" capability=5 scontext=u:r:kernel:s0 tcontext=u:r:kernel:s0 tclass=capability permissive=0
11-29 03:17:20.907 W/swapper/1( 0): type=1400 audit(0.0:440): avc: denied { kill } for capability=5 scontext=u:r:kernel:s0 tcontext=u:r:kernel:s0 tclass=capability permissive=0
11-29 03:17:20.990 I/mpu_uart( 647): [MSG-P:R]:recv sync frame timeout
11-29 03:17:21.749 D/DhcpClient( 2199): Received packet: 7a:8c:2b:1b:ff:be ACK: your new IP /10.1.1.110, netmask /255.255.255.0, gateways [/10.1.1.1] DNS servers: /10.1.1.1 , lease time 30
11-29 03:17:21.895 I/mpu_uart( 647): [MSG-P:RECV]:No message received in 1000 ms
11-29 03:17:21.907 I/auditd ( 0): type=1400 audit(0.0:441): avc: denied { kill } for comm="swapper/1" capability=5 scontext=u:r:kernel:s0 tcontext=u:r:kernel:s0 tclass=capability permissive=0
11-29 03:17:21.907 W/swapper/1( 0): type=1400 audit(0.0:441): avc: denied { kill } for capability=5 scontext=u:r:kernel:s0 tcontext=u:r:kernel:s0 tclass=capability permissive=0
11-29 03:17:22.895 I/mpu_uart( 647): [MSG-P:RECV]:No message received in 1000 ms
11-29 03:17:22.907 I/auditd ( 0): type=1400 audit(0.0:442): avc: denied { kill } for comm="swapper/1" capability=5 scontext=u:r:kernel:s0 tcontext=u:r:kernel:s0 tclass=capability permissive=0
11-29 03:17:22.907 W/swapper/1( 0): type=1400 audit(0.0:442): avc: denied { kill } for capability=5 scontext=u:r:kernel:s0 tcontext=u:r:kernel:s0 tclass=capability permissive=0
11-29 03:17:23.769 D/DhcpClient( 2199): Received packet: 66:25:0c:9d:55:97 ACK: your new IP /10.1.1.104, netmask /255.255.255.0, gateways [/10.1.1.1] DNS servers: /10.1.1.1 , lease time 30
11-29 03:17:23.895 I/mpu_uart( 647): [MSG-P:RECV]:No message received in 1000 ms
11-29 03:17:23.907 I/auditd ( 0): type=1400 audit(0.0:443): avc: denied { kill } for comm="swapper/1" capability=5 scontext=u:r:kernel:s0 tcontext=u:r:kernel:s0 tclass=capability permissive=0
11-29 03:17:23.907 W/swapper/1( 0): type=1400 audit(0.0:443): avc: denied { kill } for capability=5 scontext=u:r:kernel:s0 tcontext=u:r:kernel:s0 tclass=capability permissive=0
11-29 03:17:23.993 I/mpu_uart( 647): [MSG-P:R]:recv sync frame timeout
11-29 03:17:24.481 D/DhcpClient( 2199): Received packet: 32:b6:78:8d:07:94 ACK: your new IP /10.1.1.108, netmask /255.255.255.0, gateways [/10.1.1.1] DNS servers: /10.1.1.1 , lease time 30
11-29 03:17:24.726 I/selfinstaller( 1200): create socket failed: No route to host 113
11-29 03:17:24.895 I/mpu_uart( 647): [MSG-P:RECV]:No message received in 1000 ms
11-29 03:17:24.907 I/auditd ( 0): type=1400 audit(0.0:444): avc: denied { kill } for comm="swapper/1" capability=5 scontext=u:r:kernel:s0 tcontext=u:r:kernel:s0 tclass=capability permissive=0
11-29 03:17:24.907 W/swapper/1( 0): type=1400 audit(0.0:444): avc: denied { kill } for capability=5 scontext=u:r:kernel:s0 tcontext=u:r:kernel:s0 tclass=capability permissive=0
11-29 03:17:25.896 I/mpu_uart( 647): [MSG-P:RECV]:No message received in 1000 ms
11-29 03:17:25.907 I/auditd ( 0): type=1400 audit(0.0:445): avc: denied { kill } for comm="swapper/1" capability=5 scontext=u:r:kernel:s0 tcontext=u:r:kernel:s0 tclass=capability permissive=0
11-29 03:17:25.907 W/swapper/1( 0): type=1400 audit(0.0:445): avc: denied { kill } for capability=5 scontext=u:r:kernel:s0 tcontext=u:r:kernel:s0 tclass=capability permissive=0
11-29 03:17:26.012 I/am_pss ( 1496): [4109,10052,com.thundercomm.screensaver,64155648,57597952,0,180183040,0,2,13]
11-29 03:17:26.333 D/DhcpClient( 2199): Received packet: 50:84:92:5e:7c:11 ACK: your new IP /10.1.1.111, netmask /255.255.255.0, gateways [/10.1.1.1] DNS servers: /10.1.1.1 , lease time 30
11-29 03:17:26.896 I/mpu_uart( 647): [MSG-P:RECV]:No message received in 1000 ms
11-29 03:17:26.907 I/auditd ( 0): type=1400 audit(0.0:446): avc: denied { kill } for comm="swapper/1" capability=5 scontext=u:r:kernel:s0 tcontext=u:r:kernel:s0 tclass=capability permissive=0
11-29 03:17:26.907 W/swapper/1( 0): type=1400 audit(0.0:446): avc: denied { kill } for capability=5 scontext=u:r:kernel:s0 tcontext=u:r:kernel:s0 tclass=capability permissive=0
11-29 03:17:26.996 I/mpu_uart( 647): [MSG-P:R]:recv sync frame timeout
11-29 03:17:27.896 I/mpu_uart( 647): [MSG-P:RECV]:No message received in 1000 ms
11-29 03:17:27.907 I/auditd ( 0): type=1400 audit(0.0:447): avc: denied { kill } for comm="swapper/1" capability=5 scontext=u:r:kernel:s0 tcontext=u:r:kernel:s0 tclass=capability permissive=0
11-29 03:17:27.907 W/swapper/1( 0): type=1400 audit(0.0:447): avc: denied { kill } for capability=5 scontext=u:r:kernel:s0 tcontext=u:r:kernel:s0 tclass=capability permissive=0
11-29 03:17:28.896 I/mpu_uart( 647): [MSG-P:RECV]:No message received in 1000 ms
11-29 03:17:28.907 I/auditd ( 0): type=1400 audit(0.0:448): avc: denied { kill } for comm="swapper/1" capability=5 scontext=u:r:kernel:s0 tcontext=u:r:kernel:s0 tclass=capability permissive=0
11-29 03:17:28.907 W/swapper/1( 0): type=1400 audit(0.0:448): avc: denied { kill } for capability=5 scontext=u:r:kernel:s0 tcontext=u:r:kernel:s0 tclass=capability permissive=0
11-29 03:17:29.897 I/mpu_uart( 647): [MSG-P:RECV]:No message received in 1000 ms
11-29 03:17:29.907 I/auditd ( 0): type=1400 audit(0.0:449): avc: denied { kill } for comm="swapper/1" capability=5 scontext=u:r:kernel:s0 tcontext=u:r:kernel:s0 tclass=capability permissive=0
11-29 03:17:29.907 W/swapper/1( 0): type=1400 audit(0.0:449): avc: denied { kill } for capability=5 scontext=u:r:kernel:s0 tcontext=u:r:kernel:s0 tclass=capability permissive=0
11-29 03:17:30.000 I/mpu_uart( 647): [MSG-P:R]:recv sync frame timeout
11-29 03:17:30.897 I/mpu_uart( 647): [MSG-P:RECV]:No message received in 1000 ms
11-29 03:17:30.907 I/auditd ( 0): type=1400 audit(0.0:450): avc: denied { kill } for comm="swapper/1" capability=5 scontext=u:r:kernel:s0 tcontext=u:r:kernel:s0 tclass=capability permissive=0
11-29 03:17:30.907 W/swapper/1( 0): type=1400 audit(0.0:450): avc: denied { kill } for capability=5 scontext=u:r:kernel:s0 tcontext=u:r:kernel:s0 tclass=capability permissive=0
11-29 03:17:31.897 I/mpu_uart( 647): [MSG-P:RECV]:No message received in 1000 ms
11-29 03:17:31.907 I/auditd ( 0): type=1400 audit(0.0:451): avc: denied { kill } for comm="swapper/1" capability=5 scontext=u:r:kernel:s0 tcontext=u:r:kernel:s0 tclass=capability permissive=0
11-29 03:17:31.907 W/swapper/1( 0): type=1400 audit(0.0:451): avc: denied { kill } for capability=5 scontext=u:r:kernel:s0 tcontext=u:r:kernel:s0 tclass=capability permissive=0
11-29 03:17:32.897 I/mpu_uart( 647): [MSG-P:RECV]:No message received in 1000 ms
11-29 03:17:32.907 I/auditd ( 0): type=1400 audit(0.0:452): avc: denied { kill } for comm="swapper/1" capability=5 scontext=u:r:kernel:s0 tcontext=u:r:kernel:s0 tclass=capability permissive=0
11-29 03:17:32.907 W/swapper/1( 0): type=1400 audit(0.0:452): avc: denied { kill } for capability=5 scontext=u:r:kernel:s0 tcontext=u:r:kernel:s0 tclass=capability permissive=0
11-29 03:17:32.997 D/DhcpClient( 2199): Unicasting DHCPREQUEST ciaddr=10.1.1.100 request=0.0.0.0 serverid=null to /10.1.1.1:67
11-29 03:17:33.003 I/mpu_uart( 647): [MSG-P:R]:recv sync frame timeout
11-29 03:17:33.086 D/DhcpClient( 2199): Received packet: 46:9b:5c:c6:13:95 ACK: your new IP /10.1.1.100, netmask /255.255.255.0, gateways [/10.1.1.1] DNS servers: /10.1.1.1 , lease time 30
11-29 03:17:33.087 D/DhcpClient( 2199): Renewed lease: android.net.networkstack.DhcpResults@b0a4d8f DHCP server /10.1.1.1 Vendor info null lease 30 seconds Servername
11-29 03:17:33.097 D/DhcpClient( 2199): Scheduling renewal in 29s
11-29 03:17:33.097 D/DhcpClient( 2199): Scheduling rebind in 52s
11-29 03:17:33.097 D/DhcpClient( 2199): Scheduling expiry in 59s
11-29 03:17:33.107 D/SettingMicroservices( 2127): WifiReceiver:
11-29 03:17:33.107 D/SettingMicroservices( 2127): WifiReceiver NetworkInfo.State.CONNECTED
11-29 03:17:33.107 D/SettingMicroservices( 2127): doNetworkSync: mIDCMNetworkState: -1 mIsFSEMNetworkWiFi: true
11-29 03:17:33.108 D/SettingMicroservices( 2127): Change Network Preference to TYPE_ETHERNET.
11-29 03:17:33.108 D/BluetoothAdapterService( 1974): android.net.wifi.STATE_CHANGE
11-29 03:17:33.111 W/BluetoothAdapterService( 1974): fetchWifiState - isWifiConnected =true
11-29 03:17:33.111 D/BluetoothVendorService( 1974): setWifiState to: true
11-29 03:17:33.111 I/BluetoothVendorJni( 1974): setWifiStateNative
11-29 03:17:33.111 I/bt_btif_vendor( 1974): setWifiState :1
11-29 03:17:33.897 I/mpu_uart( 647): [MSG-P:RECV]:No message received in 1000 ms
11-29 03:17:33.907 I/auditd ( 0): type=1400 audit(0.0:453): avc: denied { kill } for comm="swapper/1" capability=5 scontext=u:r:kernel:s0 tcontext=u:r:kernel:s0 tclass=capability permissive=0
11-29 03:17:33.907 W/swapper/1( 0): type=1400 audit(0.0:453): avc: denied { kill } for capability=5 scontext=u:r:kernel:s0 tcontext=u:r:kernel:s0 tclass=capability permissive=0
11-29 03:17:34.856 D/DhcpClient( 2199): Received packet: b2:e2:78:f2:76:a8 ACK: your new IP /10.1.1.101, netmask /255.255.255.0, gateways [/10.1.1.1] DNS servers: /10.1.1.1 , lease time 30
11-29 03:17:34.898 I/mpu_uart( 647): [MSG-P:RECV]:No message received in 1000 ms
11-29 03:17:34.907 I/auditd ( 0): type=1400 audit(0.0:454): avc: denied { kill } for comm="swapper/1" capability=5 scontext=u:r:kernel:s0 tcontext=u:r:kernel:s0 tclass=capability permissive=0
11-29 03:17:34.907 W/swapper/1( 0): type=1400 audit(0.0:454): avc: denied { kill } for capability=5 scontext=u:r:kernel:s0 tcontext=u:r:kernel:s0 tclass=capability permissive=0
11-29 03:17:35.898 I/mpu_uart( 647): [MSG-P:RECV]:No message received in 1000 ms
11-29 03:17:35.907 I/auditd ( 0): type=1400 audit(0.0:455): avc: denied { kill } for comm="swapper/1" capability=5 scontext=u:r:kernel:s0 tcontext=u:r:kernel:s0 tclass=capability permissive=0
11-29 03:17:35.907 W/swapper/1( 0): type=1400 audit(0.0:455): avc: denied { kill } for capability=5 scontext=u:r:kernel:s0 tcontext=u:r:kernel:s0 tclass=capability permissive=0
11-29 03:17:36.005 I/mpu_uart( 647): [MSG-P:R]:recv sync frame timeout
11-29 03:17:36.898 I/mpu_uart( 647): [MSG-P:RECV]:No message received in 1000 ms
11-29 03:17:36.907 I/auditd ( 0): type=1400 audit(0.0:456): avc: denied { kill } for comm="swapper/1" capability=5 scontext=u:r:kernel:s0 tcontext=u:r:kernel:s0 tclass=capability permissive=0
11-29 03:17:36.907 W/swapper/1( 0): type=1400 audit(0.0:456): avc: denied { kill } for capability=5 scontext=u:r:kernel:s0 tcontext=u:r:kernel:s0 tclass=capability permissive=0
11-29 03:17:37.898 I/mpu_uart( 647): [MSG-P:RECV]:No message received in 1000 ms
11-29 03:17:37.907 I/auditd ( 0): type=1400 audit(0.0:457): avc: denied { kill } for comm="swapper/1" capability=5 scontext=u:r:kernel:s0 tcontext=u:r:kernel:s0 tclass=capability permissive=0
11-29 03:17:37.907 W/swapper/1( 0): type=1400 audit(0.0:457): avc: denied { kill } for capability=5 scontext=u:r:kernel:s0 tcontext=u:r:kernel:s0 tclass=capability permissive=0
11-29 03:17:38.898 I/mpu_uart( 647): [MSG-P:RECV]:No message received in 1000 ms
11-29 03:17:38.907 I/auditd ( 0): type=1400 audit(0.0:458): avc: denied { kill } for comm="swapper/1" capability=5 scontext=u:r:kernel:s0 tcontext=u:r:kernel:s0 tclass=capability permissive=0
11-29 03:17:38.907 W/swapper/1( 0): type=1400 audit(0.0:458): avc: denied { kill } for capability=5 scontext=u:r:kernel:s0 tcontext=u:r:kernel:s0 tclass=capability permissive=0
11-29 03:17:39.007 I/mpu_uart( 647): [MSG-P:R]:recv sync frame timeout
11-29 03:17:39.429 I/hpplay-java( 2727): [main]:IMTask:getIMRoot
11-29 03:17:39.899 I/mpu_uart( 647): [MSG-P:RECV]:No message received in 1000 ms
11-29 03:17:39.907 I/auditd ( 0): type=1400 audit(0.0:459): avc: denied { kill } for comm="swapper/1" capability=5 scontext=u:r:kernel:s0 tcontext=u:r:kernel:s0 tclass=capability permissive=0
11-29 03:17:39.907 W/swapper/1( 0): type=1400 audit(0.0:459): avc: denied { kill } for capability=5 scontext=u:r:kernel:s0 tcontext=u:r:kernel:s0 tclass=capability permissive=0
11-29 03:17:39.916 D/ConnectivityService( 1496): Data stall detected with methods: 1
11-29 03:17:39.916 D/NetworkMonitor/100( 2199): isDataStall: result=1, tcp packets received=0, latest tcp fail rate=-1, consecutive dns timeout count=55
11-29 03:17:39.916 D/NetworkMonitor/100( 2199): Suspecting data stall, reevaluate
11-29 03:17:39.919 D/NetworkMonitor/100( 2199): Validation disabled.
11-29 03:17:39.925 D/ConnectivityService( 1496): [100 WIFI] validation passed
11-29 03:17:40.899 I/mpu_uart( 647): [MSG-P:RECV]:No message received in 1000 ms
11-29 03:17:40.907 I/auditd ( 0): type=1400 audit(0.0:460): avc: denied { kill } for comm="swapper/1" capability=5 scontext=u:r:kernel:s0 tcontext=u:r:kernel:s0 tclass=capability permissive=0
11-29 03:17:40.907 W/swapper/1( 0): type=1400 audit(0.0:460): avc: denied { kill } for capability=5 scontext=u:r:kernel:s0 tcontext=u:r:kernel:s0 tclass=capability permissive=0
11-29 03:17:41.899 I/mpu_uart( 647): [MSG-P:RECV]:No message received in 1000 ms
11-29 03:17:41.907 I/auditd ( 0): type=1400 audit(0.0:461): avc: denied { kill } for comm="swapper/1" capability=5 scontext=u:r:kernel:s0 tcontext=u:r:kernel:s0 tclass=capability permissive=0
11-29 03:17:41.907 W/swapper/1( 0): type=1400 audit(0.0:461): avc: denied { kill } for capability=5 scontext=u:r:kernel:s0 tcontext=u:r:kernel:s0 tclass=capability permissive=0
11-29 03:17:42.011 I/mpu_uart( 647): [MSG-P:R]:recv sync frame timeout
11-29 03:17:42.899 I/mpu_uart( 647): [MSG-P:RECV]:No message received in 1000 ms
11-29 03:17:42.907 I/auditd ( 0): type=1400 audit(0.0:462): avc: denied { kill } for comm="swapper/1" capability=5 scontext=u:r:kernel:s0 tcontext=u:r:kernel:s0 tclass=capability permissive=0
11-29 03:17:42.907 W/swapper/1( 0): type=1400 audit(0.0:462): avc: denied { kill } for capability=5 scontext=u:r:kernel:s0 tcontext=u:r:kernel:s0 tclass=capability permissive=0
11-29 03:17:43.899 I/mpu_uart( 647): [MSG-P:RECV]:No message received in 1000 ms
11-29 03:17:43.907 I/auditd ( 0): type=1400 audit(0.0:463): avc: denied { kill } for comm="swapper/1" capability=5 scontext=u:r:kernel:s0 tcontext=u:r:kernel:s0 tclass=capability permissive=0
11-29 03:17:43.907 W/swapper/1( 0): type=1400 audit(0.0:463): avc: denied { kill } for capability=5 scontext=u:r:kernel:s0 tcontext=u:r:kernel:s0 tclass=capability permissive=0
11-29 03:17:44.900 I/mpu_uart( 647): [MSG-P:RECV]:No message received in 1000 ms
11-29 03:17:44.907 I/auditd ( 0): type=1400 audit(0.0:464): avc: denied { kill } for comm="swapper/1" capability=5 scontext=u:r:kernel:s0 tcontext=u:r:kernel:s0 tclass=capability permissive=0
11-29 03:17:44.907 W/swapper/1( 0): type=1400 audit(0.0:464): avc: denied { kill } for capability=5 scontext=u:r:kernel:s0 tcontext=u:r:kernel:s0 tclass=capability permissive=0
11-29 03:17:45.013 I/mpu_uart( 647): [MSG-P:R]:recv sync frame timeout
11-29 03:17:45.900 I/mpu_uart( 647): [MSG-P:RECV]:No message received in 1000 ms
11-29 03:17:45.907 I/auditd ( 0): type=1400 audit(0.0:465): avc: denied { kill } for comm="swapper/1" capability=5 scontext=u:r:kernel:s0 tcontext=u:r:kernel:s0 tclass=capability permissive=0
11-29 03:17:45.907 W/swapper/1( 0): type=1400 audit(0.0:465): avc: denied { kill } for capability=5 scontext=u:r:kernel:s0 tcontext=u:r:kernel:s0 tclass=capability permissive=0
11-29 03:17:46.016 D/DhcpClient( 2199): Received packet: 50:84:92:5e:7c:11 ACK: your new IP /10.1.1.111, netmask /255.255.255.0, gateways [/10.1.1.1] DNS servers: /10.1.1.1 , lease time 30
11-29 03:17:46.018 W/SntpClient( 1496): Unknown host: time.android.com
11-29 03:17:46.018 I/ntp_failure( 1496): [time.android.com,java.net.UnknownHostException: Unable to resolve host "time.android.com": No address associated with hostname]
11-29 03:17:46.019 D/SntpClient( 1496): request time failed
11-29 03:17:46.020 D/NetworkMonitor/100( 2199): isDataStall: result=1, tcp packets received=0, latest tcp fail rate=-1, consecutive dns timeout count=56
11-29 03:17:46.020 D/NetworkMonitor/100( 2199): Suspecting data stall, reevaluate
11-29 03:17:46.020 D/ConnectivityService( 1496): Data stall detected with methods: 1
11-29 03:17:46.022 D/NetworkMonitor/100( 2199): Validation disabled.
11-29 03:17:46.027 D/ConnectivityService( 1496): [100 WIFI] validation passed
11-29 03:17:46.900 I/mpu_uart( 647): [MSG-P:RECV]:No message received in 1000 ms
11-29 03:17:46.907 I/auditd ( 0): type=1400 audit(0.0:466): avc: denied { kill } for comm="swapper/1" capability=5 scontext=u:r:kernel:s0 tcontext=u:r:kernel:s0 tclass=capability permissive=0
11-29 03:17:46.907 W/swapper/1( 0): type=1400 audit(0.0:466): avc: denied { kill } for capability=5 scontext=u:r:kernel:s0 tcontext=u:r:kernel:s0 tclass=capability permissive=0
11-29 03:17:47.006 D/DhcpClient( 2199): Received packet: a6:ae:2b:52:e2:59 ACK: your new IP /10.1.1.102, netmask /255.255.255.0, gateways [/10.1.1.1] DNS servers: /10.1.1.1 , lease time 30
11-29 03:17:47.900 I/mpu_uart( 647): [MSG-P:RECV]:No message received in 1000 ms
11-29 03:17:47.907 I/auditd ( 0): type=1400 audit(0.0:467): avc: denied { kill } for comm="swapper/1" capability=5 scontext=u:r:kernel:s0 tcontext=u:r:kernel:s0 tclass=capability permissive=0
11-29 03:17:47.907 W/swapper/1( 0): type=1400 audit(0.0:467): avc: denied { kill } for capability=5 scontext=u:r:kernel:s0 tcontext=u:r:kernel:s0 tclass=capability permissive=0
11-29 03:17:48.017 I/mpu_uart( 647): [MSG-P:R]:recv sync frame timeout
11-29 03:17:48.900 I/mpu_uart( 647): [MSG-P:RECV]:No message received in 1000 ms
11-29 03:17:48.907 I/auditd ( 0): type=1400 audit(0.0:468): avc: denied { kill } for comm="swapper/1" capability=5 scontext=u:r:kernel:s0 tcontext=u:r:kernel:s0 tclass=capability permissive=0
11-29 03:17:48.907 W/swapper/1( 0): type=1400 audit(0.0:468): avc: denied { kill } for capability=5 scontext=u:r:kernel:s0 tcontext=u:r:kernel:s0 tclass=capability permissive=0
11-29 03:17:49.901 I/mpu_uart( 647): [MSG-P:RECV]:No message received in 1000 ms
11-29 03:17:49.907 I/auditd ( 0): type=1400 audit(0.0:469): avc: denied { kill } for comm="swapper/1" capability=5 scontext=u:r:kernel:s0 tcontext=u:r:kernel:s0 tclass=capability permissive=0
11-29 03:17:49.907 W/swapper/1( 0): type=1400 audit(0.0:469): avc: denied { kill } for capability=5 scontext=u:r:kernel:s0 tcontext=u:r:kernel:s0 tclass=capability permissive=0
11-29 03:17:50.390 D/DhcpClient( 2199): Received packet: ca:1b:7b:34:7a:e5 ACK: your new IP /10.1.1.103, netmask /255.255.255.0, gateways [/10.1.1.1] DNS servers: /10.1.1.1 , lease time 30
11-29 03:17:50.901 I/mpu_uart( 647): [MSG-P:RECV]:No message received in 1000 ms
11-29 03:17:50.907 I/auditd ( 0): type=1400 audit(0.0:470): avc: denied { kill } for comm="swapper/1" capability=5 scontext=u:r:kernel:s0 tcontext=u:r:kernel:s0 tclass=capability permissive=0
11-29 03:17:50.907 W/swapper/1( 0): type=1400 audit(0.0:470): avc: denied { kill } for capability=5 scontext=u:r:kernel:s0 tcontext=u:r:kernel:s0 tclass=capability permissive=0
11-29 03:17:51.020 I/mpu_uart( 647): [MSG-P:R]:recv sync frame timeout
11-29 03:17:51.901 I/mpu_uart( 647): [MSG-P:RECV]:No message received in 1000 ms
11-29 03:17:51.907 I/auditd ( 0): type=1400 audit(0.0:471): avc: denied { kill } for comm="swapper/1" capability=5 scontext=u:r:kernel:s0 tcontext=u:r:kernel:s0 tclass=capability permissive=0
11-29 03:17:51.907 W/swapper/1( 0): type=1400 audit(0.0:471): avc: denied { kill } for capability=5 scontext=u:r:kernel:s0 tcontext=u:r:kernel:s0 tclass=capability permissive=0
11-29 03:17:51.937 D/DhcpClient( 2199): Received packet: 7a:8c:2b:1b:ff:be ACK: your new IP /10.1.1.110, netmask /255.255.255.0, gateways [/10.1.1.1] DNS servers: /10.1.1.1 , lease time 30
11-29 03:17:52.901 I/mpu_uart( 647): [MSG-P:RECV]:No message received in 1000 ms
11-29 03:17:52.907 I/auditd ( 0): type=1400 audit(0.0:472): avc: denied { kill } for comm="swapper/1" capability=5 scontext=u:r:kernel:s0 tcontext=u:r:kernel:s0 tclass=capability permissive=0
11-29 03:17:52.907 W/swapper/1( 0): type=1400 audit(0.0:472): avc: denied { kill } for capability=5 scontext=u:r:kernel:s0 tcontext=u:r:kernel:s0 tclass=capability permissive=0
11-29 03:17:53.868 D/DhcpClient( 2199): Received packet: 66:25:0c:9d:55:97 ACK: your new IP /10.1.1.104, netmask /255.255.255.0, gateways [/10.1.1.1] DNS servers: /10.1.1.1 , lease time 30
11-29 03:17:53.902 I/mpu_uart( 647): [MSG-P:RECV]:No message received in 1000 ms
11-29 03:17:53.907 I/auditd ( 0): type=1400 audit(0.0:473): avc: denied { kill } for comm="swapper/1" capability=5 scontext=u:r:kernel:s0 tcontext=u:r:kernel:s0 tclass=capability permissive=0
11-29 03:17:53.907 W/swapper/1( 0): type=1400 audit(0.0:473): avc: denied { kill } for capability=5 scontext=u:r:kernel:s0 tcontext=u:r:kernel:s0 tclass=capability permissive=0
11-29 03:17:54.023 I/mpu_uart( 647): [MSG-P:R]:recv sync frame timeout
11-29 03:17:54.895 D/DhcpClient( 2199): Received packet: 32:b6:78:8d:07:94 ACK: your new IP /10.1.1.108, netmask /255.255.255.0, gateways [/10.1.1.1] DNS servers: /10.1.1.1 , lease time 30
11-29 03:17:54.902 I/mpu_uart( 647): [MSG-P:RECV]:No message received in 1000 ms
11-29 03:17:54.907 I/auditd ( 0): type=1400 audit(0.0:474): avc: denied { kill } for comm="swapper/1" capability=5 scontext=u:r:kernel:s0 tcontext=u:r:kernel:s0 tclass=capability permissive=0
11-29 03:17:54.907 W/swapper/1( 0): type=1400 audit(0.0:474): avc: denied { kill } for capability=5 scontext=u:r:kernel:s0 tcontext=u:r:kernel:s0 tclass=capability permissive=0
11-29 03:17:55.268 I/selfinstaller( 1200): create socket failed: No route to host 113
11-29 03:17:55.902 I/mpu_uart( 647): [MSG-P:RECV]:No message received in 1000 ms
11-29 03:17:55.907 I/auditd ( 647): type=1400 audit(0.0:475): avc: denied { kill } for comm="vendor.ts.uart@" capability=5 scontext=u:r:uart_service_deamon:s0 tcontext=u:r:uart_service_deamon:s0 tclass=capability permissive=0
11-29 03:17:55.907 W/vendor.ts.uart@( 647): type=1400 audit(0.0:475): avc: denied { kill } for capability=5 scontext=u:r:uart_service_deamon:s0 tcontext=u:r:uart_service_deamon:s0 tclass=capability permissive=0
11-29 03:17:56.902 I/mpu_uart( 647): [MSG-P:RECV]:No message received in 1000 ms
11-29 03:17:56.907 I/auditd ( 0): type=1400 audit(0.0:476): avc: denied { kill } for comm="swapper/1" capability=5 scontext=u:r:kernel:s0 tcontext=u:r:kernel:s0 tclass=capability permissive=0
11-29 03:17:56.907 W/swapper/1( 0): type=1400 audit(0.0:476): avc: denied { kill } for capability=5 scontext=u:r:kernel:s0 tcontext=u:r:kernel:s0 tclass=capability permissive=0
11-29 03:17:57.026 I/mpu_uart( 647): [MSG-P:R]:recv sync frame timeout
11-29 03:17:57.042 I/ScreenSaver_12( 4109): [PeriodicCallbackModel] Executing periodic callback for MINUTE because the period ended
11-29 03:17:57.903 I/mpu_uart( 647): [MSG-P:RECV]:No message received in 1000 ms
11-29 03:17:57.907 I/auditd ( 0): type=1400 audit(0.0:477): avc: denied { kill } for comm="swapper/1" capability=5 scontext=u:r:kernel:s0 tcontext=u:r:kernel:s0 tclass=capability permissive=0
11-29 03:17:57.907 W/swapper/1( 0): type=1400 audit(0.0:477): avc: denied { kill } for capability=5 scontext=u:r:kernel:s0 tcontext=u:r:kernel:s0 tclass=capability permissive=0
11-29 03:17:58.903 I/mpu_uart( 647): [MSG-P:RECV]:No message received in 1000 ms
11-29 03:17:59.469 W/hpplay-java( 2727): [AsyncTask #32]:HttpRequest:
11-29 03:17:59.471 W/hpplay-java( 2727): [AsyncTask #32]:HttpRequest:
11-29 03:17:59.472 D/NetworkMonitor/100( 2199): isDataStall: result=1, tcp packets received=0, latest tcp fail rate=-1, consecutive dns timeout count=57
11-29 03:17:59.472 W/hpplay-java( 2727): [AsyncTask #32]:HttpRequest:
11-29 03:17:59.472 D/ConnectivityService( 1496): Data stall detected with methods: 1
11-29 03:17:59.472 D/NetworkMonitor/100( 2199): Suspecting data stall, reevaluate
11-29 03:17:59.473 E/hpplay-java( 2727): [main]:IMTask:getIMRoot failed
11-29 03:17:59.476 D/NetworkMonitor/100( 2199): Validation disabled.
11-29 03:17:59.487 D/ConnectivityService( 1496): [100 WIFI] validation passed
11-29 03:17:59.903 I/mpu_uart( 647): [MSG-P:RECV]:No message received in 1000 ms
11-29 03:17:59.907 I/auditd ( 0): type=1400 audit(0.0:478): avc: denied { kill } for comm="swapper/2" capability=5 scontext=u:r:kernel:s0 tcontext=u:r:kernel:s0 tclass=capability permissive=0
11-29 03:17:59.907 W/swapper/2( 0): type=1400 audit(0.0:478): avc: denied { kill } for capability=5 scontext=u:r:kernel:s0 tcontext=u:r:kernel:s0 tclass=capability permissive=0
11-29 03:18:00.005 D/KeyguardUpdateMonitor( 1991): received broadcast android.intent.action.TIME_TICK
11-29 03:18:00.005 D/KeyguardUpdateMonitor( 1991): handleTimeUpdate
11-29 03:18:00.029 I/mpu_uart( 647): [MSG-P:R]:recv sync frame timeout
11-29 03:18:00.510 W/BestClock( 1496): java.time.DateTimeException: Missing NTP fix
11-29 03:18:00.538 W/BestClock( 1496): java.time.DateTimeException: Missing NTP fix
11-29 03:18:00.538 I/netstats_mobile_sample( 1496): [0,0,0,0,0,0,0,0,0,0,0,0,1669663080538]
11-29 03:18:00.539 I/netstats_wifi_sample( 1496): [2753624,7645,1585042,4660,2752326,7642,1585042,4660,4903153,25646,803764,2465,1669663080538]
11-29 03:18:00.542 W/BestClock( 1496): java.time.DateTimeException: Missing NTP fix
11-29 03:18:00.543 W/BestClock( 1496): java.time.DateTimeException: Missing NTP fix
11-29 03:18:00.903 I/mpu_uart( 647): [MSG-P:RECV]:No message received in 1000 ms
11-29 03:18:00.907 I/auditd ( 0): type=1400 audit(0.0:479): avc: denied { kill } for comm="swapper/2" capability=5 scontext=u:r:kernel:s0 tcontext=u:r:kernel:s0 tclass=capability permissive=0
11-29 03:18:00.907 W/swapper/2( 0): type=1400 audit(0.0:479): avc: denied { kill } for capability=5 scontext=u:r:kernel:s0 tcontext=u:r:kernel:s0 tclass=capability permissive=0
11-29 03:18:01.904 I/mpu_uart( 647): [MSG-P:RECV]:No message received in 1000 ms
11-29 03:18:01.907 I/auditd ( 0): type=1400 audit(0.0:480): avc: denied { kill } for comm="swapper/2" capability=5 scontext=u:r:kernel:s0 tcontext=u:r:kernel:s0 tclass=capability permissive=0
11-29 03:18:01.907 W/swapper/2( 0): type=1400 audit(0.0:480): avc: denied { kill } for capability=5 scontext=u:r:kernel:s0 tcontext=u:r:kernel:s0 tclass=capability permissive=0
11-29 03:18:02.909 I/mpu_uart( 647): [MSG-P:RECV]:No message received in 1000 ms
11-29 03:18:02.907 I/auditd ( 0): type=1400 audit(0.0:481): avc: denied { kill } for comm="swapper/2" capability=5 scontext=u:r:kernel:s0 tcontext=u:r:kernel:s0 tclass=capability permissive=0
11-29 03:18:02.907 W/swapper/2( 0): type=1400 audit(0.0:481): avc: denied { kill } for capability=5 scontext=u:r:kernel:s0 tcontext=u:r:kernel:s0 tclass=capability permissive=0
11-29 03:18:03.032 I/mpu_uart( 647): [MSG-P:R]:recv sync frame timeout
11-29 03:18:03.121 D/DhcpClient( 2199): Unicasting DHCPREQUEST ciaddr=10.1.1.100 request=0.0.0.0 serverid=null to /10.1.1.1:67
11-29 03:18:03.309 D/DhcpClient( 2199): Received packet: 46:9b:5c:c6:13:95 ACK: your new IP /10.1.1.100, netmask /255.255.255.0, gateways [/10.1.1.1] DNS servers: /10.1.1.1 , lease time 30
11-29 03:18:03.310 D/DhcpClient( 2199): Renewed lease: android.net.networkstack.DhcpResults@36425a1 DHCP server /10.1.1.1 Vendor info null lease 30 seconds Servername
11-29 03:18:03.318 D/DhcpClient( 2199): Scheduling renewal in 29s
11-29 03:18:03.319 D/DhcpClient( 2199): Scheduling rebind in 52s
11-29 03:18:03.319 D/DhcpClient( 2199): Scheduling expiry in 59s
11-29 03:18:03.330 D/SettingMicroservices( 2127): WifiReceiver:
11-29 03:18:03.330 D/SettingMicroservices( 2127): WifiReceiver NetworkInfo.State.CONNECTED
11-29 03:18:03.330 D/SettingMicroservices( 2127): doNetworkSync: mIDCMNetworkState: -1 mIsFSEMNetworkWiFi: true
11-29 03:18:03.330 D/SettingMicroservices( 2127): Change Network Preference to TYPE_ETHERNET.
11-29 03:18:03.333 D/BluetoothAdapterService( 1974): android.net.wifi.STATE_CHANGE
11-29 03:18:03.335 W/BluetoothAdapterService( 1974): fetchWifiState - isWifiConnected =true
11-29 03:18:03.335 D/BluetoothVendorService( 1974): setWifiState to: true
11-29 03:18:03.335 I/BluetoothVendorJni( 1974): setWifiStateNative
11-29 03:18:03.335 I/bt_btif_vendor( 1974): setWifiState :1
11-29 03:18:03.909 I/mpu_uart( 647): [MSG-P:RECV]:No message received in 1000 ms
11-29 03:18:03.907 I/auditd ( 0): type=1400 audit(0.0:482): avc: denied { kill } for comm="swapper/2" capability=5 scontext=u:r:kernel:s0 tcontext=u:r:kernel:s0 tclass=capability permissive=0
11-29 03:18:03.907 W/swapper/2( 0): type=1400 audit(0.0:482): avc: denied { kill } for capability=5 scontext=u:r:kernel:s0 tcontext=u:r:kernel:s0 tclass=capability permissive=0
11-29 03:18:04.910 I/mpu_uart( 647): [MSG-P:RECV]:No message received in 1000 ms
11-29 03:18:04.907 I/auditd ( 0): type=1400 audit(0.0:483): avc: denied { kill } for comm="swapper/2" capability=5 scontext=u:r:kernel:s0 tcontext=u:r:kernel:s0 tclass=capability permissive=0
11-29 03:18:04.907 W/swapper/2( 0): type=1400 audit(0.0:483): avc: denied { kill } for capability=5 scontext=u:r:kernel:s0 tcontext=u:r:kernel:s0 tclass=capability permissive=0
11-29 03:18:05.130 D/DhcpClient( 2199): Received packet: b2:e2:78:f2:76:a8 ACK: your new IP /10.1.1.101, netmask /255.255.255.0, gateways [/10.1.1.1] DNS servers: /10.1.1.1 , lease time 30
11-29 03:18:05.910 I/mpu_uart( 647): [MSG-P:RECV]:No message received in 1000 ms
11-29 03:18:05.907 I/auditd ( 0): type=1400 audit(0.0:484): avc: denied { kill } for comm="swapper/2" capability=5 scontext=u:r:kernel:s0 tcontext=u:r:kernel:s0 tclass=capability permissive=0
11-29 03:18:05.907 W/swapper/2( 0): type=1400 audit(0.0:484): avc: denied { kill } for capability=5 scontext=u:r:kernel:s0 tcontext=u:r:kernel:s0 tclass=capability permissive=0
11-29 03:18:06.036 I/mpu_uart( 647): [MSG-P:R]:recv sync frame timeout
11-29 03:18:06.907 I/auditd ( 0): type=1400 audit(0.0:485): avc: denied { kill } for comm="swapper/2" capability=5 scontext=u:r:kernel:s0 tcontext=u:r:kernel:s0 tclass=capability permissive=0
11-29 03:18:06.907 W/swapper/2( 0): type=1400 audit(0.0:485): avc: denied { kill } for capability=5 scontext=u:r:kernel:s0 tcontext=u:r:kernel:s0 tclass=capability permissive=0
11-29 03:18:06.910 I/mpu_uart( 647): [MSG-P:RECV]:No message received in 1000 ms
11-29 03:18:07.907 I/auditd ( 0): type=1400 audit(0.0:486): avc: denied { kill } for comm="swapper/2" capability=5 scontext=u:r:kernel:s0 tcontext=u:r:kernel:s0 tclass=capability permissive=0
11-29 03:18:07.907 W/swapper/2( 0): type=1400 audit(0.0:486): avc: denied { kill } for capability=5 scontext=u:r:kernel:s0 tcontext=u:r:kernel:s0 tclass=capability permissive=0
11-29 03:18:07.910 I/mpu_uart( 647): [MSG-P:RECV]:No message received in 1000 ms
11-29 03:18:08.907 I/auditd ( 0): type=1400 audit(0.0:487): avc: denied { kill } for comm="swapper/2" capability=5 scontext=u:r:kernel:s0 tcontext=u:r:kernel:s0 tclass=capability permissive=0
11-29 03:18:08.907 W/swapper/2( 0): type=1400 audit(0.0:487): avc: denied { kill } for capability=5 scontext=u:r:kernel:s0 tcontext=u:r:kernel:s0 tclass=capability permissive=0
11-29 03:18:08.911 I/mpu_uart( 647): [MSG-P:RECV]:No message received in 1000 ms
11-29 03:18:09.039 I/mpu_uart( 647): [MSG-P:R]:recv sync frame timeout
11-29 03:18:09.907 I/auditd ( 0): type=1400 audit(0.0:488): avc: denied { kill } for comm="swapper/2" capability=5 scontext=u:r:kernel:s0 tcontext=u:r:kernel:s0 tclass=capability permissive=0
11-29 03:18:09.907 W/swapper/2( 0): type=1400 audit(0.0:488): avc: denied { kill } for capability=5 scontext=u:r:kernel:s0 tcontext=u:r:kernel:s0 tclass=capability permissive=0
11-29 03:18:09.911 I/mpu_uart( 647): [MSG-P:RECV]:No message received in 1000 ms
11-29 03:18:10.907 I/auditd ( 0): type=1400 audit(0.0:489): avc: denied { kill } for comm="swapper/2" capability=5 scontext=u:r:kernel:s0 tcontext=u:r:kernel:s0 tclass=capability permissive=0
11-29 03:18:10.907 W/swapper/2( 0): type=1400 audit(0.0:489): avc: denied { kill } for capability=5 scontext=u:r:kernel:s0 tcontext=u:r:kernel:s0 tclass=capability permissive=0
11-29 03:18:10.911 I/mpu_uart( 647): [MSG-P:RECV]:No message received in 1000 ms
11-29 03:18:11.175 D/DhcpClient( 2199): Received packet: 50:84:92:5e:7c:11 ACK: your new IP /10.1.1.111, netmask /255.255.255.0, gateways [/10.1.1.1] DNS servers: /10.1.1.1 , lease time 30
11-29 03:18:11.907 I/auditd ( 0): type=1400 audit(0.0:490): avc: denied { kill } for comm="swapper/2" capability=5 scontext=u:r:kernel:s0 tcontext=u:r:kernel:s0 tclass=capability permissive=0
11-29 03:18:11.907 W/swapper/2( 0): type=1400 audit(0.0:490): avc: denied { kill } for capability=5 scontext=u:r:kernel:s0 tcontext=u:r:kernel:s0 tclass=capability permissive=0
11-29 03:18:11.911 I/mpu_uart( 647): [MSG-P:RECV]:No message received in 1000 ms
11-29 03:18:12.042 I/mpu_uart( 647): [MSG-P:R]:recv sync frame timeout
11-29 03:18:12.907 I/auditd ( 0): type=1400 audit(0.0:491): avc: denied { kill } for comm="swapper/2" capability=5 scontext=u:r:kernel:s0 tcontext=u:r:kernel:s0 tclass=capability permissive=0
11-29 03:18:12.907 W/swapper/2( 0): type=1400 audit(0.0:491): avc: denied { kill } for capability=5 scontext=u:r:kernel:s0 tcontext=u:r:kernel:s0 tclass=capability permissive=0
11-29 03:18:12.911 I/mpu_uart( 647): [MSG-P:RECV]:No message received in 1000 ms
11-29 03:18:13.907 I/auditd ( 0): type=1400 audit(0.0:492): avc: denied { kill } for comm="swapper/2" capability=5 scontext=u:r:kernel:s0 tcontext=u:r:kernel:s0 tclass=capability permissive=0
11-29 03:18:13.907 W/swapper/2( 0): type=1400 audit(0.0:492): avc: denied { kill } for capability=5 scontext=u:r:kernel:s0 tcontext=u:r:kernel:s0 tclass=capability permissive=0
11-29 03:18:13.912 I/mpu_uart( 647): [MSG-P:RECV]:No message received in 1000 ms
11-29 03:18:14.907 I/auditd ( 0): type=1400 audit(0.0:493): avc: denied { kill } for comm="swapper/2" capability=5 scontext=u:r:kernel:s0 tcontext=u:r:kernel:s0 tclass=capability permissive=0
11-29 03:18:14.907 W/swapper/2( 0): type=1400 audit(0.0:493): avc: denied { kill } for capability=5 scontext=u:r:kernel:s0 tcontext=u:r:kernel:s0 tclass=capability permissive=0
11-29 03:18:14.912 I/mpu_uart( 647): [MSG-P:RECV]:No message received in 1000 ms
11-29 03:18:15.044 I/mpu_uart( 647): [MSG-P:R]:recv sync frame timeout
11-29 03:18:15.907 I/auditd ( 0): type=1400 audit(0.0:494): avc: denied { kill } for comm="swapper/2" capability=5 scontext=u:r:kernel:s0 tcontext=u:r:kernel:s0 tclass=capability permissive=0
11-29 03:18:15.907 W/swapper/2( 0): type=1400 audit(0.0:494): avc: denied { kill } for capability=5 scontext=u:r:kernel:s0 tcontext=u:r:kernel:s0 tclass=capability permissive=0
11-29 03:18:15.912 I/mpu_uart( 647): [MSG-P:RECV]:No message received in 1000 ms
11-29 03:18:16.907 I/auditd ( 0): type=1400 audit(0.0:495): avc: denied { kill } for comm="swapper/2" capability=5 scontext=u:r:kernel:s0 tcontext=u:r:kernel:s0 tclass=capability permissive=0
11-29 03:18:16.907 W/swapper/2( 0): type=1400 audit(0.0:495): avc: denied { kill } for capability=5 scontext=u:r:kernel:s0 tcontext=u:r:kernel:s0 tclass=capability permissive=0
11-29 03:18:16.912 I/mpu_uart( 647): [MSG-P:RECV]:No message received in 1000 ms
11-29 03:18:17.117 D/DhcpClient( 2199): Received packet: a6:ae:2b:52:e2:59 ACK: your new IP /10.1.1.102, netmask /255.255.255.0, gateways [/10.1.1.1] DNS servers: /10.1.1.1 , lease time 30
11-29 03:18:17.907 I/auditd ( 0): type=1400 audit(0.0:496): avc: denied { kill } for comm="swapper/2" capability=5 scontext=u:r:kernel:s0 tcontext=u:r:kernel:s0 tclass=capability permissive=0
11-29 03:18:17.907 W/swapper/2( 0): type=1400 audit(0.0:496): avc: denied { kill } for capability=5 scontext=u:r:kernel:s0 tcontext=u:r:kernel:s0 tclass=capability permissive=0
11-29 03:18:17.912 I/mpu_uart( 647): [MSG-P:RECV]:No message received in 1000 ms
11-29 03:18:18.045 I/mpu_uart( 647): [MSG-P:R]:recv sync frame timeout
11-29 03:18:18.907 I/auditd ( 0): type=1400 audit(0.0:497): avc: denied { kill } for comm="swapper/2" capability=5 scontext=u:r:kernel:s0 tcontext=u:r:kernel:s0 tclass=capability permissive=0
11-29 03:18:18.907 W/swapper/2( 0): type=1400 audit(0.0:497): avc: denied { kill } for capability=5 scontext=u:r:kernel:s0 tcontext=u:r:kernel:s0 tclass=capability permissive=0
11-29 03:18:18.913 I/mpu_uart( 647): [MSG-P:RECV]:No message received in 1000 ms
11-29 03:18:19.514 D/ConnectivityService( 1496): Data stall detected with methods: 1
11-29 03:18:19.515 D/NetworkMonitor/100( 2199): isDataStall: result=1, tcp packets received=0, latest tcp fail rate=-1, consecutive dns timeout count=57
11-29 03:18:19.515 D/NetworkMonitor/100( 2199): Suspecting data stall, reevaluate
11-29 03:18:19.519 D/NetworkMonitor/100( 2199): Validation disabled.
11-29 03:18:19.526 D/ConnectivityService( 1496): [100 WIFI] validation passed
11-29 03:18:19.907 I/auditd ( 0): type=1400 audit(0.0:498): avc: denied { kill } for comm="swapper/2" capability=5 scontext=u:r:kernel:s0 tcontext=u:r:kernel:s0 tclass=capability permissive=0
11-29 03:18:19.907 W/swapper/2( 0): type=1400 audit(0.0:498): avc: denied { kill } for capability=5 scontext=u:r:kernel:s0 tcontext=u:r:kernel:s0 tclass=capability permissive=0
11-29 03:18:19.913 I/mpu_uart( 647): [MSG-P:RECV]:No message received in 1000 ms
11-29 03:18:20.604 D/DhcpClient( 2199): Received packet: ca:1b:7b:34:7a:e5 ACK: your new IP /10.1.1.103, netmask /255.255.255.0, gateways [/10.1.1.1] DNS servers: /10.1.1.1 , lease time 30
11-29 03:18:20.907 I/auditd ( 0): type=1400 audit(0.0:499): avc: denied { kill } for comm="swapper/2" capability=5 scontext=u:r:kernel:s0 tcontext=u:r:kernel:s0 tclass=capability permissive=0
11-29 03:18:20.907 W/swapper/2( 0): type=1400 audit(0.0:499): avc: denied { kill } for capability=5 scontext=u:r:kernel:s0 tcontext=u:r:kernel:s0 tclass=capability permissive=0
11-29 03:18:20.913 I/mpu_uart( 647): [MSG-P:RECV]:No message received in 1000 ms
