11-29 03:20:07.954 E/DisplayDeviceConfig( 1496): requesting nits when no mapping exists.
11-29 03:20:07.956 I/am_wtf ( 1496): [0,1496,system_server,-1,DisplayDeviceConfig,requesting nits when no mapping exists.]
11-29 03:20:07.971 E/DisplayDeviceConfig( 1496): requesting nits when no mapping exists.
11-29 03:20:07.972 I/am_wtf ( 1496): [0,1496,system_server,-1,DisplayDeviceConfig,requesting nits when no mapping exists.]
11-29 03:20:07.973 E/DisplayDeviceConfig( 1496): requesting nits when no mapping exists.
11-29 03:20:07.973 I/am_wtf ( 1496): [0,1496,system_server,-1,DisplayDeviceConfig,requesting nits when no mapping exists.]
11-29 03:20:07.987 E/DisplayDeviceConfig( 1496): requesting nits when no mapping exists.
11-29 03:20:07.987 I/am_wtf ( 1496): [0,1496,system_server,-1,DisplayDeviceConfig,requesting nits when no mapping exists.]
11-29 03:20:07.987 E/DisplayDeviceConfig( 1496): requesting nits when no mapping exists.
11-29 03:20:07.988 I/am_wtf ( 1496): [0,1496,system_server,-1,DisplayDeviceConfig,requesting nits when no mapping exists.]
11-29 03:20:08.004 E/DisplayDeviceConfig( 1496): requesting nits when no mapping exists.
11-29 03:20:08.005 I/am_wtf ( 1496): [0,1496,system_server,-1,DisplayDeviceConfig,requesting nits when no mapping exists.]
11-29 03:20:08.005 E/DisplayDeviceConfig( 1496): requesting nits when no mapping exists.
11-29 03:20:08.006 I/am_wtf ( 1496): [0,1496,system_server,-1,DisplayDeviceConfig,requesting nits when no mapping exists.]
11-29 03:20:08.021 E/DisplayDeviceConfig( 1496): requesting nits when no mapping exists.
11-29 03:20:08.022 E/DisplayDeviceConfig( 1496): requesting nits when no mapping exists.
11-29 03:20:08.022 I/am_wtf ( 1496): [0,1496,system_server,-1,DisplayDeviceConfig,requesting nits when no mapping exists.]
11-29 03:20:08.023 I/am_wtf ( 1496): [0,1496,system_server,-1,DisplayDeviceConfig,requesting nits when no mapping exists.]
11-29 03:20:08.037 E/DisplayDeviceConfig( 1496): requesting nits when no mapping exists.
11-29 03:20:08.037 E/DisplayDeviceConfig( 1496): requesting nits when no mapping exists.
11-29 03:20:08.040 I/am_wtf ( 1496): [0,1496,system_server,-1,DisplayDeviceConfig,requesting nits when no mapping exists.]
11-29 03:20:08.041 I/am_wtf ( 1496): [0,1496,system_server,-1,DisplayDeviceConfig,requesting nits when no mapping exists.]
11-29 03:20:08.055 E/DisplayDeviceConfig( 1496): requesting nits when no mapping exists.
11-29 03:20:08.056 I/am_wtf ( 1496): [0,1496,system_server,-1,DisplayDeviceConfig,requesting nits when no mapping exists.]
11-29 03:20:08.057 E/DisplayDeviceConfig( 1496): requesting nits when no mapping exists.
11-29 03:20:08.057 I/am_wtf ( 1496): [0,1496,system_server,-1,DisplayDeviceConfig,requesting nits when no mapping exists.]
11-29 03:20:08.072 E/DisplayDeviceConfig( 1496): requesting nits when no mapping exists.
11-29 03:20:08.072 E/DisplayDeviceConfig( 1496): requesting nits when no mapping exists.
11-29 03:20:08.072 I/am_wtf ( 1496): [0,1496,system_server,-1,DisplayDeviceConfig,requesting nits when no mapping exists.]
11-29 03:20:08.073 I/am_wtf ( 1496): [0,1496,system_server,-1,DisplayDeviceConfig,requesting nits when no mapping exists.]
11-29 03:20:08.087 E/DisplayDeviceConfig( 1496): requesting nits when no mapping exists.
11-29 03:20:08.087 E/DisplayDeviceConfig( 1496): requesting nits when no mapping exists.
11-29 03:20:08.087 I/am_wtf ( 1496): [0,1496,system_server,-1,DisplayDeviceConfig,requesting nits when no mapping exists.]
11-29 03:20:08.089 I/am_wtf ( 1496): [0,1496,system_server,-1,DisplayDeviceConfig,requesting nits when no mapping exists.]
11-29 03:20:08.104 E/DisplayDeviceConfig( 1496): requesting nits when no mapping exists.
11-29 03:20:08.104 I/am_wtf ( 1496): [0,1496,system_server,-1,DisplayDeviceConfig,requesting nits when no mapping exists.]
11-29 03:20:08.105 E/DisplayDeviceConfig( 1496): requesting nits when no mapping exists.
11-29 03:20:08.106 I/am_wtf ( 1496): [0,1496,system_server,-1,DisplayDeviceConfig,requesting nits when no mapping exists.]
11-29 03:20:08.121 E/DisplayDeviceConfig( 1496): requesting nits when no mapping exists.
11-29 03:20:08.122 E/DisplayDeviceConfig( 1496): requesting nits when no mapping exists.
11-29 03:20:08.122 I/am_wtf ( 1496): [0,1496,system_server,-1,DisplayDeviceConfig,requesting nits when no mapping exists.]
11-29 03:20:08.125 I/am_wtf ( 1496): [0,1496,system_server,-1,DisplayDeviceConfig,requesting nits when no mapping exists.]
11-29 03:20:08.139 E/DisplayDeviceConfig( 1496): requesting nits when no mapping exists.
11-29 03:20:08.141 I/am_wtf ( 1496): [0,1496,system_server,-1,DisplayDeviceConfig,requesting nits when no mapping exists.]
11-29 03:20:08.142 E/DisplayDeviceConfig( 1496): requesting nits when no mapping exists.
11-29 03:20:08.143 I/am_wtf ( 1496): [0,1496,system_server,-1,DisplayDeviceConfig,requesting nits when no mapping exists.]
11-29 03:20:08.154 E/DisplayDeviceConfig( 1496): requesting nits when no mapping exists.
11-29 03:20:08.154 I/am_wtf ( 1496): [0,1496,system_server,-1,DisplayDeviceConfig,requesting nits when no mapping exists.]
11-29 03:20:08.154 E/DisplayDeviceConfig( 1496): requesting nits when no mapping exists.
11-29 03:20:08.155 I/am_wtf ( 1496): [0,1496,system_server,-1,DisplayDeviceConfig,requesting nits when no mapping exists.]
11-29 03:20:08.171 E/DisplayDeviceConfig( 1496): requesting nits when no mapping exists.
11-29 03:20:08.171 E/DisplayDeviceConfig( 1496): requesting nits when no mapping exists.
11-29 03:20:08.171 I/am_wtf ( 1496): [0,1496,system_server,-1,DisplayDeviceConfig,requesting nits when no mapping exists.]
11-29 03:20:08.173 I/am_wtf ( 1496): [0,1496,system_server,-1,DisplayDeviceConfig,requesting nits when no mapping exists.]
11-29 03:20:08.188 E/DisplayDeviceConfig( 1496): requesting nits when no mapping exists.
11-29 03:20:08.188 E/DisplayDeviceConfig( 1496): requesting nits when no mapping exists.
11-29 03:20:08.189 I/am_wtf ( 1496): [0,1496,system_server,-1,DisplayDeviceConfig,requesting nits when no mapping exists.]
11-29 03:20:08.190 I/am_wtf ( 1496): [0,1496,system_server,-1,DisplayDeviceConfig,requesting nits when no mapping exists.]
11-29 03:20:08.205 E/DisplayDeviceConfig( 1496): requesting nits when no mapping exists.
11-29 03:20:08.206 E/DisplayDeviceConfig( 1496): requesting nits when no mapping exists.
11-29 03:20:08.206 I/am_wtf ( 1496): [0,1496,system_server,-1,DisplayDeviceConfig,requesting nits when no mapping exists.]
11-29 03:20:08.207 I/am_wtf ( 1496): [0,1496,system_server,-1,DisplayDeviceConfig,requesting nits when no mapping exists.]
11-29 03:20:08.214 W/AudioIDCMicroNegotiator( 1496): idcm_warn: idcm control is not enable
11-29 03:20:08.215 D/Avrcp_ext( 1974): AudioManager Player: AudioPlaybackConfiguration piid:71 deviceId:0 type:android.media.SoundPool u/pid:10082/1991 state:idle attr:AudioAttributes: usage=USAGE_ASSISTANCE_SONIFICATION content=CONTENT_TYPE_SONIFICATION flags=0x800 tags= bundle=null sessionId:0
11-29 03:20:08.215 D/Avrcp_ext( 1974): AudioManager Player: AudioPlaybackConfiguration piid:87 deviceId:0 type:android.media.SoundPool u/pid:1000/3709 state:idle attr:AudioAttributes: usage=USAGE_ASSISTANCE_SONIFICATION content=CONTENT_TYPE_SONIFICATION flags=0x801 tags= bundle=null sessionId:0
11-29 03:20:08.215 D/Avrcp_ext( 1974): AudioManager Player: AudioPlaybackConfiguration piid:63 deviceId:0 type:android.media.SoundPool u/pid:1000/1496 state:idle attr:AudioAttributes: usage=USAGE_ASSISTANCE_SONIFICATION content=CONTENT_TYPE_SONIFICATION flags=0x800 tags= bundle=null sessionId:0
11-29 03:20:08.215 I/GenericSource( 1199): start
11-29 03:20:08.215 D/Avrcp_ext( 1974): AudioManager Player: AudioPlaybackConfiguration piid:127 deviceId:0 type:android.media.MediaPlayer u/pid:10082/1991 state:started attr:AudioAttributes: usage=USAGE_NOTIFICATION content=CONTENT_TYPE_SONIFICATION flags=0x800 tags= bundle=null sessionId:0
11-29 03:20:08.217 W/Utils ( 1199): track of type 'audio/vorbis' does not publish channel mask, channel count 1
11-29 03:20:08.218 D/Avrcp_ext( 1974): AudioManager Player in started state: com.android.systemui
11-29 03:20:08.218 D/Avrcp_ext( 1974): AudioManager Active Player: com.android.systemui
11-29 03:20:08.218 D/Avrcp_ext( 1974): AudioManager isPlaying: true, mAudioPlaybackIsActive = false
11-29 03:20:08.218 D/MediaRouter( 1991): onRestoreRoute() : route=RouteInfo{ name=平板电脑, description=null, status=null, category=RouteCategory{ name=系统 types=ROUTE_TYPE_LIVE_AUDIO ROUTE_TYPE_LIVE_VIDEO groupable=false }, supportedTypes=ROUTE_TYPE_LIVE_AUDIO ROUTE_TYPE_LIVE_VIDEO , presentationDisplay=null }
11-29 03:20:08.218 V/MediaRouter( 1991): Selecting route: RouteInfo{ name=平板电脑, description=null, status=null, category=RouteCategory{ name=系统 types=ROUTE_TYPE_LIVE_AUDIO ROUTE_TYPE_LIVE_VIDEO groupable=false }, supportedTypes=ROUTE_TYPE_LIVE_AUDIO ROUTE_TYPE_LIVE_VIDEO , presentationDisplay=null }
11-29 03:20:08.219 V/Avrcp_ext( 1974): updateCurrentMediaState: mMediaController: MediaController (com.android.systemui@4a501a7) null
11-29 03:20:08.219 W/Avrcp_ext( 1974): isMusicActive: false getBluetoothPlayState: 2 A2dp State: 11 mAudioPlaybackIsActive: true
11-29 03:20:08.219 D/Avrcp_ext( 1974): isMusicActive = false mAudioPlaybackIsActive = true player state = null
11-29 03:20:08.219 I/Avrcp_ext( 1974): Skipping update due to invalid playback state
11-29 03:20:08.219 V/Avrcp_ext( 1974): updatePlaybackState, state: null device: null
11-29 03:20:08.219 V/Avrcp_ext( 1974): Device: no name:
11-29 03:20:08.219 V/Avrcp_ext( 1974): Device: no name:
11-29 03:20:08.219 V/Avrcp_ext( 1974): Device: no name:
11-29 03:20:08.219 V/Avrcp_ext( 1974): Device: no name:
11-29 03:20:08.220 W/Utils ( 1199): track of type 'audio/vorbis' does not publish channel mask, channel count 1
11-29 03:20:08.219 V/Avrcp_ext( 1974): Device: no name:
11-29 03:20:08.220 V/Avrcp_ext( 1974): updatePlayerStateAndPosition, old=PlaybackState {state=2, position=-1, buffered position=0, speed=1.0, updated=24344, actions=0, custom actions=[], active item id=-1, error=null}, state=null
11-29 03:20:08.220 I/Avrcp_ext( 1974): updatePlayerStateAndPosition: device: state = null
11-29 03:20:08.225 E/DisplayDeviceConfig( 1496): requesting nits when no mapping exists.
11-29 03:20:08.225 E/DisplayDeviceConfig( 1496): requesting nits when no mapping exists.
11-29 03:20:08.225 I/am_wtf ( 1496): [0,1496,system_server,-1,DisplayDeviceConfig,requesting nits when no mapping exists.]
11-29 03:20:08.225 D/audio_hw_primary( 815): adev_get_parameters:is_hw_dec_session_available
11-29 03:20:08.225 D/audio_hw_spkr_prot( 815): fbsp_get_parameters: Speaker protection disabled
11-29 03:20:08.225 D/soundtrigger( 815): audio_extn_sound_trigger_get_parameters input string
11-29 03:20:08.225 D/soundtrigger( 815): extract_sm_handle input string param string
11-29 03:20:08.225 D/audio_hw_extn( 815): audio_extn_fm_get_parameters: Enter
11-29 03:20:08.225 D/audio_hw_extn( 815): audio_extn_get_parameters: returns
11-29 03:20:08.225 D/audio_hw_primary( 815): adev_get_parameters: exit: returns -
11-29 03:20:08.226 I/hash_map_utils( 964): system/bt/osi/src/hash_map_utils.cc:81 hash_map_utils_dump_string_keys_string_values: key: 'is_hw_dec_session_available' value: 'audio/vorbis'
11-29 03:20:08.226 I/am_wtf ( 1496): [0,1496,system_server,-1,DisplayDeviceConfig,requesting nits when no mapping exists.]
11-29 03:20:08.227 D/CCodec ( 1199): allocate(c2.android.vorbis.decoder)
11-29 03:20:08.230 I/CCodec ( 1199): setting up 'default' as default (vendor) store
11-29 03:20:08.231 V/C2Store ( 1291): in init
11-29 03:20:08.231 V/C2Store ( 1291): loading dll
11-29 03:20:08.234 I/CCodec ( 1199): Created component [c2.android.vorbis.decoder]
11-29 03:20:08.235 D/CCodecConfig( 1199): read media type: audio/vorbis
11-29 03:20:08.237 E/DisplayDeviceConfig( 1496): requesting nits when no mapping exists.
11-29 03:20:08.237 E/DisplayDeviceConfig( 1496): requesting nits when no mapping exists.
11-29 03:20:08.237 D/ReflectedParamUpdater( 1199): extent() != 1 for single value type: algo.buffers.max-count.values
11-29 03:20:08.237 I/am_wtf ( 1496): [0,1496,system_server,-1,DisplayDeviceConfig,requesting nits when no mapping exists.]
11-29 03:20:08.238 D/ReflectedParamUpdater( 1199): extent() != 1 for single value type: output.subscribed-indices.values
11-29 03:20:08.238 I/am_wtf ( 1496): [0,1496,system_server,-1,DisplayDeviceConfig,requesting nits when no mapping exists.]
11-29 03:20:08.238 D/ReflectedParamUpdater( 1199): extent() != 1 for single value type: input.buffers.allocator-ids.values
11-29 03:20:08.238 D/ReflectedParamUpdater( 1199): extent() != 1 for single value type: output.buffers.allocator-ids.values
11-29 03:20:08.238 D/ReflectedParamUpdater( 1199): extent() != 1 for single value type: algo.buffers.allocator-ids.values
11-29 03:20:08.238 D/ReflectedParamUpdater( 1199): extent() != 1 for single value type: output.buffers.pool-ids.values
11-29 03:20:08.238 D/ReflectedParamUpdater( 1199): extent() != 1 for single value type: algo.buffers.pool-ids.values
11-29 03:20:08.241 I/CCodecConfig( 1199): query failed after returning 7 values (BAD_INDEX)
11-29 03:20:08.241 D/CCodecConfig( 1199): c2 config diff is Dict {
11-29 03:20:08.241 D/CCodecConfig( 1199): c2::u32 coded.bitrate.value = 64000
11-29 03:20:08.241 D/CCodecConfig( 1199): c2::u32 input.buffers.max-size.value = 32768
11-29 03:20:08.241 D/CCodecConfig( 1199): c2::u32 input.delay.value = 0
11-29 03:20:08.241 D/CCodecConfig( 1199): string input.media-type.value = "audio/vorbis"
11-29 03:20:08.241 D/CCodecConfig( 1199): string output.media-type.value = "audio/raw"
11-29 03:20:08.241 D/CCodecConfig( 1199): c2::u32 raw.channel-count.value = 1
11-29 03:20:08.241 D/CCodecConfig( 1199): c2::u32 raw.sample-rate.value = 48000
11-29 03:20:08.241 D/CCodecConfig( 1199): }
11-29 03:20:08.243 D/CCodec ( 1199): [c2.android.vorbis.decoder] buffers are bound to CCodec for this session
11-29 03:20:08.243 D/CCodecConfig( 1199): no c2 equivalents for durationUs
11-29 03:20:08.243 D/CCodecConfig( 1199): no c2 equivalents for csd-1
11-29 03:20:08.244 D/CCodecConfig( 1199): no c2 equivalents for language
11-29 03:20:08.244 D/CCodecConfig( 1199): no c2 equivalents for file-format
11-29 03:20:08.244 D/CCodecConfig( 1199): no c2 equivalents for flags
11-29 03:20:08.244 D/CCodecConfig( 1199): config failed => CORRUPTED
11-29 03:20:08.244 D/CCodecConfig( 1199): c2 config diff is c2::u32 coded.bitrate.value = 70000
11-29 03:20:08.245 W/Codec2Client( 1199): query -- param skipped: index = 1107298332.
11-29 03:20:08.245 D/CCodec ( 1199): setup formats input: AMessage(what = 0x00000000) = {
11-29 03:20:08.245 D/CCodec ( 1199): int32_t bitrate = 70000
11-29 03:20:08.245 D/CCodec ( 1199): int32_t channel-count = 1
11-29 03:20:08.245 D/CCodec ( 1199): int32_t max-input-size = 65307
11-29 03:20:08.245 D/CCodec ( 1199): string mime = "audio/vorbis"
11-29 03:20:08.245 D/CCodec ( 1199): int32_t sample-rate = 48000
11-29 03:20:08.245 D/CCodec ( 1199): }
11-29 03:20:08.245 D/CCodec ( 1199): setup formats output: AMessage(what = 0x00000000) = {
11-29 03:20:08.245 D/CCodec ( 1199): int32_t channel-count = 1
11-29 03:20:08.245 D/CCodec ( 1199): string mime = "audio/raw"
11-29 03:20:08.245 D/CCodec ( 1199): int32_t sample-rate = 48000
11-29 03:20:08.245 D/CCodec ( 1199): int32_t android._config-pcm-encoding = 2
11-29 03:20:08.245 D/CCodec ( 1199): }
11-29 03:20:08.245 I/CCodecConfig( 1199): query failed after returning 7 values (BAD_INDEX)
11-29 03:20:08.246 I/MediaCodec( 1199): MediaCodec will operate in async mode
11-29 03:20:08.246 D/MediaCodec( 1199): keep callback message for reclaim
11-29 03:20:08.246 W/Codec2Client( 1199): query -- param skipped: index = 1342179345.
11-29 03:20:08.246 W/Codec2Client( 1199): query -- param skipped: index = 2415921170.
11-29 03:20:08.248 D/CCodecBufferChannel( 1199): [c2.android.vorbis.decoder#573] Created input block pool with allocatorID 16 => poolID 22 - OK (0)
11-29 03:20:08.248 D/BufferPoolAccessor2.0( 1291): bufferpool2 0xb4000079bfa98a98 : 0(0 size) total buffers - 0(0 size) used buffers - 93/97 (recycle/alloc) - 4/96 (fetch/transfer)
11-29 03:20:08.248 D/BufferPoolAccessor2.0( 1291): Destruction - bufferpool2 0xb4000079bfa98a98 cached: 0/0M, 0/0% in use; allocs: 97, 96% recycled; transfers: 96, 96% unfetched
11-29 03:20:08.249 D/BufferPoolAccessor2.0( 1199): bufferpool2 0xeac00da8 : 0(0 size) total buffers - 0(0 size) used buffers - 94/102 (recycle/alloc) - 8/198 (fetch/transfer)
11-29 03:20:08.249 D/BufferPoolAccessor2.0( 1199): Destruction - bufferpool2 0xeac00da8 cached: 0/0M, 0/0% in use; allocs: 102, 92% recycled; transfers: 198, 96% unfetched
11-29 03:20:08.249 I/CCodecBufferChannel( 1199): [c2.android.vorbis.decoder#573] Created output block pool with allocatorID 16 => poolID 32 - OK
11-29 03:20:08.249 D/CCodecBufferChannel( 1199): [c2.android.vorbis.decoder#573] Configured output block pool ids 32 => OK
11-29 03:20:08.250 D/CCodecBufferChannel( 1199): [c2.android.vorbis.decoder#573] start: updating output delay 0
11-29 03:20:08.250 I/CCodecBufferChannel( 1199): pipelineRoom(3) is <= numClientBuffers(3). Not signalling any more buffers to client
11-29 03:20:08.250 D/SimpleC2Component( 1291): Using output block pool with poolID 32 => got 32 - 0
11-29 03:20:08.252 I/CCodecBufferChannel( 1199): pipelineRoom(2) is <= numClientBuffers(2). Not signalling any more buffers to client
11-29 03:20:08.252 I/CCodecBufferChannel( 1199): pipelineRoom(1) is <= numClientBuffers(1). Not signalling any more buffers to client
11-29 03:20:08.256 E/DisplayDeviceConfig( 1496): requesting nits when no mapping exists.
11-29 03:20:08.256 E/DisplayDeviceConfig( 1496): requesting nits when no mapping exists.
11-29 03:20:08.257 I/am_wtf ( 1496): [0,1496,system_server,-1,DisplayDeviceConfig,requesting nits when no mapping exists.]
11-29 03:20:08.258 I/am_wtf ( 1496): [0,1496,system_server,-1,DisplayDeviceConfig,requesting nits when no mapping exists.]
11-29 03:20:08.262 I/ExtendedNuUtils( 1199): Both src and dst missing for bit-width
11-29 03:20:08.262 I/ExtendedNuUtils( 1199): Overriding durationUs: with 64 bit src value 1728000
11-29 03:20:08.262 I/ExtendedNuUtils( 1199): Both src and dst missing for channel-mask
11-29 03:20:08.266 D/audio_hw_primary( 815): adev_get_parameters:vr_audio_mode_on
11-29 03:20:08.266 I/audio_hw_primary( 815): getting vr mode to 0
11-29 03:20:08.266 D/audio_hw_primary( 815): adev_get_parameters: exit: returns - vr_audio_mode_on=false
11-29 03:20:08.266 I/hash_map_utils( 964): system/bt/osi/src/hash_map_utils.cc:81 hash_map_utils_dump_string_keys_string_values: key: 'vr_audio_mode_on' value: ''
11-29 03:20:08.267 D/AudioFlinger( 964): Client defaulted notificationFrames to 12000 for frameCount 24000
11-29 03:20:08.268 D/AF::TrackHandle( 964): OpPlayAudio: track:61 usage:5 not muted
11-29 03:20:08.273 E/DisplayDeviceConfig( 1496): requesting nits when no mapping exists.
11-29 03:20:08.274 I/am_wtf ( 1496): [0,1496,system_server,-1,DisplayDeviceConfig,requesting nits when no mapping exists.]
11-29 03:20:08.274 E/DisplayDeviceConfig( 1496): requesting nits when no mapping exists.
11-29 03:20:08.275 I/am_wtf ( 1496): [0,1496,system_server,-1,DisplayDeviceConfig,requesting nits when no mapping exists.]
11-29 03:20:08.275 I/EffectsFactory( 815): EffectCreate() create_effect
11-29 03:20:08.278 E/volume_listener( 815): check_and_set_gain_dep_cal: Failed to set gain dep cal level
11-29 03:20:08.278 D/audio_hw_primary( 815): start_output_stream: enter: stream(0xec4821a0)usecase(1: low-latency-playback) devices(0x2) is_haptic_usecase(0)
11-29 03:20:08.278 E/ANDR-PERF-TARGET( 839): Error: Invalid logical cluster id 0
11-29 03:20:08.278 E/ANDR-PERF-REQUEST( 839): invalid request
11-29 03:20:08.278 E/ANDR-PERF-MPCTL( 839): invalid request, no optimizations performed
11-29 03:20:08.278 E/audio_hw_extn( 815): audio_extn_perf_lock_acquire: Failed to acquire perf lock, err: -1
11-29 03:20:08.278 D/audio_hw_primary( 815): select_devices for use case (low-latency-playback)
11-29 03:20:08.278 I/msm8974_platform( 815): platform_check_and_set_codec_backend_cfg:becf: afe: bitwidth 16, samplerate 48000 channels 2, backend_idx 0 usecase = 1 device (speaker)
11-29 03:20:08.278 D/msm8974_platform( 815): platform_split_snd_device: snd_device(2) num devices(1) new_snd_devices(0)
11-29 03:20:08.278 I/msm8974_platform( 815): platform_check_and_set_codec_backend_cfg: new_snd_devices[0] is 2
11-29 03:20:08.278 I/msm8974_platform( 815): platform_check_codec_backend_cfg:becf: afe: bitwidth 16, samplerate 48000 channels 2, backend_idx 0 usecase = 1 device (speaker)
11-29 03:20:08.280 D/audio_hw_extn( 815): audio_extn_enable_hifi_filter: mixer_value set 0
11-29 03:20:08.280 D/msm8974_platform( 815): platform_check_codec_backend_cfg:becf: updated afe: bitwidth 16, samplerate 48000 channels 2,backend_idx 0 usecase = 1 device (speaker)
11-29 03:20:08.280 D/msm8974_platform( 815): platform_check_codec_backend_cfg:becf: afe: playback on codec device not supporting native playback set default Sample Rate(48k)
11-29 03:20:08.280 I/msm8974_platform( 815): platform_check_codec_backend_cfg:becf: afe: Codec selected backend: 0 updated bit width: 16 and sample rate: 48000
11-29 03:20:08.280 D/audio_hw_primary( 815): check_usecases_codec_backend:becf: force routing 0
11-29 03:20:08.280 E/msm8974_platform( 815): platform_check_backends_match: Invalid snd_device =
11-29 03:20:08.280 D/audio_hw_primary( 815): check_usecases_codec_backend:becf: (78) check_usecases curr device: speaker, usecase device: backends match 0
11-29 03:20:08.280 D/audio_hw_primary( 815): check_usecases_codec_backend:becf: check_usecases num.of Usecases to switch 0
11-29 03:20:08.280 D/hardware_info( 815): hw_info_append_hw_type : device_name = speaker
11-29 03:20:08.280 D/msm8974_platform( 815): platform_split_snd_device: snd_device(2) num devices(0) new_snd_devices(0)
11-29 03:20:08.280 D/audio_hw_primary( 815): enable_snd_device: snd_device(2: speaker)
11-29 03:20:08.280 D/msm8974_platform( 815): platform_get_island_cfg_on_device:island cfg status on snd_device = (speaker 0)
11-29 03:20:08.280 I/soundtrigger( 815): audio_extn_sound_trigger_update_device_status: device 0x2 of type 0 for Event 1, with Raise=0
11-29 03:20:08.280 D/audio_route( 815): Apply path: speaker
11-29 03:20:08.280 I/audio_hw_utils( 815): audio_extn_utils_update_stream_output_app_type_cfg Allowing 24 and above bits playback on speaker ONLY at default sampling rate
11-29 03:20:08.280 E/soundtrigger( 815): audio_extn_sound_trigger_update_stream_status: invalid input device 0x0, for event 3
11-29 03:20:08.280 D/soundtrigger( 815): audio_extn_sound_trigger_update_stream_status: uc_info->id 1 of type 0 for Event 3, with Raise=0
11-29 03:20:08.280 D/audio_hw_utils( 815): audio_extn_utils_send_app_type_cfg: usecase->out_snd_device speaker
11-29 03:20:08.280 D/msm8974_platform( 815): platform_split_snd_device: snd_device(2) num devices(0) new_snd_devices(0)
11-29 03:20:08.280 D/audio_hw_utils( 815): audio_extn_btsco_get_sample_rate:Not a BT SCO device, need not update sampling rate
11-29 03:20:08.280 I/audio_hw_utils( 815): send_app_type_cfg_for_device PLAYBACK app_type 69937, acdb_dev_id 15, sample_rate 48000, snd_device_be_idx 179
11-29 03:20:08.280 D/msm8974_platform( 815): platform_split_snd_device: snd_device(2) num devices(1) new_snd_devices(0)
11-29 03:20:08.280 D/audio_hw_utils( 815): audio_extn_btsco_get_sample_rate:Not a BT SCO device, need not update sampling rate
11-29 03:20:08.280 D/ACDB-LOADER( 815): ACDB -> send_audio_cal, acdb_id = 15, path = 0, app id = 0x11131, sample rate = 48000, afe_sample_rate = 48000
11-29 03:20:08.280 D/ACDB-LOADER( 815): ACDB -> send_asm_topology
11-29 03:20:08.280 D/ACDB-LOADER( 815): ACDB -> ACDB_CMD_GET_AUDPROC_STREAM_TOPOLOGY_ID
11-29 03:20:08.280 D/ACDB-LOADER( 815): ACDB -> send_adm_topology
11-29 03:20:08.280 D/ACDB-LOADER( 815): ACDB -> ACDB_CMD_GET_AUDPROC_COMMON_TOPOLOGY_ID
11-29 03:20:08.280 D/ACDB-LOADER( 815): ACDB -> send_audtable
11-29 03:20:08.280 D/ACDB-LOADER( 815): ACDB -> ACDB_CMD_GET_AUDPROC_INSTANCE_COMMON_TABLE_SIZE
11-29 03:20:08.280 D/ACDB-LOADER( 815): ACDB -> ACDB_CMD_GET_AUDPROC_INSTANCE_COMMON_TABLE
11-29 03:20:08.281 D/ACDB-LOADER( 815): ACDB -> AUDIO_SET_AUDPROC_CAL cal_type[11] acdb_id[15] app_type[69937]
11-29 03:20:08.281 D/ACDB-LOADER( 815): ACDB -> send_audvoltable
11-29 03:20:08.281 D/ACDB-LOADER( 815): ACDB -> ACDB_CMD_GET_AUDPROC_INSTANCE_GAIN_DEP_STEP_TABLE_SIZE
11-29 03:20:08.281 D/ACDB-LOADER( 815): ACDB -> ACDB_CMD_GET_AUDPROC_INSTANCE_GAIN_DEP_STEP_TABLE, vol index 0
11-29 03:20:08.281 D/ACDB-LOADER( 815): ACDB -> AUDIO_SET_VOL_CAL cal type = 12
11-29 03:20:08.281 D/ACDB-LOADER( 815): ACDB -> ACDB_CMD_GET_AUDPROC_INSTANCE_STREAM_TABLE_SIZE
11-29 03:20:08.281 D/ACDB-LOADER( 815): ACDB -> send_audstrmtable
11-29 03:20:08.281 D/ACDB-LOADER( 815): ACDB -> ACDB_CMD_GET_AUDPROC_INSTANCE_STREAM_TABLE
11-29 03:20:08.281 D/ACDB-LOADER( 815): ACDB -> audstrm_cal->cal_type.cal_data.cal_size = 20
11-29 03:20:08.281 D/ACDB-LOADER( 815): ACDB -> send_afe_topology
11-29 03:20:08.281 D/ACDB-LOADER( 815): ACDB -> ACDB_CMD_GET_AFE_TOPOLOGY_ID
11-29 03:20:08.281 D/ACDB-LOADER( 815): ACDB -> GET_AFE_TOPOLOGY_ID for adcd_id 15, Topology Id 112fc
11-29 03:20:08.281 D/ACDB-LOADER( 815): ACDB -> send_afe_cal
11-29 03:20:08.281 D/ACDB-LOADER( 815): ACDB -> ACDB_CMD_GET_AFE_INSTANCE_COMMON_TABLE_SIZE
11-29 03:20:08.281 D/android.hardware.audio.service( 815): Failed to fetch the lookup information of the device 0000000F
11-29 03:20:08.281 D/ACDB-LOADER( 815): Error: ACDB_CMD_GET_AFE_INSTANCE_COMMON_TABLE_SIZE Returned = -19
11-29 03:20:08.281 D/ACDB-LOADER( 815): ACDB -> ACDB_CMD_GET_AFE_INSTANCE_COMMON_TABLE
11-29 03:20:08.281 D/android.hardware.audio.service( 815): Failed to fetch the lookup information of the device 0000000F
11-29 03:20:08.281 D/ACDB-LOADER( 815): Error: ACDB AFE returned = -19
11-29 03:20:08.281 D/ACDB-LOADER( 815): ACDB -> AUDIO_SET_AFE_CAL cal_type[16] acdb_id[15]
11-29 03:20:08.281 D/ACDB-LOADER( 815): ACDB -> send_hw_delay : acdb_id = 15 path = 0
11-29 03:20:08.281 D/ACDB-LOADER( 815): ACDB -> ACDB_AVSYNC_INFO: ACDB_CMD_GET_DEVICE_PROPERTY
11-29 03:20:08.281 D/msm8974_platform( 815): platform_split_snd_device: snd_device(2) num devices(0) new_snd_devices(0)
11-29 03:20:08.281 I/msm8974_platform( 815): platform_get_custom_mtmx_params: no matching param with id 0 ip_ch 2 op_ch 2 uc_id 1 snd_dev 2
11-29 03:20:08.281 D/audio_hw_primary( 815): enable_audio_route: apply mixer and update path: low-latency-playback
11-29 03:20:08.281 D/audio_route( 815): Apply path: low-latency-playback
11-29 03:20:08.282 W/AudioIDCMicroNegotiator( 1496): idcm_warn: idcm control is not enable
11-29 03:20:08.282 D/audio_hw_primary( 815): select_devices: done
11-29 03:20:08.282 D/Avrcp_ext( 1974): AudioManager Player: AudioPlaybackConfiguration piid:71 deviceId:0 type:android.media.SoundPool u/pid:10082/1991 state:idle attr:AudioAttributes: usage=USAGE_ASSISTANCE_SONIFICATION content=CONTENT_TYPE_SONIFICATION flags=0x800 tags= bundle=null sessionId:0
11-29 03:20:08.282 D/Avrcp_ext( 1974): AudioManager Player: AudioPlaybackConfiguration piid:87 deviceId:0 type:android.media.SoundPool u/pid:1000/3709 state:idle attr:AudioAttributes: usage=USAGE_ASSISTANCE_SONIFICATION content=CONTENT_TYPE_SONIFICATION flags=0x801 tags= bundle=null sessionId:0
11-29 03:20:08.282 D/Avrcp_ext( 1974): AudioManager Player: AudioPlaybackConfiguration piid:63 deviceId:0 type:android.media.SoundPool u/pid:1000/1496 state:idle attr:AudioAttributes: usage=USAGE_ASSISTANCE_SONIFICATION content=CONTENT_TYPE_SONIFICATION flags=0x800 tags= bundle=null sessionId:0
11-29 03:20:08.282 D/Avrcp_ext( 1974): AudioManager Player: AudioPlaybackConfiguration piid:127 deviceId:3 type:android.media.MediaPlayer u/pid:10082/1991 state:started attr:AudioAttributes: usage=USAGE_NOTIFICATION content=CONTENT_TYPE_SONIFICATION flags=0x800 tags= bundle=null sessionId:0
11-29 03:20:08.284 D/Avrcp_ext( 1974): AudioManager Player in started state: com.android.systemui
11-29 03:20:08.284 D/Avrcp_ext( 1974): AudioManager Active Player: com.android.systemui
11-29 03:20:08.284 D/Avrcp_ext( 1974): AudioManager isPlaying: true, mAudioPlaybackIsActive = true
11-29 03:20:08.287 E/DisplayDeviceConfig( 1496): requesting nits when no mapping exists.
11-29 03:20:08.288 E/DisplayDeviceConfig( 1496): requesting nits when no mapping exists.
11-29 03:20:08.288 I/am_wtf ( 1496): [0,1496,system_server,-1,DisplayDeviceConfig,requesting nits when no mapping exists.]
11-29 03:20:08.289 I/am_wtf ( 1496): [0,1496,system_server,-1,DisplayDeviceConfig,requesting nits when no mapping exists.]
11-29 03:20:08.306 E/DisplayDeviceConfig( 1496): requesting nits when no mapping exists.
11-29 03:20:08.306 E/DisplayDeviceConfig( 1496): requesting nits when no mapping exists.
11-29 03:20:08.307 D/msm8974_platform( 815): platform_set_channel_map mixer_ctl_name:Playback Channel Map9
11-29 03:20:08.307 D/msm8974_platform( 815): platform_set_channel_map: set mapping(1 2 0 0 0 0 0 0) for channel:2
11-29 03:20:08.308 E/audio_hw_extn( 815): audio_extn_perf_lock_release: Perf lock release error
11-29 03:20:08.308 D/audio_hw_primary( 815): start_output_stream: exit
11-29 03:20:08.308 D/audio_hw_primary( 815): out_write: retry previous failed cal level set
11-29 03:20:08.308 D/msm8974_platform( 815): platform_split_snd_device: snd_device(2) num devices(1) new_snd_devices(0)
11-29 03:20:08.308 D/ACDB-LOADER( 815): ACDB -> send_audvoltable
11-29 03:20:08.308 D/ACDB-LOADER( 815): ACDB -> ACDB_CMD_GET_AUDPROC_INSTANCE_GAIN_DEP_STEP_TABLE_SIZE
11-29 03:20:08.308 D/ACDB-LOADER( 815): ACDB -> ACDB_CMD_GET_AUDPROC_INSTANCE_GAIN_DEP_STEP_TABLE, vol index 5
11-29 03:20:08.308 D/ACDB-LOADER( 815): ACDB -> AUDIO_SET_VOL_CAL cal type = 40
11-29 03:20:08.308 I/am_wtf ( 1496): [0,1496,system_server,-1,DisplayDeviceConfig,requesting nits when no mapping exists.]
11-29 03:20:08.309 I/am_wtf ( 1496): [0,1496,system_server,-1,DisplayDeviceConfig,requesting nits when no mapping exists.]
11-29 03:20:08.319 D/msm8974_platform( 815): platform_split_snd_device: snd_device(2) num devices(1) new_snd_devices(0)
11-29 03:20:08.321 E/DisplayDeviceConfig( 1496): requesting nits when no mapping exists.
11-29 03:20:08.322 I/am_wtf ( 1496): [0,1496,system_server,-1,DisplayDeviceConfig,requesting nits when no mapping exists.]
11-29 03:20:08.322 E/DisplayDeviceConfig( 1496): requesting nits when no mapping exists.
11-29 03:20:08.323 I/am_wtf ( 1496): [0,1496,system_server,-1,DisplayDeviceConfig,requesting nits when no mapping exists.]
11-29 03:20:08.340 E/DisplayDeviceConfig( 1496): requesting nits when no mapping exists.
11-29 03:20:08.340 I/am_wtf ( 1496): [0,1496,system_server,-1,DisplayDeviceConfig,requesting nits when no mapping exists.]
11-29 03:20:08.341 E/DisplayDeviceConfig( 1496): requesting nits when no mapping exists.
11-29 03:20:08.342 I/am_wtf ( 1496): [0,1496,system_server,-1,DisplayDeviceConfig,requesting nits when no mapping exists.]
11-29 03:20:08.360 E/DisplayDeviceConfig( 1496): requesting nits when no mapping exists.
11-29 03:20:08.362 I/am_wtf ( 1496): [0,1496,system_server,-1,DisplayDeviceConfig,requesting nits when no mapping exists.]
11-29 03:20:08.363 E/DisplayDeviceConfig( 1496): requesting nits when no mapping exists.
11-29 03:20:08.364 I/am_wtf ( 1496): [0,1496,system_server,-1,DisplayDeviceConfig,requesting nits when no mapping exists.]
11-29 03:20:08.377 E/DisplayDeviceConfig( 1496): requesting nits when no mapping exists.
11-29 03:20:08.378 E/DisplayDeviceConfig( 1496): requesting nits when no mapping exists.
11-29 03:20:08.378 I/am_wtf ( 1496): [0,1496,system_server,-1,DisplayDeviceConfig,requesting nits when no mapping exists.]
11-29 03:20:08.380 I/am_wtf ( 1496): [0,1496,system_server,-1,DisplayDeviceConfig,requesting nits when no mapping exists.]
11-29 03:20:08.388 E/DisplayDeviceConfig( 1496): requesting nits when no mapping exists.
11-29 03:20:08.388 I/am_wtf ( 1496): [0,1496,system_server,-1,DisplayDeviceConfig,requesting nits when no mapping exists.]
11-29 03:20:08.388 E/DisplayDeviceConfig( 1496): requesting nits when no mapping exists.
11-29 03:20:08.389 I/am_wtf ( 1496): [0,1496,system_server,-1,DisplayDeviceConfig,requesting nits when no mapping exists.]
11-29 03:20:08.404 E/DisplayDeviceConfig( 1496): requesting nits when no mapping exists.
11-29 03:20:08.405 I/am_wtf ( 1496): [0,1496,system_server,-1,DisplayDeviceConfig,requesting nits when no mapping exists.]
11-29 03:20:08.405 E/DisplayDeviceConfig( 1496): requesting nits when no mapping exists.
11-29 03:20:08.407 I/am_wtf ( 1496): [0,1496,system_server,-1,DisplayDeviceConfig,requesting nits when no mapping exists.]
11-29 03:20:08.426 E/DisplayDeviceConfig( 1496): requesting nits when no mapping exists.
11-29 03:20:08.426 E/DisplayDeviceConfig( 1496): requesting nits when no mapping exists.
11-29 03:20:08.426 I/am_wtf ( 1496): [0,1496,system_server,-1,DisplayDeviceConfig,requesting nits when no mapping exists.]
11-29 03:20:08.427 I/am_wtf ( 1496): [0,1496,system_server,-1,DisplayDeviceConfig,requesting nits when no mapping exists.]
11-29 03:20:08.440 E/DisplayDeviceConfig( 1496): requesting nits when no mapping exists.
11-29 03:20:08.440 E/DisplayDeviceConfig( 1496): requesting nits when no mapping exists.
11-29 03:20:08.441 I/am_wtf ( 1496): [0,1496,system_server,-1,DisplayDeviceConfig,requesting nits when no mapping exists.]
11-29 03:20:08.442 I/am_wtf ( 1496): [0,1496,system_server,-1,DisplayDeviceConfig,requesting nits when no mapping exists.]
11-29 03:20:08.840 D/DhcpClient( 2199): Received packet: 66:25:0c:9d:55:97 ACK: your new IP /10.1.1.104, netmask /255.255.255.0, gateways [/10.1.1.1] DNS servers: /10.1.1.1 , lease time 30
11-29 03:20:08.950 I/mpu_uart( 647): [MSG-P:RECV]:No message received in 1000 ms
11-29 03:20:09.151 I/mpu_uart( 647): [MSG-P:R]:recv sync frame timeout
11-29 03:20:09.667 D/CCodecBufferChannel( 1199): [c2.android.vorbis.decoder#573] buffers after EOS ignored (0 us)
11-29 03:20:09.669 D/CCodecBufferChannel( 1199): [c2.android.vorbis.decoder#573] buffers after EOS ignored (0 us)
11-29 03:20:09.670 D/AudioTrack( 1199): stop(39): called with 82980 frames delivered
11-29 03:20:09.950 I/mpu_uart( 647): [MSG-P:RECV]:No message received in 1000 ms
11-29 03:20:10.060 D/audio_hw_primary( 815): out_set_parameters: enter: usecase(1: low-latency-playback) kvpairs: suspend_playback=true
11-29 03:20:10.060 D/audio_hw_extn( 815): audio_extn_fm_set_parameters: Enter
11-29 03:20:10.071 D/audio_hw_primary( 815): out_set_parameters: enter: usecase(1: low-latency-playback) kvpairs: suspend_playback=false
11-29 03:20:10.071 D/audio_hw_extn( 815): audio_extn_fm_set_parameters: Enter
11-29 03:20:10.075 D/audio_hw_primary( 815): out_set_parameters: enter: usecase(1: low-latency-playback) kvpairs: suspend_playback=true
11-29 03:20:10.075 D/audio_hw_extn( 815): audio_extn_fm_set_parameters: Enter
11-29 03:20:10.086 D/audio_hw_primary( 815): out_set_parameters: enter: usecase(1: low-latency-playback) kvpairs: suspend_playback=false
11-29 03:20:10.086 D/audio_hw_extn( 815): audio_extn_fm_set_parameters: Enter
11-29 03:20:10.092 W/AudioIDCMicroNegotiator( 1496): idcm_warn: idcm control is not enable
11-29 03:20:10.095 D/audio_hw_primary( 815): out_set_parameters: enter: usecase(1: low-latency-playback) kvpairs: suspend_playback=true
11-29 03:20:10.095 D/audio_hw_extn( 815): audio_extn_fm_set_parameters: Enter
11-29 03:20:10.097 I/MediaFocusControl( 1496): abandonAudioFocus() from uid/pid 10082/1991 clientId=android.media.AudioManager@ee0539b
11-29 03:20:10.097 D/Avrcp_ext( 1974): AudioManager Player: AudioPlaybackConfiguration piid:71 deviceId:0 type:android.media.SoundPool u/pid:10082/1991 state:idle attr:AudioAttributes: usage=USAGE_ASSISTANCE_SONIFICATION content=CONTENT_TYPE_SONIFICATION flags=0x800 tags= bundle=null sessionId:0
11-29 03:20:10.098 D/Avrcp_ext( 1974): AudioManager Player: AudioPlaybackConfiguration piid:87 deviceId:0 type:android.media.SoundPool u/pid:1000/3709 state:idle attr:AudioAttributes: usage=USAGE_ASSISTANCE_SONIFICATION content=CONTENT_TYPE_SONIFICATION flags=0x801 tags= bundle=null sessionId:0
11-29 03:20:10.098 D/Avrcp_ext( 1974): AudioManager Player: AudioPlaybackConfiguration piid:63 deviceId:0 type:android.media.SoundPool u/pid:1000/1496 state:idle attr:AudioAttributes: usage=USAGE_ASSISTANCE_SONIFICATION content=CONTENT_TYPE_SONIFICATION flags=0x800 tags= bundle=null sessionId:0
11-29 03:20:10.098 D/Avrcp_ext( 1974): AudioManager Player: AudioPlaybackConfiguration piid:127 deviceId:3 type:android.media.MediaPlayer u/pid:10082/1991 state:stopped attr:AudioAttributes: usage=USAGE_NOTIFICATION content=CONTENT_TYPE_SONIFICATION flags=0x800 tags= bundle=null sessionId:0
11-29 03:20:10.098 D/Avrcp_ext( 1974): AudioManager isPlaying: false, mAudioPlaybackIsActive = true
11-29 03:20:10.098 D/Avrcp_ext( 1974): AudioManager Reset Active Player
11-29 03:20:10.098 V/MediaPlayer( 1991): resetDrmState: mDrmInfo=null mDrmProvisioningThread=null mPrepareDrmInProgress=false mActiveDrmScheme=false
11-29 03:20:10.098 V/MediaPlayer( 1991): cleanDrmObj: mDrmObj=null mDrmSessionId=null
11-29 03:20:10.099 D/NuPlayerDriver( 1199): reset(0xeb441af0) at state 6
11-29 03:20:10.100 D/audio_hw_primary( 815): out_set_parameters: enter: usecase(1: low-latency-playback) kvpairs: suspend_playback=false
11-29 03:20:10.100 D/audio_hw_extn( 815): audio_extn_fm_set_parameters: Enter
11-29 03:20:10.101 V/Avrcp_ext( 1974): updateCurrentMediaState: mMediaController: MediaController (com.android.systemui@4a501a7) null
11-29 03:20:10.101 W/Avrcp_ext( 1974): isMusicActive: false getBluetoothPlayState: 2 A2dp State: 11 mAudioPlaybackIsActive: false
11-29 03:20:10.101 D/Avrcp_ext( 1974): isMusicActive = false mAudioPlaybackIsActive = false player state = null
11-29 03:20:10.102 I/Avrcp_ext( 1974): Skipping update due to invalid playback state
11-29 03:20:10.102 V/Avrcp_ext( 1974): updatePlaybackState, state: null device: null
11-29 03:20:10.102 V/Avrcp_ext( 1974): Device: no name:
11-29 03:20:10.102 V/Avrcp_ext( 1974): Device: no name:
11-29 03:20:10.102 V/Avrcp_ext( 1974): Device: no name:
11-29 03:20:10.102 V/Avrcp_ext( 1974): Device: no name:
11-29 03:20:10.102 V/Avrcp_ext( 1974): Device: no name:
11-29 03:20:10.102 V/Avrcp_ext( 1974): updatePlayerStateAndPosition, old=PlaybackState {state=2, position=-1, buffered position=0, speed=1.0, updated=24344, actions=0, custom actions=[], active item id=-1, error=null}, state=null
11-29 03:20:10.102 I/Avrcp_ext( 1974): updatePlayerStateAndPosition: device: state = null
11-29 03:20:10.102 D/Avrcp_ext( 1974): AudioManager Player: AudioPlaybackConfiguration piid:71 deviceId:0 type:android.media.SoundPool u/pid:10082/1991 state:idle attr:AudioAttributes: usage=USAGE_ASSISTANCE_SONIFICATION content=CONTENT_TYPE_SONIFICATION flags=0x800 tags= bundle=null sessionId:0
11-29 03:20:10.103 D/Avrcp_ext( 1974): AudioManager Player: AudioPlaybackConfiguration piid:87 deviceId:0 type:android.media.SoundPool u/pid:1000/3709 state:idle attr:AudioAttributes: usage=USAGE_ASSISTANCE_SONIFICATION content=CONTENT_TYPE_SONIFICATION flags=0x801 tags= bundle=null sessionId:0
11-29 03:20:10.103 D/Avrcp_ext( 1974): AudioManager Player: AudioPlaybackConfiguration piid:63 deviceId:0 type:android.media.SoundPool u/pid:1000/1496 state:idle attr:AudioAttributes: usage=USAGE_ASSISTANCE_SONIFICATION content=CONTENT_TYPE_SONIFICATION flags=0x800 tags= bundle=null sessionId:0
11-29 03:20:10.103 I/hw-BpHwBinder( 1199): onLastStrongRef automatically unlinking death recipients
11-29 03:20:10.103 D/Avrcp_ext( 1974): AudioManager isPlaying: false, mAudioPlaybackIsActive = false
11-29 03:20:10.103 D/Avrcp_ext( 1974): AudioManager Reset Active Player
11-29 03:20:10.103 I/hw-BpHwBinder( 1291): onLastStrongRef automatically unlinking death recipients
11-29 03:20:10.104 V/C2Store ( 1291): in ~ComponentModule
11-29 03:20:10.104 V/C2Store ( 1291): unloading dll
11-29 03:20:10.107 D/NuPlayerDriver( 1199): notifyResetComplete(0xeb441af0)
11-29 03:20:10.108 W/AMessage( 1199): failed to post message as target looper for handler 0 is gone.
11-29 03:20:10.147 D/audio_hw_primary( 815): out_set_parameters: enter: usecase(1: low-latency-playback) kvpairs: suspend_playback=true
11-29 03:20:10.147 D/audio_hw_extn( 815): audio_extn_fm_set_parameters: Enter
11-29 03:20:10.147 D/msm8974_platform( 815): platform_split_snd_device: snd_device(2) num devices(1) new_snd_devices(0)
11-29 03:20:10.147 D/ACDB-LOADER( 815): ACDB -> send_audvoltable
11-29 03:20:10.147 D/ACDB-LOADER( 815): ACDB -> ACDB_CMD_GET_AUDPROC_INSTANCE_GAIN_DEP_STEP_TABLE_SIZE
11-29 03:20:10.148 D/ACDB-LOADER( 815): ACDB -> ACDB_CMD_GET_AUDPROC_INSTANCE_GAIN_DEP_STEP_TABLE, vol index 0
11-29 03:20:10.148 D/ACDB-LOADER( 815): ACDB -> AUDIO_SET_VOL_CAL cal type = 40
11-29 03:20:10.149 D/msm8974_platform( 815): platform_split_snd_device: snd_device(2) num devices(1) new_snd_devices(0)
11-29 03:20:10.907 I/auditd ( 0): type=1400 audit(0.0:602): avc: denied { kill } for comm="swapper/1" capability=5 scontext=u:r:kernel:s0 tcontext=u:r:kernel:s0 tclass=capability permissive=0
11-29 03:20:10.907 W/swapper/1( 0): type=1400 audit(0.0:602): avc: denied { kill } for capability=5 scontext=u:r:kernel:s0 tcontext=u:r:kernel:s0 tclass=capability permissive=0
11-29 03:20:10.951 I/mpu_uart( 647): [MSG-P:RECV]:No message received in 1000 ms
11-29 03:20:11.137 D/NetworkMonitor/100( 2199): isDataStall: result=1, tcp packets received=0, latest tcp fail rate=-1, consecutive dns timeout count=60
11-29 03:20:11.138 D/NetworkMonitor/100( 2199): Suspecting data stall, reevaluate
11-29 03:20:11.138 D/ConnectivityService( 1496): Data stall detected with methods: 1
11-29 03:20:11.140 D/NetworkMonitor/100( 2199): Validation disabled.
11-29 03:20:11.146 D/ConnectivityService( 1496): [100 WIFI] validation passed
11-29 03:20:11.147 D/audio_hw_primary( 815): out_set_parameters: enter: usecase(1: low-latency-playback) kvpairs: suspend_playback=false
11-29 03:20:11.148 D/audio_hw_extn( 815): audio_extn_fm_set_parameters: Enter
11-29 03:20:11.150 W/audio_hw_primary( 815): out_write: underrun(11) frames_by_time(48330) > out->last_fifo_frames_remaining(384)
11-29 03:20:11.188 D/audio_hw_primary( 815): out_set_parameters: enter: usecase(1: low-latency-playback) kvpairs: suspend_playback=true
11-29 03:20:11.188 D/audio_hw_extn( 815): audio_extn_fm_set_parameters: Enter
11-29 03:20:11.907 I/auditd ( 0): type=1400 audit(0.0:603): avc: denied { kill } for comm="swapper/1" capability=5 scontext=u:r:kernel:s0 tcontext=u:r:kernel:s0 tclass=capability permissive=0
11-29 03:20:11.907 W/swapper/1( 0): type=1400 audit(0.0:603): avc: denied { kill } for capability=5 scontext=u:r:kernel:s0 tcontext=u:r:kernel:s0 tclass=capability permissive=0
11-29 03:20:11.912 D/DhcpClient( 2199): Received packet: 66:25:0c:9d:55:97 ACK: your new IP /10.1.1.104, netmask /255.255.255.0, gateways [/10.1.1.1] DNS servers: /10.1.1.1 , lease time 30
11-29 03:20:11.951 I/mpu_uart( 647): [MSG-P:RECV]:No message received in 1000 ms
11-29 03:20:12.155 I/mpu_uart( 647): [MSG-P:R]:recv sync frame timeout
11-29 03:20:12.189 D/audio_hw_primary( 815): out_set_parameters: enter: usecase(1: low-latency-playback) kvpairs: suspend_playback=false
11-29 03:20:12.189 D/audio_hw_extn( 815): audio_extn_fm_set_parameters: Enter
11-29 03:20:12.189 W/audio_hw_primary( 815): out_write: underrun(12) frames_by_time(48120) > out->last_fifo_frames_remaining(384)
11-29 03:20:12.230 D/audio_hw_primary( 815): out_set_parameters: enter: usecase(1: low-latency-playback) kvpairs: suspend_playback=true
11-29 03:20:12.231 D/audio_hw_extn( 815): audio_extn_fm_set_parameters: Enter
11-29 03:20:12.907 I/auditd ( 0): type=1400 audit(0.0:604): avc: denied { kill } for comm="swapper/1" capability=5 scontext=u:r:kernel:s0 tcontext=u:r:kernel:s0 tclass=capability permissive=0
11-29 03:20:12.907 W/swapper/1( 0): type=1400 audit(0.0:604): avc: denied { kill } for capability=5 scontext=u:r:kernel:s0 tcontext=u:r:kernel:s0 tclass=capability permissive=0
11-29 03:20:12.951 I/mpu_uart( 647): [MSG-P:RECV]:No message received in 1000 ms
11-29 03:20:13.231 D/audio_hw_primary( 815): out_set_parameters: enter: usecase(1: low-latency-playback) kvpairs: suspend_playback=false
11-29 03:20:13.231 D/audio_hw_extn( 815): audio_extn_fm_set_parameters: Enter
11-29 03:20:13.232 D/audio_hw_primary( 815): out_standby: enter: stream (0xec4821a0) usecase(1: low-latency-playback)
11-29 03:20:13.250 D/BufferPoolAccessor2.0( 1291): evictor expired: 1, evicted: 0
11-29 03:20:13.253 D/audio_hw_primary( 815): disable_audio_route: reset and update mixer path: low-latency-playback
11-29 03:20:13.255 E/soundtrigger( 815): audio_extn_sound_trigger_update_stream_status: invalid input device 0x0, for event 2
11-29 03:20:13.255 D/soundtrigger( 815): audio_extn_sound_trigger_update_stream_status: uc_info->id 1 of type 0 for Event 2, with Raise=0
11-29 03:20:13.255 D/msm8974_platform( 815): platform_split_snd_device: snd_device(2) num devices(0) new_snd_devices(0)
11-29 03:20:13.255 I/msm8974_platform( 815): platform_get_custom_mtmx_params: no matching param with id 0 ip_ch 2 op_ch 2 uc_id 1 snd_dev 2
11-29 03:20:13.255 D/hardware_info( 815): hw_info_append_hw_type : device_name = speaker
11-29 03:20:13.255 D/audio_hw_primary( 815): disable_snd_device: snd_device(2: speaker)
11-29 03:20:13.255 D/msm8974_platform( 815): platform_split_snd_device: snd_device(2) num devices(0) new_snd_devices(0)
11-29 03:20:13.255 I/soundtrigger( 815): audio_extn_sound_trigger_update_device_status: device 0x2 of type 0 for Event 0, with Raise=0
11-29 03:20:13.255 D/audio_hw_primary( 815): out_standby: exit
11-29 03:20:13.907 I/auditd ( 0): type=1400 audit(0.0:605): avc: denied { kill } for comm="swapper/1" capability=5 scontext=u:r:kernel:s0 tcontext=u:r:kernel:s0 tclass=capability permissive=0
11-29 03:20:13.907 W/swapper/1( 0): type=1400 audit(0.0:605): avc: denied { kill } for capability=5 scontext=u:r:kernel:s0 tcontext=u:r:kernel:s0 tclass=capability permissive=0
11-29 03:20:13.951 I/mpu_uart( 647): [MSG-P:RECV]:No message received in 1000 ms
11-29 03:20:14.248 D/BufferPoolAccessor2.0( 1199): evictor expired: 1, evicted: 0
11-29 03:20:14.907 I/auditd ( 0): type=1400 audit(0.0:606): avc: denied { kill } for comm="swapper/1" capability=5 scontext=u:r:kernel:s0 tcontext=u:r:kernel:s0 tclass=capability permissive=0
11-29 03:20:14.907 W/swapper/1( 0): type=1400 audit(0.0:606): avc: denied { kill } for capability=5 scontext=u:r:kernel:s0 tcontext=u:r:kernel:s0 tclass=capability permissive=0
11-29 03:20:14.951 I/mpu_uart( 647): [MSG-P:RECV]:No message received in 1000 ms
11-29 03:20:15.158 I/mpu_uart( 647): [MSG-P:R]:recv sync frame timeout
11-29 03:20:15.249 D/BufferPoolAccessor2.0( 1199): bufferpool2 0xeac02e48 : 0(0 size) total buffers - 0(0 size) used buffers - 95/103 (recycle/alloc) - 8/198 (fetch/transfer)
11-29 03:20:15.249 D/BufferPoolAccessor2.0( 1199): evictor expired: 1, evicted: 1
11-29 03:20:15.251 D/BufferPoolAccessor2.0( 1291): bufferpool2 0xb4000079bfa95a08 : 0(0 size) total buffers - 0(0 size) used buffers - 93/97 (recycle/alloc) - 4/96 (fetch/transfer)
11-29 03:20:15.251 D/BufferPoolAccessor2.0( 1291): evictor expired: 1, evicted: 1
11-29 03:20:15.907 I/auditd ( 0): type=1400 audit(0.0:607): avc: denied { kill } for comm="swapper/1" capability=5 scontext=u:r:kernel:s0 tcontext=u:r:kernel:s0 tclass=capability permissive=0
11-29 03:20:15.907 W/swapper/1( 0): type=1400 audit(0.0:607): avc: denied { kill } for capability=5 scontext=u:r:kernel:s0 tcontext=u:r:kernel:s0 tclass=capability permissive=0
11-29 03:20:15.952 I/mpu_uart( 647): [MSG-P:RECV]:No message received in 1000 ms
11-29 03:20:16.907 I/auditd ( 0): type=1400 audit(0.0:608): avc: denied { kill } for comm="swapper/1" capability=5 scontext=u:r:kernel:s0 tcontext=u:r:kernel:s0 tclass=capability permissive=0
11-29 03:20:16.907 W/swapper/1( 0): type=1400 audit(0.0:608): avc: denied { kill } for capability=5 scontext=u:r:kernel:s0 tcontext=u:r:kernel:s0 tclass=capability permissive=0
11-29 03:20:16.952 I/mpu_uart( 647): [MSG-P:RECV]:No message received in 1000 ms
11-29 03:20:17.720 I/GameModeConfig( 1496): isGameModeOn = false
11-29 03:20:17.731 D/InterruptionStateProvider( 1991): No bubble up: not allowed to bubble: -1|android|26|null|1000
11-29 03:20:17.731 D/InterruptionStateProvider( 1991): No alerting: filtered notification: 0|com.android.systemui|1|empty_media|10082
11-29 03:20:17.731 D/InterruptionStateProvider( 1991): No bubble up: not allowed to bubble: 0|com.android.systemui|2048|null|10082
11-29 03:20:17.731 D/InterruptionStateProvider( 1991): No bubble up: not allowed to bubble: -1|android|32|null|1000
11-29 03:20:17.747 D/DhcpClient( 2199): Received packet: a6:ae:2b:52:e2:59 ACK: your new IP /10.1.1.102, netmask /255.255.255.0, gateways [/10.1.1.1] DNS servers: /10.1.1.1 , lease time 30
11-29 03:20:17.907 I/auditd ( 0): type=1400 audit(0.0:609): avc: denied { kill } for comm="swapper/1" capability=5 scontext=u:r:kernel:s0 tcontext=u:r:kernel:s0 tclass=capability permissive=0
11-29 03:20:17.907 W/swapper/1( 0): type=1400 audit(0.0:609): avc: denied { kill } for capability=5 scontext=u:r:kernel:s0 tcontext=u:r:kernel:s0 tclass=capability permissive=0
11-29 03:20:17.952 I/mpu_uart( 647): [MSG-P:RECV]:No message received in 1000 ms
11-29 03:20:18.161 I/mpu_uart( 647): [MSG-P:R]:recv sync frame timeout
11-29 03:20:18.907 I/auditd ( 0): type=1400 audit(0.0:610): avc: denied { kill } for comm="swapper/1" capability=5 scontext=u:r:kernel:s0 tcontext=u:r:kernel:s0 tclass=capability permissive=0
11-29 03:20:18.907 W/swapper/1( 0): type=1400 audit(0.0:610): avc: denied { kill } for capability=5 scontext=u:r:kernel:s0 tcontext=u:r:kernel:s0 tclass=capability permissive=0
11-29 03:20:18.953 I/mpu_uart( 647): [MSG-P:RECV]:No message received in 1000 ms
