11-29 03:15:31.850 I/mpu_uart( 647): [MSG-P:RECV]:No message received in 1000 ms
11-29 03:15:31.907 I/auditd ( 0): type=1400 audit(0.0:334): avc: denied { kill } for comm="swapper/3" capability=5 scontext=u:r:kernel:s0 tcontext=u:r:kernel:s0 tclass=capability permissive=0
11-29 03:15:31.907 W/swapper/3( 0): type=1400 audit(0.0:334): avc: denied { kill } for capability=5 scontext=u:r:kernel:s0 tcontext=u:r:kernel:s0 tclass=capability permissive=0
11-29 03:15:32.083 D/DhcpClient( 2199): Unicasting DHCPREQUEST ciaddr=10.1.1.100 request=0.0.0.0 serverid=null to /10.1.1.1:67
11-29 03:15:32.277 D/DhcpClient( 2199): Received packet: 46:9b:5c:c6:13:95 ACK: your new IP /10.1.1.100, netmask /255.255.255.0, gateways [/10.1.1.1] DNS servers: /10.1.1.1 , lease time 30
11-29 03:15:32.278 D/DhcpClient( 2199): Renewed lease: android.net.networkstack.DhcpResults@4a501a7 DHCP server /10.1.1.1 Vendor info null lease 30 seconds Servername
11-29 03:15:32.287 D/DhcpClient( 2199): Scheduling renewal in 29s
11-29 03:15:32.287 D/DhcpClient( 2199): Scheduling rebind in 52s
11-29 03:15:32.287 D/DhcpClient( 2199): Scheduling expiry in 59s
11-29 03:15:32.306 D/SettingMicroservices( 2127): WifiReceiver:
11-29 03:15:32.306 D/BluetoothAdapterService( 1974): android.net.wifi.STATE_CHANGE
11-29 03:15:32.306 D/SettingMicroservices( 2127): WifiReceiver NetworkInfo.State.CONNECTED
11-29 03:15:32.306 D/SettingMicroservices( 2127): doNetworkSync: mIDCMNetworkState: -1 mIsFSEMNetworkWiFi: true
11-29 03:15:32.306 D/SettingMicroservices( 2127): Change Network Preference to TYPE_ETHERNET.
11-29 03:15:32.310 W/BluetoothAdapterService( 1974): fetchWifiState - isWifiConnected =true
11-29 03:15:32.310 D/BluetoothVendorService( 1974): setWifiState to: true
11-29 03:15:32.310 I/BluetoothVendorJni( 1974): setWifiStateNative
11-29 03:15:32.310 I/bt_btif_vendor( 1974): setWifiState :1
11-29 03:15:32.765 I/hpplay-java( 2727): [main]:ServerTaskManager:restart by error
11-29 03:15:32.765 I/hpplay-java( 2727): [main]:ServerTaskManager:startServer
11-29 03:15:32.765 I/hpplay-java( 2727): [main]:ServerTaskManager:startServer add, reason: server is starting or running
11-29 03:15:32.765 I/hpplay-java( 2727): [main]:ServerTaskManager:addStopTask
11-29 03:15:32.766 I/hpplay-java( 2727): [main]:ServerTaskManager:addStartTask
11-29 03:15:32.766 I/hpplay-java( 2727): [main]:ServerTaskManager:exeTask stopServer
11-29 03:15:32.766 I/hpplay-java( 2727): [main]:Bridge:stopServer keepPush: false
11-29 03:15:32.766 D/hpplay-base( 2727): [jniBridge:909] Bridge__1stopServer status:2
11-29 03:15:32.767 D/hpplay-base( 2727): [LelinkBase:654] stopAllServer will start thread!
11-29 03:15:32.767 D/hpplay-base( 2727): [AEventUtils:588] handle AEvent thread end!!,tid is 4908
11-29 03:15:32.767 D/hpplay-base( 2727): [REventUtils:197] handleREventThread thread end!!,tid is 4909
11-29 03:15:32.768 I/hpplay-base( 2727): [mDNSEmbeded:65] embedded_mDNSExit call
11-29 03:15:32.797 D/hpplay-base( 2727): [stream_mirror_compat:1284] mirror stream begin to exit,server fd:68,thread_id:3272462784!!
11-29 03:15:32.797 D/hpplay-base( 2727): [stream_mirror_compat:1323] ##screen stream exit successfully!!##
11-29 03:15:32.850 I/mpu_uart( 647): [MSG-P:RECV]:No message received in 1000 ms
11-29 03:15:32.898 I/mpu_uart( 647): [MSG-P:R]:recv sync frame timeout
11-29 03:15:32.907 I/auditd ( 0): type=1400 audit(0.0:335): avc: denied { kill } for comm="swapper/3" capability=5 scontext=u:r:kernel:s0 tcontext=u:r:kernel:s0 tclass=capability permissive=0
11-29 03:15:32.907 W/swapper/3( 0): type=1400 audit(0.0:335): avc: denied { kill } for capability=5 scontext=u:r:kernel:s0 tcontext=u:r:kernel:s0 tclass=capability permissive=0
11-29 03:15:32.964 D/hpplay-base( 2727): [Server:447] startHttpServer will END srv->serverType:0
11-29 03:15:32.964 D/hpplay-base( 2727): [Server:646] startHttpServer cond srv_shutdown:1 connectNummber:0
11-29 03:15:32.964 D/hpplay-base( 2727): [Server:669] startHttpServer wait cond END. srv_shutdown:1 connectNummber:0
11-29 03:15:32.964 D/hpplay-base( 2727): [Server:457] HttpServer END, tid is 4890
11-29 03:15:33.044 I/hpplay-base( 2727): [mDNSEmbeded:140] embedded_mDNSLoop Exiting end,tid is 4905
11-29 03:15:33.044 D/hpplay-base( 2727): [mDNSEmbeded:452] stopmDNSServer end stopmDNSNow=2, nRet=0
11-29 03:15:33.253 I/hpplay-base( 2727): [mDNSEmbeded:376] end lelink publish server, tid is 4906
11-29 03:15:33.254 D/hpplay-base( 2727): [mDNSEmbeded:420] stopmLelinkServer end nRet=0
11-29 03:15:33.254 D/hpplay-base( 2727): [LelinkBase:615] lebodlna stopServerThreadFunc dlnaEnable:1
11-29 03:15:33.254 D/hpplay-base-dlna( 2727): [lebodlna_api:49] stop DMR
11-29 03:15:33.254 D/hpplay-base-dlna( 2727): [lebodlna_api:344] m_pRender Release
11-29 03:15:33.315 D/hpplay-base-dlna( 2727): [UpnpDefine:867] DMRender release success
11-29 03:15:33.315 D/hpplay-base-dlna( 2727): [lebodlna_api:352] m_pAVT Release
11-29 03:15:33.315 D/hpplay-base-dlna( 2727): [lebodlna_api:360] m_pRCS Release
11-29 03:15:33.315 D/hpplay-base-dlna( 2727): [lebodlna_api:365] dmrender destroydmr
11-29 03:15:33.615 D/hpplay-base-dlna( 2727): [lebodlna-dlna_android:186] stopDLNA
11-29 03:15:33.616 D/hpplay-base-dlna( 2727): [lebodlna-dlna_android:189] dlnaservice destroy
11-29 03:15:33.616 D/hpplay-base-dlna( 2727): [lebodlna-dlna_android:49] dlnaservice Destroy 49 int CDlnaService::Destroy()
11-29 03:15:33.616 D/hpplay-base-dlna( 2727): [lebodlna-dlnaframe:245] dlnaservice Destroy 245 static ERROR_TYPE IDlnaFrame::DestroyDlnaFrame(IDlnaFrame *)
11-29 03:15:33.616 D/hpplay-base-dlna( 2727): [lebodlna-dlnaframe:179] dlnaservice Destroy 179 virtual void CDlnaFrame::Release()
11-29 03:15:33.616 D/hpplay-base-dlna( 2727): [lebodlna-dlnaframe:190] dlnaservice Destroy 190 virtual void CDlnaFrame::Release()
11-29 03:15:33.616 D/hpplay-base-dlna( 2727): [lebodlna-dlnaframe:192] dlnaservice Destroy 192 virtual void CDlnaFrame::Release()
11-29 03:15:33.616 D/hpplay-base-dlna( 2727): [lebodlna-dlnaframe:247] dlnaservice Destroy 247 static ERROR_TYPE IDlnaFrame::DestroyDlnaFrame(IDlnaFrame *)
11-29 03:15:33.616 D/hpplay-base-dlna( 2727): [lebodlna-dlnaframe:251] dlnaservice Destroy 251 static ERROR_TYPE IDlnaFrame::DestroyDlnaFrame(IDlnaFrame *)
11-29 03:15:33.619 E/hpplay-base-dlna( 2727): upnpapi.c:655::before gminiserver ThreadPoolShutdown
11-29 03:15:33.620 E/hpplay-base-dlna( 2727): ThreadPool.c:1047::on ThreadPoolShutdown tp->totalThreads:3
11-29 03:15:33.620 E/hpplay-base-dlna( 2727): ThreadPool.c:1047::on ThreadPoolShutdown tp->totalThreads:2
11-29 03:15:33.621 E/hpplay-base-dlna( 2727): ThreadPool.c:1056::after ThreadPoolShutdown
11-29 03:15:33.621 E/hpplay-base-dlna( 2727): ThreadPool.c:1057::ThreadPoolShutdown tp->totalThreads:0
11-29 03:15:33.621 E/hpplay-base-dlna( 2727): upnpapi.c:657::after gminiserver ThreadPoolShutdown
11-29 03:15:33.621 E/hpplay-base-dlna( 2727): upnpapi.c:659::before grecv ThreadPoolShutdown
11-29 03:15:33.621 E/hpplay-base-dlna( 2727): ThreadPool.c:1047::on ThreadPoolShutdown tp->totalThreads:12
11-29 03:15:33.623 E/hpplay-base-dlna( 2727): ThreadPool.c:1056::after ThreadPoolShutdown
11-29 03:15:33.623 E/hpplay-base-dlna( 2727): ThreadPool.c:1057::ThreadPoolShutdown tp->totalThreads:0
11-29 03:15:33.623 E/hpplay-base-dlna( 2727): upnpapi.c:661::after grecv ThreadPoolShutdown
11-29 03:15:33.623 E/hpplay-base-dlna( 2727): upnpapi.c:663::before gsend ThreadPoolShutdown
11-29 03:15:33.624 E/hpplay-base-dlna( 2727): ThreadPool.c:1047::on ThreadPoolShutdown tp->totalThreads:3
11-29 03:15:33.624 E/hpplay-base-dlna( 2727): ThreadPool.c:1047::on ThreadPoolShutdown tp->totalThreads:2
11-29 03:15:33.624 E/hpplay-base-dlna( 2727): ThreadPool.c:1056::after ThreadPoolShutdown
11-29 03:15:33.624 E/hpplay-base-dlna( 2727): ThreadPool.c:1057::ThreadPoolShutdown tp->totalThreads:0
11-29 03:15:33.624 E/hpplay-base-dlna( 2727): upnpapi.c:665::after gsend ThreadPoolShutdown
11-29 03:15:33.624 D/hpplay-base-dlna( 2727): [lebodlna-dlnaframe:253] dlnaservice Destroy 253 static ERROR_TYPE IDlnaFrame::DestroyDlnaFrame(IDlnaFrame *)
11-29 03:15:33.624 D/hpplay-base-dlna( 2727): [lebodlna-dlna_android:51] dlnaservice Destroy 51 int CDlnaService::Destroy()
11-29 03:15:33.624 D/hpplay-base-dlna( 2727): [lebodlna-dlna_android:194] stopDLNA end
11-29 03:15:33.850 I/mpu_uart( 647): [MSG-P:RECV]:No message received in 1000 ms
11-29 03:15:33.907 I/auditd ( 0): type=1400 audit(0.0:336): avc: denied { kill } for comm="swapper/3" capability=5 scontext=u:r:kernel:s0 tcontext=u:r:kernel:s0 tclass=capability permissive=0
11-29 03:15:33.907 W/swapper/3( 0): type=1400 audit(0.0:336): avc: denied { kill } for capability=5 scontext=u:r:kernel:s0 tcontext=u:r:kernel:s0 tclass=capability permissive=0
11-29 03:15:33.925 D/hpplay-base( 2727): [stream_mirror_compat:1489] request to stop screen stream session!!
11-29 03:15:33.925 D/hpplay-base( 2727): [AEventUtils:625] begin to stop event handle service!!
11-29 03:15:33.925 D/hpplay-base( 2727): [AEventUtils:628] stop event handle service ok!!
11-29 03:15:33.925 D/hpplay-base( 2727): [REventUtils:231] begin to stop report handle service!!
11-29 03:15:33.925 D/hpplay-base( 2727): [REventUtils:234] stop report handle service ok!!
11-29 03:15:33.925 D/hpplay-base( 2727): [lelinkSinkServer:711] HTTP Server stopSinkServer End .
11-29 03:15:33.925 D/hpplay-base( 2727): [jniBridge:1135] notifyJavaServerStoped
11-29 03:15:33.925 D/hpplay-base( 2727): [jniBridge:1726] notifyJava, what:202, castType:0, mimeType:0 baseStatus:4
11-29 03:15:33.925 D/hpplay-base( 2727): [jniBridge:1727] notifyJava sessionID:(null)
11-29 03:15:33.927 I/hpplay-java( 2727): [Thread-81]:Bridge:notify: what: 202
11-29 03:15:33.929 I/hpplay-java( 2727): [Thread-81]:Bridge:notify: out: OutParameters:{audioSessionId=-1, audiotrackIndex=0, castHandleType=-1, castType=0, deviceName='', dlnaName='', dramaID='', extra=0, frameHandleType=-1, handleInside=true, headduration=0, header='', headers=null, isAD=false, isMultiMirror=false, lelinkVer='', limitTime=0, , mediaAlbum='null', mediaAlbumArtURI='', mediaArtist='null', mediaAssets='', mediaTitle='null', mimeType=0, multiSession=null, period=0, pinCode='', playSpeed=0.0, playerChoice=0, plugin=0, port=0, position=0.0, positionUnit=2, protocol=0, realSessionID='', regType='', , sinkIp='', sourceAPPVersion='', sourceChannel='', sourceClientInfo='', sourceDeviceInfo='', sourceDeviceModel='', sourceDeviceName='', sourceDeviceType=0, sourceHID='', , sourceInfo='', , , sourceOSVersion='', sourceSDKVersion='', sourceUid='', stopDetail=0, stopReason=0, tailduration=0, url='', urlID='', urls=null, userAgent='', videoDecoder=0, volume=0, what=202}com.hpplay.sdk.sink.protocol.OutParameters@7880d4a
11-29 03:15:33.929 I/hpplay-java( 2727): [Thread-81]:Bridge:notify: address:171336891
11-29 03:15:33.929 D/hpplay-base( 2727): [LelinkBase:645] stopServerThreadFunc notifyJavaServerStoped!
11-29 03:15:33.929 I/hpplay-java( 2727): [main]:ServerTaskManager:startTimeOutCheck
11-29 03:15:33.930 I/hpplay-java( 2727): [main]:ServerBusiness:stopDaemonBusiness
11-29 03:15:33.930 I/hpplay-java( 2727): [main]:SinkDataReport:logout
11-29 03:15:33.930 I/hpplay-java( 2727): [main]:EPControl:release
11-29 03:15:33.932 I/hpplay-java( 2727): [AsyncTask #12]:GlideCreator:clearCache clearDiskCache
11-29 03:15:33.934 I/hpplay-java( 2727): [main]:Dispatcher:notifyAllReverseControlsStop
11-29 03:15:33.934 I/hpplay-java( 2727): [main]:Preference:checkFeature none
11-29 03:15:33.934 I/hpplay-java( 2727): [main]:Dispatcher:notifyAllUIControlsStop set: []
11-29 03:15:33.934 I/hpplay-java( 2727): [main]:Bridge:findServiceID start out: 171336891
11-29 03:15:33.934 I/hpplay-java( 2727): [main]:Bridge:findServiceID end
11-29 03:15:33.934 I/hpplay-java( 2727): [main]:ServerTaskManager:onStop retry:true
11-29 03:15:33.934 I/hpplay-java( 2727): [main]:ServerTaskManager:cancelTimeOutCheck
11-29 03:15:33.935 W/hpplay-java( 2727): NanoHTTPDServerRunnable:Communication with the client broken
11-29 03:15:33.935 W/hpplay-java( 2727): java.net.SocketException: Socket closed
11-29 03:15:33.935 W/hpplay-java( 2727): at java.net.PlainSocketImpl.socketAccept(PlainSocketImpl.java:213)
11-29 03:15:33.935 W/hpplay-java( 2727): at java.net.AbstractPlainSocketImpl.accept(AbstractPlainSocketImpl.java:451)
11-29 03:15:33.935 W/hpplay-java( 2727): at java.net.ServerSocket.implAccept(ServerSocket.java:547)
11-29 03:15:33.935 W/hpplay-java( 2727): at java.net.ServerSocket.accept(ServerSocket.java:515)
11-29 03:15:33.935 W/hpplay-java( 2727): at com.hpplay.nanohttpd.protocols.http.ServerRunnable.run(SourceFile:118)
11-29 03:15:33.935 W/hpplay-java( 2727): at java.lang.Thread.run(Thread.java:920)
11-29 03:15:33.936 I/hpplay-java( 2727): NanoHTTPDNanoHTTPD:server is stoped
11-29 03:15:33.936 I/hpplay-java( 2727): NanoHTTPDNanoHTTPD:clear obj
11-29 03:15:33.936 I/hpplay-java( 2727): [main]:IPManager:getActiveNets type: WIFI
11-29 03:15:33.936 I/hpplay-java( 2727): [main]:IPManager:getActiveNets eth0:false wifi:true mobile:false ap:false
11-29 03:15:33.936 I/hpplay-java( 2727): [main]:IPManager:getIPAddress IP_WLAN0
11-29 03:15:33.940 I/hpplay-java( 2727): [main]:IPManager:updateIPAddress getIPAddress: 192.168.4.16 name:vlan4
11-29 03:15:33.941 I/hpplay-java( 2727): [main]:IPManager:updateIPAddress getIPAddress: 10.1.1.100 name:wlan0
11-29 03:15:33.941 I/hpplay-java( 2727): [main]:IPManager:updateIPAddress getIPAddress: 192.168.8.16 name:vlan8
11-29 03:15:33.941 I/hpplay-java( 2727): [main]:IPManager:updateIPAddress getIPAddress: 192.168.11.16 name:vlan11
11-29 03:15:33.941 I/hpplay-java( 2727): [main]:IPManager:updateIPAddress getIPAddress: 192.168.0.16 name:vlan0
11-29 03:15:33.941 I/hpplay-java( 2727): [main]:IPManager:updateIPAddress getIPAddress: 192.168.2.16 name:vlan2
11-29 03:15:33.941 I/hpplay-java( 2727): [main]:IPManager:updateIPAddress getIPAddress: 192.168.1.16 name:vlan1
11-29 03:15:33.942 I/hpplay-java( 2727): [main]:ServerTaskManager:exeTask startServer
11-29 03:15:33.942 I/hpplay-java( 2727): [main]:ServerTaskManager:startTimeOutCheck
11-29 03:15:33.942 I/hpplay-java( 2727): [AsyncTask #15]:ServerBusiness:startDaemonBusiness
11-29 03:15:33.943 I/hpplay-java( 2727): [AsyncTask #15]:TimeOutCheckUtil:addTask id:upgrade
11-29 03:15:33.943 I/hpplay-java( 2727): [AsyncTask #24]:Bridge:assembleInParameters
11-29 03:15:33.943 I/hpplay-java( 2727): [AsyncTask #15]:TimeOutCheckUtil:addTask id:ijkupgrade
11-29 03:15:33.944 I/hpplay-java( 2727): [AsyncTask #24]:Bridge:createDeviceId deviceId:YTg6OWE6Mzc6NDA6OGE6NTU=
11-29 03:15:33.945 I/hpplay-java( 2727): [AsyncTask #24]:IPManager:getActiveNets type: WIFI
11-29 03:15:33.945 I/hpplay-java( 2727): [AsyncTask #24]:IPManager:getActiveNets eth0:false wifi:true mobile:false ap:false
11-29 03:15:33.945 I/hpplay-java( 2727): [AsyncTask #24]:IPManager:getIPAddress IP_WLAN0
11-29 03:15:33.945 I/hpplay-java( 2727): [AsyncTask #24]:Preference:checkFeature none
11-29 03:15:33.945 I/hpplay-java( 2727): NanoHTTPDNanoHTTPD:server is started
11-29 03:15:33.945 I/hpplay-java( 2727): [AsyncTask #24]:SWI:dlna tip
11-29 03:15:33.945 I/hpplay-java( 2727): [AsyncTask #24]:SWI:lefp tip
11-29 03:15:33.945 I/hpplay-java( 2727): [AsyncTask #24]:Bridge:assembleInParameters none alias name use device name: 高合娱乐副屏
11-29 03:15:33.946 I/hpplay-java( 2727): [AsyncTask #24]:Feature:isSendAdvertisement
11-29 03:15:33.946 I/hpplay-java( 2727): [AsyncTask #24]:Preference:checkFeature none
11-29 03:15:33.946 I/hpplay-java( 2727): [AsyncTask #24]:Preference:checkFeature none
11-29 03:15:33.946 I/hpplay-java( 2727): [AsyncTask #24]:Bridge:backupHpplayDat bakPath:
11-29 03:15:33.947 I/hpplay-java( 2727): [AsyncTask #24]:Bridge:path:/data/user/0/com.hht.lebocast/files/hpplay/file/happyplay.dat
11-29 03:15:33.947 I/hpplay-java( 2727): [AsyncTask #24]:Bridge:mAppId:21409
11-29 03:15:33.947 I/hpplay-java( 2727): [AsyncTask #24]:Bridge:mode:3
11-29 03:15:33.947 I/hpplay-java( 2727): [AsyncTask #24]:Bridge:type:1
11-29 03:15:33.947 I/hpplay-java( 2727): [AsyncTask #24]:Bridge:SN:
11-29 03:15:33.947 I/hpplay-java( 2727): [AsyncTask #24]:Preference:checkFeature none
11-29 03:15:33.947 I/hpplay-java( 2727): [AsyncTask #24]:Bridge:backPath:
11-29 03:15:33.947 I/hpplay-java( 2727): [AsyncTask #24]:DeviceUtil:getPermissionDid: 1
11-29 03:15:33.947 I/hpplay-java( 2727): [AsyncTask #24]:DeviceUtil:getPermissionDid: 1
11-29 03:15:33.947 I/hpplay-java( 2727): [AsyncTask #24]:Preference:checkFeature none
11-29 03:15:33.947 I/hpplay-java( 2727): [AsyncTask #24]:Preference:checkFeature none
11-29 03:15:33.947 I/hpplay-java( 2727): [AsyncTask #24]:Preference:checkFeature none
11-29 03:15:33.947 I/hpplay-java( 2727): [AsyncTask #24]:Preference:checkFeature none
11-29 03:15:33.947 I/hpplay-java( 2727): [AsyncTask #24]:Preference:checkFeature none
11-29 03:15:33.948 I/hpplay-java( 2727): [AsyncTask #24]:Preference:checkFeature none
11-29 03:15:33.954 W/hpplay-java( 2727): [AsyncTask #15]:ServerBusiness:startDaemonBusiness start LelinkHTTPD sucess 52288
11-29 03:15:33.971 W/hpplay-java( 2727): [AsyncTask #24]:DeviceUtils:getDomain create lb domain
11-29 03:15:33.971 I/hpplay-java( 2727): [AsyncTask #24]:Feature:getMirrorAudioVideoSync DISABLE
11-29 03:15:33.971 I/hpplay-java( 2727): [AsyncTask #24]:Feature:checkSupportRedirectOtherApp,no set redirect api
11-29 03:15:33.971 I/hpplay-java( 2727): [AsyncTask #24]:Feature:getRedirectSearchFlag,value: 0
11-29 03:15:33.972 I/hpplay-java( 2727): [AsyncTask #24]:Bridge:mIn: InParameters{appInfo='0', appKey='21409', authMode=0, authPwd='null', broadcastDirection=0, broadcastState=1, broadcastTimeout=3, buildType='release', cacheAVPath='/data/user/0/com.hht.lebocast/cache/hpplay/av', cachePhotoPath='/data/user/0/com.hht.lebocast/cache/hpplay/image', channel='LEBO-APK--60146-25915', desPath='', , deviceName='高合娱乐副屏', dlna=1, dlnaCompany='null', dlnaCompanyURL='null', dlnaDeviceDescribe='null', dlnaDeviceName='null', dlnaDeviceURL='null', dlnaLelinkSwitch=1, dlnaManufacturer=0, dlnaName='高合娱乐副屏', dlnaUPC='', dlnaUUID='9a3efe89-9f9c-4c03-5733-764c69fc85a9', domain='Lebo-figure-469b5cc61395', drainage=0, feature='6655', fps=60, height=1080, host='null', , keyPath='/data/user/0/com.hht.lebocast/files/hpplay/file', lelinkfp=1, lelinkfp2=0, logBaseState=1, logPath='/storage/emulated/0/com.hht.lebocast/sink/sdk/common', , mdnsEnable=1, mirrorSyncType=0, netCastVer='2.0', packageName='com.hht.lebocast', packagePath='/data/user/0/com.hht.lebocast', permissionDid='46:9b:5c:c6:13:95', permissionMode=3, permissionPreSN='', port=0, preemptMode=0, regType='_leboremote._tcp.', serverPorts=null, sockWaitTimeOut=45, teleControlPort=53388, tunnels=3, txtKeys=null, txtValues=null, uid='5246338120930115427', videoFrameType=1001, width=1920}com.hpplay.sdk.sink.protocol.InParameters@fdd4baf
11-29 03:15:33.972 I/hpplay-java( 2727): [main]:Bridge:startServer state: 0
11-29 03:15:33.972 D/hpplay-base( 2727): [jniBridge:185] not conference version
11-29 03:15:33.972 I/hpplay-base( 2727): [jniBridge:241] 1initServer nSettingWidth=1920 nSettingHeight=1080 nSettingMaxFPS=60 dlnaEnable=1 lelinkFpEnable=1
11-29 03:15:33.972 D/hpplay-base( 2727): [jniBridge:283] 1initServer cfg.leLinkIp=10.1.1.100
11-29 03:15:33.972 D/hpplay-base( 2727): [jniBridge:286] 1initServer cfg.mPermissionMode=3
11-29 03:15:33.972 D/hpplay-base( 2727): [jniBridge:304] 1initServer cfg.permissionDid=46:9b:5c:c6:13:95000000000000000
11-29 03:15:33.972 D/hpplay-base( 2727): [jniBridge:313] 1initServer cfg.mPermissionPreSN=00000000000000000000000000000000
11-29 03:15:33.972 D/hpplay-base( 2727): [jniBridge:317] Bridge___1initServer status:0
11-29 03:15:33.972 I/hpplay-base( 2727): [jniBridge:325] 1initServer cfg.feature=6655
11-29 03:15:33.973 D/hpplay-base( 2727): [jniBridge:377] 1initServer isSendBroadCast=3
11-29 03:15:33.973 D/hpplay-base( 2727): [jniBridge:380] 1initServer broadcastDirection=0
11-29 03:15:33.973 D/hpplay-base( 2727): [jniBridge:382] 1initServer ipBroadcast direction=0
11-29 03:15:33.973 D/hpplay-base( 2727): [jniBridge:387] 1initServer tunnel=3
11-29 03:15:33.973 D/hpplay-base( 2727): [jniBridge:390] 1initServer drainage=0
11-29 03:15:33.973 D/hpplay-base( 2727): [jniBridge:401] 1initServer mDNSEnable=1
11-29 03:15:33.973 D/hpplay-base( 2727): [jniBridge:406] 1initServer nSockWaitTimeOut=45
11-29 03:15:33.973 D/hpplay-base( 2727): [jniBridge:410] 1initServer nMirrorAudioVideoSync=0
11-29 03:15:33.973 I/hpplay-base( 2727): [sign_check:168] checkSign strPackageName:com.hht.lebocast
11-29 03:15:33.973 I/hpplay-base( 2727): [sign_check:169] checkSign buildType:release
11-29 03:15:33.973 I/hpplay-base( 2727): [sign_check:170] checkSign appKey:21409
11-29 03:15:33.973 D/hpplay-base( 2727): [LelinkBase:405] bridgeInit port: 0, lelinkfp: 0
11-29 03:15:33.973 D/hpplay-base( 2727): [LelinkBase:462] bridgeInit mPackagePath =/data/user/0/com.hht.lebocast
11-29 03:15:33.973 D/hpplay-base( 2727): [LelinkBase:463] bridgeInit mKeyPath =/data/user/0/com.hht.lebocast/files/hpplay/file
11-29 03:15:33.973 D/hpplay-base( 2727): [SinkContext:97] initSinkContext mPackagePath =/data/user/0/com.hht.lebocast
11-29 03:15:33.973 D/hpplay-base( 2727): [SinkContext:98] initSinkContext mKeyPath =/data/user/0/com.hht.lebocast/files/hpplay/file
11-29 03:15:33.973 D/hpplay-base( 2727): [jniBridge:478] Java_com_hpplay_sdk_sink_protocol_Bridge__1initServer end
11-29 03:15:33.973 D/hpplay-base( 2727): [jniBridge:869] Bridge__1startServer status:1
11-29 03:15:33.974 D/hpplay-base( 2727): [LelinkBase:492] startAllServer at base
11-29 03:15:33.974 D/hpplay-base( 2727): [lelinkSinkServer:152] httpPlugins_SetServerPort TYPE_SERVER_LELINK:52266
11-29 03:15:33.974 D/hpplay-base( 2727): [network.c:362] protocol bind host :10.1.1.100 port:52266 curent bind port:52266
11-29 03:15:33.974 D/hpplay-base( 2727): [lelinkSinkServer:681] HTTP Server real at:52266
11-29 03:15:33.974 D/hpplay-base( 2727): [lelinkSinkServer:644] Connected Service Type:0
11-29 03:15:33.974 I/hpplay-base( 2727): : (server.c.315) startServer listen_ing....:
11-29 03:15:33.974 D/hpplay-base( 2727): [ScreenStream:1285] current bind port:7100
11-29 03:15:33.974 D/hpplay-base( 2727): [Server:371] startHttpServer srv_sockets.used:1 nCurrentFd:68, tid is 4928
11-29 03:15:33.974 D/hpplay-base( 2727): [LelinkBase:515] startAllServer pBaseContext->config.dlnaEnable:1
11-29 03:15:33.974 D/hpplay-base( 2727): [stream_mirror_compat:759] compat mirror stream begin to run,server fd:70,thread_id:3271410112!!
11-29 03:15:33.975 D/hpplay-base( 2727): [lelinkDlna:324] addDMRCallback end
11-29 03:15:33.976 E/hpplay-base-dlna( 2727): miniserver.c:788::dlna_port(ipv4: 49152 ipv6:0)
11-29 03:15:33.977 D/hpplay-base-dlna( 2727): [lebodlna-dlnaframe:166] succeed to load lebodlnaplugin
11-29 03:15:33.977 D/hpplay-base-dlna( 2727): [lebodlna-dlnaframe:232] Succeed to load specified plugin:lebodlna_plugin
11-29 03:15:33.977 D/hpplay-base( 2727): [lelinkDlna:328] startDLNAServer ret=0
11-29 03:15:33.977 D/hpplay-base( 2727): [LelinkBase:531] startDLNAServer ret= 0
11-29 03:15:33.977 D/hpplay-base( 2727): [lelinkDlna:342] setDMRFriendlyName 高合娱乐副屏
11-29 03:15:33.977 D/hpplay-base-dlna( 2727): [lebodlna-dlna_android:136] setBroadcastTimeout mBroadcastTimeOut=66 status=3!
11-29 03:15:33.977 D/hpplay-base-dlna( 2727): [lebodlna_api:32] start DMR
11-29 03:15:33.978 D/hpplay-base-dlna( 2727): [UpnpDefine:434] RegisterDMRender invalid lelink info
11-29 03:15:33.978 D/hpplay-base-dlna( 2727): [UpnpDefine:467] DLNA DEFAULT_DESCRIPTION
11-29 03:15:33.979 E/hpplay-base-dlna( 2727): upnpapi.c:1078::Exiting RegisterRootDevice2 *Hnd =1, return value == 0
11-29 03:15:33.979 D/hpplay-base-dlna( 2727): [CUpnpDevice:41] Register Root Device 2:0
11-29 03:15:33.979 D/hpplay-base-dlna( 2727): [UpnpDefine:794] ESDMRender:Register success
11-29 03:15:33.979 D/hpplay-base-dlna( 2727): [lebodlna_api:41] sendBroadcast mBroadcastTimeOut=3
11-29 03:15:33.979 D/hpplay-base-dlna( 2727): [lebodlna_api:44] sendBroadcast timeout=66
11-29 03:15:34.034 D/hpplay-base( 2727): [lelinkDlna:361] startDLNADevice dlnaManufacturer:0 ret=0
11-29 03:15:34.034 D/hpplay-base( 2727): [LelinkBase:535] lelinkSetDlnaInfo ret= 0
11-29 03:15:34.034 D/hpplay-base( 2727): [LelinkBase:547] startAllServer pBaseContext->config.mDNSEnable:1
11-29 03:15:34.035 D/hpplay-base( 2727): [base_mdns:509] mdns net.hostname:
11-29 03:15:34.035 D/hpplay-base( 2727): [base_mdns:529] mdns namelabel:-00-80-0F-74-31-00
11-29 03:15:34.035 D/hpplay-base( 2727): [base_mdns:509] mdns net.hostname:
11-29 03:15:34.035 D/hpplay-base( 2727): [base_mdns:529] mdns namelabel:-00-80-0F-74-31-00
11-29 03:15:34.035 D/hpplay-base( 2727): [mdns:813] mdns start bind port:0
11-29 03:15:34.037 D/hpplay-base( 2727): [mdns:813] mdns start bind port:5353
11-29 03:15:34.037 D/hpplay-base( 2727): [mdns:813] mdns start bind port:5353
11-29 03:15:34.037 D/hpplay-base( 2727): [mdns:813] mdns start bind port:5353
11-29 03:15:34.037 D/hpplay-base( 2727): [mdns:813] mdns start bind port:5353
11-29 03:15:34.037 D/hpplay-base( 2727): [mdns:813] mdns start bind port:5353
11-29 03:15:34.037 D/hpplay-base( 2727): [mdns:813] mdns start bind port:5353
11-29 03:15:34.037 D/hpplay-base( 2727): [mdns:813] mdns start bind port:5353
11-29 03:15:34.037 I/hpplay-base( 2727): [mDNSEmbeded:57] embedded_mDNSInit stopmDNSNow:0 status:0
11-29 03:15:34.038 D/hpplay-base( 2727): [mDNSEmbeded:436] startmDNSServer end nRet=0
11-29 03:15:34.038 D/hpplay-base( 2727): [LelinkBase:555] lelink broadcast_on_off:1 log2java_on_off:1
11-29 03:15:34.038 I/hpplay-base( 2727): [mDNSEmbeded:268] start lelink publish server, tid is 4947
11-29 03:15:34.038 D/hpplay-base( 2727): [mDNSEmbeded:197] http_port bind check 197 http_port_check
11-29 03:15:34.038 D/hpplay-base( 2727): [AEventUtils:595] request to start event handle service!!
11-29 03:15:34.038 D/hpplay-base( 2727): [LelinkMDNS:729] leboAuthorizationCheck strUuid=46:9b:5c:c6:13:95000000000000000
11-29 03:15:34.038 D/hpplay-base( 2727): [LelinkMDNS:730] leboAuthorizationCheck mPermissionDid=46:9b:5c:c6:13:95000000000000000
11-29 03:15:34.038 D/hpplay-base( 2727): [AEventUtils:603] start_event_handle_service,begin to run!!
11-29 03:15:34.038 D/hpplay-base( 2727): [LelinkMDNS:755] leboAuthorizationCheck mPermissionMac=46:9b:5c:c6:13:95000000000000000
11-29 03:15:34.038 D/hpplay-base( 2727): [REventUtils:210] start_event_handle_service,begin to run!!
11-29 03:15:34.038 D/hpplay-base( 2727): [AEventUtils:171] create handle AEvent thread ok!!,tid is 4949
11-29 03:15:34.038 D/hpplay-base( 2727): [LelinkBase:576] startAllServer success .
11-29 03:15:34.039 D/hpplay-base( 2727): [jniBridge:894] startDlna_link:http://10.1.1.100:49152/description.xml
11-29 03:15:34.039 D/hpplay-base( 2727): [jniBridge:1081] notifyJavaDlnalink:http://10.1.1.100:49152/description.xml
11-29 03:15:34.039 D/hpplay-base( 2727): [jniBridge:1726] notifyJava, what:207, castType:0, mimeType:0 baseStatus:2
11-29 03:15:34.039 D/hpplay-base( 2727): [jniBridge:1727] notifyJava sessionID:(null)
11-29 03:15:34.039 D/hpplay-base( 2727): [mDNSEmbeded:217] http_port bind check 217 http_port_check
11-29 03:15:34.039 D/hpplay-base( 2727): [mDNSEmbeded:222] http_port bind check 222 http_port_check
11-29 03:15:34.039 D/hpplay-base( 2727): [REventUtils:59] create handleREventThread thread ok!!,tid is 4950
11-29 03:15:34.040 I/hpplay-java( 2727): [Thread-83]:Bridge:notify: what: 207
11-29 03:15:34.041 D/hpplay-base( 2727): [mDNSEmbeded:234] http_port bind check 234 http_port_check port:52266
11-29 03:15:34.041 D/hpplay-base( 2727): [mDNSEmbeded:237] http_port bind check 237 http_port_check
11-29 03:15:34.041 I/hpplay-java( 2727): [Thread-83]:Bridge:notify: out: OutParameters:{audioSessionId=-1, audiotrackIndex=0, castHandleType=-1, castType=0, deviceName='http://10.1.1.100:49152/description.xml', dlnaName='', dramaID='', extra=0, frameHandleType=-1, handleInside=true, headduration=0, header='', headers=null, isAD=false, isMultiMirror=false, lelinkVer='', limitTime=0, , mediaAlbum='null', mediaAlbumArtURI='', mediaArtist='null', mediaAssets='', mediaTitle='null', mimeType=0, multiSession=null, period=0, pinCode='', playSpeed=0.0, playerChoice=0, plugin=0, port=0, position=0.0, positionUnit=2, protocol=0, realSessionID='', regType='', , sinkIp='', sourceAPPVersion='', sourceChannel='', sourceClientInfo='', sourceDeviceInfo='', sourceDeviceModel='', sourceDeviceName='', sourceDeviceType=0, sourceHID='', , sourceInfo='', , , sourceOSVersion='', sourceSDKVersion='', sourceUid='', stopDetail=0, stopReason=0, tailduration=0, url='', urlID='', urls=null, userAgent='', videoDecoder=0, volume=0, what=207}com.hpplay.sdk.sink.protocol.OutParameters@a4eb033
11-29 03:15:34.041 I/hpplay-java( 2727): [Thread-83]:Bridge:notify: address:128106480
11-29 03:15:34.041 D/hpplay-base( 2727): [lelinkSinkServer:93] new client connection from 127.0.0.1 44235, fd=136
11-29 03:15:34.041 D/hpplay-base( 2727): [SinkContext:137] addSinkContextSession,begin to run!!
11-29 03:15:34.041 D/hpplay-base( 2727): [SinkContext:142] addSinkContextSession,begin to get lock!!
11-29 03:15:34.041 D/hpplay-base( 2727): [SinkContext:144] addSinkContextSession,get lock ok!!
11-29 03:15:34.041 D/hpplay-base( 2727): [SinkContext:149] addSinkContextSession,session list is null,begin to malloc!!
11-29 03:15:34.041 D/hpplay-base( 2727): [SinkContext:156] addSinkContextSession,begin to update!!
11-29 03:15:34.041 D/hpplay-base( 2727): [SinkContext:160] addSinkContextSession,begin to update header!!
11-29 03:15:34.041 D/hpplay-base( 2727): [SinkContext:172] addSinkContextSession,begin to unlock!!
11-29 03:15:34.041 D/hpplay-base( 2727): [SinkContext:174] addSinkContextSession,unlock ok!!
11-29 03:15:34.042 D/hpplay-base( 2727): [LelinkReceiver:4908] get ping !!!
11-29 03:15:34.042 D/hpplay-base( 2727): [mDNSEmbeded:240] http_port bind check 240 http_port_check recieved:64
11-29 03:15:34.042 D/hpplay-base( 2727): [mDNSEmbeded:243] http_port bind check 243 http_port_check
11-29 03:15:34.042 D/hpplay-base( 2727): [mDNSEmbeded:244] http_port bind check ok!
11-29 03:15:34.146 D/hpplay-base( 2727): [LelinkMDNS:766] devicePermissionPublic leboPermissionCheck:-2
11-29 03:15:34.146 D/hpplay-base( 2727): [jniBridge:1125] com_hpplay_sdk_sink_protocol_Bridge_WHAT_SERVER_ERROR
11-29 03:15:34.146 D/hpplay-base( 2727): [jniBridge:1726] notifyJava, what:204, castType:0, mimeType:0 baseStatus:2
11-29 03:15:34.146 D/hpplay-base( 2727): [jniBridge:1727] notifyJava sessionID:(null)
11-29 03:15:34.147 I/hpplay-java( 2727): [Thread-84]:Bridge:notify: what: 204
11-29 03:15:34.148 I/hpplay-java( 2727): [Thread-84]:Bridge:notify: out: OutParameters:{audioSessionId=-1, audiotrackIndex=0, castHandleType=-1, castType=0, deviceName='', dlnaName='', dramaID='', extra=-2002, frameHandleType=-1, handleInside=true, headduration=0, header='', headers=null, isAD=false, isMultiMirror=false, lelinkVer='', limitTime=0, , mediaAlbum='null', mediaAlbumArtURI='', mediaArtist='null', mediaAssets='', mediaTitle='null', mimeType=0, multiSession=null, period=0, pinCode='', playSpeed=0.0, playerChoice=0, plugin=0, port=0, position=0.0, positionUnit=2, protocol=0, realSessionID='', regType='', , sinkIp='', sourceAPPVersion='', sourceChannel='', sourceClientInfo='', sourceDeviceInfo='', sourceDeviceModel='', sourceDeviceName='', sourceDeviceType=0, sourceHID='', , sourceInfo='', , , sourceOSVersion='', sourceSDKVersion='', sourceUid='', stopDetail=0, stopReason=0, tailduration=0, url='', urlID='', urls=null, userAgent='', videoDecoder=0, volume=0, what=204}com.hpplay.sdk.sink.protocol.OutParameters@a670969
11-29 03:15:34.148 I/hpplay-java( 2727): [Thread-84]:Bridge:notify: address:49491950
11-29 03:15:34.148 I/hpplay-base( 2727): [mDNSEmbeded:79] embedded_mDNSLoop stopmDNSNow:0 nPublish:-2 nExitFlag:6 tid is 4946
11-29 03:15:34.148 I/hpplay-java( 2727): [main]:Bridge:findServiceID start out: 49491950
11-29 03:15:34.148 I/hpplay-java( 2727): [main]:Bridge:findServiceID end
11-29 03:15:34.148 E/hpplay-java( 2727): [main]:ServerTaskManager:onError 204/-2002 com.hht.lebocast.LelinkHelper$e@d987030
11-29 03:15:34.149 I/hpplay-java( 2727): [main]:ServerTaskManager:cancelTimeOutCheck
11-29 03:15:34.149 W/hpplay-java( 2727): [main]:ServerTaskManager:onErrorDispatcher errorCode:-2002
11-29 03:15:34.150 I/hpplay-java( 2727): [main]:ServerTaskManager:onError retry later
11-29 03:15:34.242 I/hpplay-base( 2727): [LelinkReceiver:14605] _connectionFinalize (136)
11-29 03:15:34.243 D/hpplay-base( 2727): [LelinkReceiver:14752] ###connectionFinalize,release ok!!###
11-29 03:15:34.398 D/DhcpClient( 2199): Received packet: b2:e2:78:f2:76:a8 ACK: your new IP /10.1.1.101, netmask /255.255.255.0, gateways [/10.1.1.1] DNS servers: /10.1.1.1 , lease time 30
11-29 03:15:34.851 I/mpu_uart( 647): [MSG-P:RECV]:No message received in 1000 ms
11-29 03:15:34.907 I/auditd ( 0): type=1400 audit(0.0:337): avc: denied { kill } for comm="swapper/3" capability=5 scontext=u:r:kernel:s0 tcontext=u:r:kernel:s0 tclass=capability permissive=0
11-29 03:15:34.907 W/swapper/3( 0): type=1400 audit(0.0:337): avc: denied { kill } for capability=5 scontext=u:r:kernel:s0 tcontext=u:r:kernel:s0 tclass=capability permissive=0
11-29 03:15:35.386 I/hpplay-java( 2727): [main]:Upgrade:upgrade not be allowed
11-29 03:15:35.619 D/CompatibilityInfo( 1496): mCompatibilityFlags - 4
11-29 03:15:35.619 D/CompatibilityInfo( 1496): applicationDensity - 240
11-29 03:15:35.619 D/CompatibilityInfo( 1496): applicationScale - 1.0
11-29 03:15:35.641 I/am_pss ( 1496): [4154,10029,com.baidu.input,106347520,91623424,0,228438016,0,7,14]
11-29 03:15:35.657 I/am_pss ( 1496): [2495,10077,com.android.launcher3,72457216,59904000,0,205352960,0,6,12]
11-29 03:15:35.851 I/mpu_uart( 647): [MSG-P:RECV]:No message received in 1000 ms
11-29 03:15:35.901 I/mpu_uart( 647): [MSG-P:R]:recv sync frame timeout
11-29 03:15:35.907 I/auditd ( 0): type=1400 audit(0.0:338): avc: denied { kill } for comm="swapper/3" capability=5 scontext=u:r:kernel:s0 tcontext=u:r:kernel:s0 tclass=capability permissive=0
11-29 03:15:35.907 W/swapper/3( 0): type=1400 audit(0.0:338): avc: denied { kill } for capability=5 scontext=u:r:kernel:s0 tcontext=u:r:kernel:s0 tclass=capability permissive=0
11-29 03:15:35.958 I/hpplay-java( 2727): [main]:ServerBusiness:get deviceCode:
11-29 03:15:35.958 W/hpplay-java( 2727): [main]:ServerBusiness:startDeviceService ignore,invalid deviceCode
11-29 03:15:36.851 I/mpu_uart( 647): [MSG-P:RECV]:No message received in 1000 ms
11-29 03:15:36.907 I/auditd ( 0): type=1400 audit(0.0:339): avc: denied { kill } for comm="swapper/3" capability=5 scontext=u:r:kernel:s0 tcontext=u:r:kernel:s0 tclass=capability permissive=0
11-29 03:15:36.907 W/swapper/3( 0): type=1400 audit(0.0:339): avc: denied { kill } for capability=5 scontext=u:r:kernel:s0 tcontext=u:r:kernel:s0 tclass=capability permissive=0
11-29 03:15:37.151 I/hpplay-java( 2727): [main]:ServerTaskManager:restart by error
11-29 03:15:37.151 I/hpplay-java( 2727): [main]:ServerTaskManager:startServer
11-29 03:15:37.151 I/hpplay-java( 2727): [main]:ServerTaskManager:startServer add, reason: server is starting or running
11-29 03:15:37.151 I/hpplay-java( 2727): [main]:ServerTaskManager:addStopTask
11-29 03:15:37.151 I/hpplay-java( 2727): [main]:ServerTaskManager:addStartTask
11-29 03:15:37.151 I/hpplay-java( 2727): [main]:ServerTaskManager:exeTask stopServer
11-29 03:15:37.151 I/hpplay-java( 2727): [main]:Bridge:stopServer keepPush: false
11-29 03:15:37.152 D/hpplay-base( 2727): [jniBridge:909] Bridge__1stopServer status:2
11-29 03:15:37.152 D/hpplay-base( 2727): [LelinkBase:654] stopAllServer will start thread!
11-29 03:15:37.153 D/hpplay-base( 2727): [AEventUtils:588] handle AEvent thread end!!,tid is 4949
11-29 03:15:37.153 I/hpplay-base( 2727): [mDNSEmbeded:65] embedded_mDNSExit call
11-29 03:15:37.153 D/hpplay-base( 2727): [REventUtils:197] handleREventThread thread end!!,tid is 4950
11-29 03:15:37.184 D/hpplay-base( 2727): [stream_mirror_compat:1284] mirror stream begin to exit,server fd:70,thread_id:3271410112!!
11-29 03:15:37.185 D/hpplay-base( 2727): [stream_mirror_compat:1323] ##screen stream exit successfully!!##
11-29 03:15:37.246 D/hpplay-base( 2727): [Server:447] startHttpServer will END srv->serverType:0
11-29 03:15:37.246 D/hpplay-base( 2727): [Server:646] startHttpServer cond srv_shutdown:1 connectNummber:0
11-29 03:15:37.246 D/hpplay-base( 2727): [Server:669] startHttpServer wait cond END. srv_shutdown:1 connectNummber:0
11-29 03:15:37.246 D/hpplay-base( 2727): [Server:457] HttpServer END, tid is 4928
11-29 03:15:37.466 I/hpplay-base( 2727): [mDNSEmbeded:140] embedded_mDNSLoop Exiting end,tid is 4946
11-29 03:15:37.466 D/hpplay-base( 2727): [mDNSEmbeded:452] stopmDNSServer end stopmDNSNow=2, nRet=0
11-29 03:15:37.737 I/hpplay-base( 2727): [mDNSEmbeded:376] end lelink publish server, tid is 4947
11-29 03:15:37.737 D/hpplay-base( 2727): [mDNSEmbeded:420] stopmLelinkServer end nRet=0
11-29 03:15:37.738 D/hpplay-base( 2727): [LelinkBase:615] lebodlna stopServerThreadFunc dlnaEnable:1
11-29 03:15:37.738 D/hpplay-base-dlna( 2727): [lebodlna_api:49] stop DMR
11-29 03:15:37.738 D/hpplay-base-dlna( 2727): [lebodlna_api:344] m_pRender Release
11-29 03:15:37.794 D/hpplay-base-dlna( 2727): [UpnpDefine:867] DMRender release success
11-29 03:15:37.795 D/hpplay-base-dlna( 2727): [lebodlna_api:352] m_pAVT Release
11-29 03:15:37.795 D/hpplay-base-dlna( 2727): [lebodlna_api:360] m_pRCS Release
11-29 03:15:37.795 D/hpplay-base-dlna( 2727): [lebodlna_api:365] dmrender destroydmr
11-29 03:15:37.851 I/mpu_uart( 647): [MSG-P:RECV]:No message received in 1000 ms
11-29 03:15:37.907 I/auditd ( 0): type=1400 audit(0.0:340): avc: denied { kill } for comm="swapper/3" capability=5 scontext=u:r:kernel:s0 tcontext=u:r:kernel:s0 tclass=capability permissive=0
11-29 03:15:37.907 W/swapper/3( 0): type=1400 audit(0.0:340): avc: denied { kill } for capability=5 scontext=u:r:kernel:s0 tcontext=u:r:kernel:s0 tclass=capability permissive=0
11-29 03:15:38.095 D/hpplay-base-dlna( 2727): [lebodlna-dlna_android:186] stopDLNA
11-29 03:15:38.095 D/hpplay-base-dlna( 2727): [lebodlna-dlna_android:189] dlnaservice destroy
11-29 03:15:38.095 D/hpplay-base-dlna( 2727): [lebodlna-dlna_android:49] dlnaservice Destroy 49 int CDlnaService::Destroy()
11-29 03:15:38.095 D/hpplay-base-dlna( 2727): [lebodlna-dlnaframe:245] dlnaservice Destroy 245 static ERROR_TYPE IDlnaFrame::DestroyDlnaFrame(IDlnaFrame *)
11-29 03:15:38.095 D/hpplay-base-dlna( 2727): [lebodlna-dlnaframe:179] dlnaservice Destroy 179 virtual void CDlnaFrame::Release()
11-29 03:15:38.095 D/hpplay-base-dlna( 2727): [lebodlna-dlnaframe:190] dlnaservice Destroy 190 virtual void CDlnaFrame::Release()
11-29 03:15:38.095 D/hpplay-base-dlna( 2727): [lebodlna-dlnaframe:192] dlnaservice Destroy 192 virtual void CDlnaFrame::Release()
11-29 03:15:38.095 D/hpplay-base-dlna( 2727): [lebodlna-dlnaframe:247] dlnaservice Destroy 247 static ERROR_TYPE IDlnaFrame::DestroyDlnaFrame(IDlnaFrame *)
11-29 03:15:38.095 D/hpplay-base-dlna( 2727): [lebodlna-dlnaframe:251] dlnaservice Destroy 251 static ERROR_TYPE IDlnaFrame::DestroyDlnaFrame(IDlnaFrame *)
11-29 03:15:38.098 E/hpplay-base-dlna( 2727): upnpapi.c:655::before gminiserver ThreadPoolShutdown
11-29 03:15:38.099 E/hpplay-base-dlna( 2727): ThreadPool.c:1047::on ThreadPoolShutdown tp->totalThreads:3
11-29 03:15:38.099 E/hpplay-base-dlna( 2727): ThreadPool.c:1047::on ThreadPoolShutdown tp->totalThreads:2
11-29 03:15:38.099 E/hpplay-base-dlna( 2727): ThreadPool.c:1056::after ThreadPoolShutdown
11-29 03:15:38.100 E/hpplay-base-dlna( 2727): ThreadPool.c:1057::ThreadPoolShutdown tp->totalThreads:0
11-29 03:15:38.100 E/hpplay-base-dlna( 2727): upnpapi.c:657::after gminiserver ThreadPoolShutdown
11-29 03:15:38.100 E/hpplay-base-dlna( 2727): upnpapi.c:659::before grecv ThreadPoolShutdown
11-29 03:15:38.100 E/hpplay-base-dlna( 2727): ThreadPool.c:1047::on ThreadPoolShutdown tp->totalThreads:12
11-29 03:15:38.101 E/hpplay-base-dlna( 2727): ThreadPool.c:1047::on ThreadPoolShutdown tp->totalThreads:11
11-29 03:15:38.101 E/hpplay-base-dlna( 2727): ThreadPool.c:1047::on ThreadPoolShutdown tp->totalThreads:10
11-29 03:15:38.101 E/hpplay-base-dlna( 2727): ThreadPool.c:1047::on ThreadPoolShutdown tp->totalThreads:9
11-29 03:15:38.102 E/hpplay-base-dlna( 2727): ThreadPool.c:1047::on ThreadPoolShutdown tp->totalThreads:1
11-29 03:15:38.103 E/hpplay-base-dlna( 2727): ThreadPool.c:1056::after ThreadPoolShutdown
11-29 03:15:38.103 E/hpplay-base-dlna( 2727): ThreadPool.c:1057::ThreadPoolShutdown tp->totalThreads:0
11-29 03:15:38.103 E/hpplay-base-dlna( 2727): upnpapi.c:661::after grecv ThreadPoolShutdown
11-29 03:15:38.103 E/hpplay-base-dlna( 2727): upnpapi.c:663::before gsend ThreadPoolShutdown
11-29 03:15:38.103 E/hpplay-base-dlna( 2727): ThreadPool.c:1047::on ThreadPoolShutdown tp->totalThreads:3
11-29 03:15:38.103 E/hpplay-base-dlna( 2727): ThreadPool.c:1047::on ThreadPoolShutdown tp->totalThreads:2
11-29 03:15:38.104 E/hpplay-base-dlna( 2727): ThreadPool.c:1056::after ThreadPoolShutdown
11-29 03:15:38.104 E/hpplay-base-dlna( 2727): ThreadPool.c:1057::ThreadPoolShutdown tp->totalThreads:0
11-29 03:15:38.104 E/hpplay-base-dlna( 2727): upnpapi.c:665::after gsend ThreadPoolShutdown
11-29 03:15:38.104 D/hpplay-base-dlna( 2727): [lebodlna-dlnaframe:253] dlnaservice Destroy 253 static ERROR_TYPE IDlnaFrame::DestroyDlnaFrame(IDlnaFrame *)
11-29 03:15:38.104 D/hpplay-base-dlna( 2727): [lebodlna-dlna_android:51] dlnaservice Destroy 51 int CDlnaService::Destroy()
11-29 03:15:38.104 D/hpplay-base-dlna( 2727): [lebodlna-dlna_android:194] stopDLNA end
11-29 03:15:38.110 D/DhcpClient( 2199): Received packet: 66:25:0c:9d:55:97 ACK: your new IP /10.1.1.104, netmask /255.255.255.0, gateways [/10.1.1.1] DNS servers: /10.1.1.1 , lease time 30
11-29 03:15:38.404 D/hpplay-base( 2727): [stream_mirror_compat:1489] request to stop screen stream session!!
11-29 03:15:38.404 D/hpplay-base( 2727): [AEventUtils:625] begin to stop event handle service!!
11-29 03:15:38.404 D/hpplay-base( 2727): [AEventUtils:628] stop event handle service ok!!
11-29 03:15:38.404 D/hpplay-base( 2727): [REventUtils:231] begin to stop report handle service!!
11-29 03:15:38.405 D/hpplay-base( 2727): [REventUtils:234] stop report handle service ok!!
11-29 03:15:38.405 D/hpplay-base( 2727): [lelinkSinkServer:711] HTTP Server stopSinkServer End .
11-29 03:15:38.405 D/hpplay-base( 2727): [jniBridge:1135] notifyJavaServerStoped
11-29 03:15:38.405 D/hpplay-base( 2727): [jniBridge:1726] notifyJava, what:202, castType:0, mimeType:0 baseStatus:4
11-29 03:15:38.405 D/hpplay-base( 2727): [jniBridge:1727] notifyJava sessionID:(null)
11-29 03:15:38.406 I/hpplay-java( 2727): [Thread-85]:Bridge:notify: what: 202
11-29 03:15:38.408 I/hpplay-java( 2727): [Thread-85]:Bridge:notify: out: OutParameters:{audioSessionId=-1, audiotrackIndex=0, castHandleType=-1, castType=0, deviceName='', dlnaName='', dramaID='', extra=0, frameHandleType=-1, handleInside=true, headduration=0, header='', headers=null, isAD=false, isMultiMirror=false, lelinkVer='', limitTime=0, , mediaAlbum='null', mediaAlbumArtURI='', mediaArtist='null', mediaAssets='', mediaTitle='null', mimeType=0, multiSession=null, period=0, pinCode='', playSpeed=0.0, playerChoice=0, plugin=0, port=0, position=0.0, positionUnit=2, protocol=0, realSessionID='', regType='', , sinkIp='', sourceAPPVersion='', sourceChannel='', sourceClientInfo='', sourceDeviceInfo='', sourceDeviceModel='', sourceDeviceName='', sourceDeviceType=0, sourceHID='', , sourceInfo='', , , sourceOSVersion='', sourceSDKVersion='', sourceUid='', stopDetail=0, stopReason=0, tailduration=0, url='', urlID='', urls=null, userAgent='', videoDecoder=0, volume=0, what=202}com.hpplay.sdk.sink.protocol.OutParameters@a3a1c8f
11-29 03:15:38.408 I/hpplay-java( 2727): [Thread-85]:Bridge:notify: address:84667164
11-29 03:15:38.408 D/hpplay-base( 2727): [LelinkBase:645] stopServerThreadFunc notifyJavaServerStoped!
11-29 03:15:38.409 I/hpplay-java( 2727): [main]:ServerTaskManager:startTimeOutCheck
11-29 03:15:38.409 I/hpplay-java( 2727): [main]:ServerBusiness:stopDaemonBusiness
11-29 03:15:38.409 I/hpplay-java( 2727): [main]:SinkDataReport:logout
11-29 03:15:38.410 I/hpplay-java( 2727): [main]:EPControl:release
11-29 03:15:38.412 I/hpplay-java( 2727): [AsyncTask #9]:GlideCreator:clearCache clearDiskCache
11-29 03:15:38.413 I/hpplay-java( 2727): [main]:Dispatcher:notifyAllReverseControlsStop
11-29 03:15:38.413 I/hpplay-java( 2727): [main]:Preference:checkFeature none
11-29 03:15:38.414 I/hpplay-java( 2727): [main]:Dispatcher:notifyAllUIControlsStop set: []
11-29 03:15:38.414 I/hpplay-java( 2727): [main]:Bridge:findServiceID start out: 84667164
11-29 03:15:38.414 I/hpplay-java( 2727): [main]:Bridge:findServiceID end
11-29 03:15:38.414 I/hpplay-java( 2727): [main]:ServerTaskManager:onStop retry:true
11-29 03:15:38.414 W/hpplay-java( 2727): NanoHTTPDServerRunnable:Communication with the client broken
11-29 03:15:38.414 W/hpplay-java( 2727): java.net.SocketException: Socket closed
11-29 03:15:38.414 W/hpplay-java( 2727): at java.net.PlainSocketImpl.socketAccept(PlainSocketImpl.java:213)
11-29 03:15:38.414 W/hpplay-java( 2727): at java.net.AbstractPlainSocketImpl.accept(AbstractPlainSocketImpl.java:451)
11-29 03:15:38.414 W/hpplay-java( 2727): at java.net.ServerSocket.implAccept(ServerSocket.java:547)
11-29 03:15:38.414 W/hpplay-java( 2727): at java.net.ServerSocket.accept(ServerSocket.java:515)
11-29 03:15:38.414 W/hpplay-java( 2727): at com.hpplay.nanohttpd.protocols.http.ServerRunnable.run(SourceFile:118)
11-29 03:15:38.414 W/hpplay-java( 2727): at java.lang.Thread.run(Thread.java:920)
11-29 03:15:38.414 I/hpplay-java( 2727): NanoHTTPDNanoHTTPD:server is stoped
11-29 03:15:38.414 I/hpplay-java( 2727): NanoHTTPDNanoHTTPD:clear obj
11-29 03:15:38.414 I/hpplay-java( 2727): [main]:ServerTaskManager:cancelTimeOutCheck
11-29 03:15:38.415 I/hpplay-java( 2727): [main]:IPManager:getActiveNets type: WIFI
11-29 03:15:38.415 I/hpplay-java( 2727): [main]:IPManager:getActiveNets eth0:false wifi:true mobile:false ap:false
11-29 03:15:38.415 I/hpplay-java( 2727): [main]:IPManager:getIPAddress IP_WLAN0
11-29 03:15:38.419 I/hpplay-java( 2727): [main]:IPManager:updateIPAddress getIPAddress: 192.168.4.16 name:vlan4
11-29 03:15:38.419 I/hpplay-java( 2727): [main]:IPManager:updateIPAddress getIPAddress: 10.1.1.100 name:wlan0
11-29 03:15:38.419 I/hpplay-java( 2727): [main]:IPManager:updateIPAddress getIPAddress: 192.168.8.16 name:vlan8
11-29 03:15:38.419 I/hpplay-java( 2727): [main]:IPManager:updateIPAddress getIPAddress: 192.168.11.16 name:vlan11
11-29 03:15:38.419 I/hpplay-java( 2727): [main]:IPManager:updateIPAddress getIPAddress: 192.168.0.16 name:vlan0
11-29 03:15:38.419 I/hpplay-java( 2727): [main]:IPManager:updateIPAddress getIPAddress: 192.168.2.16 name:vlan2
11-29 03:15:38.419 I/hpplay-java( 2727): [main]:IPManager:updateIPAddress getIPAddress: 192.168.1.16 name:vlan1
11-29 03:15:38.420 I/hpplay-java( 2727): [main]:ServerTaskManager:exeTask startServer
11-29 03:15:38.420 I/hpplay-java( 2727): [AsyncTask #13]:ServerBusiness:startDaemonBusiness
11-29 03:15:38.420 I/hpplay-java( 2727): [AsyncTask #29]:Bridge:assembleInParameters
11-29 03:15:38.420 I/hpplay-java( 2727): [main]:ServerTaskManager:startTimeOutCheck
11-29 03:15:38.420 I/hpplay-java( 2727): [AsyncTask #13]:TimeOutCheckUtil:addTask id:upgrade
11-29 03:15:38.420 I/hpplay-java( 2727): [AsyncTask #13]:TimeOutCheckUtil:addTask id:ijkupgrade
11-29 03:15:38.421 I/hpplay-java( 2727): [AsyncTask #29]:Bridge:createDeviceId deviceId:YTg6OWE6Mzc6NDA6OGE6NTU=
11-29 03:15:38.422 I/hpplay-java( 2727): [AsyncTask #29]:IPManager:getActiveNets type: WIFI
11-29 03:15:38.422 I/hpplay-java( 2727): [AsyncTask #29]:IPManager:getActiveNets eth0:false wifi:true mobile:false ap:false
11-29 03:15:38.422 I/hpplay-java( 2727): [AsyncTask #29]:IPManager:getIPAddress IP_WLAN0
11-29 03:15:38.422 I/hpplay-java( 2727): [AsyncTask #29]:Preference:checkFeature none
11-29 03:15:38.422 I/hpplay-java( 2727): [AsyncTask #29]:SWI:dlna tip
11-29 03:15:38.422 I/hpplay-java( 2727): [AsyncTask #29]:SWI:lefp tip
11-29 03:15:38.422 I/hpplay-java( 2727): [AsyncTask #29]:Bridge:assembleInParameters none alias name use device name: 高合娱乐副屏
11-29 03:15:38.423 I/hpplay-java( 2727): NanoHTTPDNanoHTTPD:server is started
11-29 03:15:38.423 I/hpplay-java( 2727): [AsyncTask #29]:Feature:isSendAdvertisement
11-29 03:15:38.423 I/hpplay-java( 2727): [AsyncTask #29]:Preference:checkFeature none
11-29 03:15:38.423 I/hpplay-java( 2727): [AsyncTask #29]:Preference:checkFeature none
11-29 03:15:38.423 I/hpplay-java( 2727): [AsyncTask #29]:Bridge:backupHpplayDat bakPath:
11-29 03:15:38.424 I/hpplay-java( 2727): [AsyncTask #29]:Bridge:path:/data/user/0/com.hht.lebocast/files/hpplay/file/happyplay.dat
11-29 03:15:38.424 I/hpplay-java( 2727): [AsyncTask #29]:Bridge:mAppId:21409
11-29 03:15:38.424 I/hpplay-java( 2727): [AsyncTask #29]:Bridge:mode:3
11-29 03:15:38.424 I/hpplay-java( 2727): [AsyncTask #29]:Bridge:type:1
11-29 03:15:38.424 I/hpplay-java( 2727): [AsyncTask #29]:Bridge:SN:
11-29 03:15:38.424 I/hpplay-java( 2727): [AsyncTask #29]:Preference:checkFeature none
11-29 03:15:38.424 I/hpplay-java( 2727): [AsyncTask #29]:Bridge:backPath:
11-29 03:15:38.424 I/hpplay-java( 2727): [AsyncTask #29]:DeviceUtil:getPermissionDid: 1
11-29 03:15:38.424 I/hpplay-java( 2727): [AsyncTask #29]:DeviceUtil:getPermissionDid: 1
11-29 03:15:38.424 I/hpplay-java( 2727): [AsyncTask #29]:Preference:checkFeature none
11-29 03:15:38.424 I/hpplay-java( 2727): [AsyncTask #29]:Preference:checkFeature none
11-29 03:15:38.425 I/hpplay-java( 2727): [AsyncTask #29]:Preference:checkFeature none
11-29 03:15:38.425 I/hpplay-java( 2727): [AsyncTask #29]:Preference:checkFeature none
11-29 03:15:38.425 I/hpplay-java( 2727): [AsyncTask #29]:Preference:checkFeature none
11-29 03:15:38.425 I/hpplay-java( 2727): [AsyncTask #29]:Preference:checkFeature none
