--------- beginning of crash
01-01 08:00:08.576 F/libc ( 505): Fatal signal 6 (SIGABRT), code -1 (SI_QUEUE) in tid 505 (init), pid 505 (init) --------- beginning of events
01-01 08:00:08.582 I/snet_event_log( 504): [121035042,-1,]
01-01 08:00:08.584 F/libc ( 505): crash_dump helper failed to exec, or was killed
01-01 08:00:08.585 I/snet_event_log( 502): [121035042,-1,]
01-01 08:00:08.590 I/auditd ( 502): SELinux: Loaded service_contexts from:
01-01 08:00:08.590 I/auditd ( 502): /system/etc/selinux/plat_service_contexts
01-01 08:00:08.590 I/auditd ( 502): /system_ext/etc/selinux/system_ext_service_contexts
01-01 08:00:08.590 I/auditd ( 502): /product/etc/selinux/product_service_contexts
01-01 08:00:08.591 I/auditd ( 502): /vendor/etc/selinux/vendor_service_contexts
01-01 08:00:00.195 I/auditd ( 500): type=2000 audit(0.0:1): state=initialized audit_enabled=0 res=1
01-01 08:00:07.887 I/auditd ( 500): type=1403 audit(0.0:2): auid=4294967295 ses=4294967295 lsm=selinux res=1
01-01 08:00:07.887 I/auditd ( 500): type=1404 audit(0.0:3): enforcing=1 old_enforcing=0 auid=4294967295 ses=4294967295 enabled=1 old-enabled=1 lsm=selinux res=1
01-01 08:00:07.943 I/auditd ( 1): type=1107 audit(0.0:4): uid=0 auid=4294967295 ses=4294967295 subj=u:r:init:s0 msg='avc: denied { read } for property=persist.debug.trace pid=0 uid=0 gid=0 scontext=u:r:vendor_init:s0 tcontext=u:object_r:persist_debug_prop:s0 tclass=file permissive=0'
01-01 08:00:08.327 I/auditd ( 1): type=1400 audit(0.0:5): avc: denied { mounton } for comm="init" path="/sys/kernel/tracing" dev="tracefs" ino=1 scontext=u:r:init:s0 tcontext=u:object_r:debugfs_tracing_debug:s0 tclass=dir permissive=0
01-01 08:00:08.579 I/auditd ( 508): type=1400 audit(0.0:6): avc: denied { ptrace } for comm="crash_dump64" scontext=u:r:crash_dump:s0 tcontext=u:r:init:s0 tclass=process permissive=0
01-01 08:00:08.619 I/auditd ( 519): type=1400 audit(0.0:7): avc: denied { kill } for comm="e2fsck" capability=5 scontext=u:r:fsck:s0 tcontext=u:r:fsck:s0 tclass=capability permissive=0
01-01 08:00:08.627 I/auditd ( 552): type=1400 audit(0.0:8): avc: denied { read write } for comm="fsck_msdos" name="sde51" dev="tmpfs" ino=10041 scontext=u:r:fsck:s0 tcontext=u:object_r:block_device:s0 tclass=blk_file permissive=0
01-01 08:00:08.627 I/auditd ( 552): type=1400 audit(0.0:9): avc: denied { read } for comm="fsck_msdos" name="sde51" dev="tmpfs" ino=10041 scontext=u:r:fsck:s0 tcontext=u:object_r:block_device:s0 tclass=blk_file permissive=0
01-01 08:00:08.627 I/auditd ( 552): type=1400 audit(0.0:10): avc: denied { kill } for comm="fsck_msdos" capability=5 scontext=u:r:fsck:s0 tcontext=u:r:fsck:s0 tclass=capability permissive=0 --------- beginning of system
01-01 08:00:08.633 I/vold ( 516): Vold 3.0 (the awakening) firing up
01-01 08:00:08.633 D/vold ( 516): Detected support for: ext4 f2fs vfat
01-01 08:00:08.634 D/vold ( 516): Found unmanaged dm device named system_ext_a
01-01 08:00:08.634 D/vold ( 516): Found unmanaged dm device named odm_a
01-01 08:00:08.634 D/vold ( 516): Found unmanaged dm device named system_a
01-01 08:00:08.634 D/vold ( 516): Found unmanaged dm device named vendor-verity
01-01 08:00:08.634 D/vold ( 516): Found unmanaged dm device named vendor_a
01-01 08:00:08.634 D/vold ( 516): Found unmanaged dm device named system_ext-verity
01-01 08:00:08.634 D/vold ( 516): Found unmanaged dm device named odm-verity
01-01 08:00:08.634 D/vold ( 516): Found unmanaged dm device named product-verity
01-01 08:00:08.634 D/vold ( 516): Found unmanaged dm device named system-verity
01-01 08:00:08.634 D/vold ( 516): Found unmanaged dm device named product_a
01-01 08:00:08.634 I/vold ( 516): [libfs_mgr]dt_fstab: Skip disabled entry for partition vendor
01-01 08:00:08.635 I/vold ( 516): [libfs_mgr]GetFstabPath()fstab_path:/odm/etc/fstab.default
01-01 08:00:08.635 I/vold ( 516): [libfs_mgr]GetFstabPath()fstab_path:/vendor/etc/fstab.default
01-01 08:00:08.635 I/vold ( 516): [libfs_mgr]GetFstabPath()fstab_path:/system/etc/fstab.default
01-01 08:00:08.635 I/vold ( 516): [libfs_mgr]GetFstabPath()fstab_path:/first_stage_ramdisk/system/etc/fstab.default
01-01 08:00:08.635 I/vold ( 516): [libfs_mgr]GetFstabPath()fstab_path:/fstab.default
01-01 08:00:08.635 I/vold ( 516): [libfs_mgr]GetFstabPath()fstab_path:/first_stage_ramdisk/fstab.default
01-01 08:00:08.635 I/vold ( 516): [libfs_mgr]GetFstabPath()fstab_path:/odm/etc/fstab.qcom
01-01 08:00:08.635 I/vold ( 516): [libfs_mgr]GetFstabPath()fstab_path:/vendor/etc/fstab.qcom
01-01 08:00:08.635 I/vold ( 516): [libfs_mgr]GetFstabPath()fstab_path.c_str():/vendor/etc/fstab.qcom
01-01 08:00:08.636 D/vold ( 516): VoldNativeService::start() completed OK
01-01 08:00:08.637 I/QISL ( 513): QSEE Interrupt Service Listener Thread is started
01-01 08:00:08.638 I/QISL ( 513): QSEE Interrupt Service Listener was activated successfully
01-01 08:00:08.639 D/SPL ( 513): Call QSEECom_register_listener()
01-01 08:00:08.643 D/SPL ( 513): Registered listener sucessfully!
01-01 08:00:08.643 D/SPL ( 513): pipe read-fd [32] write-fd [33]
01-01 08:00:08.643 D/SPL ( 513): Create thread
01-01 08:00:08.643 D/SPL ( 513): Thread created sucessfully.
01-01 08:00:08.643 D/SPL ( 513): spl_dispatch() started
01-01 08:00:08.643 D/SPL ( 513): ==== Wait For Request ======
01-01 08:00:08.683 D/spdaemon( 566): Firmware Name [spss2p].
01-01 08:00:08.683 D/spdaemon( 566): Prod FW.
01-01 08:00:08.683 D/spdaemon( 566): firmware_type [p].
01-01 08:00:08.683 D/spdaemon( 566): open() file [/sys/devices/soc0/machine] Failed, ret =-1.
01-01 08:00:08.683 D/spdaemon( 566): soc_type 1048576
01-01 08:00:08.683 E/iardb ( 566): [iar_db_get_iar_state] failed to open file /mnt/vendor/spunvm/iar_db/iar_state.bin [13] [Permission denied]
01-01 08:00:08.683 D/iarlib ( 566): [iar_get_state] Can't get iar_state, return DISABLED
01-01 08:00:08.683 I/spdaemon( 566): IAR is not activated
01-01 08:00:08.683 D/spdaemon( 566): ------ going to start SP From kernel ------
01-01 08:00:08.683 I/spcomlib( 566): [spcom_restart_sp_subsystem] restart_sp starts
01-01 08:00:08.683 D/spcomlib( 566): [spcom_restart_sp_subsystem] restart_sp - Send PIL request [1]
01-01 08:00:08.684 D/spcomlib( 566): [spcom_restart_sp_subsystem] restart_sp - Restart SP command ok.
01-01 08:00:08.684 D/spcomlib( 566): [spcom_signal_event] event [0] [pil_called] EVENT_STATUS_SIGNALED
01-01 08:00:08.684 I/spcomlib( 566): [spcom_reset_all_app_loaded_prop] start reset all spcomlib apploaded props.
01-01 08:00:09.707 I/auditd ( 609): type=1400 audit(0.0:11): avc: denied { kill } for comm="vdc" capability=5 scontext=u:r:vdc:s0 tcontext=u:r:vdc:s0 tclass=capability permissive=0
01-01 08:00:09.726 D/vold ( 516): fscrypt_mount_metadata_encrypted: /data encrypt: 0 format: 0 with null
01-01 08:00:09.726 D/vold ( 516): metadata_key_dir/key: /metadata/vold/metadata_encryption/key
01-01 08:00:09.727 D/vold ( 516): Key exists, using: /metadata/vold/metadata_encryption/key
01-01 08:00:09.728 I/auditd ( 568): SELinux: Loaded keystore2_key_contexts from:
01-01 08:00:09.728 I/auditd ( 568): /system/etc/selinux/plat_keystore2_key_contexts
01-01 08:00:09.735 D/vold ( 516): Mounting metadata-encrypted filesystem:/data
01-01 08:00:09.738 I/vold ( 516): [libfs_mgr]Running /system/bin/fsck.f2fs -a -c 10000 --debug-cache /dev/block/dm-10
01-01 08:00:09.779 I/auditd ( 612): type=1400 audit(0.0:12): avc: denied { kill } for comm="fsck.f2fs" capability=5 scontext=u:r:fsck:s0 tcontext=u:r:fsck:s0 tclass=capability permissive=0
01-01 08:00:09.830 I/vold ( 516): [libfs_mgr]__mount(source=/dev/block/dm-10,target=/data,type=f2fs)=0: Success
01-01 08:00:09.830 D/vold ( 516): Mounted /data
01-01 08:00:09.830 D/vold ( 516): Disk at 252:10 changed
01-01 08:00:09.823 I/auditd ( 611): type=1400 audit(0.0:13): avc: denied { kill } for comm="vdc" capability=5 scontext=u:r:vdc:s0 tcontext=u:r:vdc:s0 tclass=capability permissive=0
01-01 08:00:09.842 I/Checkpoint( 516): cp_prepareCheckpoint called
01-01 08:00:09.848 I/vold ( 516): fscrypt_initialize_systemwide_keys
01-01 08:00:09.849 D/vold ( 516): Key exists, using: /data/unencrypted/key
01-01 08:00:09.858 D/vold ( 516): Installed fscrypt key with ref 3dfb8b87178e5013ec7d451f9d6155f9 to /data
01-01 08:00:09.858 D/vold ( 516): Added fscrypt-provisioning key for 3dfb8b87178e5013ec7d451f9d6155f9 to session keyring
01-01 08:00:09.859 I/vold ( 516): Wrote system DE key reference to:/data/unencrypted/ref
01-01 08:00:09.859 D/vold ( 516): Generating wrapped storage key
01-01 08:00:09.860 E/vold ( 516): keystore2 Keystore generateKey returned service specific error: -67
01-01 08:00:09.860 W/vold ( 516): Failed to generate rollback-resistant key. This is expected if keymaster doesn't support rollback resistance. Falling back to non-rollback-resistant key.
01-01 08:00:09.866 D/vold ( 516): Installed fscrypt key with ref 62d3abebfffd2acf73489517a9562039 to /data
01-01 08:00:09.866 D/vold ( 516): Added fscrypt-provisioning key for 62d3abebfffd2acf73489517a9562039 to session keyring
01-01 08:00:09.867 D/spcomlib( 617): [spcom_register_service] spcom_register_service() name [sp_keymaster_ssr] pid [495328418992]
01-01 08:00:09.867 I/vold ( 516): Wrote per boot key reference to:/data/unencrypted/per_boot_ref
01-01 08:00:09.867 D/spcomlib( 617): [spcom_open] ch [sp_keymaster_ssr] doesn't exist, create it.
01-01 08:00:09.867 D/spcomlib( 617): [spcom_create_channel] Create Channel [sp_keymaster_ssr].
01-01 08:00:09.879 I/incfs ( 516): Initial API level of the device: 30
01-01 08:00:09.879 I/incfs ( 516): ro.incremental.enable: 1
01-01 08:00:09.879 I/incfs ( 516): isFsAvailable: true
01-01 08:00:09.879 I/incfs ( 516): isFsAvailable: true
01-01 08:00:09.879 I/incfs ( 516): IncFs_Features: v1
01-01 08:00:09.887 D/spcomlib( 617): [add_ssr_cb] ssr cb added!
01-01 08:00:09.887 D/spcomlib( 617): [start_ssr_thread] ch [spcom] ready!
01-01 08:00:09.887 D/spcomlib( 617): [start_ssr_thread] main pthread self_id [0x53dfdcb0].
01-01 08:00:09.887 D/spcomlib( 617): [start_ssr_thread] pthread_create() ret [0] thread-id [0x52cffcb0].
01-01 08:00:09.887 D/spcomlib( 617): [start_ssr_thread] Wait for SSR thread to run.
01-01 08:00:09.887 D/spcomlib( 617): [notify_ssr_thread] SSR pthread self_id [0x52cffcb0].
01-01 08:00:09.887 D/spcomlib( 617): [start_ssr_thread] pthread_cond_wait() ret [0].
01-01 08:00:09.887 D/spcomlib( 617): [start_ssr_thread] done.
01-01 08:00:09.887 D/spcomlib( 617): [add_ch] add ch [sp_keymaster_ssr].
01-01 08:00:09.887 D/spcomlib( 617): [spcom_register_service] spcom_register_service() name [sp_keymaster_ssr] pid [495328418992] done
01-01 08:00:09.889 E/vold ( 516): keystore2 Keystore earlyBootEnded returned service specific error: -68
01-01 08:00:09.936 D/vold ( 516): fscrypt_init_user0
01-01 08:00:09.936 D/vold ( 516): Preparing: /data/misc/vold/user_keys
01-01 08:00:09.937 D/vold ( 516): Preparing: /data/misc/vold/user_keys/ce
01-01 08:00:09.937 D/vold ( 516): Preparing: /data/misc/vold/user_keys/de
01-01 08:00:09.946 D/vold ( 516): Installed fscrypt key with ref 5348a22c5f5b1c07e871d081825f3528 to /data
01-01 08:00:09.946 D/vold ( 516): Added fscrypt-provisioning key for 5348a22c5f5b1c07e871d081825f3528 to session keyring
01-01 08:00:09.946 D/vold ( 516): Installed de key for user 0
01-01 08:00:09.946 D/vold ( 516): fscrypt_prepare_user_storage for volume null, user 0, serial 0, flags 1
01-01 08:00:09.946 D/vold ( 516): Preparing: /data/system/users/0
01-01 08:00:09.947 D/vold ( 516): Preparing: /data/misc/profiles/cur/0
01-01 08:00:09.947 D/vold ( 516): Preparing: /data/system_de/0
01-01 08:00:09.947 D/vold ( 516): Preparing: /data/misc_de/0
01-01 08:00:09.947 D/vold ( 516): Preparing: /data/vendor_de/0
01-01 08:00:09.948 D/vold ( 516): Preparing: /data/user_de/0
01-01 08:00:09.948 I/vold ( 516): Verified that /data/system_de/0 has the encryption policy 5348a22c5f5b1c07e871d081825f3528 v2 modes 1/4 flags 0xa
01-01 08:00:09.948 I/vold ( 516): Verified that /data/misc_de/0 has the encryption policy 5348a22c5f5b1c07e871d081825f3528 v2 modes 1/4 flags 0xa
01-01 08:00:09.948 I/vold ( 516): Verified that /data/vendor_de/0 has the encryption policy 5348a22c5f5b1c07e871d081825f3528 v2 modes 1/4 flags 0xa
01-01 08:00:09.948 I/vold ( 516): Verified that /data/user_de/0 has the encryption policy 5348a22c5f5b1c07e871d081825f3528 v2 modes 1/4 flags 0xa
01-01 08:00:09.948 D/vold ( 516): /system/bin/vold_prepare_subdirs
01-01 08:00:09.948 D/vold ( 516): prepare
01-01 08:00:09.948 D/vold ( 516):
01-01 08:00:09.948 D/vold ( 516): 0
01-01 08:00:09.948 D/vold ( 516): 1
01-01 08:00:09.964 D/vold ( 516): Detected support for FS_IOC_ADD_ENCRYPTION_KEY
01-01 08:00:10.000 I/auditd ( 1): type=1400 audit(0.0:14): avc: denied { getattr } for comm="init" path="/product/bin/init.qti.display.sh" dev="dm-7" ino=68 scontext=u:r:init:s0 tcontext=u:object_r:vendor_sys_qti_display_exec:s0 tclass=file permissive=0
01-01 08:00:10.044 I/liblog ( 658): 19
01-01 08:00:10.044 I/liblog ( 658): 1
01-01 08:00:10.045 I/liblog ( 658): 87
01-01 08:00:10.048 I/liblog ( 658): 62
01-01 08:00:10.048 I/liblog ( 658): 1
01-01 08:00:10.049 I/liblog ( 658): 57
01-01 08:00:10.050 I/liblog ( 658): 260
01-01 08:00:10.050 I/liblog ( 658): 2
01-01 08:00:10.310 I/boot_progress_start( 667): 6637
01-01 08:00:10.551 I/auditd ( 833): type=1400 audit(0.0:15): avc: denied { read } for comm="vendor.qti.hard" name="u:object_r:vendor_cap_configstore_dbg_prop:s0" dev="tmpfs" ino=3346 scontext=u:r:vendor_hal_capabilityconfigstore_qti_default:s0 tcontext=u:object_r:vendor_cap_configstore_dbg_prop:s0 tclass=file permissive=0
01-01 08:00:10.627 I/auditd ( 7): type=1400 audit(0.0:17): avc: denied { create } for comm="kworker/u16:0" scontext=u:r:kernel:s0 tcontext=u:r:kernel:s0 tclass=qipcrtr_socket permissive=0
01-01 08:00:10.627 I/auditd ( 280): type=1400 audit(0.0:16): avc: denied { create } for comm="kworker/u16:4" scontext=u:r:kernel:s0 tcontext=u:r:kernel:s0 tclass=qipcrtr_socket permissive=0
01-01 08:00:10.627 I/auditd ( 80): type=1400 audit(0.0:18): avc: denied { create } for comm="kworker/u16:1" scontext=u:r:kernel:s0 tcontext=u:r:kernel:s0 tclass=qipcrtr_socket permissive=0
01-01 08:00:10.631 I/auditd ( 285): type=1400 audit(0.0:19): avc: denied { create } for comm="kworker/u16:7" scontext=u:r:kernel:s0 tcontext=u:r:kernel:s0 tclass=qipcrtr_socket permissive=0
01-01 08:00:10.631 I/auditd ( 280): type=1400 audit(0.0:20): avc: denied { create } for comm="kworker/u16:4" scontext=u:r:kernel:s0 tcontext=u:r:kernel:s0 tclass=qipcrtr_socket permissive=0
01-01 08:00:10.631 I/auditd ( 280): type=1400 audit(0.0:21): avc: denied { create } for comm="kworker/u16:4" scontext=u:r:kernel:s0 tcontext=u:r:kernel:s0 tclass=qipcrtr_socket permissive=0
01-01 08:00:10.631 I/auditd ( 285): type=1400 audit(0.0:22): avc: denied { create } for comm="kworker/u16:7" scontext=u:r:kernel:s0 tcontext=u:r:kernel:s0 tclass=qipcrtr_socket permissive=0
01-01 08:00:10.631 I/auditd ( 7): type=1400 audit(0.0:23): avc: denied { create } for comm="kworker/u16:0" scontext=u:r:kernel:s0 tcontext=u:r:kernel:s0 tclass=qipcrtr_socket permissive=0
01-01 08:00:10.631 I/auditd ( 280): type=1400 audit(0.0:24): avc: denied { create } for comm="kworker/u16:4" scontext=u:r:kernel:s0 tcontext=u:r:kernel:s0 tclass=qipcrtr_socket permissive=0
01-01 08:00:10.631 I/auditd ( 7): type=1400 audit(0.0:25): avc: denied { create } for comm="kworker/u16:0" scontext=u:r:kernel:s0 tcontext=u:r:kernel:s0 tclass=qipcrtr_socket permissive=0
01-01 08:00:10.631 I/auditd ( 285): type=1400 audit(0.0:26): avc: denied { create } for comm="kworker/u16:7" scontext=u:r:kernel:s0 tcontext=u:r:kernel:s0 tclass=qipcrtr_socket permissive=0
01-01 08:00:10.631 I/auditd ( 285): type=1400 audit(0.0:27): avc: denied { create } for comm="kworker/u16:7" scontext=u:r:kernel:s0 tcontext=u:r:kernel:s0 tclass=qipcrtr_socket permissive=0
01-01 08:00:10.631 I/auditd ( 280): type=1400 audit(0.0:28): avc: denied { create } for comm="kworker/u16:4" scontext=u:r:kernel:s0 tcontext=u:r:kernel:s0 tclass=qipcrtr_socket permissive=0
01-01 08:00:10.631 I/auditd ( 7): type=1400 audit(0.0:29): avc: denied { create } for comm="kworker/u16:0" scontext=u:r:kernel:s0 tcontext=u:r:kernel:s0 tclass=qipcrtr_socket permissive=0
01-01 08:00:10.631 I/auditd ( 285): type=1400 audit(0.0:30): avc: denied { create } for comm="kworker/u16:7" scontext=u:r:kernel:s0 tcontext=u:r:kernel:s0 tclass=qipcrtr_socket permissive=0
01-01 08:00:10.631 I/auditd ( 7): type=1400 audit(0.0:31): avc: denied { create } for comm="kworker/u16:0" scontext=u:r:kernel:s0 tcontext=u:r:kernel:s0 tclass=qipcrtr_socket permissive=0
01-01 08:00:10.631 I/auditd ( 280): type=1400 audit(0.0:32): avc: denied { create } for comm="kworker/u16:4" scontext=u:r:kernel:s0 tcontext=u:r:kernel:s0 tclass=qipcrtr_socket permissive=0
01-01 08:00:10.631 I/auditd ( 276): type=1400 audit(0.0:33): avc: denied { create } for comm="kworker/u16:2" scontext=u:r:kernel:s0 tcontext=u:r:kernel:s0 tclass=qipcrtr_socket permissive=0
01-01 08:00:10.631 I/auditd ( 278): type=1400 audit(0.0:34): avc: denied { create } for comm="kworker/u16:3" scontext=u:r:kernel:s0 tcontext=u:r:kernel:s0 tclass=qipcrtr_socket permissive=0
01-01 08:00:10.631 I/auditd ( 282): type=1400 audit(0.0:35): avc: denied { create } for comm="kworker/u16:5" scontext=u:r:kernel:s0 tcontext=u:r:kernel:s0 tclass=qipcrtr_socket permissive=0
01-01 08:00:10.631 I/auditd ( 283): type=1400 audit(0.0:36): avc: denied { create } for comm="kworker/u16:6" scontext=u:r:kernel:s0 tcontext=u:r:kernel:s0 tclass=qipcrtr_socket permissive=0
01-01 08:00:10.623 I/irsc_util( 936): Starting irsc tool
01-01 08:00:10.625 I/irsc_util( 936): Num of entries:298
01-01 08:00:10.626 I/irsc_util( 936): Ending irsc tool
01-01 08:00:10.643 I/auditd ( 470): type=1400 audit(0.0:37): avc: denied { setattr } for comm="init" name="rawdump" dev="tmpfs" ino=1151 scontext=u:r:vendor_init:s0 tcontext=u:object_r:block_device:s0 tclass=lnk_file permissive=0
01-01 08:00:10.643 I/auditd ( 470): type=1400 audit(0.0:38): avc: denied { setattr } for comm="init" name="rawdump" dev="tmpfs" ino=1151 scontext=u:r:vendor_init:s0 tcontext=u:object_r:block_device:s0 tclass=lnk_file permissive=0
01-01 08:00:10.649 I/android.hardware.wifi@1.0-service( 830): Wifi Hal is booting up...
01-01 08:00:10.661 I/HidlServiceManagement( 830): Registered android.hardware.wifi@1.4::IWifi/default (start delay of 189ms)
01-01 08:00:10.671 I/auditd ( 983): type=1400 audit(0.0:39): avc: denied { read write } for comm="sensors.qti" name="diag" dev="tmpfs" ino=12822 scontext=u:r:vendor_sensors_qti:s0 tcontext=u:object_r:vendor_diag_device:s0 tclass=chr_file permissive=0
01-01 08:00:10.712 I/snet_event_log( 667): [200284993,-1,]
01-01 08:00:10.714 I/snet_event_log( 668): [200284993,-1,]
01-01 08:00:10.731 I/auditd ( 835): type=1400 audit(0.0:40): avc: denied { read write } for comm="vendor.qti.hard" name="diag" dev="tmpfs" ino=12822 scontext=u:r:hal_graphics_composer_default:s0 tcontext=u:object_r:vendor_diag_device:s0 tclass=chr_file permissive=0
01-01 08:00:10.798 I/boot_progress_preload_start( 667): 7125
01-01 08:00:10.802 I/auditd ( 502): avc: denied { find } for pid=969 uid=1000 name=vendor.qti.hardware.display.config.IDisplayConfig/default scontext=u:r:surfaceflinger:s0 tcontext=u:object_r:default_android_service:s0 tclass=service_manager permissive=0
01-01 08:00:10.813 I/auditd ( 502): avc: denied { find } for pid=969 uid=1000 name=vendor.qti.hardware.display.config.IDisplayConfig/default scontext=u:r:surfaceflinger:s0 tcontext=u:object_r:default_android_service:s0 tclass=service_manager permissive=0
01-01 08:00:10.871 I/auditd ( 983): type=1400 audit(0.0:41): avc: denied { read write } for comm="sensors.qti" name="diag" dev="tmpfs" ino=12822 scontext=u:r:vendor_sensors_qti:s0 tcontext=u:object_r:vendor_diag_device:s0 tclass=chr_file permissive=0
01-01 08:00:10.991 I/auditd ( 1021): type=1400 audit(0.0:42): avc: denied { write } for comm="init.qcom.usb.s" name="uvc.0" dev="configfs" ino=17228 scontext=u:r:vendor_qti_init_shell:s0 tcontext=u:object_r:configfs:s0 tclass=dir permissive=0
01-01 08:00:10.991 I/auditd ( 1021): type=1400 audit(0.0:43): avc: denied { write } for comm="init.qcom.usb.s" name="uvc.0" dev="configfs" ino=17228 scontext=u:r:vendor_qti_init_shell:s0 tcontext=u:object_r:configfs:s0 tclass=dir permissive=0
01-01 08:00:11.007 I/auditd ( 1114): type=1400 audit(0.0:44): avc: denied { write } for comm="mkdir" name="header" dev="configfs" ino=17230 scontext=u:r:vendor_qti_init_shell:s0 tcontext=u:object_r:configfs:s0 tclass=dir permissive=0
01-01 08:00:11.023 I/auditd ( 1117): type=1400 audit(0.0:45): avc: denied { write } for comm="ln" name="fs" dev="configfs" ino=17239 scontext=u:r:vendor_qti_init_shell:s0 tcontext=u:object_r:configfs:s0 tclass=dir permissive=0
01-01 08:00:11.043 I/auditd ( 1119): type=1400 audit(0.0:46): avc: denied { write } for comm="ln" name="ss" dev="configfs" ino=17240 scontext=u:r:vendor_qti_init_shell:s0 tcontext=u:object_r:configfs:s0 tclass=dir permissive=0
01-01 08:00:11.051 I/auditd ( 1122): type=1400 audit(0.0:47): avc: denied { write } for comm="mkdir" name="uncompressed" dev="configfs" ino=17243 scontext=u:r:vendor_qti_init_shell:s0 tcontext=u:object_r:configfs:s0 tclass=dir permissive=0
01-01 08:00:11.059 I/auditd ( 1123): type=1400 audit(0.0:48): avc: denied { write } for comm="mkdir" name="uncompressed" dev="configfs" ino=17243 scontext=u:r:vendor_qti_init_shell:s0 tcontext=u:object_r:configfs:s0 tclass=dir permissive=0
01-01 08:00:11.071 I/auditd ( 983): type=1400 audit(0.0:49): avc: denied { read write } for comm="sensors.qti" name="diag" dev="tmpfs" ino=12822 scontext=u:r:vendor_sensors_qti:s0 tcontext=u:object_r:vendor_diag_device:s0 tclass=chr_file permissive=0
01-01 08:00:11.075 I/auditd ( 1124): type=1400 audit(0.0:50): avc: denied { write } for comm="mkdir" name="mjpeg" dev="configfs" ino=17244 scontext=u:r:vendor_qti_init_shell:s0 tcontext=u:object_r:configfs:s0 tclass=dir permissive=0
01-01 08:00:11.095 I/auditd ( 1125): type=1400 audit(0.0:51): avc: denied { write } for comm="mkdir" name="mjpeg" dev="configfs" ino=17244 scontext=u:r:vendor_qti_init_shell:s0 tcontext=u:object_r:configfs:s0 tclass=dir permissive=0
01-01 08:00:11.111 I/auditd ( 1126): type=1400 audit(0.0:52): avc: denied { write } for comm="mkdir" name="h264" dev="configfs" ino=17245 scontext=u:r:vendor_qti_init_shell:s0 tcontext=u:object_r:configfs:s0 tclass=dir permissive=0
01-01 08:00:11.127 I/auditd ( 1128): type=1400 audit(0.0:53): avc: denied { write } for comm="mkdir" name="h264" dev="configfs" ino=17245 scontext=u:r:vendor_qti_init_shell:s0 tcontext=u:object_r:configfs:s0 tclass=dir permissive=0
01-01 08:00:11.139 I/auditd ( 1129): type=1400 audit(0.0:54): avc: denied { write } for comm="mkdir" name="header" dev="configfs" ino=17242 scontext=u:r:vendor_qti_init_shell:s0 tcontext=u:object_r:configfs:s0 tclass=dir permissive=0
01-01 08:00:11.151 I/auditd ( 1130): type=1400 audit(0.0:55): avc: denied { write } for comm="ln" name="header" dev="configfs" ino=17242 scontext=u:r:vendor_qti_init_shell:s0 tcontext=u:object_r:configfs:s0 tclass=dir permissive=0
01-01 08:00:11.159 I/auditd ( 1131): type=1400 audit(0.0:56): avc: denied { write } for comm="ln" name="header" dev="configfs" ino=17242 scontext=u:r:vendor_qti_init_shell:s0 tcontext=u:object_r:configfs:s0 tclass=dir permissive=0
01-01 08:00:11.175 I/auditd ( 1132): type=1400 audit(0.0:57): avc: denied { write } for comm="ln" name="header" dev="configfs" ino=17242 scontext=u:r:vendor_qti_init_shell:s0 tcontext=u:object_r:configfs:s0 tclass=dir permissive=0
01-01 08:00:11.183 I/auditd ( 1133): type=1400 audit(0.0:58): avc: denied { write } for comm="ln" name="fs" dev="configfs" ino=17249 scontext=u:r:vendor_qti_init_shell:s0 tcontext=u:object_r:configfs:s0 tclass=dir permissive=0
01-01 08:00:11.191 I/auditd ( 1134): type=1400 audit(0.0:59): avc: denied { write } for comm="ln" name="hs" dev="configfs" ino=17250 scontext=u:r:vendor_qti_init_shell:s0 tcontext=u:object_r:configfs:s0 tclass=dir permissive=0
01-01 08:00:11.199 I/auditd ( 1135): type=1400 audit(0.0:60): avc: denied { write } for comm="ln" name="ss" dev="configfs" ino=17251 scontext=u:r:vendor_qti_init_shell:s0 tcontext=u:object_r:configfs:s0 tclass=dir permissive=0
01-01 08:00:11.228 I/gsid ( 1137): no DSU: No such file or directory
01-01 08:00:11.271 I/auditd ( 983): type=1400 audit(0.0:61): avc: denied { read write } for comm="sensors.qti" name="diag" dev="tmpfs" ino=12822 scontext=u:r:vendor_sensors_qti:s0 tcontext=u:object_r:vendor_diag_device:s0 tclass=chr_file permissive=0
01-01 08:00:11.358 I/iorapd ( 1164): iorapd (the prefetchening) firing up
01-01 08:00:11.362 I/iorapd ( 1164): Opened existing database at '/data/misc/iorapd/sqlite.db'
01-01 08:00:11.362 W/iorapd ( 1164): Reconnect to package manager service: 1 times
01-01 08:00:11.367 I/auditd ( 1170): type=1400 audit(0.0:62): avc: denied { read write } for comm="dpmd" name="diag" dev="tmpfs" ino=12822 scontext=u:r:vendor_dpmd:s0 tcontext=u:object_r:vendor_diag_device:s0 tclass=chr_file permissive=0
01-01 08:00:11.375 I/auditd ( 1186): type=1400 audit(0.0:63): avc: denied { read write } for comm="dpmd" name="diag" dev="tmpfs" ino=12822 scontext=u:r:vendor_dpmd:s0 tcontext=u:object_r:vendor_diag_device:s0 tclass=chr_file permissive=0
01-01 08:00:11.414 I/installd( 1194): installd firing up
01-01 08:00:11.453 I/wificond( 1222): wificond is starting up...
01-01 08:00:11.462 I/HidlServiceManagement( 1222): Registered android.system.wifi.keystore@1.0::IKeystore/default
01-01 08:00:11.471 I/auditd ( 983): type=1400 audit(0.0:64): avc: denied { read write } for comm="sensors.qti" name="diag" dev="tmpfs" ino=12822 scontext=u:r:vendor_sensors_qti:s0 tcontext=u:object_r:vendor_diag_device:s0 tclass=chr_file permissive=0
01-01 08:00:11.495 I/auditd ( 1240): type=1400 audit(0.0:65): avc: denied { read write } for comm="imsqmidaemon" name="diag" dev="tmpfs" ino=12822 scontext=u:r:vendor_ims:s0 tcontext=u:object_r:vendor_diag_device:s0 tclass=chr_file permissive=0
01-01 08:00:11.495 I/auditd ( 1240): type=1400 audit(0.0:66): avc: denied { read write } for comm="imsqmidaemon" name="diag" dev="tmpfs" ino=12822 scontext=u:r:vendor_ims:s0 tcontext=u:object_r:vendor_diag_device:s0 tclass=chr_file permissive=0
01-01 08:00:11.495 I/auditd ( 1240): type=1400 audit(0.0:67): avc: denied { read write } for comm="imsqmidaemon" name="diag" dev="tmpfs" ino=12822 scontext=u:r:vendor_ims:s0 tcontext=u:object_r:vendor_diag_device:s0 tclass=chr_file permissive=0
01-01 08:00:11.495 I/auditd ( 1240): type=1400 audit(0.0:68): avc: denied { read write } for comm="imsqmidaemon" name="diag" dev="tmpfs" ino=12822 scontext=u:r:vendor_ims:s0 tcontext=u:object_r:vendor_diag_device:s0 tclass=chr_file permissive=0
01-01 08:00:11.495 I/auditd ( 1240): type=1400 audit(0.0:69): avc: denied { read write } for comm="imsqmidaemon" name="diag" dev="tmpfs" ino=12822 scontext=u:r:vendor_ims:s0 tcontext=u:object_r:vendor_diag_device:s0 tclass=chr_file permissive=0
01-01 08:00:11.495 I/auditd ( 1240): type=1400 audit(0.0:70): avc: denied { read write } for comm="imsqmidaemon" name="diag" dev="tmpfs" ino=12822 scontext=u:r:vendor_ims:s0 tcontext=u:object_r:vendor_diag_device:s0 tclass=chr_file permissive=0
01-01 08:00:11.495 I/auditd ( 1240): type=1400 audit(0.0:71): avc: denied { read write } for comm="imsqmidaemon" name="diag" dev="tmpfs" ino=12822 scontext=u:r:vendor_ims:s0 tcontext=u:object_r:vendor_diag_device:s0 tclass=chr_file permissive=0
01-01 08:00:11.499 I/auditd ( 1240): type=1400 audit(0.0:72): avc: denied { read write } for comm="imsqmidaemon" name="diag" dev="tmpfs" ino=12822 scontext=u:r:vendor_ims:s0 tcontext=u:object_r:vendor_diag_device:s0 tclass=chr_file permissive=0
01-01 08:00:11.499 I/auditd ( 1240): type=1400 audit(0.0:73): avc: denied { read write } for comm="imsqmidaemon" name="diag" dev="tmpfs" ino=12822 scontext=u:r:vendor_ims:s0 tcontext=u:object_r:vendor_diag_device:s0 tclass=chr_file permissive=0
01-01 08:00:11.499 I/auditd ( 1240): type=1400 audit(0.0:74): avc: denied { read write } for comm="imsqmidaemon" name="diag" dev="tmpfs" ino=12822 scontext=u:r:vendor_ims:s0 tcontext=u:object_r:vendor_diag_device:s0 tclass=chr_file permissive=0
01-01 08:00:11.513 I/imsrcsd ( 1243): Uce Service HAL is starting up...
01-01 08:00:11.516 I/imsrcsd ( 1243): Uce Service HAL loading imsrcsbaseimpl
01-01 08:00:11.523 I/auditd ( 1251): type=1400 audit(0.0:75): avc: denied { read write } for comm="ipacm-diag" name="diag" dev="tmpfs" ino=12822 scontext=u:r:hal_tetheroffload_default:s0 tcontext=u:object_r:vendor_diag_device:s0 tclass=chr_file permissive=0
01-01 08:00:11.523 I/auditd ( 822): type=1400 audit(0.0:76): avc: denied { read } for comm="android.hardwar" name="type" dev="sysfs" ino=63512 scontext=u:r:hal_health_default:s0 tcontext=u:object_r:sysfs:s0 tclass=file permissive=0
01-01 08:00:11.587 I/auditd ( 1239): type=1400 audit(0.0:77): avc: denied { read write } for comm="ims_rtp_daemon" name="diag" dev="tmpfs" ino=12822 scontext=u:r:vendor_hal_imsrtp:s0 tcontext=u:object_r:vendor_diag_device:s0 tclass=chr_file permissive=0
01-01 08:00:11.603 W/storaged( 1203): health: invalid battery status
01-01 08:00:11.655 I/TLOC ( 1344): [main ]"TLOC DAEMON main thread"
01-01 08:00:11.655 D/TLOC ( 1344): [TLOCDaemon ]"---------- TLOC Daemon Starts ----------"
01-01 08:00:11.656 D/TLOC ( 1344): [TLOCChannel]"The channel was initialized successfully for TLOCD"
01-01 08:00:11.656 D/TLOC ( 1344): [TLOCChannel]"The channel was initialized successfully for TLOCL"
01-01 08:00:11.657 D/TLOC ( 1344): [TLOCChannel]"The channel was initialized successfully for MODEM"
01-01 08:00:11.657 D/TLOC ( 1344): [TLOCChannel]"TLOCChannel was initialized successfully"
01-01 08:00:11.657 D/TLOC ( 1344): [TLOCChannel] "TLOCChannel is already initialized"
01-01 08:00:11.671 I/auditd ( 983): type=1400 audit(0.0:78): avc: denied { read write } for comm="sensors.qti" name="diag" dev="tmpfs" ino=12822 scontext=u:r:vendor_sensors_qti:s0 tcontext=u:object_r:vendor_diag_device:s0 tclass=chr_file permissive=0
01-01 08:00:11.692 I/imsrcsd ( 1243): Starting Service for First Time imsbaseimpl
01-01 08:00:11.695 I/imsrcsd ( 1243): Interface com.qualcomm.qti.uceservice@2.3::IUceService com.qualcomm.qti.uceservice is found in manifest
01-01 08:00:11.691 I/auditd ( 1229): type=1400 audit(0.0:79): avc: denied { read write } for comm="cnd" name="diag" dev="tmpfs" ino=12822 scontext=u:r:vendor_cnd:s0 tcontext=u:object_r:vendor_diag_device:s0 tclass=chr_file permissive=0
01-01 08:00:11.696 I/HidlServiceManagement( 1243): Registered com.qualcomm.qti.uceservice@2.3::IUceService/com.qualcomm.qti.uceservice (start delay of 223ms)
01-01 08:00:11.697 I/imsrcsd ( 1243): Interface com.qualcomm.qti.imscmservice@2.2::IImsCmService qti.ims.connectionmanagerservice is found in manifest
01-01 08:00:11.697 I/HidlServiceManagement( 1243): Registered com.qualcomm.qti.imscmservice@2.2::IImsCmService/qti.ims.connectionmanagerservice (start delay of 224ms)
01-01 08:00:11.698 I/imsrcsd ( 1243): Interface vendor.qti.ims.factory@1.1::IImsFactory default is not found in manifest
01-01 08:00:11.701 I/imsrcsd ( 1243): Interface vendor.qti.ims.factory@1.0::IImsFactory default is found in manifest
01-01 08:00:11.702 I/HidlServiceManagement( 1243): Registered vendor.qti.ims.factory@1.0::IImsFactory/default (start delay of 229ms)
01-01 08:00:11.702 I/imsrcsd ( 1243): Interface vendor.qti.ims.callinfo@1.0::IService default is found in manifest
01-01 08:00:11.703 I/HidlServiceManagement( 1243): Registered vendor.qti.ims.callinfo@1.0::IService/default (start delay of 231ms)
01-01 08:00:11.703 I/imsrcsd ( 1243): ImsRcsBaseImpl ImsCallInfo After Registering Service
01-01 08:00:11.855 I/auditd ( 1463): type=1400 audit(0.0:80): avc: denied { read } for comm="ip" name="rt_tables" dev="dm-10" ino=342 scontext=u:r:ethernet:s0 tcontext=u:object_r:net_data_file:s0 tclass=file permissive=0
01-01 08:00:11.859 I/auditd ( 1401): type=1400 audit(0.0:81): avc: denied { read write } for comm="imsdatadaemon" name="diag" dev="tmpfs" ino=12822 scontext=u:r:vendor_ims:s0 tcontext=u:object_r:vendor_diag_device:s0 tclass=chr_file permissive=0
01-01 08:00:11.859 I/auditd ( 1401): type=1400 audit(0.0:82): avc: denied { read write } for comm="imsdatadaemon" name="diag" dev="tmpfs" ino=12822 scontext=u:r:vendor_ims:s0 tcontext=u:object_r:vendor_diag_device:s0 tclass=chr_file permissive=0
01-01 08:00:11.859 I/auditd ( 1401): type=1400 audit(0.0:83): avc: denied { read write } for comm="imsdatadaemon" name="diag" dev="tmpfs" ino=12822 scontext=u:r:vendor_ims:s0 tcontext=u:object_r:vendor_diag_device:s0 tclass=chr_file permissive=0
01-01 08:00:11.859 I/auditd ( 1401): type=1400 audit(0.0:84): avc: denied { read write } for comm="imsdatadaemon" name="diag" dev="tmpfs" ino=12822 scontext=u:r:vendor_ims:s0 tcontext=u:object_r:vendor_diag_device:s0 tclass=chr_file permissive=0
01-01 08:00:11.859 I/auditd ( 1401): type=1400 audit(0.0:85): avc: denied { read write } for comm="imsdatadaemon" name="diag" dev="tmpfs" ino=12822 scontext=u:r:vendor_ims:s0 tcontext=u:object_r:vendor_diag_device:s0 tclass=chr_file permissive=0
01-01 08:00:11.859 I/auditd ( 1401): type=1400 audit(0.0:86): avc: denied { read write } for comm="imsdatadaemon" name="diag" dev="tmpfs" ino=12822 scontext=u:r:vendor_ims:s0 tcontext=u:object_r:vendor_diag_device:s0 tclass=chr_file permissive=0
01-01 08:00:11.859 I/auditd ( 1401): type=1400 audit(0.0:87): avc: denied { read write } for comm="imsdatadaemon" name="diag" dev="tmpfs" ino=12822 scontext=u:r:vendor_ims:s0 tcontext=u:object_r:vendor_diag_device:s0 tclass=chr_file permissive=0
01-01 08:00:11.859 I/auditd ( 1401): type=1400 audit(0.0:88): avc: denied { read write } for comm="imsdatadaemon" name="diag" dev="tmpfs" ino=12822 scontext=u:r:vendor_ims:s0 tcontext=u:object_r:vendor_diag_device:s0 tclass=chr_file permissive=0
01-01 08:00:11.859 I/auditd ( 1401): type=1400 audit(0.0:89): avc: denied { read write } for comm="imsdatadaemon" name="diag" dev="tmpfs" ino=12822 scontext=u:r:vendor_ims:s0 tcontext=u:object_r:vendor_diag_device:s0 tclass=chr_file permissive=0
01-01 08:00:11.859 I/auditd ( 1401): type=1400 audit(0.0:90): avc: denied { read write } for comm="imsdatadaemon" name="diag" dev="tmpfs" ino=12822 scontext=u:r:vendor_ims:s0 tcontext=u:object_r:vendor_diag_device:s0 tclass=chr_file permissive=0
01-01 08:00:11.859 I/auditd ( 1401): type=1400 audit(0.0:91): avc: denied { read write } for comm="imsdatadaemon" name="diag" dev="tmpfs" ino=12822 scontext=u:r:vendor_ims:s0 tcontext=u:object_r:vendor_diag_device:s0 tclass=chr_file permissive=0
01-01 08:00:11.859 I/auditd ( 1401): type=1400 audit(0.0:92): avc: denied { read write } for comm="imsdatadaemon" name="diag" dev="tmpfs" ino=12822 scontext=u:r:vendor_ims:s0 tcontext=u:object_r:vendor_diag_device:s0 tclass=chr_file permissive=0
01-01 08:00:11.859 I/auditd ( 1401): type=1400 audit(0.0:93): avc: denied { read write } for comm="imsdatadaemon" name="diag" dev="tmpfs" ino=12822 scontext=u:r:vendor_ims:s0 tcontext=u:object_r:vendor_diag_device:s0 tclass=chr_file permissive=0
01-01 08:00:11.859 I/auditd ( 1401): type=1400 audit(0.0:94): avc: denied { read write } for comm="imsdatadaemon" name="diag" dev="tmpfs" ino=12822 scontext=u:r:vendor_ims:s0 tcontext=u:object_r:vendor_diag_device:s0 tclass=chr_file permissive=0
01-01 08:00:11.859 I/auditd ( 1401): type=1400 audit(0.0:95): avc: denied { read write } for comm="imsdatadaemon" name="diag" dev="tmpfs" ino=12822 scontext=u:r:vendor_ims:s0 tcontext=u:object_r:vendor_diag_device:s0 tclass=chr_file permissive=0
01-01 08:00:11.859 I/auditd ( 1401): type=1400 audit(0.0:96): avc: denied { read write } for comm="imsdatadaemon" name="diag" dev="tmpfs" ino=12822 scontext=u:r:vendor_ims:s0 tcontext=u:object_r:vendor_diag_device:s0 tclass=chr_file permissive=0
01-01 08:00:11.859 I/auditd ( 1401): type=1400 audit(0.0:97): avc: denied { read write } for comm="imsdatadaemon" name="diag" dev="tmpfs" ino=12822 scontext=u:r:vendor_ims:s0 tcontext=u:object_r:vendor_diag_device:s0 tclass=chr_file permissive=0
01-01 08:00:11.859 I/auditd ( 1401): type=1400 audit(0.0:98): avc: denied { read write } for comm="imsdatadaemon" name="diag" dev="tmpfs" ino=12822 scontext=u:r:vendor_ims:s0 tcontext=u:object_r:vendor_diag_device:s0 tclass=chr_file permissive=0
01-01 08:00:11.859 I/auditd ( 1401): type=1400 audit(0.0:99): avc: denied { read write } for comm="imsdatadaemon" name="diag" dev="tmpfs" ino=12822 scontext=u:r:vendor_ims:s0 tcontext=u:object_r:vendor_diag_device:s0 tclass=chr_file permissive=0
01-01 08:00:11.859 I/auditd ( 1401): type=1400 audit(0.0:100): avc: denied { read write } for comm="imsdatadaemon" name="diag" dev="tmpfs" ino=12822 scontext=u:r:vendor_ims:s0 tcontext=u:object_r:vendor_diag_device:s0 tclass=chr_file permissive=0
01-01 08:00:11.859 I/auditd ( 1401): type=1400 audit(0.0:101): avc: denied { read write } for comm="imsdatadaemon" name="diag" dev="tmpfs" ino=12822 scontext=u:r:vendor_ims:s0 tcontext=u:object_r:vendor_diag_device:s0 tclass=chr_file permissive=0
01-01 08:00:11.859 I/auditd ( 1401): type=1400 audit(0.0:102): avc: denied { read write } for comm="imsdatadaemon" name="diag" dev="tmpfs" ino=12822 scontext=u:r:vendor_ims:s0 tcontext=u:object_r:vendor_diag_device:s0 tclass=chr_file permissive=0
01-01 08:00:11.859 I/auditd ( 1401): type=1400 audit(0.0:103): avc: denied { read write } for comm="imsdatadaemon" name="diag" dev="tmpfs" ino=12822 scontext=u:r:vendor_ims:s0 tcontext=u:object_r:vendor_diag_device:s0 tclass=chr_file permissive=0
01-01 08:00:11.859 I/auditd ( 1401): type=1400 audit(0.0:104): avc: denied { read write } for comm="imsdatadaemon" name="diag" dev="tmpfs" ino=12822 scontext=u:r:vendor_ims:s0 tcontext=u:object_r:vendor_diag_device:s0 tclass=chr_file permissive=0
01-01 08:00:11.859 I/auditd ( 1401): type=1400 audit(0.0:105): avc: denied { read write } for comm="imsdatadaemon" name="diag" dev="tmpfs" ino=12822 scontext=u:r:vendor_ims:s0 tcontext=u:object_r:vendor_diag_device:s0 tclass=chr_file permissive=0
01-01 08:00:11.859 I/auditd ( 1401): type=1400 audit(0.0:106): avc: denied { read write } for comm="imsdatadaemon" name="diag" dev="tmpfs" ino=12822 scontext=u:r:vendor_ims:s0 tcontext=u:object_r:vendor_diag_device:s0 tclass=chr_file permissive=0
01-01 08:00:11.859 I/auditd ( 1401): type=1400 audit(0.0:107): avc: denied { read write } for comm="imsdatadaemon" name="diag" dev="tmpfs" ino=12822 scontext=u:r:vendor_ims:s0 tcontext=u:object_r:vendor_diag_device:s0 tclass=chr_file permissive=0
01-01 08:00:11.859 I/auditd ( 1401): type=1400 audit(0.0:108): avc: denied { read write } for comm="imsdatadaemon" name="diag" dev="tmpfs" ino=12822 scontext=u:r:vendor_ims:s0 tcontext=u:object_r:vendor_diag_device:s0 tclass=chr_file permissive=0
01-01 08:00:11.859 I/auditd ( 1401): type=1400 audit(0.0:109): avc: denied { read write } for comm="imsdatadaemon" name="diag" dev="tmpfs" ino=12822 scontext=u:r:vendor_ims:s0 tcontext=u:object_r:vendor_diag_device:s0 tclass=chr_file permissive=0
01-01 08:00:11.863 I/auditd ( 1401): type=1400 audit(0.0:110): avc: denied { read write } for comm="imsdatadaemon" name="diag" dev="tmpfs" ino=12822 scontext=u:r:vendor_ims:s0 tcontext=u:object_r:vendor_diag_device:s0 tclass=chr_file permissive=0
01-01 08:00:11.867 I/auditd ( 1401): type=1400 audit(0.0:111): avc: denied { read write } for comm="imsdatadaemon" name="diag" dev="tmpfs" ino=12822 scontext=u:r:vendor_ims:s0 tcontext=u:object_r:vendor_diag_device:s0 tclass=chr_file permissive=0
01-01 08:00:11.867 I/auditd ( 1401): type=1400 audit(0.0:112): avc: denied { read write } for comm="imsdatadaemon" name="diag" dev="tmpfs" ino=12822 scontext=u:r:vendor_ims:s0 tcontext=u:object_r:vendor_diag_device:s0 tclass=chr_file permissive=0
01-01 08:00:11.867 I/auditd ( 1401): type=1400 audit(0.0:113): avc: denied { read write } for comm="imsdatadaemon" name="diag" dev="tmpfs" ino=12822 scontext=u:r:vendor_ims:s0 tcontext=u:object_r:vendor_diag_device:s0 tclass=chr_file permissive=0
01-01 08:00:11.871 I/auditd ( 983): type=1400 audit(0.0:114): avc: denied { read write } for comm="sensors.qti" name="diag" dev="tmpfs" ino=12822 scontext=u:r:vendor_sensors_qti:s0 tcontext=u:object_r:vendor_diag_device:s0 tclass=chr_file permissive=0
01-01 08:00:11.875 I/auditd ( 1466): type=1400 audit(0.0:115): avc: denied { read } for comm="ip" name="rt_tables" dev="dm-10" ino=342 scontext=u:r:ethernet:s0 tcontext=u:object_r:net_data_file:s0 tclass=file permissive=0
01-01 08:00:11.879 I/boot_progress_preload_end( 667): 8207
01-01 08:00:12.071 I/auditd ( 983): type=1400 audit(0.0:116): avc: denied { read write } for comm="sensors.qti" name="diag" dev="tmpfs" ino=12822 scontext=u:r:vendor_sensors_qti:s0 tcontext=u:object_r:vendor_diag_device:s0 tclass=chr_file permissive=0
01-01 08:00:12.159 I/auditd ( 1513): type=1400 audit(0.0:117): avc: denied { read } for comm="ip" name="rt_tables" dev="dm-10" ino=342 scontext=u:r:ethernet:s0 tcontext=u:object_r:net_data_file:s0 tclass=file permissive=0
01-01 08:00:12.195 I/auditd ( 1515): type=1400 audit(0.0:118): avc: denied { read } for comm="ip" name="rt_tables" dev="dm-10" ino=342 scontext=u:r:ethernet:s0 tcontext=u:object_r:net_data_file:s0 tclass=file permissive=0
01-01 08:00:12.199 I/auditd ( 1524): type=1400 audit(0.0:119): avc: denied { getattr } for comm="hvdcp_opti" path="/dev/kmsg" dev="tmpfs" ino=14358 scontext=u:r:vendor_hvdcp:s0 tcontext=u:object_r:kmsg_device:s0 tclass=chr_file permissive=0
01-01 08:00:12.199 I/auditd ( 1524): type=1400 audit(0.0:120): avc: denied { write } for comm="hvdcp_opti" name="kmsg" dev="tmpfs" ino=14358 scontext=u:r:vendor_hvdcp:s0 tcontext=u:object_r:kmsg_device:s0 tclass=chr_file permissive=0
01-01 08:00:12.199 I/auditd ( 1524): type=1400 audit(0.0:121): avc: denied { read } for comm="hvdcp_opti" name="devices" dev="sysfs" ino=46858 scontext=u:r:vendor_hvdcp:s0 tcontext=u:object_r:sysfs:s0 tclass=dir permissive=0
01-01 08:00:12.233 I/SystemServerTiming( 1496): InitBeforeStartServices
01-01 08:00:12.234 I/system_server_start( 1496): [1,8550,8550]
01-01 08:00:12.235 I/SystemServer( 1496): Entered the Android system server!
01-01 08:00:12.235 I/boot_progress_system_run( 1496): 8562
01-01 08:00:12.255 I/auditd ( 1339): type=1400 audit(0.0:122): avc: denied { read write } for comm="qfp-daemon" name="diag" dev="tmpfs" ino=12822 scontext=u:r:vendor_qfp-daemon:s0 tcontext=u:object_r:vendor_diag_device:s0 tclass=chr_file permissive=0
01-01 08:00:12.271 I/auditd ( 983): type=1400 audit(0.0:123): avc: denied { read write } for comm="sensors.qti" name="diag" dev="tmpfs" ino=12822 scontext=u:r:vendor_sensors_qti:s0 tcontext=u:object_r:vendor_diag_device:s0 tclass=chr_file permissive=0
01-01 08:00:12.362 I/SystemServerInitThreadPool( 1496): Creating instance with 8 threads
01-01 08:00:12.403 I/auditd ( 1546): type=1400 audit(0.0:124): avc: denied { read } for comm="ip" name="rt_tables" dev="dm-10" ino=342 scontext=u:r:ethernet:s0 tcontext=u:object_r:net_data_file:s0 tclass=file permissive=0
01-01 08:00:12.415 I/auditd ( 1547): type=1400 audit(0.0:125): avc: denied { read } for comm="ip" name="rt_tables" dev="dm-10" ino=342 scontext=u:r:ethernet:s0 tcontext=u:object_r:net_data_file:s0 tclass=file permissive=0
01-01 08:00:12.471 I/auditd ( 815): type=1400 audit(0.0:126): avc: denied { read write } for comm="audio.service" name="diag" dev="tmpfs" ino=12822 scontext=u:r:hal_audio_default:s0 tcontext=u:object_r:vendor_diag_device:s0 tclass=chr_file permissive=0
01-01 08:00:12.471 I/auditd ( 983): type=1400 audit(0.0:127): avc: denied { read write } for comm="sensors.qti" name="diag" dev="tmpfs" ino=12822 scontext=u:r:vendor_sensors_qti:s0 tcontext=u:object_r:vendor_diag_device:s0 tclass=chr_file permissive=0
01-01 08:00:12.555 I/auditd ( 1562): type=1400 audit(0.0:128): avc: denied { read } for comm="ip" name="rt_tables" dev="dm-10" ino=342 scontext=u:r:ethernet:s0 tcontext=u:object_r:net_data_file:s0 tclass=file permissive=0
01-01 08:00:12.567 I/auditd ( 1563): type=1400 audit(0.0:129): avc: denied { read } for comm="ip" name="rt_tables" dev="dm-10" ino=342 scontext=u:r:ethernet:s0 tcontext=u:object_r:net_data_file:s0 tclass=file permissive=0
01-01 08:00:12.657 I/SystemServerTiming( 1496): StartServices
01-01 08:00:12.657 I/SystemServerTiming( 1496): startBootstrapServices
01-01 08:00:12.657 I/SystemServerTiming( 1496): StartWatchdog
01-01 08:00:12.663 I/SystemServer( 1496): Reading configuration...
01-01 08:00:12.663 I/SystemServerTiming( 1496): ReadingSystemConfig
01-01 08:00:12.663 I/SystemServerTiming( 1496): PlatformCompat
01-01 08:00:12.663 I/SystemServerTimingAsync( 1496): InitThreadPoolExec:ReadingSystemConfig
01-01 08:00:12.665 I/SystemConfig( 1496): Reading permissions from /system/etc/sysconfig/qti_whitelist.xml
01-01 08:00:12.666 D/CompatConfig( 1496): Found a config file: /system/etc/compatconfig/services-platform-compat-config.xml
01-01 08:00:12.666 I/SystemConfig( 1496): Reading permissions from /system/etc/sysconfig/preinstalled-packages-platform.xml
01-01 08:00:12.667 D/CompatConfig( 1496): Adding: com.android.server.compat.config.Change@d7ae714
01-01 08:00:12.668 D/CompatConfig( 1496): Adding: com.android.server.compat.config.Change@d34abbd
01-01 08:00:12.668 D/CompatConfig( 1496): Adding: com.android.server.compat.config.Change@ceee5b2
01-01 08:00:12.668 D/CompatConfig( 1496): Adding: com.android.server.compat.config.Change@5603903
01-01 08:00:12.668 D/CompatConfig( 1496): Adding: com.android.server.compat.config.Change@6a96080
01-01 08:00:12.669 D/CompatConfig( 1496): Adding: com.android.server.compat.config.Change@48546b9
01-01 08:00:12.669 D/CompatConfig( 1496): Adding: com.android.server.compat.config.Change@461aafe
01-01 08:00:12.669 D/CompatConfig( 1496): Adding: com.android.server.compat.config.Change@e23625f
01-01 08:00:12.669 D/CompatConfig( 1496): Adding: com.android.server.compat.config.Change@18404ac
01-01 08:00:12.669 I/SystemConfig( 1496): Reading permissions from /system/etc/sysconfig/framework-sysconfig.xml
01-01 08:00:12.669 D/CompatConfig( 1496): Adding: com.android.server.compat.config.Change@aa9790a
01-01 08:00:12.669 D/CompatConfig( 1496): Adding: com.android.server.compat.config.Change@4c5c57b
01-01 08:00:12.670 D/CompatConfig( 1496): Adding: com.android.server.compat.config.Change@282bf98
01-01 08:00:12.670 D/CompatConfig( 1496): Adding: com.android.server.compat.config.Change@f9c13f1
01-01 08:00:12.670 D/CompatConfig( 1496): Adding: com.android.server.compat.config.Change@ee1bd6
01-01 08:00:12.670 D/CompatConfig( 1496): Adding: com.android.server.compat.config.Change@f613e57
01-01 08:00:12.670 D/CompatConfig( 1496): Adding: com.android.server.compat.config.Change@bb03d44
01-01 08:00:12.671 D/CompatConfig( 1496): Adding: com.android.server.compat.config.Change@34cfe2d
01-01 08:00:12.671 D/CompatConfig( 1496): Adding: com.android.server.compat.config.Change@1081f62
01-01 08:00:12.671 I/SystemConfig( 1496): Reading permissions from /system/etc/sysconfig/preinstalled-packages-com.android.providers.media.module.xml
01-01 08:00:12.671 D/CompatConfig( 1496): Adding: com.android.server.compat.config.Change@315e9b0
01-01 08:00:12.671 D/CompatConfig( 1496): Adding: com.android.server.compat.config.Change@ba85029
01-01 08:00:12.671 I/SystemConfig( 1496): Reading permissions from /system/etc/sysconfig/hiddenapi-package-whitelist.xml
01-01 08:00:12.671 D/CompatConfig( 1496): Adding: com.android.server.compat.config.Change@80fa14f
01-01 08:00:12.672 D/CompatConfig( 1496): Adding: com.android.server.compat.config.Change@3e7f0dc
01-01 08:00:12.672 D/CompatConfig( 1496): Adding: com.android.server.compat.config.Change@b4cc5e5
01-01 08:00:12.672 D/CompatConfig( 1496): Adding: com.android.server.compat.config.Change@a4f036b
01-01 08:00:12.672 I/SystemConfig( 1496): Reading permissions from /system/etc/sysconfig/preinstalled-packages-platform-full-base.xml
01-01 08:00:12.672 D/CompatConfig( 1496): Adding: com.android.server.compat.config.Change@6713ec8
01-01 08:00:12.672 D/CompatConfig( 1496): Adding: com.android.server.compat.config.Change@608db61
01-01 08:00:12.673 D/CompatConfig( 1496): Adding: com.android.server.compat.config.Change@2a32686
01-01 08:00:12.673 I/SystemConfig( 1496): Reading permissions from /system/etc/permissions/android.software.freeform_window_management.xml
01-01 08:00:12.673 D/CompatConfig( 1496): Adding: com.android.server.compat.config.Change@abf7f74
01-01 08:00:12.673 D/CompatConfig( 1496): Adding: com.android.server.compat.config.Change@416cc9d
01-01 08:00:12.673 D/CompatConfig( 1496): Adding: com.android.server.compat.config.Change@e7b2512
01-01 08:00:12.673 I/SystemConfig( 1496): Reading permissions from /system/etc/permissions/com.baidu.input.xml
01-01 08:00:12.673 D/CompatConfig( 1496): Adding: com.android.server.compat.config.Change@20f1ee0
01-01 08:00:12.674 D/CompatConfig( 1496): Adding: com.android.server.compat.config.Change@d189599
01-01 08:00:12.674 D/CompatConfig( 1496): Adding: com.android.server.compat.config.Change@e62805e
01-01 08:00:12.674 D/CompatConfig( 1496): Adding: com.android.server.compat.config.Change@9c17c3f
01-01 08:00:12.674 I/SystemConfig( 1496): Reading permissions from /system/etc/permissions/android.software.webview.xml
01-01 08:00:12.674 D/CompatConfig( 1496): Adding: com.android.server.compat.config.Change@6d3f255
01-01 08:00:12.674 D/CompatConfig( 1496): Adding: com.android.server.compat.config.Change@ed2446a
01-01 08:00:12.674 D/CompatConfig( 1496): Adding: com.android.server.compat.config.Change@45b9d5b
01-01 08:00:12.674 I/SystemConfig( 1496): Reading permissions from /system/etc/permissions/com.android.future.usb.accessory.xml
01-01 08:00:12.675 D/CompatConfig( 1496): Adding: com.android.server.compat.config.Change@3ae5ed1
01-01 08:00:12.675 D/CompatConfig( 1496): Adding: com.android.server.compat.config.Change@8c83d36
