11-29 03:19:24.685 D/ACDB-LOADER( 815): Error: ACDB AFE returned = -19
11-29 03:19:24.685 D/ACDB-LOADER( 815): ACDB -> AUDIO_SET_AFE_CAL cal_type[16] acdb_id[15]
11-29 03:19:24.685 D/ACDB-LOADER( 815): ACDB -> send_hw_delay : acdb_id = 15 path = 0
11-29 03:19:24.685 D/ACDB-LOADER( 815): ACDB -> ACDB_AVSYNC_INFO: ACDB_CMD_GET_DEVICE_PROPERTY
11-29 03:19:24.685 D/msm8974_platform( 815): platform_split_snd_device: snd_device(2) num devices(0) new_snd_devices(0)
11-29 03:19:24.685 I/msm8974_platform( 815): platform_get_custom_mtmx_params: no matching param with id 0 ip_ch 2 op_ch 2 uc_id 1 snd_dev 2
11-29 03:19:24.685 D/audio_hw_primary( 815): enable_audio_route: apply mixer and update path: low-latency-playback
11-29 03:19:24.685 D/audio_route( 815): Apply path: low-latency-playback
11-29 03:19:24.686 D/audio_hw_primary( 815): select_devices: done
11-29 03:19:24.688 E/DisplayDeviceConfig( 1496): requesting nits when no mapping exists.
11-29 03:19:24.688 E/DisplayDeviceConfig( 1496): requesting nits when no mapping exists.
11-29 03:19:24.688 I/am_wtf ( 1496): [0,1496,system_server,-1,DisplayDeviceConfig,requesting nits when no mapping exists.]
11-29 03:19:24.689 W/AudioIDCMicroNegotiator( 1496): idcm_warn: idcm control is not enable
11-29 03:19:24.689 I/am_wtf ( 1496): [0,1496,system_server,-1,DisplayDeviceConfig,requesting nits when no mapping exists.]
11-29 03:19:24.690 D/Avrcp_ext( 1974): AudioManager Player: AudioPlaybackConfiguration piid:71 deviceId:0 type:android.media.SoundPool u/pid:10082/1991 state:idle attr:AudioAttributes: usage=USAGE_ASSISTANCE_SONIFICATION content=CONTENT_TYPE_SONIFICATION flags=0x800 tags= bundle=null sessionId:0
11-29 03:19:24.691 D/Avrcp_ext( 1974): AudioManager Player: AudioPlaybackConfiguration piid:87 deviceId:0 type:android.media.SoundPool u/pid:1000/3709 state:idle attr:AudioAttributes: usage=USAGE_ASSISTANCE_SONIFICATION content=CONTENT_TYPE_SONIFICATION flags=0x801 tags= bundle=null sessionId:0
11-29 03:19:24.691 D/Avrcp_ext( 1974): AudioManager Player: AudioPlaybackConfiguration piid:63 deviceId:0 type:android.media.SoundPool u/pid:1000/1496 state:idle attr:AudioAttributes: usage=USAGE_ASSISTANCE_SONIFICATION content=CONTENT_TYPE_SONIFICATION flags=0x800 tags= bundle=null sessionId:0
11-29 03:19:24.691 D/Avrcp_ext( 1974): AudioManager Player: AudioPlaybackConfiguration piid:111 deviceId:3 type:android.media.MediaPlayer u/pid:10082/1991 state:started attr:AudioAttributes: usage=USAGE_NOTIFICATION content=CONTENT_TYPE_SONIFICATION flags=0x800 tags= bundle=null sessionId:0
11-29 03:19:24.692 D/Avrcp_ext( 1974): AudioManager Player in started state: com.android.systemui
11-29 03:19:24.692 D/Avrcp_ext( 1974): AudioManager Active Player: com.android.systemui
11-29 03:19:24.692 D/Avrcp_ext( 1974): AudioManager isPlaying: true, mAudioPlaybackIsActive = true
11-29 03:19:24.699 E/DisplayDeviceConfig( 1496): requesting nits when no mapping exists.
11-29 03:19:24.699 E/DisplayDeviceConfig( 1496): requesting nits when no mapping exists.
11-29 03:19:24.702 I/am_wtf ( 1496): [0,1496,system_server,-1,DisplayDeviceConfig,requesting nits when no mapping exists.]
11-29 03:19:24.704 I/am_wtf ( 1496): [0,1496,system_server,-1,DisplayDeviceConfig,requesting nits when no mapping exists.]
11-29 03:19:24.711 D/msm8974_platform( 815): platform_set_channel_map mixer_ctl_name:Playback Channel Map9
11-29 03:19:24.712 D/msm8974_platform( 815): platform_set_channel_map: set mapping(1 2 0 0 0 0 0 0) for channel:2
11-29 03:19:24.713 E/audio_hw_extn( 815): audio_extn_perf_lock_release: Perf lock release error
11-29 03:19:24.713 D/audio_hw_primary( 815): start_output_stream: exit
11-29 03:19:24.713 D/audio_hw_primary( 815): out_write: retry previous failed cal level set
11-29 03:19:24.713 D/msm8974_platform( 815): platform_split_snd_device: snd_device(2) num devices(1) new_snd_devices(0)
11-29 03:19:24.713 D/ACDB-LOADER( 815): ACDB -> send_audvoltable
11-29 03:19:24.713 D/ACDB-LOADER( 815): ACDB -> ACDB_CMD_GET_AUDPROC_INSTANCE_GAIN_DEP_STEP_TABLE_SIZE
11-29 03:19:24.713 D/ACDB-LOADER( 815): ACDB -> ACDB_CMD_GET_AUDPROC_INSTANCE_GAIN_DEP_STEP_TABLE, vol index 5
11-29 03:19:24.713 D/ACDB-LOADER( 815): ACDB -> AUDIO_SET_VOL_CAL cal type = 40
11-29 03:19:24.719 E/DisplayDeviceConfig( 1496): requesting nits when no mapping exists.
11-29 03:19:24.720 E/DisplayDeviceConfig( 1496): requesting nits when no mapping exists.
11-29 03:19:24.720 I/am_wtf ( 1496): [0,1496,system_server,-1,DisplayDeviceConfig,requesting nits when no mapping exists.]
11-29 03:19:24.722 I/am_wtf ( 1496): [0,1496,system_server,-1,DisplayDeviceConfig,requesting nits when no mapping exists.]
11-29 03:19:24.724 D/msm8974_platform( 815): platform_split_snd_device: snd_device(2) num devices(1) new_snd_devices(0)
11-29 03:19:24.733 E/DisplayDeviceConfig( 1496): requesting nits when no mapping exists.
11-29 03:19:24.733 E/DisplayDeviceConfig( 1496): requesting nits when no mapping exists.
11-29 03:19:24.735 I/am_wtf ( 1496): [0,1496,system_server,-1,DisplayDeviceConfig,requesting nits when no mapping exists.]
11-29 03:19:24.736 I/am_wtf ( 1496): [0,1496,system_server,-1,DisplayDeviceConfig,requesting nits when no mapping exists.]
11-29 03:19:24.756 E/DisplayDeviceConfig( 1496): requesting nits when no mapping exists.
11-29 03:19:24.757 I/am_wtf ( 1496): [0,1496,system_server,-1,DisplayDeviceConfig,requesting nits when no mapping exists.]
11-29 03:19:24.757 E/DisplayDeviceConfig( 1496): requesting nits when no mapping exists.
11-29 03:19:24.758 I/am_wtf ( 1496): [0,1496,system_server,-1,DisplayDeviceConfig,requesting nits when no mapping exists.]
11-29 03:19:24.766 E/DisplayDeviceConfig( 1496): requesting nits when no mapping exists.
11-29 03:19:24.767 E/DisplayDeviceConfig( 1496): requesting nits when no mapping exists.
11-29 03:19:24.767 I/am_wtf ( 1496): [0,1496,system_server,-1,DisplayDeviceConfig,requesting nits when no mapping exists.]
11-29 03:19:24.768 I/am_wtf ( 1496): [0,1496,system_server,-1,DisplayDeviceConfig,requesting nits when no mapping exists.]
11-29 03:19:24.783 E/DisplayDeviceConfig( 1496): requesting nits when no mapping exists.
11-29 03:19:24.784 E/DisplayDeviceConfig( 1496): requesting nits when no mapping exists.
11-29 03:19:24.788 I/am_wtf ( 1496): [0,1496,system_server,-1,DisplayDeviceConfig,requesting nits when no mapping exists.]
11-29 03:19:24.789 I/am_wtf ( 1496): [0,1496,system_server,-1,DisplayDeviceConfig,requesting nits when no mapping exists.]
11-29 03:19:24.803 E/DisplayDeviceConfig( 1496): requesting nits when no mapping exists.
11-29 03:19:24.804 I/am_wtf ( 1496): [0,1496,system_server,-1,DisplayDeviceConfig,requesting nits when no mapping exists.]
11-29 03:19:24.806 E/DisplayDeviceConfig( 1496): requesting nits when no mapping exists.
11-29 03:19:24.806 I/am_wtf ( 1496): [0,1496,system_server,-1,DisplayDeviceConfig,requesting nits when no mapping exists.]
11-29 03:19:24.819 E/DisplayDeviceConfig( 1496): requesting nits when no mapping exists.
11-29 03:19:24.820 E/DisplayDeviceConfig( 1496): requesting nits when no mapping exists.
11-29 03:19:24.821 I/am_wtf ( 1496): [0,1496,system_server,-1,DisplayDeviceConfig,requesting nits when no mapping exists.]
11-29 03:19:24.823 I/am_wtf ( 1496): [0,1496,system_server,-1,DisplayDeviceConfig,requesting nits when no mapping exists.]
11-29 03:19:24.837 E/DisplayDeviceConfig( 1496): requesting nits when no mapping exists.
11-29 03:19:24.838 E/DisplayDeviceConfig( 1496): requesting nits when no mapping exists.
11-29 03:19:24.839 I/am_wtf ( 1496): [0,1496,system_server,-1,DisplayDeviceConfig,requesting nits when no mapping exists.]
11-29 03:19:24.840 I/am_wtf ( 1496): [0,1496,system_server,-1,DisplayDeviceConfig,requesting nits when no mapping exists.]
11-29 03:19:24.855 E/DisplayDeviceConfig( 1496): requesting nits when no mapping exists.
11-29 03:19:24.856 I/am_wtf ( 1496): [0,1496,system_server,-1,DisplayDeviceConfig,requesting nits when no mapping exists.]
11-29 03:19:24.856 E/DisplayDeviceConfig( 1496): requesting nits when no mapping exists.
11-29 03:19:24.857 I/am_wtf ( 1496): [0,1496,system_server,-1,DisplayDeviceConfig,requesting nits when no mapping exists.]
11-29 03:19:24.937 I/mpu_uart( 647): [MSG-P:RECV]:No message received in 1000 ms
11-29 03:19:25.148 I/input_interaction( 1496): Interaction with: af5581c com.thundercomm.screensaver/android.service.dreams.DreamActivity (server), edge-swipe (server), swipe-up (server), PointerEventDispatcher0 (server),
11-29 03:19:25.151 I/service_manager_stats( 1496): [216,133,5211]
11-29 03:19:25.151 I/wm_finish_activity( 1496): [0,165633264,266,com.thundercomm.screensaver/android.service.dreams.DreamActivity,finish-activity]
11-29 03:19:25.152 I/wm_task_moved( 1496): [263,1,5]
11-29 03:19:25.153 I/wm_task_moved( 1496): [264,1,2147483647]
11-29 03:19:25.153 I/wm_task_to_front( 1496): [0,264]
11-29 03:19:25.153 I/wm_focused_root_task( 1496): [0,0,263,266,finish-top adjustFocusToNextFocusableTask]
11-29 03:19:25.154 I/wm_set_resumed_activity( 1496): [0,com.android.launcher3/.uioverrides.QuickstepLauncher,finish-top adjustFocusToNextFocusableTask]
11-29 03:19:25.154 D/ActivityTrigger( 1496): ActivityTrigger activityPauseTrigger
11-29 03:19:25.155 I/wm_pause_activity( 1496): [0,165633264,com.thundercomm.screensaver/android.service.dreams.DreamActivity,userLeaving=false,finish]
11-29 03:19:25.159 I/DreamManagerService( 1496): Gently waking up from dream.
11-29 03:19:25.161 I/DreamManagerService( 1496): Performing gentle wake from dream.
11-29 03:19:25.162 I/wm_on_top_resumed_lost_called( 4109): [165633264,android.service.dreams.DreamActivity,topStateChangedWhenResumed]
11-29 03:19:25.164 I/sysui_multi_action( 1496): [757,803,799,window_time_0,802,2]
11-29 03:19:25.164 I/wm_on_paused_called( 4109): [165633264,android.service.dreams.DreamActivity,performPause]
11-29 03:19:25.165 I/wm_add_to_stopping( 1496): [0,165633264,com.thundercomm.screensaver/android.service.dreams.DreamActivity,completeFinishing]
11-29 03:19:25.166 I/ActivityTaskManager( 1496): FOREGROUND_APPLICATION_CHANGED to com.android.launcher3.uioverrides.QuickstepLauncher
11-29 03:19:25.168 I/wm_set_resumed_activity( 1496): [0,com.android.launcher3/.uioverrides.QuickstepLauncher,resumeTopActivityInnerLocked]
11-29 03:19:25.169 D/KeyguardViewMediator( 1991): setOccluded false
11-29 03:19:25.170 D/StatusBar( 1991): disable disable2
11-29 03:19:25.171 D/KeyguardViewMediator( 1991): adjustStatusBarLocked: mShowing=false mOccluded=false isSecure=false force=false --> flags=0x0
11-29 03:19:25.171 I/wm_resume_activity( 1496): [0,261032637,264,com.android.launcher3/.uioverrides.QuickstepLauncher]
11-29 03:19:25.179 I/GameMode_ActivityMonitoringService( 3709): onForegroundActivitiesChanged uid 10077 pid 2495 fg true
11-29 03:19:25.180 I/sysui_multi_action( 1496): [757,803,799,window_time_0,802,0]
11-29 03:19:25.183 I/BpBinder( 969): onLastStrongRef automatically unlinking death recipients:
11-29 03:19:25.184 I/input_focus( 1496): [Focus leaving af5581c com.thundercomm.screensaver/android.service.dreams.DreamActivity (server),reason=NO_WINDOW]
11-29 03:19:25.184 I/view_enqueue_input_event( 4109): [Motion - Cancel,com.thundercomm.screensaver/android.service.dreams.DreamActivity]
11-29 03:19:25.189 I/input_interaction( 1496): Interaction with: edge-swipe (server), swipe-up (server), PointerEventDispatcher0 (server),
11-29 03:19:25.192 I/wm_on_restart_called( 2495): [261032637,com.android.launcher3.uioverrides.QuickstepLauncher,performRestartActivity]
11-29 03:19:25.192 I/wm_on_start_called( 2495): [261032637,com.android.launcher3.uioverrides.QuickstepLauncher,handleStartActivity]
11-29 03:19:25.193 I/GameMode_ActivityMonitoringService( 3709): Updating top task to: TaskInfoContainer [topActivity=ComponentInfo{com.android.launcher3/com.android.launcher3.uioverrides.QuickstepLauncher}, taskId=264, stackId=263, userId=0, displayId=0, position=5
11-29 03:19:25.193 I/wm_on_resume_called( 2495): [261032637,com.android.launcher3.uioverrides.QuickstepLauncher,RESUME_ACTIVITY]
11-29 03:19:25.193 I/GameMode_ActivityMonitoringService( 3709): Notifying about top task: TaskInfoContainer [topActivity=ComponentInfo{com.android.launcher3/com.android.launcher3.uioverrides.QuickstepLauncher}, taskId=264, stackId=263, userId=0, displayId=0, position=5
11-29 03:19:25.193 I/wm_on_top_resumed_gained_called( 2495): [261032637,com.android.launcher3.uioverrides.QuickstepLauncher,topWhenResuming]
11-29 03:19:25.193 E/GameMode_ActivityMonitoringService( 3709): onActivityLaunch:com.android.launcher3
11-29 03:19:25.193 V/GameMode_GameTypeUtils( 3709): judge isGame:com.android.launcher3
11-29 03:19:25.193 V/GameMode_GpuUtils( 3709): fps:60
11-29 03:19:25.196 D/GameMode_GameModeActionUtils( 3709): Show GameMode entry by service!
11-29 03:19:25.196 W/ContextImpl( 3709): Calling a method in the system process without a qualified user: android.app.ContextImpl.startService:1816 android.content.ContextWrapper.startService:774 com.thundercomm.gamemode.ingame.services.GameModeActionUtils.startGameModeService:93 com.thundercomm.gamemode.ingame.services.GameModeActionUtils.startGameModeEntry:21 com.thundercomm.gamemode.ingame.services.ActivityMonitoringService$1.onActivityLaunch:127
11-29 03:19:25.198 D/GameMode_GameModeService( 3709): type=hide_entry
11-29 03:19:25.198 D/GameModeIF_GameModeSettings( 3709): getUriFor setting_content_uri_root = content://com.thundercomm.gamemode.api/gamemode_settings , name = gamemode_isgaming
11-29 03:19:25.200 I/GameModeConfig( 1496): Current uri is uri = content://com.thundercomm.gamemode.api/gamemode_settings/gamemode_isgaming
11-29 03:19:25.200 D/GameModeIF_GameModeSettings( 1496): getUriFor setting_content_uri_root = content://com.thundercomm.gamemode.api/gamemode_settings , name = gamemode_isgaming
11-29 03:19:25.202 I/GameModeConfig( 1496): isGameModeOn = false
11-29 03:19:25.202 I/GameModeConfig( 1496): isGameModeOn = false
11-29 03:19:25.202 I/GameModeConfig( 1496): isDisableVoice = true
11-29 03:19:25.203 D/GameMode_GameSettingsObserver( 3709): Game Data change!!!! uri = content://com.thundercomm.gamemode.api/gamemode_settings/gamemode_isgaming
11-29 03:19:25.203 D/GameModeIF_GameModeSettings( 3709): getUriFor setting_content_uri_root = content://com.thundercomm.gamemode.api/gamemode_settings , name = gamemode_isgaming
11-29 03:19:25.203 D/GameModeIF_GameModeSettings( 3709): gamemode_isgaming set to 0
11-29 03:19:25.204 D/AF::TrackHandle( 964): OpPlayAudio: track:59 usage:5 not muted
11-29 03:19:25.204 D/AF::TrackHandle( 964): OpPlayAudio: track:59 usage:5 not muted
11-29 03:19:25.204 D/AF::TrackHandle( 964): OpPlayAudio: track:59 usage:5 not muted
11-29 03:19:25.205 D/AF::TrackHandle( 964): OpPlayAudio: track:59 usage:5 not muted
11-29 03:19:25.205 D/AF::TrackHandle( 964): OpPlayAudio: track:59 usage:5 not muted
11-29 03:19:25.205 D/AF::TrackHandle( 964): OpPlayAudio: track:59 usage:5 not muted
11-29 03:19:25.205 D/AF::TrackHandle( 964): OpPlayAudio: track:59 usage:5 not muted
11-29 03:19:25.206 D/AF::TrackHandle( 964): OpPlayAudio: track:59 usage:5 not muted
11-29 03:19:25.206 D/AF::TrackHandle( 964): OpPlayAudio: track:59 usage:5 not muted
11-29 03:19:25.206 D/AF::TrackHandle( 964): OpPlayAudio: track:59 usage:5 not muted
11-29 03:19:25.206 D/AF::TrackHandle( 964): OpPlayAudio: track:59 usage:5 not muted
11-29 03:19:25.206 D/AF::TrackHandle( 964): OpPlayAudio: track:59 usage:5 not muted
11-29 03:19:25.207 D/AF::TrackHandle( 964): OpPlayAudio: track:59 usage:5 not muted
11-29 03:19:25.207 D/AF::TrackHandle( 964): OpPlayAudio: track:59 usage:5 not muted
11-29 03:19:25.207 D/AF::TrackHandle( 964): OpPlayAudio: track:59 usage:5 not muted
11-29 03:19:25.207 D/AF::TrackHandle( 964): OpPlayAudio: track:59 usage:5 not muted
11-29 03:19:25.208 D/GameMode_GameModeService( 3709): updateGlobalSettings = gamemode_isgaming
11-29 03:19:25.210 I/input_focus( 1496): [Focus request e452379 com.android.launcher3/com.android.launcher3.uioverrides.QuickstepLauncher,reason=UpdateInputWindows]
11-29 03:19:25.234 I/PowerManagerService( 1496): Powering on display group fromDreaming (groupId=0, uid=1000, reason=WAKE_REASON_UNKNOWN, details=android.server.power:DREAM_FINISHED)...
11-29 03:19:25.234 I/PowerManagerService( 1496): Waking up from Dreaming (uid=1000, reason=WAKE_REASON_UNKNOWN, details=android.server.power:DREAM_FINISHED)...
11-29 03:19:25.238 I/input_focus( 1496): [Focus entering e452379 com.android.launcher3/com.android.launcher3.uioverrides.QuickstepLauncher (server),reason=setFocusedWindow]
11-29 03:19:25.240 I/OpenGLRenderer( 2495): Davey! duration=22657ms; Flags=1, FrameTimelineVsyncId=6020, IntendedVsync=321412683802, Vsync=321412683802, InputEventId=0, HandleInputStart=321418128209, AnimationStart=321418130240, PerformTraversalsStart=321418131230, DrawStart=321428475240, FrameDeadline=321446017134, FrameInterval=321418120969, FrameStartTime=16666666, SyncQueued=321434110553, SyncStart=321434587375, IssueDrawCommandsStart=321436123730, SwapBuffers=321445328834, FrameCompleted=344070293252, DequeueBufferDuration=40000, QueueBufferDuration=1727969, GpuCompleted=344070293252, SwapBuffersCompleted=321447485448, DisplayPresentTime=0,
11-29 03:19:25.274 I/GameMode_ActivityMonitoringService( 3709): onTaskStackChanged
11-29 03:19:25.277 I/GameMode_ActivityMonitoringService( 3709): Updating top task to: TaskInfoContainer [topActivity=ComponentInfo{com.android.launcher3/com.android.launcher3.uioverrides.QuickstepLauncher}, taskId=264, stackId=263, userId=0, displayId=0, position=5
11-29 03:19:25.277 I/GameMode_ActivityMonitoringService( 3709): Notifying about top task: TaskInfoContainer [topActivity=ComponentInfo{com.android.launcher3/com.android.launcher3.uioverrides.QuickstepLauncher}, taskId=264, stackId=263, userId=0, displayId=0, position=5
11-29 03:19:25.277 E/GameMode_ActivityMonitoringService( 3709): onActivityLaunch:com.android.launcher3
11-29 03:19:25.277 V/GameMode_GameTypeUtils( 3709): judge isGame:com.android.launcher3
11-29 03:19:25.277 V/GameMode_GpuUtils( 3709): fps:60
11-29 03:19:25.279 D/GameMode_GameModeActionUtils( 3709): Show GameMode entry by service!
11-29 03:19:25.280 W/ContextImpl( 3709): Calling a method in the system process without a qualified user: android.app.ContextImpl.startService:1816 android.content.ContextWrapper.startService:774 com.thundercomm.gamemode.ingame.services.GameModeActionUtils.startGameModeService:93 com.thundercomm.gamemode.ingame.services.GameModeActionUtils.startGameModeEntry:21 com.thundercomm.gamemode.ingame.services.ActivityMonitoringService$1.onActivityLaunch:127
11-29 03:19:25.282 D/GameModeIF_GameModeSettings( 3709): getUriFor setting_content_uri_root = content://com.thundercomm.gamemode.api/gamemode_settings , name = gamemode_isgaming
11-29 03:19:25.282 D/GameMode_GameModeService( 3709): type=hide_entry
11-29 03:19:25.284 I/GameModeConfig( 1496): Current uri is uri = content://com.thundercomm.gamemode.api/gamemode_settings/gamemode_isgaming
11-29 03:19:25.284 D/GameModeIF_GameModeSettings( 1496): getUriFor setting_content_uri_root = content://com.thundercomm.gamemode.api/gamemode_settings , name = gamemode_isgaming
11-29 03:19:25.284 D/GameModeIF_GameModeSettings( 3709): gamemode_isgaming set to 0
11-29 03:19:25.285 D/GameMode_GameSettingsObserver( 3709): Game Data change!!!! uri = content://com.thundercomm.gamemode.api/gamemode_settings/gamemode_isgaming
11-29 03:19:25.285 D/GameModeIF_GameModeSettings( 3709): getUriFor setting_content_uri_root = content://com.thundercomm.gamemode.api/gamemode_settings , name = gamemode_isgaming
11-29 03:19:25.287 I/GameModeConfig( 1496): isGameModeOn = false
11-29 03:19:25.288 I/GameModeConfig( 1496): isGameModeOn = false
11-29 03:19:25.288 I/GameModeConfig( 1496): isDisableVoice = true
11-29 03:19:25.288 D/GameMode_GameModeService( 3709): updateGlobalSettings = gamemode_isgaming
11-29 03:19:25.289 D/AF::TrackHandle( 964): OpPlayAudio: track:59 usage:5 not muted
11-29 03:19:25.290 D/AF::TrackHandle( 964): OpPlayAudio: track:59 usage:5 not muted
11-29 03:19:25.290 D/AF::TrackHandle( 964): OpPlayAudio: track:59 usage:5 not muted
11-29 03:19:25.290 D/AF::TrackHandle( 964): OpPlayAudio: track:59 usage:5 not muted
11-29 03:19:25.290 D/AF::TrackHandle( 964): OpPlayAudio: track:59 usage:5 not muted
11-29 03:19:25.290 D/AF::TrackHandle( 964): OpPlayAudio: track:59 usage:5 not muted
11-29 03:19:25.291 D/AF::TrackHandle( 964): OpPlayAudio: track:59 usage:5 not muted
11-29 03:19:25.291 D/AF::TrackHandle( 964): OpPlayAudio: track:59 usage:5 not muted
11-29 03:19:25.291 D/AF::TrackHandle( 964): OpPlayAudio: track:59 usage:5 not muted
11-29 03:19:25.291 D/AF::TrackHandle( 964): OpPlayAudio: track:59 usage:5 not muted
11-29 03:19:25.291 D/AF::TrackHandle( 964): OpPlayAudio: track:59 usage:5 not muted
11-29 03:19:25.291 D/AF::TrackHandle( 964): OpPlayAudio: track:59 usage:5 not muted
11-29 03:19:25.292 D/AF::TrackHandle( 964): OpPlayAudio: track:59 usage:5 not muted
11-29 03:19:25.292 D/AF::TrackHandle( 964): OpPlayAudio: track:59 usage:5 not muted
11-29 03:19:25.292 D/AF::TrackHandle( 964): OpPlayAudio: track:59 usage:5 not muted
11-29 03:19:25.292 D/AF::TrackHandle( 964): OpPlayAudio: track:59 usage:5 not muted
11-29 03:19:25.473 I/wm_destroy_activity( 1496): [0,165633264,266,com.thundercomm.screensaver/android.service.dreams.DreamActivity,finish-imm:idle]
11-29 03:19:25.476 I/GameMode_ActivityMonitoringService( 3709): onForegroundActivitiesChanged uid 10052 pid 4109 fg false
11-29 03:19:25.480 I/GameMode_ActivityMonitoringService( 3709): Updating top task to: TaskInfoContainer [topActivity=ComponentInfo{com.android.launcher3/com.android.launcher3.uioverrides.QuickstepLauncher}, taskId=264, stackId=263, userId=0, displayId=0, position=5
11-29 03:19:25.480 I/GameMode_ActivityMonitoringService( 3709): Notifying about top task: TaskInfoContainer [topActivity=ComponentInfo{com.android.launcher3/com.android.launcher3.uioverrides.QuickstepLauncher}, taskId=264, stackId=263, userId=0, displayId=0, position=5
11-29 03:19:25.480 E/GameMode_ActivityMonitoringService( 3709): onActivityLaunch:com.android.launcher3
11-29 03:19:25.480 V/GameMode_GameTypeUtils( 3709): judge isGame:com.android.launcher3
11-29 03:19:25.480 V/GameMode_GpuUtils( 3709): fps:60
11-29 03:19:25.483 D/GameMode_GameModeActionUtils( 3709): Show GameMode entry by service!
11-29 03:19:25.484 W/ContextImpl( 3709): Calling a method in the system process without a qualified user: android.app.ContextImpl.startService:1816 android.content.ContextWrapper.startService:774 com.thundercomm.gamemode.ingame.services.GameModeActionUtils.startGameModeService:93 com.thundercomm.gamemode.ingame.services.GameModeActionUtils.startGameModeEntry:21 com.thundercomm.gamemode.ingame.services.ActivityMonitoringService$1.onActivityLaunch:127
11-29 03:19:25.488 D/GameMode_GameModeService( 3709): type=hide_entry
11-29 03:19:25.490 I/wm_on_stop_called( 4109): [165633264,android.service.dreams.DreamActivity,LIFECYCLER_STOP_ACTIVITY]
11-29 03:19:25.491 D/GameModeIF_GameModeSettings( 3709): getUriFor setting_content_uri_root = content://com.thundercomm.gamemode.api/gamemode_settings , name = gamemode_isgaming
11-29 03:19:25.491 I/wm_on_destroy_called( 4109): [165633264,android.service.dreams.DreamActivity,performDestroy]
11-29 03:19:25.493 I/GameModeConfig( 1496): Current uri is uri = content://com.thundercomm.gamemode.api/gamemode_settings/gamemode_isgaming
11-29 03:19:25.493 D/GameModeIF_GameModeSettings( 1496): getUriFor setting_content_uri_root = content://com.thundercomm.gamemode.api/gamemode_settings , name = gamemode_isgaming
11-29 03:19:25.494 D/GameMode_GameSettingsObserver( 3709): Game Data change!!!! uri = content://com.thundercomm.gamemode.api/gamemode_settings/gamemode_isgaming
11-29 03:19:25.494 D/GameModeIF_GameModeSettings( 3709): getUriFor setting_content_uri_root = content://com.thundercomm.gamemode.api/gamemode_settings , name = gamemode_isgaming
11-29 03:19:25.494 D/GameModeIF_GameModeSettings( 3709): gamemode_isgaming set to 0
11-29 03:19:25.495 I/DreamManagerService( 1496): Leaving dreamland.
11-29 03:19:25.495 I/GameModeConfig( 1496): isGameModeOn = false
11-29 03:19:25.496 I/GameModeConfig( 1496): isGameModeOn = false
11-29 03:19:25.496 I/GameModeConfig( 1496): isDisableVoice = true
11-29 03:19:25.496 D/AF::TrackHandle( 964): OpPlayAudio: track:59 usage:5 not muted
11-29 03:19:25.497 D/AF::TrackHandle( 964): OpPlayAudio: track:59 usage:5 not muted
11-29 03:19:25.497 D/AF::TrackHandle( 964): OpPlayAudio: track:59 usage:5 not muted
11-29 03:19:25.497 D/AF::TrackHandle( 964): OpPlayAudio: track:59 usage:5 not muted
11-29 03:19:25.497 D/GameMode_GameModeService( 3709): updateGlobalSettings = gamemode_isgaming
11-29 03:19:25.497 D/AF::TrackHandle( 964): OpPlayAudio: track:59 usage:5 not muted
11-29 03:19:25.498 D/AF::TrackHandle( 964): OpPlayAudio: track:59 usage:5 not muted
11-29 03:19:25.498 D/AF::TrackHandle( 964): OpPlayAudio: track:59 usage:5 not muted
11-29 03:19:25.498 D/AF::TrackHandle( 964): OpPlayAudio: track:59 usage:5 not muted
11-29 03:19:25.498 D/AF::TrackHandle( 964): OpPlayAudio: track:59 usage:5 not muted
11-29 03:19:25.498 I/DreamManagerService( 1496): Performing gentle wake from dream.
11-29 03:19:25.498 I/DreamController( 1496): Stopping dream: name=ComponentInfo{com.thundercomm.screensaver/com.thundercomm.saverclock.service.ClockScreensaver}, isTest=false, canDoze=false, userId=0, reason='finished self'(from 'finished self')
11-29 03:19:25.498 I/sysui_multi_action( 1496): [757,222,758,2]
11-29 03:19:25.498 D/AF::TrackHandle( 964): OpPlayAudio: track:59 usage:5 not muted
11-29 03:19:25.499 I/sysui_multi_action( 1496): [757,804,799,dreaming_minutes,801,0,802,1]
11-29 03:19:25.499 D/AF::TrackHandle( 964): OpPlayAudio: track:59 usage:5 not muted
11-29 03:19:25.499 W/InputManager-JNI( 1496): Input channel object 'af5581c com.thundercomm.screensaver/android.service.dreams.DreamActivity (client)' was disposed without first being removed with the input manager!
11-29 03:19:25.499 D/AF::TrackHandle( 964): OpPlayAudio: track:59 usage:5 not muted
11-29 03:19:25.499 D/AF::TrackHandle( 964): OpPlayAudio: track:59 usage:5 not muted
11-29 03:19:25.499 D/AF::TrackHandle( 964): OpPlayAudio: track:59 usage:5 not muted
11-29 03:19:25.499 D/AF::TrackHandle( 964): OpPlayAudio: track:59 usage:5 not muted
11-29 03:19:25.500 D/AF::TrackHandle( 964): OpPlayAudio: track:59 usage:5 not muted
11-29 03:19:25.514 I/wm_task_removed( 1496): [266,removeChild:removeChild last r=ActivityRecord{9df5cf0 u0 com.thundercomm.screensaver/android.service.dreams.DreamActivity t-1 f}} in t=Task{8287895 #266 type=dream A=10052:android:com.thundercomm.screensaver/dream U=0 visible=false mode=fullscreen translucent=true sz=0}]
11-29 03:19:25.514 I/wm_task_removed( 1496): [266,removeChild]
11-29 03:19:25.517 W/ActivityTaskManager( 1496): Can't find TaskDisplayArea to determine support for multi window. Task id=266 attached=false
11-29 03:19:25.533 W/Choreographer( 1496): Frame time is 0.226655 ms in the future! Check that graphics HAL is generating vsync timestamps using the correct timebase.
11-29 03:19:25.533 W/Choreographer( 1991): Frame time is 0.178686 ms in the future! Check that graphics HAL is generating vsync timestamps using the correct timebase.
11-29 03:19:25.533 W/Choreographer( 2495): Frame time is 0.188321 ms in the future! Check that graphics HAL is generating vsync timestamps using the correct timebase.
11-29 03:19:25.639 D/DhcpClient( 2199): Received packet: 66:25:0c:9d:55:97 ACK: your new IP /10.1.1.104, netmask /255.255.255.0, gateways [/10.1.1.1] DNS servers: /10.1.1.1 , lease time 30
11-29 03:19:25.907 I/auditd ( 0): type=1400 audit(0.0:562): avc: denied { kill } for comm="swapper/1" capability=5 scontext=u:r:kernel:s0 tcontext=u:r:kernel:s0 tclass=capability permissive=0
11-29 03:19:25.907 W/swapper/1( 0): type=1400 audit(0.0:562): avc: denied { kill } for capability=5 scontext=u:r:kernel:s0 tcontext=u:r:kernel:s0 tclass=capability permissive=0
11-29 03:19:25.937 I/mpu_uart( 647): [MSG-P:RECV]:No message received in 1000 ms
11-29 03:19:26.036 D/CCodecBufferChannel( 1199): [c2.android.vorbis.decoder#449] buffers after EOS ignored (0 us)
11-29 03:19:26.039 D/AudioTrack( 1199): stop(37): called with 82980 frames delivered
11-29 03:19:26.465 D/audio_hw_primary( 815): out_set_parameters: enter: usecase(1: low-latency-playback) kvpairs: suspend_playback=true
11-29 03:19:26.465 D/audio_hw_extn( 815): audio_extn_fm_set_parameters: Enter
11-29 03:19:26.475 D/audio_hw_primary( 815): out_set_parameters: enter: usecase(1: low-latency-playback) kvpairs: suspend_playback=false
11-29 03:19:26.475 D/audio_hw_extn( 815): audio_extn_fm_set_parameters: Enter
11-29 03:19:26.479 D/audio_hw_primary( 815): out_set_parameters: enter: usecase(1: low-latency-playback) kvpairs: suspend_playback=true
11-29 03:19:26.479 D/audio_hw_extn( 815): audio_extn_fm_set_parameters: Enter
11-29 03:19:26.490 D/audio_hw_primary( 815): out_set_parameters: enter: usecase(1: low-latency-playback) kvpairs: suspend_playback=false
11-29 03:19:26.490 D/audio_hw_extn( 815): audio_extn_fm_set_parameters: Enter
11-29 03:19:26.494 W/AudioIDCMicroNegotiator( 1496): idcm_warn: idcm control is not enable
11-29 03:19:26.495 I/MediaFocusControl( 1496): abandonAudioFocus() from uid/pid 10082/1991 clientId=android.media.AudioManager@62daf1d
11-29 03:19:26.495 V/MediaPlayer( 1991): resetDrmState: mDrmInfo=null mDrmProvisioningThread=null mPrepareDrmInProgress=false mActiveDrmScheme=false
11-29 03:19:26.495 V/MediaPlayer( 1991): cleanDrmObj: mDrmObj=null mDrmSessionId=null
11-29 03:19:26.495 D/NuPlayerDriver( 1199): reset(0xeb440470) at state 6
11-29 03:19:26.496 D/Avrcp_ext( 1974): AudioManager Player: AudioPlaybackConfiguration piid:71 deviceId:0 type:android.media.SoundPool u/pid:10082/1991 state:idle attr:AudioAttributes: usage=USAGE_ASSISTANCE_SONIFICATION content=CONTENT_TYPE_SONIFICATION flags=0x800 tags= bundle=null sessionId:0
11-29 03:19:26.497 D/Avrcp_ext( 1974): AudioManager Player: AudioPlaybackConfiguration piid:87 deviceId:0 type:android.media.SoundPool u/pid:1000/3709 state:idle attr:AudioAttributes: usage=USAGE_ASSISTANCE_SONIFICATION content=CONTENT_TYPE_SONIFICATION flags=0x801 tags= bundle=null sessionId:0
11-29 03:19:26.497 D/Avrcp_ext( 1974): AudioManager Player: AudioPlaybackConfiguration piid:63 deviceId:0 type:android.media.SoundPool u/pid:1000/1496 state:idle attr:AudioAttributes: usage=USAGE_ASSISTANCE_SONIFICATION content=CONTENT_TYPE_SONIFICATION flags=0x800 tags= bundle=null sessionId:0
11-29 03:19:26.497 D/Avrcp_ext( 1974): AudioManager Player: AudioPlaybackConfiguration piid:111 deviceId:3 type:android.media.MediaPlayer u/pid:10082/1991 state:stopped attr:AudioAttributes: usage=USAGE_NOTIFICATION content=CONTENT_TYPE_SONIFICATION flags=0x800 tags= bundle=null sessionId:0
11-29 03:19:26.497 D/Avrcp_ext( 1974): AudioManager isPlaying: false, mAudioPlaybackIsActive = true
11-29 03:19:26.498 D/Avrcp_ext( 1974): AudioManager Reset Active Player
11-29 03:19:26.499 D/audio_hw_primary( 815): out_set_parameters: enter: usecase(1: low-latency-playback) kvpairs: suspend_playback=true
11-29 03:19:26.499 D/audio_hw_extn( 815): audio_extn_fm_set_parameters: Enter
11-29 03:19:26.500 V/Avrcp_ext( 1974): updateCurrentMediaState: mMediaController: MediaController (com.android.systemui@4a501a7) null
11-29 03:19:26.500 W/Avrcp_ext( 1974): isMusicActive: false getBluetoothPlayState: 2 A2dp State: 11 mAudioPlaybackIsActive: false
11-29 03:19:26.500 D/Avrcp_ext( 1974): isMusicActive = false mAudioPlaybackIsActive = false player state = null
11-29 03:19:26.500 I/hw-BpHwBinder( 1199): onLastStrongRef automatically unlinking death recipients
11-29 03:19:26.500 I/hw-BpHwBinder( 1291): onLastStrongRef automatically unlinking death recipients
11-29 03:19:26.501 I/Avrcp_ext( 1974): Skipping update due to invalid playback state
11-29 03:19:26.501 V/Avrcp_ext( 1974): updatePlaybackState, state: null device: null
11-29 03:19:26.501 V/Avrcp_ext( 1974): Device: no name:
11-29 03:19:26.501 V/Avrcp_ext( 1974): Device: no name:
11-29 03:19:26.501 V/Avrcp_ext( 1974): Device: no name:
11-29 03:19:26.501 V/Avrcp_ext( 1974): Device: no name:
11-29 03:19:26.501 V/Avrcp_ext( 1974): Device: no name:
11-29 03:19:26.501 V/Avrcp_ext( 1974): updatePlayerStateAndPosition, old=PlaybackState {state=2, position=-1, buffered position=0, speed=1.0, updated=24344, actions=0, custom actions=[], active item id=-1, error=null}, state=null
11-29 03:19:26.501 I/Avrcp_ext( 1974): updatePlayerStateAndPosition: device: state = null
11-29 03:19:26.501 D/Avrcp_ext( 1974): AudioManager Player: AudioPlaybackConfiguration piid:71 deviceId:0 type:android.media.SoundPool u/pid:10082/1991 state:idle attr:AudioAttributes: usage=USAGE_ASSISTANCE_SONIFICATION content=CONTENT_TYPE_SONIFICATION flags=0x800 tags= bundle=null sessionId:0
11-29 03:19:26.501 D/Avrcp_ext( 1974): AudioManager Player: AudioPlaybackConfiguration piid:87 deviceId:0 type:android.media.SoundPool u/pid:1000/3709 state:idle attr:AudioAttributes: usage=USAGE_ASSISTANCE_SONIFICATION content=CONTENT_TYPE_SONIFICATION flags=0x801 tags= bundle=null sessionId:0
11-29 03:19:26.502 D/Avrcp_ext( 1974): AudioManager Player: AudioPlaybackConfiguration piid:63 deviceId:0 type:android.media.SoundPool u/pid:1000/1496 state:idle attr:AudioAttributes: usage=USAGE_ASSISTANCE_SONIFICATION content=CONTENT_TYPE_SONIFICATION flags=0x800 tags= bundle=null sessionId:0
11-29 03:19:26.502 D/Avrcp_ext( 1974): AudioManager isPlaying: false, mAudioPlaybackIsActive = false
11-29 03:19:26.502 D/Avrcp_ext( 1974): AudioManager Reset Active Player
11-29 03:19:26.503 V/C2Store ( 1291): in ~ComponentModule
11-29 03:19:26.503 V/C2Store ( 1291): unloading dll
11-29 03:19:26.509 D/audio_hw_primary( 815): out_set_parameters: enter: usecase(1: low-latency-playback) kvpairs: suspend_playback=false
11-29 03:19:26.509 D/audio_hw_extn( 815): audio_extn_fm_set_parameters: Enter
11-29 03:19:26.511 D/NuPlayerDriver( 1199): notifyResetComplete(0xeb440470)
11-29 03:19:26.511 W/AMessage( 1199): failed to post message as target looper for handler 0 is gone.
11-29 03:19:26.548 D/audio_hw_primary( 815): out_set_parameters: enter: usecase(1: low-latency-playback) kvpairs: suspend_playback=true
11-29 03:19:26.548 D/audio_hw_extn( 815): audio_extn_fm_set_parameters: Enter
11-29 03:19:26.551 D/msm8974_platform( 815): platform_split_snd_device: snd_device(2) num devices(1) new_snd_devices(0)
11-29 03:19:26.551 D/ACDB-LOADER( 815): ACDB -> send_audvoltable
11-29 03:19:26.551 D/ACDB-LOADER( 815): ACDB -> ACDB_CMD_GET_AUDPROC_INSTANCE_GAIN_DEP_STEP_TABLE_SIZE
11-29 03:19:26.551 D/ACDB-LOADER( 815): ACDB -> ACDB_CMD_GET_AUDPROC_INSTANCE_GAIN_DEP_STEP_TABLE, vol index 0
11-29 03:19:26.551 D/ACDB-LOADER( 815): ACDB -> AUDIO_SET_VOL_CAL cal type = 40
11-29 03:19:26.553 D/msm8974_platform( 815): platform_split_snd_device: snd_device(2) num devices(1) new_snd_devices(0)
11-29 03:19:26.907 I/auditd ( 0): type=1400 audit(0.0:563): avc: denied { kill } for comm="swapper/1" capability=5 scontext=u:r:kernel:s0 tcontext=u:r:kernel:s0 tclass=capability permissive=0
11-29 03:19:26.907 W/swapper/1( 0): type=1400 audit(0.0:563): avc: denied { kill } for capability=5 scontext=u:r:kernel:s0 tcontext=u:r:kernel:s0 tclass=capability permissive=0
11-29 03:19:26.938 I/mpu_uart( 647): [MSG-P:RECV]:No message received in 1000 ms
11-29 03:19:27.108 I/mpu_uart( 647): [MSG-P:R]:recv sync frame timeout
11-29 03:19:27.549 D/audio_hw_primary( 815): out_set_parameters: enter: usecase(1: low-latency-playback) kvpairs: suspend_playback=false
11-29 03:19:27.549 D/audio_hw_extn( 815): audio_extn_fm_set_parameters: Enter
11-29 03:19:27.552 W/audio_hw_primary( 815): out_write: underrun(7) frames_by_time(48278) > out->last_fifo_frames_remaining(384)
11-29 03:19:27.593 D/audio_hw_primary( 815): out_set_parameters: enter: usecase(1: low-latency-playback) kvpairs: suspend_playback=true
11-29 03:19:27.593 D/audio_hw_extn( 815): audio_extn_fm_set_parameters: Enter
11-29 03:19:27.765 I/selfinstaller( 1200): create socket failed: No route to host 113
11-29 03:19:27.907 I/auditd ( 0): type=1400 audit(0.0:564): avc: denied { kill } for comm="swapper/1" capability=5 scontext=u:r:kernel:s0 tcontext=u:r:kernel:s0 tclass=capability permissive=0
11-29 03:19:27.907 W/swapper/1( 0): type=1400 audit(0.0:564): avc: denied { kill } for capability=5 scontext=u:r:kernel:s0 tcontext=u:r:kernel:s0 tclass=capability permissive=0
11-29 03:19:27.938 I/mpu_uart( 647): [MSG-P:RECV]:No message received in 1000 ms
11-29 03:19:28.594 D/audio_hw_primary( 815): out_set_parameters: enter: usecase(1: low-latency-playback) kvpairs: suspend_playback=false
11-29 03:19:28.594 D/audio_hw_extn( 815): audio_extn_fm_set_parameters: Enter
11-29 03:19:28.594 W/audio_hw_primary( 815): out_write: underrun(8) frames_by_time(48188) > out->last_fifo_frames_remaining(384)
11-29 03:19:28.632 D/audio_hw_primary( 815): out_set_parameters: enter: usecase(1: low-latency-playback) kvpairs: suspend_playback=true
11-29 03:19:28.632 D/audio_hw_extn( 815): audio_extn_fm_set_parameters: Enter
11-29 03:19:28.907 I/auditd ( 0): type=1400 audit(0.0:565): avc: denied { kill } for comm="swapper/1" capability=5 scontext=u:r:kernel:s0 tcontext=u:r:kernel:s0 tclass=capability permissive=0
11-29 03:19:28.907 W/swapper/1( 0): type=1400 audit(0.0:565): avc: denied { kill } for capability=5 scontext=u:r:kernel:s0 tcontext=u:r:kernel:s0 tclass=capability permissive=0
11-29 03:19:28.938 I/mpu_uart( 647): [MSG-P:RECV]:No message received in 1000 ms
11-29 03:19:29.633 D/audio_hw_primary( 815): out_set_parameters: enter: usecase(1: low-latency-playback) kvpairs: suspend_playback=false
11-29 03:19:29.633 D/audio_hw_extn( 815): audio_extn_fm_set_parameters: Enter
11-29 03:19:29.633 D/audio_hw_primary( 815): out_standby: enter: stream (0xec4821a0) usecase(1: low-latency-playback)
11-29 03:19:29.654 D/audio_hw_primary( 815): disable_audio_route: reset and update mixer path: low-latency-playback
11-29 03:19:29.655 D/BufferPoolAccessor2.0( 1291): evictor expired: 1, evicted: 0
11-29 03:19:29.655 E/soundtrigger( 815): audio_extn_sound_trigger_update_stream_status: invalid input device 0x0, for event 2
11-29 03:19:29.655 D/soundtrigger( 815): audio_extn_sound_trigger_update_stream_status: uc_info->id 1 of type 0 for Event 2, with Raise=0
11-29 03:19:29.655 D/msm8974_platform( 815): platform_split_snd_device: snd_device(2) num devices(0) new_snd_devices(0)
11-29 03:19:29.655 I/msm8974_platform( 815): platform_get_custom_mtmx_params: no matching param with id 0 ip_ch 2 op_ch 2 uc_id 1 snd_dev 2
11-29 03:19:29.655 D/hardware_info( 815): hw_info_append_hw_type : device_name = speaker
11-29 03:19:29.655 D/audio_hw_primary( 815): disable_snd_device: snd_device(2: speaker)
11-29 03:19:29.655 D/msm8974_platform( 815): platform_split_snd_device: snd_device(2) num devices(0) new_snd_devices(0)
11-29 03:19:29.655 I/soundtrigger( 815): audio_extn_sound_trigger_update_device_status: device 0x2 of type 0 for Event 0, with Raise=0
11-29 03:19:29.655 D/audio_hw_primary( 815): out_standby: exit
11-29 03:19:29.907 I/auditd ( 0): type=1400 audit(0.0:566): avc: denied { kill } for comm="swapper/1" capability=5 scontext=u:r:kernel:s0 tcontext=u:r:kernel:s0 tclass=capability permissive=0
11-29 03:19:29.907 W/swapper/1( 0): type=1400 audit(0.0:566): avc: denied { kill } for capability=5 scontext=u:r:kernel:s0 tcontext=u:r:kernel:s0 tclass=capability permissive=0
11-29 03:19:29.938 I/mpu_uart( 647): [MSG-P:RECV]:No message received in 1000 ms
11-29 03:19:30.111 I/mpu_uart( 647): [MSG-P:R]:recv sync frame timeout
11-29 03:19:30.654 D/BufferPoolAccessor2.0( 1199): evictor expired: 1, evicted: 0
11-29 03:19:30.907 I/auditd ( 0): type=1400 audit(0.0:567): avc: denied { kill } for comm="swapper/1" capability=5 scontext=u:r:kernel:s0 tcontext=u:r:kernel:s0 tclass=capability permissive=0
11-29 03:19:30.907 W/swapper/1( 0): type=1400 audit(0.0:567): avc: denied { kill } for capability=5 scontext=u:r:kernel:s0 tcontext=u:r:kernel:s0 tclass=capability permissive=0
11-29 03:19:30.939 I/mpu_uart( 647): [MSG-P:RECV]:No message received in 1000 ms
11-29 03:19:31.048 W/SntpClient( 1496): Unknown host: time.android.com
11-29 03:19:31.048 I/ntp_failure( 1496): [time.android.com,java.net.UnknownHostException: Unable to resolve host "time.android.com": No address associated with hostname]
11-29 03:19:31.048 D/SntpClient( 1496): request time failed
11-29 03:19:31.051 D/NetworkMonitor/100( 2199): isDataStall: result=1, tcp packets received=0, latest tcp fail rate=-1, consecutive dns timeout count=59
11-29 03:19:31.051 D/NetworkMonitor/100( 2199): Suspecting data stall, reevaluate
11-29 03:19:31.051 D/ConnectivityService( 1496): Data stall detected with methods: 1
11-29 03:19:31.053 D/NetworkMonitor/100( 2199): Validation disabled.
11-29 03:19:31.065 D/ConnectivityService( 1496): [100 WIFI] validation passed
11-29 03:19:31.084 D/NetworkMonitor/100( 2199): isDataStall: result=1, tcp packets received=0, latest tcp fail rate=-1, consecutive dns timeout count=60
11-29 03:19:31.084 D/ConnectivityService( 1496): Data stall detected with methods: 1
11-29 03:19:31.084 D/NetworkMonitor/100( 2199): Suspecting data stall, reevaluate
11-29 03:19:31.086 D/NetworkMonitor/100( 2199): Validation disabled.
11-29 03:19:31.090 W/BroadcastQueue( 1496): Permission Denial: broadcasting Intent { act=android.net.conn.CONNECTIVITY_CHANGE flg=0x4200010 (has extras) } from null (pid=-1, uid=-1) requires com.baidu.input.permission.sofire.RECEIVE due to registered receiver BroadcastFilter{be5125c 10029/u0 ReceiverList{22e58cf 4154 com.baidu.input/10029/u0 remote:3ddb52e}}
11-29 03:19:31.091 D/ConnectivityService( 1496): [100 WIFI] validation passed
11-29 03:19:31.287 D/DhcpClient( 2199): Received packet: 66:25:0c:9d:55:97 ACK: your new IP /10.1.1.104, netmask /255.255.255.0, gateways [/10.1.1.1] DNS servers: /10.1.1.1 , lease time 30
11-29 03:19:31.655 D/BufferPoolAccessor2.0( 1199): bufferpool2 0xeac00a48 : 0(0 size) total buffers - 0(0 size) used buffers - 94/102 (recycle/alloc) - 8/198 (fetch/transfer)
11-29 03:19:31.655 D/BufferPoolAccessor2.0( 1199): evictor expired: 1, evicted: 1
11-29 03:19:31.655 D/BufferPoolAccessor2.0( 1291): bufferpool2 0xb4000079bfa98a98 : 0(0 size) total buffers - 0(0 size) used buffers - 93/97 (recycle/alloc) - 4/96 (fetch/transfer)
11-29 03:19:31.655 D/BufferPoolAccessor2.0( 1291): evictor expired: 1, evicted: 1
11-29 03:19:31.907 I/auditd ( 0): type=1400 audit(0.0:568): avc: denied { kill } for comm="swapper/1" capability=5 scontext=u:r:kernel:s0 tcontext=u:r:kernel:s0 tclass=capability permissive=0
11-29 03:19:31.907 W/swapper/1( 0): type=1400 audit(0.0:568): avc: denied { kill } for capability=5 scontext=u:r:kernel:s0 tcontext=u:r:kernel:s0 tclass=capability permissive=0
11-29 03:19:31.939 I/mpu_uart( 647): [MSG-P:RECV]:No message received in 1000 ms
11-29 03:19:32.907 I/auditd ( 0): type=1400 audit(0.0:569): avc: denied { kill } for comm="swapper/1" capability=5 scontext=u:r:kernel:s0 tcontext=u:r:kernel:s0 tclass=capability permissive=0
11-29 03:19:32.907 W/swapper/1( 0): type=1400 audit(0.0:569): avc: denied { kill } for capability=5 scontext=u:r:kernel:s0 tcontext=u:r:kernel:s0 tclass=capability permissive=0
11-29 03:19:32.939 I/mpu_uart( 647): [MSG-P:RECV]:No message received in 1000 ms
11-29 03:19:33.114 I/mpu_uart( 647): [MSG-P:R]:recv sync frame timeout
11-29 03:19:33.777 D/DhcpClient( 2199): Unicasting DHCPREQUEST ciaddr=10.1.1.100 request=0.0.0.0 serverid=null to /10.1.1.1:67
11-29 03:19:33.907 I/auditd ( 0): type=1400 audit(0.0:570): avc: denied { kill } for comm="swapper/1" capability=5 scontext=u:r:kernel:s0 tcontext=u:r:kernel:s0 tclass=capability permissive=0
11-29 03:19:33.907 W/swapper/1( 0): type=1400 audit(0.0:570): avc: denied { kill } for capability=5 scontext=u:r:kernel:s0 tcontext=u:r:kernel:s0 tclass=capability permissive=0
11-29 03:19:33.927 D/DhcpClient( 2199): Received packet: 46:9b:5c:c6:13:95 ACK: your new IP /10.1.1.100, netmask /255.255.255.0, gateways [/10.1.1.1] DNS servers: /10.1.1.1 , lease time 30
11-29 03:19:33.929 D/DhcpClient( 2199): Renewed lease: android.net.networkstack.DhcpResults@54e3877 DHCP server /10.1.1.1 Vendor info null lease 30 seconds Servername
11-29 03:19:33.939 D/DhcpClient( 2199): Scheduling renewal in 29s
11-29 03:19:33.939 D/DhcpClient( 2199): Scheduling rebind in 52s
11-29 03:19:33.939 D/DhcpClient( 2199): Scheduling expiry in 59s
11-29 03:19:33.940 I/mpu_uart( 647): [MSG-P:RECV]:No message received in 1000 ms
11-29 03:19:33.950 D/BluetoothAdapterService( 1974): android.net.wifi.STATE_CHANGE
11-29 03:19:33.951 D/SettingMicroservices( 2127): WifiReceiver:
11-29 03:19:33.951 D/SettingMicroservices( 2127): WifiReceiver NetworkInfo.State.CONNECTED
11-29 03:19:33.952 D/SettingMicroservices( 2127): doNetworkSync: mIDCMNetworkState: -1 mIsFSEMNetworkWiFi: true
11-29 03:19:33.952 D/SettingMicroservices( 2127): Change Network Preference to TYPE_ETHERNET.
11-29 03:19:33.954 W/BluetoothAdapterService( 1974): fetchWifiState - isWifiConnected =true
11-29 03:19:33.954 D/BluetoothVendorService( 1974): setWifiState to: true
11-29 03:19:33.954 I/BluetoothVendorJni( 1974): setWifiStateNative
11-29 03:19:33.954 I/bt_btif_vendor( 1974): setWifiState :1
11-29 03:19:34.121 I/GameModeConfig( 1496): isGameModeOn = false
11-29 03:19:34.129 D/InterruptionStateProvider( 1991): No bubble up: not allowed to bubble: -1|android|26|null|1000
11-29 03:19:34.129 D/InterruptionStateProvider( 1991): No alerting: filtered notification: 0|com.android.systemui|1|empty_media|10082
11-29 03:19:34.130 D/InterruptionStateProvider( 1991): No bubble up: not allowed to bubble: 0|com.android.systemui|2048|null|10082
11-29 03:19:34.130 D/InterruptionStateProvider( 1991): No bubble up: not allowed to bubble: -1|android|32|null|1000
11-29 03:19:34.907 I/auditd ( 0): type=1400 audit(0.0:571): avc: denied { kill } for comm="swapper/1" capability=5 scontext=u:r:kernel:s0 tcontext=u:r:kernel:s0 tclass=capability permissive=0
11-29 03:19:34.907 W/swapper/1( 0): type=1400 audit(0.0:571): avc: denied { kill } for capability=5 scontext=u:r:kernel:s0 tcontext=u:r:kernel:s0 tclass=capability permissive=0
11-29 03:19:34.940 I/mpu_uart( 647): [MSG-P:RECV]:No message received in 1000 ms
11-29 03:19:35.452 D/DhcpClient( 2199): Received packet: b2:e2:78:f2:76:a8 ACK: your new IP /10.1.1.101, netmask /255.255.255.0, gateways [/10.1.1.1] DNS servers: /10.1.1.1 , lease time 30
11-29 03:19:35.907 I/auditd ( 0): type=1400 audit(0.0:572): avc: denied { kill } for comm="swapper/1" capability=5 scontext=u:r:kernel:s0 tcontext=u:r:kernel:s0 tclass=capability permissive=0
11-29 03:19:35.907 W/swapper/1( 0): type=1400 audit(0.0:572): avc: denied { kill } for capability=5 scontext=u:r:kernel:s0 tcontext=u:r:kernel:s0 tclass=capability permissive=0
11-29 03:19:35.940 I/mpu_uart( 647): [MSG-P:RECV]:No message received in 1000 ms
11-29 03:19:36.118 I/mpu_uart( 647): [MSG-P:R]:recv sync frame timeout
11-29 03:19:36.907 I/auditd ( 0): type=1400 audit(0.0:573): avc: denied { kill } for comm="swapper/1" capability=5 scontext=u:r:kernel:s0 tcontext=u:r:kernel:s0 tclass=capability permissive=0
11-29 03:19:36.907 W/swapper/1( 0): type=1400 audit(0.0:573): avc: denied { kill } for capability=5 scontext=u:r:kernel:s0 tcontext=u:r:kernel:s0 tclass=capability permissive=0
11-29 03:19:36.940 I/mpu_uart( 647): [MSG-P:RECV]:No message received in 1000 ms
11-29 03:19:37.907 I/auditd ( 0): type=1400 audit(0.0:574): avc: denied { kill } for comm="swapper/1" capability=5 scontext=u:r:kernel:s0 tcontext=u:r:kernel:s0 tclass=capability permissive=0
11-29 03:19:37.907 W/swapper/1( 0): type=1400 audit(0.0:574): avc: denied { kill } for capability=5 scontext=u:r:kernel:s0 tcontext=u:r:kernel:s0 tclass=capability permissive=0
11-29 03:19:37.941 I/mpu_uart( 647): [MSG-P:RECV]:No message received in 1000 ms
11-29 03:19:38.645 D/DhcpClient( 2199): Received packet: 66:25:0c:9d:55:97 ACK: your new IP /10.1.1.104, netmask /255.255.255.0, gateways [/10.1.1.1] DNS servers: /10.1.1.1 , lease time 30
11-29 03:19:38.907 I/auditd ( 0): type=1400 audit(0.0:575): avc: denied { kill } for comm="swapper/1" capability=5 scontext=u:r:kernel:s0 tcontext=u:r:kernel:s0 tclass=capability permissive=0
11-29 03:19:38.907 W/swapper/1( 0): type=1400 audit(0.0:575): avc: denied { kill } for capability=5 scontext=u:r:kernel:s0 tcontext=u:r:kernel:s0 tclass=capability permissive=0
11-29 03:19:38.941 I/mpu_uart( 647): [MSG-P:RECV]:No message received in 1000 ms
11-29 03:19:39.121 I/mpu_uart( 647): [MSG-P:R]:recv sync frame timeout
11-29 03:19:39.907 I/auditd ( 0): type=1400 audit(0.0:576): avc: denied { kill } for comm="swapper/1" capability=5 scontext=u:r:kernel:s0 tcontext=u:r:kernel:s0 tclass=capability permissive=0
11-29 03:19:39.907 W/swapper/1( 0): type=1400 audit(0.0:576): avc: denied { kill } for capability=5 scontext=u:r:kernel:s0 tcontext=u:r:kernel:s0 tclass=capability permissive=0
11-29 03:19:39.941 I/mpu_uart( 647): [MSG-P:RECV]:No message received in 1000 ms
11-29 03:19:40.907 I/auditd ( 0): type=1400 audit(0.0:577): avc: denied { kill } for comm="swapper/1" capability=5 scontext=u:r:kernel:s0 tcontext=u:r:kernel:s0 tclass=capability permissive=0
11-29 03:19:40.907 W/swapper/1( 0): type=1400 audit(0.0:577): avc: denied { kill } for capability=5 scontext=u:r:kernel:s0 tcontext=u:r:kernel:s0 tclass=capability permissive=0
11-29 03:19:40.942 I/mpu_uart( 647): [MSG-P:RECV]:No message received in 1000 ms
11-29 03:19:41.239 V/DisplayPowerController[0]( 1496): Brightness [0.05] reason changing to: 'manual [ dim ]', previous reason: 'manual'.
11-29 03:19:41.239 I/sysui_multi_action( 1496): [757,1696,758,6,759,2]
11-29 03:19:41.240 W/PowerManagerService( 1496): Screen on took 16006 ms
11-29 03:19:41.254 E/DisplayDeviceConfig( 1496): requesting nits when no mapping exists.
