11-29 03:16:18.921 I/hpplay-java( 2727): [main]:Dispatcher:notifyAllReverseControlsStop
11-29 03:16:18.922 I/hpplay-java( 2727): [main]:Preference:checkFeature none
11-29 03:16:18.922 I/hpplay-java( 2727): [main]:Dispatcher:notifyAllUIControlsStop set: []
11-29 03:16:18.922 I/hpplay-java( 2727): [main]:Bridge:findServiceID start out: 204986774
11-29 03:16:18.922 I/hpplay-java( 2727): [main]:Bridge:findServiceID end
11-29 03:16:18.922 I/hpplay-java( 2727): [main]:ServerTaskManager:onStop retry:true
11-29 03:16:18.922 I/hpplay-java( 2727): [main]:ServerTaskManager:cancelTimeOutCheck
11-29 03:16:18.923 W/hpplay-java( 2727): NanoHTTPDServerRunnable:Communication with the client broken
11-29 03:16:18.923 W/hpplay-java( 2727): java.net.SocketException: Socket closed
11-29 03:16:18.923 W/hpplay-java( 2727): at java.net.PlainSocketImpl.socketAccept(PlainSocketImpl.java:213)
11-29 03:16:18.923 W/hpplay-java( 2727): at java.net.AbstractPlainSocketImpl.accept(AbstractPlainSocketImpl.java:451)
11-29 03:16:18.923 W/hpplay-java( 2727): at java.net.ServerSocket.implAccept(ServerSocket.java:547)
11-29 03:16:18.923 W/hpplay-java( 2727): at java.net.ServerSocket.accept(ServerSocket.java:515)
11-29 03:16:18.923 W/hpplay-java( 2727): at com.hpplay.nanohttpd.protocols.http.ServerRunnable.run(SourceFile:118)
11-29 03:16:18.923 W/hpplay-java( 2727): at java.lang.Thread.run(Thread.java:920)
11-29 03:16:18.923 I/hpplay-java( 2727): NanoHTTPDNanoHTTPD:server is stoped
11-29 03:16:18.923 I/hpplay-java( 2727): NanoHTTPDNanoHTTPD:clear obj
11-29 03:16:18.924 I/hpplay-java( 2727): [main]:IPManager:getActiveNets type: WIFI
11-29 03:16:18.924 I/hpplay-java( 2727): [main]:IPManager:getActiveNets eth0:false wifi:true mobile:false ap:false
11-29 03:16:18.924 I/hpplay-java( 2727): [main]:IPManager:getIPAddress IP_WLAN0
11-29 03:16:18.927 I/hpplay-java( 2727): [main]:IPManager:updateIPAddress getIPAddress: 192.168.4.16 name:vlan4
11-29 03:16:18.927 I/hpplay-java( 2727): [main]:IPManager:updateIPAddress getIPAddress: 10.1.1.100 name:wlan0
11-29 03:16:18.927 I/hpplay-java( 2727): [main]:IPManager:updateIPAddress getIPAddress: 192.168.8.16 name:vlan8
11-29 03:16:18.928 I/hpplay-java( 2727): [main]:IPManager:updateIPAddress getIPAddress: 192.168.11.16 name:vlan11
11-29 03:16:18.928 I/hpplay-java( 2727): [main]:IPManager:updateIPAddress getIPAddress: 192.168.0.16 name:vlan0
11-29 03:16:18.928 I/hpplay-java( 2727): [main]:IPManager:updateIPAddress getIPAddress: 192.168.2.16 name:vlan2
11-29 03:16:18.928 I/hpplay-java( 2727): [main]:IPManager:updateIPAddress getIPAddress: 192.168.1.16 name:vlan1
11-29 03:16:18.929 I/hpplay-java( 2727): [main]:ServerTaskManager:exeTask startServer
11-29 03:16:18.929 I/hpplay-java( 2727): [main]:ServerTaskManager:startTimeOutCheck
11-29 03:16:18.929 I/hpplay-java( 2727): [AsyncTask #9]:GlideCreator:clearCache clearDiskCache
11-29 03:16:18.929 I/hpplay-java( 2727): [AsyncTask #14]:ServerBusiness:startDaemonBusiness
11-29 03:16:18.929 I/hpplay-java( 2727): [AsyncTask #14]:TimeOutCheckUtil:addTask id:upgrade
11-29 03:16:18.930 I/hpplay-java( 2727): [AsyncTask #14]:TimeOutCheckUtil:addTask id:ijkupgrade
11-29 03:16:18.930 I/hpplay-java( 2727): [AsyncTask #22]:Bridge:assembleInParameters
11-29 03:16:18.931 I/hpplay-java( 2727): [AsyncTask #22]:Bridge:createDeviceId deviceId:YTg6OWE6Mzc6NDA6OGE6NTU=
11-29 03:16:18.931 I/hpplay-java( 2727): [AsyncTask #22]:IPManager:getActiveNets type: WIFI
11-29 03:16:18.931 I/hpplay-java( 2727): [AsyncTask #22]:IPManager:getActiveNets eth0:false wifi:true mobile:false ap:false
11-29 03:16:18.932 I/hpplay-java( 2727): [AsyncTask #22]:IPManager:getIPAddress IP_WLAN0
11-29 03:16:18.932 I/hpplay-java( 2727): [AsyncTask #22]:Preference:checkFeature none
11-29 03:16:18.932 I/hpplay-java( 2727): [AsyncTask #22]:SWI:dlna tip
11-29 03:16:18.932 I/hpplay-java( 2727): [AsyncTask #22]:SWI:lefp tip
11-29 03:16:18.932 I/hpplay-java( 2727): [AsyncTask #22]:Bridge:assembleInParameters none alias name use device name: 高合娱乐副屏
11-29 03:16:18.932 I/hpplay-java( 2727): [AsyncTask #22]:Feature:isSendAdvertisement
11-29 03:16:18.932 I/hpplay-java( 2727): NanoHTTPDNanoHTTPD:server is started
11-29 03:16:18.932 I/hpplay-java( 2727): [AsyncTask #22]:Preference:checkFeature none
11-29 03:16:18.932 I/hpplay-java( 2727): [AsyncTask #22]:Preference:checkFeature none
11-29 03:16:18.932 I/hpplay-java( 2727): [AsyncTask #22]:Bridge:backupHpplayDat bakPath:
11-29 03:16:18.932 I/hpplay-java( 2727): [AsyncTask #22]:Bridge:path:/data/user/0/com.hht.lebocast/files/hpplay/file/happyplay.dat
11-29 03:16:18.932 I/hpplay-java( 2727): [AsyncTask #22]:Bridge:mAppId:21409
11-29 03:16:18.932 I/hpplay-java( 2727): [AsyncTask #22]:Bridge:mode:3
11-29 03:16:18.932 I/hpplay-java( 2727): [AsyncTask #22]:Bridge:type:1
11-29 03:16:18.933 I/hpplay-java( 2727): [AsyncTask #22]:Bridge:SN:
11-29 03:16:18.933 I/hpplay-java( 2727): [AsyncTask #22]:Preference:checkFeature none
11-29 03:16:18.933 I/hpplay-java( 2727): [AsyncTask #22]:Bridge:backPath:
11-29 03:16:18.933 I/hpplay-java( 2727): [AsyncTask #22]:DeviceUtil:getPermissionDid: 1
11-29 03:16:18.933 I/hpplay-java( 2727): [AsyncTask #22]:DeviceUtil:getPermissionDid: 1
11-29 03:16:18.933 I/hpplay-java( 2727): [AsyncTask #22]:Preference:checkFeature none
11-29 03:16:18.933 I/hpplay-java( 2727): [AsyncTask #22]:Preference:checkFeature none
11-29 03:16:18.933 I/hpplay-java( 2727): [AsyncTask #22]:Preference:checkFeature none
11-29 03:16:18.933 I/hpplay-java( 2727): [AsyncTask #22]:Preference:checkFeature none
11-29 03:16:18.933 I/hpplay-java( 2727): [AsyncTask #22]:Preference:checkFeature none
11-29 03:16:18.933 I/hpplay-java( 2727): [AsyncTask #22]:Preference:checkFeature none
11-29 03:16:18.942 W/hpplay-java( 2727): [AsyncTask #14]:ServerBusiness:startDaemonBusiness start LelinkHTTPD sucess 52288
11-29 03:16:18.949 W/hpplay-java( 2727): [AsyncTask #22]:DeviceUtils:getDomain create lb domain
11-29 03:16:18.949 I/hpplay-java( 2727): [AsyncTask #22]:Feature:getMirrorAudioVideoSync DISABLE
11-29 03:16:18.950 I/hpplay-java( 2727): [AsyncTask #22]:Feature:checkSupportRedirectOtherApp,no set redirect api
11-29 03:16:18.950 I/hpplay-java( 2727): [AsyncTask #22]:Feature:getRedirectSearchFlag,value: 0
11-29 03:16:18.950 I/hpplay-java( 2727): [AsyncTask #22]:Bridge:mIn: InParameters{appInfo='0', appKey='21409', authMode=0, authPwd='null', broadcastDirection=0, broadcastState=1, broadcastTimeout=3, buildType='release', cacheAVPath='/data/user/0/com.hht.lebocast/cache/hpplay/av', cachePhotoPath='/data/user/0/com.hht.lebocast/cache/hpplay/image', channel='LEBO-APK--60146-25915', desPath='', , deviceName='高合娱乐副屏', dlna=1, dlnaCompany='null', dlnaCompanyURL='null', dlnaDeviceDescribe='null', dlnaDeviceName='null', dlnaDeviceURL='null', dlnaLelinkSwitch=1, dlnaManufacturer=0, dlnaName='高合娱乐副屏', dlnaUPC='', dlnaUUID='9a3efe89-9f9c-4c03-5733-764c69fc85a9', domain='Lebo-figure-469b5cc61395', drainage=0, feature='6655', fps=60, height=1080, host='null', , keyPath='/data/user/0/com.hht.lebocast/files/hpplay/file', lelinkfp=1, lelinkfp2=0, logBaseState=1, logPath='/storage/emulated/0/com.hht.lebocast/sink/sdk/common', , mdnsEnable=1, mirrorSyncType=0, netCastVer='2.0', packageName='com.hht.lebocast', packagePath='/data/user/0/com.hht.lebocast', permissionDid='46:9b:5c:c6:13:95', permissionMode=3, permissionPreSN='', port=0, preemptMode=0, regType='_leboremote._tcp.', serverPorts=null, sockWaitTimeOut=45, teleControlPort=53388, tunnels=3, txtKeys=null, txtValues=null, uid='5246338120930115427', videoFrameType=1001, width=1920}com.hpplay.sdk.sink.protocol.InParameters@fdd4baf
11-29 03:16:18.951 I/hpplay-java( 2727): [main]:Bridge:startServer state: 0
11-29 03:16:18.951 D/hpplay-base( 2727): [jniBridge:185] not conference version
11-29 03:16:18.951 I/hpplay-base( 2727): [jniBridge:241] 1initServer nSettingWidth=1920 nSettingHeight=1080 nSettingMaxFPS=60 dlnaEnable=1 lelinkFpEnable=1
11-29 03:16:18.951 D/hpplay-base( 2727): [jniBridge:283] 1initServer cfg.leLinkIp=10.1.1.100
11-29 03:16:18.951 D/hpplay-base( 2727): [jniBridge:286] 1initServer cfg.mPermissionMode=3
11-29 03:16:18.951 D/hpplay-base( 2727): [jniBridge:304] 1initServer cfg.permissionDid=46:9b:5c:c6:13:95000000000000000
11-29 03:16:18.951 D/hpplay-base( 2727): [jniBridge:313] 1initServer cfg.mPermissionPreSN=00000000000000000000000000000000
11-29 03:16:18.951 D/hpplay-base( 2727): [jniBridge:317] Bridge___1initServer status:0
11-29 03:16:18.951 I/hpplay-base( 2727): [jniBridge:325] 1initServer cfg.feature=6655
11-29 03:16:18.951 D/hpplay-base( 2727): [jniBridge:377] 1initServer isSendBroadCast=3
11-29 03:16:18.951 D/hpplay-base( 2727): [jniBridge:380] 1initServer broadcastDirection=0
11-29 03:16:18.951 D/hpplay-base( 2727): [jniBridge:382] 1initServer ipBroadcast direction=0
11-29 03:16:18.951 D/hpplay-base( 2727): [jniBridge:387] 1initServer tunnel=3
11-29 03:16:18.951 D/hpplay-base( 2727): [jniBridge:390] 1initServer drainage=0
11-29 03:16:18.951 D/hpplay-base( 2727): [jniBridge:401] 1initServer mDNSEnable=1
11-29 03:16:18.951 D/hpplay-base( 2727): [jniBridge:406] 1initServer nSockWaitTimeOut=45
11-29 03:16:18.951 D/hpplay-base( 2727): [jniBridge:410] 1initServer nMirrorAudioVideoSync=0
11-29 03:16:18.951 I/hpplay-base( 2727): [sign_check:168] checkSign strPackageName:com.hht.lebocast
11-29 03:16:18.951 I/hpplay-base( 2727): [sign_check:169] checkSign buildType:release
11-29 03:16:18.951 I/hpplay-base( 2727): [sign_check:170] checkSign appKey:21409
11-29 03:16:18.951 D/hpplay-base( 2727): [LelinkBase:405] bridgeInit port: 0, lelinkfp: 0
11-29 03:16:18.951 D/hpplay-base( 2727): [LelinkBase:462] bridgeInit mPackagePath =/data/user/0/com.hht.lebocast
11-29 03:16:18.951 D/hpplay-base( 2727): [LelinkBase:463] bridgeInit mKeyPath =/data/user/0/com.hht.lebocast/files/hpplay/file
11-29 03:16:18.951 D/hpplay-base( 2727): [SinkContext:97] initSinkContext mPackagePath =/data/user/0/com.hht.lebocast
11-29 03:16:18.951 D/hpplay-base( 2727): [SinkContext:98] initSinkContext mKeyPath =/data/user/0/com.hht.lebocast/files/hpplay/file
11-29 03:16:18.951 D/hpplay-base( 2727): [jniBridge:478] Java_com_hpplay_sdk_sink_protocol_Bridge__1initServer end
11-29 03:16:18.951 D/hpplay-base( 2727): [jniBridge:869] Bridge__1startServer status:1
11-29 03:16:18.952 D/hpplay-base( 2727): [LelinkBase:492] startAllServer at base
11-29 03:16:18.952 D/hpplay-base( 2727): [lelinkSinkServer:152] httpPlugins_SetServerPort TYPE_SERVER_LELINK:52266
11-29 03:16:18.952 D/hpplay-base( 2727): [network.c:362] protocol bind host :10.1.1.100 port:52266 curent bind port:52266
11-29 03:16:18.952 D/hpplay-base( 2727): [lelinkSinkServer:681] HTTP Server real at:52266
11-29 03:16:18.952 D/hpplay-base( 2727): [ScreenStream:1285] current bind port:7100
11-29 03:16:18.952 D/hpplay-base( 2727): [LelinkBase:515] startAllServer pBaseContext->config.dlnaEnable:1
11-29 03:16:18.952 D/hpplay-base( 2727): [lelinkDlna:324] addDMRCallback end
11-29 03:16:18.952 D/hpplay-base( 2727): [stream_mirror_compat:759] compat mirror stream begin to run,server fd:71,thread_id:3260522944!!
11-29 03:16:18.952 D/hpplay-base( 2727): [lelinkSinkServer:644] Connected Service Type:0
11-29 03:16:18.952 I/hpplay-base( 2727): : (server.c.315) startServer listen_ing....:
11-29 03:16:18.952 D/hpplay-base( 2727): [Server:371] startHttpServer srv_sockets.used:1 nCurrentFd:70, tid is 5328
11-29 03:16:18.954 E/hpplay-base-dlna( 2727): miniserver.c:788::dlna_port(ipv4: 49152 ipv6:0)
11-29 03:16:18.954 D/hpplay-base-dlna( 2727): [lebodlna-dlnaframe:166] succeed to load lebodlnaplugin
11-29 03:16:18.954 D/hpplay-base-dlna( 2727): [lebodlna-dlnaframe:232] Succeed to load specified plugin:lebodlna_plugin
11-29 03:16:18.954 D/hpplay-base( 2727): [lelinkDlna:328] startDLNAServer ret=0
11-29 03:16:18.954 D/hpplay-base( 2727): [LelinkBase:531] startDLNAServer ret= 0
11-29 03:16:18.955 D/hpplay-base( 2727): [lelinkDlna:342] setDMRFriendlyName 高合娱乐副屏
11-29 03:16:18.955 D/hpplay-base-dlna( 2727): [lebodlna-dlna_android:136] setBroadcastTimeout mBroadcastTimeOut=66 status=3!
11-29 03:16:18.955 D/hpplay-base-dlna( 2727): [lebodlna_api:32] start DMR
11-29 03:16:18.955 D/hpplay-base-dlna( 2727): [UpnpDefine:434] RegisterDMRender invalid lelink info
11-29 03:16:18.955 D/hpplay-base-dlna( 2727): [UpnpDefine:467] DLNA DEFAULT_DESCRIPTION
11-29 03:16:18.956 E/hpplay-base-dlna( 2727): upnpapi.c:1078::Exiting RegisterRootDevice2 *Hnd =1, return value == 0
11-29 03:16:18.957 D/hpplay-base-dlna( 2727): [CUpnpDevice:41] Register Root Device 2:0
11-29 03:16:18.957 D/hpplay-base-dlna( 2727): [UpnpDefine:794] ESDMRender:Register success
11-29 03:16:18.957 D/hpplay-base-dlna( 2727): [lebodlna_api:41] sendBroadcast mBroadcastTimeOut=3
11-29 03:16:18.957 D/hpplay-base-dlna( 2727): [lebodlna_api:44] sendBroadcast timeout=66
11-29 03:16:19.014 D/hpplay-base( 2727): [lelinkDlna:361] startDLNADevice dlnaManufacturer:0 ret=0
11-29 03:16:19.014 D/hpplay-base( 2727): [LelinkBase:535] lelinkSetDlnaInfo ret= 0
11-29 03:16:19.014 D/hpplay-base( 2727): [LelinkBase:547] startAllServer pBaseContext->config.mDNSEnable:1
11-29 03:16:19.015 D/hpplay-base( 2727): [base_mdns:509] mdns net.hostname:
11-29 03:16:19.015 D/hpplay-base( 2727): [base_mdns:529] mdns namelabel:-00-80-0F-74-31-00
11-29 03:16:19.015 D/hpplay-base( 2727): [base_mdns:509] mdns net.hostname:
11-29 03:16:19.015 D/hpplay-base( 2727): [base_mdns:529] mdns namelabel:-00-80-0F-74-31-00
11-29 03:16:19.016 D/hpplay-base( 2727): [mdns:813] mdns start bind port:0
11-29 03:16:19.018 D/hpplay-base( 2727): [mdns:813] mdns start bind port:5353
11-29 03:16:19.018 D/hpplay-base( 2727): [mdns:813] mdns start bind port:5353
11-29 03:16:19.018 D/hpplay-base( 2727): [mdns:813] mdns start bind port:5353
11-29 03:16:19.018 D/hpplay-base( 2727): [mdns:813] mdns start bind port:5353
11-29 03:16:19.019 D/hpplay-base( 2727): [mdns:813] mdns start bind port:5353
11-29 03:16:19.019 D/hpplay-base( 2727): [mdns:813] mdns start bind port:5353
11-29 03:16:19.019 D/hpplay-base( 2727): [mdns:813] mdns start bind port:5353
11-29 03:16:19.019 I/hpplay-base( 2727): [mDNSEmbeded:57] embedded_mDNSInit stopmDNSNow:0 status:0
11-29 03:16:19.020 D/hpplay-base( 2727): [mDNSEmbeded:436] startmDNSServer end nRet=0
11-29 03:16:19.020 D/hpplay-base( 2727): [LelinkBase:555] lelink broadcast_on_off:1 log2java_on_off:1
11-29 03:16:19.020 D/hpplay-base( 2727): [LelinkMDNS:729] leboAuthorizationCheck strUuid=46:9b:5c:c6:13:95000000000000000
11-29 03:16:19.020 D/hpplay-base( 2727): [LelinkMDNS:730] leboAuthorizationCheck mPermissionDid=46:9b:5c:c6:13:95000000000000000
11-29 03:16:19.020 D/hpplay-base( 2727): [LelinkMDNS:755] leboAuthorizationCheck mPermissionMac=46:9b:5c:c6:13:95000000000000000
11-29 03:16:19.020 I/hpplay-base( 2727): [mDNSEmbeded:268] start lelink publish server, tid is 5349
11-29 03:16:19.020 D/hpplay-base( 2727): [AEventUtils:595] request to start event handle service!!
11-29 03:16:19.020 D/hpplay-base( 2727): [AEventUtils:603] start_event_handle_service,begin to run!!
11-29 03:16:19.021 D/hpplay-base( 2727): [mDNSEmbeded:197] http_port bind check 197 http_port_check
11-29 03:16:19.021 D/hpplay-base( 2727): [REventUtils:210] start_event_handle_service,begin to run!!
11-29 03:16:19.021 D/hpplay-base( 2727): [AEventUtils:171] create handle AEvent thread ok!!,tid is 5351
11-29 03:16:19.021 D/hpplay-base( 2727): [LelinkBase:576] startAllServer success .
11-29 03:16:19.021 D/hpplay-base( 2727): [jniBridge:894] startDlna_link:http://10.1.1.100:49152/description.xml
11-29 03:16:19.021 D/hpplay-base( 2727): [mDNSEmbeded:217] http_port bind check 217 http_port_check
11-29 03:16:19.022 D/hpplay-base( 2727): [mDNSEmbeded:222] http_port bind check 222 http_port_check
11-29 03:16:19.022 D/hpplay-base( 2727): [jniBridge:1081] notifyJavaDlnalink:http://10.1.1.100:49152/description.xml
11-29 03:16:19.022 D/hpplay-base( 2727): [jniBridge:1726] notifyJava, what:207, castType:0, mimeType:0 baseStatus:2
11-29 03:16:19.022 D/hpplay-base( 2727): [jniBridge:1727] notifyJava sessionID:(null)
11-29 03:16:19.022 D/hpplay-base( 2727): [REventUtils:59] create handleREventThread thread ok!!,tid is 5352
11-29 03:16:19.022 I/hpplay-java( 2727): [Thread-123]:Bridge:notify: what: 207
11-29 03:16:19.023 I/hpplay-java( 2727): [Thread-123]:Bridge:notify: out: OutParameters:{audioSessionId=-1, audiotrackIndex=0, castHandleType=-1, castType=0, deviceName='http://10.1.1.100:49152/description.xml', dlnaName='', dramaID='', extra=0, frameHandleType=-1, handleInside=true, headduration=0, header='', headers=null, isAD=false, isMultiMirror=false, lelinkVer='', limitTime=0, , mediaAlbum='null', mediaAlbumArtURI='', mediaArtist='null', mediaAssets='', mediaTitle='null', mimeType=0, multiSession=null, period=0, pinCode='', playSpeed=0.0, playerChoice=0, plugin=0, port=0, position=0.0, positionUnit=2, protocol=0, realSessionID='', regType='', , sinkIp='', sourceAPPVersion='', sourceChannel='', sourceClientInfo='', sourceDeviceInfo='', sourceDeviceModel='', sourceDeviceName='', sourceDeviceType=0, sourceHID='', , sourceInfo='', , , sourceOSVersion='', sourceSDKVersion='', sourceUid='', stopDetail=0, stopReason=0, tailduration=0, url='', urlID='', urls=null, userAgent='', videoDecoder=0, volume=0, what=207}com.hpplay.sdk.sink.protocol.OutParameters@758856e
11-29 03:16:19.023 I/hpplay-java( 2727): [Thread-123]:Bridge:notify: address:174883855
11-29 03:16:19.023 D/hpplay-base( 2727): [mDNSEmbeded:234] http_port bind check 234 http_port_check port:52266
11-29 03:16:19.024 D/hpplay-base( 2727): [mDNSEmbeded:237] http_port bind check 237 http_port_check
11-29 03:16:19.024 D/hpplay-base( 2727): [lelinkSinkServer:93] new client connection from 127.0.0.1 62155, fd=158
11-29 03:16:19.024 D/hpplay-base( 2727): [SinkContext:137] addSinkContextSession,begin to run!!
11-29 03:16:19.024 D/hpplay-base( 2727): [SinkContext:142] addSinkContextSession,begin to get lock!!
11-29 03:16:19.024 D/hpplay-base( 2727): [SinkContext:144] addSinkContextSession,get lock ok!!
11-29 03:16:19.024 D/hpplay-base( 2727): [SinkContext:149] addSinkContextSession,session list is null,begin to malloc!!
11-29 03:16:19.024 D/hpplay-base( 2727): [SinkContext:156] addSinkContextSession,begin to update!!
11-29 03:16:19.024 D/hpplay-base( 2727): [SinkContext:160] addSinkContextSession,begin to update header!!
11-29 03:16:19.024 D/hpplay-base( 2727): [SinkContext:172] addSinkContextSession,begin to unlock!!
11-29 03:16:19.024 D/hpplay-base( 2727): [SinkContext:174] addSinkContextSession,unlock ok!!
11-29 03:16:19.024 D/hpplay-base( 2727): [LelinkReceiver:4908] get ping !!!
11-29 03:16:19.025 D/hpplay-base( 2727): [mDNSEmbeded:240] http_port bind check 240 http_port_check recieved:64
11-29 03:16:19.025 D/hpplay-base( 2727): [mDNSEmbeded:243] http_port bind check 243 http_port_check
11-29 03:16:19.025 D/hpplay-base( 2727): [mDNSEmbeded:244] http_port bind check ok!
11-29 03:16:19.072 D/DhcpClient( 2199): Received packet: 7a:8c:2b:1b:ff:be ACK: your new IP /10.1.1.110, netmask /255.255.255.0, gateways [/10.1.1.1] DNS servers: /10.1.1.1 , lease time 30
11-29 03:16:19.225 I/hpplay-base( 2727): [LelinkReceiver:14605] _connectionFinalize (158)
11-29 03:16:19.225 D/hpplay-base( 2727): [LelinkReceiver:14752] ###connectionFinalize,release ok!!###
11-29 03:16:19.390 I/hpplay-java( 2727): [main]:IMTask:getIMRoot
11-29 03:16:19.391 D/hpplay-base( 2727): [LelinkMDNS:766] devicePermissionPublic leboPermissionCheck:-2
11-29 03:16:19.391 D/hpplay-base( 2727): [jniBridge:1125] com_hpplay_sdk_sink_protocol_Bridge_WHAT_SERVER_ERROR
11-29 03:16:19.391 D/hpplay-base( 2727): [jniBridge:1726] notifyJava, what:204, castType:0, mimeType:0 baseStatus:2
11-29 03:16:19.391 D/hpplay-base( 2727): [jniBridge:1727] notifyJava sessionID:(null)
11-29 03:16:19.392 I/hpplay-java( 2727): [Thread-124]:Bridge:notify: what: 204
11-29 03:16:19.392 I/hpplay-java( 2727): [Thread-124]:Bridge:notify: out: OutParameters:{audioSessionId=-1, audiotrackIndex=0, castHandleType=-1, castType=0, deviceName='', dlnaName='', dramaID='', extra=-2002, frameHandleType=-1, handleInside=true, headduration=0, header='', headers=null, isAD=false, isMultiMirror=false, lelinkVer='', limitTime=0, , mediaAlbum='null', mediaAlbumArtURI='', mediaArtist='null', mediaAssets='', mediaTitle='null', mimeType=0, multiSession=null, period=0, pinCode='', playSpeed=0.0, playerChoice=0, plugin=0, port=0, position=0.0, positionUnit=2, protocol=0, realSessionID='', regType='', , sinkIp='', sourceAPPVersion='', sourceChannel='', sourceClientInfo='', sourceDeviceInfo='', sourceDeviceModel='', sourceDeviceName='', sourceDeviceType=0, sourceHID='', , sourceInfo='', , , sourceOSVersion='', sourceSDKVersion='', sourceUid='', stopDetail=0, stopReason=0, tailduration=0, url='', urlID='', urls=null, userAgent='', videoDecoder=0, volume=0, what=204}com.hpplay.sdk.sink.protocol.OutParameters@30afc9c
11-29 03:16:19.393 I/hpplay-java( 2727): [Thread-124]:Bridge:notify: address:21841573
11-29 03:16:19.393 I/hpplay-base( 2727): [mDNSEmbeded:79] embedded_mDNSLoop stopmDNSNow:0 nPublish:-2 nExitFlag:6 tid is 5348
11-29 03:16:19.393 I/hpplay-java( 2727): [main]:Bridge:findServiceID start out: 21841573
11-29 03:16:19.393 I/hpplay-java( 2727): [main]:Bridge:findServiceID end
11-29 03:16:19.393 E/hpplay-java( 2727): [main]:ServerTaskManager:onError 204/-2002 com.hht.lebocast.LelinkHelper$e@d987030
11-29 03:16:19.393 I/hpplay-java( 2727): [main]:ServerTaskManager:cancelTimeOutCheck
11-29 03:16:19.394 W/hpplay-java( 2727): [main]:ServerTaskManager:onErrorDispatcher errorCode:-2002
11-29 03:16:19.394 I/hpplay-java( 2727): [main]:ServerTaskManager:exeTask ignore, reason: TaskList is clear
11-29 03:16:19.592 I/hpplay-java( 2727): [main]:Upgrade:upgrade not be allowed
11-29 03:16:19.877 I/mpu_uart( 647): [MSG-P:RECV]:No message received in 1000 ms
11-29 03:16:19.907 I/auditd ( 0): type=1400 audit(0.0:382): avc: denied { kill } for comm="swapper/1" capability=5 scontext=u:r:kernel:s0 tcontext=u:r:kernel:s0 tclass=capability permissive=0
11-29 03:16:19.907 W/swapper/1( 0): type=1400 audit(0.0:382): avc: denied { kill } for capability=5 scontext=u:r:kernel:s0 tcontext=u:r:kernel:s0 tclass=capability permissive=0
11-29 03:16:20.877 I/mpu_uart( 647): [MSG-P:RECV]:No message received in 1000 ms
11-29 03:16:20.907 I/auditd ( 0): type=1400 audit(0.0:383): avc: denied { kill } for comm="swapper/1" capability=5 scontext=u:r:kernel:s0 tcontext=u:r:kernel:s0 tclass=capability permissive=0
11-29 03:16:20.907 W/swapper/1( 0): type=1400 audit(0.0:383): avc: denied { kill } for capability=5 scontext=u:r:kernel:s0 tcontext=u:r:kernel:s0 tclass=capability permissive=0
11-29 03:16:20.942 I/mpu_uart( 647): [MSG-P:R]:recv sync frame timeout
11-29 03:16:21.021 W/hpplay-java( 2727): [AsyncTask #27]:HttpRequest:
11-29 03:16:21.022 D/NetworkMonitor/100( 2199): isDataStall: result=1, tcp packets received=0, latest tcp fail rate=-1, consecutive dns timeout count=48
11-29 03:16:21.022 D/NetworkMonitor/100( 2199): Suspecting data stall, reevaluate
11-29 03:16:21.024 W/hpplay-java( 2727): [AsyncTask #27]:HttpRequest:
11-29 03:16:21.024 D/NetworkMonitor/100( 2199): Validation disabled.
11-29 03:16:21.024 D/ConnectivityService( 1496): Data stall detected with methods: 1
11-29 03:16:21.026 W/hpplay-java( 2727): [AsyncTask #27]:HttpRequest:
11-29 03:16:21.031 D/ConnectivityService( 1496): [100 WIFI] validation passed
11-29 03:16:21.299 D/DhcpClient( 2199): Received packet: 7a:8c:2b:1b:ff:be ACK: your new IP /10.1.1.110, netmask /255.255.255.0, gateways [/10.1.1.1] DNS servers: /10.1.1.1 , lease time 30
11-29 03:16:21.878 I/mpu_uart( 647): [MSG-P:RECV]:No message received in 1000 ms
11-29 03:16:21.907 I/auditd ( 0): type=1400 audit(0.0:384): avc: denied { kill } for comm="swapper/1" capability=5 scontext=u:r:kernel:s0 tcontext=u:r:kernel:s0 tclass=capability permissive=0
11-29 03:16:21.907 W/swapper/1( 0): type=1400 audit(0.0:384): avc: denied { kill } for capability=5 scontext=u:r:kernel:s0 tcontext=u:r:kernel:s0 tclass=capability permissive=0
11-29 03:16:22.190 W/hpplay-java( 2727): [AsyncTask #24]:HttpRequest:
11-29 03:16:22.190 D/NetworkMonitor/100( 2199): isDataStall: result=1, tcp packets received=0, latest tcp fail rate=-1, consecutive dns timeout count=49
11-29 03:16:22.190 D/NetworkMonitor/100( 2199): Suspecting data stall, reevaluate
11-29 03:16:22.192 D/ConnectivityService( 1496): Data stall detected with methods: 1
11-29 03:16:22.192 D/NetworkMonitor/100( 2199): Validation disabled.
11-29 03:16:22.193 W/hpplay-java( 2727): [AsyncTask #24]:HttpRequest:
11-29 03:16:22.195 W/hpplay-java( 2727): [AsyncTask #24]:HttpRequest:
11-29 03:16:22.198 D/ConnectivityService( 1496): [100 WIFI] validation passed
11-29 03:16:22.878 I/mpu_uart( 647): [MSG-P:RECV]:No message received in 1000 ms
11-29 03:16:22.907 I/auditd ( 0): type=1400 audit(0.0:385): avc: denied { kill } for comm="swapper/1" capability=5 scontext=u:r:kernel:s0 tcontext=u:r:kernel:s0 tclass=capability permissive=0
11-29 03:16:22.907 W/swapper/1( 0): type=1400 audit(0.0:385): avc: denied { kill } for capability=5 scontext=u:r:kernel:s0 tcontext=u:r:kernel:s0 tclass=capability permissive=0
11-29 03:16:23.583 I/selfinstaller( 1200): create socket failed: No route to host 113
11-29 03:16:23.730 I/hpplay-java( 2727): [main]:Upgrade:upgrade not be allowed
11-29 03:16:23.878 I/mpu_uart( 647): [MSG-P:RECV]:No message received in 1000 ms
11-29 03:16:23.907 I/auditd ( 0): type=1400 audit(0.0:386): avc: denied { kill } for comm="swapper/1" capability=5 scontext=u:r:kernel:s0 tcontext=u:r:kernel:s0 tclass=capability permissive=0
11-29 03:16:23.907 W/swapper/1( 0): type=1400 audit(0.0:386): avc: denied { kill } for capability=5 scontext=u:r:kernel:s0 tcontext=u:r:kernel:s0 tclass=capability permissive=0
11-29 03:16:23.943 I/mpu_uart( 647): [MSG-P:R]:recv sync frame timeout
11-29 03:16:23.943 I/hpplay-java( 2727): [main]:ServiceUpdater:upLoadServiceInfo invalid deviceCode:, port:53388
11-29 03:16:24.058 D/DhcpClient( 2199): Received packet: 32:b6:78:8d:07:94 ACK: your new IP /10.1.1.108, netmask /255.255.255.0, gateways [/10.1.1.1] DNS servers: /10.1.1.1 , lease time 30
11-29 03:16:24.879 I/mpu_uart( 647): [MSG-P:RECV]:No message received in 1000 ms
11-29 03:16:24.907 I/auditd ( 0): type=1400 audit(0.0:387): avc: denied { kill } for comm="swapper/1" capability=5 scontext=u:r:kernel:s0 tcontext=u:r:kernel:s0 tclass=capability permissive=0
11-29 03:16:24.907 W/swapper/1( 0): type=1400 audit(0.0:387): avc: denied { kill } for capability=5 scontext=u:r:kernel:s0 tcontext=u:r:kernel:s0 tclass=capability permissive=0
11-29 03:16:25.591 D/NetworkMonitor/100( 2199): isDataStall: result=1, tcp packets received=0, latest tcp fail rate=-1, consecutive dns timeout count=50
11-29 03:16:25.591 D/NetworkMonitor/100( 2199): Suspecting data stall, reevaluate
11-29 03:16:25.593 W/hpplay-java( 2727): [AsyncTask #1]:HttpRequest:
11-29 03:16:25.593 W/hpplay-java( 2727): [AsyncTask #25]:HttpRequest:
11-29 03:16:25.594 D/ConnectivityService( 1496): Data stall detected with methods: 1
11-29 03:16:25.594 D/NetworkMonitor/100( 2199): Validation disabled.
11-29 03:16:25.595 W/hpplay-java( 2727): [AsyncTask #25]:HttpRequest:
11-29 03:16:25.595 W/hpplay-java( 2727): [AsyncTask #1]:HttpRequest:
11-29 03:16:25.596 W/hpplay-java( 2727): [AsyncTask #25]:HttpRequest:
11-29 03:16:25.597 W/hpplay-java( 2727): [AsyncTask #1]:HttpRequest:
11-29 03:16:25.601 D/ConnectivityService( 1496): [100 WIFI] validation passed
11-29 03:16:25.879 I/mpu_uart( 647): [MSG-P:RECV]:No message received in 1000 ms
11-29 03:16:25.907 I/auditd ( 0): type=1400 audit(0.0:388): avc: denied { kill } for comm="swapper/1" capability=5 scontext=u:r:kernel:s0 tcontext=u:r:kernel:s0 tclass=capability permissive=0
11-29 03:16:25.907 W/swapper/1( 0): type=1400 audit(0.0:388): avc: denied { kill } for capability=5 scontext=u:r:kernel:s0 tcontext=u:r:kernel:s0 tclass=capability permissive=0
11-29 03:16:26.879 I/mpu_uart( 647): [MSG-P:RECV]:No message received in 1000 ms
11-29 03:16:26.907 I/auditd ( 0): type=1400 audit(0.0:389): avc: denied { kill } for comm="swapper/1" capability=5 scontext=u:r:kernel:s0 tcontext=u:r:kernel:s0 tclass=capability permissive=0
11-29 03:16:26.907 W/swapper/1( 0): type=1400 audit(0.0:389): avc: denied { kill } for capability=5 scontext=u:r:kernel:s0 tcontext=u:r:kernel:s0 tclass=capability permissive=0
11-29 03:16:26.946 I/mpu_uart( 647): [MSG-P:R]:recv sync frame timeout
11-29 03:16:27.880 I/mpu_uart( 647): [MSG-P:RECV]:No message received in 1000 ms
11-29 03:16:27.907 I/auditd ( 0): type=1400 audit(0.0:390): avc: denied { kill } for comm="swapper/1" capability=5 scontext=u:r:kernel:s0 tcontext=u:r:kernel:s0 tclass=capability permissive=0
11-29 03:16:27.907 W/swapper/1( 0): type=1400 audit(0.0:390): avc: denied { kill } for capability=5 scontext=u:r:kernel:s0 tcontext=u:r:kernel:s0 tclass=capability permissive=0
11-29 03:16:28.880 I/mpu_uart( 647): [MSG-P:RECV]:No message received in 1000 ms
11-29 03:16:28.907 I/auditd ( 0): type=1400 audit(0.0:391): avc: denied { kill } for comm="swapper/1" capability=5 scontext=u:r:kernel:s0 tcontext=u:r:kernel:s0 tclass=capability permissive=0
11-29 03:16:28.907 W/swapper/1( 0): type=1400 audit(0.0:391): avc: denied { kill } for capability=5 scontext=u:r:kernel:s0 tcontext=u:r:kernel:s0 tclass=capability permissive=0
11-29 03:16:28.930 I/hpplay-java( 2727): [main]:Upgrade:upgrade not be allowed
11-29 03:16:28.947 I/hpplay-java( 2727): [main]:ServerBusiness:get deviceCode:
11-29 03:16:28.947 W/hpplay-java( 2727): [main]:ServerBusiness:startDeviceService ignore,invalid deviceCode
11-29 03:16:29.810 W/hpplay-java( 2727): [AsyncTask #3]:HttpRequest:
11-29 03:16:29.810 D/NetworkMonitor/100( 2199): isDataStall: result=1, tcp packets received=0, latest tcp fail rate=-1, consecutive dns timeout count=52
11-29 03:16:29.810 D/NetworkMonitor/100( 2199): Suspecting data stall, reevaluate
11-29 03:16:29.812 W/hpplay-java( 2727): [AsyncTask #3]:HttpRequest:
11-29 03:16:29.812 D/ConnectivityService( 1496): Data stall detected with methods: 1
11-29 03:16:29.812 D/NetworkMonitor/100( 2199): Validation disabled.
11-29 03:16:29.815 W/hpplay-java( 2727): [AsyncTask #3]:HttpRequest:
11-29 03:16:29.821 D/ConnectivityService( 1496): [100 WIFI] validation passed
11-29 03:16:29.881 I/mpu_uart( 647): [MSG-P:RECV]:No message received in 1000 ms
11-29 03:16:29.907 I/auditd ( 0): type=1400 audit(0.0:392): avc: denied { kill } for comm="swapper/1" capability=5 scontext=u:r:kernel:s0 tcontext=u:r:kernel:s0 tclass=capability permissive=0
11-29 03:16:29.907 W/swapper/1( 0): type=1400 audit(0.0:392): avc: denied { kill } for capability=5 scontext=u:r:kernel:s0 tcontext=u:r:kernel:s0 tclass=capability permissive=0
11-29 03:16:29.947 I/mpu_uart( 647): [MSG-P:R]:recv sync frame timeout
11-29 03:16:30.881 I/mpu_uart( 647): [MSG-P:RECV]:No message received in 1000 ms
11-29 03:16:30.907 I/auditd ( 0): type=1400 audit(0.0:393): avc: denied { kill } for comm="swapper/1" capability=5 scontext=u:r:kernel:s0 tcontext=u:r:kernel:s0 tclass=capability permissive=0
11-29 03:16:30.907 W/swapper/1( 0): type=1400 audit(0.0:393): avc: denied { kill } for capability=5 scontext=u:r:kernel:s0 tcontext=u:r:kernel:s0 tclass=capability permissive=0
11-29 03:16:31.881 I/mpu_uart( 647): [MSG-P:RECV]:No message received in 1000 ms
11-29 03:16:31.907 I/auditd ( 0): type=1400 audit(0.0:394): avc: denied { kill } for comm="swapper/3" capability=5 scontext=u:r:kernel:s0 tcontext=u:r:kernel:s0 tclass=capability permissive=0
11-29 03:16:31.907 W/swapper/3( 0): type=1400 audit(0.0:394): avc: denied { kill } for capability=5 scontext=u:r:kernel:s0 tcontext=u:r:kernel:s0 tclass=capability permissive=0
11-29 03:16:32.526 D/DhcpClient( 2199): Unicasting DHCPREQUEST ciaddr=10.1.1.100 request=0.0.0.0 serverid=null to /10.1.1.1:67
11-29 03:16:32.663 D/DhcpClient( 2199): Received packet: 46:9b:5c:c6:13:95 ACK: your new IP /10.1.1.100, netmask /255.255.255.0, gateways [/10.1.1.1] DNS servers: /10.1.1.1 , lease time 30
11-29 03:16:32.665 D/DhcpClient( 2199): Renewed lease: android.net.networkstack.DhcpResults@9d665bb DHCP server /10.1.1.1 Vendor info null lease 30 seconds Servername
11-29 03:16:32.673 D/DhcpClient( 2199): Scheduling renewal in 29s
11-29 03:16:32.673 D/DhcpClient( 2199): Scheduling rebind in 52s
11-29 03:16:32.673 D/DhcpClient( 2199): Scheduling expiry in 59s
11-29 03:16:32.693 D/BluetoothAdapterService( 1974): android.net.wifi.STATE_CHANGE
11-29 03:16:32.694 D/SettingMicroservices( 2127): WifiReceiver:
11-29 03:16:32.694 D/SettingMicroservices( 2127): WifiReceiver NetworkInfo.State.CONNECTED
11-29 03:16:32.694 D/SettingMicroservices( 2127): doNetworkSync: mIDCMNetworkState: -1 mIsFSEMNetworkWiFi: true
11-29 03:16:32.694 D/SettingMicroservices( 2127): Change Network Preference to TYPE_ETHERNET.
11-29 03:16:32.697 W/BluetoothAdapterService( 1974): fetchWifiState - isWifiConnected =true
11-29 03:16:32.697 D/BluetoothVendorService( 1974): setWifiState to: true
11-29 03:16:32.697 I/BluetoothVendorJni( 1974): setWifiStateNative
11-29 03:16:32.697 I/bt_btif_vendor( 1974): setWifiState :1
11-29 03:16:32.882 I/mpu_uart( 647): [MSG-P:RECV]:No message received in 1000 ms
11-29 03:16:32.907 I/auditd ( 0): type=1400 audit(0.0:395): avc: denied { kill } for comm="swapper/3" capability=5 scontext=u:r:kernel:s0 tcontext=u:r:kernel:s0 tclass=capability permissive=0
11-29 03:16:32.907 W/swapper/3( 0): type=1400 audit(0.0:395): avc: denied { kill } for capability=5 scontext=u:r:kernel:s0 tcontext=u:r:kernel:s0 tclass=capability permissive=0
11-29 03:16:32.950 I/mpu_uart( 647): [MSG-P:R]:recv sync frame timeout
11-29 03:16:33.882 I/mpu_uart( 647): [MSG-P:RECV]:No message received in 1000 ms
11-29 03:16:33.907 I/auditd ( 0): type=1400 audit(0.0:396): avc: denied { kill } for comm="swapper/3" capability=5 scontext=u:r:kernel:s0 tcontext=u:r:kernel:s0 tclass=capability permissive=0
11-29 03:16:33.907 W/swapper/3( 0): type=1400 audit(0.0:396): avc: denied { kill } for capability=5 scontext=u:r:kernel:s0 tcontext=u:r:kernel:s0 tclass=capability permissive=0
11-29 03:16:34.629 D/DhcpClient( 2199): Received packet: b2:e2:78:f2:76:a8 ACK: your new IP /10.1.1.101, netmask /255.255.255.0, gateways [/10.1.1.1] DNS servers: /10.1.1.1 , lease time 30
11-29 03:16:34.882 I/mpu_uart( 647): [MSG-P:RECV]:No message received in 1000 ms
11-29 03:16:34.907 I/auditd ( 0): type=1400 audit(0.0:397): avc: denied { kill } for comm="swapper/3" capability=5 scontext=u:r:kernel:s0 tcontext=u:r:kernel:s0 tclass=capability permissive=0
11-29 03:16:34.907 W/swapper/3( 0): type=1400 audit(0.0:397): avc: denied { kill } for capability=5 scontext=u:r:kernel:s0 tcontext=u:r:kernel:s0 tclass=capability permissive=0
11-29 03:16:35.883 I/mpu_uart( 647): [MSG-P:RECV]:No message received in 1000 ms
11-29 03:16:35.907 I/auditd ( 0): type=1400 audit(0.0:398): avc: denied { kill } for comm="swapper/3" capability=5 scontext=u:r:kernel:s0 tcontext=u:r:kernel:s0 tclass=capability permissive=0
11-29 03:16:35.907 W/swapper/3( 0): type=1400 audit(0.0:398): avc: denied { kill } for capability=5 scontext=u:r:kernel:s0 tcontext=u:r:kernel:s0 tclass=capability permissive=0
11-29 03:16:35.951 I/mpu_uart( 647): [MSG-P:R]:recv sync frame timeout
11-29 03:16:36.883 I/mpu_uart( 647): [MSG-P:RECV]:No message received in 1000 ms
11-29 03:16:36.907 I/auditd ( 0): type=1400 audit(0.0:399): avc: denied { kill } for comm="swapper/3" capability=5 scontext=u:r:kernel:s0 tcontext=u:r:kernel:s0 tclass=capability permissive=0
11-29 03:16:36.907 W/swapper/3( 0): type=1400 audit(0.0:399): avc: denied { kill } for capability=5 scontext=u:r:kernel:s0 tcontext=u:r:kernel:s0 tclass=capability permissive=0
11-29 03:16:37.071 D/DhcpClient( 2199): Received packet: 50:84:92:5e:7c:11 ACK: your new IP /10.1.1.111, netmask /255.255.255.0, gateways [/10.1.1.1] DNS servers: /10.1.1.1 , lease time 30
11-29 03:16:37.883 I/mpu_uart( 647): [MSG-P:RECV]:No message received in 1000 ms
11-29 03:16:37.907 I/auditd ( 0): type=1400 audit(0.0:400): avc: denied { kill } for comm="swapper/3" capability=5 scontext=u:r:kernel:s0 tcontext=u:r:kernel:s0 tclass=capability permissive=0
11-29 03:16:37.907 W/swapper/3( 0): type=1400 audit(0.0:400): avc: denied { kill } for capability=5 scontext=u:r:kernel:s0 tcontext=u:r:kernel:s0 tclass=capability permissive=0
11-29 03:16:38.884 I/mpu_uart( 647): [MSG-P:RECV]:No message received in 1000 ms
11-29 03:16:38.907 I/auditd ( 0): type=1400 audit(0.0:401): avc: denied { kill } for comm="swapper/3" capability=5 scontext=u:r:kernel:s0 tcontext=u:r:kernel:s0 tclass=capability permissive=0
11-29 03:16:38.907 W/swapper/3( 0): type=1400 audit(0.0:401): avc: denied { kill } for capability=5 scontext=u:r:kernel:s0 tcontext=u:r:kernel:s0 tclass=capability permissive=0
11-29 03:16:38.951 W/hpplay-java( 2727): [AsyncTask #7]:HttpRequest:
11-29 03:16:38.952 D/NetworkMonitor/100( 2199): isDataStall: result=1, tcp packets received=0, latest tcp fail rate=-1, consecutive dns timeout count=53
11-29 03:16:38.952 D/NetworkMonitor/100( 2199): Suspecting data stall, reevaluate
11-29 03:16:38.953 W/hpplay-java( 2727): [AsyncTask #7]:HttpRequest:
11-29 03:16:38.954 I/mpu_uart( 647): [MSG-P:R]:recv sync frame timeout
11-29 03:16:38.954 W/hpplay-java( 2727): [AsyncTask #7]:HttpRequest:
11-29 03:16:38.955 D/NetworkMonitor/100( 2199): Validation disabled.
11-29 03:16:38.955 D/ConnectivityService( 1496): Data stall detected with methods: 1
11-29 03:16:38.963 D/ConnectivityService( 1496): [100 WIFI] validation passed
11-29 03:16:39.416 W/hpplay-java( 2727): [AsyncTask #5]:HttpRequest:
11-29 03:16:39.417 D/NetworkMonitor/100( 2199): isDataStall: result=1, tcp packets received=0, latest tcp fail rate=-1, consecutive dns timeout count=54
11-29 03:16:39.417 D/NetworkMonitor/100( 2199): Suspecting data stall, reevaluate
11-29 03:16:39.419 W/hpplay-java( 2727): [AsyncTask #5]:HttpRequest:
11-29 03:16:39.419 D/NetworkMonitor/100( 2199): Validation disabled.
11-29 03:16:39.419 D/ConnectivityService( 1496): Data stall detected with methods: 1
11-29 03:16:39.421 W/hpplay-java( 2727): [AsyncTask #5]:HttpRequest:
11-29 03:16:39.424 D/ConnectivityService( 1496): [100 WIFI] validation passed
11-29 03:16:39.428 E/hpplay-java( 2727): [main]:IMTask:getIMRoot failed
11-29 03:16:39.819 W/hpplay-java( 2727): [AsyncTask #10]:HttpRequest:
11-29 03:16:39.821 D/NetworkMonitor/100( 2199): isDataStall: result=1, tcp packets received=0, latest tcp fail rate=-1, consecutive dns timeout count=55
11-29 03:16:39.821 D/NetworkMonitor/100( 2199): Suspecting data stall, reevaluate
11-29 03:16:39.821 W/hpplay-java( 2727): [AsyncTask #10]:HttpRequest:
11-29 03:16:39.823 D/NetworkMonitor/100( 2199): Validation disabled.
11-29 03:16:39.823 D/ConnectivityService( 1496): Data stall detected with methods: 1
11-29 03:16:39.823 W/hpplay-java( 2727): [AsyncTask #10]:HttpRequest:
11-29 03:16:39.830 D/ConnectivityService( 1496): [100 WIFI] validation passed
11-29 03:16:39.884 I/mpu_uart( 647): [MSG-P:RECV]:No message received in 1000 ms
11-29 03:16:39.907 I/auditd ( 0): type=1400 audit(0.0:402): avc: denied { kill } for comm="swapper/3" capability=5 scontext=u:r:kernel:s0 tcontext=u:r:kernel:s0 tclass=capability permissive=0
11-29 03:16:39.907 W/swapper/3( 0): type=1400 audit(0.0:402): avc: denied { kill } for capability=5 scontext=u:r:kernel:s0 tcontext=u:r:kernel:s0 tclass=capability permissive=0
11-29 03:16:40.884 I/mpu_uart( 647): [MSG-P:RECV]:No message received in 1000 ms
11-29 03:16:40.907 I/auditd ( 0): type=1400 audit(0.0:403): avc: denied { kill } for comm="swapper/3" capability=5 scontext=u:r:kernel:s0 tcontext=u:r:kernel:s0 tclass=capability permissive=0
11-29 03:16:40.907 W/swapper/3( 0): type=1400 audit(0.0:403): avc: denied { kill } for capability=5 scontext=u:r:kernel:s0 tcontext=u:r:kernel:s0 tclass=capability permissive=0
11-29 03:16:41.884 I/mpu_uart( 647): [MSG-P:RECV]:No message received in 1000 ms
11-29 03:16:41.907 I/auditd ( 0): type=1400 audit(0.0:404): avc: denied { kill } for comm="swapper/3" capability=5 scontext=u:r:kernel:s0 tcontext=u:r:kernel:s0 tclass=capability permissive=0
11-29 03:16:41.907 W/swapper/3( 0): type=1400 audit(0.0:404): avc: denied { kill } for capability=5 scontext=u:r:kernel:s0 tcontext=u:r:kernel:s0 tclass=capability permissive=0
11-29 03:16:41.957 I/mpu_uart( 647): [MSG-P:R]:recv sync frame timeout
11-29 03:16:42.503 D/DhcpClient( 2199): Received packet: 66:25:0c:9d:55:97 ACK: your new IP /10.1.1.104, netmask /255.255.255.0, gateways [/10.1.1.1] DNS servers: /10.1.1.1 , lease time 30
11-29 03:16:42.885 I/mpu_uart( 647): [MSG-P:RECV]:No message received in 1000 ms
11-29 03:16:42.907 I/auditd ( 0): type=1400 audit(0.0:405): avc: denied { kill } for comm="swapper/3" capability=5 scontext=u:r:kernel:s0 tcontext=u:r:kernel:s0 tclass=capability permissive=0
11-29 03:16:42.907 W/swapper/3( 0): type=1400 audit(0.0:405): avc: denied { kill } for capability=5 scontext=u:r:kernel:s0 tcontext=u:r:kernel:s0 tclass=capability permissive=0
11-29 03:16:43.885 I/mpu_uart( 647): [MSG-P:RECV]:No message received in 1000 ms
11-29 03:16:43.907 I/auditd ( 0): type=1400 audit(0.0:406): avc: denied { kill } for comm="swapper/3" capability=5 scontext=u:r:kernel:s0 tcontext=u:r:kernel:s0 tclass=capability permissive=0
11-29 03:16:43.907 W/swapper/3( 0): type=1400 audit(0.0:406): avc: denied { kill } for capability=5 scontext=u:r:kernel:s0 tcontext=u:r:kernel:s0 tclass=capability permissive=0
11-29 03:16:44.886 I/mpu_uart( 647): [MSG-P:RECV]:No message received in 1000 ms
11-29 03:16:44.907 I/auditd ( 0): type=1400 audit(0.0:407): avc: denied { kill } for comm="swapper/3" capability=5 scontext=u:r:kernel:s0 tcontext=u:r:kernel:s0 tclass=capability permissive=0
11-29 03:16:44.907 W/swapper/3( 0): type=1400 audit(0.0:407): avc: denied { kill } for capability=5 scontext=u:r:kernel:s0 tcontext=u:r:kernel:s0 tclass=capability permissive=0
11-29 03:16:44.958 I/mpu_uart( 647): [MSG-P:R]:recv sync frame timeout
11-29 03:16:45.886 I/mpu_uart( 647): [MSG-P:RECV]:No message received in 1000 ms
11-29 03:16:45.907 I/auditd ( 0): type=1400 audit(0.0:408): avc: denied { kill } for comm="swapper/3" capability=5 scontext=u:r:kernel:s0 tcontext=u:r:kernel:s0 tclass=capability permissive=0
11-29 03:16:45.907 W/swapper/3( 0): type=1400 audit(0.0:408): avc: denied { kill } for capability=5 scontext=u:r:kernel:s0 tcontext=u:r:kernel:s0 tclass=capability permissive=0
11-29 03:16:46.617 D/DhcpClient( 2199): Received packet: a6:ae:2b:52:e2:59 ACK: your new IP /10.1.1.102, netmask /255.255.255.0, gateways [/10.1.1.1] DNS servers: /10.1.1.1 , lease time 30
11-29 03:16:46.621 D/DhcpClient( 2199): Received packet: 66:25:0c:9d:55:97 ACK: your new IP /10.1.1.104, netmask /255.255.255.0, gateways [/10.1.1.1] DNS servers: /10.1.1.1 , lease time 30
11-29 03:16:46.886 I/mpu_uart( 647): [MSG-P:RECV]:No message received in 1000 ms
11-29 03:16:46.907 I/auditd ( 0): type=1400 audit(0.0:409): avc: denied { kill } for comm="swapper/3" capability=5 scontext=u:r:kernel:s0 tcontext=u:r:kernel:s0 tclass=capability permissive=0
11-29 03:16:46.907 W/swapper/3( 0): type=1400 audit(0.0:409): avc: denied { kill } for capability=5 scontext=u:r:kernel:s0 tcontext=u:r:kernel:s0 tclass=capability permissive=0
11-29 03:16:47.887 I/mpu_uart( 647): [MSG-P:RECV]:No message received in 1000 ms
11-29 03:16:47.907 I/auditd ( 0): type=1400 audit(0.0:410): avc: denied { kill } for comm="swapper/3" capability=5 scontext=u:r:kernel:s0 tcontext=u:r:kernel:s0 tclass=capability permissive=0
11-29 03:16:47.907 W/swapper/3( 0): type=1400 audit(0.0:410): avc: denied { kill } for capability=5 scontext=u:r:kernel:s0 tcontext=u:r:kernel:s0 tclass=capability permissive=0
11-29 03:16:47.958 I/mpu_uart( 647): [MSG-P:R]:recv sync frame timeout
11-29 03:16:48.887 I/mpu_uart( 647): [MSG-P:RECV]:No message received in 1000 ms
11-29 03:16:48.907 I/auditd ( 0): type=1400 audit(0.0:411): avc: denied { kill } for comm="swapper/3" capability=5 scontext=u:r:kernel:s0 tcontext=u:r:kernel:s0 tclass=capability permissive=0
11-29 03:16:48.907 W/swapper/3( 0): type=1400 audit(0.0:411): avc: denied { kill } for capability=5 scontext=u:r:kernel:s0 tcontext=u:r:kernel:s0 tclass=capability permissive=0
11-29 03:16:49.887 I/mpu_uart( 647): [MSG-P:RECV]:No message received in 1000 ms
11-29 03:16:49.907 I/auditd ( 0): type=1400 audit(0.0:412): avc: denied { kill } for comm="swapper/3" capability=5 scontext=u:r:kernel:s0 tcontext=u:r:kernel:s0 tclass=capability permissive=0
11-29 03:16:49.907 W/swapper/3( 0): type=1400 audit(0.0:412): avc: denied { kill } for capability=5 scontext=u:r:kernel:s0 tcontext=u:r:kernel:s0 tclass=capability permissive=0
11-29 03:16:49.976 D/DhcpClient( 2199): Received packet: ca:1b:7b:34:7a:e5 ACK: your new IP /10.1.1.103, netmask /255.255.255.0, gateways [/10.1.1.1] DNS servers: /10.1.1.1 , lease time 30
11-29 03:16:50.887 I/mpu_uart( 647): [MSG-P:RECV]:No message received in 1000 ms
11-29 03:16:50.907 I/auditd ( 0): type=1400 audit(0.0:413): avc: denied { kill } for comm="swapper/3" capability=5 scontext=u:r:kernel:s0 tcontext=u:r:kernel:s0 tclass=capability permissive=0
11-29 03:16:50.907 W/swapper/3( 0): type=1400 audit(0.0:413): avc: denied { kill } for capability=5 scontext=u:r:kernel:s0 tcontext=u:r:kernel:s0 tclass=capability permissive=0
11-29 03:16:50.961 I/mpu_uart( 647): [MSG-P:R]:recv sync frame timeout
11-29 03:16:51.609 D/DhcpClient( 2199): Received packet: 7a:8c:2b:1b:ff:be ACK: your new IP /10.1.1.110, netmask /255.255.255.0, gateways [/10.1.1.1] DNS servers: /10.1.1.1 , lease time 30
11-29 03:16:51.888 I/mpu_uart( 647): [MSG-P:RECV]:No message received in 1000 ms
11-29 03:16:51.907 I/auditd ( 0): type=1400 audit(0.0:414): avc: denied { kill } for comm="swapper/3" capability=5 scontext=u:r:kernel:s0 tcontext=u:r:kernel:s0 tclass=capability permissive=0
11-29 03:16:51.907 W/swapper/3( 0): type=1400 audit(0.0:414): avc: denied { kill } for capability=5 scontext=u:r:kernel:s0 tcontext=u:r:kernel:s0 tclass=capability permissive=0
11-29 03:16:52.888 I/mpu_uart( 647): [MSG-P:RECV]:No message received in 1000 ms
11-29 03:16:52.907 I/auditd ( 0): type=1400 audit(0.0:415): avc: denied { kill } for comm="swapper/1" capability=5 scontext=u:r:kernel:s0 tcontext=u:r:kernel:s0 tclass=capability permissive=0
11-29 03:16:52.907 W/swapper/1( 0): type=1400 audit(0.0:415): avc: denied { kill } for capability=5 scontext=u:r:kernel:s0 tcontext=u:r:kernel:s0 tclass=capability permissive=0
11-29 03:16:53.888 I/mpu_uart( 647): [MSG-P:RECV]:No message received in 1000 ms
11-29 03:16:53.907 I/auditd ( 0): type=1400 audit(0.0:416): avc: denied { kill } for comm="swapper/1" capability=5 scontext=u:r:kernel:s0 tcontext=u:r:kernel:s0 tclass=capability permissive=0
11-29 03:16:53.907 W/swapper/1( 0): type=1400 audit(0.0:416): avc: denied { kill } for capability=5 scontext=u:r:kernel:s0 tcontext=u:r:kernel:s0 tclass=capability permissive=0
11-29 03:16:53.964 I/mpu_uart( 647): [MSG-P:R]:recv sync frame timeout
11-29 03:16:54.093 I/selfinstaller( 1200): create socket failed: No route to host 113
11-29 03:16:54.375 D/DhcpClient( 2199): Received packet: 32:b6:78:8d:07:94 ACK: your new IP /10.1.1.108, netmask /255.255.255.0, gateways [/10.1.1.1] DNS servers: /10.1.1.1 , lease time 30
11-29 03:16:54.889 I/mpu_uart( 647): [MSG-P:RECV]:No message received in 1000 ms
11-29 03:16:54.907 I/auditd ( 0): type=1400 audit(0.0:417): avc: denied { kill } for comm="swapper/1" capability=5 scontext=u:r:kernel:s0 tcontext=u:r:kernel:s0 tclass=capability permissive=0
11-29 03:16:54.907 W/swapper/1( 0): type=1400 audit(0.0:417): avc: denied { kill } for capability=5 scontext=u:r:kernel:s0 tcontext=u:r:kernel:s0 tclass=capability permissive=0
11-29 03:16:55.889 I/mpu_uart( 647): [MSG-P:RECV]:No message received in 1000 ms
11-29 03:16:55.907 I/auditd ( 0): type=1400 audit(0.0:418): avc: denied { kill } for comm="swapper/1" capability=5 scontext=u:r:kernel:s0 tcontext=u:r:kernel:s0 tclass=capability permissive=0
11-29 03:16:55.907 W/swapper/1( 0): type=1400 audit(0.0:418): avc: denied { kill } for capability=5 scontext=u:r:kernel:s0 tcontext=u:r:kernel:s0 tclass=capability permissive=0
11-29 03:16:56.889 I/mpu_uart( 647): [MSG-P:RECV]:No message received in 1000 ms
11-29 03:16:56.907 I/auditd ( 0): type=1400 audit(0.0:419): avc: denied { kill } for comm="swapper/1" capability=5 scontext=u:r:kernel:s0 tcontext=u:r:kernel:s0 tclass=capability permissive=0
11-29 03:16:56.907 W/swapper/1( 0): type=1400 audit(0.0:419): avc: denied { kill } for capability=5 scontext=u:r:kernel:s0 tcontext=u:r:kernel:s0 tclass=capability permissive=0
11-29 03:16:56.967 I/mpu_uart( 647): [MSG-P:R]:recv sync frame timeout
11-29 03:16:57.043 I/ScreenSaver_12( 4109): [PeriodicCallbackModel] Executing periodic callback for MINUTE because the period ended
11-29 03:16:57.890 I/mpu_uart( 647): [MSG-P:RECV]:No message received in 1000 ms
11-29 03:16:57.907 I/auditd ( 0): type=1400 audit(0.0:420): avc: denied { kill } for comm="swapper/1" capability=5 scontext=u:r:kernel:s0 tcontext=u:r:kernel:s0 tclass=capability permissive=0
11-29 03:16:57.907 W/swapper/1( 0): type=1400 audit(0.0:420): avc: denied { kill } for capability=5 scontext=u:r:kernel:s0 tcontext=u:r:kernel:s0 tclass=capability permissive=0
11-29 03:16:58.890 I/mpu_uart( 647): [MSG-P:RECV]:No message received in 1000 ms
11-29 03:16:58.907 I/auditd ( 0): type=1400 audit(0.0:421): avc: denied { kill } for comm="swapper/1" capability=5 scontext=u:r:kernel:s0 tcontext=u:r:kernel:s0 tclass=capability permissive=0
11-29 03:16:58.907 W/swapper/1( 0): type=1400 audit(0.0:421): avc: denied { kill } for capability=5 scontext=u:r:kernel:s0 tcontext=u:r:kernel:s0 tclass=capability permissive=0
11-29 03:16:59.451 I/CNSS ( 1180): cnss_open_log_file: directory /data/vendor/wifi/wlan_logs/ created
11-29 03:16:59.858 D/ConnectivityService( 1496): Data stall detected with methods: 1
