11-29 03:16:09.748 D/hpplay-base( 2727): [SinkContext:149] addSinkContextSession,session list is null,begin to malloc!!
11-29 03:16:09.748 D/hpplay-base( 2727): [SinkContext:156] addSinkContextSession,begin to update!!
11-29 03:16:09.748 D/hpplay-base( 2727): [SinkContext:160] addSinkContextSession,begin to update header!!
11-29 03:16:09.748 D/hpplay-base( 2727): [SinkContext:172] addSinkContextSession,begin to unlock!!
11-29 03:16:09.748 D/hpplay-base( 2727): [SinkContext:174] addSinkContextSession,unlock ok!!
11-29 03:16:09.748 D/hpplay-base( 2727): [LelinkReceiver:4908] get ping !!!
11-29 03:16:09.748 D/hpplay-base( 2727): [mDNSEmbeded:240] http_port bind check 240 http_port_check recieved:64
11-29 03:16:09.748 D/hpplay-base( 2727): [mDNSEmbeded:243] http_port bind check 243 http_port_check
11-29 03:16:09.748 D/hpplay-base( 2727): [mDNSEmbeded:244] http_port bind check ok!
11-29 03:16:09.770 D/hpplay-base( 2727): [LelinkMDNS:766] devicePermissionPublic leboPermissionCheck:-2
11-29 03:16:09.771 D/hpplay-base( 2727): [jniBridge:1125] com_hpplay_sdk_sink_protocol_Bridge_WHAT_SERVER_ERROR
11-29 03:16:09.771 D/hpplay-base( 2727): [jniBridge:1726] notifyJava, what:204, castType:0, mimeType:0 baseStatus:2
11-29 03:16:09.771 D/hpplay-base( 2727): [jniBridge:1727] notifyJava sessionID:(null)
11-29 03:16:09.771 I/hpplay-java( 2727): [Thread-116]:Bridge:notify: what: 204
11-29 03:16:09.773 I/hpplay-java( 2727): [Thread-116]:Bridge:notify: out: OutParameters:{audioSessionId=-1, audiotrackIndex=0, castHandleType=-1, castType=0, deviceName='', dlnaName='', dramaID='', extra=-2002, frameHandleType=-1, handleInside=true, headduration=0, header='', headers=null, isAD=false, isMultiMirror=false, lelinkVer='', limitTime=0, , mediaAlbum='null', mediaAlbumArtURI='', mediaArtist='null', mediaAssets='', mediaTitle='null', mimeType=0, multiSession=null, period=0, pinCode='', playSpeed=0.0, playerChoice=0, plugin=0, port=0, position=0.0, positionUnit=2, protocol=0, realSessionID='', regType='', , sinkIp='', sourceAPPVersion='', sourceChannel='', sourceClientInfo='', sourceDeviceInfo='', sourceDeviceModel='', sourceDeviceName='', sourceDeviceType=0, sourceHID='', , sourceInfo='', , , sourceOSVersion='', sourceSDKVersion='', sourceUid='', stopDetail=0, stopReason=0, tailduration=0, url='', urlID='', urls=null, userAgent='', videoDecoder=0, volume=0, what=204}com.hpplay.sdk.sink.protocol.OutParameters@b68eae6
11-29 03:16:09.773 I/hpplay-java( 2727): [Thread-116]:Bridge:notify: address:119687207
11-29 03:16:09.773 I/hpplay-java( 2727): [main]:Bridge:findServiceID start out: 119687207
11-29 03:16:09.773 I/hpplay-base( 2727): [mDNSEmbeded:79] embedded_mDNSLoop stopmDNSNow:0 nPublish:-2 nExitFlag:6 tid is 5270
11-29 03:16:09.773 I/hpplay-java( 2727): [main]:Bridge:findServiceID end
11-29 03:16:09.773 E/hpplay-java( 2727): [main]:ServerTaskManager:onError 204/-2002 com.hht.lebocast.LelinkHelper$e@d987030
11-29 03:16:09.773 I/hpplay-java( 2727): [main]:ServerTaskManager:cancelTimeOutCheck
11-29 03:16:09.774 W/hpplay-java( 2727): [main]:ServerTaskManager:onErrorDispatcher errorCode:-2002
11-29 03:16:09.774 I/hpplay-java( 2727): [main]:ServerTaskManager:onError retry later
11-29 03:16:09.874 I/mpu_uart( 647): [MSG-P:RECV]:No message received in 1000 ms
11-29 03:16:09.907 I/auditd ( 0): type=1400 audit(0.0:372): avc: denied { kill } for comm="swapper/1" capability=5 scontext=u:r:kernel:s0 tcontext=u:r:kernel:s0 tclass=capability permissive=0
11-29 03:16:09.907 W/swapper/1( 0): type=1400 audit(0.0:372): avc: denied { kill } for capability=5 scontext=u:r:kernel:s0 tcontext=u:r:kernel:s0 tclass=capability permissive=0
11-29 03:16:09.949 I/hpplay-base( 2727): [LelinkReceiver:14605] _connectionFinalize (154)
11-29 03:16:09.949 D/hpplay-base( 2727): [LelinkReceiver:14752] ###connectionFinalize,release ok!!###
11-29 03:16:10.874 I/mpu_uart( 647): [MSG-P:RECV]:No message received in 1000 ms
11-29 03:16:10.907 I/auditd ( 0): type=1400 audit(0.0:373): avc: denied { kill } for comm="swapper/1" capability=5 scontext=u:r:kernel:s0 tcontext=u:r:kernel:s0 tclass=capability permissive=0
11-29 03:16:10.907 W/swapper/1( 0): type=1400 audit(0.0:373): avc: denied { kill } for capability=5 scontext=u:r:kernel:s0 tcontext=u:r:kernel:s0 tclass=capability permissive=0
11-29 03:16:11.007 I/hpplay-java( 2727): [main]:Upgrade:upgrade not be allowed
11-29 03:16:11.874 I/mpu_uart( 647): [MSG-P:RECV]:No message received in 1000 ms
11-29 03:16:11.877 D/DhcpClient( 2199): Received packet: 50:84:92:5e:7c:11 ACK: your new IP /10.1.1.111, netmask /255.255.255.0, gateways [/10.1.1.1] DNS servers: /10.1.1.1 , lease time 30
11-29 03:16:11.907 I/auditd ( 0): type=1400 audit(0.0:374): avc: denied { kill } for comm="swapper/1" capability=5 scontext=u:r:kernel:s0 tcontext=u:r:kernel:s0 tclass=capability permissive=0
11-29 03:16:11.907 W/swapper/1( 0): type=1400 audit(0.0:374): avc: denied { kill } for capability=5 scontext=u:r:kernel:s0 tcontext=u:r:kernel:s0 tclass=capability permissive=0
11-29 03:16:11.932 I/mpu_uart( 647): [MSG-P:R]:recv sync frame timeout
11-29 03:16:12.176 W/hpplay-java( 2727): [AsyncTask #12]:HttpRequest:
11-29 03:16:12.179 D/NetworkMonitor/100( 2199): isDataStall: result=1, tcp packets received=0, latest tcp fail rate=-1, consecutive dns timeout count=46
11-29 03:16:12.179 D/NetworkMonitor/100( 2199): Suspecting data stall, reevaluate
11-29 03:16:12.181 D/ConnectivityService( 1496): Data stall detected with methods: 1
11-29 03:16:12.181 D/NetworkMonitor/100( 2199): Validation disabled.
11-29 03:16:12.186 W/hpplay-java( 2727): [AsyncTask #12]:HttpRequest:
11-29 03:16:12.187 D/ConnectivityService( 1496): [100 WIFI] validation passed
11-29 03:16:12.189 W/hpplay-java( 2727): [AsyncTask #12]:HttpRequest:
11-29 03:16:12.774 I/hpplay-java( 2727): [main]:ServerTaskManager:restart by error
11-29 03:16:12.775 I/hpplay-java( 2727): [main]:ServerTaskManager:startServer
11-29 03:16:12.775 I/hpplay-java( 2727): [main]:ServerTaskManager:startServer add, reason: server is starting or running
11-29 03:16:12.775 I/hpplay-java( 2727): [main]:ServerTaskManager:addStopTask
11-29 03:16:12.775 I/hpplay-java( 2727): [main]:ServerTaskManager:addStartTask
11-29 03:16:12.775 I/hpplay-java( 2727): [main]:ServerTaskManager:exeTask stopServer
11-29 03:16:12.775 I/hpplay-java( 2727): [main]:Bridge:stopServer keepPush: false
11-29 03:16:12.776 D/hpplay-base( 2727): [jniBridge:909] Bridge__1stopServer status:2
11-29 03:16:12.776 D/hpplay-base( 2727): [LelinkBase:654] stopAllServer will start thread!
11-29 03:16:12.777 I/hpplay-base( 2727): [mDNSEmbeded:65] embedded_mDNSExit call
11-29 03:16:12.777 D/hpplay-base( 2727): [REventUtils:197] handleREventThread thread end!!,tid is 5274
11-29 03:16:12.777 D/hpplay-base( 2727): [AEventUtils:588] handle AEvent thread end!!,tid is 5273
11-29 03:16:12.825 D/hpplay-base( 2727): [stream_mirror_compat:1284] mirror stream begin to exit,server fd:70,thread_id:3294601664!!
11-29 03:16:12.825 D/hpplay-base( 2727): [stream_mirror_compat:1323] ##screen stream exit successfully!!##
11-29 03:16:12.855 I/hpplay-base( 2727): [mDNSEmbeded:140] embedded_mDNSLoop Exiting end,tid is 5270
11-29 03:16:12.855 D/hpplay-base( 2727): [mDNSEmbeded:452] stopmDNSServer end stopmDNSNow=2, nRet=0
11-29 03:16:12.875 I/mpu_uart( 647): [MSG-P:RECV]:No message received in 1000 ms
11-29 03:16:12.907 I/auditd ( 0): type=1400 audit(0.0:375): avc: denied { kill } for comm="swapper/1" capability=5 scontext=u:r:kernel:s0 tcontext=u:r:kernel:s0 tclass=capability permissive=0
11-29 03:16:12.907 W/swapper/1( 0): type=1400 audit(0.0:375): avc: denied { kill } for capability=5 scontext=u:r:kernel:s0 tcontext=u:r:kernel:s0 tclass=capability permissive=0
11-29 03:16:12.950 D/hpplay-base( 2727): [Server:447] startHttpServer will END srv->serverType:0
11-29 03:16:12.951 D/hpplay-base( 2727): [Server:646] startHttpServer cond srv_shutdown:1 connectNummber:0
11-29 03:16:12.951 D/hpplay-base( 2727): [Server:669] startHttpServer wait cond END. srv_shutdown:1 connectNummber:0
11-29 03:16:12.951 D/hpplay-base( 2727): [Server:457] HttpServer END, tid is 5250
11-29 03:16:13.041 I/hpplay-base( 2727): [mDNSEmbeded:376] end lelink publish server, tid is 5271
11-29 03:16:13.042 D/hpplay-base( 2727): [mDNSEmbeded:420] stopmLelinkServer end nRet=0
11-29 03:16:13.042 D/hpplay-base( 2727): [LelinkBase:615] lebodlna stopServerThreadFunc dlnaEnable:1
11-29 03:16:13.042 D/hpplay-base-dlna( 2727): [lebodlna_api:49] stop DMR
11-29 03:16:13.042 D/hpplay-base-dlna( 2727): [lebodlna_api:344] m_pRender Release
11-29 03:16:13.101 D/hpplay-base-dlna( 2727): [UpnpDefine:867] DMRender release success
11-29 03:16:13.101 D/hpplay-base-dlna( 2727): [lebodlna_api:352] m_pAVT Release
11-29 03:16:13.101 D/hpplay-base-dlna( 2727): [lebodlna_api:360] m_pRCS Release
11-29 03:16:13.101 D/hpplay-base-dlna( 2727): [lebodlna_api:365] dmrender destroydmr
11-29 03:16:13.401 D/hpplay-base-dlna( 2727): [lebodlna-dlna_android:186] stopDLNA
11-29 03:16:13.402 D/hpplay-base-dlna( 2727): [lebodlna-dlna_android:189] dlnaservice destroy
11-29 03:16:13.402 D/hpplay-base-dlna( 2727): [lebodlna-dlna_android:49] dlnaservice Destroy 49 int CDlnaService::Destroy()
11-29 03:16:13.402 D/hpplay-base-dlna( 2727): [lebodlna-dlnaframe:245] dlnaservice Destroy 245 static ERROR_TYPE IDlnaFrame::DestroyDlnaFrame(IDlnaFrame *)
11-29 03:16:13.402 D/hpplay-base-dlna( 2727): [lebodlna-dlnaframe:179] dlnaservice Destroy 179 virtual void CDlnaFrame::Release()
11-29 03:16:13.402 D/hpplay-base-dlna( 2727): [lebodlna-dlnaframe:190] dlnaservice Destroy 190 virtual void CDlnaFrame::Release()
11-29 03:16:13.402 D/hpplay-base-dlna( 2727): [lebodlna-dlnaframe:192] dlnaservice Destroy 192 virtual void CDlnaFrame::Release()
11-29 03:16:13.402 D/hpplay-base-dlna( 2727): [lebodlna-dlnaframe:247] dlnaservice Destroy 247 static ERROR_TYPE IDlnaFrame::DestroyDlnaFrame(IDlnaFrame *)
11-29 03:16:13.402 D/hpplay-base-dlna( 2727): [lebodlna-dlnaframe:251] dlnaservice Destroy 251 static ERROR_TYPE IDlnaFrame::DestroyDlnaFrame(IDlnaFrame *)
11-29 03:16:13.404 E/hpplay-base-dlna( 2727): upnpapi.c:655::before gminiserver ThreadPoolShutdown
11-29 03:16:13.404 E/hpplay-base-dlna( 2727): ThreadPool.c:1047::on ThreadPoolShutdown tp->totalThreads:3
11-29 03:16:13.404 E/hpplay-base-dlna( 2727): ThreadPool.c:1047::on ThreadPoolShutdown tp->totalThreads:1
11-29 03:16:13.404 E/hpplay-base-dlna( 2727): ThreadPool.c:1056::after ThreadPoolShutdown
11-29 03:16:13.404 E/hpplay-base-dlna( 2727): ThreadPool.c:1057::ThreadPoolShutdown tp->totalThreads:0
11-29 03:16:13.404 E/hpplay-base-dlna( 2727): upnpapi.c:657::after gminiserver ThreadPoolShutdown
11-29 03:16:13.404 E/hpplay-base-dlna( 2727): upnpapi.c:659::before grecv ThreadPoolShutdown
11-29 03:16:13.405 E/hpplay-base-dlna( 2727): ThreadPool.c:1047::on ThreadPoolShutdown tp->totalThreads:12
11-29 03:16:13.405 E/hpplay-base-dlna( 2727): ThreadPool.c:1047::on ThreadPoolShutdown tp->totalThreads:5
11-29 03:16:13.405 E/hpplay-base-dlna( 2727): ThreadPool.c:1047::on ThreadPoolShutdown tp->totalThreads:4
11-29 03:16:13.406 E/hpplay-base-dlna( 2727): ThreadPool.c:1047::on ThreadPoolShutdown tp->totalThreads:3
11-29 03:16:13.406 E/hpplay-base-dlna( 2727): ThreadPool.c:1047::on ThreadPoolShutdown tp->totalThreads:2
11-29 03:16:13.406 E/hpplay-base-dlna( 2727): ThreadPool.c:1047::on ThreadPoolShutdown tp->totalThreads:1
11-29 03:16:13.406 E/hpplay-base-dlna( 2727): ThreadPool.c:1056::after ThreadPoolShutdown
11-29 03:16:13.406 E/hpplay-base-dlna( 2727): ThreadPool.c:1057::ThreadPoolShutdown tp->totalThreads:0
11-29 03:16:13.407 E/hpplay-base-dlna( 2727): upnpapi.c:661::after grecv ThreadPoolShutdown
11-29 03:16:13.407 E/hpplay-base-dlna( 2727): upnpapi.c:663::before gsend ThreadPoolShutdown
11-29 03:16:13.407 E/hpplay-base-dlna( 2727): ThreadPool.c:1047::on ThreadPoolShutdown tp->totalThreads:3
11-29 03:16:13.407 E/hpplay-base-dlna( 2727): ThreadPool.c:1047::on ThreadPoolShutdown tp->totalThreads:1
11-29 03:16:13.407 E/hpplay-base-dlna( 2727): ThreadPool.c:1056::after ThreadPoolShutdown
11-29 03:16:13.407 E/hpplay-base-dlna( 2727): ThreadPool.c:1057::ThreadPoolShutdown tp->totalThreads:0
11-29 03:16:13.407 E/hpplay-base-dlna( 2727): upnpapi.c:665::after gsend ThreadPoolShutdown
11-29 03:16:13.407 D/hpplay-base-dlna( 2727): [lebodlna-dlnaframe:253] dlnaservice Destroy 253 static ERROR_TYPE IDlnaFrame::DestroyDlnaFrame(IDlnaFrame *)
11-29 03:16:13.407 D/hpplay-base-dlna( 2727): [lebodlna-dlna_android:51] dlnaservice Destroy 51 int CDlnaService::Destroy()
11-29 03:16:13.407 D/hpplay-base-dlna( 2727): [lebodlna-dlna_android:194] stopDLNA end
11-29 03:16:13.707 D/hpplay-base( 2727): [stream_mirror_compat:1489] request to stop screen stream session!!
11-29 03:16:13.708 D/hpplay-base( 2727): [AEventUtils:625] begin to stop event handle service!!
11-29 03:16:13.708 D/hpplay-base( 2727): [AEventUtils:628] stop event handle service ok!!
11-29 03:16:13.708 D/hpplay-base( 2727): [REventUtils:231] begin to stop report handle service!!
11-29 03:16:13.708 D/hpplay-base( 2727): [REventUtils:234] stop report handle service ok!!
11-29 03:16:13.708 D/hpplay-base( 2727): [lelinkSinkServer:711] HTTP Server stopSinkServer End .
11-29 03:16:13.708 D/hpplay-base( 2727): [jniBridge:1135] notifyJavaServerStoped
11-29 03:16:13.709 D/hpplay-base( 2727): [jniBridge:1726] notifyJava, what:202, castType:0, mimeType:0 baseStatus:4
11-29 03:16:13.709 D/hpplay-base( 2727): [jniBridge:1727] notifyJava sessionID:(null)
11-29 03:16:13.711 I/hpplay-java( 2727): [Thread-117]:Bridge:notify: what: 202
11-29 03:16:13.713 I/hpplay-java( 2727): [Thread-117]:Bridge:notify: out: OutParameters:{audioSessionId=-1, audiotrackIndex=0, castHandleType=-1, castType=0, deviceName='', dlnaName='', dramaID='', extra=0, frameHandleType=-1, handleInside=true, headduration=0, header='', headers=null, isAD=false, isMultiMirror=false, lelinkVer='', limitTime=0, , mediaAlbum='null', mediaAlbumArtURI='', mediaArtist='null', mediaAssets='', mediaTitle='null', mimeType=0, multiSession=null, period=0, pinCode='', playSpeed=0.0, playerChoice=0, plugin=0, port=0, position=0.0, positionUnit=2, protocol=0, realSessionID='', regType='', , sinkIp='', sourceAPPVersion='', sourceChannel='', sourceClientInfo='', sourceDeviceInfo='', sourceDeviceModel='', sourceDeviceName='', sourceDeviceType=0, sourceHID='', , sourceInfo='', , , sourceOSVersion='', sourceSDKVersion='', sourceUid='', stopDetail=0, stopReason=0, tailduration=0, url='', urlID='', urls=null, userAgent='', videoDecoder=0, volume=0, what=202}com.hpplay.sdk.sink.protocol.OutParameters@becad4
11-29 03:16:13.713 I/hpplay-java( 2727): [Thread-117]:Bridge:notify: address:117515389
11-29 03:16:13.714 D/hpplay-base( 2727): [LelinkBase:645] stopServerThreadFunc notifyJavaServerStoped!
11-29 03:16:13.714 I/hpplay-java( 2727): [main]:ServerTaskManager:startTimeOutCheck
11-29 03:16:13.714 I/hpplay-java( 2727): [main]:ServerBusiness:stopDaemonBusiness
11-29 03:16:13.714 I/hpplay-java( 2727): [main]:SinkDataReport:logout
11-29 03:16:13.715 I/hpplay-java( 2727): [main]:EPControl:release
11-29 03:16:13.718 I/hpplay-java( 2727): [AsyncTask #21]:GlideCreator:clearCache clearDiskCache
11-29 03:16:13.720 W/hpplay-java( 2727): [AsyncTask #18]:HttpRequest:
11-29 03:16:13.721 W/hpplay-java( 2727): NanoHTTPDServerRunnable:Communication with the client broken
11-29 03:16:13.721 W/hpplay-java( 2727): java.net.SocketException: Socket closed
11-29 03:16:13.721 W/hpplay-java( 2727): at java.net.PlainSocketImpl.socketAccept(PlainSocketImpl.java:213)
11-29 03:16:13.721 W/hpplay-java( 2727): at java.net.AbstractPlainSocketImpl.accept(AbstractPlainSocketImpl.java:451)
11-29 03:16:13.721 W/hpplay-java( 2727): at java.net.ServerSocket.implAccept(ServerSocket.java:547)
11-29 03:16:13.721 W/hpplay-java( 2727): at java.net.ServerSocket.accept(ServerSocket.java:515)
11-29 03:16:13.721 W/hpplay-java( 2727): at com.hpplay.nanohttpd.protocols.http.ServerRunnable.run(SourceFile:118)
11-29 03:16:13.721 W/hpplay-java( 2727): at java.lang.Thread.run(Thread.java:920)
11-29 03:16:13.721 I/hpplay-java( 2727): NanoHTTPDNanoHTTPD:server is stoped
11-29 03:16:13.721 I/hpplay-java( 2727): [main]:Dispatcher:notifyAllReverseControlsStop
11-29 03:16:13.722 I/hpplay-java( 2727): NanoHTTPDNanoHTTPD:clear obj
11-29 03:16:13.722 I/hpplay-java( 2727): [main]:Preference:checkFeature none
11-29 03:16:13.722 I/hpplay-java( 2727): [main]:Dispatcher:notifyAllUIControlsStop set: []
11-29 03:16:13.722 I/hpplay-java( 2727): [main]:Bridge:findServiceID start out: 117515389
11-29 03:16:13.722 I/hpplay-java( 2727): [main]:Bridge:findServiceID end
11-29 03:16:13.722 I/hpplay-java( 2727): [main]:ServerTaskManager:onStop retry:true
11-29 03:16:13.722 I/hpplay-java( 2727): [main]:ServerTaskManager:cancelTimeOutCheck
11-29 03:16:13.723 I/hpplay-java( 2727): [main]:IPManager:getActiveNets type: WIFI
11-29 03:16:13.723 I/hpplay-java( 2727): [main]:IPManager:getActiveNets eth0:false wifi:true mobile:false ap:false
11-29 03:16:13.723 I/hpplay-java( 2727): [main]:IPManager:getIPAddress IP_WLAN0
11-29 03:16:13.725 W/hpplay-java( 2727): [AsyncTask #18]:HttpRequest:
11-29 03:16:13.726 W/hpplay-java( 2727): [AsyncTask #18]:HttpRequest:
11-29 03:16:13.727 I/hpplay-java( 2727): [main]:IPManager:updateIPAddress getIPAddress: 192.168.4.16 name:vlan4
11-29 03:16:13.727 I/hpplay-java( 2727): [main]:IPManager:updateIPAddress getIPAddress: 10.1.1.100 name:wlan0
11-29 03:16:13.727 I/hpplay-java( 2727): [main]:IPManager:updateIPAddress getIPAddress: 192.168.8.16 name:vlan8
11-29 03:16:13.727 I/hpplay-java( 2727): [main]:IPManager:updateIPAddress getIPAddress: 192.168.11.16 name:vlan11
11-29 03:16:13.727 I/hpplay-java( 2727): [main]:IPManager:updateIPAddress getIPAddress: 192.168.0.16 name:vlan0
11-29 03:16:13.727 I/hpplay-java( 2727): [main]:IPManager:updateIPAddress getIPAddress: 192.168.2.16 name:vlan2
11-29 03:16:13.727 I/hpplay-java( 2727): [main]:IPManager:updateIPAddress getIPAddress: 192.168.1.16 name:vlan1
11-29 03:16:13.728 I/hpplay-java( 2727): [main]:ServerTaskManager:exeTask startServer
11-29 03:16:13.728 I/hpplay-java( 2727): [main]:ServerTaskManager:startTimeOutCheck
11-29 03:16:13.729 I/hpplay-java( 2727): [AsyncTask #19]:ServerBusiness:startDaemonBusiness
11-29 03:16:13.729 I/hpplay-java( 2727): [AsyncTask #28]:Bridge:assembleInParameters
11-29 03:16:13.729 I/hpplay-java( 2727): [AsyncTask #19]:TimeOutCheckUtil:addTask id:upgrade
11-29 03:16:13.729 I/hpplay-java( 2727): [AsyncTask #19]:TimeOutCheckUtil:addTask id:ijkupgrade
11-29 03:16:13.730 I/hpplay-java( 2727): [AsyncTask #28]:Bridge:createDeviceId deviceId:YTg6OWE6Mzc6NDA6OGE6NTU=
11-29 03:16:13.731 I/hpplay-java( 2727): [AsyncTask #28]:IPManager:getActiveNets type: WIFI
11-29 03:16:13.731 I/hpplay-java( 2727): [AsyncTask #28]:IPManager:getActiveNets eth0:false wifi:true mobile:false ap:false
11-29 03:16:13.731 I/hpplay-java( 2727): NanoHTTPDNanoHTTPD:server is started
11-29 03:16:13.731 I/hpplay-java( 2727): [AsyncTask #28]:IPManager:getIPAddress IP_WLAN0
11-29 03:16:13.731 I/hpplay-java( 2727): [AsyncTask #28]:Preference:checkFeature none
11-29 03:16:13.731 I/hpplay-java( 2727): [AsyncTask #28]:SWI:dlna tip
11-29 03:16:13.731 I/hpplay-java( 2727): [AsyncTask #28]:SWI:lefp tip
11-29 03:16:13.732 I/hpplay-java( 2727): [AsyncTask #28]:Bridge:assembleInParameters none alias name use device name: 高合娱乐副屏
11-29 03:16:13.732 I/hpplay-java( 2727): [AsyncTask #28]:Feature:isSendAdvertisement
11-29 03:16:13.732 I/hpplay-java( 2727): [AsyncTask #28]:Preference:checkFeature none
11-29 03:16:13.732 I/hpplay-java( 2727): [AsyncTask #28]:Preference:checkFeature none
11-29 03:16:13.733 I/hpplay-java( 2727): [AsyncTask #28]:Bridge:backupHpplayDat bakPath:
11-29 03:16:13.733 I/hpplay-java( 2727): [AsyncTask #28]:Bridge:path:/data/user/0/com.hht.lebocast/files/hpplay/file/happyplay.dat
11-29 03:16:13.733 I/hpplay-java( 2727): [AsyncTask #28]:Bridge:mAppId:21409
11-29 03:16:13.733 I/hpplay-java( 2727): [AsyncTask #28]:Bridge:mode:3
11-29 03:16:13.733 I/hpplay-java( 2727): [AsyncTask #28]:Bridge:type:1
11-29 03:16:13.733 I/hpplay-java( 2727): [AsyncTask #28]:Bridge:SN:
11-29 03:16:13.733 I/hpplay-java( 2727): [AsyncTask #28]:Preference:checkFeature none
11-29 03:16:13.733 I/hpplay-java( 2727): [AsyncTask #28]:Bridge:backPath:
11-29 03:16:13.733 I/hpplay-java( 2727): [AsyncTask #28]:DeviceUtil:getPermissionDid: 1
11-29 03:16:13.733 I/hpplay-java( 2727): [AsyncTask #28]:DeviceUtil:getPermissionDid: 1
11-29 03:16:13.733 I/hpplay-java( 2727): [AsyncTask #28]:Preference:checkFeature none
11-29 03:16:13.734 I/hpplay-java( 2727): [AsyncTask #28]:Preference:checkFeature none
11-29 03:16:13.734 I/hpplay-java( 2727): [AsyncTask #28]:Preference:checkFeature none
11-29 03:16:13.734 I/hpplay-java( 2727): [AsyncTask #28]:Preference:checkFeature none
11-29 03:16:13.734 I/hpplay-java( 2727): [AsyncTask #28]:Preference:checkFeature none
11-29 03:16:13.734 I/hpplay-java( 2727): [AsyncTask #28]:Preference:checkFeature none
11-29 03:16:13.740 W/hpplay-java( 2727): [AsyncTask #19]:ServerBusiness:startDaemonBusiness start LelinkHTTPD sucess 52288
11-29 03:16:13.759 W/hpplay-java( 2727): [AsyncTask #28]:DeviceUtils:getDomain create lb domain
11-29 03:16:13.761 I/hpplay-java( 2727): [AsyncTask #28]:Feature:getMirrorAudioVideoSync DISABLE
11-29 03:16:13.761 I/hpplay-java( 2727): [AsyncTask #28]:Feature:checkSupportRedirectOtherApp,no set redirect api
11-29 03:16:13.761 I/hpplay-java( 2727): [AsyncTask #28]:Feature:getRedirectSearchFlag,value: 0
11-29 03:16:13.762 I/hpplay-java( 2727): [AsyncTask #28]:Bridge:mIn: InParameters{appInfo='0', appKey='21409', authMode=0, authPwd='null', broadcastDirection=0, broadcastState=1, broadcastTimeout=3, buildType='release', cacheAVPath='/data/user/0/com.hht.lebocast/cache/hpplay/av', cachePhotoPath='/data/user/0/com.hht.lebocast/cache/hpplay/image', channel='LEBO-APK--60146-25915', desPath='', , deviceName='高合娱乐副屏', dlna=1, dlnaCompany='null', dlnaCompanyURL='null', dlnaDeviceDescribe='null', dlnaDeviceName='null', dlnaDeviceURL='null', dlnaLelinkSwitch=1, dlnaManufacturer=0, dlnaName='高合娱乐副屏', dlnaUPC='', dlnaUUID='9a3efe89-9f9c-4c03-5733-764c69fc85a9', domain='Lebo-figure-469b5cc61395', drainage=0, feature='6655', fps=60, height=1080, host='null', , keyPath='/data/user/0/com.hht.lebocast/files/hpplay/file', lelinkfp=1, lelinkfp2=0, logBaseState=1, logPath='/storage/emulated/0/com.hht.lebocast/sink/sdk/common', , mdnsEnable=1, mirrorSyncType=0, netCastVer='2.0', packageName='com.hht.lebocast', packagePath='/data/user/0/com.hht.lebocast', permissionDid='46:9b:5c:c6:13:95', permissionMode=3, permissionPreSN='', port=0, preemptMode=0, regType='_leboremote._tcp.', serverPorts=null, sockWaitTimeOut=45, teleControlPort=53388, tunnels=3, txtKeys=null, txtValues=null, uid='5246338120930115427', videoFrameType=1001, width=1920}com.hpplay.sdk.sink.protocol.InParameters@fdd4baf
11-29 03:16:13.762 I/hpplay-java( 2727): [main]:Bridge:startServer state: 0
11-29 03:16:13.762 D/hpplay-base( 2727): [jniBridge:185] not conference version
11-29 03:16:13.762 I/hpplay-base( 2727): [jniBridge:241] 1initServer nSettingWidth=1920 nSettingHeight=1080 nSettingMaxFPS=60 dlnaEnable=1 lelinkFpEnable=1
11-29 03:16:13.763 D/hpplay-base( 2727): [jniBridge:283] 1initServer cfg.leLinkIp=10.1.1.100
11-29 03:16:13.763 D/hpplay-base( 2727): [jniBridge:286] 1initServer cfg.mPermissionMode=3
11-29 03:16:13.763 D/hpplay-base( 2727): [jniBridge:304] 1initServer cfg.permissionDid=46:9b:5c:c6:13:95000000000000000
11-29 03:16:13.763 D/hpplay-base( 2727): [jniBridge:313] 1initServer cfg.mPermissionPreSN=00000000000000000000000000000000
11-29 03:16:13.763 D/hpplay-base( 2727): [jniBridge:317] Bridge___1initServer status:0
11-29 03:16:13.763 I/hpplay-base( 2727): [jniBridge:325] 1initServer cfg.feature=6655
11-29 03:16:13.763 D/hpplay-base( 2727): [jniBridge:377] 1initServer isSendBroadCast=3
11-29 03:16:13.763 D/hpplay-base( 2727): [jniBridge:380] 1initServer broadcastDirection=0
11-29 03:16:13.763 D/hpplay-base( 2727): [jniBridge:382] 1initServer ipBroadcast direction=0
11-29 03:16:13.763 D/hpplay-base( 2727): [jniBridge:387] 1initServer tunnel=3
11-29 03:16:13.763 D/hpplay-base( 2727): [jniBridge:390] 1initServer drainage=0
11-29 03:16:13.763 D/hpplay-base( 2727): [jniBridge:401] 1initServer mDNSEnable=1
11-29 03:16:13.763 D/hpplay-base( 2727): [jniBridge:406] 1initServer nSockWaitTimeOut=45
11-29 03:16:13.763 D/hpplay-base( 2727): [jniBridge:410] 1initServer nMirrorAudioVideoSync=0
11-29 03:16:13.763 I/hpplay-base( 2727): [sign_check:168] checkSign strPackageName:com.hht.lebocast
11-29 03:16:13.763 I/hpplay-base( 2727): [sign_check:169] checkSign buildType:release
11-29 03:16:13.763 I/hpplay-base( 2727): [sign_check:170] checkSign appKey:21409
11-29 03:16:13.763 D/hpplay-base( 2727): [LelinkBase:405] bridgeInit port: 0, lelinkfp: 0
11-29 03:16:13.763 D/hpplay-base( 2727): [LelinkBase:462] bridgeInit mPackagePath =/data/user/0/com.hht.lebocast
11-29 03:16:13.763 D/hpplay-base( 2727): [LelinkBase:463] bridgeInit mKeyPath =/data/user/0/com.hht.lebocast/files/hpplay/file
11-29 03:16:13.763 D/hpplay-base( 2727): [SinkContext:97] initSinkContext mPackagePath =/data/user/0/com.hht.lebocast
11-29 03:16:13.763 D/hpplay-base( 2727): [SinkContext:98] initSinkContext mKeyPath =/data/user/0/com.hht.lebocast/files/hpplay/file
11-29 03:16:13.764 D/hpplay-base( 2727): [jniBridge:478] Java_com_hpplay_sdk_sink_protocol_Bridge__1initServer end
11-29 03:16:13.764 D/hpplay-base( 2727): [jniBridge:869] Bridge__1startServer status:1
11-29 03:16:13.764 D/hpplay-base( 2727): [LelinkBase:492] startAllServer at base
11-29 03:16:13.765 D/hpplay-base( 2727): [lelinkSinkServer:152] httpPlugins_SetServerPort TYPE_SERVER_LELINK:52266
11-29 03:16:13.765 D/hpplay-base( 2727): [network.c:362] protocol bind host :10.1.1.100 port:52266 curent bind port:52266
11-29 03:16:13.765 D/hpplay-base( 2727): [lelinkSinkServer:681] HTTP Server real at:52266
11-29 03:16:13.765 D/hpplay-base( 2727): [ScreenStream:1285] current bind port:7100
11-29 03:16:13.765 D/hpplay-base( 2727): [lelinkSinkServer:644] Connected Service Type:0
11-29 03:16:13.765 I/hpplay-base( 2727): : (server.c.315) startServer listen_ing....:
11-29 03:16:13.765 D/hpplay-base( 2727): [LelinkBase:515] startAllServer pBaseContext->config.dlnaEnable:1
11-29 03:16:13.765 D/hpplay-base( 2727): [stream_mirror_compat:759] compat mirror stream begin to run,server fd:70,thread_id:3261575616!!
11-29 03:16:13.766 D/hpplay-base( 2727): [lelinkDlna:324] addDMRCallback end
11-29 03:16:13.766 D/hpplay-base( 2727): [Server:371] startHttpServer srv_sockets.used:1 nCurrentFd:68, tid is 5289
11-29 03:16:13.769 E/hpplay-base-dlna( 2727): miniserver.c:788::dlna_port(ipv4: 49152 ipv6:0)
11-29 03:16:13.770 D/hpplay-base-dlna( 2727): [lebodlna-dlnaframe:166] succeed to load lebodlnaplugin
11-29 03:16:13.770 D/hpplay-base-dlna( 2727): [lebodlna-dlnaframe:232] Succeed to load specified plugin:lebodlna_plugin
11-29 03:16:13.770 D/hpplay-base( 2727): [lelinkDlna:328] startDLNAServer ret=0
11-29 03:16:13.770 D/hpplay-base( 2727): [LelinkBase:531] startDLNAServer ret= 0
11-29 03:16:13.770 D/hpplay-base( 2727): [lelinkDlna:342] setDMRFriendlyName 高合娱乐副屏
11-29 03:16:13.771 D/hpplay-base-dlna( 2727): [lebodlna-dlna_android:136] setBroadcastTimeout mBroadcastTimeOut=66 status=3!
11-29 03:16:13.771 D/hpplay-base-dlna( 2727): [lebodlna_api:32] start DMR
11-29 03:16:13.771 D/hpplay-base-dlna( 2727): [UpnpDefine:434] RegisterDMRender invalid lelink info
11-29 03:16:13.771 D/hpplay-base-dlna( 2727): [UpnpDefine:467] DLNA DEFAULT_DESCRIPTION
11-29 03:16:13.774 E/hpplay-base-dlna( 2727): upnpapi.c:1078::Exiting RegisterRootDevice2 *Hnd =1, return value == 0
11-29 03:16:13.774 D/hpplay-base-dlna( 2727): [CUpnpDevice:41] Register Root Device 2:0
11-29 03:16:13.774 D/hpplay-base-dlna( 2727): [UpnpDefine:794] ESDMRender:Register success
11-29 03:16:13.774 D/hpplay-base-dlna( 2727): [lebodlna_api:41] sendBroadcast mBroadcastTimeOut=3
11-29 03:16:13.774 D/hpplay-base-dlna( 2727): [lebodlna_api:44] sendBroadcast timeout=66
11-29 03:16:13.834 D/hpplay-base( 2727): [lelinkDlna:361] startDLNADevice dlnaManufacturer:0 ret=0
11-29 03:16:13.834 D/hpplay-base( 2727): [LelinkBase:535] lelinkSetDlnaInfo ret= 0
11-29 03:16:13.834 D/hpplay-base( 2727): [LelinkBase:547] startAllServer pBaseContext->config.mDNSEnable:1
11-29 03:16:13.835 D/hpplay-base( 2727): [base_mdns:509] mdns net.hostname:
11-29 03:16:13.835 D/hpplay-base( 2727): [base_mdns:529] mdns namelabel:-00-80-0F-74-31-00
11-29 03:16:13.835 D/hpplay-base( 2727): [base_mdns:509] mdns net.hostname:
11-29 03:16:13.835 D/hpplay-base( 2727): [base_mdns:529] mdns namelabel:-00-80-0F-74-31-00
11-29 03:16:13.835 D/hpplay-base( 2727): [mdns:813] mdns start bind port:0
11-29 03:16:13.838 D/hpplay-base( 2727): [mdns:813] mdns start bind port:5353
11-29 03:16:13.838 D/hpplay-base( 2727): [mdns:813] mdns start bind port:5353
11-29 03:16:13.839 D/hpplay-base( 2727): [mdns:813] mdns start bind port:5353
11-29 03:16:13.839 D/hpplay-base( 2727): [mdns:813] mdns start bind port:5353
11-29 03:16:13.839 D/hpplay-base( 2727): [mdns:813] mdns start bind port:5353
11-29 03:16:13.839 D/hpplay-base( 2727): [mdns:813] mdns start bind port:5353
11-29 03:16:13.840 D/hpplay-base( 2727): [mdns:813] mdns start bind port:5353
11-29 03:16:13.840 I/hpplay-base( 2727): [mDNSEmbeded:57] embedded_mDNSInit stopmDNSNow:0 status:0
11-29 03:16:13.840 D/hpplay-base( 2727): [mDNSEmbeded:436] startmDNSServer end nRet=0
11-29 03:16:13.840 D/hpplay-base( 2727): [LelinkBase:555] lelink broadcast_on_off:1 log2java_on_off:1
11-29 03:16:13.841 D/hpplay-base( 2727): [AEventUtils:595] request to start event handle service!!
11-29 03:16:13.841 D/hpplay-base( 2727): [mDNSEmbeded:197] http_port bind check 197 http_port_check
11-29 03:16:13.841 I/hpplay-base( 2727): [mDNSEmbeded:268] start lelink publish server, tid is 5310
11-29 03:16:13.841 D/hpplay-base( 2727): [LelinkMDNS:729] leboAuthorizationCheck strUuid=46:9b:5c:c6:13:95000000000000000
11-29 03:16:13.842 D/hpplay-base( 2727): [LelinkMDNS:730] leboAuthorizationCheck mPermissionDid=46:9b:5c:c6:13:95000000000000000
11-29 03:16:13.842 D/hpplay-base( 2727): [AEventUtils:603] start_event_handle_service,begin to run!!
11-29 03:16:13.842 D/hpplay-base( 2727): [LelinkMDNS:755] leboAuthorizationCheck mPermissionMac=46:9b:5c:c6:13:95000000000000000
11-29 03:16:13.842 D/hpplay-base( 2727): [AEventUtils:171] create handle AEvent thread ok!!,tid is 5313
11-29 03:16:13.842 D/hpplay-base( 2727): [REventUtils:210] start_event_handle_service,begin to run!!
11-29 03:16:13.842 D/hpplay-base( 2727): [LelinkBase:576] startAllServer success .
11-29 03:16:13.843 D/hpplay-base( 2727): [mDNSEmbeded:217] http_port bind check 217 http_port_check
11-29 03:16:13.843 D/hpplay-base( 2727): [mDNSEmbeded:222] http_port bind check 222 http_port_check
11-29 03:16:13.843 D/hpplay-base( 2727): [jniBridge:894] startDlna_link:http://10.1.1.100:49152/description.xml
11-29 03:16:13.843 D/hpplay-base( 2727): [jniBridge:1081] notifyJavaDlnalink:http://10.1.1.100:49152/description.xml
11-29 03:16:13.843 D/hpplay-base( 2727): [jniBridge:1726] notifyJava, what:207, castType:0, mimeType:0 baseStatus:2
11-29 03:16:13.843 D/hpplay-base( 2727): [jniBridge:1727] notifyJava sessionID:(null)
11-29 03:16:13.844 I/hpplay-java( 2727): [Thread-119]:Bridge:notify: what: 207
11-29 03:16:13.845 D/hpplay-base( 2727): [mDNSEmbeded:234] http_port bind check 234 http_port_check port:52266
11-29 03:16:13.845 D/hpplay-base( 2727): [mDNSEmbeded:237] http_port bind check 237 http_port_check
11-29 03:16:13.846 I/hpplay-java( 2727): [Thread-119]:Bridge:notify: out: OutParameters:{audioSessionId=-1, audiotrackIndex=0, castHandleType=-1, castType=0, deviceName='http://10.1.1.100:49152/description.xml', dlnaName='', dramaID='', extra=0, frameHandleType=-1, handleInside=true, headduration=0, header='', headers=null, isAD=false, isMultiMirror=false, lelinkVer='', limitTime=0, , mediaAlbum='null', mediaAlbumArtURI='', mediaArtist='null', mediaAssets='', mediaTitle='null', mimeType=0, multiSession=null, period=0, pinCode='', playSpeed=0.0, playerChoice=0, plugin=0, port=0, position=0.0, positionUnit=2, protocol=0, realSessionID='', regType='', , sinkIp='', sourceAPPVersion='', sourceChannel='', sourceClientInfo='', sourceDeviceInfo='', sourceDeviceModel='', sourceDeviceName='', sourceDeviceType=0, sourceHID='', , sourceInfo='', , , sourceOSVersion='', sourceSDKVersion='', sourceUid='', stopDetail=0, stopReason=0, tailduration=0, url='', urlID='', urls=null, userAgent='', videoDecoder=0, volume=0, what=207}com.hpplay.sdk.sink.protocol.OutParameters@5f56635
11-29 03:16:13.846 I/hpplay-java( 2727): [Thread-119]:Bridge:notify: address:10410698
11-29 03:16:13.846 D/hpplay-base( 2727): [REventUtils:59] create handleREventThread thread ok!!,tid is 5314
11-29 03:16:13.847 D/hpplay-base( 2727): [lelinkSinkServer:93] new client connection from 127.0.0.1 59595, fd=157
11-29 03:16:13.847 D/hpplay-base( 2727): [SinkContext:137] addSinkContextSession,begin to run!!
11-29 03:16:13.847 D/hpplay-base( 2727): [SinkContext:142] addSinkContextSession,begin to get lock!!
11-29 03:16:13.847 D/hpplay-base( 2727): [SinkContext:144] addSinkContextSession,get lock ok!!
11-29 03:16:13.847 D/hpplay-base( 2727): [SinkContext:149] addSinkContextSession,session list is null,begin to malloc!!
11-29 03:16:13.847 D/hpplay-base( 2727): [SinkContext:156] addSinkContextSession,begin to update!!
11-29 03:16:13.847 D/hpplay-base( 2727): [SinkContext:160] addSinkContextSession,begin to update header!!
11-29 03:16:13.847 D/hpplay-base( 2727): [SinkContext:172] addSinkContextSession,begin to unlock!!
11-29 03:16:13.847 D/hpplay-base( 2727): [SinkContext:174] addSinkContextSession,unlock ok!!
11-29 03:16:13.847 D/hpplay-base( 2727): [LelinkReceiver:4908] get ping !!!
11-29 03:16:13.847 D/hpplay-base( 2727): [mDNSEmbeded:240] http_port bind check 240 http_port_check recieved:64
11-29 03:16:13.847 D/hpplay-base( 2727): [mDNSEmbeded:243] http_port bind check 243 http_port_check
11-29 03:16:13.847 D/hpplay-base( 2727): [mDNSEmbeded:244] http_port bind check ok!
11-29 03:16:13.875 I/mpu_uart( 647): [MSG-P:RECV]:No message received in 1000 ms
11-29 03:16:13.907 I/auditd ( 0): type=1400 audit(0.0:376): avc: denied { kill } for comm="swapper/1" capability=5 scontext=u:r:kernel:s0 tcontext=u:r:kernel:s0 tclass=capability permissive=0
11-29 03:16:13.907 W/swapper/1( 0): type=1400 audit(0.0:376): avc: denied { kill } for capability=5 scontext=u:r:kernel:s0 tcontext=u:r:kernel:s0 tclass=capability permissive=0
11-29 03:16:14.048 I/hpplay-base( 2727): [LelinkReceiver:14605] _connectionFinalize (157)
11-29 03:16:14.048 D/hpplay-base( 2727): [LelinkReceiver:14752] ###connectionFinalize,release ok!!###
11-29 03:16:14.099 D/hpplay-base( 2727): [LelinkMDNS:766] devicePermissionPublic leboPermissionCheck:-2
11-29 03:16:14.099 D/hpplay-base( 2727): [jniBridge:1125] com_hpplay_sdk_sink_protocol_Bridge_WHAT_SERVER_ERROR
11-29 03:16:14.099 D/hpplay-base( 2727): [jniBridge:1726] notifyJava, what:204, castType:0, mimeType:0 baseStatus:2
11-29 03:16:14.099 D/hpplay-base( 2727): [jniBridge:1727] notifyJava sessionID:(null)
11-29 03:16:14.100 I/hpplay-java( 2727): [Thread-120]:Bridge:notify: what: 204
11-29 03:16:14.101 I/hpplay-java( 2727): [Thread-120]:Bridge:notify: out: OutParameters:{audioSessionId=-1, audiotrackIndex=0, castHandleType=-1, castType=0, deviceName='', dlnaName='', dramaID='', extra=-2002, frameHandleType=-1, handleInside=true, headduration=0, header='', headers=null, isAD=false, isMultiMirror=false, lelinkVer='', limitTime=0, , mediaAlbum='null', mediaAlbumArtURI='', mediaArtist='null', mediaAssets='', mediaTitle='null', mimeType=0, multiSession=null, period=0, pinCode='', playSpeed=0.0, playerChoice=0, plugin=0, port=0, position=0.0, positionUnit=2, protocol=0, realSessionID='', regType='', , sinkIp='', sourceAPPVersion='', sourceChannel='', sourceClientInfo='', sourceDeviceInfo='', sourceDeviceModel='', sourceDeviceName='', sourceDeviceType=0, sourceHID='', , sourceInfo='', , , sourceOSVersion='', sourceSDKVersion='', sourceUid='', stopDetail=0, stopReason=0, tailduration=0, url='', urlID='', urls=null, userAgent='', videoDecoder=0, volume=0, what=204}com.hpplay.sdk.sink.protocol.OutParameters@c88e43b
11-29 03:16:14.101 I/hpplay-java( 2727): [Thread-120]:Bridge:notify: address:209016664
11-29 03:16:14.101 I/hpplay-base( 2727): [mDNSEmbeded:79] embedded_mDNSLoop stopmDNSNow:0 nPublish:-2 nExitFlag:6 tid is 5309
11-29 03:16:14.101 I/hpplay-java( 2727): [main]:Bridge:findServiceID start out: 209016664
11-29 03:16:14.101 I/hpplay-java( 2727): [main]:Bridge:findServiceID end
11-29 03:16:14.102 E/hpplay-java( 2727): [main]:ServerTaskManager:onError 204/-2002 com.hht.lebocast.LelinkHelper$e@d987030
11-29 03:16:14.102 I/hpplay-java( 2727): [main]:ServerTaskManager:cancelTimeOutCheck
11-29 03:16:14.103 W/hpplay-java( 2727): [main]:ServerTaskManager:onErrorDispatcher errorCode:-2002
11-29 03:16:14.103 I/hpplay-java( 2727): [main]:ServerTaskManager:onError retry later
11-29 03:16:14.109 W/hpplay-java( 2727): [AsyncTask #16]:HttpRequest:
11-29 03:16:14.111 W/hpplay-java( 2727): [AsyncTask #16]:HttpRequest:
11-29 03:16:14.112 W/hpplay-java( 2727): [AsyncTask #16]:HttpRequest:
11-29 03:16:14.875 I/mpu_uart( 647): [MSG-P:RECV]:No message received in 1000 ms
11-29 03:16:14.907 I/auditd ( 0): type=1400 audit(0.0:377): avc: denied { kill } for comm="swapper/1" capability=5 scontext=u:r:kernel:s0 tcontext=u:r:kernel:s0 tclass=capability permissive=0
11-29 03:16:14.907 W/swapper/1( 0): type=1400 audit(0.0:377): avc: denied { kill } for capability=5 scontext=u:r:kernel:s0 tcontext=u:r:kernel:s0 tclass=capability permissive=0
11-29 03:16:14.935 I/mpu_uart( 647): [MSG-P:R]:recv sync frame timeout
11-29 03:16:15.306 I/hpplay-java( 2727): [main]:Upgrade:upgrade not be allowed
11-29 03:16:15.580 W/hpplay-java( 2727): [AsyncTask #13]:HttpRequest:
11-29 03:16:15.581 D/NetworkMonitor/100( 2199): isDataStall: result=1, tcp packets received=0, latest tcp fail rate=-1, consecutive dns timeout count=47
11-29 03:16:15.581 D/NetworkMonitor/100( 2199): Suspecting data stall, reevaluate
11-29 03:16:15.581 D/ConnectivityService( 1496): Data stall detected with methods: 1
11-29 03:16:15.583 D/NetworkMonitor/100( 2199): Validation disabled.
11-29 03:16:15.583 W/hpplay-java( 2727): [AsyncTask #13]:HttpRequest:
11-29 03:16:15.586 W/hpplay-java( 2727): [AsyncTask #13]:HttpRequest:
11-29 03:16:15.589 D/ConnectivityService( 1496): [100 WIFI] validation passed
11-29 03:16:15.744 I/hpplay-java( 2727): [main]:ServerBusiness:get deviceCode:
11-29 03:16:15.744 W/hpplay-java( 2727): [main]:ServerBusiness:startDeviceService ignore,invalid deviceCode
11-29 03:16:15.876 I/mpu_uart( 647): [MSG-P:RECV]:No message received in 1000 ms
11-29 03:16:15.907 I/auditd ( 0): type=1400 audit(0.0:378): avc: denied { kill } for comm="swapper/1" capability=5 scontext=u:r:kernel:s0 tcontext=u:r:kernel:s0 tclass=capability permissive=0
11-29 03:16:15.907 W/swapper/1( 0): type=1400 audit(0.0:378): avc: denied { kill } for capability=5 scontext=u:r:kernel:s0 tcontext=u:r:kernel:s0 tclass=capability permissive=0
11-29 03:16:16.410 D/DhcpClient( 2199): Received packet: a6:ae:2b:52:e2:59 ACK: your new IP /10.1.1.102, netmask /255.255.255.0, gateways [/10.1.1.1] DNS servers: /10.1.1.1 , lease time 30
11-29 03:16:16.876 I/mpu_uart( 647): [MSG-P:RECV]:No message received in 1000 ms
11-29 03:16:16.907 I/auditd ( 0): type=1400 audit(0.0:379): avc: denied { kill } for comm="swapper/1" capability=5 scontext=u:r:kernel:s0 tcontext=u:r:kernel:s0 tclass=capability permissive=0
11-29 03:16:16.907 W/swapper/1( 0): type=1400 audit(0.0:379): avc: denied { kill } for capability=5 scontext=u:r:kernel:s0 tcontext=u:r:kernel:s0 tclass=capability permissive=0
11-29 03:16:17.103 I/hpplay-java( 2727): [main]:ServerTaskManager:restart by error
11-29 03:16:17.103 I/hpplay-java( 2727): [main]:ServerTaskManager:startServer
11-29 03:16:17.104 I/hpplay-java( 2727): [main]:ServerTaskManager:startServer add, reason: server is starting or running
11-29 03:16:17.104 I/hpplay-java( 2727): [main]:ServerTaskManager:addStopTask
11-29 03:16:17.104 I/hpplay-java( 2727): [main]:ServerTaskManager:addStartTask
11-29 03:16:17.104 I/hpplay-java( 2727): [main]:ServerTaskManager:exeTask stopServer
11-29 03:16:17.104 I/hpplay-java( 2727): [main]:Bridge:stopServer keepPush: false
11-29 03:16:17.104 D/hpplay-base( 2727): [jniBridge:909] Bridge__1stopServer status:2
11-29 03:16:17.105 D/hpplay-base( 2727): [LelinkBase:654] stopAllServer will start thread!
11-29 03:16:17.106 D/hpplay-base( 2727): [AEventUtils:588] handle AEvent thread end!!,tid is 5313
11-29 03:16:17.106 D/hpplay-base( 2727): [REventUtils:197] handleREventThread thread end!!,tid is 5314
11-29 03:16:17.106 I/hpplay-base( 2727): [mDNSEmbeded:65] embedded_mDNSExit call
11-29 03:16:17.171 D/hpplay-base( 2727): [stream_mirror_compat:1284] mirror stream begin to exit,server fd:70,thread_id:3261575616!!
11-29 03:16:17.171 D/hpplay-base( 2727): [stream_mirror_compat:1323] ##screen stream exit successfully!!##
11-29 03:16:17.251 D/hpplay-base( 2727): [Server:447] startHttpServer will END srv->serverType:0
11-29 03:16:17.252 D/hpplay-base( 2727): [Server:646] startHttpServer cond srv_shutdown:1 connectNummber:0
11-29 03:16:17.252 D/hpplay-base( 2727): [Server:669] startHttpServer wait cond END. srv_shutdown:1 connectNummber:0
11-29 03:16:17.252 D/hpplay-base( 2727): [Server:457] HttpServer END, tid is 5289
11-29 03:16:17.877 I/mpu_uart( 647): [MSG-P:RECV]:No message received in 1000 ms
11-29 03:16:17.907 I/auditd ( 0): type=1400 audit(0.0:380): avc: denied { kill } for comm="swapper/1" capability=5 scontext=u:r:kernel:s0 tcontext=u:r:kernel:s0 tclass=capability permissive=0
11-29 03:16:17.907 W/swapper/1( 0): type=1400 audit(0.0:380): avc: denied { kill } for capability=5 scontext=u:r:kernel:s0 tcontext=u:r:kernel:s0 tclass=capability permissive=0
11-29 03:16:17.938 I/mpu_uart( 647): [MSG-P:R]:recv sync frame timeout
11-29 03:16:18.024 I/hpplay-base( 2727): [mDNSEmbeded:140] embedded_mDNSLoop Exiting end,tid is 5309
11-29 03:16:18.024 D/hpplay-base( 2727): [mDNSEmbeded:452] stopmDNSServer end stopmDNSNow=2, nRet=0
11-29 03:16:18.127 D/DhcpClient( 2199): Received packet: 7a:8c:2b:1b:ff:be ACK: your new IP /10.1.1.110, netmask /255.255.255.0, gateways [/10.1.1.1] DNS servers: /10.1.1.1 , lease time 30
11-29 03:16:18.241 I/hpplay-base( 2727): [mDNSEmbeded:376] end lelink publish server, tid is 5310
11-29 03:16:18.241 D/hpplay-base( 2727): [mDNSEmbeded:420] stopmLelinkServer end nRet=0
11-29 03:16:18.241 D/hpplay-base( 2727): [LelinkBase:615] lebodlna stopServerThreadFunc dlnaEnable:1
11-29 03:16:18.242 D/hpplay-base-dlna( 2727): [lebodlna_api:49] stop DMR
11-29 03:16:18.242 D/hpplay-base-dlna( 2727): [lebodlna_api:344] m_pRender Release
11-29 03:16:18.302 D/hpplay-base-dlna( 2727): [UpnpDefine:867] DMRender release success
11-29 03:16:18.302 D/hpplay-base-dlna( 2727): [lebodlna_api:352] m_pAVT Release
11-29 03:16:18.302 D/hpplay-base-dlna( 2727): [lebodlna_api:360] m_pRCS Release
11-29 03:16:18.302 D/hpplay-base-dlna( 2727): [lebodlna_api:365] dmrender destroydmr
11-29 03:16:18.602 D/hpplay-base-dlna( 2727): [lebodlna-dlna_android:186] stopDLNA
11-29 03:16:18.602 D/hpplay-base-dlna( 2727): [lebodlna-dlna_android:189] dlnaservice destroy
11-29 03:16:18.602 D/hpplay-base-dlna( 2727): [lebodlna-dlna_android:49] dlnaservice Destroy 49 int CDlnaService::Destroy()
11-29 03:16:18.602 D/hpplay-base-dlna( 2727): [lebodlna-dlnaframe:245] dlnaservice Destroy 245 static ERROR_TYPE IDlnaFrame::DestroyDlnaFrame(IDlnaFrame *)
11-29 03:16:18.602 D/hpplay-base-dlna( 2727): [lebodlna-dlnaframe:179] dlnaservice Destroy 179 virtual void CDlnaFrame::Release()
11-29 03:16:18.602 D/hpplay-base-dlna( 2727): [lebodlna-dlnaframe:190] dlnaservice Destroy 190 virtual void CDlnaFrame::Release()
11-29 03:16:18.602 D/hpplay-base-dlna( 2727): [lebodlna-dlnaframe:192] dlnaservice Destroy 192 virtual void CDlnaFrame::Release()
11-29 03:16:18.602 D/hpplay-base-dlna( 2727): [lebodlna-dlnaframe:247] dlnaservice Destroy 247 static ERROR_TYPE IDlnaFrame::DestroyDlnaFrame(IDlnaFrame *)
11-29 03:16:18.602 D/hpplay-base-dlna( 2727): [lebodlna-dlnaframe:251] dlnaservice Destroy 251 static ERROR_TYPE IDlnaFrame::DestroyDlnaFrame(IDlnaFrame *)
11-29 03:16:18.606 E/hpplay-base-dlna( 2727): upnpapi.c:655::before gminiserver ThreadPoolShutdown
11-29 03:16:18.606 E/hpplay-base-dlna( 2727): ThreadPool.c:1047::on ThreadPoolShutdown tp->totalThreads:3
11-29 03:16:18.606 E/hpplay-base-dlna( 2727): ThreadPool.c:1047::on ThreadPoolShutdown tp->totalThreads:2
11-29 03:16:18.607 E/hpplay-base-dlna( 2727): ThreadPool.c:1047::on ThreadPoolShutdown tp->totalThreads:1
11-29 03:16:18.607 E/hpplay-base-dlna( 2727): ThreadPool.c:1056::after ThreadPoolShutdown
11-29 03:16:18.607 E/hpplay-base-dlna( 2727): ThreadPool.c:1057::ThreadPoolShutdown tp->totalThreads:0
11-29 03:16:18.607 E/hpplay-base-dlna( 2727): upnpapi.c:657::after gminiserver ThreadPoolShutdown
11-29 03:16:18.607 E/hpplay-base-dlna( 2727): upnpapi.c:659::before grecv ThreadPoolShutdown
11-29 03:16:18.608 E/hpplay-base-dlna( 2727): ThreadPool.c:1047::on ThreadPoolShutdown tp->totalThreads:12
11-29 03:16:18.608 E/hpplay-base-dlna( 2727): ThreadPool.c:1047::on ThreadPoolShutdown tp->totalThreads:9
11-29 03:16:18.609 E/hpplay-base-dlna( 2727): ThreadPool.c:1047::on ThreadPoolShutdown tp->totalThreads:8
11-29 03:16:18.609 E/hpplay-base-dlna( 2727): ThreadPool.c:1047::on ThreadPoolShutdown tp->totalThreads:7
11-29 03:16:18.610 E/hpplay-base-dlna( 2727): ThreadPool.c:1056::after ThreadPoolShutdown
11-29 03:16:18.610 E/hpplay-base-dlna( 2727): ThreadPool.c:1057::ThreadPoolShutdown tp->totalThreads:0
11-29 03:16:18.610 E/hpplay-base-dlna( 2727): upnpapi.c:661::after grecv ThreadPoolShutdown
11-29 03:16:18.610 E/hpplay-base-dlna( 2727): upnpapi.c:663::before gsend ThreadPoolShutdown
11-29 03:16:18.611 E/hpplay-base-dlna( 2727): ThreadPool.c:1047::on ThreadPoolShutdown tp->totalThreads:3
11-29 03:16:18.611 E/hpplay-base-dlna( 2727): ThreadPool.c:1047::on ThreadPoolShutdown tp->totalThreads:2
11-29 03:16:18.611 E/hpplay-base-dlna( 2727): ThreadPool.c:1047::on ThreadPoolShutdown tp->totalThreads:1
11-29 03:16:18.611 E/hpplay-base-dlna( 2727): ThreadPool.c:1056::after ThreadPoolShutdown
11-29 03:16:18.612 E/hpplay-base-dlna( 2727): ThreadPool.c:1057::ThreadPoolShutdown tp->totalThreads:0
11-29 03:16:18.612 E/hpplay-base-dlna( 2727): upnpapi.c:665::after gsend ThreadPoolShutdown
11-29 03:16:18.612 D/hpplay-base-dlna( 2727): [lebodlna-dlnaframe:253] dlnaservice Destroy 253 static ERROR_TYPE IDlnaFrame::DestroyDlnaFrame(IDlnaFrame *)
11-29 03:16:18.612 D/hpplay-base-dlna( 2727): [lebodlna-dlna_android:51] dlnaservice Destroy 51 int CDlnaService::Destroy()
11-29 03:16:18.612 D/hpplay-base-dlna( 2727): [lebodlna-dlna_android:194] stopDLNA end
11-29 03:16:18.877 I/mpu_uart( 647): [MSG-P:RECV]:No message received in 1000 ms
11-29 03:16:18.907 I/auditd ( 0): type=1400 audit(0.0:381): avc: denied { kill } for comm="swapper/1" capability=5 scontext=u:r:kernel:s0 tcontext=u:r:kernel:s0 tclass=capability permissive=0
11-29 03:16:18.907 W/swapper/1( 0): type=1400 audit(0.0:381): avc: denied { kill } for capability=5 scontext=u:r:kernel:s0 tcontext=u:r:kernel:s0 tclass=capability permissive=0
11-29 03:16:18.912 D/hpplay-base( 2727): [stream_mirror_compat:1489] request to stop screen stream session!!
11-29 03:16:18.912 D/hpplay-base( 2727): [AEventUtils:625] begin to stop event handle service!!
11-29 03:16:18.912 D/hpplay-base( 2727): [AEventUtils:628] stop event handle service ok!!
11-29 03:16:18.912 D/hpplay-base( 2727): [REventUtils:231] begin to stop report handle service!!
11-29 03:16:18.912 D/hpplay-base( 2727): [REventUtils:234] stop report handle service ok!!
11-29 03:16:18.913 D/hpplay-base( 2727): [lelinkSinkServer:711] HTTP Server stopSinkServer End .
11-29 03:16:18.913 D/hpplay-base( 2727): [jniBridge:1135] notifyJavaServerStoped
11-29 03:16:18.913 D/hpplay-base( 2727): [jniBridge:1726] notifyJava, what:202, castType:0, mimeType:0 baseStatus:4
11-29 03:16:18.913 D/hpplay-base( 2727): [jniBridge:1727] notifyJava sessionID:(null)
11-29 03:16:18.914 I/hpplay-java( 2727): [Thread-121]:Bridge:notify: what: 202
11-29 03:16:18.915 I/hpplay-java( 2727): [Thread-121]:Bridge:notify: out: OutParameters:{audioSessionId=-1, audiotrackIndex=0, castHandleType=-1, castType=0, deviceName='', dlnaName='', dramaID='', extra=0, frameHandleType=-1, handleInside=true, headduration=0, header='', headers=null, isAD=false, isMultiMirror=false, lelinkVer='', limitTime=0, , mediaAlbum='null', mediaAlbumArtURI='', mediaArtist='null', mediaAssets='', mediaTitle='null', mimeType=0, multiSession=null, period=0, pinCode='', playSpeed=0.0, playerChoice=0, plugin=0, port=0, position=0.0, positionUnit=2, protocol=0, realSessionID='', regType='', , sinkIp='', sourceAPPVersion='', sourceChannel='', sourceClientInfo='', sourceDeviceInfo='', sourceDeviceModel='', sourceDeviceName='', sourceDeviceType=0, sourceHID='', , sourceInfo='', , , sourceOSVersion='', sourceSDKVersion='', sourceUid='', stopDetail=0, stopReason=0, tailduration=0, url='', urlID='', urls=null, userAgent='', videoDecoder=0, volume=0, what=202}com.hpplay.sdk.sink.protocol.OutParameters@4a330b1
11-29 03:16:18.915 I/hpplay-java( 2727): [Thread-121]:Bridge:notify: address:204986774
11-29 03:16:18.916 D/hpplay-base( 2727): [LelinkBase:645] stopServerThreadFunc notifyJavaServerStoped!
11-29 03:16:18.916 I/hpplay-java( 2727): [main]:ServerTaskManager:startTimeOutCheck
11-29 03:16:18.916 I/hpplay-java( 2727): [main]:ServerBusiness:stopDaemonBusiness
11-29 03:16:18.916 I/hpplay-java( 2727): [main]:SinkDataReport:logout
11-29 03:16:18.917 I/hpplay-java( 2727): [main]:EPControl:release
