11-29 03:15:12.125 D/hpplay-base( 2727): [LelinkBase:463] bridgeInit mKeyPath =/data/user/0/com.hht.lebocast/files/hpplay/file
11-29 03:15:12.125 D/hpplay-base( 2727): [SinkContext:97] initSinkContext mPackagePath =/data/user/0/com.hht.lebocast
11-29 03:15:12.125 D/hpplay-base( 2727): [SinkContext:98] initSinkContext mKeyPath =/data/user/0/com.hht.lebocast/files/hpplay/file
11-29 03:15:12.125 D/hpplay-base( 2727): [jniBridge:478] Java_com_hpplay_sdk_sink_protocol_Bridge__1initServer end
11-29 03:15:12.125 D/hpplay-base( 2727): [jniBridge:869] Bridge__1startServer status:1
11-29 03:15:12.125 D/hpplay-base( 2727): [LelinkBase:492] startAllServer at base
11-29 03:15:12.125 D/hpplay-base( 2727): [lelinkSinkServer:152] httpPlugins_SetServerPort TYPE_SERVER_LELINK:52266
11-29 03:15:12.125 D/hpplay-base( 2727): [network.c:362] protocol bind host :10.1.1.100 port:52266 curent bind port:52266
11-29 03:15:12.125 D/hpplay-base( 2727): [lelinkSinkServer:681] HTTP Server real at:52266
11-29 03:15:12.126 D/hpplay-base( 2727): [lelinkSinkServer:644] Connected Service Type:0
11-29 03:15:12.126 D/hpplay-base( 2727): [ScreenStream:1285] current bind port:7100
11-29 03:15:12.126 I/hpplay-base( 2727): : (server.c.315) startServer listen_ing....:
11-29 03:15:12.126 D/hpplay-base( 2727): [Server:371] startHttpServer srv_sockets.used:1 nCurrentFd:66, tid is 4740
11-29 03:15:12.126 D/hpplay-base( 2727): [LelinkBase:515] startAllServer pBaseContext->config.dlnaEnable:1
11-29 03:15:12.126 D/hpplay-base( 2727): [lelinkDlna:324] addDMRCallback end
11-29 03:15:12.126 D/hpplay-base( 2727): [stream_mirror_compat:759] compat mirror stream begin to run,server fd:68,thread_id:3291443648!!
11-29 03:15:12.128 E/hpplay-base-dlna( 2727): miniserver.c:788::dlna_port(ipv4: 49152 ipv6:0)
11-29 03:15:12.180 D/hpplay-base-dlna( 2727): [lebodlna-dlnaframe:166] succeed to load lebodlnaplugin
11-29 03:15:12.180 D/hpplay-base-dlna( 2727): [lebodlna-dlnaframe:232] Succeed to load specified plugin:lebodlna_plugin
11-29 03:15:12.180 D/hpplay-base( 2727): [lelinkDlna:328] startDLNAServer ret=0
11-29 03:15:12.180 D/hpplay-base( 2727): [LelinkBase:531] startDLNAServer ret= 0
11-29 03:15:12.180 D/hpplay-base( 2727): [lelinkDlna:342] setDMRFriendlyName 高合娱乐副屏
11-29 03:15:12.180 D/hpplay-base-dlna( 2727): [lebodlna-dlna_android:136] setBroadcastTimeout mBroadcastTimeOut=66 status=3!
11-29 03:15:12.180 D/hpplay-base-dlna( 2727): [lebodlna_api:32] start DMR
11-29 03:15:12.180 D/hpplay-base-dlna( 2727): [UpnpDefine:434] RegisterDMRender invalid lelink info
11-29 03:15:12.180 D/hpplay-base-dlna( 2727): [UpnpDefine:467] DLNA DEFAULT_DESCRIPTION
11-29 03:15:12.184 E/hpplay-base-dlna( 2727): upnpapi.c:1078::Exiting RegisterRootDevice2 *Hnd =1, return value == 0
11-29 03:15:12.184 D/hpplay-base-dlna( 2727): [CUpnpDevice:41] Register Root Device 2:0
11-29 03:15:12.184 D/hpplay-base-dlna( 2727): [UpnpDefine:794] ESDMRender:Register success
11-29 03:15:12.184 D/hpplay-base-dlna( 2727): [lebodlna_api:41] sendBroadcast mBroadcastTimeOut=3
11-29 03:15:12.184 D/hpplay-base-dlna( 2727): [lebodlna_api:44] sendBroadcast timeout=66
11-29 03:15:12.245 D/hpplay-base( 2727): [lelinkDlna:361] startDLNADevice dlnaManufacturer:0 ret=0
11-29 03:15:12.245 D/hpplay-base( 2727): [LelinkBase:535] lelinkSetDlnaInfo ret= 0
11-29 03:15:12.245 D/hpplay-base( 2727): [LelinkBase:547] startAllServer pBaseContext->config.mDNSEnable:1
11-29 03:15:12.246 D/hpplay-base( 2727): [base_mdns:509] mdns net.hostname:
11-29 03:15:12.246 D/hpplay-base( 2727): [base_mdns:529] mdns namelabel:-00-80-0F-74-31-00
11-29 03:15:12.246 D/hpplay-base( 2727): [base_mdns:509] mdns net.hostname:
11-29 03:15:12.246 D/hpplay-base( 2727): [base_mdns:529] mdns namelabel:-00-80-0F-74-31-00
11-29 03:15:12.246 D/hpplay-base( 2727): [mdns:813] mdns start bind port:0
11-29 03:15:12.250 D/hpplay-base( 2727): [mdns:813] mdns start bind port:5353
11-29 03:15:12.250 D/hpplay-base( 2727): [mdns:813] mdns start bind port:5353
11-29 03:15:12.250 D/hpplay-base( 2727): [mdns:813] mdns start bind port:5353
11-29 03:15:12.250 D/hpplay-base( 2727): [mdns:813] mdns start bind port:5353
11-29 03:15:12.250 D/hpplay-base( 2727): [mdns:813] mdns start bind port:5353
11-29 03:15:12.251 D/hpplay-base( 2727): [mdns:813] mdns start bind port:5353
11-29 03:15:12.251 D/hpplay-base( 2727): [mdns:813] mdns start bind port:5353
11-29 03:15:12.251 I/hpplay-base( 2727): [mDNSEmbeded:57] embedded_mDNSInit stopmDNSNow:0 status:0
11-29 03:15:12.251 D/hpplay-base( 2727): [mDNSEmbeded:436] startmDNSServer end nRet=0
11-29 03:15:12.251 D/hpplay-base( 2727): [LelinkBase:555] lelink broadcast_on_off:1 log2java_on_off:1
11-29 03:15:12.251 D/hpplay-base( 2727): [LelinkMDNS:729] leboAuthorizationCheck strUuid=46:9b:5c:c6:13:95000000000000000
11-29 03:15:12.252 D/hpplay-base( 2727): [LelinkMDNS:730] leboAuthorizationCheck mPermissionDid=46:9b:5c:c6:13:95000000000000000
11-29 03:15:12.252 D/hpplay-base( 2727): [LelinkMDNS:755] leboAuthorizationCheck mPermissionMac=46:9b:5c:c6:13:95000000000000000
11-29 03:15:12.252 I/hpplay-base( 2727): [mDNSEmbeded:268] start lelink publish server, tid is 4761
11-29 03:15:12.252 D/hpplay-base( 2727): [mDNSEmbeded:197] http_port bind check 197 http_port_check
11-29 03:15:12.252 D/hpplay-base( 2727): [AEventUtils:595] request to start event handle service!!
11-29 03:15:12.252 D/hpplay-base( 2727): [AEventUtils:603] start_event_handle_service,begin to run!!
11-29 03:15:12.253 D/hpplay-base( 2727): [REventUtils:210] start_event_handle_service,begin to run!!
11-29 03:15:12.253 D/hpplay-base( 2727): [AEventUtils:171] create handle AEvent thread ok!!,tid is 4763
11-29 03:15:12.253 D/hpplay-base( 2727): [LelinkBase:576] startAllServer success .
11-29 03:15:12.253 D/hpplay-base( 2727): [REventUtils:59] create handleREventThread thread ok!!,tid is 4764
11-29 03:15:12.253 D/hpplay-base( 2727): [jniBridge:894] startDlna_link:http://10.1.1.100:49152/description.xml
11-29 03:15:12.254 D/hpplay-base( 2727): [mDNSEmbeded:217] http_port bind check 217 http_port_check
11-29 03:15:12.254 D/hpplay-base( 2727): [mDNSEmbeded:222] http_port bind check 222 http_port_check
11-29 03:15:12.257 D/hpplay-base( 2727): [mDNSEmbeded:234] http_port bind check 234 http_port_check port:52266
11-29 03:15:12.257 D/hpplay-base( 2727): [mDNSEmbeded:237] http_port bind check 237 http_port_check
11-29 03:15:12.257 D/hpplay-base( 2727): [jniBridge:1081] notifyJavaDlnalink:http://10.1.1.100:49152/description.xml
11-29 03:15:12.257 D/hpplay-base( 2727): [jniBridge:1726] notifyJava, what:207, castType:0, mimeType:0 baseStatus:2
11-29 03:15:12.257 D/hpplay-base( 2727): [jniBridge:1727] notifyJava sessionID:(null)
11-29 03:15:12.258 D/hpplay-base( 2727): [lelinkSinkServer:93] new client connection from 127.0.0.1 35531, fd=129
11-29 03:15:12.258 D/hpplay-base( 2727): [SinkContext:137] addSinkContextSession,begin to run!!
11-29 03:15:12.258 D/hpplay-base( 2727): [SinkContext:142] addSinkContextSession,begin to get lock!!
11-29 03:15:12.258 D/hpplay-base( 2727): [SinkContext:144] addSinkContextSession,get lock ok!!
11-29 03:15:12.258 D/hpplay-base( 2727): [SinkContext:149] addSinkContextSession,session list is null,begin to malloc!!
11-29 03:15:12.258 D/hpplay-base( 2727): [SinkContext:156] addSinkContextSession,begin to update!!
11-29 03:15:12.258 D/hpplay-base( 2727): [SinkContext:160] addSinkContextSession,begin to update header!!
11-29 03:15:12.258 D/hpplay-base( 2727): [SinkContext:172] addSinkContextSession,begin to unlock!!
11-29 03:15:12.258 D/hpplay-base( 2727): [SinkContext:174] addSinkContextSession,unlock ok!!
11-29 03:15:12.258 D/hpplay-base( 2727): [LelinkReceiver:4908] get ping !!!
11-29 03:15:12.258 I/hpplay-java( 2727): [Thread-63]:Bridge:notify: what: 207
11-29 03:15:12.258 D/hpplay-base( 2727): [mDNSEmbeded:240] http_port bind check 240 http_port_check recieved:64
11-29 03:15:12.258 D/hpplay-base( 2727): [mDNSEmbeded:243] http_port bind check 243 http_port_check
11-29 03:15:12.259 D/hpplay-base( 2727): [mDNSEmbeded:244] http_port bind check ok!
11-29 03:15:12.260 I/hpplay-java( 2727): [Thread-63]:Bridge:notify: out: OutParameters:{audioSessionId=-1, audiotrackIndex=0, castHandleType=-1, castType=0, deviceName='http://10.1.1.100:49152/description.xml', dlnaName='', dramaID='', extra=0, frameHandleType=-1, handleInside=true, headduration=0, header='', headers=null, isAD=false, isMultiMirror=false, lelinkVer='', limitTime=0, , mediaAlbum='null', mediaAlbumArtURI='', mediaArtist='null', mediaAssets='', mediaTitle='null', mimeType=0, multiSession=null, period=0, pinCode='', playSpeed=0.0, playerChoice=0, plugin=0, port=0, position=0.0, positionUnit=2, protocol=0, realSessionID='', regType='', , sinkIp='', sourceAPPVersion='', sourceChannel='', sourceClientInfo='', sourceDeviceInfo='', sourceDeviceModel='', sourceDeviceName='', sourceDeviceType=0, sourceHID='', , sourceInfo='', , , sourceOSVersion='', sourceSDKVersion='', sourceUid='', stopDetail=0, stopReason=0, tailduration=0, url='', urlID='', urls=null, userAgent='', videoDecoder=0, volume=0, what=207}com.hpplay.sdk.sink.protocol.OutParameters@48e9ce2
11-29 03:15:12.260 I/hpplay-java( 2727): [Thread-63]:Bridge:notify: address:223467635
11-29 03:15:12.288 D/hpplay-base( 2727): [LelinkMDNS:766] devicePermissionPublic leboPermissionCheck:-2
11-29 03:15:12.289 D/hpplay-base( 2727): [jniBridge:1125] com_hpplay_sdk_sink_protocol_Bridge_WHAT_SERVER_ERROR
11-29 03:15:12.289 D/hpplay-base( 2727): [jniBridge:1726] notifyJava, what:204, castType:0, mimeType:0 baseStatus:2
11-29 03:15:12.289 D/hpplay-base( 2727): [jniBridge:1727] notifyJava sessionID:(null)
11-29 03:15:12.289 I/hpplay-java( 2727): [Thread-64]:Bridge:notify: what: 204
11-29 03:15:12.291 I/hpplay-java( 2727): [Thread-64]:Bridge:notify: out: OutParameters:{audioSessionId=-1, audiotrackIndex=0, castHandleType=-1, castType=0, deviceName='', dlnaName='', dramaID='', extra=-2002, frameHandleType=-1, handleInside=true, headduration=0, header='', headers=null, isAD=false, isMultiMirror=false, lelinkVer='', limitTime=0, , mediaAlbum='null', mediaAlbumArtURI='', mediaArtist='null', mediaAssets='', mediaTitle='null', mimeType=0, multiSession=null, period=0, pinCode='', playSpeed=0.0, playerChoice=0, plugin=0, port=0, position=0.0, positionUnit=2, protocol=0, realSessionID='', regType='', , sinkIp='', sourceAPPVersion='', sourceChannel='', sourceClientInfo='', sourceDeviceInfo='', sourceDeviceModel='', sourceDeviceName='', sourceDeviceType=0, sourceHID='', , sourceInfo='', , , sourceOSVersion='', sourceSDKVersion='', sourceUid='', stopDetail=0, stopReason=0, tailduration=0, url='', urlID='', urls=null, userAgent='', videoDecoder=0, volume=0, what=204}com.hpplay.sdk.sink.protocol.OutParameters@7be6330
11-29 03:15:12.291 I/hpplay-java( 2727): [Thread-64]:Bridge:notify: address:90770345
11-29 03:15:12.291 I/hpplay-base( 2727): [mDNSEmbeded:79] embedded_mDNSLoop stopmDNSNow:0 nPublish:-2 nExitFlag:6 tid is 4760
11-29 03:15:12.291 I/hpplay-java( 2727): [main]:Bridge:findServiceID start out: 90770345
11-29 03:15:12.291 I/hpplay-java( 2727): [main]:Bridge:findServiceID end
11-29 03:15:12.292 E/hpplay-java( 2727): [main]:ServerTaskManager:onError 204/-2002 com.hht.lebocast.LelinkHelper$e@d987030
11-29 03:15:12.292 I/hpplay-java( 2727): [main]:ServerTaskManager:cancelTimeOutCheck
11-29 03:15:12.294 W/hpplay-java( 2727): [main]:ServerTaskManager:onErrorDispatcher errorCode:-2002
11-29 03:15:12.294 I/hpplay-java( 2727): [main]:ServerTaskManager:onError retry later
11-29 03:15:12.298 W/hpplay-java( 2727): [AsyncTask #27]:HttpRequest:
11-29 03:15:12.300 W/hpplay-java( 2727): [AsyncTask #27]:HttpRequest:
11-29 03:15:12.301 W/hpplay-java( 2727): [AsyncTask #27]:HttpRequest:
11-29 03:15:12.460 I/hpplay-base( 2727): [LelinkReceiver:14605] _connectionFinalize (129)
11-29 03:15:12.460 D/hpplay-base( 2727): [LelinkReceiver:14752] ###connectionFinalize,release ok!!###
11-29 03:15:12.845 I/mpu_uart( 647): [MSG-P:RECV]:No message received in 1000 ms
11-29 03:15:12.907 I/auditd ( 0): type=1400 audit(0.0:315): avc: denied { kill } for comm="swapper/3" capability=5 scontext=u:r:kernel:s0 tcontext=u:r:kernel:s0 tclass=capability permissive=0
11-29 03:15:12.907 W/swapper/3( 0): type=1400 audit(0.0:315): avc: denied { kill } for capability=5 scontext=u:r:kernel:s0 tcontext=u:r:kernel:s0 tclass=capability permissive=0
11-29 03:15:13.407 I/am_uid_idle( 1496): 10031
11-29 03:15:13.407 I/hpplay-java( 2727): [main]:Upgrade:upgrade not be allowed
11-29 03:15:13.845 I/mpu_uart( 647): [MSG-P:RECV]:No message received in 1000 ms
11-29 03:15:13.907 I/auditd ( 0): type=1400 audit(0.0:316): avc: denied { kill } for comm="swapper/3" capability=5 scontext=u:r:kernel:s0 tcontext=u:r:kernel:s0 tclass=capability permissive=0
11-29 03:15:13.907 W/swapper/3( 0): type=1400 audit(0.0:316): avc: denied { kill } for capability=5 scontext=u:r:kernel:s0 tcontext=u:r:kernel:s0 tclass=capability permissive=0
11-29 03:15:14.845 I/mpu_uart( 647): [MSG-P:RECV]:No message received in 1000 ms
11-29 03:15:14.879 I/mpu_uart( 647): [MSG-P:R]:recv sync frame timeout
11-29 03:15:14.907 I/auditd ( 0): type=1400 audit(0.0:317): avc: denied { kill } for comm="swapper/3" capability=5 scontext=u:r:kernel:s0 tcontext=u:r:kernel:s0 tclass=capability permissive=0
11-29 03:15:14.907 W/swapper/3( 0): type=1400 audit(0.0:317): avc: denied { kill } for capability=5 scontext=u:r:kernel:s0 tcontext=u:r:kernel:s0 tclass=capability permissive=0
11-29 03:15:15.295 I/hpplay-java( 2727): [main]:ServerTaskManager:restart by error
11-29 03:15:15.295 I/hpplay-java( 2727): [main]:ServerTaskManager:startServer
11-29 03:15:15.296 I/hpplay-java( 2727): [main]:ServerTaskManager:startServer add, reason: server is starting or running
11-29 03:15:15.296 I/hpplay-java( 2727): [main]:ServerTaskManager:addStopTask
11-29 03:15:15.296 I/hpplay-java( 2727): [main]:ServerTaskManager:addStartTask
11-29 03:15:15.296 I/hpplay-java( 2727): [main]:ServerTaskManager:exeTask stopServer
11-29 03:15:15.296 I/hpplay-java( 2727): [main]:Bridge:stopServer keepPush: false
11-29 03:15:15.296 D/hpplay-base( 2727): [jniBridge:909] Bridge__1stopServer status:2
11-29 03:15:15.297 D/hpplay-base( 2727): [LelinkBase:654] stopAllServer will start thread!
11-29 03:15:15.298 D/hpplay-base( 2727): [AEventUtils:588] handle AEvent thread end!!,tid is 4763
11-29 03:15:15.298 I/hpplay-base( 2727): [mDNSEmbeded:65] embedded_mDNSExit call
11-29 03:15:15.298 D/hpplay-base( 2727): [REventUtils:197] handleREventThread thread end!!,tid is 4764
11-29 03:15:15.332 D/hpplay-base( 2727): [stream_mirror_compat:1284] mirror stream begin to exit,server fd:68,thread_id:3291443648!!
11-29 03:15:15.333 D/hpplay-base( 2727): [stream_mirror_compat:1323] ##screen stream exit successfully!!##
11-29 03:15:15.457 I/hpplay-base( 2727): [mDNSEmbeded:140] embedded_mDNSLoop Exiting end,tid is 4760
11-29 03:15:15.457 D/hpplay-base( 2727): [mDNSEmbeded:452] stopmDNSServer end stopmDNSNow=2, nRet=0
11-29 03:15:15.461 D/hpplay-base( 2727): [Server:447] startHttpServer will END srv->serverType:0
11-29 03:15:15.461 D/hpplay-base( 2727): [Server:646] startHttpServer cond srv_shutdown:1 connectNummber:0
11-29 03:15:15.461 D/hpplay-base( 2727): [Server:669] startHttpServer wait cond END. srv_shutdown:1 connectNummber:0
11-29 03:15:15.461 D/hpplay-base( 2727): [Server:457] HttpServer END, tid is 4740
11-29 03:15:15.550 D/DhcpClient( 2199): Received packet: 66:25:0c:9d:55:97 ACK: your new IP /10.1.1.104, netmask /255.255.255.0, gateways [/10.1.1.1] DNS servers: /10.1.1.1 , lease time 30
11-29 03:15:15.749 I/hpplay-base( 2727): [mDNSEmbeded:376] end lelink publish server, tid is 4761
11-29 03:15:15.750 D/hpplay-base( 2727): [mDNSEmbeded:420] stopmLelinkServer end nRet=0
11-29 03:15:15.750 D/hpplay-base( 2727): [LelinkBase:615] lebodlna stopServerThreadFunc dlnaEnable:1
11-29 03:15:15.750 D/hpplay-base-dlna( 2727): [lebodlna_api:49] stop DMR
11-29 03:15:15.750 D/hpplay-base-dlna( 2727): [lebodlna_api:344] m_pRender Release
11-29 03:15:15.777 I/am_uid_idle( 1496): 10020
11-29 03:15:15.806 D/hpplay-base-dlna( 2727): [UpnpDefine:867] DMRender release success
11-29 03:15:15.806 D/hpplay-base-dlna( 2727): [lebodlna_api:352] m_pAVT Release
11-29 03:15:15.806 D/hpplay-base-dlna( 2727): [lebodlna_api:360] m_pRCS Release
11-29 03:15:15.806 D/hpplay-base-dlna( 2727): [lebodlna_api:365] dmrender destroydmr
11-29 03:15:15.845 I/mpu_uart( 647): [MSG-P:RECV]:No message received in 1000 ms
11-29 03:15:15.907 I/auditd ( 0): type=1400 audit(0.0:318): avc: denied { kill } for comm="swapper/3" capability=5 scontext=u:r:kernel:s0 tcontext=u:r:kernel:s0 tclass=capability permissive=0
11-29 03:15:15.907 W/swapper/3( 0): type=1400 audit(0.0:318): avc: denied { kill } for capability=5 scontext=u:r:kernel:s0 tcontext=u:r:kernel:s0 tclass=capability permissive=0
11-29 03:15:16.017 I/am_uid_idle( 1496): 10064
11-29 03:15:16.068 W/hpplay-java( 2727): [AsyncTask #16]:HttpRequest:
11-29 03:15:16.069 D/NetworkMonitor/100( 2199): isDataStall: result=1, tcp packets received=0, latest tcp fail rate=-1, consecutive dns timeout count=26
11-29 03:15:16.069 D/NetworkMonitor/100( 2199): Suspecting data stall, reevaluate
11-29 03:15:16.071 W/hpplay-java( 2727): [AsyncTask #16]:HttpRequest:
11-29 03:15:16.071 D/ConnectivityService( 1496): Data stall detected with methods: 1
11-29 03:15:16.071 D/NetworkMonitor/100( 2199): Validation disabled.
11-29 03:15:16.072 W/hpplay-java( 2727): [AsyncTask #16]:HttpRequest:
11-29 03:15:16.074 W/hpplay-java( 2727): [AsyncTask #28]:HttpRequest:
11-29 03:15:16.075 W/hpplay-java( 2727): [AsyncTask #28]:HttpRequest:
11-29 03:15:16.076 W/hpplay-java( 2727): [AsyncTask #17]:HttpRequest:
11-29 03:15:16.077 W/hpplay-java( 2727): [AsyncTask #28]:HttpRequest:
11-29 03:15:16.078 D/ConnectivityService( 1496): [100 WIFI] validation passed
11-29 03:15:16.078 W/hpplay-java( 2727): [AsyncTask #17]:HttpRequest:
11-29 03:15:16.080 W/hpplay-java( 2727): [AsyncTask #17]:HttpRequest:
11-29 03:15:16.107 D/hpplay-base-dlna( 2727): [lebodlna-dlna_android:186] stopDLNA
11-29 03:15:16.107 I/am_uid_idle( 1496): 10068
11-29 03:15:16.107 D/hpplay-base-dlna( 2727): [lebodlna-dlna_android:189] dlnaservice destroy
11-29 03:15:16.107 D/hpplay-base-dlna( 2727): [lebodlna-dlna_android:49] dlnaservice Destroy 49 int CDlnaService::Destroy()
11-29 03:15:16.107 D/hpplay-base-dlna( 2727): [lebodlna-dlnaframe:245] dlnaservice Destroy 245 static ERROR_TYPE IDlnaFrame::DestroyDlnaFrame(IDlnaFrame *)
11-29 03:15:16.107 D/hpplay-base-dlna( 2727): [lebodlna-dlnaframe:179] dlnaservice Destroy 179 virtual void CDlnaFrame::Release()
11-29 03:15:16.107 D/hpplay-base-dlna( 2727): [lebodlna-dlnaframe:190] dlnaservice Destroy 190 virtual void CDlnaFrame::Release()
11-29 03:15:16.107 D/hpplay-base-dlna( 2727): [lebodlna-dlnaframe:192] dlnaservice Destroy 192 virtual void CDlnaFrame::Release()
11-29 03:15:16.107 D/hpplay-base-dlna( 2727): [lebodlna-dlnaframe:247] dlnaservice Destroy 247 static ERROR_TYPE IDlnaFrame::DestroyDlnaFrame(IDlnaFrame *)
11-29 03:15:16.107 D/hpplay-base-dlna( 2727): [lebodlna-dlnaframe:251] dlnaservice Destroy 251 static ERROR_TYPE IDlnaFrame::DestroyDlnaFrame(IDlnaFrame *)
11-29 03:15:16.109 E/hpplay-base-dlna( 2727): upnpapi.c:655::before gminiserver ThreadPoolShutdown
11-29 03:15:16.110 E/hpplay-base-dlna( 2727): ThreadPool.c:1047::on ThreadPoolShutdown tp->totalThreads:3
11-29 03:15:16.110 E/hpplay-base-dlna( 2727): ThreadPool.c:1056::after ThreadPoolShutdown
11-29 03:15:16.110 E/hpplay-base-dlna( 2727): ThreadPool.c:1057::ThreadPoolShutdown tp->totalThreads:0
11-29 03:15:16.110 E/hpplay-base-dlna( 2727): upnpapi.c:657::after gminiserver ThreadPoolShutdown
11-29 03:15:16.110 E/hpplay-base-dlna( 2727): upnpapi.c:659::before grecv ThreadPoolShutdown
11-29 03:15:16.111 E/hpplay-base-dlna( 2727): ThreadPool.c:1047::on ThreadPoolShutdown tp->totalThreads:12
11-29 03:15:16.112 E/hpplay-base-dlna( 2727): ThreadPool.c:1047::on ThreadPoolShutdown tp->totalThreads:2
11-29 03:15:16.112 E/hpplay-base-dlna( 2727): ThreadPool.c:1056::after ThreadPoolShutdown
11-29 03:15:16.112 E/hpplay-base-dlna( 2727): ThreadPool.c:1057::ThreadPoolShutdown tp->totalThreads:0
11-29 03:15:16.112 E/hpplay-base-dlna( 2727): upnpapi.c:661::after grecv ThreadPoolShutdown
11-29 03:15:16.112 E/hpplay-base-dlna( 2727): upnpapi.c:663::before gsend ThreadPoolShutdown
11-29 03:15:16.113 E/hpplay-base-dlna( 2727): ThreadPool.c:1047::on ThreadPoolShutdown tp->totalThreads:3
11-29 03:15:16.113 E/hpplay-base-dlna( 2727): ThreadPool.c:1056::after ThreadPoolShutdown
11-29 03:15:16.113 E/hpplay-base-dlna( 2727): ThreadPool.c:1057::ThreadPoolShutdown tp->totalThreads:0
11-29 03:15:16.113 E/hpplay-base-dlna( 2727): upnpapi.c:665::after gsend ThreadPoolShutdown
11-29 03:15:16.113 D/hpplay-base-dlna( 2727): [lebodlna-dlnaframe:253] dlnaservice Destroy 253 static ERROR_TYPE IDlnaFrame::DestroyDlnaFrame(IDlnaFrame *)
11-29 03:15:16.113 D/hpplay-base-dlna( 2727): [lebodlna-dlna_android:51] dlnaservice Destroy 51 int CDlnaService::Destroy()
11-29 03:15:16.113 D/hpplay-base-dlna( 2727): [lebodlna-dlna_android:194] stopDLNA end
11-29 03:15:16.346 I/am_uid_idle( 1496): 10035
11-29 03:15:16.414 D/hpplay-base( 2727): [stream_mirror_compat:1489] request to stop screen stream session!!
11-29 03:15:16.414 D/hpplay-base( 2727): [AEventUtils:625] begin to stop event handle service!!
11-29 03:15:16.414 D/hpplay-base( 2727): [AEventUtils:628] stop event handle service ok!!
11-29 03:15:16.414 D/hpplay-base( 2727): [REventUtils:231] begin to stop report handle service!!
11-29 03:15:16.414 D/hpplay-base( 2727): [REventUtils:234] stop report handle service ok!!
11-29 03:15:16.414 D/hpplay-base( 2727): [lelinkSinkServer:711] HTTP Server stopSinkServer End .
11-29 03:15:16.414 D/hpplay-base( 2727): [jniBridge:1135] notifyJavaServerStoped
11-29 03:15:16.414 D/hpplay-base( 2727): [jniBridge:1726] notifyJava, what:202, castType:0, mimeType:0 baseStatus:4
11-29 03:15:16.414 D/hpplay-base( 2727): [jniBridge:1727] notifyJava sessionID:(null)
11-29 03:15:16.416 I/hpplay-java( 2727): [Thread-65]:Bridge:notify: what: 202
11-29 03:15:16.417 I/hpplay-java( 2727): [Thread-65]:Bridge:notify: out: OutParameters:{audioSessionId=-1, audiotrackIndex=0, castHandleType=-1, castType=0, deviceName='', dlnaName='', dramaID='', extra=0, frameHandleType=-1, handleInside=true, headduration=0, header='', headers=null, isAD=false, isMultiMirror=false, lelinkVer='', limitTime=0, , mediaAlbum='null', mediaAlbumArtURI='', mediaArtist='null', mediaAssets='', mediaTitle='null', mimeType=0, multiSession=null, period=0, pinCode='', playSpeed=0.0, playerChoice=0, plugin=0, port=0, position=0.0, positionUnit=2, protocol=0, realSessionID='', regType='', , sinkIp='', sourceAPPVersion='', sourceChannel='', sourceClientInfo='', sourceDeviceInfo='', sourceDeviceModel='', sourceDeviceName='', sourceDeviceType=0, sourceHID='', , sourceInfo='', , , sourceOSVersion='', sourceSDKVersion='', sourceUid='', stopDetail=0, stopReason=0, tailduration=0, url='', urlID='', urls=null, userAgent='', videoDecoder=0, volume=0, what=202}com.hpplay.sdk.sink.protocol.OutParameters@cfda52e
11-29 03:15:16.417 I/hpplay-java( 2727): [Thread-65]:Bridge:notify: address:266832079
11-29 03:15:16.418 D/hpplay-base( 2727): [LelinkBase:645] stopServerThreadFunc notifyJavaServerStoped!
11-29 03:15:16.418 I/hpplay-java( 2727): [main]:ServerTaskManager:startTimeOutCheck
11-29 03:15:16.419 I/hpplay-java( 2727): [main]:ServerBusiness:stopDaemonBusiness
11-29 03:15:16.419 I/hpplay-java( 2727): [main]:SinkDataReport:logout
11-29 03:15:16.420 I/hpplay-java( 2727): [main]:EPControl:release
11-29 03:15:16.422 I/hpplay-java( 2727): [AsyncTask #5]:GlideCreator:clearCache clearDiskCache
11-29 03:15:16.423 W/hpplay-java( 2727): [AsyncTask #22]:HttpRequest:
11-29 03:15:16.424 I/hpplay-java( 2727): [main]:Dispatcher:notifyAllReverseControlsStop
11-29 03:15:16.424 I/hpplay-java( 2727): [main]:Preference:checkFeature none
11-29 03:15:16.424 I/hpplay-java( 2727): [main]:Dispatcher:notifyAllUIControlsStop set: []
11-29 03:15:16.424 I/hpplay-java( 2727): [main]:Bridge:findServiceID start out: 266832079
11-29 03:15:16.424 I/hpplay-java( 2727): [main]:Bridge:findServiceID end
11-29 03:15:16.424 W/hpplay-java( 2727): [AsyncTask #22]:HttpRequest:
11-29 03:15:16.425 I/hpplay-java( 2727): [main]:ServerTaskManager:onStop retry:true
11-29 03:15:16.425 I/hpplay-java( 2727): [main]:ServerTaskManager:cancelTimeOutCheck
11-29 03:15:16.425 W/hpplay-java( 2727): NanoHTTPDServerRunnable:Communication with the client broken
11-29 03:15:16.425 W/hpplay-java( 2727): java.net.SocketException: Socket closed
11-29 03:15:16.425 W/hpplay-java( 2727): at java.net.PlainSocketImpl.socketAccept(PlainSocketImpl.java:213)
11-29 03:15:16.425 W/hpplay-java( 2727): at java.net.AbstractPlainSocketImpl.accept(AbstractPlainSocketImpl.java:451)
11-29 03:15:16.425 W/hpplay-java( 2727): at java.net.ServerSocket.implAccept(ServerSocket.java:547)
11-29 03:15:16.425 W/hpplay-java( 2727): at java.net.ServerSocket.accept(ServerSocket.java:515)
11-29 03:15:16.425 W/hpplay-java( 2727): at com.hpplay.nanohttpd.protocols.http.ServerRunnable.run(SourceFile:118)
11-29 03:15:16.425 W/hpplay-java( 2727): at java.lang.Thread.run(Thread.java:920)
11-29 03:15:16.426 I/hpplay-java( 2727): NanoHTTPDNanoHTTPD:server is stoped
11-29 03:15:16.426 W/hpplay-java( 2727): [AsyncTask #22]:HttpRequest:
11-29 03:15:16.426 I/hpplay-java( 2727): NanoHTTPDNanoHTTPD:clear obj
11-29 03:15:16.426 I/hpplay-java( 2727): [main]:IPManager:getActiveNets type: WIFI
11-29 03:15:16.426 I/hpplay-java( 2727): [main]:IPManager:getActiveNets eth0:false wifi:true mobile:false ap:false
11-29 03:15:16.426 I/hpplay-java( 2727): [main]:IPManager:getIPAddress IP_WLAN0
11-29 03:15:16.431 I/hpplay-java( 2727): [main]:IPManager:updateIPAddress getIPAddress: 192.168.4.16 name:vlan4
11-29 03:15:16.431 I/hpplay-java( 2727): [main]:IPManager:updateIPAddress getIPAddress: 10.1.1.100 name:wlan0
11-29 03:15:16.431 I/hpplay-java( 2727): [main]:IPManager:updateIPAddress getIPAddress: 192.168.8.16 name:vlan8
11-29 03:15:16.431 I/hpplay-java( 2727): [main]:IPManager:updateIPAddress getIPAddress: 192.168.11.16 name:vlan11
11-29 03:15:16.431 I/hpplay-java( 2727): [main]:IPManager:updateIPAddress getIPAddress: 192.168.0.16 name:vlan0
11-29 03:15:16.431 I/hpplay-java( 2727): [main]:IPManager:updateIPAddress getIPAddress: 192.168.2.16 name:vlan2
11-29 03:15:16.431 I/hpplay-java( 2727): [main]:IPManager:updateIPAddress getIPAddress: 192.168.1.16 name:vlan1
11-29 03:15:16.432 I/hpplay-java( 2727): [main]:ServerTaskManager:exeTask startServer
11-29 03:15:16.432 I/hpplay-java( 2727): [main]:ServerTaskManager:startTimeOutCheck
11-29 03:15:16.432 I/hpplay-java( 2727): [AsyncTask #12]:ServerBusiness:startDaemonBusiness
11-29 03:15:16.432 I/hpplay-java( 2727): [AsyncTask #7]:Bridge:assembleInParameters
11-29 03:15:16.433 I/hpplay-java( 2727): [AsyncTask #12]:TimeOutCheckUtil:addTask id:upgrade
11-29 03:15:16.433 I/hpplay-java( 2727): [AsyncTask #12]:TimeOutCheckUtil:addTask id:ijkupgrade
11-29 03:15:16.434 I/hpplay-java( 2727): [AsyncTask #7]:Bridge:createDeviceId deviceId:YTg6OWE6Mzc6NDA6OGE6NTU=
11-29 03:15:16.435 I/hpplay-java( 2727): NanoHTTPDNanoHTTPD:server is started
11-29 03:15:16.435 I/hpplay-java( 2727): [AsyncTask #7]:IPManager:getActiveNets type: WIFI
11-29 03:15:16.435 I/hpplay-java( 2727): [AsyncTask #7]:IPManager:getActiveNets eth0:false wifi:true mobile:false ap:false
11-29 03:15:16.435 I/hpplay-java( 2727): [AsyncTask #7]:IPManager:getIPAddress IP_WLAN0
11-29 03:15:16.435 I/hpplay-java( 2727): [AsyncTask #7]:Preference:checkFeature none
11-29 03:15:16.435 I/hpplay-java( 2727): [AsyncTask #7]:SWI:dlna tip
11-29 03:15:16.435 I/hpplay-java( 2727): [AsyncTask #7]:SWI:lefp tip
11-29 03:15:16.435 I/hpplay-java( 2727): [AsyncTask #7]:Bridge:assembleInParameters none alias name use device name: 高合娱乐副屏
11-29 03:15:16.436 I/hpplay-java( 2727): [AsyncTask #7]:Feature:isSendAdvertisement
11-29 03:15:16.436 I/hpplay-java( 2727): [AsyncTask #7]:Preference:checkFeature none
11-29 03:15:16.436 I/hpplay-java( 2727): [AsyncTask #7]:Preference:checkFeature none
11-29 03:15:16.436 I/hpplay-java( 2727): [AsyncTask #7]:Bridge:backupHpplayDat bakPath:
11-29 03:15:16.436 I/hpplay-java( 2727): [AsyncTask #7]:Bridge:path:/data/user/0/com.hht.lebocast/files/hpplay/file/happyplay.dat
11-29 03:15:16.436 I/hpplay-java( 2727): [AsyncTask #7]:Bridge:mAppId:21409
11-29 03:15:16.437 I/hpplay-java( 2727): [AsyncTask #7]:Bridge:mode:3
11-29 03:15:16.437 I/hpplay-java( 2727): [AsyncTask #7]:Bridge:type:1
11-29 03:15:16.437 I/hpplay-java( 2727): [AsyncTask #7]:Bridge:SN:
11-29 03:15:16.437 I/hpplay-java( 2727): [AsyncTask #7]:Preference:checkFeature none
11-29 03:15:16.437 I/hpplay-java( 2727): [AsyncTask #7]:Bridge:backPath:
11-29 03:15:16.437 I/hpplay-java( 2727): [AsyncTask #7]:DeviceUtil:getPermissionDid: 1
11-29 03:15:16.437 I/hpplay-java( 2727): [AsyncTask #7]:DeviceUtil:getPermissionDid: 1
11-29 03:15:16.437 I/hpplay-java( 2727): [AsyncTask #7]:Preference:checkFeature none
11-29 03:15:16.437 I/hpplay-java( 2727): [AsyncTask #7]:Preference:checkFeature none
11-29 03:15:16.438 I/hpplay-java( 2727): [AsyncTask #7]:Preference:checkFeature none
11-29 03:15:16.438 I/hpplay-java( 2727): [AsyncTask #7]:Preference:checkFeature none
11-29 03:15:16.438 I/hpplay-java( 2727): [AsyncTask #7]:Preference:checkFeature none
11-29 03:15:16.438 I/hpplay-java( 2727): [AsyncTask #7]:Preference:checkFeature none
11-29 03:15:16.444 W/hpplay-java( 2727): [AsyncTask #12]:ServerBusiness:startDaemonBusiness start LelinkHTTPD sucess 52288
11-29 03:15:16.457 W/hpplay-java( 2727): [AsyncTask #7]:DeviceUtils:getDomain create lb domain
11-29 03:15:16.458 I/hpplay-java( 2727): [AsyncTask #7]:Feature:getMirrorAudioVideoSync DISABLE
11-29 03:15:16.458 I/hpplay-java( 2727): [AsyncTask #7]:Feature:checkSupportRedirectOtherApp,no set redirect api
11-29 03:15:16.458 I/hpplay-java( 2727): [AsyncTask #7]:Feature:getRedirectSearchFlag,value: 0
11-29 03:15:16.459 I/hpplay-java( 2727): [AsyncTask #7]:Bridge:mIn: InParameters{appInfo='0', appKey='21409', authMode=0, authPwd='null', broadcastDirection=0, broadcastState=1, broadcastTimeout=3, buildType='release', cacheAVPath='/data/user/0/com.hht.lebocast/cache/hpplay/av', cachePhotoPath='/data/user/0/com.hht.lebocast/cache/hpplay/image', channel='LEBO-APK--60146-25915', desPath='', , deviceName='高合娱乐副屏', dlna=1, dlnaCompany='null', dlnaCompanyURL='null', dlnaDeviceDescribe='null', dlnaDeviceName='null', dlnaDeviceURL='null', dlnaLelinkSwitch=1, dlnaManufacturer=0, dlnaName='高合娱乐副屏', dlnaUPC='', dlnaUUID='9a3efe89-9f9c-4c03-5733-764c69fc85a9', domain='Lebo-figure-469b5cc61395', drainage=0, feature='6655', fps=60, height=1080, host='null', , keyPath='/data/user/0/com.hht.lebocast/files/hpplay/file', lelinkfp=1, lelinkfp2=0, logBaseState=1, logPath='/storage/emulated/0/com.hht.lebocast/sink/sdk/common', , mdnsEnable=1, mirrorSyncType=0, netCastVer='2.0', packageName='com.hht.lebocast', packagePath='/data/user/0/com.hht.lebocast', permissionDid='46:9b:5c:c6:13:95', permissionMode=3, permissionPreSN='', port=0, preemptMode=0, regType='_leboremote._tcp.', serverPorts=null, sockWaitTimeOut=45, teleControlPort=53388, tunnels=3, txtKeys=null, txtValues=null, uid='5246338120930115427', videoFrameType=1001, width=1920}com.hpplay.sdk.sink.protocol.InParameters@fdd4baf
11-29 03:15:16.459 I/hpplay-java( 2727): [main]:Bridge:startServer state: 0
11-29 03:15:16.459 D/hpplay-base( 2727): [jniBridge:185] not conference version
11-29 03:15:16.459 I/hpplay-base( 2727): [jniBridge:241] 1initServer nSettingWidth=1920 nSettingHeight=1080 nSettingMaxFPS=60 dlnaEnable=1 lelinkFpEnable=1
11-29 03:15:16.459 D/hpplay-base( 2727): [jniBridge:283] 1initServer cfg.leLinkIp=10.1.1.100
11-29 03:15:16.459 D/hpplay-base( 2727): [jniBridge:286] 1initServer cfg.mPermissionMode=3
11-29 03:15:16.459 D/hpplay-base( 2727): [jniBridge:304] 1initServer cfg.permissionDid=46:9b:5c:c6:13:95000000000000000
11-29 03:15:16.459 D/hpplay-base( 2727): [jniBridge:313] 1initServer cfg.mPermissionPreSN=00000000000000000000000000000000
11-29 03:15:16.459 D/hpplay-base( 2727): [jniBridge:317] Bridge___1initServer status:0
11-29 03:15:16.459 I/hpplay-base( 2727): [jniBridge:325] 1initServer cfg.feature=6655
11-29 03:15:16.460 D/hpplay-base( 2727): [jniBridge:377] 1initServer isSendBroadCast=3
11-29 03:15:16.460 D/hpplay-base( 2727): [jniBridge:380] 1initServer broadcastDirection=0
11-29 03:15:16.460 D/hpplay-base( 2727): [jniBridge:382] 1initServer ipBroadcast direction=0
11-29 03:15:16.460 D/hpplay-base( 2727): [jniBridge:387] 1initServer tunnel=3
11-29 03:15:16.460 D/hpplay-base( 2727): [jniBridge:390] 1initServer drainage=0
11-29 03:15:16.460 D/hpplay-base( 2727): [jniBridge:401] 1initServer mDNSEnable=1
11-29 03:15:16.460 D/hpplay-base( 2727): [jniBridge:406] 1initServer nSockWaitTimeOut=45
11-29 03:15:16.460 D/hpplay-base( 2727): [jniBridge:410] 1initServer nMirrorAudioVideoSync=0
11-29 03:15:16.460 I/hpplay-base( 2727): [sign_check:168] checkSign strPackageName:com.hht.lebocast
11-29 03:15:16.460 I/hpplay-base( 2727): [sign_check:169] checkSign buildType:release
11-29 03:15:16.460 I/hpplay-base( 2727): [sign_check:170] checkSign appKey:21409
11-29 03:15:16.460 D/hpplay-base( 2727): [LelinkBase:405] bridgeInit port: 0, lelinkfp: 0
11-29 03:15:16.460 D/hpplay-base( 2727): [LelinkBase:462] bridgeInit mPackagePath =/data/user/0/com.hht.lebocast
11-29 03:15:16.460 D/hpplay-base( 2727): [LelinkBase:463] bridgeInit mKeyPath =/data/user/0/com.hht.lebocast/files/hpplay/file
11-29 03:15:16.460 D/hpplay-base( 2727): [SinkContext:97] initSinkContext mPackagePath =/data/user/0/com.hht.lebocast
11-29 03:15:16.460 D/hpplay-base( 2727): [SinkContext:98] initSinkContext mKeyPath =/data/user/0/com.hht.lebocast/files/hpplay/file
11-29 03:15:16.460 D/hpplay-base( 2727): [jniBridge:478] Java_com_hpplay_sdk_sink_protocol_Bridge__1initServer end
11-29 03:15:16.460 D/hpplay-base( 2727): [jniBridge:869] Bridge__1startServer status:1
11-29 03:15:16.461 D/hpplay-base( 2727): [LelinkBase:492] startAllServer at base
11-29 03:15:16.461 D/hpplay-base( 2727): [lelinkSinkServer:152] httpPlugins_SetServerPort TYPE_SERVER_LELINK:52266
11-29 03:15:16.461 D/hpplay-base( 2727): [network.c:362] protocol bind host :10.1.1.100 port:52266 curent bind port:52266
11-29 03:15:16.461 D/hpplay-base( 2727): [lelinkSinkServer:681] HTTP Server real at:52266
11-29 03:15:16.461 D/hpplay-base( 2727): [lelinkSinkServer:644] Connected Service Type:0
11-29 03:15:16.461 I/hpplay-base( 2727): : (server.c.315) startServer listen_ing....:
11-29 03:15:16.461 D/hpplay-base( 2727): [Server:371] startHttpServer srv_sockets.used:1 nCurrentFd:66, tid is 4778
11-29 03:15:16.462 D/hpplay-base( 2727): [ScreenStream:1285] current bind port:7100
11-29 03:15:16.462 D/hpplay-base( 2727): [LelinkBase:515] startAllServer pBaseContext->config.dlnaEnable:1
11-29 03:15:16.462 D/hpplay-base( 2727): [lelinkDlna:324] addDMRCallback end
11-29 03:15:16.462 D/hpplay-base( 2727): [stream_mirror_compat:759] compat mirror stream begin to run,server fd:68,thread_id:3276673472!!
11-29 03:15:16.464 E/hpplay-base-dlna( 2727): miniserver.c:788::dlna_port(ipv4: 49152 ipv6:0)
11-29 03:15:16.465 D/hpplay-base-dlna( 2727): [lebodlna-dlnaframe:166] succeed to load lebodlnaplugin
11-29 03:15:16.465 D/hpplay-base-dlna( 2727): [lebodlna-dlnaframe:232] Succeed to load specified plugin:lebodlna_plugin
11-29 03:15:16.465 D/hpplay-base( 2727): [lelinkDlna:328] startDLNAServer ret=0
11-29 03:15:16.465 D/hpplay-base( 2727): [LelinkBase:531] startDLNAServer ret= 0
11-29 03:15:16.465 D/hpplay-base( 2727): [lelinkDlna:342] setDMRFriendlyName 高合娱乐副屏
11-29 03:15:16.465 D/hpplay-base-dlna( 2727): [lebodlna-dlna_android:136] setBroadcastTimeout mBroadcastTimeOut=66 status=3!
11-29 03:15:16.465 D/hpplay-base-dlna( 2727): [lebodlna_api:32] start DMR
11-29 03:15:16.466 D/hpplay-base-dlna( 2727): [UpnpDefine:434] RegisterDMRender invalid lelink info
11-29 03:15:16.466 D/hpplay-base-dlna( 2727): [UpnpDefine:467] DLNA DEFAULT_DESCRIPTION
11-29 03:15:16.468 E/hpplay-base-dlna( 2727): upnpapi.c:1078::Exiting RegisterRootDevice2 *Hnd =1, return value == 0
11-29 03:15:16.468 D/hpplay-base-dlna( 2727): [CUpnpDevice:41] Register Root Device 2:0
11-29 03:15:16.468 D/hpplay-base-dlna( 2727): [UpnpDefine:794] ESDMRender:Register success
11-29 03:15:16.468 D/hpplay-base-dlna( 2727): [lebodlna_api:41] sendBroadcast mBroadcastTimeOut=3
11-29 03:15:16.468 D/hpplay-base-dlna( 2727): [lebodlna_api:44] sendBroadcast timeout=66
11-29 03:15:16.481 I/am_uid_idle( 1496): 10090
11-29 03:15:16.527 D/hpplay-base( 2727): [lelinkDlna:361] startDLNADevice dlnaManufacturer:0 ret=0
11-29 03:15:16.528 D/hpplay-base( 2727): [LelinkBase:535] lelinkSetDlnaInfo ret= 0
11-29 03:15:16.528 D/hpplay-base( 2727): [LelinkBase:547] startAllServer pBaseContext->config.mDNSEnable:1
11-29 03:15:16.528 D/hpplay-base( 2727): [base_mdns:509] mdns net.hostname:
11-29 03:15:16.529 D/hpplay-base( 2727): [base_mdns:529] mdns namelabel:-00-80-0F-74-31-00
11-29 03:15:16.529 D/hpplay-base( 2727): [base_mdns:509] mdns net.hostname:
11-29 03:15:16.529 D/hpplay-base( 2727): [base_mdns:529] mdns namelabel:-00-80-0F-74-31-00
11-29 03:15:16.529 D/hpplay-base( 2727): [mdns:813] mdns start bind port:0
11-29 03:15:16.532 D/hpplay-base( 2727): [mdns:813] mdns start bind port:5353
11-29 03:15:16.532 D/hpplay-base( 2727): [mdns:813] mdns start bind port:5353
11-29 03:15:16.532 D/hpplay-base( 2727): [mdns:813] mdns start bind port:5353
11-29 03:15:16.533 D/hpplay-base( 2727): [mdns:813] mdns start bind port:5353
11-29 03:15:16.533 D/hpplay-base( 2727): [mdns:813] mdns start bind port:5353
11-29 03:15:16.533 D/hpplay-base( 2727): [mdns:813] mdns start bind port:5353
11-29 03:15:16.533 D/hpplay-base( 2727): [mdns:813] mdns start bind port:5353
11-29 03:15:16.534 I/hpplay-base( 2727): [mDNSEmbeded:57] embedded_mDNSInit stopmDNSNow:0 status:0
11-29 03:15:16.534 D/hpplay-base( 2727): [mDNSEmbeded:436] startmDNSServer end nRet=0
11-29 03:15:16.534 D/hpplay-base( 2727): [LelinkBase:555] lelink broadcast_on_off:1 log2java_on_off:1
11-29 03:15:16.534 D/hpplay-base( 2727): [LelinkMDNS:729] leboAuthorizationCheck strUuid=46:9b:5c:c6:13:95000000000000000
11-29 03:15:16.534 D/hpplay-base( 2727): [LelinkMDNS:730] leboAuthorizationCheck mPermissionDid=46:9b:5c:c6:13:95000000000000000
11-29 03:15:16.534 D/hpplay-base( 2727): [LelinkMDNS:755] leboAuthorizationCheck mPermissionMac=46:9b:5c:c6:13:95000000000000000
11-29 03:15:16.534 D/hpplay-base( 2727): [AEventUtils:595] request to start event handle service!!
11-29 03:15:16.534 D/hpplay-base( 2727): [AEventUtils:603] start_event_handle_service,begin to run!!
11-29 03:15:16.534 I/hpplay-base( 2727): [mDNSEmbeded:268] start lelink publish server, tid is 4799
11-29 03:15:16.535 D/hpplay-base( 2727): [mDNSEmbeded:197] http_port bind check 197 http_port_check
11-29 03:15:16.535 D/hpplay-base( 2727): [REventUtils:210] start_event_handle_service,begin to run!!
11-29 03:15:16.535 D/hpplay-base( 2727): [LelinkBase:576] startAllServer success .
11-29 03:15:16.535 D/hpplay-base( 2727): [jniBridge:894] startDlna_link:http://10.1.1.100:49152/description.xml
11-29 03:15:16.535 D/hpplay-base( 2727): [REventUtils:59] create handleREventThread thread ok!!,tid is 4802
11-29 03:15:16.536 D/hpplay-base( 2727): [AEventUtils:171] create handle AEvent thread ok!!,tid is 4801
11-29 03:15:16.536 D/hpplay-base( 2727): [jniBridge:1081] notifyJavaDlnalink:http://10.1.1.100:49152/description.xml
11-29 03:15:16.536 D/hpplay-base( 2727): [jniBridge:1726] notifyJava, what:207, castType:0, mimeType:0 baseStatus:2
11-29 03:15:16.536 D/hpplay-base( 2727): [jniBridge:1727] notifyJava sessionID:(null)
11-29 03:15:16.536 I/hpplay-java( 2727): [Thread-67]:Bridge:notify: what: 207
11-29 03:15:16.537 D/hpplay-base( 2727): [mDNSEmbeded:217] http_port bind check 217 http_port_check
11-29 03:15:16.537 D/hpplay-base( 2727): [mDNSEmbeded:222] http_port bind check 222 http_port_check
11-29 03:15:16.537 I/hpplay-java( 2727): [Thread-67]:Bridge:notify: out: OutParameters:{audioSessionId=-1, audiotrackIndex=0, castHandleType=-1, castType=0, deviceName='http://10.1.1.100:49152/description.xml', dlnaName='', dramaID='', extra=0, frameHandleType=-1, handleInside=true, headduration=0, header='', headers=null, isAD=false, isMultiMirror=false, lelinkVer='', limitTime=0, , mediaAlbum='null', mediaAlbumArtURI='', mediaArtist='null', mediaAssets='', mediaTitle='null', mimeType=0, multiSession=null, period=0, pinCode='', playSpeed=0.0, playerChoice=0, plugin=0, port=0, position=0.0, positionUnit=2, protocol=0, realSessionID='', regType='', , sinkIp='', sourceAPPVersion='', sourceChannel='', sourceClientInfo='', sourceDeviceInfo='', sourceDeviceModel='', sourceDeviceName='', sourceDeviceType=0, sourceHID='', , sourceInfo='', , , sourceOSVersion='', sourceSDKVersion='', sourceUid='', stopDetail=0, stopReason=0, tailduration=0, url='', urlID='', urls=null, userAgent='', videoDecoder=0, volume=0, what=207}com.hpplay.sdk.sink.protocol.OutParameters@5d5c2c7
11-29 03:15:16.537 I/hpplay-java( 2727): [Thread-67]:Bridge:notify: address:172409076
11-29 03:15:16.540 D/hpplay-base( 2727): [mDNSEmbeded:234] http_port bind check 234 http_port_check port:52266
11-29 03:15:16.540 D/hpplay-base( 2727): [mDNSEmbeded:237] http_port bind check 237 http_port_check
11-29 03:15:16.542 D/hpplay-base( 2727): [lelinkSinkServer:93] new client connection from 127.0.0.1 37579, fd=128
11-29 03:15:16.542 D/hpplay-base( 2727): [SinkContext:137] addSinkContextSession,begin to run!!
11-29 03:15:16.542 D/hpplay-base( 2727): [SinkContext:142] addSinkContextSession,begin to get lock!!
11-29 03:15:16.542 D/hpplay-base( 2727): [SinkContext:144] addSinkContextSession,get lock ok!!
11-29 03:15:16.542 D/hpplay-base( 2727): [SinkContext:149] addSinkContextSession,session list is null,begin to malloc!!
11-29 03:15:16.542 D/hpplay-base( 2727): [SinkContext:156] addSinkContextSession,begin to update!!
11-29 03:15:16.542 D/hpplay-base( 2727): [SinkContext:160] addSinkContextSession,begin to update header!!
11-29 03:15:16.542 D/hpplay-base( 2727): [SinkContext:172] addSinkContextSession,begin to unlock!!
11-29 03:15:16.542 D/hpplay-base( 2727): [SinkContext:174] addSinkContextSession,unlock ok!!
11-29 03:15:16.542 D/hpplay-base( 2727): [LelinkReceiver:4908] get ping !!!
11-29 03:15:16.543 D/hpplay-base( 2727): [mDNSEmbeded:240] http_port bind check 240 http_port_check recieved:64
11-29 03:15:16.543 D/hpplay-base( 2727): [mDNSEmbeded:243] http_port bind check 243 http_port_check
11-29 03:15:16.543 D/hpplay-base( 2727): [mDNSEmbeded:244] http_port bind check ok!
11-29 03:15:16.619 I/am_uid_idle( 1496): 10060
11-29 03:15:16.709 I/am_uid_idle( 1496): 10018
11-29 03:15:16.709 D/hpplay-base( 2727): [LelinkMDNS:766] devicePermissionPublic leboPermissionCheck:-2
11-29 03:15:16.709 D/hpplay-base( 2727): [jniBridge:1125] com_hpplay_sdk_sink_protocol_Bridge_WHAT_SERVER_ERROR
11-29 03:15:16.710 D/hpplay-base( 2727): [jniBridge:1726] notifyJava, what:204, castType:0, mimeType:0 baseStatus:2
11-29 03:15:16.710 D/hpplay-base( 2727): [jniBridge:1727] notifyJava sessionID:(null)
11-29 03:15:16.711 I/hpplay-java( 2727): [Thread-68]:Bridge:notify: what: 204
11-29 03:15:16.713 I/hpplay-java( 2727): [Thread-68]:Bridge:notify: out: OutParameters:{audioSessionId=-1, audiotrackIndex=0, castHandleType=-1, castType=0, deviceName='', dlnaName='', dramaID='', extra=-2002, frameHandleType=-1, handleInside=true, headduration=0, header='', headers=null, isAD=false, isMultiMirror=false, lelinkVer='', limitTime=0, , mediaAlbum='null', mediaAlbumArtURI='', mediaArtist='null', mediaAssets='', mediaTitle='null', mimeType=0, multiSession=null, period=0, pinCode='', playSpeed=0.0, playerChoice=0, plugin=0, port=0, position=0.0, positionUnit=2, protocol=0, realSessionID='', regType='', , sinkIp='', sourceAPPVersion='', sourceChannel='', sourceClientInfo='', sourceDeviceInfo='', sourceDeviceModel='', sourceDeviceName='', sourceDeviceType=0, sourceHID='', , sourceInfo='', , , sourceOSVersion='', sourceSDKVersion='', sourceUid='', stopDetail=0, stopReason=0, tailduration=0, url='', urlID='', urls=null, userAgent='', videoDecoder=0, volume=0, what=204}com.hpplay.sdk.sink.protocol.OutParameters@fa2b01d
11-29 03:15:16.713 I/hpplay-java( 2727): [Thread-68]:Bridge:notify: address:224133778
11-29 03:15:16.713 I/hpplay-base( 2727): [mDNSEmbeded:79] embedded_mDNSLoop stopmDNSNow:0 nPublish:-2 nExitFlag:6 tid is 4798
11-29 03:15:16.713 I/hpplay-java( 2727): [main]:Bridge:findServiceID start out: 224133778
11-29 03:15:16.713 I/hpplay-java( 2727): [main]:Bridge:findServiceID end
11-29 03:15:16.713 E/hpplay-java( 2727): [main]:ServerTaskManager:onError 204/-2002 com.hht.lebocast.LelinkHelper$e@d987030
11-29 03:15:16.713 I/hpplay-java( 2727): [main]:ServerTaskManager:cancelTimeOutCheck
11-29 03:15:16.714 W/hpplay-java( 2727): [main]:ServerTaskManager:onErrorDispatcher errorCode:-2002
11-29 03:15:16.714 I/hpplay-java( 2727): [main]:ServerTaskManager:onError retry later
11-29 03:15:16.718 W/hpplay-java( 2727): [AsyncTask #24]:HttpRequest:
11-29 03:15:16.720 W/hpplay-java( 2727): [AsyncTask #24]:HttpRequest:
11-29 03:15:16.721 W/hpplay-java( 2727): [AsyncTask #24]:HttpRequest:
11-29 03:15:16.744 I/hpplay-base( 2727): [LelinkReceiver:14605] _connectionFinalize (128)
11-29 03:15:16.744 D/hpplay-base( 2727): [LelinkReceiver:14752] ###connectionFinalize,release ok!!###
11-29 03:15:16.846 I/mpu_uart( 647): [MSG-P:RECV]:No message received in 1000 ms
11-29 03:15:16.907 I/auditd ( 0): type=1400 audit(0.0:319): avc: denied { kill } for comm="swapper/3" capability=5 scontext=u:r:kernel:s0 tcontext=u:r:kernel:s0 tclass=capability permissive=0
11-29 03:15:16.907 W/swapper/3( 0): type=1400 audit(0.0:319): avc: denied { kill } for capability=5 scontext=u:r:kernel:s0 tcontext=u:r:kernel:s0 tclass=capability permissive=0
11-29 03:15:16.984 I/am_uid_idle( 1496): 10028
11-29 03:15:17.111 I/am_uid_idle( 1496): 10022
11-29 03:15:17.142 I/am_uid_idle( 1496): 2000
11-29 03:15:17.708 D/DhcpClient( 2199): Received packet: 7a:8c:2b:1b:ff:be ACK: your new IP /10.1.1.110, netmask /255.255.255.0, gateways [/10.1.1.1] DNS servers: /10.1.1.1 , lease time 30
11-29 03:15:17.761 I/hpplay-java( 2727): [main]:Upgrade:upgrade not be allowed
11-29 03:15:17.846 I/mpu_uart( 647): [MSG-P:RECV]:No message received in 1000 ms
11-29 03:15:17.870 I/am_uid_idle( 1496): 10083
11-29 03:15:17.874 I/am_uid_idle( 1496): 10054
11-29 03:15:17.882 I/mpu_uart( 647): [MSG-P:R]:recv sync frame timeout
11-29 03:15:17.907 I/auditd ( 0): type=1400 audit(0.0:320): avc: denied { kill } for comm="swapper/3" capability=5 scontext=u:r:kernel:s0 tcontext=u:r:kernel:s0 tclass=capability permissive=0
11-29 03:15:17.907 W/swapper/3( 0): type=1400 audit(0.0:320): avc: denied { kill } for capability=5 scontext=u:r:kernel:s0 tcontext=u:r:kernel:s0 tclass=capability permissive=0
11-29 03:15:18.000 I/am_uid_idle( 1496): 10088
11-29 03:15:18.653 D/DhcpClient( 2199): Received packet: 66:25:0c:9d:55:97 ACK: your new IP /10.1.1.104, netmask /255.255.255.0, gateways [/10.1.1.1] DNS servers: /10.1.1.1 , lease time 30
11-29 03:15:18.846 I/mpu_uart( 647): [MSG-P:RECV]:No message received in 1000 ms
11-29 03:15:18.907 I/auditd ( 0): type=1400 audit(0.0:321): avc: denied { kill } for comm="swapper/3" capability=5 scontext=u:r:kernel:s0 tcontext=u:r:kernel:s0 tclass=capability permissive=0
11-29 03:15:18.907 W/swapper/3( 0): type=1400 audit(0.0:321): avc: denied { kill } for capability=5 scontext=u:r:kernel:s0 tcontext=u:r:kernel:s0 tclass=capability permissive=0
11-29 03:15:19.236 D/DhcpClient( 2199): Received packet: ca:1b:7b:34:7a:e5 ACK: your new IP /10.1.1.103, netmask /255.255.255.0, gateways [/10.1.1.1] DNS servers: /10.1.1.1 , lease time 30
11-29 03:15:19.261 W/hpplay-java( 2727): [AsyncTask #1]:HttpRequest:
11-29 03:15:19.261 D/NetworkMonitor/100( 2199): isDataStall: result=1, tcp packets received=0, latest tcp fail rate=-1, consecutive dns timeout count=29
11-29 03:15:19.261 D/NetworkMonitor/100( 2199): Suspecting data stall, reevaluate
11-29 03:15:19.263 D/ConnectivityService( 1496): Data stall detected with methods: 1
11-29 03:15:19.263 D/NetworkMonitor/100( 2199): Validation disabled.
11-29 03:15:19.265 W/hpplay-java( 2727): [AsyncTask #1]:HttpRequest:
11-29 03:15:19.268 W/hpplay-java( 2727): [AsyncTask #1]:HttpRequest:
11-29 03:15:19.270 D/ConnectivityService( 1496): [100 WIFI] validation passed
11-29 03:15:19.378 D/NetworkMonitor/100( 2199): isDataStall: result=1, tcp packets received=0, latest tcp fail rate=-1, consecutive dns timeout count=30
11-29 03:15:19.378 D/NetworkMonitor/100( 2199): Suspecting data stall, reevaluate
11-29 03:15:19.380 D/ConnectivityService( 1496): Data stall detected with methods: 1
11-29 03:15:19.380 D/NetworkMonitor/100( 2199): Validation disabled.
11-29 03:15:19.385 W/hpplay-java( 2727): [AsyncTask #11]:HttpRequest:
11-29 03:15:19.386 D/ConnectivityService( 1496): [100 WIFI] validation passed
11-29 03:15:19.387 W/hpplay-java( 2727): [AsyncTask #11]:HttpRequest:
11-29 03:15:19.388 W/hpplay-java( 2727): [AsyncTask #11]:HttpRequest:
11-29 03:15:19.389 E/hpplay-java( 2727): [main]:IMTask:getIMRoot failed
11-29 03:15:19.716 I/hpplay-java( 2727): [main]:ServerTaskManager:restart by error
11-29 03:15:19.716 I/hpplay-java( 2727): [main]:ServerTaskManager:startServer
11-29 03:15:19.716 I/hpplay-java( 2727): [main]:ServerTaskManager:startServer add, reason: server is starting or running
11-29 03:15:19.716 I/hpplay-java( 2727): [main]:ServerTaskManager:addStopTask
11-29 03:15:19.716 I/hpplay-java( 2727): [main]:ServerTaskManager:addStartTask
11-29 03:15:19.717 I/hpplay-java( 2727): [main]:ServerTaskManager:exeTask stopServer
11-29 03:15:19.717 I/hpplay-java( 2727): [main]:Bridge:stopServer keepPush: false
11-29 03:15:19.717 D/hpplay-base( 2727): [jniBridge:909] Bridge__1stopServer status:2
