11-29 03:14:23.085 I/am_wtf ( 1496): [0,1496,system_server,-1,DisplayDeviceConfig,requesting nits when no mapping exists.]
11-29 03:14:23.091 E/DisplayDeviceConfig( 1496): requesting nits when no mapping exists.
11-29 03:14:23.091 E/DisplayDeviceConfig( 1496): requesting nits when no mapping exists.
11-29 03:14:23.092 I/am_wtf ( 1496): [0,1496,system_server,-1,DisplayDeviceConfig,requesting nits when no mapping exists.]
11-29 03:14:23.094 I/am_wtf ( 1496): [0,1496,system_server,-1,DisplayDeviceConfig,requesting nits when no mapping exists.]
11-29 03:14:23.108 E/DisplayDeviceConfig( 1496): requesting nits when no mapping exists.
11-29 03:14:23.111 I/am_wtf ( 1496): [0,1496,system_server,-1,DisplayDeviceConfig,requesting nits when no mapping exists.]
11-29 03:14:23.111 E/DisplayDeviceConfig( 1496): requesting nits when no mapping exists.
11-29 03:14:23.112 I/am_wtf ( 1496): [0,1496,system_server,-1,DisplayDeviceConfig,requesting nits when no mapping exists.]
11-29 03:14:23.125 E/DisplayDeviceConfig( 1496): requesting nits when no mapping exists.
11-29 03:14:23.125 E/DisplayDeviceConfig( 1496): requesting nits when no mapping exists.
11-29 03:14:23.130 I/am_wtf ( 1496): [0,1496,system_server,-1,DisplayDeviceConfig,requesting nits when no mapping exists.]
11-29 03:14:23.131 I/am_wtf ( 1496): [0,1496,system_server,-1,DisplayDeviceConfig,requesting nits when no mapping exists.]
11-29 03:14:23.142 E/DisplayDeviceConfig( 1496): requesting nits when no mapping exists.
11-29 03:14:23.142 E/DisplayDeviceConfig( 1496): requesting nits when no mapping exists.
11-29 03:14:23.142 I/am_wtf ( 1496): [0,1496,system_server,-1,DisplayDeviceConfig,requesting nits when no mapping exists.]
11-29 03:14:23.144 I/am_wtf ( 1496): [0,1496,system_server,-1,DisplayDeviceConfig,requesting nits when no mapping exists.]
11-29 03:14:23.168 E/DisplayDeviceConfig( 1496): requesting nits when no mapping exists.
11-29 03:14:23.169 E/DisplayDeviceConfig( 1496): requesting nits when no mapping exists.
11-29 03:14:23.169 I/am_wtf ( 1496): [0,1496,system_server,-1,DisplayDeviceConfig,requesting nits when no mapping exists.]
11-29 03:14:23.169 I/am_wtf ( 1496): [0,1496,system_server,-1,DisplayDeviceConfig,requesting nits when no mapping exists.]
11-29 03:14:23.183 E/DisplayDeviceConfig( 1496): requesting nits when no mapping exists.
11-29 03:14:23.184 I/am_wtf ( 1496): [0,1496,system_server,-1,DisplayDeviceConfig,requesting nits when no mapping exists.]
11-29 03:14:23.184 E/DisplayDeviceConfig( 1496): requesting nits when no mapping exists.
11-29 03:14:23.185 I/am_wtf ( 1496): [0,1496,system_server,-1,DisplayDeviceConfig,requesting nits when no mapping exists.]
11-29 03:14:23.197 E/DisplayDeviceConfig( 1496): requesting nits when no mapping exists.
11-29 03:14:23.197 E/DisplayDeviceConfig( 1496): requesting nits when no mapping exists.
11-29 03:14:23.197 I/am_wtf ( 1496): [0,1496,system_server,-1,DisplayDeviceConfig,requesting nits when no mapping exists.]
11-29 03:14:23.198 I/am_wtf ( 1496): [0,1496,system_server,-1,DisplayDeviceConfig,requesting nits when no mapping exists.]
11-29 03:14:23.209 E/DisplayDeviceConfig( 1496): requesting nits when no mapping exists.
11-29 03:14:23.209 E/DisplayDeviceConfig( 1496): requesting nits when no mapping exists.
11-29 03:14:23.211 I/am_wtf ( 1496): [0,1496,system_server,-1,DisplayDeviceConfig,requesting nits when no mapping exists.]
11-29 03:14:23.217 I/am_wtf ( 1496): [0,1496,system_server,-1,DisplayDeviceConfig,requesting nits when no mapping exists.]
11-29 03:14:23.225 E/DisplayDeviceConfig( 1496): requesting nits when no mapping exists.
11-29 03:14:23.225 E/DisplayDeviceConfig( 1496): requesting nits when no mapping exists.
11-29 03:14:23.225 I/am_wtf ( 1496): [0,1496,system_server,-1,DisplayDeviceConfig,requesting nits when no mapping exists.]
11-29 03:14:23.230 I/am_wtf ( 1496): [0,1496,system_server,-1,DisplayDeviceConfig,requesting nits when no mapping exists.]
11-29 03:14:23.242 E/DisplayDeviceConfig( 1496): requesting nits when no mapping exists.
11-29 03:14:23.243 I/am_wtf ( 1496): [0,1496,system_server,-1,DisplayDeviceConfig,requesting nits when no mapping exists.]
11-29 03:14:23.243 E/DisplayDeviceConfig( 1496): requesting nits when no mapping exists.
11-29 03:14:23.244 I/am_wtf ( 1496): [0,1496,system_server,-1,DisplayDeviceConfig,requesting nits when no mapping exists.]
11-29 03:14:23.259 E/DisplayDeviceConfig( 1496): requesting nits when no mapping exists.
11-29 03:14:23.260 E/DisplayDeviceConfig( 1496): requesting nits when no mapping exists.
11-29 03:14:23.260 I/am_wtf ( 1496): [0,1496,system_server,-1,DisplayDeviceConfig,requesting nits when no mapping exists.]
11-29 03:14:23.260 I/am_wtf ( 1496): [0,1496,system_server,-1,DisplayDeviceConfig,requesting nits when no mapping exists.]
11-29 03:14:23.277 E/DisplayDeviceConfig( 1496): requesting nits when no mapping exists.
11-29 03:14:23.278 E/DisplayDeviceConfig( 1496): requesting nits when no mapping exists.
11-29 03:14:23.279 I/am_wtf ( 1496): [0,1496,system_server,-1,DisplayDeviceConfig,requesting nits when no mapping exists.]
11-29 03:14:23.280 I/am_wtf ( 1496): [0,1496,system_server,-1,DisplayDeviceConfig,requesting nits when no mapping exists.]
11-29 03:14:23.292 E/DisplayDeviceConfig( 1496): requesting nits when no mapping exists.
11-29 03:14:23.293 E/DisplayDeviceConfig( 1496): requesting nits when no mapping exists.
11-29 03:14:23.293 I/am_wtf ( 1496): [0,1496,system_server,-1,DisplayDeviceConfig,requesting nits when no mapping exists.]
11-29 03:14:23.294 I/am_wtf ( 1496): [0,1496,system_server,-1,DisplayDeviceConfig,requesting nits when no mapping exists.]
11-29 03:14:23.308 E/DisplayDeviceConfig( 1496): requesting nits when no mapping exists.
11-29 03:14:23.309 I/am_wtf ( 1496): [0,1496,system_server,-1,DisplayDeviceConfig,requesting nits when no mapping exists.]
11-29 03:14:23.309 E/DisplayDeviceConfig( 1496): requesting nits when no mapping exists.
11-29 03:14:23.310 I/am_wtf ( 1496): [0,1496,system_server,-1,DisplayDeviceConfig,requesting nits when no mapping exists.]
11-29 03:14:23.327 E/DisplayDeviceConfig( 1496): requesting nits when no mapping exists.
11-29 03:14:23.327 E/DisplayDeviceConfig( 1496): requesting nits when no mapping exists.
11-29 03:14:23.327 I/am_wtf ( 1496): [0,1496,system_server,-1,DisplayDeviceConfig,requesting nits when no mapping exists.]
11-29 03:14:23.328 I/am_wtf ( 1496): [0,1496,system_server,-1,DisplayDeviceConfig,requesting nits when no mapping exists.]
11-29 03:14:23.342 E/DisplayDeviceConfig( 1496): requesting nits when no mapping exists.
11-29 03:14:23.342 E/DisplayDeviceConfig( 1496): requesting nits when no mapping exists.
11-29 03:14:23.343 I/am_wtf ( 1496): [0,1496,system_server,-1,DisplayDeviceConfig,requesting nits when no mapping exists.]
11-29 03:14:23.343 I/am_wtf ( 1496): [0,1496,system_server,-1,DisplayDeviceConfig,requesting nits when no mapping exists.]
11-29 03:14:23.957 I/am_pss ( 1496): [1991,10082,com.android.systemui,173624320,152625152,0,336711680,0,0,15]
11-29 03:14:24.907 I/auditd ( 0): type=1400 audit(0.0:269): avc: denied { kill } for comm="swapper/2" capability=5 scontext=u:r:kernel:s0 tcontext=u:r:kernel:s0 tclass=capability permissive=0
11-29 03:14:25.907 I/auditd ( 0): type=1400 audit(0.0:270): avc: denied { kill } for comm="swapper/2" capability=5 scontext=u:r:kernel:s0 tcontext=u:r:kernel:s0 tclass=capability permissive=0
11-29 03:14:26.907 I/auditd ( 0): type=1400 audit(0.0:271): avc: denied { kill } for comm="swapper/2" capability=5 scontext=u:r:kernel:s0 tcontext=u:r:kernel:s0 tclass=capability permissive=0
11-29 03:14:27.907 I/auditd ( 0): type=1400 audit(0.0:272): avc: denied { kill } for comm="swapper/2" capability=5 scontext=u:r:kernel:s0 tcontext=u:r:kernel:s0 tclass=capability permissive=0
11-29 03:14:28.605 I/am_pss ( 1496): [2836,10095,com.android.providers.media.module,16693248,13574144,0,119726080,0,0,12]
11-29 03:14:28.907 I/auditd ( 0): type=1400 audit(0.0:273): avc: denied { kill } for comm="swapper/3" capability=5 scontext=u:r:kernel:s0 tcontext=u:r:kernel:s0 tclass=capability permissive=0
11-29 03:14:28.971 I/am_pss ( 1496): [1974,1002,com.android.bluetooth,28964864,22822912,0,142471168,0,0,13]
11-29 03:14:28.983 I/am_pss ( 1496): [2822,10076,com.qualcomm.location,9932800,7577600,0,103395328,0,0,8]
11-29 03:14:28.992 I/am_pss ( 1496): [2199,1073,com.android.networkstack.process,15386624,13123584,0,109821952,0,0,7]
11-29 03:14:29.001 I/am_pss ( 1496): [2129,1001,.dataservices,8282112,6598656,0,95985664,0,0,6]
11-29 03:14:29.026 I/am_pss ( 1496): [1496,1000,system,217805824,129544192,0,539353088,0,0,19]
11-29 03:14:29.907 I/auditd ( 0): type=1400 audit(0.0:274): avc: denied { kill } for comm="swapper/3" capability=5 scontext=u:r:kernel:s0 tcontext=u:r:kernel:s0 tclass=capability permissive=0
11-29 03:14:30.907 I/auditd ( 0): type=1400 audit(0.0:275): avc: denied { kill } for comm="swapper/3" capability=5 scontext=u:r:kernel:s0 tcontext=u:r:kernel:s0 tclass=capability permissive=0
11-29 03:14:31.907 I/auditd ( 0): type=1400 audit(0.0:276): avc: denied { kill } for comm="swapper/3" capability=5 scontext=u:r:kernel:s0 tcontext=u:r:kernel:s0 tclass=capability permissive=0
11-29 03:14:32.558 I/GameModeConfig( 1496): isGameModeOn = false
11-29 03:14:32.907 I/auditd ( 0): type=1400 audit(0.0:277): avc: denied { kill } for comm="swapper/3" capability=5 scontext=u:r:kernel:s0 tcontext=u:r:kernel:s0 tclass=capability permissive=0
11-29 03:14:33.073 I/GameModeConfig( 1496): isGameModeOn = false
11-29 03:14:33.074 I/GameModeConfig( 1496): isGameModeOn = false
11-29 03:14:33.907 I/auditd ( 0): type=1400 audit(0.0:278): avc: denied { kill } for comm="swapper/3" capability=5 scontext=u:r:kernel:s0 tcontext=u:r:kernel:s0 tclass=capability permissive=0
11-29 03:14:34.907 I/auditd ( 0): type=1400 audit(0.0:279): avc: denied { kill } for comm="swapper/3" capability=5 scontext=u:r:kernel:s0 tcontext=u:r:kernel:s0 tclass=capability permissive=0
11-29 03:14:35.907 I/auditd ( 0): type=1400 audit(0.0:280): avc: denied { kill } for comm="swapper/3" capability=5 scontext=u:r:kernel:s0 tcontext=u:r:kernel:s0 tclass=capability permissive=0
11-29 03:14:36.907 I/auditd ( 0): type=1400 audit(0.0:281): avc: denied { kill } for comm="swapper/3" capability=5 scontext=u:r:kernel:s0 tcontext=u:r:kernel:s0 tclass=capability permissive=0
11-29 03:14:37.907 I/auditd ( 0): type=1400 audit(0.0:282): avc: denied { kill } for comm="swapper/3" capability=5 scontext=u:r:kernel:s0 tcontext=u:r:kernel:s0 tclass=capability permissive=0
11-29 03:14:38.907 I/auditd ( 0): type=1400 audit(0.0:283): avc: denied { kill } for comm="swapper/3" capability=5 scontext=u:r:kernel:s0 tcontext=u:r:kernel:s0 tclass=capability permissive=0
11-29 03:14:39.907 I/auditd ( 0): type=1400 audit(0.0:284): avc: denied { kill } for comm="swapper/3" capability=5 scontext=u:r:kernel:s0 tcontext=u:r:kernel:s0 tclass=capability permissive=0
11-29 03:14:40.907 I/auditd ( 0): type=1400 audit(0.0:285): avc: denied { kill } for comm="swapper/3" capability=5 scontext=u:r:kernel:s0 tcontext=u:r:kernel:s0 tclass=capability permissive=0
11-29 03:14:41.907 I/auditd ( 0): type=1400 audit(0.0:286): avc: denied { kill } for comm="swapper/3" capability=5 scontext=u:r:kernel:s0 tcontext=u:r:kernel:s0 tclass=capability permissive=0
11-29 03:14:42.907 I/auditd ( 0): type=1400 audit(0.0:287): avc: denied { kill } for comm="swapper/3" capability=5 scontext=u:r:kernel:s0 tcontext=u:r:kernel:s0 tclass=capability permissive=0
11-29 03:14:43.117 W/BroadcastQueue( 1496): Permission Denial: broadcasting Intent { act=android.net.conn.CONNECTIVITY_CHANGE flg=0x4200010 (has extras) } from null (pid=-1, uid=-1) requires com.baidu.input.permission.sofire.RECEIVE due to registered receiver BroadcastFilter{a25ef94 10029/u0 ReceiverList{a5007e7 4154 com.baidu.input/10029/u0 remote:d3ad1a6}}
11-29 03:14:43.578 E/ActivityThread( 4154): Failed to find provider info for telephony
11-29 03:14:43.907 I/auditd ( 0): type=1400 audit(0.0:288): avc: denied { kill } for comm="swapper/3" capability=5 scontext=u:r:kernel:s0 tcontext=u:r:kernel:s0 tclass=capability permissive=0
11-29 03:14:44.907 I/auditd ( 0): type=1400 audit(0.0:289): avc: denied { kill } for comm="swapper/3" capability=5 scontext=u:r:kernel:s0 tcontext=u:r:kernel:s0 tclass=capability permissive=0
11-29 03:14:45.907 I/auditd ( 0): type=1400 audit(0.0:290): avc: denied { kill } for comm="swapper/3" capability=5 scontext=u:r:kernel:s0 tcontext=u:r:kernel:s0 tclass=capability permissive=0
11-29 03:14:46.907 I/auditd ( 0): type=1400 audit(0.0:291): avc: denied { kill } for comm="swapper/3" capability=5 scontext=u:r:kernel:s0 tcontext=u:r:kernel:s0 tclass=capability permissive=0
11-29 03:14:47.907 I/auditd ( 0): type=1400 audit(0.0:292): avc: denied { kill } for comm="swapper/3" capability=5 scontext=u:r:kernel:s0 tcontext=u:r:kernel:s0 tclass=capability permissive=0
11-29 03:14:48.907 I/auditd ( 0): type=1400 audit(0.0:293): avc: denied { kill } for comm="swapper/3" capability=5 scontext=u:r:kernel:s0 tcontext=u:r:kernel:s0 tclass=capability permissive=0
11-29 03:14:49.907 I/auditd ( 0): type=1400 audit(0.0:294): avc: denied { kill } for comm="swapper/3" capability=5 scontext=u:r:kernel:s0 tcontext=u:r:kernel:s0 tclass=capability permissive=0
11-29 03:14:50.907 I/auditd ( 0): type=1400 audit(0.0:295): avc: denied { kill } for comm="swapper/3" capability=5 scontext=u:r:kernel:s0 tcontext=u:r:kernel:s0 tclass=capability permissive=0
11-29 03:14:51.656 I/am_pss ( 1496): [4109,10052,com.thundercomm.screensaver,61590528,55046144,0,177582080,0,2,9]
11-29 03:14:51.671 I/am_pss ( 1496): [2495,10077,com.android.launcher3,72532992,59973632,0,205422592,0,6,12]
11-29 03:14:51.684 I/am_pss ( 1496): [4154,10029,com.baidu.input,105746432,91045888,0,227762176,0,7,10]
11-29 03:14:51.691 I/am_pss ( 1496): [2933,10073,com.qualcomm.location.XT,6209536,4579328,0,94228480,0,6,5]
11-29 03:14:51.907 I/auditd ( 0): type=1400 audit(0.0:296): avc: denied { kill } for comm="swapper/3" capability=5 scontext=u:r:kernel:s0 tcontext=u:r:kernel:s0 tclass=capability permissive=0
11-29 03:14:52.907 I/auditd ( 0): type=1400 audit(0.0:297): avc: denied { kill } for comm="swapper/3" capability=5 scontext=u:r:kernel:s0 tcontext=u:r:kernel:s0 tclass=capability permissive=0
11-29 03:14:53.117 D/CompatibilityChangeReporter( 1496): Compat change id reported: 171306433; UID 10029; state: DISABLED
11-29 03:14:53.907 I/auditd ( 0): type=1400 audit(0.0:298): avc: denied { kill } for comm="swapper/3" capability=5 scontext=u:r:kernel:s0 tcontext=u:r:kernel:s0 tclass=capability permissive=0
11-29 03:14:54.907 I/auditd ( 0): type=1400 audit(0.0:299): avc: denied { kill } for comm="swapper/3" capability=5 scontext=u:r:kernel:s0 tcontext=u:r:kernel:s0 tclass=capability permissive=0
11-29 03:14:55.907 I/auditd ( 0): type=1400 audit(0.0:300): avc: denied { kill } for comm="swapper/3" capability=5 scontext=u:r:kernel:s0 tcontext=u:r:kernel:s0 tclass=capability permissive=0
11-29 03:14:56.907 I/auditd ( 0): type=1400 audit(0.0:301): avc: denied { kill } for comm="swapper/3" capability=5 scontext=u:r:kernel:s0 tcontext=u:r:kernel:s0 tclass=capability permissive=0
11-29 03:14:57.907 I/auditd ( 0): type=1400 audit(0.0:302): avc: denied { kill } for comm="swapper/3" capability=5 scontext=u:r:kernel:s0 tcontext=u:r:kernel:s0 tclass=capability permissive=0
11-29 03:14:58.907 I/auditd ( 0): type=1400 audit(0.0:303): avc: denied { kill } for comm="swapper/3" capability=5 scontext=u:r:kernel:s0 tcontext=u:r:kernel:s0 tclass=capability permissive=0
11-29 03:14:59.907 I/auditd ( 0): type=1400 audit(0.0:304): avc: denied { kill } for comm="swapper/3" capability=5 scontext=u:r:kernel:s0 tcontext=u:r:kernel:s0 tclass=capability permissive=0
11-29 03:15:00.013 D/CompatibilityChangeReporter( 1496): Compat change id reported: 171306433; UID 1000; state: ENABLED
11-29 03:15:00.907 I/auditd ( 0): type=1400 audit(0.0:305): avc: denied { kill } for comm="swapper/3" capability=5 scontext=u:r:kernel:s0 tcontext=u:r:kernel:s0 tclass=capability permissive=0
11-29 03:15:01.776 I/am_pss ( 1496): [4109,10052,com.thundercomm.screensaver,62939136,56381440,0,178966528,0,2,11]
11-29 03:15:01.791 I/am_pss ( 1496): [2836,10095,com.android.providers.media.module,16688128,13574144,0,119726080,0,0,11]
11-29 03:15:01.793 I/am_uid_idle( 1496): 10032
11-29 03:15:01.802 I/am_pss ( 1496): [2822,10076,com.qualcomm.location,9923584,7577600,0,103395328,0,0,9]
11-29 03:15:02.907 I/auditd ( 0): type=1400 audit(0.0:306): avc: denied { kill } for comm="swapper/1" capability=5 scontext=u:r:kernel:s0 tcontext=u:r:kernel:s0 tclass=capability permissive=0 --------- beginning of main
11-29 03:15:03.081 E/hpplay-base-dlna( 2727): upnpapi.c:655::before gminiserver ThreadPoolShutdown
11-29 03:15:03.081 E/hpplay-base-dlna( 2727): ThreadPool.c:1047::on ThreadPoolShutdown tp->totalThreads:3
11-29 03:15:03.082 E/hpplay-base-dlna( 2727): ThreadPool.c:1056::after ThreadPoolShutdown
11-29 03:15:03.082 E/hpplay-base-dlna( 2727): ThreadPool.c:1057::ThreadPoolShutdown tp->totalThreads:0
11-29 03:15:03.082 E/hpplay-base-dlna( 2727): upnpapi.c:657::after gminiserver ThreadPoolShutdown
11-29 03:15:03.082 E/hpplay-base-dlna( 2727): upnpapi.c:659::before grecv ThreadPoolShutdown
11-29 03:15:03.082 E/hpplay-base-dlna( 2727): ThreadPool.c:1047::on ThreadPoolShutdown tp->totalThreads:10
11-29 03:15:03.082 E/hpplay-base-dlna( 2727): ThreadPool.c:1047::on ThreadPoolShutdown tp->totalThreads:9
11-29 03:15:03.083 E/hpplay-base-dlna( 2727): ThreadPool.c:1047::on ThreadPoolShutdown tp->totalThreads:8
11-29 03:15:03.083 E/hpplay-base-dlna( 2727): ThreadPool.c:1047::on ThreadPoolShutdown tp->totalThreads:6
11-29 03:15:03.083 E/hpplay-base-dlna( 2727): ThreadPool.c:1047::on ThreadPoolShutdown tp->totalThreads:5
11-29 03:15:03.083 E/hpplay-base-dlna( 2727): ThreadPool.c:1047::on ThreadPoolShutdown tp->totalThreads:4
11-29 03:15:03.084 E/hpplay-base-dlna( 2727): ThreadPool.c:1047::on ThreadPoolShutdown tp->totalThreads:3
11-29 03:15:03.084 E/hpplay-base-dlna( 2727): ThreadPool.c:1047::on ThreadPoolShutdown tp->totalThreads:2
11-29 03:15:03.084 E/hpplay-base-dlna( 2727): ThreadPool.c:1047::on ThreadPoolShutdown tp->totalThreads:1
11-29 03:15:03.084 E/hpplay-base-dlna( 2727): ThreadPool.c:1056::after ThreadPoolShutdown
11-29 03:15:03.084 E/hpplay-base-dlna( 2727): ThreadPool.c:1057::ThreadPoolShutdown tp->totalThreads:0
11-29 03:15:03.084 E/hpplay-base-dlna( 2727): upnpapi.c:661::after grecv ThreadPoolShutdown
11-29 03:15:03.084 E/hpplay-base-dlna( 2727): upnpapi.c:663::before gsend ThreadPoolShutdown
11-29 03:15:03.085 E/hpplay-base-dlna( 2727): ThreadPool.c:1047::on ThreadPoolShutdown tp->totalThreads:3
11-29 03:15:03.085 E/hpplay-base-dlna( 2727): ThreadPool.c:1056::after ThreadPoolShutdown
11-29 03:15:03.085 E/hpplay-base-dlna( 2727): ThreadPool.c:1057::ThreadPoolShutdown tp->totalThreads:0
11-29 03:15:03.085 E/hpplay-base-dlna( 2727): upnpapi.c:665::after gsend ThreadPoolShutdown
11-29 03:15:03.085 D/hpplay-base-dlna( 2727): [lebodlna-dlnaframe:253] dlnaservice Destroy 253 static ERROR_TYPE IDlnaFrame::DestroyDlnaFrame(IDlnaFrame *)
11-29 03:15:03.085 D/hpplay-base-dlna( 2727): [lebodlna-dlna_android:51] dlnaservice Destroy 51 int CDlnaService::Destroy()
11-29 03:15:03.085 D/hpplay-base-dlna( 2727): [lebodlna-dlna_android:194] stopDLNA end
11-29 03:15:03.386 D/hpplay-base( 2727): [stream_mirror_compat:1489] request to stop screen stream session!!
11-29 03:15:03.386 D/hpplay-base( 2727): [AEventUtils:625] begin to stop event handle service!!
11-29 03:15:03.386 D/hpplay-base( 2727): [AEventUtils:628] stop event handle service ok!!
11-29 03:15:03.386 D/hpplay-base( 2727): [REventUtils:231] begin to stop report handle service!!
11-29 03:15:03.386 D/hpplay-base( 2727): [REventUtils:234] stop report handle service ok!!
11-29 03:15:03.386 D/hpplay-base( 2727): [lelinkSinkServer:711] HTTP Server stopSinkServer End .
11-29 03:15:03.386 D/hpplay-base( 2727): [jniBridge:1135] notifyJavaServerStoped
11-29 03:15:03.386 D/hpplay-base( 2727): [jniBridge:1726] notifyJava, what:202, castType:0, mimeType:0 baseStatus:4
11-29 03:15:03.386 D/hpplay-base( 2727): [jniBridge:1727] notifyJava sessionID:(null)
11-29 03:15:03.388 I/hpplay-java( 2727): [Thread-53]:Bridge:notify: what: 202
11-29 03:15:03.389 I/hpplay-java( 2727): [Thread-53]:Bridge:notify: out: OutParameters:{audioSessionId=-1, audiotrackIndex=0, castHandleType=-1, castType=0, deviceName='', dlnaName='', dramaID='', extra=0, frameHandleType=-1, handleInside=true, headduration=0, header='', headers=null, isAD=false, isMultiMirror=false, lelinkVer='', limitTime=0, , mediaAlbum='null', mediaAlbumArtURI='', mediaArtist='null', mediaAssets='', mediaTitle='null', mimeType=0, multiSession=null, period=0, pinCode='', playSpeed=0.0, playerChoice=0, plugin=0, port=0, position=0.0, positionUnit=2, protocol=0, realSessionID='', regType='', , sinkIp='', sourceAPPVersion='', sourceChannel='', sourceClientInfo='', sourceDeviceInfo='', sourceDeviceModel='', sourceDeviceName='', sourceDeviceType=0, sourceHID='', , sourceInfo='', , , sourceOSVersion='', sourceSDKVersion='', sourceUid='', stopDetail=0, stopReason=0, tailduration=0, url='', urlID='', urls=null, userAgent='', videoDecoder=0, volume=0, what=202}com.hpplay.sdk.sink.protocol.OutParameters@6cceff7
11-29 03:15:03.390 I/hpplay-java( 2727): [Thread-53]:Bridge:notify: address:107585124
11-29 03:15:03.390 D/hpplay-base( 2727): [LelinkBase:645] stopServerThreadFunc notifyJavaServerStoped!
11-29 03:15:03.391 I/hpplay-java( 2727): [main]:ServerTaskManager:startTimeOutCheck
11-29 03:15:03.391 I/hpplay-java( 2727): [main]:ServerBusiness:stopDaemonBusiness
11-29 03:15:03.391 I/hpplay-java( 2727): [main]:SinkDataReport:logout
11-29 03:15:03.392 I/hpplay-java( 2727): [main]:EPControl:release
11-29 03:15:03.395 I/hpplay-java( 2727): [AsyncTask #5]:GlideCreator:clearCache clearDiskCache
11-29 03:15:03.397 I/hpplay-java( 2727): [main]:Dispatcher:notifyAllReverseControlsStop
11-29 03:15:03.397 I/hpplay-java( 2727): [main]:Preference:checkFeature none
11-29 03:15:03.397 I/hpplay-java( 2727): [main]:Dispatcher:notifyAllUIControlsStop set: []
11-29 03:15:03.397 I/hpplay-java( 2727): [main]:Bridge:findServiceID start out: 107585124
11-29 03:15:03.397 W/hpplay-java( 2727): NanoHTTPDServerRunnable:Communication with the client broken
11-29 03:15:03.397 W/hpplay-java( 2727): java.net.SocketException: Socket closed
11-29 03:15:03.397 W/hpplay-java( 2727): at java.net.PlainSocketImpl.socketAccept(PlainSocketImpl.java:213)
11-29 03:15:03.397 W/hpplay-java( 2727): at java.net.AbstractPlainSocketImpl.accept(AbstractPlainSocketImpl.java:451)
11-29 03:15:03.397 W/hpplay-java( 2727): at java.net.ServerSocket.implAccept(ServerSocket.java:547)
11-29 03:15:03.397 W/hpplay-java( 2727): at java.net.ServerSocket.accept(ServerSocket.java:515)
11-29 03:15:03.397 W/hpplay-java( 2727): at com.hpplay.nanohttpd.protocols.http.ServerRunnable.run(SourceFile:118)
11-29 03:15:03.397 W/hpplay-java( 2727): at java.lang.Thread.run(Thread.java:920)
11-29 03:15:03.397 I/hpplay-java( 2727): [main]:Bridge:findServiceID end
11-29 03:15:03.398 I/hpplay-java( 2727): NanoHTTPDNanoHTTPD:server is stoped
11-29 03:15:03.398 I/hpplay-java( 2727): [main]:ServerTaskManager:onStop retry:true
11-29 03:15:03.398 I/hpplay-java( 2727): NanoHTTPDNanoHTTPD:clear obj
11-29 03:15:03.398 I/hpplay-java( 2727): [main]:ServerTaskManager:cancelTimeOutCheck
11-29 03:15:03.399 I/hpplay-java( 2727): [main]:IPManager:getActiveNets type: WIFI
11-29 03:15:03.399 I/hpplay-java( 2727): [main]:IPManager:getActiveNets eth0:false wifi:true mobile:false ap:false
11-29 03:15:03.400 I/hpplay-java( 2727): [main]:IPManager:getIPAddress IP_WLAN0
11-29 03:15:03.404 I/hpplay-java( 2727): [main]:IPManager:updateIPAddress getIPAddress: 192.168.4.16 name:vlan4
11-29 03:15:03.404 I/hpplay-java( 2727): [main]:IPManager:updateIPAddress getIPAddress: 10.1.1.100 name:wlan0
11-29 03:15:03.404 I/hpplay-java( 2727): [main]:IPManager:updateIPAddress getIPAddress: 192.168.8.16 name:vlan8
11-29 03:15:03.404 I/hpplay-java( 2727): [main]:IPManager:updateIPAddress getIPAddress: 192.168.11.16 name:vlan11
11-29 03:15:03.404 I/hpplay-java( 2727): [main]:IPManager:updateIPAddress getIPAddress: 192.168.0.16 name:vlan0
11-29 03:15:03.404 I/hpplay-java( 2727): [main]:IPManager:updateIPAddress getIPAddress: 192.168.2.16 name:vlan2
11-29 03:15:03.404 I/hpplay-java( 2727): [main]:IPManager:updateIPAddress getIPAddress: 192.168.1.16 name:vlan1
11-29 03:15:03.405 I/hpplay-java( 2727): [main]:ServerTaskManager:exeTask startServer
11-29 03:15:03.406 I/hpplay-java( 2727): [main]:ServerTaskManager:startTimeOutCheck
11-29 03:15:03.406 I/hpplay-java( 2727): [AsyncTask #12]:ServerBusiness:startDaemonBusiness
11-29 03:15:03.406 I/hpplay-java( 2727): [AsyncTask #12]:TimeOutCheckUtil:addTask id:upgrade
11-29 03:15:03.406 I/hpplay-java( 2727): [AsyncTask #7]:Bridge:assembleInParameters
11-29 03:15:03.406 I/hpplay-java( 2727): [AsyncTask #12]:TimeOutCheckUtil:addTask id:ijkupgrade
11-29 03:15:03.407 I/hpplay-java( 2727): [AsyncTask #7]:Bridge:createDeviceId deviceId:YTg6OWE6Mzc6NDA6OGE6NTU=
11-29 03:15:03.408 I/hpplay-java( 2727): [AsyncTask #7]:IPManager:getActiveNets type: WIFI
11-29 03:15:03.408 I/hpplay-java( 2727): [AsyncTask #7]:IPManager:getActiveNets eth0:false wifi:true mobile:false ap:false
11-29 03:15:03.408 I/hpplay-java( 2727): [AsyncTask #7]:IPManager:getIPAddress IP_WLAN0
11-29 03:15:03.408 I/hpplay-java( 2727): [AsyncTask #7]:Preference:checkFeature none
11-29 03:15:03.408 I/hpplay-java( 2727): [AsyncTask #7]:SWI:dlna tip
11-29 03:15:03.408 I/hpplay-java( 2727): [AsyncTask #7]:SWI:lefp tip
11-29 03:15:03.408 I/hpplay-java( 2727): NanoHTTPDNanoHTTPD:server is started
11-29 03:15:03.409 I/hpplay-java( 2727): [AsyncTask #7]:Bridge:assembleInParameters none alias name use device name: 高合娱乐副屏
11-29 03:15:03.409 I/hpplay-java( 2727): [AsyncTask #7]:Feature:isSendAdvertisement
11-29 03:15:03.409 I/hpplay-java( 2727): [AsyncTask #7]:Preference:checkFeature none
11-29 03:15:03.410 I/hpplay-java( 2727): [AsyncTask #7]:Preference:checkFeature none
11-29 03:15:03.410 I/hpplay-java( 2727): [AsyncTask #7]:Bridge:backupHpplayDat bakPath:
11-29 03:15:03.410 I/hpplay-java( 2727): [AsyncTask #7]:Bridge:path:/data/user/0/com.hht.lebocast/files/hpplay/file/happyplay.dat
11-29 03:15:03.410 I/hpplay-java( 2727): [AsyncTask #7]:Bridge:mAppId:21409
11-29 03:15:03.410 I/hpplay-java( 2727): [AsyncTask #7]:Bridge:mode:3
11-29 03:15:03.410 I/hpplay-java( 2727): [AsyncTask #7]:Bridge:type:1
11-29 03:15:03.410 I/hpplay-java( 2727): [AsyncTask #7]:Bridge:SN:
11-29 03:15:03.410 I/hpplay-java( 2727): [AsyncTask #7]:Preference:checkFeature none
11-29 03:15:03.410 I/hpplay-java( 2727): [AsyncTask #7]:Bridge:backPath:
11-29 03:15:03.410 I/hpplay-java( 2727): [AsyncTask #7]:DeviceUtil:getPermissionDid: 1
11-29 03:15:03.410 I/hpplay-java( 2727): [AsyncTask #7]:DeviceUtil:getPermissionDid: 1
11-29 03:15:03.410 I/hpplay-java( 2727): [AsyncTask #7]:Preference:checkFeature none
11-29 03:15:03.410 I/hpplay-java( 2727): [AsyncTask #7]:Preference:checkFeature none
11-29 03:15:03.410 I/hpplay-java( 2727): [AsyncTask #7]:Preference:checkFeature none
11-29 03:15:03.410 I/hpplay-java( 2727): [AsyncTask #7]:Preference:checkFeature none
11-29 03:15:03.411 I/hpplay-java( 2727): [AsyncTask #7]:Preference:checkFeature none
11-29 03:15:03.411 I/hpplay-java( 2727): [AsyncTask #7]:Preference:checkFeature none
11-29 03:15:03.418 W/hpplay-java( 2727): [AsyncTask #12]:ServerBusiness:startDaemonBusiness start LelinkHTTPD sucess 52288
11-29 03:15:03.433 W/hpplay-java( 2727): [AsyncTask #7]:DeviceUtils:getDomain create lb domain
11-29 03:15:03.433 I/hpplay-java( 2727): [AsyncTask #7]:Feature:getMirrorAudioVideoSync DISABLE
11-29 03:15:03.434 I/hpplay-java( 2727): [AsyncTask #7]:Feature:checkSupportRedirectOtherApp,no set redirect api
11-29 03:15:03.434 I/hpplay-java( 2727): [AsyncTask #7]:Feature:getRedirectSearchFlag,value: 0
11-29 03:15:03.434 I/hpplay-java( 2727): [AsyncTask #7]:Bridge:mIn: InParameters{appInfo='0', appKey='21409', authMode=0, authPwd='null', broadcastDirection=0, broadcastState=1, broadcastTimeout=3, buildType='release', cacheAVPath='/data/user/0/com.hht.lebocast/cache/hpplay/av', cachePhotoPath='/data/user/0/com.hht.lebocast/cache/hpplay/image', channel='LEBO-APK--60146-25915', desPath='', , deviceName='高合娱乐副屏', dlna=1, dlnaCompany='null', dlnaCompanyURL='null', dlnaDeviceDescribe='null', dlnaDeviceName='null', dlnaDeviceURL='null', dlnaLelinkSwitch=1, dlnaManufacturer=0, dlnaName='高合娱乐副屏', dlnaUPC='', dlnaUUID='9a3efe89-9f9c-4c03-5733-764c69fc85a9', domain='Lebo-figure-469b5cc61395', drainage=0, feature='6655', fps=60, height=1080, host='null', , keyPath='/data/user/0/com.hht.lebocast/files/hpplay/file', lelinkfp=1, lelinkfp2=0, logBaseState=1, logPath='/storage/emulated/0/com.hht.lebocast/sink/sdk/common', , mdnsEnable=1, mirrorSyncType=0, netCastVer='2.0', packageName='com.hht.lebocast', packagePath='/data/user/0/com.hht.lebocast', permissionDid='46:9b:5c:c6:13:95', permissionMode=3, permissionPreSN='', port=0, preemptMode=0, regType='_leboremote._tcp.', serverPorts=null, sockWaitTimeOut=45, teleControlPort=53388, tunnels=3, txtKeys=null, txtValues=null, uid='5246338120930115427', videoFrameType=1001, width=1920}com.hpplay.sdk.sink.protocol.InParameters@fdd4baf
11-29 03:15:03.434 I/hpplay-java( 2727): [main]:Bridge:startServer state: 0
11-29 03:15:03.435 D/hpplay-base( 2727): [jniBridge:185] not conference version
11-29 03:15:03.435 I/hpplay-base( 2727): [jniBridge:241] 1initServer nSettingWidth=1920 nSettingHeight=1080 nSettingMaxFPS=60 dlnaEnable=1 lelinkFpEnable=1
11-29 03:15:03.435 D/hpplay-base( 2727): [jniBridge:283] 1initServer cfg.leLinkIp=10.1.1.100
11-29 03:15:03.435 D/hpplay-base( 2727): [jniBridge:286] 1initServer cfg.mPermissionMode=3
11-29 03:15:03.435 D/hpplay-base( 2727): [jniBridge:304] 1initServer cfg.permissionDid=46:9b:5c:c6:13:95000000000000000
11-29 03:15:03.435 D/hpplay-base( 2727): [jniBridge:313] 1initServer cfg.mPermissionPreSN=00000000000000000000000000000000
11-29 03:15:03.435 D/hpplay-base( 2727): [jniBridge:317] Bridge___1initServer status:0
11-29 03:15:03.435 I/hpplay-base( 2727): [jniBridge:325] 1initServer cfg.feature=6655
11-29 03:15:03.435 D/hpplay-base( 2727): [jniBridge:377] 1initServer isSendBroadCast=3
11-29 03:15:03.435 D/hpplay-base( 2727): [jniBridge:380] 1initServer broadcastDirection=0
11-29 03:15:03.435 D/hpplay-base( 2727): [jniBridge:382] 1initServer ipBroadcast direction=0
11-29 03:15:03.435 D/hpplay-base( 2727): [jniBridge:387] 1initServer tunnel=3
11-29 03:15:03.435 D/hpplay-base( 2727): [jniBridge:390] 1initServer drainage=0
11-29 03:15:03.435 D/hpplay-base( 2727): [jniBridge:401] 1initServer mDNSEnable=1
11-29 03:15:03.435 D/hpplay-base( 2727): [jniBridge:406] 1initServer nSockWaitTimeOut=45
11-29 03:15:03.435 D/hpplay-base( 2727): [jniBridge:410] 1initServer nMirrorAudioVideoSync=0
11-29 03:15:03.435 I/hpplay-base( 2727): [sign_check:168] checkSign strPackageName:com.hht.lebocast
11-29 03:15:03.435 I/hpplay-base( 2727): [sign_check:169] checkSign buildType:release
11-29 03:15:03.435 I/hpplay-base( 2727): [sign_check:170] checkSign appKey:21409
11-29 03:15:03.435 D/hpplay-base( 2727): [LelinkBase:405] bridgeInit port: 0, lelinkfp: 0
11-29 03:15:03.435 D/hpplay-base( 2727): [LelinkBase:462] bridgeInit mPackagePath =/data/user/0/com.hht.lebocast
11-29 03:15:03.435 D/hpplay-base( 2727): [LelinkBase:463] bridgeInit mKeyPath =/data/user/0/com.hht.lebocast/files/hpplay/file
11-29 03:15:03.435 D/hpplay-base( 2727): [SinkContext:97] initSinkContext mPackagePath =/data/user/0/com.hht.lebocast
11-29 03:15:03.435 D/hpplay-base( 2727): [SinkContext:98] initSinkContext mKeyPath =/data/user/0/com.hht.lebocast/files/hpplay/file
11-29 03:15:03.435 D/hpplay-base( 2727): [jniBridge:478] Java_com_hpplay_sdk_sink_protocol_Bridge__1initServer end
11-29 03:15:03.435 D/hpplay-base( 2727): [jniBridge:869] Bridge__1startServer status:1
11-29 03:15:03.435 D/hpplay-base( 2727): [LelinkBase:492] startAllServer at base
11-29 03:15:03.435 D/hpplay-base( 2727): [lelinkSinkServer:152] httpPlugins_SetServerPort TYPE_SERVER_LELINK:52266
11-29 03:15:03.435 D/hpplay-base( 2727): [network.c:362] protocol bind host :10.1.1.100 port:52266 curent bind port:52266
11-29 03:15:03.436 D/hpplay-base( 2727): [lelinkSinkServer:681] HTTP Server real at:52266
11-29 03:15:03.436 D/hpplay-base( 2727): [lelinkSinkServer:644] Connected Service Type:0
11-29 03:15:03.436 I/hpplay-base( 2727): : (server.c.315) startServer listen_ing....:
11-29 03:15:03.436 D/hpplay-base( 2727): [Server:371] startHttpServer srv_sockets.used:1 nCurrentFd:70, tid is 4658
11-29 03:15:03.437 D/hpplay-base( 2727): [ScreenStream:1285] current bind port:7100
11-29 03:15:03.437 D/hpplay-base( 2727): [LelinkBase:515] startAllServer pBaseContext->config.dlnaEnable:1
11-29 03:15:03.437 D/hpplay-base( 2727): [lelinkDlna:324] addDMRCallback end
11-29 03:15:03.437 D/hpplay-base( 2727): [stream_mirror_compat:759] compat mirror stream begin to run,server fd:72,thread_id:3293548992!!
11-29 03:15:03.438 E/hpplay-base-dlna( 2727): miniserver.c:788::dlna_port(ipv4: 49152 ipv6:0)
11-29 03:15:03.489 D/hpplay-base-dlna( 2727): [lebodlna-dlnaframe:166] succeed to load lebodlnaplugin
11-29 03:15:03.489 D/hpplay-base-dlna( 2727): [lebodlna-dlnaframe:232] Succeed to load specified plugin:lebodlna_plugin
11-29 03:15:03.489 D/hpplay-base( 2727): [lelinkDlna:328] startDLNAServer ret=0
11-29 03:15:03.489 D/hpplay-base( 2727): [LelinkBase:531] startDLNAServer ret= 0
11-29 03:15:03.490 D/hpplay-base( 2727): [lelinkDlna:342] setDMRFriendlyName 高合娱乐副屏
11-29 03:15:03.490 D/hpplay-base-dlna( 2727): [lebodlna-dlna_android:136] setBroadcastTimeout mBroadcastTimeOut=66 status=3!
11-29 03:15:03.490 D/hpplay-base-dlna( 2727): [lebodlna_api:32] start DMR
11-29 03:15:03.490 D/hpplay-base-dlna( 2727): [UpnpDefine:434] RegisterDMRender invalid lelink info
11-29 03:15:03.490 D/hpplay-base-dlna( 2727): [UpnpDefine:467] DLNA DEFAULT_DESCRIPTION
11-29 03:15:03.492 E/hpplay-base-dlna( 2727): upnpapi.c:1078::Exiting RegisterRootDevice2 *Hnd =1, return value == 0
11-29 03:15:03.492 D/hpplay-base-dlna( 2727): [CUpnpDevice:41] Register Root Device 2:0
11-29 03:15:03.492 D/hpplay-base-dlna( 2727): [UpnpDefine:794] ESDMRender:Register success
11-29 03:15:03.492 D/hpplay-base-dlna( 2727): [lebodlna_api:41] sendBroadcast mBroadcastTimeOut=3
11-29 03:15:03.492 D/hpplay-base-dlna( 2727): [lebodlna_api:44] sendBroadcast timeout=66
11-29 03:15:03.552 D/hpplay-base( 2727): [lelinkDlna:361] startDLNADevice dlnaManufacturer:0 ret=0
11-29 03:15:03.552 D/hpplay-base( 2727): [LelinkBase:535] lelinkSetDlnaInfo ret= 0
11-29 03:15:03.552 D/hpplay-base( 2727): [LelinkBase:547] startAllServer pBaseContext->config.mDNSEnable:1
11-29 03:15:03.553 D/hpplay-base( 2727): [base_mdns:509] mdns net.hostname:
11-29 03:15:03.553 D/hpplay-base( 2727): [base_mdns:529] mdns namelabel:-00-80-0F-74-31-00
11-29 03:15:03.553 D/hpplay-base( 2727): [base_mdns:509] mdns net.hostname:
11-29 03:15:03.554 D/hpplay-base( 2727): [base_mdns:529] mdns namelabel:-00-80-0F-74-31-00
11-29 03:15:03.554 D/hpplay-base( 2727): [mdns:813] mdns start bind port:0
11-29 03:15:03.557 D/hpplay-base( 2727): [mdns:813] mdns start bind port:5353
11-29 03:15:03.557 D/hpplay-base( 2727): [mdns:813] mdns start bind port:5353
11-29 03:15:03.558 D/hpplay-base( 2727): [mdns:813] mdns start bind port:5353
11-29 03:15:03.558 D/hpplay-base( 2727): [mdns:813] mdns start bind port:5353
11-29 03:15:03.558 D/hpplay-base( 2727): [mdns:813] mdns start bind port:5353
11-29 03:15:03.558 D/hpplay-base( 2727): [mdns:813] mdns start bind port:5353
11-29 03:15:03.558 D/hpplay-base( 2727): [mdns:813] mdns start bind port:5353
11-29 03:15:03.569 I/hpplay-base( 2727): [mDNSEmbeded:57] embedded_mDNSInit stopmDNSNow:0 status:0
11-29 03:15:03.569 D/hpplay-base( 2727): [mDNSEmbeded:436] startmDNSServer end nRet=0
11-29 03:15:03.569 D/hpplay-base( 2727): [LelinkBase:555] lelink broadcast_on_off:1 log2java_on_off:1
11-29 03:15:03.569 D/hpplay-base( 2727): [LelinkMDNS:729] leboAuthorizationCheck strUuid=46:9b:5c:c6:13:95000000000000000
11-29 03:15:03.569 I/hpplay-base( 2727): [mDNSEmbeded:268] start lelink publish server, tid is 4679
11-29 03:15:03.569 D/hpplay-base( 2727): [AEventUtils:595] request to start event handle service!!
11-29 03:15:03.570 D/hpplay-base( 2727): [AEventUtils:603] start_event_handle_service,begin to run!!
11-29 03:15:03.570 D/hpplay-base( 2727): [mDNSEmbeded:197] http_port bind check 197 http_port_check
11-29 03:15:03.570 D/hpplay-base( 2727): [REventUtils:210] start_event_handle_service,begin to run!!
11-29 03:15:03.570 D/hpplay-base( 2727): [LelinkBase:576] startAllServer success .
11-29 03:15:03.570 D/hpplay-base( 2727): [jniBridge:894] startDlna_link:http://10.1.1.100:49152/description.xml
11-29 03:15:03.570 D/hpplay-base( 2727): [AEventUtils:171] create handle AEvent thread ok!!,tid is 4681
11-29 03:15:03.571 D/hpplay-base( 2727): [REventUtils:59] create handleREventThread thread ok!!,tid is 4682
11-29 03:15:03.571 D/hpplay-base( 2727): [mDNSEmbeded:217] http_port bind check 217 http_port_check
11-29 03:15:03.571 D/hpplay-base( 2727): [jniBridge:1081] notifyJavaDlnalink:http://10.1.1.100:49152/description.xml
11-29 03:15:03.571 D/hpplay-base( 2727): [LelinkMDNS:730] leboAuthorizationCheck mPermissionDid=46:9b:5c:c6:13:95000000000000000
11-29 03:15:03.571 D/hpplay-base( 2727): [LelinkMDNS:755] leboAuthorizationCheck mPermissionMac=46:9b:5c:c6:13:95000000000000000
11-29 03:15:03.571 D/hpplay-base( 2727): [jniBridge:1726] notifyJava, what:207, castType:0, mimeType:0 baseStatus:2
11-29 03:15:03.571 D/hpplay-base( 2727): [jniBridge:1727] notifyJava sessionID:(null)
11-29 03:15:03.571 D/hpplay-base( 2727): [mDNSEmbeded:222] http_port bind check 222 http_port_check
11-29 03:15:03.572 I/hpplay-java( 2727): [Thread-55]:Bridge:notify: what: 207
11-29 03:15:03.573 I/hpplay-java( 2727): [Thread-55]:Bridge:notify: out: OutParameters:{audioSessionId=-1, audiotrackIndex=0, castHandleType=-1, castType=0, deviceName='http://10.1.1.100:49152/description.xml', dlnaName='', dramaID='', extra=0, frameHandleType=-1, handleInside=true, headduration=0, header='', headers=null, isAD=false, isMultiMirror=false, lelinkVer='', limitTime=0, , mediaAlbum='null', mediaAlbumArtURI='', mediaArtist='null', mediaAssets='', mediaTitle='null', mimeType=0, multiSession=null, period=0, pinCode='', playSpeed=0.0, playerChoice=0, plugin=0, port=0, position=0.0, positionUnit=2, protocol=0, realSessionID='', regType='', , sinkIp='', sourceAPPVersion='', sourceChannel='', sourceClientInfo='', sourceDeviceInfo='', sourceDeviceModel='', sourceDeviceName='', sourceDeviceType=0, sourceHID='', , sourceInfo='', , , sourceOSVersion='', sourceSDKVersion='', sourceUid='', stopDetail=0, stopReason=0, tailduration=0, url='', urlID='', urls=null, userAgent='', videoDecoder=0, volume=0, what=207}com.hpplay.sdk.sink.protocol.OutParameters@a0855fc
11-29 03:15:03.573 I/hpplay-java( 2727): [Thread-55]:Bridge:notify: address:212309125
11-29 03:15:03.574 D/hpplay-base( 2727): [mDNSEmbeded:234] http_port bind check 234 http_port_check port:52266
11-29 03:15:03.574 D/hpplay-base( 2727): [mDNSEmbeded:237] http_port bind check 237 http_port_check
11-29 03:15:03.574 D/hpplay-base( 2727): [lelinkSinkServer:93] new client connection from 127.0.0.1 32459, fd=127
11-29 03:15:03.574 D/hpplay-base( 2727): [SinkContext:137] addSinkContextSession,begin to run!!
11-29 03:15:03.574 D/hpplay-base( 2727): [SinkContext:142] addSinkContextSession,begin to get lock!!
11-29 03:15:03.574 D/hpplay-base( 2727): [SinkContext:144] addSinkContextSession,get lock ok!!
11-29 03:15:03.574 D/hpplay-base( 2727): [SinkContext:149] addSinkContextSession,session list is null,begin to malloc!!
11-29 03:15:03.574 D/hpplay-base( 2727): [SinkContext:156] addSinkContextSession,begin to update!!
11-29 03:15:03.574 D/hpplay-base( 2727): [SinkContext:160] addSinkContextSession,begin to update header!!
11-29 03:15:03.574 D/hpplay-base( 2727): [SinkContext:172] addSinkContextSession,begin to unlock!!
11-29 03:15:03.574 D/hpplay-base( 2727): [SinkContext:174] addSinkContextSession,unlock ok!!
11-29 03:15:03.575 D/hpplay-base( 2727): [LelinkReceiver:4908] get ping !!!
11-29 03:15:03.575 D/hpplay-base( 2727): [mDNSEmbeded:240] http_port bind check 240 http_port_check recieved:64
11-29 03:15:03.575 D/hpplay-base( 2727): [mDNSEmbeded:243] http_port bind check 243 http_port_check
11-29 03:15:03.575 D/hpplay-base( 2727): [mDNSEmbeded:244] http_port bind check ok!
11-29 03:15:03.603 D/hpplay-base( 2727): [LelinkMDNS:766] devicePermissionPublic leboPermissionCheck:-2
11-29 03:15:03.603 D/hpplay-base( 2727): [jniBridge:1125] com_hpplay_sdk_sink_protocol_Bridge_WHAT_SERVER_ERROR
11-29 03:15:03.603 D/hpplay-base( 2727): [jniBridge:1726] notifyJava, what:204, castType:0, mimeType:0 baseStatus:2
11-29 03:15:03.604 D/hpplay-base( 2727): [jniBridge:1727] notifyJava sessionID:(null)
11-29 03:15:03.605 I/hpplay-java( 2727): [Thread-56]:Bridge:notify: what: 204
11-29 03:15:03.607 I/hpplay-java( 2727): [Thread-56]:Bridge:notify: out: OutParameters:{audioSessionId=-1, audiotrackIndex=0, castHandleType=-1, castType=0, deviceName='', dlnaName='', dramaID='', extra=-2002, frameHandleType=-1, handleInside=true, headduration=0, header='', headers=null, isAD=false, isMultiMirror=false, lelinkVer='', limitTime=0, , mediaAlbum='null', mediaAlbumArtURI='', mediaArtist='null', mediaAssets='', mediaTitle='null', mimeType=0, multiSession=null, period=0, pinCode='', playSpeed=0.0, playerChoice=0, plugin=0, port=0, position=0.0, positionUnit=2, protocol=0, realSessionID='', regType='', , sinkIp='', sourceAPPVersion='', sourceChannel='', sourceClientInfo='', sourceDeviceInfo='', sourceDeviceModel='', sourceDeviceName='', sourceDeviceType=0, sourceHID='', , sourceInfo='', , , sourceOSVersion='', sourceSDKVersion='', sourceUid='', stopDetail=0, stopReason=0, tailduration=0, url='', urlID='', urls=null, userAgent='', videoDecoder=0, volume=0, what=204}com.hpplay.sdk.sink.protocol.OutParameters@678f2da
11-29 03:15:03.608 I/hpplay-java( 2727): [Thread-56]:Bridge:notify: address:169476875
11-29 03:15:03.608 I/hpplay-base( 2727): [mDNSEmbeded:79] embedded_mDNSLoop stopmDNSNow:0 nPublish:-2 nExitFlag:6 tid is 4678
11-29 03:15:03.608 I/hpplay-java( 2727): [main]:Bridge:findServiceID start out: 169476875
11-29 03:15:03.608 I/hpplay-java( 2727): [main]:Bridge:findServiceID end
11-29 03:15:03.608 E/hpplay-java( 2727): [main]:ServerTaskManager:onError 204/-2002 com.hht.lebocast.LelinkHelper$e@d987030
11-29 03:15:03.609 I/hpplay-java( 2727): [main]:ServerTaskManager:cancelTimeOutCheck
11-29 03:15:03.610 W/hpplay-java( 2727): [main]:ServerTaskManager:onErrorDispatcher errorCode:-2002
11-29 03:15:03.610 I/hpplay-java( 2727): [main]:ServerTaskManager:onError retry later
11-29 03:15:03.651 D/NetworkMonitor/100( 2199): isDataStall: result=1, tcp packets received=0, latest tcp fail rate=-1, consecutive dns timeout count=21
11-29 03:15:03.651 D/ConnectivityService( 1496): Data stall detected with methods: 1
11-29 03:15:03.651 D/NetworkMonitor/100( 2199): Suspecting data stall, reevaluate
11-29 03:15:03.655 D/NetworkMonitor/100( 2199): Validation disabled.
11-29 03:15:03.665 D/ConnectivityService( 1496): [100 WIFI] validation passed
11-29 03:15:03.776 I/hpplay-base( 2727): [LelinkReceiver:14605] _connectionFinalize (127)
11-29 03:15:03.776 D/hpplay-base( 2727): [LelinkReceiver:14752] ###connectionFinalize,release ok!!###
11-29 03:15:03.842 I/mpu_uart( 647): [MSG-P:RECV]:No message received in 1000 ms
11-29 03:15:04.241 D/NetworkMonitor/100( 2199): isDataStall: result=1, tcp packets received=0, latest tcp fail rate=-1, consecutive dns timeout count=22
11-29 03:15:04.241 D/ConnectivityService( 1496): Data stall detected with methods: 1
11-29 03:15:04.242 D/NetworkMonitor/100( 2199): Suspecting data stall, reevaluate
11-29 03:15:04.243 D/NetworkMonitor/100( 2199): Validation disabled.
11-29 03:15:04.250 D/ConnectivityService( 1496): [100 WIFI] validation passed
11-29 03:15:04.295 D/DhcpClient( 2199): Received packet: b2:e2:78:f2:76:a8 ACK: your new IP /10.1.1.101, netmask /255.255.255.0, gateways [/10.1.1.1] DNS servers: /10.1.1.1 , lease time 30
11-29 03:15:04.719 I/hpplay-java( 2727): [main]:Upgrade:upgrade not be allowed
11-29 03:15:04.842 I/mpu_uart( 647): [MSG-P:RECV]:No message received in 1000 ms
11-29 03:15:04.907 I/auditd ( 0): type=1400 audit(0.0:307): avc: denied { kill } for comm="swapper/3" capability=5 scontext=u:r:kernel:s0 tcontext=u:r:kernel:s0 tclass=capability permissive=0
11-29 03:15:04.907 W/swapper/3( 0): type=1400 audit(0.0:307): avc: denied { kill } for capability=5 scontext=u:r:kernel:s0 tcontext=u:r:kernel:s0 tclass=capability permissive=0
11-29 03:15:05.537 I/CNSS ( 1180): cnss_open_log_file: directory /data/vendor/wifi/wlan_logs/ created
11-29 03:15:05.843 I/mpu_uart( 647): [MSG-P:RECV]:No message received in 1000 ms
11-29 03:15:05.869 I/mpu_uart( 647): [MSG-P:R]:recv sync frame timeout
11-29 03:15:05.907 I/auditd ( 0): type=1400 audit(0.0:308): avc: denied { kill } for comm="swapper/3" capability=5 scontext=u:r:kernel:s0 tcontext=u:r:kernel:s0 tclass=capability permissive=0
11-29 03:15:05.907 W/swapper/3( 0): type=1400 audit(0.0:308): avc: denied { kill } for capability=5 scontext=u:r:kernel:s0 tcontext=u:r:kernel:s0 tclass=capability permissive=0
11-29 03:15:06.055 W/hpplay-java( 2727): [AsyncTask #24]:HttpRequest:
11-29 03:15:06.056 D/NetworkMonitor/100( 2199): isDataStall: result=1, tcp packets received=0, latest tcp fail rate=-1, consecutive dns timeout count=23
11-29 03:15:06.056 D/NetworkMonitor/100( 2199): Suspecting data stall, reevaluate
11-29 03:15:06.058 W/hpplay-java( 2727): [AsyncTask #24]:HttpRequest:
11-29 03:15:06.059 D/NetworkMonitor/100( 2199): Validation disabled.
11-29 03:15:06.059 D/ConnectivityService( 1496): Data stall detected with methods: 1
11-29 03:15:06.059 W/hpplay-java( 2727): [AsyncTask #24]:HttpRequest:
11-29 03:15:06.067 D/ConnectivityService( 1496): [100 WIFI] validation passed
11-29 03:15:06.610 I/hpplay-java( 2727): [main]:ServerTaskManager:restart by error
11-29 03:15:06.611 I/hpplay-java( 2727): [main]:ServerTaskManager:startServer
11-29 03:15:06.611 I/hpplay-java( 2727): [main]:ServerTaskManager:startServer add, reason: server is starting or running
11-29 03:15:06.611 I/hpplay-java( 2727): [main]:ServerTaskManager:addStopTask
11-29 03:15:06.611 I/hpplay-java( 2727): [main]:ServerTaskManager:addStartTask
11-29 03:15:06.611 I/hpplay-java( 2727): [main]:ServerTaskManager:exeTask stopServer
11-29 03:15:06.611 I/hpplay-java( 2727): [main]:Bridge:stopServer keepPush: false
11-29 03:15:06.612 D/hpplay-base( 2727): [jniBridge:909] Bridge__1stopServer status:2
11-29 03:15:06.612 D/hpplay-base( 2727): [LelinkBase:654] stopAllServer will start thread!
11-29 03:15:06.613 I/hpplay-base( 2727): [mDNSEmbeded:65] embedded_mDNSExit call
11-29 03:15:06.613 D/hpplay-base( 2727): [AEventUtils:588] handle AEvent thread end!!,tid is 4681
11-29 03:15:06.613 D/hpplay-base( 2727): [REventUtils:197] handleREventThread thread end!!,tid is 4682
11-29 03:15:06.649 D/hpplay-base( 2727): [stream_mirror_compat:1284] mirror stream begin to exit,server fd:72,thread_id:3293548992!!
11-29 03:15:06.649 D/hpplay-base( 2727): [stream_mirror_compat:1323] ##screen stream exit successfully!!##
11-29 03:15:06.778 D/hpplay-base( 2727): [Server:447] startHttpServer will END srv->serverType:0
11-29 03:15:06.778 D/hpplay-base( 2727): [Server:646] startHttpServer cond srv_shutdown:1 connectNummber:0
11-29 03:15:06.778 D/hpplay-base( 2727): [Server:669] startHttpServer wait cond END. srv_shutdown:1 connectNummber:0
11-29 03:15:06.778 D/hpplay-base( 2727): [Server:457] HttpServer END, tid is 4658
11-29 03:15:06.795 I/hpplay-base( 2727): [mDNSEmbeded:140] embedded_mDNSLoop Exiting end,tid is 4678
11-29 03:15:06.795 D/hpplay-base( 2727): [mDNSEmbeded:452] stopmDNSServer end stopmDNSNow=2, nRet=0
11-29 03:15:06.843 I/mpu_uart( 647): [MSG-P:RECV]:No message received in 1000 ms
11-29 03:15:06.907 I/auditd ( 0): type=1400 audit(0.0:309): avc: denied { kill } for comm="swapper/3" capability=5 scontext=u:r:kernel:s0 tcontext=u:r:kernel:s0 tclass=capability permissive=0
11-29 03:15:06.907 W/swapper/3( 0): type=1400 audit(0.0:309): avc: denied { kill } for capability=5 scontext=u:r:kernel:s0 tcontext=u:r:kernel:s0 tclass=capability permissive=0
11-29 03:15:07.069 I/hpplay-base( 2727): [mDNSEmbeded:376] end lelink publish server, tid is 4679
11-29 03:15:07.070 D/hpplay-base( 2727): [mDNSEmbeded:420] stopmLelinkServer end nRet=0
11-29 03:15:07.070 D/hpplay-base( 2727): [LelinkBase:615] lebodlna stopServerThreadFunc dlnaEnable:1
11-29 03:15:07.070 D/hpplay-base-dlna( 2727): [lebodlna_api:49] stop DMR
11-29 03:15:07.070 D/hpplay-base-dlna( 2727): [lebodlna_api:344] m_pRender Release
11-29 03:15:07.130 D/hpplay-base-dlna( 2727): [UpnpDefine:867] DMRender release success
11-29 03:15:07.131 D/hpplay-base-dlna( 2727): [lebodlna_api:352] m_pAVT Release
11-29 03:15:07.131 D/hpplay-base-dlna( 2727): [lebodlna_api:360] m_pRCS Release
11-29 03:15:07.131 D/hpplay-base-dlna( 2727): [lebodlna_api:365] dmrender destroydmr
11-29 03:15:07.239 W/hpplay-java( 2727): [AsyncTask #2]:HttpRequest:
11-29 03:15:07.241 D/NetworkMonitor/100( 2199): isDataStall: result=1, tcp packets received=0, latest tcp fail rate=-1, consecutive dns timeout count=24
11-29 03:15:07.241 D/NetworkMonitor/100( 2199): Suspecting data stall, reevaluate
11-29 03:15:07.241 D/ConnectivityService( 1496): Data stall detected with methods: 1
11-29 03:15:07.242 W/hpplay-java( 2727): [AsyncTask #2]:HttpRequest:
11-29 03:15:07.243 D/NetworkMonitor/100( 2199): Validation disabled.
11-29 03:15:07.244 W/hpplay-java( 2727): [AsyncTask #2]:HttpRequest:
