11-29 03:18:21.045 I/mpu_uart( 647): [MSG-P:R]:recv sync frame timeout
11-29 03:18:21.907 I/auditd ( 0): type=1400 audit(0.0:500): avc: denied { kill } for comm="swapper/2" capability=5 scontext=u:r:kernel:s0 tcontext=u:r:kernel:s0 tclass=capability permissive=0
11-29 03:18:21.907 W/swapper/2( 0): type=1400 audit(0.0:500): avc: denied { kill } for capability=5 scontext=u:r:kernel:s0 tcontext=u:r:kernel:s0 tclass=capability permissive=0
11-29 03:18:21.913 I/mpu_uart( 647): [MSG-P:RECV]:No message received in 1000 ms
11-29 03:18:22.127 D/DhcpClient( 2199): Received packet: 7a:8c:2b:1b:ff:be ACK: your new IP /10.1.1.110, netmask /255.255.255.0, gateways [/10.1.1.1] DNS servers: /10.1.1.1 , lease time 30
11-29 03:18:22.907 I/auditd ( 0): type=1400 audit(0.0:501): avc: denied { kill } for comm="swapper/2" capability=5 scontext=u:r:kernel:s0 tcontext=u:r:kernel:s0 tclass=capability permissive=0
11-29 03:18:22.907 W/swapper/2( 0): type=1400 audit(0.0:501): avc: denied { kill } for capability=5 scontext=u:r:kernel:s0 tcontext=u:r:kernel:s0 tclass=capability permissive=0
11-29 03:18:22.913 I/mpu_uart( 647): [MSG-P:RECV]:No message received in 1000 ms
11-29 03:18:23.907 I/auditd ( 0): type=1400 audit(0.0:502): avc: denied { kill } for comm="swapper/2" capability=5 scontext=u:r:kernel:s0 tcontext=u:r:kernel:s0 tclass=capability permissive=0
11-29 03:18:23.907 W/swapper/2( 0): type=1400 audit(0.0:502): avc: denied { kill } for capability=5 scontext=u:r:kernel:s0 tcontext=u:r:kernel:s0 tclass=capability permissive=0
11-29 03:18:23.914 I/mpu_uart( 647): [MSG-P:RECV]:No message received in 1000 ms
11-29 03:18:24.046 I/mpu_uart( 647): [MSG-P:R]:recv sync frame timeout
11-29 03:18:24.091 D/DhcpClient( 2199): Received packet: 66:25:0c:9d:55:97 ACK: your new IP /10.1.1.104, netmask /255.255.255.0, gateways [/10.1.1.1] DNS servers: /10.1.1.1 , lease time 30
11-29 03:18:24.907 I/auditd ( 0): type=1400 audit(0.0:503): avc: denied { kill } for comm="swapper/2" capability=5 scontext=u:r:kernel:s0 tcontext=u:r:kernel:s0 tclass=capability permissive=0
11-29 03:18:24.907 W/swapper/2( 0): type=1400 audit(0.0:503): avc: denied { kill } for capability=5 scontext=u:r:kernel:s0 tcontext=u:r:kernel:s0 tclass=capability permissive=0
11-29 03:18:24.914 I/mpu_uart( 647): [MSG-P:RECV]:No message received in 1000 ms
11-29 03:18:25.907 I/auditd ( 0): type=1400 audit(0.0:504): avc: denied { kill } for comm="swapper/2" capability=5 scontext=u:r:kernel:s0 tcontext=u:r:kernel:s0 tclass=capability permissive=0
11-29 03:18:25.907 W/swapper/2( 0): type=1400 audit(0.0:504): avc: denied { kill } for capability=5 scontext=u:r:kernel:s0 tcontext=u:r:kernel:s0 tclass=capability permissive=0
11-29 03:18:25.914 I/mpu_uart( 647): [MSG-P:RECV]:No message received in 1000 ms
11-29 03:18:26.022 D/DhcpClient( 2199): Received packet: 32:b6:78:8d:07:94 ACK: your new IP /10.1.1.108, netmask /255.255.255.0, gateways [/10.1.1.1] DNS servers: /10.1.1.1 , lease time 30
11-29 03:18:26.380 I/selfinstaller( 1200): create socket failed: No route to host 113
11-29 03:18:26.907 I/auditd ( 0): type=1400 audit(0.0:505): avc: denied { kill } for comm="swapper/2" capability=5 scontext=u:r:kernel:s0 tcontext=u:r:kernel:s0 tclass=capability permissive=0
11-29 03:18:26.907 W/swapper/2( 0): type=1400 audit(0.0:505): avc: denied { kill } for capability=5 scontext=u:r:kernel:s0 tcontext=u:r:kernel:s0 tclass=capability permissive=0
11-29 03:18:26.915 I/mpu_uart( 647): [MSG-P:RECV]:No message received in 1000 ms
11-29 03:18:27.049 I/mpu_uart( 647): [MSG-P:R]:recv sync frame timeout
11-29 03:18:27.907 I/auditd ( 0): type=1400 audit(0.0:506): avc: denied { kill } for comm="swapper/2" capability=5 scontext=u:r:kernel:s0 tcontext=u:r:kernel:s0 tclass=capability permissive=0
11-29 03:18:27.907 W/swapper/2( 0): type=1400 audit(0.0:506): avc: denied { kill } for capability=5 scontext=u:r:kernel:s0 tcontext=u:r:kernel:s0 tclass=capability permissive=0
11-29 03:18:27.915 I/mpu_uart( 647): [MSG-P:RECV]:No message received in 1000 ms
11-29 03:18:28.907 I/auditd ( 0): type=1400 audit(0.0:507): avc: denied { kill } for comm="swapper/2" capability=5 scontext=u:r:kernel:s0 tcontext=u:r:kernel:s0 tclass=capability permissive=0
11-29 03:18:28.907 W/swapper/2( 0): type=1400 audit(0.0:507): avc: denied { kill } for capability=5 scontext=u:r:kernel:s0 tcontext=u:r:kernel:s0 tclass=capability permissive=0
11-29 03:18:28.915 I/mpu_uart( 647): [MSG-P:RECV]:No message received in 1000 ms
11-29 03:18:29.907 I/auditd ( 0): type=1400 audit(0.0:508): avc: denied { kill } for comm="swapper/2" capability=5 scontext=u:r:kernel:s0 tcontext=u:r:kernel:s0 tclass=capability permissive=0
11-29 03:18:29.907 W/swapper/2( 0): type=1400 audit(0.0:508): avc: denied { kill } for capability=5 scontext=u:r:kernel:s0 tcontext=u:r:kernel:s0 tclass=capability permissive=0
11-29 03:18:29.916 I/mpu_uart( 647): [MSG-P:RECV]:No message received in 1000 ms
11-29 03:18:30.052 I/mpu_uart( 647): [MSG-P:R]:recv sync frame timeout
11-29 03:18:30.907 I/auditd ( 0): type=1400 audit(0.0:509): avc: denied { kill } for comm="swapper/2" capability=5 scontext=u:r:kernel:s0 tcontext=u:r:kernel:s0 tclass=capability permissive=0
11-29 03:18:30.907 W/swapper/2( 0): type=1400 audit(0.0:509): avc: denied { kill } for capability=5 scontext=u:r:kernel:s0 tcontext=u:r:kernel:s0 tclass=capability permissive=0
11-29 03:18:30.916 I/mpu_uart( 647): [MSG-P:RECV]:No message received in 1000 ms
11-29 03:18:31.907 I/auditd ( 0): type=1400 audit(0.0:510): avc: denied { kill } for comm="swapper/2" capability=5 scontext=u:r:kernel:s0 tcontext=u:r:kernel:s0 tclass=capability permissive=0
11-29 03:18:31.907 W/swapper/2( 0): type=1400 audit(0.0:510): avc: denied { kill } for capability=5 scontext=u:r:kernel:s0 tcontext=u:r:kernel:s0 tclass=capability permissive=0
11-29 03:18:31.917 I/mpu_uart( 647): [MSG-P:RECV]:No message received in 1000 ms
11-29 03:18:32.907 I/auditd ( 0): type=1400 audit(0.0:511): avc: denied { kill } for comm="swapper/2" capability=5 scontext=u:r:kernel:s0 tcontext=u:r:kernel:s0 tclass=capability permissive=0
11-29 03:18:32.907 W/swapper/2( 0): type=1400 audit(0.0:511): avc: denied { kill } for capability=5 scontext=u:r:kernel:s0 tcontext=u:r:kernel:s0 tclass=capability permissive=0
11-29 03:18:32.917 I/mpu_uart( 647): [MSG-P:RECV]:No message received in 1000 ms
11-29 03:18:32.986 D/DhcpClient( 2199): Received packet: 50:84:92:5e:7c:11 ACK: your new IP /0.0.0.0, netmask /255.255.255.0, gateways [/10.1.1.1] DNS servers: /10.1.1.1 , lease time null
11-29 03:18:33.055 I/mpu_uart( 647): [MSG-P:R]:recv sync frame timeout
11-29 03:18:33.340 D/DhcpClient( 2199): Unicasting DHCPREQUEST ciaddr=10.1.1.100 request=0.0.0.0 serverid=null to /10.1.1.1:67
11-29 03:18:33.431 D/DhcpClient( 2199): Received packet: 46:9b:5c:c6:13:95 ACK: your new IP /10.1.1.100, netmask /255.255.255.0, gateways [/10.1.1.1] DNS servers: /10.1.1.1 , lease time 30
11-29 03:18:33.433 D/DhcpClient( 2199): Renewed lease: android.net.networkstack.DhcpResults@ad6d23 DHCP server /10.1.1.1 Vendor info null lease 30 seconds Servername
11-29 03:18:33.443 D/DhcpClient( 2199): Scheduling renewal in 29s
11-29 03:18:33.443 D/DhcpClient( 2199): Scheduling rebind in 52s
11-29 03:18:33.443 D/DhcpClient( 2199): Scheduling expiry in 59s
11-29 03:18:33.456 D/BluetoothAdapterService( 1974): android.net.wifi.STATE_CHANGE
11-29 03:18:33.456 D/SettingMicroservices( 2127): WifiReceiver:
11-29 03:18:33.456 D/SettingMicroservices( 2127): WifiReceiver NetworkInfo.State.CONNECTED
11-29 03:18:33.456 D/SettingMicroservices( 2127): doNetworkSync: mIDCMNetworkState: -1 mIsFSEMNetworkWiFi: true
11-29 03:18:33.456 D/SettingMicroservices( 2127): Change Network Preference to TYPE_ETHERNET.
11-29 03:18:33.459 W/BluetoothAdapterService( 1974): fetchWifiState - isWifiConnected =true
11-29 03:18:33.460 D/BluetoothVendorService( 1974): setWifiState to: true
11-29 03:18:33.460 I/BluetoothVendorJni( 1974): setWifiStateNative
11-29 03:18:33.460 I/bt_btif_vendor( 1974): setWifiState :1
11-29 03:18:33.907 I/auditd ( 0): type=1400 audit(0.0:512): avc: denied { kill } for comm="swapper/2" capability=5 scontext=u:r:kernel:s0 tcontext=u:r:kernel:s0 tclass=capability permissive=0
11-29 03:18:33.907 W/swapper/2( 0): type=1400 audit(0.0:512): avc: denied { kill } for capability=5 scontext=u:r:kernel:s0 tcontext=u:r:kernel:s0 tclass=capability permissive=0
11-29 03:18:33.917 I/mpu_uart( 647): [MSG-P:RECV]:No message received in 1000 ms
11-29 03:18:34.907 I/auditd ( 0): type=1400 audit(0.0:513): avc: denied { kill } for comm="swapper/2" capability=5 scontext=u:r:kernel:s0 tcontext=u:r:kernel:s0 tclass=capability permissive=0
11-29 03:18:34.907 W/swapper/2( 0): type=1400 audit(0.0:513): avc: denied { kill } for capability=5 scontext=u:r:kernel:s0 tcontext=u:r:kernel:s0 tclass=capability permissive=0
11-29 03:18:34.917 I/mpu_uart( 647): [MSG-P:RECV]:No message received in 1000 ms
11-29 03:18:35.260 D/DhcpClient( 2199): Received packet: b2:e2:78:f2:76:a8 ACK: your new IP /10.1.1.101, netmask /255.255.255.0, gateways [/10.1.1.1] DNS servers: /10.1.1.1 , lease time 30
11-29 03:18:35.907 I/auditd ( 0): type=1400 audit(0.0:514): avc: denied { kill } for comm="swapper/2" capability=5 scontext=u:r:kernel:s0 tcontext=u:r:kernel:s0 tclass=capability permissive=0
11-29 03:18:35.907 W/swapper/2( 0): type=1400 audit(0.0:514): avc: denied { kill } for capability=5 scontext=u:r:kernel:s0 tcontext=u:r:kernel:s0 tclass=capability permissive=0
11-29 03:18:35.918 I/mpu_uart( 647): [MSG-P:RECV]:No message received in 1000 ms
11-29 03:18:36.055 I/mpu_uart( 647): [MSG-P:R]:recv sync frame timeout
11-29 03:18:36.363 D/DhcpClient( 2199): Received packet: 50:84:92:5e:7c:11 ACK: your new IP /10.1.1.111, netmask /255.255.255.0, gateways [/10.1.1.1] DNS servers: /10.1.1.1 , lease time 30
11-29 03:18:36.907 I/auditd ( 0): type=1400 audit(0.0:515): avc: denied { kill } for comm="swapper/2" capability=5 scontext=u:r:kernel:s0 tcontext=u:r:kernel:s0 tclass=capability permissive=0
11-29 03:18:36.907 W/swapper/2( 0): type=1400 audit(0.0:515): avc: denied { kill } for capability=5 scontext=u:r:kernel:s0 tcontext=u:r:kernel:s0 tclass=capability permissive=0
11-29 03:18:36.918 I/mpu_uart( 647): [MSG-P:RECV]:No message received in 1000 ms
11-29 03:18:37.907 I/auditd ( 0): type=1400 audit(0.0:516): avc: denied { kill } for comm="swapper/2" capability=5 scontext=u:r:kernel:s0 tcontext=u:r:kernel:s0 tclass=capability permissive=0
11-29 03:18:37.907 W/swapper/2( 0): type=1400 audit(0.0:516): avc: denied { kill } for capability=5 scontext=u:r:kernel:s0 tcontext=u:r:kernel:s0 tclass=capability permissive=0
11-29 03:18:37.918 I/mpu_uart( 647): [MSG-P:RECV]:No message received in 1000 ms
11-29 03:18:38.907 I/auditd ( 433): type=1400 audit(0.0:517): avc: denied { kill } for comm="kworker/2:2" capability=5 scontext=u:r:kernel:s0 tcontext=u:r:kernel:s0 tclass=capability permissive=0
11-29 03:18:38.907 W/kworker/2:2( 433): type=1400 audit(0.0:517): avc: denied { kill } for capability=5 scontext=u:r:kernel:s0 tcontext=u:r:kernel:s0 tclass=capability permissive=0
11-29 03:18:38.918 I/mpu_uart( 647): [MSG-P:RECV]:No message received in 1000 ms
11-29 03:18:39.058 I/mpu_uart( 647): [MSG-P:R]:recv sync frame timeout
11-29 03:18:39.540 D/ConnectivityService( 1496): Data stall detected with methods: 1
11-29 03:18:39.540 D/NetworkMonitor/100( 2199): isDataStall: result=1, tcp packets received=0, latest tcp fail rate=-1, consecutive dns timeout count=57
11-29 03:18:39.540 D/NetworkMonitor/100( 2199): Suspecting data stall, reevaluate
11-29 03:18:39.543 D/NetworkMonitor/100( 2199): Validation disabled.
11-29 03:18:39.549 D/ConnectivityService( 1496): [100 WIFI] validation passed
11-29 03:18:39.907 I/auditd ( 0): type=1400 audit(0.0:518): avc: denied { kill } for comm="swapper/2" capability=5 scontext=u:r:kernel:s0 tcontext=u:r:kernel:s0 tclass=capability permissive=0
11-29 03:18:39.907 W/swapper/2( 0): type=1400 audit(0.0:518): avc: denied { kill } for capability=5 scontext=u:r:kernel:s0 tcontext=u:r:kernel:s0 tclass=capability permissive=0
11-29 03:18:39.919 I/mpu_uart( 647): [MSG-P:RECV]:No message received in 1000 ms
11-29 03:18:40.907 I/auditd ( 0): type=1400 audit(0.0:519): avc: denied { kill } for comm="swapper/2" capability=5 scontext=u:r:kernel:s0 tcontext=u:r:kernel:s0 tclass=capability permissive=0
11-29 03:18:40.907 W/swapper/2( 0): type=1400 audit(0.0:519): avc: denied { kill } for capability=5 scontext=u:r:kernel:s0 tcontext=u:r:kernel:s0 tclass=capability permissive=0
11-29 03:18:40.919 I/mpu_uart( 647): [MSG-P:RECV]:No message received in 1000 ms
11-29 03:18:41.907 I/auditd ( 0): type=1400 audit(0.0:520): avc: denied { kill } for comm="swapper/2" capability=5 scontext=u:r:kernel:s0 tcontext=u:r:kernel:s0 tclass=capability permissive=0
11-29 03:18:41.907 W/swapper/2( 0): type=1400 audit(0.0:520): avc: denied { kill } for capability=5 scontext=u:r:kernel:s0 tcontext=u:r:kernel:s0 tclass=capability permissive=0
11-29 03:18:41.920 I/mpu_uart( 647): [MSG-P:RECV]:No message received in 1000 ms
11-29 03:18:42.062 I/mpu_uart( 647): [MSG-P:R]:recv sync frame timeout
11-29 03:18:42.907 I/auditd ( 0): type=1400 audit(0.0:521): avc: denied { kill } for comm="swapper/2" capability=5 scontext=u:r:kernel:s0 tcontext=u:r:kernel:s0 tclass=capability permissive=0
11-29 03:18:42.907 W/swapper/2( 0): type=1400 audit(0.0:521): avc: denied { kill } for capability=5 scontext=u:r:kernel:s0 tcontext=u:r:kernel:s0 tclass=capability permissive=0
11-29 03:18:42.920 I/mpu_uart( 647): [MSG-P:RECV]:No message received in 1000 ms
11-29 03:18:43.907 I/auditd ( 0): type=1400 audit(0.0:522): avc: denied { kill } for comm="swapper/2" capability=5 scontext=u:r:kernel:s0 tcontext=u:r:kernel:s0 tclass=capability permissive=0
11-29 03:18:43.907 W/swapper/2( 0): type=1400 audit(0.0:522): avc: denied { kill } for capability=5 scontext=u:r:kernel:s0 tcontext=u:r:kernel:s0 tclass=capability permissive=0
11-29 03:18:43.920 I/mpu_uart( 647): [MSG-P:RECV]:No message received in 1000 ms
11-29 03:18:44.907 I/auditd ( 0): type=1400 audit(0.0:523): avc: denied { kill } for comm="swapper/2" capability=5 scontext=u:r:kernel:s0 tcontext=u:r:kernel:s0 tclass=capability permissive=0
11-29 03:18:44.907 W/swapper/2( 0): type=1400 audit(0.0:523): avc: denied { kill } for capability=5 scontext=u:r:kernel:s0 tcontext=u:r:kernel:s0 tclass=capability permissive=0
11-29 03:18:44.921 I/mpu_uart( 647): [MSG-P:RECV]:No message received in 1000 ms
11-29 03:18:45.065 I/mpu_uart( 647): [MSG-P:R]:recv sync frame timeout
11-29 03:18:45.907 I/auditd ( 0): type=1400 audit(0.0:524): avc: denied { kill } for comm="swapper/2" capability=5 scontext=u:r:kernel:s0 tcontext=u:r:kernel:s0 tclass=capability permissive=0
11-29 03:18:45.907 W/swapper/2( 0): type=1400 audit(0.0:524): avc: denied { kill } for capability=5 scontext=u:r:kernel:s0 tcontext=u:r:kernel:s0 tclass=capability permissive=0
11-29 03:18:45.921 I/mpu_uart( 647): [MSG-P:RECV]:No message received in 1000 ms
11-29 03:18:46.907 I/auditd ( 3341): type=1400 audit(0.0:525): avc: denied { kill } for comm="dp_rx_thread_0" capability=5 scontext=u:r:kernel:s0 tcontext=u:r:kernel:s0 tclass=capability permissive=0
11-29 03:18:46.907 W/dp_rx_thread_0( 3341): type=1400 audit(0.0:525): avc: denied { kill } for capability=5 scontext=u:r:kernel:s0 tcontext=u:r:kernel:s0 tclass=capability permissive=0
11-29 03:18:46.921 I/mpu_uart( 647): [MSG-P:RECV]:No message received in 1000 ms
11-29 03:18:47.253 D/DhcpClient( 2199): Received packet: a6:ae:2b:52:e2:59 ACK: your new IP /10.1.1.102, netmask /255.255.255.0, gateways [/10.1.1.1] DNS servers: /10.1.1.1 , lease time 30
11-29 03:18:47.907 I/auditd ( 0): type=1400 audit(0.0:526): avc: denied { kill } for comm="swapper/2" capability=5 scontext=u:r:kernel:s0 tcontext=u:r:kernel:s0 tclass=capability permissive=0
11-29 03:18:47.907 W/swapper/2( 0): type=1400 audit(0.0:526): avc: denied { kill } for capability=5 scontext=u:r:kernel:s0 tcontext=u:r:kernel:s0 tclass=capability permissive=0
11-29 03:18:47.921 I/mpu_uart( 647): [MSG-P:RECV]:No message received in 1000 ms
11-29 03:18:48.068 I/mpu_uart( 647): [MSG-P:R]:recv sync frame timeout
11-29 03:18:48.907 I/auditd ( 0): type=1400 audit(0.0:527): avc: denied { kill } for comm="swapper/2" capability=5 scontext=u:r:kernel:s0 tcontext=u:r:kernel:s0 tclass=capability permissive=0
11-29 03:18:48.907 W/swapper/2( 0): type=1400 audit(0.0:527): avc: denied { kill } for capability=5 scontext=u:r:kernel:s0 tcontext=u:r:kernel:s0 tclass=capability permissive=0
11-29 03:18:48.922 I/mpu_uart( 647): [MSG-P:RECV]:No message received in 1000 ms
11-29 03:18:49.907 I/auditd ( 0): type=1400 audit(0.0:528): avc: denied { kill } for comm="swapper/2" capability=5 scontext=u:r:kernel:s0 tcontext=u:r:kernel:s0 tclass=capability permissive=0
11-29 03:18:49.907 W/swapper/2( 0): type=1400 audit(0.0:528): avc: denied { kill } for capability=5 scontext=u:r:kernel:s0 tcontext=u:r:kernel:s0 tclass=capability permissive=0
11-29 03:18:49.922 I/mpu_uart( 647): [MSG-P:RECV]:No message received in 1000 ms
11-29 03:18:50.907 I/auditd ( 0): type=1400 audit(0.0:529): avc: denied { kill } for comm="swapper/2" capability=5 scontext=u:r:kernel:s0 tcontext=u:r:kernel:s0 tclass=capability permissive=0
11-29 03:18:50.907 W/swapper/2( 0): type=1400 audit(0.0:529): avc: denied { kill } for capability=5 scontext=u:r:kernel:s0 tcontext=u:r:kernel:s0 tclass=capability permissive=0
11-29 03:18:50.923 I/mpu_uart( 647): [MSG-P:RECV]:No message received in 1000 ms
11-29 03:18:51.071 I/mpu_uart( 647): [MSG-P:R]:recv sync frame timeout
11-29 03:18:51.831 D/DhcpClient( 2199): Received packet: ca:1b:7b:34:7a:e5 ACK: your new IP /10.1.1.103, netmask /255.255.255.0, gateways [/10.1.1.1] DNS servers: /10.1.1.1 , lease time 30
11-29 03:18:51.907 I/auditd ( 0): type=1400 audit(0.0:530): avc: denied { kill } for comm="swapper/2" capability=5 scontext=u:r:kernel:s0 tcontext=u:r:kernel:s0 tclass=capability permissive=0
11-29 03:18:51.907 W/swapper/2( 0): type=1400 audit(0.0:530): avc: denied { kill } for capability=5 scontext=u:r:kernel:s0 tcontext=u:r:kernel:s0 tclass=capability permissive=0
11-29 03:18:51.923 I/mpu_uart( 647): [MSG-P:RECV]:No message received in 1000 ms
11-29 03:18:51.961 I/CNSS ( 1180): cnss_open_log_file: directory /data/vendor/wifi/wlan_logs/ created
11-29 03:18:52.350 D/DhcpClient( 2199): Received packet: 7a:8c:2b:1b:ff:be ACK: your new IP /10.1.1.110, netmask /255.255.255.0, gateways [/10.1.1.1] DNS servers: /10.1.1.1 , lease time 30
11-29 03:18:52.907 I/auditd ( 0): type=1400 audit(0.0:531): avc: denied { kill } for comm="swapper/2" capability=5 scontext=u:r:kernel:s0 tcontext=u:r:kernel:s0 tclass=capability permissive=0
11-29 03:18:52.907 W/swapper/2( 0): type=1400 audit(0.0:531): avc: denied { kill } for capability=5 scontext=u:r:kernel:s0 tcontext=u:r:kernel:s0 tclass=capability permissive=0
11-29 03:18:52.923 I/mpu_uart( 647): [MSG-P:RECV]:No message received in 1000 ms
11-29 03:18:53.907 I/auditd ( 0): type=1400 audit(0.0:532): avc: denied { kill } for comm="swapper/2" capability=5 scontext=u:r:kernel:s0 tcontext=u:r:kernel:s0 tclass=capability permissive=0
11-29 03:18:53.907 W/swapper/2( 0): type=1400 audit(0.0:532): avc: denied { kill } for capability=5 scontext=u:r:kernel:s0 tcontext=u:r:kernel:s0 tclass=capability permissive=0
11-29 03:18:53.924 I/mpu_uart( 647): [MSG-P:RECV]:No message received in 1000 ms
11-29 03:18:54.074 I/mpu_uart( 647): [MSG-P:R]:recv sync frame timeout
11-29 03:18:54.907 I/auditd ( 0): type=1400 audit(0.0:533): avc: denied { kill } for comm="swapper/2" capability=5 scontext=u:r:kernel:s0 tcontext=u:r:kernel:s0 tclass=capability permissive=0
11-29 03:18:54.907 W/swapper/2( 0): type=1400 audit(0.0:533): avc: denied { kill } for capability=5 scontext=u:r:kernel:s0 tcontext=u:r:kernel:s0 tclass=capability permissive=0
11-29 03:18:54.924 I/mpu_uart( 647): [MSG-P:RECV]:No message received in 1000 ms
11-29 03:18:55.907 I/auditd ( 0): type=1400 audit(0.0:534): avc: denied { kill } for comm="swapper/2" capability=5 scontext=u:r:kernel:s0 tcontext=u:r:kernel:s0 tclass=capability permissive=0
11-29 03:18:55.907 W/swapper/2( 0): type=1400 audit(0.0:534): avc: denied { kill } for capability=5 scontext=u:r:kernel:s0 tcontext=u:r:kernel:s0 tclass=capability permissive=0
11-29 03:18:55.924 I/mpu_uart( 647): [MSG-P:RECV]:No message received in 1000 ms
11-29 03:18:56.907 I/auditd ( 0): type=1400 audit(0.0:535): avc: denied { kill } for comm="swapper/2" capability=5 scontext=u:r:kernel:s0 tcontext=u:r:kernel:s0 tclass=capability permissive=0
11-29 03:18:56.907 W/swapper/2( 0): type=1400 audit(0.0:535): avc: denied { kill } for capability=5 scontext=u:r:kernel:s0 tcontext=u:r:kernel:s0 tclass=capability permissive=0
11-29 03:18:56.925 I/mpu_uart( 647): [MSG-P:RECV]:No message received in 1000 ms
11-29 03:18:57.054 I/ScreenSaver_12( 4109): [PeriodicCallbackModel] Executing periodic callback for MINUTE because the period ended
11-29 03:18:57.078 I/mpu_uart( 647): [MSG-P:R]:recv sync frame timeout
11-29 03:18:57.128 I/selfinstaller( 1200): create socket failed: No route to host 113
11-29 03:18:57.533 E/spcomlib( 566): [spcom_wait_for_event] event [1] [nvm_ready] EVENT_STATUS_TIMEOUT
11-29 03:18:57.533 E/spdaemon( 566): spcom_wait_for_nvm_ready() failed. ret [-110] [Connection timed out].
11-29 03:18:57.533 E/spdaemon( 566): Initial SP initialization failed. ret [-110].
11-29 03:18:57.533 D/spdaemon( 566): going to sleep for a day.
11-29 03:18:57.907 I/auditd ( 0): type=1400 audit(0.0:536): avc: denied { kill } for comm="swapper/2" capability=5 scontext=u:r:kernel:s0 tcontext=u:r:kernel:s0 tclass=capability permissive=0
11-29 03:18:57.907 W/swapper/2( 0): type=1400 audit(0.0:536): avc: denied { kill } for capability=5 scontext=u:r:kernel:s0 tcontext=u:r:kernel:s0 tclass=capability permissive=0
11-29 03:18:57.925 I/mpu_uart( 647): [MSG-P:RECV]:No message received in 1000 ms
11-29 03:18:58.907 I/auditd ( 0): type=1400 audit(0.0:537): avc: denied { kill } for comm="swapper/2" capability=5 scontext=u:r:kernel:s0 tcontext=u:r:kernel:s0 tclass=capability permissive=0
11-29 03:18:58.907 W/swapper/2( 0): type=1400 audit(0.0:537): avc: denied { kill } for capability=5 scontext=u:r:kernel:s0 tcontext=u:r:kernel:s0 tclass=capability permissive=0
11-29 03:18:58.925 I/mpu_uart( 647): [MSG-P:RECV]:No message received in 1000 ms
11-29 03:18:59.474 I/hpplay-java( 2727): [main]:IMTask:getIMRoot
11-29 03:18:59.574 D/ConnectivityService( 1496): Data stall detected with methods: 1
11-29 03:18:59.575 D/NetworkMonitor/100( 2199): isDataStall: result=1, tcp packets received=0, latest tcp fail rate=-1, consecutive dns timeout count=57
11-29 03:18:59.575 D/NetworkMonitor/100( 2199): Suspecting data stall, reevaluate
11-29 03:18:59.577 D/NetworkMonitor/100( 2199): Validation disabled.
11-29 03:18:59.583 D/ConnectivityService( 1496): [100 WIFI] validation passed
11-29 03:18:59.907 I/auditd ( 0): type=1400 audit(0.0:538): avc: denied { kill } for comm="swapper/2" capability=5 scontext=u:r:kernel:s0 tcontext=u:r:kernel:s0 tclass=capability permissive=0
11-29 03:18:59.907 W/swapper/2( 0): type=1400 audit(0.0:538): avc: denied { kill } for capability=5 scontext=u:r:kernel:s0 tcontext=u:r:kernel:s0 tclass=capability permissive=0
11-29 03:18:59.925 I/mpu_uart( 647): [MSG-P:RECV]:No message received in 1000 ms
11-29 03:19:00.003 D/KeyguardUpdateMonitor( 1991): received broadcast android.intent.action.TIME_TICK
11-29 03:19:00.003 D/KeyguardUpdateMonitor( 1991): handleTimeUpdate
11-29 03:19:00.081 I/mpu_uart( 647): [MSG-P:R]:recv sync frame timeout
11-29 03:19:00.907 I/auditd ( 0): type=1400 audit(0.0:539): avc: denied { kill } for comm="swapper/1" capability=5 scontext=u:r:kernel:s0 tcontext=u:r:kernel:s0 tclass=capability permissive=0
11-29 03:19:00.907 W/swapper/1( 0): type=1400 audit(0.0:539): avc: denied { kill } for capability=5 scontext=u:r:kernel:s0 tcontext=u:r:kernel:s0 tclass=capability permissive=0
11-29 03:19:00.929 I/mpu_uart( 647): [MSG-P:RECV]:No message received in 1000 ms
11-29 03:19:01.573 D/DhcpClient( 2199): Received packet: 50:84:92:5e:7c:11 ACK: your new IP /10.1.1.111, netmask /255.255.255.0, gateways [/10.1.1.1] DNS servers: /10.1.1.1 , lease time 30
11-29 03:19:01.854 E/NtpTimeHelper( 1496): requestTime failed
11-29 03:19:01.907 I/auditd ( 0): type=1400 audit(0.0:540): avc: denied { kill } for comm="swapper/1" capability=5 scontext=u:r:kernel:s0 tcontext=u:r:kernel:s0 tclass=capability permissive=0
11-29 03:19:01.907 W/swapper/1( 0): type=1400 audit(0.0:540): avc: denied { kill } for capability=5 scontext=u:r:kernel:s0 tcontext=u:r:kernel:s0 tclass=capability permissive=0
11-29 03:19:01.929 I/mpu_uart( 647): [MSG-P:RECV]:No message received in 1000 ms
11-29 03:19:02.516 I/input_interaction( 1496): Interaction with: 41a4434 com.thundercomm.screensaver/android.service.dreams.DreamActivity (server), edge-swipe (server), swipe-up (server), PointerEventDispatcher0 (server),
11-29 03:19:02.522 I/wm_finish_activity( 1496): [0,112730658,265,com.thundercomm.screensaver/android.service.dreams.DreamActivity,finish-activity]
11-29 03:19:02.522 I/wm_task_moved( 1496): [8,1,6]
11-29 03:19:02.522 I/wm_task_to_front( 1496): [0,8]
11-29 03:19:02.524 I/wm_focused_root_task( 1496): [0,0,8,265,finish-top adjustFocusToNextFocusableTask]
11-29 03:19:02.524 D/ActivityTrigger( 1496): ActivityTrigger activityPauseTrigger
11-29 03:19:02.525 I/wm_pause_activity( 1496): [0,112730658,com.thundercomm.screensaver/android.service.dreams.DreamActivity,userLeaving=false,finish]
11-29 03:19:02.532 I/sysui_multi_action( 1496): [757,803,799,window_time_0,802,280]
11-29 03:19:02.532 I/DreamManagerService( 1496): Gently waking up from dream.
11-29 03:19:02.534 I/wm_on_top_resumed_lost_called( 4109): [112730658,android.service.dreams.DreamActivity,topStateChangedWhenResumed]
11-29 03:19:02.534 I/DreamManagerService( 1496): Performing gentle wake from dream.
11-29 03:19:02.535 I/wm_on_paused_called( 4109): [112730658,android.service.dreams.DreamActivity,performPause]
11-29 03:19:02.535 I/wm_add_to_stopping( 1496): [0,112730658,com.thundercomm.screensaver/android.service.dreams.DreamActivity,completeFinishing]
11-29 03:19:02.536 I/ActivityTaskManager( 1496): FOREGROUND_APPLICATION_CHANGED to com.android.systemui.usb.UsbDebuggingActivity
11-29 03:19:02.538 I/wm_set_resumed_activity( 1496): [0,com.android.systemui/.usb.UsbDebuggingActivity,resumeTopActivityInnerLocked]
11-29 03:19:02.538 D/KeyguardViewMediator( 1991): setOccluded false
11-29 03:19:02.539 D/StatusBar( 1991): disable disable2
11-29 03:19:02.541 D/KeyguardViewMediator( 1991): adjustStatusBarLocked: mShowing=false mOccluded=false isSecure=false force=false --> flags=0x0
11-29 03:19:02.544 I/wm_resume_activity( 1496): [0,34066703,8,com.android.systemui/.usb.UsbDebuggingActivity]
11-29 03:19:02.552 I/wm_on_restart_called( 2495): [261032637,com.android.launcher3.uioverrides.QuickstepLauncher,performRestartActivity]
11-29 03:19:02.552 I/wm_on_start_called( 2495): [261032637,com.android.launcher3.uioverrides.QuickstepLauncher,handleStartActivity]
11-29 03:19:02.556 I/wm_on_restart_called( 1991): [34066703,com.android.systemui.usb.UsbDebuggingActivity,performRestartActivity]
11-29 03:19:02.557 I/wm_on_start_called( 1991): [34066703,com.android.systemui.usb.UsbDebuggingActivity,handleStartActivity]
11-29 03:19:02.558 I/wm_on_resume_called( 1991): [34066703,com.android.systemui.usb.UsbDebuggingActivity,RESUME_ACTIVITY]
11-29 03:19:02.558 I/wm_on_top_resumed_gained_called( 1991): [34066703,com.android.systemui.usb.UsbDebuggingActivity,topWhenResuming]
11-29 03:19:02.560 I/GameMode_ActivityMonitoringService( 3709): onForegroundActivitiesChanged uid 10077 pid 2495 fg true
11-29 03:19:02.561 I/sysui_multi_action( 1496): [757,803,799,window_time_0,802,0]
11-29 03:19:02.562 I/BpBinder( 969): onLastStrongRef automatically unlinking death recipients:
11-29 03:19:02.565 I/input_focus( 1496): [Focus leaving 41a4434 com.thundercomm.screensaver/android.service.dreams.DreamActivity (server),reason=NO_WINDOW]
11-29 03:19:02.568 I/view_enqueue_input_event( 4109): [Motion - Cancel,com.thundercomm.screensaver/android.service.dreams.DreamActivity]
11-29 03:19:02.574 I/GameMode_ActivityMonitoringService( 3709): Updating top task to: TaskInfoContainer [topActivity=ComponentInfo{com.android.systemui/com.android.systemui.usb.UsbDebuggingActivity}, taskId=8, stackId=8, userId=0, displayId=0, position=6
11-29 03:19:02.574 I/GameMode_ActivityMonitoringService( 3709): Notifying about top task: TaskInfoContainer [topActivity=ComponentInfo{com.android.systemui/com.android.systemui.usb.UsbDebuggingActivity}, taskId=8, stackId=8, userId=0, displayId=0, position=6
11-29 03:19:02.574 E/GameMode_ActivityMonitoringService( 3709): onActivityLaunch:com.android.systemui
11-29 03:19:02.575 V/GameMode_GameTypeUtils( 3709): judge isGame:com.android.systemui
11-29 03:19:02.575 V/GameMode_GpuUtils( 3709): fps:60
11-29 03:19:02.577 D/GameMode_GameModeActionUtils( 3709): Show GameMode entry by service!
11-29 03:19:02.577 W/ContextImpl( 3709): Calling a method in the system process without a qualified user: android.app.ContextImpl.startService:1816 android.content.ContextWrapper.startService:774 com.thundercomm.gamemode.ingame.services.GameModeActionUtils.startGameModeService:93 com.thundercomm.gamemode.ingame.services.GameModeActionUtils.startGameModeEntry:21 com.thundercomm.gamemode.ingame.services.ActivityMonitoringService$1.onActivityLaunch:127
11-29 03:19:02.579 I/input_focus( 1496): [Focus request 8b3f093 com.android.systemui/com.android.systemui.usb.UsbDebuggingActivity,reason=UpdateInputWindows]
11-29 03:19:02.581 D/GameModeIF_GameModeSettings( 3709): getUriFor setting_content_uri_root = content://com.thundercomm.gamemode.api/gamemode_settings , name = gamemode_isgaming
11-29 03:19:02.581 I/am_pss ( 1496): [3554,10094,com.android.permissioncontroller,13683712,11677696,0,104132608,0,19,6]
11-29 03:19:02.584 D/GameMode_GameModeService( 3709): type=hide_entry
11-29 03:19:02.587 I/GameModeConfig( 1496): Current uri is uri = content://com.thundercomm.gamemode.api/gamemode_settings/gamemode_isgaming
11-29 03:19:02.587 D/GameModeIF_GameModeSettings( 1496): getUriFor setting_content_uri_root = content://com.thundercomm.gamemode.api/gamemode_settings , name = gamemode_isgaming
11-29 03:19:02.588 D/GameModeIF_GameModeSettings( 3709): gamemode_isgaming set to 0
11-29 03:19:02.588 I/am_uid_active( 1496): 10063
11-29 03:19:02.590 D/GameMode_GameSettingsObserver( 3709): Game Data change!!!! uri = content://com.thundercomm.gamemode.api/gamemode_settings/gamemode_isgaming
11-29 03:19:02.590 D/GameModeIF_GameModeSettings( 3709): getUriFor setting_content_uri_root = content://com.thundercomm.gamemode.api/gamemode_settings , name = gamemode_isgaming
11-29 03:19:02.591 I/GameModeConfig( 1496): isGameModeOn = false
11-29 03:19:02.591 I/GameModeConfig( 1496): isGameModeOn = false
11-29 03:19:02.591 I/GameModeConfig( 1496): isDisableVoice = true
11-29 03:19:02.593 D/GameMode_GameModeService( 3709): updateGlobalSettings = gamemode_isgaming
11-29 03:19:02.600 I/am_pss ( 1496): [3884,10056,com.qualcomm.qti.qms.service.trustzoneaccess,5446656,3760128,0,92385280,0,19,6]
11-29 03:19:02.606 I/am_pss ( 1496): [3575,10028,com.android.providers.calendar,7094272,5189632,0,98922496,0,19,5]
11-29 03:19:02.612 I/am_pss ( 1496): [2643,10068,com.android.deskclock,11334656,8441856,0,104513536,0,19,5]
11-29 03:19:02.619 I/am_pss ( 1496): [3004,10022,android.process.media,11327488,9437184,0,102952960,0,19,6]
11-29 03:19:02.625 I/am_pss ( 1496): [3732,10025,com.android.externalstorage,5377024,3796992,0,92389376,0,19,5]
11-29 03:19:02.631 I/input_focus( 1496): [Focus entering 8b3f093 com.android.systemui/com.android.systemui.usb.UsbDebuggingActivity (server),reason=Window became focusable. Previous reason: NOT_VISIBLE]
11-29 03:19:02.632 I/am_pss ( 1496): [3709,1000,com.thundercomm.gamemode,17332224,13537280,0,121139200,0,10,7]
11-29 03:19:02.639 I/am_pss ( 1496): [2969,10088,com.qualcomm.qtil.aptxui,7029760,5550080,0,92155904,0,19,4]
11-29 03:19:02.645 I/am_pss ( 1496): [3688,10054,com.qualcomm.qti.qms.service.connectionsecurity,18746368,4308992,0,77668352,0,19,5]
11-29 03:19:02.646 I/GameMode_ActivityMonitoringService( 3709): onTaskStackChanged
11-29 03:19:02.652 I/GameMode_ActivityMonitoringService( 3709): Updating top task to: TaskInfoContainer [topActivity=ComponentInfo{com.android.systemui/com.android.systemui.usb.UsbDebuggingActivity}, taskId=8, stackId=8, userId=0, displayId=0, position=6
11-29 03:19:02.652 I/GameMode_ActivityMonitoringService( 3709): Notifying about top task: TaskInfoContainer [topActivity=ComponentInfo{com.android.systemui/com.android.systemui.usb.UsbDebuggingActivity}, taskId=8, stackId=8, userId=0, displayId=0, position=6
11-29 03:19:02.652 E/GameMode_ActivityMonitoringService( 3709): onActivityLaunch:com.android.systemui
11-29 03:19:02.652 V/GameMode_GameTypeUtils( 3709): judge isGame:com.android.systemui
11-29 03:19:02.652 I/am_pss ( 1496): [2521,10083,com.qualcomm.qti.qccauthmgr,6056960,4247552,0,96448512,0,19,5]
11-29 03:19:02.652 V/GameMode_GpuUtils( 3709): fps:60
11-29 03:19:02.655 D/GameMode_GameModeActionUtils( 3709): Show GameMode entry by service!
11-29 03:19:02.655 W/ContextImpl( 3709): Calling a method in the system process without a qualified user: android.app.ContextImpl.startService:1816 android.content.ContextWrapper.startService:774 com.thundercomm.gamemode.ingame.services.GameModeActionUtils.startGameModeService:93 com.thundercomm.gamemode.ingame.services.GameModeActionUtils.startGameModeEntry:21 com.thundercomm.gamemode.ingame.services.ActivityMonitoringService$1.onActivityLaunch:127
11-29 03:19:02.657 D/GameMode_GameModeService( 3709): type=hide_entry
11-29 03:19:02.658 D/GameModeIF_GameModeSettings( 3709): getUriFor setting_content_uri_root = content://com.thundercomm.gamemode.api/gamemode_settings , name = gamemode_isgaming
11-29 03:19:02.658 I/am_pss ( 1496): [3618,1001,com.android.phone,7737344,5750784,0,94588928,0,19,5]
11-29 03:19:02.660 I/GameModeConfig( 1496): Current uri is uri = content://com.thundercomm.gamemode.api/gamemode_settings/gamemode_isgaming
11-29 03:19:02.660 D/GameModeIF_GameModeSettings( 1496): getUriFor setting_content_uri_root = content://com.thundercomm.gamemode.api/gamemode_settings , name = gamemode_isgaming
11-29 03:19:02.660 D/GameMode_GameSettingsObserver( 3709): Game Data change!!!! uri = content://com.thundercomm.gamemode.api/gamemode_settings/gamemode_isgaming
11-29 03:19:02.660 D/GameModeIF_GameModeSettings( 3709): getUriFor setting_content_uri_root = content://com.thundercomm.gamemode.api/gamemode_settings , name = gamemode_isgaming
11-29 03:19:02.660 D/GameModeIF_GameModeSettings( 3709): gamemode_isgaming set to 0
11-29 03:19:02.662 I/GameModeConfig( 1496): isGameModeOn = false
11-29 03:19:02.662 I/GameModeConfig( 1496): isGameModeOn = false
11-29 03:19:02.662 I/GameModeConfig( 1496): isDisableVoice = true
11-29 03:19:02.664 I/am_pss ( 1496): [3600,2000,com.android.shell,5791744,4206592,0,92897280,0,19,5]
11-29 03:19:02.667 I/PowerManagerService( 1496): Powering on display group fromDreaming (groupId=0, uid=1000, reason=WAKE_REASON_UNKNOWN, details=android.server.power:DREAM_FINISHED)...
11-29 03:19:02.668 I/PowerManagerService( 1496): Waking up from Dreaming (uid=1000, reason=WAKE_REASON_UNKNOWN, details=android.server.power:DREAM_FINISHED)...
11-29 03:19:02.668 D/GameMode_GameModeService( 3709): updateGlobalSettings = gamemode_isgaming
11-29 03:19:02.672 I/am_pss ( 1496): [2394,1000,com.android.settings,29846528,26157056,0,134623232,0,19,6]
11-29 03:19:02.678 I/am_pss ( 1496): [3530,10018,com.android.packageinstaller,6984704,5505024,0,92049408,0,19,5]
11-29 03:19:02.685 I/am_pss ( 1496): [2886,1000,com.android.keychain,8062976,6500352,0,94883840,0,19,6]
11-29 03:19:02.691 I/am_pss ( 1496): [3505,10060,com.android.onetimeinitializer,4995072,3469312,0,91095040,0,19,5]
11-29 03:19:02.697 I/am_pss ( 1496): [3177,10032,android.process.acore,12703744,9277440,0,117432320,0,19,5]
11-29 03:19:02.704 I/am_pss ( 1496): [3479,10090,com.android.music,7801856,6213632,0,95109120,0,19,5]
11-29 03:19:02.710 I/am_pss ( 1496): [3463,10035,com.android.managedprovisioning,8687616,7122944,0,95211520,0,19,5]
11-29 03:19:02.718 I/am_pss ( 1496): [3428,1000,com.android.dynsystem:dynsystem,5541888,3833856,0,92250112,0,19,5]
11-29 03:19:02.724 I/am_pss ( 1496): [3412,1000,com.android.dynsystem,5244928,3657728,0,91250688,0,19,5]
11-29 03:19:02.728 I/am_pss ( 1496): [3376,1000,com.android.localtransport,5308416,3747840,0,91983872,0,19,4]
11-29 03:19:02.735 I/am_pss ( 1496): [3384,10064,com.android.calendar,6339584,4796416,0,92528640,0,19,5]
11-29 03:19:02.742 I/am_pss ( 1496): [3357,10020,com.hryt.hiphishowfsecontrol,17984512,14839808,0,107577344,0,19,6]
11-29 03:19:02.747 I/am_pss ( 1496): [3124,1000,com.qti.diagservices,5748736,3801088,0,95911936,0,10,4]
11-29 03:19:02.754 I/am_pss ( 1496): [3052,10031,com.android.traceur,8709120,5832704,0,97087488,0,19,6]
11-29 03:19:02.759 I/am_pss ( 1496): [2807,10089,com.qualcomm.qti.workloadclassifier,8050688,6496256,0,94171136,0,0,5]
11-29 03:19:02.764 I/am_pss ( 1496): [2802,10085,com.qualcomm.qti.qccnetstat,5805056,4227072,0,92491776,0,0,4]
11-29 03:19:02.770 I/am_pss ( 1496): [2757,10072,com.qualcomm.qti.services.systemhelper:systemhelper_service,6085632,4427776,0,94556160,0,0,5]
11-29 03:19:02.775 I/am_pss ( 1496): [2751,10053,.pasr,5110784,3612672,0,90116096,0,0,4]
11-29 03:19:02.780 I/am_pss ( 1496): [2735,10055,ts.car.uart,5873664,4374528,0,91222016,0,0,4]
11-29 03:19:02.787 I/am_pss ( 1496): [2727,10087,com.hht.lebocast,36549632,18817024,0,106110976,0,0,6]
11-29 03:19:02.793 I/am_pss ( 1496): [2375,1000,com.qualcomm.qti.qdma,9427968,6451200,0,106921984,0,0,6]
11-29 03:19:02.800 I/am_pss ( 1496): [3094,10069,com.qualcomm.qti.devicestatisticsservice,5082112,3588096,0,89960448,0,0,5]
11-29 03:19:02.806 I/am_pss ( 1496): [2347,1000,com.thundercomm.tcservice,8085504,6389760,0,96931840,0,0,6]
11-29 03:19:02.812 I/am_pss ( 1496): [2279,1068,com.android.se,5501952,3936256,0,92413952,0,0,5]
11-29 03:19:02.818 I/am_pss ( 1496): [2247,10086,com.qti.qualcomm.mstatssystemservice,5192704,3690496,0,90726400,0,0,5]
11-29 03:19:02.824 I/am_pss ( 1496): [2287,1000,com.thundercomm.remotecontrolservice,8921088,6795264,0,101867520,0,0,6]
11-29 03:19:02.829 I/am_pss ( 1496): [2236,1000,vendor.qti.qesdk.sysservice,5254144,3682304,0,92139520,0,0,4]
11-29 03:19:02.836 I/am_pss ( 1496): [2196,1000,com.tc.logclient,7410688,5505024,0,99938304,0,0,5]
11-29 03:19:02.842 I/am_pss ( 1496): [2210,1000,com.thundercomm.tcsetupwizard,6481920,4984832,0,92123136,0,0,6]
11-29 03:19:02.847 I/am_pss ( 1496): [2189,1000,com.thundercomm.tchttpserver,7726080,6098944,0,95301632,0,0,5]
11-29 03:19:02.855 I/am_pss ( 1496): [2127,1000,com.thundercomm.microsettings,28916736,18243584,0,131792896,0,0,6]
11-29 03:19:02.860 I/am_pss ( 1496): [2142,10057,.qtidataservices,5628928,4091904,0,92217344,0,0,5]
11-29 03:19:02.866 I/am_pss ( 1496): [2062,1000,com.thundercomm.microservice,8425472,6844416,0,95817728,0,0,5]
11-29 03:19:02.907 I/auditd ( 0): type=1400 audit(0.0:541): avc: denied { kill } for comm="swapper/1" capability=5 scontext=u:r:kernel:s0 tcontext=u:r:kernel:s0 tclass=capability permissive=0
11-29 03:19:02.907 W/swapper/1( 0): type=1400 audit(0.0:541): avc: denied { kill } for capability=5 scontext=u:r:kernel:s0 tcontext=u:r:kernel:s0 tclass=capability permissive=0
11-29 03:19:02.929 I/mpu_uart( 647): [MSG-P:RECV]:No message received in 1000 ms
11-29 03:19:03.084 I/mpu_uart( 647): [MSG-P:R]:recv sync frame timeout
11-29 03:19:03.139 I/wm_destroy_activity( 1496): [0,112730658,265,com.thundercomm.screensaver/android.service.dreams.DreamActivity,finish-imm:idle]
11-29 03:19:03.143 I/GameMode_ActivityMonitoringService( 3709): onForegroundActivitiesChanged uid 10052 pid 4109 fg false
11-29 03:19:03.152 I/GameMode_ActivityMonitoringService( 3709): Updating top task to: TaskInfoContainer [topActivity=ComponentInfo{com.android.systemui/com.android.systemui.usb.UsbDebuggingActivity}, taskId=8, stackId=8, userId=0, displayId=0, position=6
11-29 03:19:03.152 I/GameMode_ActivityMonitoringService( 3709): Notifying about top task: TaskInfoContainer [topActivity=ComponentInfo{com.android.systemui/com.android.systemui.usb.UsbDebuggingActivity}, taskId=8, stackId=8, userId=0, displayId=0, position=6
11-29 03:19:03.152 E/GameMode_ActivityMonitoringService( 3709): onActivityLaunch:com.android.systemui
11-29 03:19:03.152 V/GameMode_GameTypeUtils( 3709): judge isGame:com.android.systemui
11-29 03:19:03.152 V/GameMode_GpuUtils( 3709): fps:60
11-29 03:19:03.155 D/GameMode_GameModeActionUtils( 3709): Show GameMode entry by service!
11-29 03:19:03.156 W/ContextImpl( 3709): Calling a method in the system process without a qualified user: android.app.ContextImpl.startService:1816 android.content.ContextWrapper.startService:774 com.thundercomm.gamemode.ingame.services.GameModeActionUtils.startGameModeService:93 com.thundercomm.gamemode.ingame.services.GameModeActionUtils.startGameModeEntry:21 com.thundercomm.gamemode.ingame.services.ActivityMonitoringService$1.onActivityLaunch:127
11-29 03:19:03.158 I/wm_on_stop_called( 4109): [112730658,android.service.dreams.DreamActivity,LIFECYCLER_STOP_ACTIVITY]
11-29 03:19:03.159 I/wm_on_destroy_called( 4109): [112730658,android.service.dreams.DreamActivity,performDestroy]
11-29 03:19:03.160 D/GameMode_GameModeService( 3709): type=hide_entry
11-29 03:19:03.162 D/GameModeIF_GameModeSettings( 3709): getUriFor setting_content_uri_root = content://com.thundercomm.gamemode.api/gamemode_settings , name = gamemode_isgaming
11-29 03:19:03.165 I/DreamManagerService( 1496): Leaving dreamland.
11-29 03:19:03.166 I/GameModeConfig( 1496): Current uri is uri = content://com.thundercomm.gamemode.api/gamemode_settings/gamemode_isgaming
11-29 03:19:03.166 D/GameModeIF_GameModeSettings( 1496): getUriFor setting_content_uri_root = content://com.thundercomm.gamemode.api/gamemode_settings , name = gamemode_isgaming
11-29 03:19:03.166 D/GameMode_GameSettingsObserver( 3709): Game Data change!!!! uri = content://com.thundercomm.gamemode.api/gamemode_settings/gamemode_isgaming
11-29 03:19:03.166 D/GameModeIF_GameModeSettings( 3709): getUriFor setting_content_uri_root = content://com.thundercomm.gamemode.api/gamemode_settings , name = gamemode_isgaming
11-29 03:19:03.166 D/GameModeIF_GameModeSettings( 3709): gamemode_isgaming set to 0
11-29 03:19:03.169 D/GameMode_GameModeService( 3709): updateGlobalSettings = gamemode_isgaming
11-29 03:19:03.171 I/DreamManagerService( 1496): Performing gentle wake from dream.
11-29 03:19:03.171 I/DreamController( 1496): Stopping dream: name=ComponentInfo{com.thundercomm.screensaver/com.thundercomm.saverclock.service.ClockScreensaver}, isTest=false, canDoze=false, userId=0, reason='finished self'(from 'finished self')
11-29 03:19:03.171 I/sysui_multi_action( 1496): [757,222,758,2]
11-29 03:19:03.172 I/sysui_multi_action( 1496): [757,804,799,dreaming_minutes,801,4,802,1]
11-29 03:19:03.172 W/InputManager-JNI( 1496): Input channel object '41a4434 com.thundercomm.screensaver/android.service.dreams.DreamActivity (client)' was disposed without first being removed with the input manager!
11-29 03:19:03.174 I/GameModeConfig( 1496): isGameModeOn = false
11-29 03:19:03.174 I/GameModeConfig( 1496): isGameModeOn = false
11-29 03:19:03.174 I/GameModeConfig( 1496): isDisableVoice = true
11-29 03:19:03.182 I/wm_task_removed( 1496): [265,removeChild:removeChild last r=ActivityRecord{6b82222 u0 com.thundercomm.screensaver/android.service.dreams.DreamActivity t-1 f}} in t=Task{aafe8c9 #265 type=dream A=10052:android:com.thundercomm.screensaver/dream U=0 visible=false mode=fullscreen translucent=true sz=0}]
11-29 03:19:03.182 I/wm_task_removed( 1496): [265,removeChild]
11-29 03:19:03.189 W/ActivityTaskManager( 1496): Can't find TaskDisplayArea to determine support for multi window. Task id=265 attached=false
11-29 03:19:03.196 W/Choreographer( 1496): Frame time is 0.200379 ms in the future! Check that graphics HAL is generating vsync timestamps using the correct timebase.
11-29 03:19:03.196 W/Choreographer( 1991): Frame time is 0.198921 ms in the future! Check that graphics HAL is generating vsync timestamps using the correct timebase.
11-29 03:19:03.486 D/DhcpClient( 2199): Unicasting DHCPREQUEST ciaddr=10.1.1.100 request=0.0.0.0 serverid=null to /10.1.1.1:67
11-29 03:19:03.728 D/DhcpClient( 2199): Received packet: 46:9b:5c:c6:13:95 ACK: your new IP /10.1.1.100, netmask /255.255.255.0, gateways [/10.1.1.1] DNS servers: /10.1.1.1 , lease time 30
11-29 03:19:03.731 D/DhcpClient( 2199): Renewed lease: android.net.networkstack.DhcpResults@df92895 DHCP server /10.1.1.1 Vendor info null lease 30 seconds Servername
11-29 03:19:03.740 D/DhcpClient( 2199): Scheduling renewal in 29s
11-29 03:19:03.741 D/DhcpClient( 2199): Scheduling rebind in 52s
11-29 03:19:03.741 D/DhcpClient( 2199): Scheduling expiry in 59s
11-29 03:19:03.754 D/SettingMicroservices( 2127): WifiReceiver:
11-29 03:19:03.755 D/SettingMicroservices( 2127): WifiReceiver NetworkInfo.State.CONNECTED
11-29 03:19:03.755 D/SettingMicroservices( 2127): doNetworkSync: mIDCMNetworkState: -1 mIsFSEMNetworkWiFi: true
11-29 03:19:03.755 D/SettingMicroservices( 2127): Change Network Preference to TYPE_ETHERNET.
11-29 03:19:03.756 D/BluetoothAdapterService( 1974): android.net.wifi.STATE_CHANGE
11-29 03:19:03.759 W/BluetoothAdapterService( 1974): fetchWifiState - isWifiConnected =true
11-29 03:19:03.759 D/BluetoothVendorService( 1974): setWifiState to: true
11-29 03:19:03.759 I/BluetoothVendorJni( 1974): setWifiStateNative
11-29 03:19:03.759 I/bt_btif_vendor( 1974): setWifiState :1
11-29 03:19:03.769 I/input_interaction( 1496): Interaction with: 8b3f093 com.android.systemui/com.android.systemui.usb.UsbDebuggingActivity (server), edge-swipe (server), swipe-up (server), PointerEventDispatcher0 (server),
11-29 03:19:03.889 I/wm_finish_activity( 1496): [0,34066703,8,com.android.systemui/.usb.UsbDebuggingActivity,app-request]
11-29 03:19:03.889 I/wm_task_moved( 1496): [263,1,6]
11-29 03:19:03.889 I/adbd ( 2669): adbd_auth: received packet: OK
11-29 03:19:03.890 D/AdbDebuggingManager( 1496): Logging key QAAAAG97JpZxvIK4efE+NkcibYsENv1AxVG7RRQH5Z9frNxNkoPFpKfjjSwJKUy7DkhDRdIrjvIkgAB2Z+1ObkoCdsjGjbXFFOtUvtK/aUBBUOvjzr2ROKhQipeWtk10CSKhUimdFU2hT0Rs0qwCdntCr3x5zJ4D5JSD6F1r6OUVgVb7bmEUeuoiN7mvj8t1vmU/tRQ7oz4IOVlp1oKMc+zob0xQ3VCKxFmqqSty3dqiV/LOxclbMZHcN0JpgoA5dBlSbr5sRxDNvUqtOMPUiY5SlFHUIvjEU6wYaGxsFCigO4a3KEnUVHwLek/I51oZuLLTEVxSkoClfe8stOhL29qUlncXKomlO5Xrd6KeSI8HacwG00YG89yDMyCsuH1xfPqhftaU+mjENo4dR0lk5OQa5B5djZS6jyWPNT1ALdwEBjZs3E1a/c4l+YcevTMwVH32ud9imhSmc0J+sq1CkmBn4ICCzb7TUKzPSPVJoDZkRlGOJQn603sSTSw91R76MlPLSxNMURaiKBGhIrQViJZge/2PSbLv/UVBmN7qjXa/88JhNrJ5mIWQEvbAu26cSbu6E2608g1IH4y3vMbJDQ4nIjgz1W9LXekLPuD3BdHUTzLDWLiOMXpM+K86701fRvWt5RWYynOwHXNPdQx/ArXANQhvVeKl52s5/tWusvFP1YON03wfHQEAAQA= thundersoft@DESKTOP-17ME0V2, state = 2, alwaysAllow = false, lastConnectionTime = 0, authWindow = 604800000
11-29 03:19:03.890 I/adbd ( 2669): adb client 0 authorized
11-29 03:19:03.890 I/adbd ( 2669): adbd_auth: no prompts to send
11-29 03:19:03.890 I/adbd ( 2669): adb client authorized
11-29 03:19:03.892 I/wm_task_moved( 1496): [264,1,2147483647]
11-29 03:19:03.892 I/wm_task_to_front( 1496): [0,264]
11-29 03:19:03.892 I/wm_focused_root_task( 1496): [0,0,263,-1,finish-top adjustFocusToNextFocusableTask]
11-29 03:19:03.898 D/ActivityTrigger( 1496): ActivityTrigger activityPauseTrigger
11-29 03:19:03.899 I/wm_pause_activity( 1496): [0,34066703,com.android.systemui/.usb.UsbDebuggingActivity,userLeaving=false,finish]
11-29 03:19:03.905 I/input_focus( 1496): [Focus request e452379 com.android.launcher3/com.android.launcher3.uioverrides.QuickstepLauncher,reason=UpdateInputWindows]
11-29 03:19:03.906 I/wm_on_top_resumed_lost_called( 1991): [34066703,com.android.systemui.usb.UsbDebuggingActivity,topStateChangedWhenResumed]
11-29 03:19:03.912 I/wm_on_paused_called( 1991): [34066703,com.android.systemui.usb.UsbDebuggingActivity,performPause]
11-29 03:19:03.914 I/ActivityTaskManager( 1496): FOREGROUND_APPLICATION_CHANGED to com.android.launcher3.uioverrides.QuickstepLauncher
11-29 03:19:03.916 I/wm_set_resumed_activity( 1496): [0,com.android.launcher3/.uioverrides.QuickstepLauncher,resumeTopActivityInnerLocked]
11-29 03:19:03.924 I/wm_resume_activity( 1496): [0,261032637,264,com.android.launcher3/.uioverrides.QuickstepLauncher]
11-29 03:19:03.925 I/wm_on_resume_called( 2495): [261032637,com.android.launcher3.uioverrides.QuickstepLauncher,RESUME_ACTIVITY]
11-29 03:19:03.925 I/wm_on_top_resumed_gained_called( 2495): [261032637,com.android.launcher3.uioverrides.QuickstepLauncher,topWhenResuming]
11-29 03:19:03.930 I/mpu_uart( 647): [MSG-P:RECV]:No message received in 1000 ms
11-29 03:19:03.932 I/BpBinder( 969): onLastStrongRef automatically unlinking death recipients:
11-29 03:19:03.935 I/input_focus( 1496): [Focus leaving 8b3f093 com.android.systemui/com.android.systemui.usb.UsbDebuggingActivity (server),reason=NO_WINDOW]
11-29 03:19:03.935 I/input_focus( 1496): [Focus entering e452379 com.android.launcher3/com.android.launcher3.uioverrides.QuickstepLauncher (server),reason=setFocusedWindow]
11-29 03:19:03.939 I/sysui_multi_action( 1496): [757,803,799,window_time_0,802,1]
11-29 03:19:03.944 I/wm_destroy_activity( 1496): [0,34066703,8,com.android.systemui/.usb.UsbDebuggingActivity,finish-idle]
11-29 03:19:03.953 I/wm_on_stop_called( 1991): [34066703,com.android.systemui.usb.UsbDebuggingActivity,LIFECYCLER_STOP_ACTIVITY]
11-29 03:19:03.953 I/wm_on_destroy_called( 1991): [34066703,com.android.systemui.usb.UsbDebuggingActivity,performDestroy]
11-29 03:19:03.956 D/OpenGLRenderer( 1991): endAllActiveAnimators on 0xb4000072b505dbb0 (RippleDrawable) with handle 0xb4000071c4f7a8a0
