11-29 03:13:51.994 I/am_proc_start( 1496): [0,2199,1073,com.android.networkstack.process,added application,com.android.networkstack.process]
11-29 03:13:51.994 W/ActivityManager( 1496): Slow operation: 136ms so far, now at startProcess: building log message
11-29 03:13:51.994 I/ActivityManager( 1496): Start proc 2199:com.android.networkstack.process/1073 for added application com.android.networkstack.process
11-29 03:13:51.994 W/ActivityManager( 1496): Slow operation: 136ms so far, now at startProcess: starting to update pids map
11-29 03:13:51.994 W/ActivityManager( 1496): Slow operation: 136ms so far, now at startProcess: done updating pids map
11-29 03:13:51.994 W/ActivityManager( 1496): Slow operation: 135ms so far, now at startProcess: asking zygote to start proc
11-29 03:13:51.997 W/iorapd ( 1164): Readahead disabled by system property
11-29 03:13:51.997 W/iorapd ( 1164): Reconnect to package manager service: 1 times
11-29 03:13:51.998 D/CompatibilityChangeReporter( 1496): Compat change id reported: 171306433; UID 1000; state: ENABLED
11-29 03:13:52.004 W/ActivityManager( 1496): Slow operation: 145ms so far, now at startProcess: returned from zygote!
11-29 03:13:52.005 W/ActivityManager( 1496): Slow operation: 146ms so far, now at startProcess: done updating battery stats
11-29 03:13:52.005 I/am_proc_start( 1496): [0,2210,1000,com.thundercomm.tcsetupwizard,added application,com.thundercomm.tcsetupwizard]
11-29 03:13:52.005 W/ActivityManager( 1496): Slow operation: 146ms so far, now at startProcess: building log message
11-29 03:13:52.005 I/ActivityManager( 1496): Start proc 2210:com.thundercomm.tcsetupwizard/1000 for added application com.thundercomm.tcsetupwizard
11-29 03:13:52.005 W/ActivityManager( 1496): Slow operation: 146ms so far, now at startProcess: starting to update pids map
11-29 03:13:52.005 W/ActivityManager( 1496): Slow operation: 146ms so far, now at startProcess: done updating pids map
11-29 03:13:52.005 W/ActivityManager( 1496): Slow operation: 145ms so far, now at startProcess: asking zygote to start proc
11-29 03:13:52.014 I/am_proc_bound( 1496): [0,2199,com.android.networkstack.process]
11-29 03:13:52.015 W/ActivityManager( 1496): Slow operation: 155ms so far, now at startProcess: returned from zygote!
11-29 03:13:52.015 D/CompatibilityChangeReporter( 1496): Compat change id reported: 168419799; UID 1073; state: DISABLED
11-29 03:13:52.016 I/am_uid_active( 1496): 1073
11-29 03:13:52.018 D/CompatibilityChangeReporter( 1496): Compat change id reported: 168419799; UID 1073; state: DISABLED
11-29 03:13:52.019 W/ActivityManager( 1496): Slow operation: 158ms so far, now at startProcess: done updating battery stats
11-29 03:13:52.019 I/am_proc_start( 1496): [0,2236,1000,vendor.qti.qesdk.sysservice,added application,vendor.qti.qesdk.sysservice]
11-29 03:13:52.019 W/ActivityManager( 1496): Slow operation: 159ms so far, now at startProcess: building log message
11-29 03:13:52.019 I/ActivityManager( 1496): Start proc 2236:vendor.qti.qesdk.sysservice/1000 for added application vendor.qti.qesdk.sysservice
11-29 03:13:52.019 W/ActivityManager( 1496): Slow operation: 159ms so far, now at startProcess: starting to update pids map
11-29 03:13:52.019 W/ActivityManager( 1496): Slow operation: 159ms so far, now at startProcess: done updating pids map
11-29 03:13:52.019 W/ActivityManager( 1496): Slow operation: 158ms so far, now at startProcess: asking zygote to start proc
11-29 03:13:52.019 D/CompatibilityChangeReporter( 1496): Compat change id reported: 143937733; UID 10086; state: DISABLED
11-29 03:13:52.019 I/am_proc_bound( 1496): [0,2189,com.thundercomm.tchttpserver]
11-29 03:13:52.020 D/CompatibilityChangeReporter( 1496): Compat change id reported: 168419799; UID 1000; state: DISABLED
11-29 03:13:52.022 D/iorap.prefetcherd( 2201): Installing minijail
11-29 03:13:52.023 W/iorap.prefetcherd( 2201): No seccomp filter defined for this architecture.
11-29 03:13:52.031 W/ActivityManager( 1496): Slow operation: 170ms so far, now at startProcess: returned from zygote!
11-29 03:13:52.031 W/ActivityManager( 1496): Slow operation: 170ms so far, now at startProcess: done updating battery stats
11-29 03:13:52.031 I/am_proc_start( 1496): [0,2247,10086,com.qti.qualcomm.mstatssystemservice,added application,com.qti.qualcomm.mstatssystemservice]
11-29 03:13:52.031 W/ActivityManager( 1496): Slow operation: 170ms so far, now at startProcess: building log message
11-29 03:13:52.031 I/ActivityManager( 1496): Start proc 2247:com.qti.qualcomm.mstatssystemservice/u0a86 for added application com.qti.qualcomm.mstatssystemservice
11-29 03:13:52.031 W/ActivityManager( 1496): Slow operation: 170ms so far, now at startProcess: starting to update pids map
11-29 03:13:52.031 W/ActivityManager( 1496): Slow operation: 170ms so far, now at startProcess: done updating pids map
11-29 03:13:52.031 W/ActivityManager( 1496): Slow operation: 169ms so far, now at startProcess: asking zygote to start proc
11-29 03:13:52.036 W/OneHandedController( 1991): Device doesn't support OneHanded feature
11-29 03:13:52.040 I/am_proc_bound( 1496): [0,2210,com.thundercomm.tcsetupwizard]
11-29 03:13:52.041 D/CompatibilityChangeReporter( 1496): Compat change id reported: 168419799; UID 1000; state: DISABLED
11-29 03:13:52.045 W/ActivityManager( 1496): Slow operation: 183ms so far, now at startProcess: returned from zygote!
11-29 03:13:52.045 W/ActivityManager( 1496): Slow operation: 183ms so far, now at startProcess: done updating battery stats
11-29 03:13:52.045 I/am_proc_start( 1496): [0,2279,1068,com.android.se,added application,com.android.se]
11-29 03:13:52.045 W/ActivityManager( 1496): Slow operation: 183ms so far, now at startProcess: building log message
11-29 03:13:52.045 I/ActivityManager( 1496): Start proc 2279:com.android.se/1068 for added application com.android.se
11-29 03:13:52.045 W/ActivityManager( 1496): Slow operation: 183ms so far, now at startProcess: starting to update pids map
11-29 03:13:52.045 W/ActivityManager( 1496): Slow operation: 183ms so far, now at startProcess: done updating pids map
11-29 03:13:52.045 W/ActivityManager( 1496): Slow operation: 183ms so far, now at startProcess: asking zygote to start proc
11-29 03:13:52.049 I/am_proc_bound( 1496): [0,2196,com.tc.logclient]
11-29 03:13:52.050 I/PackageWatchdog( 1496): Syncing health check requests for packages: {}
11-29 03:13:52.050 I/ExplicitHealthCheckController( 1496): Service not ready to get health check supported packages. Binding...
11-29 03:13:52.051 W/ActivityManager( 1496): Slow operation: 189ms so far, now at startProcess: returned from zygote!
11-29 03:13:52.056 D/CompatibilityChangeReporter( 1496): Compat change id reported: 168419799; UID 1000; state: DISABLED
11-29 03:13:52.058 W/ActivityManager( 1496): Slow operation: 196ms so far, now at startProcess: done updating battery stats
11-29 03:13:52.058 I/am_proc_start( 1496): [0,2287,1000,com.thundercomm.remotecontrolservice,added application,com.thundercomm.remotecontrolservice]
11-29 03:13:52.058 W/ActivityManager( 1496): Slow operation: 196ms so far, now at startProcess: building log message
11-29 03:13:52.058 I/ActivityManager( 1496): Start proc 2287:com.thundercomm.remotecontrolservice/1000 for added application com.thundercomm.remotecontrolservice
11-29 03:13:52.058 W/ActivityManager( 1496): Slow operation: 196ms so far, now at startProcess: starting to update pids map
11-29 03:13:52.059 W/ActivityManager( 1496): Slow operation: 197ms so far, now at startProcess: done updating pids map
11-29 03:13:52.059 W/ActivityManager( 1496): Slow operation: 196ms so far, now at startProcess: asking zygote to start proc
11-29 03:13:52.060 I/ExplicitHealthCheckController( 1496): Explicit health check service is bound
11-29 03:13:52.062 I/service_manager_slow( 2236): [14,activity]
11-29 03:13:52.064 I/am_proc_bound( 1496): [0,2236,vendor.qti.qesdk.sysservice]
11-29 03:13:52.065 D/CompatibilityChangeReporter( 1496): Compat change id reported: 168419799; UID 1000; state: DISABLED
11-29 03:13:52.075 I/am_proc_bound( 1496): [0,2287,com.thundercomm.remotecontrolservice]
11-29 03:13:52.076 D/CompatibilityChangeReporter( 1496): Compat change id reported: 168419799; UID 1000; state: DISABLED
11-29 03:13:52.076 D/TelephonyRegistry( 1496): listen oscl: mHasNotifySubscriptionInfoChangedOccurred==false no callback
11-29 03:13:52.083 I/am_proc_bound( 1496): [0,2247,com.qti.qualcomm.mstatssystemservice]
11-29 03:13:52.083 W/ActivityManager( 1496): Slow operation: 220ms so far, now at startProcess: returned from zygote!
11-29 03:13:52.087 D/CompatibilityChangeReporter( 1496): Compat change id reported: 168419799; UID 10086; state: DISABLED
11-29 03:13:52.088 I/am_uid_active( 1496): 10086
11-29 03:13:52.089 W/ActivityManager( 1496): Slow operation: 226ms so far, now at startProcess: done updating battery stats
11-29 03:13:52.089 I/am_proc_start( 1496): [0,2347,1000,com.thundercomm.tcservice,added application,com.thundercomm.tcservice]
11-29 03:13:52.089 W/ActivityManager( 1496): Slow operation: 226ms so far, now at startProcess: building log message
11-29 03:13:52.089 I/ActivityManager( 1496): Start proc 2347:com.thundercomm.tcservice/1000 for added application com.thundercomm.tcservice
11-29 03:13:52.089 W/ActivityManager( 1496): Slow operation: 226ms so far, now at startProcess: starting to update pids map
11-29 03:13:52.089 W/ActivityManager( 1496): Slow operation: 226ms so far, now at startProcess: done updating pids map
11-29 03:13:52.089 W/ActivityManager( 1496): Slow operation: 226ms so far, now at startProcess: asking zygote to start proc
11-29 03:13:52.089 D/CompatibilityChangeReporter( 1496): Compat change id reported: 143937733; UID 10069; state: ENABLED
11-29 03:13:52.089 I/am_proc_bound( 1496): [0,2279,com.android.se]
11-29 03:13:52.094 D/CompatibilityChangeReporter( 1496): Compat change id reported: 168419799; UID 1068; state: DISABLED
11-29 03:13:52.095 W/ActivityManager( 1496): Slow operation: 232ms so far, now at startProcess: returned from zygote!
11-29 03:13:52.096 I/am_uid_active( 1496): 1068
11-29 03:13:52.099 W/ActivityManager( 1496): Slow operation: 236ms so far, now at startProcess: done updating battery stats
11-29 03:13:52.099 I/am_proc_start( 1496): [0,2352,10069,com.qualcomm.qti.devicestatisticsservice,added application,com.qualcomm.qti.devicestatisticsservice]
11-29 03:13:52.099 W/ActivityManager( 1496): Slow operation: 236ms so far, now at startProcess: building log message
11-29 03:13:52.099 I/ActivityManager( 1496): Start proc 2352:com.qualcomm.qti.devicestatisticsservice/u0a69 for added application com.qualcomm.qti.devicestatisticsservice
11-29 03:13:52.099 W/ActivityManager( 1496): Slow operation: 236ms so far, now at startProcess: starting to update pids map
11-29 03:13:52.099 I/service_manager_slow( 2196): [10,vendor.perfservice]
11-29 03:13:52.099 W/ActivityManager( 1496): Slow operation: 236ms so far, now at startProcess: done updating pids map
11-29 03:13:52.099 W/ActivityManager( 1496): Slow operation: 236ms so far, now at startProcess: asking zygote to start proc
11-29 03:13:52.102 I/ActivityManager( 1496): Process WebViewLoader-arm64-v8a (pid 2032) has died: psvc PER
11-29 03:13:52.104 I/am_proc_died( 1496): [0,2032,WebViewLoader-arm64-v8a,-700,0]
11-29 03:13:52.104 I/am_uid_stopped( 1496): 1037
11-29 03:13:52.108 D/CompatibilityChangeReporter( 1496): Compat change id reported: 157233955; UID 10082; state: ENABLED
11-29 03:13:52.111 I/am_low_memory( 1496): 15
11-29 03:13:52.115 W/ContextImpl( 2127): Calling a method in the system process without a qualified user: android.app.ContextImpl.startService:1816 android.content.ContextWrapper.startService:774 com.thundercomm.microsettings.service.SettingsApplication.onCreate:30 android.app.Instrumentation.callApplicationOnCreate:1212 android.app.ActivityThread.handleBindApplication:6744
11-29 03:13:52.115 W/ActivityManager( 1496): Unable to start service Intent { act=com.thundercomm.microsettings.SETTING_SERVICE pkg=com.thundercomm.microsettings } U=0: not found
11-29 03:13:52.115 I/am_proc_bound( 1496): [0,2347,com.thundercomm.tcservice]
11-29 03:13:52.115 W/ContextImpl( 2127): Calling a method in the system process without a qualified user: android.app.ContextImpl.startService:1816 android.content.ContextWrapper.startService:774 com.thundercomm.microsettings.service.SettingsApplication.onCreate:36 android.app.Instrumentation.callApplicationOnCreate:1212 android.app.ActivityThread.handleBindApplication:6744
11-29 03:13:52.116 D/CompatibilityChangeReporter( 1496): Compat change id reported: 168419799; UID 1000; state: DISABLED
11-29 03:13:52.119 W/ActivityManager( 1496): Slow operation: 255ms so far, now at startProcess: returned from zygote!
11-29 03:13:52.124 W/ActivityManager( 1496): Unable to start service Intent { act=com.thundercomm.microsettings.EOL_SERVICE pkg=com.thundercomm.microsettings } U=0: not found
11-29 03:13:52.124 W/ActivityManager( 1496): Slow operation: 260ms so far, now at startProcess: done updating battery stats
11-29 03:13:52.124 I/am_proc_start( 1496): [0,2375,1000,com.qualcomm.qti.qdma,added application,com.qualcomm.qti.qdma]
11-29 03:13:52.125 W/ActivityManager( 1496): Slow operation: 261ms so far, now at startProcess: building log message
11-29 03:13:52.125 I/ActivityManager( 1496): Start proc 2375:com.qualcomm.qti.qdma/1000 for added application com.qualcomm.qti.qdma
11-29 03:13:52.125 W/ActivityManager( 1496): Slow operation: 261ms so far, now at startProcess: starting to update pids map
11-29 03:13:52.125 W/ActivityManager( 1496): Slow operation: 261ms so far, now at startProcess: done updating pids map
11-29 03:13:52.125 W/ActivityManager( 1496): Slow operation: 200ms so far, now at startProcess: asking zygote to start proc
11-29 03:13:52.130 W/ActivityManager( 1496): Slow operation: 205ms so far, now at startProcess: returned from zygote!
11-29 03:13:52.130 W/ActivityManager( 1496): Slow operation: 205ms so far, now at startProcess: done updating battery stats
11-29 03:13:52.130 I/am_proc_start( 1496): [0,2394,1000,com.android.settings,top-activity,{com.android.settings/com.android.settings.FallbackHome}]
11-29 03:13:52.131 W/ActivityManager( 1496): Slow operation: 206ms so far, now at startProcess: building log message
11-29 03:13:52.131 I/ActivityManager( 1496): Start proc 2394:com.android.settings/1000 for top-activity {com.android.settings/com.android.settings.FallbackHome}
11-29 03:13:52.131 W/ActivityManager( 1496): Slow operation: 206ms so far, now at startProcess: starting to update pids map
11-29 03:13:52.131 W/ActivityManager( 1496): Slow operation: 206ms so far, now at startProcess: done updating pids map
11-29 03:13:52.131 W/ActivityManager( 1496): Slow operation: 155ms so far, now at startProcess: asking zygote to start proc
11-29 03:13:52.131 D/CompatibilityChangeReporter( 1496): Compat change id reported: 143937733; UID 10096; state: ENABLED
11-29 03:13:52.137 I/service_manager_slow( 2287): [11,game]
11-29 03:13:52.138 I/service_manager_slow( 2279): [10,game]
11-29 03:13:52.138 I/am_proc_bound( 1496): [0,2352,com.qualcomm.qti.devicestatisticsservice]
11-29 03:13:52.139 D/CompatibilityChangeReporter( 1496): Compat change id reported: 168419799; UID 10069; state: DISABLED
11-29 03:13:52.140 I/am_uid_active( 1496): 10069
11-29 03:13:52.141 I/service_manager_slow( 2199): [16,netstats]
11-29 03:13:52.145 W/ActivityManager( 1496): Slow operation: 169ms so far, now at startProcess: returned from zygote!
11-29 03:13:52.145 W/ActivityManager( 1496): Slow operation: 169ms so far, now at startProcess: done updating battery stats
11-29 03:13:52.145 I/am_proc_start( 1496): [0,2409,10096,android.ext.services,service,{android.ext.services/android.ext.services.autofill.InlineSuggestionRenderServiceImpl}]
11-29 03:13:52.145 W/ActivityManager( 1496): Slow operation: 169ms so far, now at startProcess: building log message
11-29 03:13:52.145 I/ActivityManager( 1496): Start proc 2409:android.ext.services/u0a96 for service {android.ext.services/android.ext.services.autofill.InlineSuggestionRenderServiceImpl}
11-29 03:13:52.145 W/ActivityManager( 1496): Slow operation: 169ms so far, now at startProcess: starting to update pids map
11-29 03:13:52.146 W/ActivityManager( 1496): Slow operation: 170ms so far, now at startProcess: done updating pids map
11-29 03:13:52.150 I/am_proc_bound( 1496): [0,2375,com.qualcomm.qti.qdma]
11-29 03:13:52.153 D/CompatibilityChangeReporter( 1496): Compat change id reported: 168419799; UID 1000; state: DISABLED
11-29 03:13:52.154 I/commit_sys_config_file( 1496): [settings-0-0,9]
11-29 03:13:52.151 I/auditd ( 983): type=1400 audit(0.0:214): avc: denied { read write } for comm="sensors.qti" name="diag" dev="tmpfs" ino=12822 scontext=u:r:vendor_sensors_qti:s0 tcontext=u:object_r:vendor_diag_device:s0 tclass=chr_file permissive=0
11-29 03:13:52.155 I/am_proc_bound( 1496): [0,2394,com.android.settings]
11-29 03:13:52.157 D/CompatibilityChangeReporter( 1496): Compat change id reported: 168419799; UID 1000; state: DISABLED
11-29 03:13:52.162 I/wm_restart_activity( 1496): [0,84224050,2,com.android.settings/.FallbackHome]
11-29 03:13:52.164 I/wm_set_resumed_activity( 1496): [0,com.android.settings/.FallbackHome,minimalResumeActivityLocked]
11-29 03:13:52.170 D/CompatibilityChangeReporter( 1496): Compat change id reported: 182478738; UID 1073; state: DISABLED
11-29 03:13:52.170 D/MicroServiceManager( 2127): add linkToDeath
11-29 03:13:52.171 D/MicroServiceManager( 2127): bindMicroService: called already get service
11-29 03:13:52.182 I/am_proc_bound( 1496): [0,2409,android.ext.services]
11-29 03:13:52.182 D/CompatibilityChangeReporter( 1496): Compat change id reported: 168419799; UID 10096; state: DISABLED
11-29 03:13:52.183 I/am_uid_active( 1496): 10096
11-29 03:13:52.190 I/SystemServerTiming( 1496): ManagedServices.unbindOtherUserServices_current0
11-29 03:13:52.190 I/SystemServerTiming( 1496): ManagedServices.unbindOtherUserServices_current0
11-29 03:13:52.190 I/SystemServerTiming( 1496): ManagedServices.unbindOtherUserServices_current0
11-29 03:13:52.191 V/NotificationAssistants( 1496): enabling notification assistant for 0: ComponentInfo{android.ext.services/android.ext.services.notification.Assistant}
11-29 03:13:52.191 V/NotificationAssistants( 1496): binding: Intent { act=android.service.notification.NotificationAssistantService cmp=android.ext.services/.notification.Assistant (has extras) }
11-29 03:13:52.191 W/ContextImpl( 2347): Calling a method in the system process without a qualified user: android.app.ContextImpl.startService:1816 android.content.ContextWrapper.startService:774 com.thundercomm.tcservice.TCService.init:46 com.thundercomm.tcservice.TCService.onCreate:33 android.app.ActivityThread.handleCreateService:4488
11-29 03:13:52.234 I/wm_on_create_called( 2394): [84224050,com.android.settings.FallbackHome,performCreate]
11-29 03:13:52.234 I/wm_on_start_called( 2394): [84224050,com.android.settings.FallbackHome,handleStartActivity]
11-29 03:13:52.235 I/wm_on_resume_called( 2394): [84224050,com.android.settings.FallbackHome,RESUME_ACTIVITY]
11-29 03:13:52.242 I/wm_on_top_resumed_gained_called( 2394): [84224050,com.android.settings.FallbackHome,topStateChangedWhenResumed]
11-29 03:13:52.247 I/am_uid_running( 1496): 10077
11-29 03:13:52.247 D/CompatibilityChangeReporter( 1496): Compat change id reported: 135634846; UID 10077; state: DISABLED
11-29 03:13:52.247 D/CompatibilityChangeReporter( 1496): Compat change id reported: 177438394; UID 10077; state: DISABLED
11-29 03:13:52.247 D/CompatibilityChangeReporter( 1496): Compat change id reported: 135772972; UID 10077; state: DISABLED
11-29 03:13:52.247 D/CompatibilityChangeReporter( 1496): Compat change id reported: 135754954; UID 10077; state: ENABLED
11-29 03:13:52.248 D/CompatibilityChangeReporter( 1496): Compat change id reported: 143937733; UID 10077; state: ENABLED
11-29 03:13:52.253 I/input_focus( 1496): [Focus request 81e7d8c com.android.settings/com.android.settings.FallbackHome,reason=UpdateInputWindows]
11-29 03:13:52.258 I/am_proc_start( 1496): [0,2495,10077,com.android.launcher3,service,{com.android.launcher3/com.android.quickstep.TouchInteractionService}]
11-29 03:13:52.258 I/ActivityManager( 1496): Start proc 2495:com.android.launcher3/u0a77 for service {com.android.launcher3/com.android.quickstep.TouchInteractionService}
11-29 03:13:52.287 D/BluetoothManagerService( 1496): Bluetooth Adapter name changed to QCOM-BTD by android
11-29 03:13:52.287 D/BluetoothManagerService( 1496): Stored Bluetooth name: QCOM-BTD
11-29 03:13:52.289 I/am_proc_bound( 1496): [0,2495,com.android.launcher3]
11-29 03:13:52.291 D/ConditionProviders.SCP( 1496): onSubscribe condition://android/schedule?days=1.2.3.4.5.6.7&start=22.0&end=7.0&exitAtAlarm=true
11-29 03:13:52.291 D/ConditionProviders.SCP( 1496): setRegistered true
11-29 03:13:52.292 I/ActivityManagerTiming( 1496): FinishBooting
11-29 03:13:52.293 D/CompatibilityChangeReporter( 1496): Compat change id reported: 168419799; UID 10077; state: DISABLED
11-29 03:13:52.295 I/am_uid_active( 1496): 10077
11-29 03:13:52.297 D/UsbDeviceManager( 1496): push notification:正在通过 USB 为此设备充电
11-29 03:13:52.298 I/boot_progress_enable_screen( 1496): 11149
11-29 03:13:52.299 I/screen_toggled( 1496): 1
11-29 03:13:52.299 W/KeyguardServiceDelegate( 1496): onScreenTurningOn(): no keyguard service!
11-29 03:13:52.300 I/am_uid_running( 1496): 10083
11-29 03:13:52.301 D/CompatibilityChangeReporter( 1496): Compat change id reported: 135634846; UID 10083; state: DISABLED
11-29 03:13:52.301 D/CompatibilityChangeReporter( 1496): Compat change id reported: 177438394; UID 10083; state: DISABLED
11-29 03:13:52.302 D/CompatibilityChangeReporter( 1496): Compat change id reported: 135772972; UID 10083; state: DISABLED
11-29 03:13:52.302 D/CompatibilityChangeReporter( 1496): Compat change id reported: 135754954; UID 10083; state: ENABLED
11-29 03:13:52.302 D/CompatibilityChangeReporter( 1496): Compat change id reported: 143937733; UID 10083; state: ENABLED
11-29 03:13:52.302 D/ConditionProviders.SCP( 1496): evaluateSubscriptionLocked cal=ScheduleCalendar[mDays={1, 2, 3, 4, 5, 6, 7}, mSchedule=ScheduleInfo{days=[1, 2, 3, 4, 5, 6, 7], startHour=22, startMinute=0, endHour=7, endMinute=0, exitAtAlarm=true, nextAlarm=Thu Jan 01 08:00:00 GMT+08:00 1970 (0)}], now=Tue Nov 29 03:13:52 GMT+08:00 2022 (1669662832291), nextUserAlarmTime=Thu Jan 01 08:00:00 GMT+08:00 1970 (0)
11-29 03:13:52.302 D/ConditionProviders.SCP( 1496): notifyCondition condition://android/schedule?days=1.2.3.4.5.6.7&start=22.0&end=7.0&exitAtAlarm=true STATE_TRUE reason=meetsSchedule
11-29 03:13:52.303 D/ConditionProviders.SCP( 1496): Scheduling evaluate for Tue Nov 29 07:00:00 GMT+08:00 2022 (1669676400000), in +3h46m7s709ms, now=Tue Nov 29 03:13:52 GMT+08:00 2022 (1669662832291)
11-29 03:13:52.304 D/CompatibilityChangeReporter( 1496): Compat change id reported: 171306433; UID 1000; state: ENABLED
11-29 03:13:52.305 D/BluetoothManagerService( 1496): BluetoothServiceConnection: com.android.bluetooth.btservice.AdapterService
11-29 03:13:52.305 D/BluetoothManagerService( 1496): MESSAGE_BLUETOOTH_SERVICE_CONNECTED: 1
11-29 03:13:52.307 W/ActivityThread( 1496): Failed to find provider info for com.android.calendar (user not unlocked)
11-29 03:13:52.307 W/ActivityThread( 1496): Failed to find provider info for com.android.calendar (user not unlocked)
11-29 03:13:52.308 I/am_proc_start( 1496): [0,2521,10083,com.qualcomm.qti.qccauthmgr,content provider,{com.qualcomm.qti.qccauthmgr/com.qualcomm.qti.qccauthmgr.providers.SMQContentProvider}]
11-29 03:13:52.308 D/BluetoothManagerService( 1496): MESSAGE_INFORM_ADAPTER_SERVICE_UP
11-29 03:13:52.308 D/BluetoothManagerService( 1496): Broadcasting onBluetoothServiceUp() to 3 receivers.
11-29 03:13:52.308 I/ActivityManager( 1496): Start proc 2521:com.qualcomm.qti.qccauthmgr/u0a83 for content provider {com.qualcomm.qti.qccauthmgr/com.qualcomm.qti.qccauthmgr.providers.SMQContentProvider}
11-29 03:13:52.310 D/BluetoothManagerService( 1496): MESSAGE_BLUETOOTH_STATE_CHANGE: OFF > BLE_TURNING_ON
11-29 03:13:52.310 D/BluetoothManagerService( 1496): Sending BLE State Change: OFF > BLE_TURNING_ON
11-29 03:13:52.318 W/BluetoothManagerService( 1496): bindBluetoothProfileService:Trying to bind to profile: 1, while Bluetooth is disabled
11-29 03:13:52.320 I/Telecom ( 1496): SystemStateHelper: Registering broadcast receiver: android.content.IntentFilter@f372279: TS.init@AAA
11-29 03:13:52.320 I/Telecom ( 1496): SystemStateHelper: Registering broadcast receiver: android.content.IntentFilter@990bbbe: TS.init@AAA
11-29 03:13:52.320 I/Telecom ( 1496): BluetoothRouteManager: getBluetoothAudioConnectedDevice: no service available.
11-29 03:13:52.324 D/CompatibilityChangeReporter( 1496): Compat change id reported: 168419799; UID 1002; state: DISABLED
11-29 03:13:52.328 I/Telecom ( 1496): Logging.Events: Non-call EVENT: AUDIO_ROUTE, Entering state QuiescentEarpieceRoute
11-29 03:13:52.328 I/Telecom ( 1496): BluetoothRouteManager: getBluetoothAudioConnectedDevice: no service available.
11-29 03:13:52.332 I/Telecom ( 1496): CallAudioModeStateMachine: Message received: null.: TS.init->CAMSM.pM_1@AAA
11-29 03:13:52.334 I/Telecom ( 1496): MissedCallNotifierImpl: reloadFromDatabase: Boot not yet complete -- call log db may not be available. Deferring loading until boot complete for user 0: TS.init@AAA
11-29 03:13:52.336 D/TelephonyRegistry( 1496): listen oscl: mHasNotifySubscriptionInfoChangedOccurred==false no callback
11-29 03:13:52.336 I/Telecom ( 1496): MissedCallNotifierImpl: reloadFromDatabase: Boot not yet complete -- call log db may not be available. Deferring loading until boot complete for user 0: TS.init@AAA
11-29 03:13:52.337 I/Telecom ( 1496): Class: TelecomSystem.INSTANCE being set
11-29 03:13:52.338 I/sysui_multi_action( 1991): [757,213,758,4,759,-1]
11-29 03:13:52.338 I/ConnectivityModuleConnector( 1496): Networking module service connected
11-29 03:13:52.339 W/CarrierConfigManager( 1991): Error getting config for subId -1 ICarrierConfigLoader is null
11-29 03:13:52.340 I/AutofillManagerService( 1496): Updating for user 0: disabled=false
11-29 03:13:52.341 I/ConnectivityModuleConnector( 1496): Networking module service connected
11-29 03:13:52.343 I/notification_enqueue( 1496): [10082,1991,com.android.systemui,1,empty_media,0,Notification(channel=empty_media_style_id shortcut=null contentView=null vibrate=null sound=null defaults=0x0 flags=0x20 color=0x00000000 category=transport actions=4 vis=PRIVATE),0]
11-29 03:13:52.344 I/ExplicitHealthCheckController( 1496): Explicit health check service is connected ComponentInfo{android.ext.services/android.ext.services.watchdog.ExplicitHealthCheckServiceImpl}
11-29 03:13:52.344 I/ExplicitHealthCheckController( 1496): Service initialized, syncing requests
11-29 03:13:52.345 V/NotificationAssistants( 1496): 0 notification assistant service connected: ComponentInfo{android.ext.services/android.ext.services.notification.Assistant}
11-29 03:13:52.345 I/notification_cancel_all( 1496): [1000,1496,com.android.systemui,0,0,0,20,NULL]
11-29 03:13:52.347 I/am_proc_bound( 1496): [0,2521,com.qualcomm.qti.qccauthmgr]
11-29 03:13:52.349 D/TelephonyRegistry( 1496): notifyCellLocationForSubscriber: subId=2147483647 cellIdentity=null
11-29 03:13:52.350 D/CompatibilityChangeReporter( 1496): Compat change id reported: 168419799; UID 10083; state: DISABLED
11-29 03:13:52.350 I/notification_enqueue( 1496): [1000,1496,android,32,NULL,-1,Notification(channel=USB shortcut=null contentView=null vibrate=null sound=null tick defaults=0x0 flags=0x2 color=0x00000000 vis=PUBLIC),0]
11-29 03:13:52.352 D/CompanionDeviceManagerService( 1496): Received BT state transition broadcast: OFF -> BLE_TURNING_ON
11-29 03:13:52.352 I/Telecom ( 1496): WiredHeadsetManager: ACTION_HEADSET_PLUG event, plugged in: false, : WHC.oADA@AAE
11-29 03:13:52.351 I/auditd ( 983): type=1400 audit(0.0:215): avc: denied { read write } for comm="sensors.qti" name="diag" dev="tmpfs" ino=12822 scontext=u:r:vendor_sensors_qti:s0 tcontext=u:object_r:vendor_diag_device:s0 tclass=chr_file permissive=0
11-29 03:13:52.353 I/am_uid_active( 1496): 10083
11-29 03:13:52.354 D/TelephonyRegistry( 1496): listen oscl: mHasNotifySubscriptionInfoChangedOccurred==false no callback
11-29 03:13:52.355 I/sysui_multi_action( 1496): [757,1501,758,1,793,160,794,0,795,160,796,1,797,empty_media,806,com.android.systemui,857,empty_media_style_id,858,4,947,0,1500,0,1641,transport,1745,1043716538]
11-29 03:13:52.355 I/sysui_multi_action( 1496): [757,804,799,note_interruptive,801,0,802,1]
11-29 03:13:52.355 I/GameModeConfig( 1496): isGameModeOn = false
11-29 03:13:52.359 W/NotificationHistory( 1496): Attempted to add notif for locked/gone/disabled user 0
11-29 03:13:52.359 W/Looper ( 1496): Drained
11-29 03:13:52.359 I/PackageWatchdog( 1496): Syncing health check requests for packages: {}
11-29 03:13:52.359 D/ExplicitHealthCheckController( 1496): Getting health check supported packages
11-29 03:13:52.360 I/GameModeConfig( 1496): isGameModeOn = false
11-29 03:13:52.361 I/ExplicitHealthCheckController( 1496): Explicit health check supported packages [PackageConfig{com.android.networkstack, 86400000}]
11-29 03:13:52.361 D/PackageWatchdog( 1496): Received supported packages [PackageConfig{com.android.networkstack, 86400000}]
11-29 03:13:52.362 D/ExplicitHealthCheckController( 1496): Getting health check requested packages
11-29 03:13:52.362 I/ExplicitHealthCheckController( 1496): Explicit health check requested packages []
11-29 03:13:52.362 I/ExplicitHealthCheckController( 1496): No more health check requests, unbinding...
11-29 03:13:52.363 I/ExplicitHealthCheckController( 1496): Explicit health check service is unbound
11-29 03:13:52.377 I/StatusBarManagerService( 1496): registerStatusBar bar=com.android.internal.statusbar.IStatusBar$Stub$Proxy@715a786
11-29 03:13:52.392 I/commit_sys_config_file( 1496): [settings-2-0,1]
11-29 03:13:52.491 D/CompatibilityChangeReporter( 1496): Compat change id reported: 168419799; UID 10082; state: DISABLED
11-29 03:13:52.515 W/ActivityThread( 1991): Failed to find provider info for com.android.contacts (user not unlocked)
11-29 03:13:52.530 I/commit_sys_config_file( 1496): [settings-0-0,1]
11-29 03:13:52.551 I/sysui_multi_action( 1496): [757,1501,758,1,793,254,794,0,795,254,796,32,806,android,857,USB,858,1,947,0,1500,0]
11-29 03:13:52.552 I/sysui_multi_action( 1496): [757,804,799,note_interruptive,801,0,802,1]
11-29 03:13:52.552 I/GameModeConfig( 1496): isGameModeOn = false
11-29 03:13:52.552 W/NotificationHistory( 1496): Attempted to add notif for locked/gone/disabled user 0
11-29 03:13:52.551 I/auditd ( 983): type=1400 audit(0.0:216): avc: denied { read write } for comm="sensors.qti" name="diag" dev="tmpfs" ino=12822 scontext=u:r:vendor_sensors_qti:s0 tcontext=u:object_r:vendor_diag_device:s0 tclass=chr_file permissive=0
11-29 03:13:52.585 W/ActivityThread( 1991): Failed to find provider info for com.android.contacts (user not unlocked)
11-29 03:13:52.595 W/ActivityThread( 1991): Failed to find provider info for com.android.contacts (user not unlocked)
11-29 03:13:52.602 W/ActivityThread( 1991): Failed to find provider info for com.android.contacts (user not unlocked)
11-29 03:13:52.604 I/commit_sys_config_file( 1496): [notification-policy,1010]
11-29 03:13:52.654 I/am_uid_running( 1496): 10063
11-29 03:13:52.655 D/CompatibilityChangeReporter( 1496): Compat change id reported: 135634846; UID 10063; state: DISABLED
11-29 03:13:52.655 D/CompatibilityChangeReporter( 1496): Compat change id reported: 177438394; UID 10063; state: DISABLED
11-29 03:13:52.655 D/CompatibilityChangeReporter( 1496): Compat change id reported: 135772972; UID 10063; state: DISABLED
11-29 03:13:52.655 D/CompatibilityChangeReporter( 1496): Compat change id reported: 135754954; UID 10063; state: ENABLED
11-29 03:13:52.655 D/CompatibilityChangeReporter( 1496): Compat change id reported: 143937733; UID 10063; state: ENABLED
11-29 03:13:52.660 I/am_proc_start( 1496): [0,2596,10063,com.thundercomm.gamemode.provider,content provider,{com.thundercomm.gamemode.provider/com.thundercomm.gamemode.provider.SettingsProvider}]
11-29 03:13:52.660 I/ActivityManager( 1496): Start proc 2596:com.thundercomm.gamemode.provider/u0a63 for content provider {com.thundercomm.gamemode.provider/com.thundercomm.gamemode.provider.SettingsProvider}
11-29 03:13:52.669 I/am_proc_bound( 1496): [0,2596,com.thundercomm.gamemode.provider]
11-29 03:13:52.670 D/CompatibilityChangeReporter( 1496): Compat change id reported: 168419799; UID 10063; state: DISABLED
11-29 03:13:52.671 I/am_uid_active( 1496): 10063
11-29 03:13:52.742 I/wm_boot_animation_done( 1496): 11593
11-29 03:13:52.742 I/ActivityManagerTiming( 1496): FinishBooting
11-29 03:13:52.742 I/ActivityManager( 1496): About to commit checkpoint
11-29 03:13:52.743 W/ActivityManager( 1496): FinishBooting sync begin
11-29 03:13:52.744 W/ActivityManager( 1496): FinishBooting sync end
11-29 03:13:52.744 I/SystemServiceManager( 1496): Starting phase 1000
11-29 03:13:52.744 I/ActivityManagerTiming( 1496): OnBootPhase_1000
11-29 03:13:52.744 I/ActivityManagerTiming( 1496): OnBootPhase_1000_com.android.server.security.FileIntegrityService
11-29 03:13:52.744 I/ActivityManagerTiming( 1496): OnBootPhase_1000_com.android.server.pm.Installer
11-29 03:13:52.744 I/ActivityManagerTiming( 1496): OnBootPhase_1000_com.android.server.os.DeviceIdentifiersPolicyService
11-29 03:13:52.744 I/ActivityManagerTiming( 1496): OnBootPhase_1000_com.android.server.uri.UriGrantsManagerService$Lifecycle
11-29 03:13:52.744 I/ActivityManagerTiming( 1496): OnBootPhase_1000_com.android.server.powerstats.PowerStatsService
11-29 03:13:52.744 E/PowerStatsService( 1496): Failed to start PowerStatsService loggers
11-29 03:13:52.744 I/ActivityManagerTiming( 1496): OnBootPhase_1000_com.android.server.wm.ActivityTaskManagerService$Lifecycle
11-29 03:13:52.744 I/ActivityManagerTiming( 1496): OnBootPhase_1000_com.android.server.am.ActivityManagerService$Lifecycle
11-29 03:13:52.744 I/ActivityManagerTiming( 1496): OnBootPhase_1000_com.android.server.pm.DataLoaderManagerService
11-29 03:13:52.744 I/ActivityManagerTiming( 1496): OnBootPhase_1000_com.android.server.power.PowerManagerService
11-29 03:13:52.745 I/ActivityManagerTiming( 1496): OnBootPhase_1000_com.android.server.power.ThermalManagerService
11-29 03:13:52.745 I/ActivityManagerTiming( 1496): OnBootPhase_1000_com.android.server.power.hint.HintManagerService
11-29 03:13:52.745 I/ActivityManagerTiming( 1496): OnBootPhase_1000_com.android.server.recoverysystem.RecoverySystemService$Lifecycle
11-29 03:13:52.745 I/ActivityManagerTiming( 1496): OnBootPhase_1000_com.android.server.lights.LightsService
11-29 03:13:52.745 I/ActivityManagerTiming( 1496): OnBootPhase_1000_com.android.server.display.DisplayManagerService
11-29 03:13:52.745 V/DisplayPowerController[0]( 1496): Brightness [1.0] reason changing to: 'manual', previous reason: 'override'.
11-29 03:13:52.745 I/ActivityManagerTiming( 1496): OnBootPhase_1000_com.android.server.pm.verify.domain.DomainVerificationService
11-29 03:13:52.745 I/ActivityManagerTiming( 1496): OnBootPhase_1000_com.android.server.pm.PackageInstallerService$Lifecycle
11-29 03:13:52.745 I/ActivityManagerTiming( 1496): OnBootPhase_1000_com.android.server.pm.UserManagerService$LifeCycle
11-29 03:13:52.745 I/ActivityManagerTiming( 1496): OnBootPhase_1000_com.android.server.om.OverlayManagerService
11-29 03:13:52.745 I/ActivityManagerTiming( 1496): OnBootPhase_1000_com.android.server.SensorPrivacyService
11-29 03:13:52.745 I/ActivityManagerTiming( 1496): OnBootPhase_1000_com.android.server.sensors.SensorService
11-29 03:13:52.745 I/ActivityManagerTiming( 1496): OnBootPhase_1000_com.android.server.SystemConfigService
11-29 03:13:52.745 I/ActivityManagerTiming( 1496): OnBootPhase_1000_com.android.server.BatteryService
11-29 03:13:52.745 I/ActivityManagerTiming( 1496): OnBootPhase_1000_com.android.server.usage.UsageStatsService
11-29 03:13:52.745 I/ActivityManagerTiming( 1496): OnBootPhase_1000_com.android.server.webkit.WebViewUpdateService
11-29 03:13:52.745 I/ActivityManagerTiming( 1496): OnBootPhase_1000_com.android.server.CachedDeviceStateService
11-29 03:13:52.745 I/ActivityManagerTiming( 1496): OnBootPhase_1000_com.android.server.BinderCallsStatsService$LifeCycle
11-29 03:13:52.745 I/ActivityManagerTiming( 1496): OnBootPhase_1000_com.android.server.LooperStatsService$Lifecycle
11-29 03:13:52.745 I/ActivityManagerTiming( 1496): OnBootPhase_1000_com.android.server.rollback.RollbackManagerService
11-29 03:13:52.746 I/ActivityManagerTiming( 1496): OnBootPhase_1000_com.android.server.os.NativeTombstoneManagerService
11-29 03:13:52.746 I/ActivityManagerTiming( 1496): OnBootPhase_1000_com.android.server.os.BugreportManagerService
11-29 03:13:52.746 I/ActivityManagerTiming( 1496): OnBootPhase_1000_com.android.server.gpu.GpuService
11-29 03:13:52.746 D/AppStandbyController( 1496): Loading headless system app cache. appIdleEnabled=false
11-29 03:13:52.746 D/RollbackManager( 1496): mRollbackLifetimeDurationInMillis=1209600000
11-29 03:13:52.748 I/ActivityManagerTiming( 1496): OnBootPhase_1000_com.android.server.security.KeyChainSystemService
11-29 03:13:52.748 I/ActivityManagerTiming( 1496): OnBootPhase_1000_com.android.server.telecom.TelecomLoaderService
11-29 03:13:52.748 I/ActivityManagerTiming( 1496): OnBootPhase_1000_com.android.server.accounts.AccountManagerService$Lifecycle
11-29 03:13:52.748 I/ActivityManagerTiming( 1496): OnBootPhase_1000_com.android.server.content.ContentService$Lifecycle
11-29 03:13:52.748 I/ActivityManagerTiming( 1496): OnBootPhase_1000_com.android.server.DropBoxManagerService
11-29 03:13:52.748 I/ActivityManagerTiming( 1496): OnBootPhase_1000_com.android.role.RoleService
11-29 03:13:52.748 I/ActivityManagerTiming( 1496): OnBootPhase_1000_com.android.server.vibrator.VibratorManagerService$Lifecycle
11-29 03:13:52.748 I/ActivityManagerTiming( 1496): OnBootPhase_1000_com.android.server.alarm.AlarmManagerService
11-29 03:13:52.748 I/ActivityManagerTiming( 1496): OnBootPhase_1000_com.android.server.devicestate.DeviceStateManagerService
11-29 03:13:52.748 I/ActivityManagerTiming( 1496): OnBootPhase_1000_com.android.server.camera.CameraServiceProxy
11-29 03:13:52.748 I/ActivityManagerTiming( 1496): OnBootPhase_1000_com.android.server.BluetoothService
11-29 03:13:52.748 I/ActivityManagerTiming( 1496): OnBootPhase_1000_com.android.server.connectivity.IpConnectivityMetrics
11-29 03:13:52.748 I/ActivityManagerTiming( 1496): OnBootPhase_1000_com.android.server.net.watchlist.NetworkWatchlistService$Lifecycle
11-29 03:13:52.748 I/ActivityManagerTiming( 1496): OnBootPhase_1000_com.android.server.PinnerService
11-29 03:13:52.748 I/ActivityManagerTiming( 1496): OnBootPhase_1000_com.google.android.startop.iorap.IorapForwardingService
11-29 03:13:52.748 I/ActivityManagerTiming( 1496): OnBootPhase_1000_com.android.server.ActivityTriggerService
11-29 03:13:52.748 I/ActivityManagerTiming( 1496): OnBootPhase_1000_com.android.server.integrity.AppIntegrityManagerService
11-29 03:13:52.748 I/ActivityManagerTiming( 1496): OnBootPhase_1000_com.android.server.inputmethod.InputMethodManagerService$Lifecycle
11-29 03:13:52.748 I/ActivityManagerTiming( 1496): OnBootPhase_1000_com.android.server.accessibility.AccessibilityManagerService$Lifecycle
11-29 03:13:52.748 I/ActivityManagerTiming( 1496): OnBootPhase_1000_com.android.server.StorageManagerService$Lifecycle
11-29 03:13:52.748 I/ActivityManagerTiming( 1496): OnBootPhase_1000_com.android.server.usage.StorageStatsService$Lifecycle
11-29 03:13:52.748 I/ActivityManagerTiming( 1496): OnBootPhase_1000_com.android.server.UiModeManagerService
11-29 03:13:52.748 D/StorageManagerService( 1496): Thinking about init, mBootCompleted=true, mDaemonConnected=true
11-29 03:13:52.749 I/ActivityManagerTiming( 1496): OnBootPhase_1000_com.android.server.locksettings.LockSettingsService$Lifecycle
11-29 03:13:52.749 I/ActivityManagerTiming( 1496): OnBootPhase_1000_com.android.server.PersistentDataBlockService
11-29 03:13:52.749 I/ActivityManagerTiming( 1496): OnBootPhase_1000_com.android.server.testharness.TestHarnessModeService
11-29 03:13:52.749 D/StorageManagerService( 1496): Thinking about reset, mBootCompleted=true, mDaemonConnected=true
11-29 03:13:52.749 D/TestHarnessModeService( 1496): Completing Test Harness Mode setup.
11-29 03:13:52.749 I/StorageSessionController( 1496): Started resetting external storage service...
11-29 03:13:52.749 I/StorageSessionController( 1496): Finished resetting external storage service
11-29 03:13:52.749 I/StorageManagerService( 1496): Resetting vold...
11-29 03:13:52.749 I/StorageManagerService( 1496): Reset vold
11-29 03:13:52.749 I/vold ( 516): onUserAdded: 0
11-29 03:13:52.754 I/ActivityManagerTiming( 1496): OnBootPhase_1000_com.android.server.oemlock.OemLockService
11-29 03:13:52.754 I/ActivityManagerTiming( 1496): OnBootPhase_1000_com.android.server.DeviceIdleController
11-29 03:13:52.754 I/ActivityManagerTiming( 1496): OnBootPhase_1000_com.android.server.devicepolicy.DevicePolicyManagerService$Lifecycle
11-29 03:13:52.754 I/ActivityManagerTiming( 1496): OnBootPhase_1000_com.android.server.texttospeech.TextToSpeechManagerService
11-29 03:13:52.754 I/ActivityManagerTiming( 1496): OnBootPhase_1000_com.android.server.speech.SpeechRecognitionManagerService
11-29 03:13:52.754 I/ActivityManagerTiming( 1496): OnBootPhase_1000_com.android.server.searchui.SearchUiManagerService
11-29 03:13:52.754 I/ActivityManagerTiming( 1496): OnBootPhase_1000_com.android.server.smartspace.SmartspaceManagerService
11-29 03:13:52.754 I/ActivityManagerTiming( 1496): OnBootPhase_1000_com.android.server.graphics.fonts.FontManagerService$Lifecycle
11-29 03:13:52.754 I/ActivityManagerTiming( 1496): OnBootPhase_1000_com.android.server.textservices.TextServicesManagerService$Lifecycle
11-29 03:13:52.754 I/ActivityManagerTiming( 1496): OnBootPhase_1000_com.android.server.textclassifier.TextClassificationManagerService$Lifecycle
11-29 03:13:52.754 I/ActivityManagerTiming( 1496): OnBootPhase_1000_com.android.server.NetworkScoreService$Lifecycle
11-29 03:13:52.754 I/ActivityManagerTiming( 1496): OnBootPhase_1000_com.android.server.wifi.WifiService
11-29 03:13:52.754 I/ActivityManagerTiming( 1496): OnBootPhase_1000_com.android.server.wifi.scanner.WifiScanningService
11-29 03:13:52.754 I/ActivityManagerTiming( 1496): OnBootPhase_1000_com.android.server.wifi.rtt.RttService
11-29 03:13:52.754 I/ActivityManagerTiming( 1496): OnBootPhase_1000_com.android.server.wifi.aware.WifiAwareService
11-29 03:13:52.754 I/ActivityManagerTiming( 1496): OnBootPhase_1000_com.android.server.wifi.p2p.WifiP2pService
11-29 03:13:52.754 I/ActivityManagerTiming( 1496): OnBootPhase_1000_com.android.server.ethernet.EthernetService
11-29 03:13:52.754 I/ActivityManagerTiming( 1496): OnBootPhase_1000_com.android.server.ConnectivityServiceInitializer
11-29 03:13:52.754 I/ActivityManagerTiming( 1496): OnBootPhase_1000_com.android.server.notification.NotificationManagerService
11-29 03:13:52.754 I/ActivityManagerTiming( 1496): OnBootPhase_1000_com.android.server.storage.DeviceStorageMonitorService
11-29 03:13:52.754 I/ActivityManagerTiming( 1496): OnBootPhase_1000_com.android.server.location.LocationManagerService$Lifecycle
11-29 03:13:52.754 I/ActivityManagerTiming( 1496): OnBootPhase_1000_com.android.server.timedetector.TimeDetectorService$Lifecycle
11-29 03:13:52.754 I/ActivityManagerTiming( 1496): OnBootPhase_1000_com.android.server.timezonedetector.TimeZoneDetectorService$Lifecycle
11-29 03:13:52.754 I/ActivityManagerTiming( 1496): OnBootPhase_1000_com.android.server.timezonedetector.location.LocationTimeZoneManagerService$Lifecycle
11-29 03:13:52.754 I/ActivityManagerTiming( 1496): OnBootPhase_1000_com.android.server.search.SearchManagerService$Lifecycle
11-29 03:13:52.754 I/ActivityManagerTiming( 1496): OnBootPhase_1000_com.android.server.wallpaper.WallpaperManagerService$Lifecycle
11-29 03:13:52.754 I/ActivityManagerTiming( 1496): OnBootPhase_1000_com.android.server.audio.AudioService$Lifecycle
11-29 03:13:52.754 I/ActivityManagerTiming( 1496): OnBootPhase_1000_com.android.server.soundtrigger_middleware.SoundTriggerMiddlewareService$Lifecycle
11-29 03:13:52.754 I/ActivityManagerTiming( 1496): OnBootPhase_1000_com.android.server.DockObserver
11-29 03:13:52.754 I/ActivityManagerTiming( 1496): OnBootPhase_1000_com.android.server.midi.MidiService$Lifecycle
11-29 03:13:52.754 I/ActivityManagerTiming( 1496): OnBootPhase_1000_com.android.server.adb.AdbService$Lifecycle
11-29 03:13:52.754 I/ActivityManagerTiming( 1496): OnBootPhase_1000_com.android.server.usb.UsbService$Lifecycle
11-29 03:13:52.755 I/ActivityManagerTiming( 1496): OnBootPhase_1000_com.android.server.twilight.TwilightService
11-29 03:13:52.751 I/auditd ( 983): type=1400 audit(0.0:217): avc: denied { read write } for comm="sensors.qti" name="diag" dev="tmpfs" ino=12822 scontext=u:r:vendor_sensors_qti:s0 tcontext=u:object_r:vendor_diag_device:s0 tclass=chr_file permissive=0
11-29 03:13:52.756 I/sysui_multi_action( 1991): [757,111,758,1]
11-29 03:13:52.756 I/notification_enqueue( 1496): [1000,1496,android,26,NULL,-1,Notification(channel=DEVELOPER_IMPORTANT shortcut=null contentView=null vibrate=null sound=null tick defaults=0x0 flags=0x2 color=0x00000000 vis=PUBLIC),0]
11-29 03:13:52.756 D/AdbDebuggingManager( 1496): Received public key: QAAAAG97JpZxvIK4efE+NkcibYsENv1AxVG7RRQH5Z9frNxNkoPFpKfjjSwJKUy7DkhDRdIrjvIkgAB2Z+1ObkoCdsjGjbXFFOtUvtK/aUBBUOvjzr2ROKhQipeWtk10CSKhUimdFU2hT0Rs0qwCdntCr3x5zJ4D5JSD6F1r6OUVgVb7bmEUeuoiN7mvj8t1vmU/tRQ7oz4IOVlp1oKMc+zob0xQ3VCKxFmqqSty3dqiV/LOxclbMZHcN0JpgoA5dBlSbr5sRxDNvUqtOMPUiY5SlFHUIvjEU6wYaGxsFCigO4a3KEnUVHwLek/I51oZuLLTEVxSkoClfe8stOhL29qUlncXKomlO5Xrd6KeSI8HacwG00YG89yDMyCsuH1xfPqhftaU+mjENo4dR0lk5OQa5B5djZS6jyWPNT1ALdwEBjZs3E1a/c4l+YcevTMwVH32ud9imhSmc0J+sq1CkmBn4ICCzb7TUKzPSPVJoDZkRlGOJQn603sSTSw91R76MlPLSxNMURaiKBGhIrQViJZge/2PSbLv/UVBmN7qjXa/88JhNrJ5mIWQEvbAu26cSbu6E2608g1IH4y3vMbJDQ4nIjgz1W9LXekLPuD3BdHUTzLDWLiOMXpM+K86701fRvWt5RWYynOwHXNPdQx/ArXANQhvVeKl52s5/tWusvFP1YON03wfHQEAAQA= thundersoft@DESKTOP-17ME0V2
11-29 03:13:52.757 I/sysui_multi_action( 1991): [757,126,758,1,759,126,927,0,928,0,1593,0]
11-29 03:13:52.757 I/sysui_multi_action( 1991): [757,113,758,1,759,113,927,1,928,0,1593,0]
11-29 03:13:52.757 I/sysui_multi_action( 1991): [757,0,758,1,759,0,927,2,928,0,1593,0]
11-29 03:13:52.757 I/sysui_multi_action( 1991): [757,0,758,1,759,0,927,3,928,0,1593,0]
11-29 03:13:52.757 D/AdbDebuggingManager( 1496): Logging key QAAAAG97JpZxvIK4efE+NkcibYsENv1AxVG7RRQH5Z9frNxNkoPFpKfjjSwJKUy7DkhDRdIrjvIkgAB2Z+1ObkoCdsjGjbXFFOtUvtK/aUBBUOvjzr2ROKhQipeWtk10CSKhUimdFU2hT0Rs0qwCdntCr3x5zJ4D5JSD6F1r6OUVgVb7bmEUeuoiN7mvj8t1vmU/tRQ7oz4IOVlp1oKMc+zob0xQ3VCKxFmqqSty3dqiV/LOxclbMZHcN0JpgoA5dBlSbr5sRxDNvUqtOMPUiY5SlFHUIvjEU6wYaGxsFCigO4a3KEnUVHwLek/I51oZuLLTEVxSkoClfe8stOhL29qUlncXKomlO5Xrd6KeSI8HacwG00YG89yDMyCsuH1xfPqhftaU+mjENo4dR0lk5OQa5B5djZS6jyWPNT1ALdwEBjZs3E1a/c4l+YcevTMwVH32ud9imhSmc0J+sq1CkmBn4ICCzb7TUKzPSPVJoDZkRlGOJQn603sSTSw91R76MlPLSxNMURaiKBGhIrQViJZge/2PSbLv/UVBmN7qjXa/88JhNrJ5mIWQEvbAu26cSbu6E2608g1IH4y3vMbJDQ4nIjgz1W9LXekLPuD3BdHUTzLDWLiOMXpM+K86701fRvWt5RWYynOwHXNPdQx/ArXANQhvVeKl52s5/tWusvFP1YON03wfHQEAAQA= thundersoft@DESKTOP-17ME0V2, state = 1, alwaysAllow = false, lastConnectionTime = 0, authWindow = 604800000
11-29 03:13:52.757 I/sysui_multi_action( 1991): [757,491,758,1,759,491,927,4,928,0,1311,-1,1593,0]
11-29 03:13:52.757 I/sysui_multi_action( 1991): [757,0,758,1,759,0,927,5,928,0,1593,0]
11-29 03:13:52.757 I/sysui_multi_action( 1991): [757,111,758,1]
11-29 03:13:52.757 I/sysui_multi_action( 1991): [757,126,758,1,759,126,927,0,928,0,1593,0]
11-29 03:13:52.757 I/sysui_multi_action( 1991): [757,113,758,1,759,113,927,1,928,0,1593,0]
11-29 03:13:52.757 I/sysui_multi_action( 1991): [757,0,758,1,759,0,927,2,928,0,1593,0]
11-29 03:13:52.757 I/sysui_multi_action( 1991): [757,0,758,1,759,0,927,3,928,0,1593,0]
11-29 03:13:52.758 I/ActivityManagerTiming( 1496): OnBootPhase_1000_com.android.server.display.color.ColorDisplayService
11-29 03:13:52.758 I/ActivityManagerTiming( 1496): OnBootPhase_1000_com.android.server.job.JobSchedulerService
11-29 03:13:52.758 I/ActivityManagerTiming( 1496): OnBootPhase_1000_com.android.server.soundtrigger.SoundTriggerService
11-29 03:13:52.758 D/SoundTriggerService( 1496): onBootPhase: 1000 : false
11-29 03:13:52.758 I/ActivityManagerTiming( 1496): OnBootPhase_1000_com.android.server.trust.TrustManagerService
11-29 03:13:52.758 I/ActivityManagerTiming( 1496): OnBootPhase_1000_com.android.server.backup.BackupManagerService$Lifecycle
11-29 03:13:52.758 I/ActivityManagerTiming( 1496): OnBootPhase_1000_com.android.server.appwidget.AppWidgetService
11-29 03:13:52.758 I/ActivityManagerTiming( 1496): OnBootPhase_1000_com.android.server.voiceinteraction.VoiceInteractionManagerService
11-29 03:13:52.758 I/ActivityManagerTiming( 1496): OnBootPhase_1000_com.android.server.apphibernation.AppHibernationService
11-29 03:13:52.758 I/ActivityTaskManager( 1496): START u0 {flg=0x10000000 cmp=com.android.systemui/.usb.UsbDebuggingActivity (has extras)} from uid 1000
11-29 03:13:52.758 I/ActivityManagerTiming( 1496): OnBootPhase_1000_com.android.server.GestureLauncherService
11-29 03:13:52.758 I/ActivityManagerTiming( 1496): OnBootPhase_1000_com.android.server.SensorNotificationService
11-29 03:13:52.759 I/HibernationStateDiskStore( 1496): No hibernation file on disk for file /data/system/hibernation/states
11-29 03:13:52.759 D/CompatibilityChangeReporter( 1496): Compat change id reported: 168936375; UID 1000; state: ENABLED
11-29 03:13:52.760 D/CompatibilityChangeReporter( 1496): Compat change id reported: 168936375; UID 1000; state: DISABLED
11-29 03:13:52.761 D/CompatibilityChangeReporter( 1496): Compat change id reported: 73144566; UID 1000; state: ENABLED
