11-29 03:19:23.903 D/StatusBar( 1991): disable disable2
11-29 03:19:23.907 I/auditd ( 0): type=1400 audit(0.0:561): avc: denied { kill } for comm="swapper/1" capability=5 scontext=u:r:kernel:s0 tcontext=u:r:kernel:s0 tclass=capability permissive=0
11-29 03:19:23.907 W/swapper/1( 0): type=1400 audit(0.0:561): avc: denied { kill } for capability=5 scontext=u:r:kernel:s0 tcontext=u:r:kernel:s0 tclass=capability permissive=0
11-29 03:19:23.913 E/DisplayDeviceConfig( 1496): requesting nits when no mapping exists.
11-29 03:19:23.914 E/DisplayDeviceConfig( 1496): requesting nits when no mapping exists.
11-29 03:19:23.914 I/am_wtf ( 1496): [0,1496,system_server,-1,DisplayDeviceConfig,requesting nits when no mapping exists.]
11-29 03:19:23.915 I/input_focus( 1496): [Focus entering af5581c com.thundercomm.screensaver/android.service.dreams.DreamActivity (server),reason=Window became focusable. Previous reason: NOT_VISIBLE]
11-29 03:19:23.915 I/am_wtf ( 1496): [0,1496,system_server,-1,DisplayDeviceConfig,requesting nits when no mapping exists.]
11-29 03:19:23.925 I/GameMode_ActivityMonitoringService( 3709): onTaskStackChanged
11-29 03:19:23.927 I/GameMode_ActivityMonitoringService( 3709): Updating top task to: TaskInfoContainer [topActivity=ComponentInfo{com.thundercomm.screensaver/android.service.dreams.DreamActivity}, taskId=266, stackId=266, userId=0, displayId=0, position=6
11-29 03:19:23.927 I/GameMode_ActivityMonitoringService( 3709): Notifying about top task: TaskInfoContainer [topActivity=ComponentInfo{com.thundercomm.screensaver/android.service.dreams.DreamActivity}, taskId=266, stackId=266, userId=0, displayId=0, position=6
11-29 03:19:23.927 E/GameMode_ActivityMonitoringService( 3709): onActivityLaunch:com.thundercomm.screensaver
11-29 03:19:23.927 V/GameMode_GameTypeUtils( 3709): judge isGame:com.thundercomm.screensaver
11-29 03:19:23.927 V/GameMode_GpuUtils( 3709): fps:60
11-29 03:19:23.929 D/GameMode_GameModeActionUtils( 3709): Show GameMode entry by service!
11-29 03:19:23.930 W/ContextImpl( 3709): Calling a method in the system process without a qualified user: android.app.ContextImpl.startService:1816 android.content.ContextWrapper.startService:774 com.thundercomm.gamemode.ingame.services.GameModeActionUtils.startGameModeService:93 com.thundercomm.gamemode.ingame.services.GameModeActionUtils.startGameModeEntry:21 com.thundercomm.gamemode.ingame.services.ActivityMonitoringService$1.onActivityLaunch:127
11-29 03:19:23.932 E/DisplayDeviceConfig( 1496): requesting nits when no mapping exists.
11-29 03:19:23.933 E/DisplayDeviceConfig( 1496): requesting nits when no mapping exists.
11-29 03:19:23.933 I/am_wtf ( 1496): [0,1496,system_server,-1,DisplayDeviceConfig,requesting nits when no mapping exists.]
11-29 03:19:23.933 D/GameMode_GameModeService( 3709): type=hide_entry
11-29 03:19:23.933 D/GameModeIF_GameModeSettings( 3709): getUriFor setting_content_uri_root = content://com.thundercomm.gamemode.api/gamemode_settings , name = gamemode_isgaming
11-29 03:19:23.934 I/am_wtf ( 1496): [0,1496,system_server,-1,DisplayDeviceConfig,requesting nits when no mapping exists.]
11-29 03:19:23.937 I/mpu_uart( 647): [MSG-P:RECV]:No message received in 1000 ms
11-29 03:19:23.938 I/GameModeConfig( 1496): Current uri is uri = content://com.thundercomm.gamemode.api/gamemode_settings/gamemode_isgaming
11-29 03:19:23.938 D/GameModeIF_GameModeSettings( 1496): getUriFor setting_content_uri_root = content://com.thundercomm.gamemode.api/gamemode_settings , name = gamemode_isgaming
11-29 03:19:23.939 D/GameMode_GameSettingsObserver( 3709): Game Data change!!!! uri = content://com.thundercomm.gamemode.api/gamemode_settings/gamemode_isgaming
11-29 03:19:23.939 D/GameModeIF_GameModeSettings( 3709): getUriFor setting_content_uri_root = content://com.thundercomm.gamemode.api/gamemode_settings , name = gamemode_isgaming
11-29 03:19:23.939 D/GameModeIF_GameModeSettings( 3709): gamemode_isgaming set to 0
11-29 03:19:23.941 D/GameMode_GameModeService( 3709): updateGlobalSettings = gamemode_isgaming
11-29 03:19:23.942 I/GameModeConfig( 1496): isGameModeOn = false
11-29 03:19:23.942 I/GameModeConfig( 1496): isGameModeOn = false
11-29 03:19:23.942 I/GameModeConfig( 1496): isDisableVoice = true
11-29 03:19:23.947 E/DisplayDeviceConfig( 1496): requesting nits when no mapping exists.
11-29 03:19:23.947 E/DisplayDeviceConfig( 1496): requesting nits when no mapping exists.
11-29 03:19:23.947 I/am_wtf ( 1496): [0,1496,system_server,-1,DisplayDeviceConfig,requesting nits when no mapping exists.]
11-29 03:19:23.948 I/am_wtf ( 1496): [0,1496,system_server,-1,DisplayDeviceConfig,requesting nits when no mapping exists.]
11-29 03:19:23.965 E/DisplayDeviceConfig( 1496): requesting nits when no mapping exists.
11-29 03:19:23.966 E/DisplayDeviceConfig( 1496): requesting nits when no mapping exists.
11-29 03:19:23.968 I/am_wtf ( 1496): [0,1496,system_server,-1,DisplayDeviceConfig,requesting nits when no mapping exists.]
11-29 03:19:23.969 I/am_wtf ( 1496): [0,1496,system_server,-1,DisplayDeviceConfig,requesting nits when no mapping exists.]
11-29 03:19:23.982 E/DisplayDeviceConfig( 1496): requesting nits when no mapping exists.
11-29 03:19:23.982 E/DisplayDeviceConfig( 1496): requesting nits when no mapping exists.
11-29 03:19:23.982 I/am_wtf ( 1496): [0,1496,system_server,-1,DisplayDeviceConfig,requesting nits when no mapping exists.]
11-29 03:19:23.983 I/am_wtf ( 1496): [0,1496,system_server,-1,DisplayDeviceConfig,requesting nits when no mapping exists.]
11-29 03:19:23.997 E/DisplayDeviceConfig( 1496): requesting nits when no mapping exists.
11-29 03:19:23.997 E/DisplayDeviceConfig( 1496): requesting nits when no mapping exists.
11-29 03:19:23.997 I/am_wtf ( 1496): [0,1496,system_server,-1,DisplayDeviceConfig,requesting nits when no mapping exists.]
11-29 03:19:23.998 I/am_wtf ( 1496): [0,1496,system_server,-1,DisplayDeviceConfig,requesting nits when no mapping exists.]
11-29 03:19:24.016 E/DisplayDeviceConfig( 1496): requesting nits when no mapping exists.
11-29 03:19:24.017 I/am_wtf ( 1496): [0,1496,system_server,-1,DisplayDeviceConfig,requesting nits when no mapping exists.]
11-29 03:19:24.017 E/DisplayDeviceConfig( 1496): requesting nits when no mapping exists.
11-29 03:19:24.018 I/am_wtf ( 1496): [0,1496,system_server,-1,DisplayDeviceConfig,requesting nits when no mapping exists.]
11-29 03:19:24.030 E/DisplayDeviceConfig( 1496): requesting nits when no mapping exists.
11-29 03:19:24.031 E/DisplayDeviceConfig( 1496): requesting nits when no mapping exists.
11-29 03:19:24.031 I/am_wtf ( 1496): [0,1496,system_server,-1,DisplayDeviceConfig,requesting nits when no mapping exists.]
11-29 03:19:24.032 I/am_wtf ( 1496): [0,1496,system_server,-1,DisplayDeviceConfig,requesting nits when no mapping exists.]
11-29 03:19:24.047 E/DisplayDeviceConfig( 1496): requesting nits when no mapping exists.
11-29 03:19:24.048 E/DisplayDeviceConfig( 1496): requesting nits when no mapping exists.
11-29 03:19:24.048 I/am_wtf ( 1496): [0,1496,system_server,-1,DisplayDeviceConfig,requesting nits when no mapping exists.]
11-29 03:19:24.055 I/am_wtf ( 1496): [0,1496,system_server,-1,DisplayDeviceConfig,requesting nits when no mapping exists.]
11-29 03:19:24.064 E/DisplayDeviceConfig( 1496): requesting nits when no mapping exists.
11-29 03:19:24.064 E/DisplayDeviceConfig( 1496): requesting nits when no mapping exists.
11-29 03:19:24.064 I/am_wtf ( 1496): [0,1496,system_server,-1,DisplayDeviceConfig,requesting nits when no mapping exists.]
11-29 03:19:24.071 I/am_wtf ( 1496): [0,1496,system_server,-1,DisplayDeviceConfig,requesting nits when no mapping exists.]
11-29 03:19:24.074 I/GameModeConfig( 1496): isGameModeOn = false
11-29 03:19:24.075 I/sysui_multi_action( 1496): [757,1501,758,1,793,321269,794,0,795,205,796,2048,806,com.android.systemui,857,updateNotification,858,3,947,0,1500,0,1688,1]
11-29 03:19:24.075 I/sysui_multi_action( 1496): [757,804,799,note_interruptive,801,0,802,1]
11-29 03:19:24.075 I/sysui_multi_action( 1496): [757,199,758,1,759,2,793,321269,794,0,795,205,796,2048,806,com.android.systemui,857,updateNotification,858,3,947,0,1500,0,1688,1]
11-29 03:19:24.075 I/notification_alert( 1496): [0|com.android.systemui|2048|null|10082,0,1,0]
11-29 03:19:24.076 W/NotificationHistory( 1496): Attempted to add notif for locked/gone/disabled user 0
11-29 03:19:24.079 D/InterruptionStateProvider( 1991): No bubble up: not allowed to bubble: 0|com.android.systemui|2048|null|10082
11-29 03:19:24.079 D/InterruptionStateProvider( 1991): No heads up: unimportant notification: 0|com.android.systemui|2048|null|10082
11-29 03:19:24.080 V/GameMode_GameTypeUtils( 3709): judge isGame:com.thundercomm.screensaver
11-29 03:19:24.080 E/GameMode_GameModeNotificationListenerService( 3709): title :content :,PackageName:com.android.systemui,isGameModeOn:false,isBulletScreenOn:false,isBulletScreenPackage:false
11-29 03:19:24.081 E/DisplayDeviceConfig( 1496): requesting nits when no mapping exists.
11-29 03:19:24.081 E/DisplayDeviceConfig( 1496): requesting nits when no mapping exists.
11-29 03:19:24.081 I/am_wtf ( 1496): [0,1496,system_server,-1,DisplayDeviceConfig,requesting nits when no mapping exists.]
11-29 03:19:24.082 I/am_wtf ( 1496): [0,1496,system_server,-1,DisplayDeviceConfig,requesting nits when no mapping exists.]
11-29 03:19:24.084 D/PeopleSpaceWidgetMgr( 1991): Sbn doesn't contain valid PeopleTileKey: null/0/com.android.systemui
11-29 03:19:24.087 D/Avrcp_ext( 1974): AudioManager Player: AudioPlaybackConfiguration piid:71 deviceId:0 type:android.media.SoundPool u/pid:10082/1991 state:idle attr:AudioAttributes: usage=USAGE_ASSISTANCE_SONIFICATION content=CONTENT_TYPE_SONIFICATION flags=0x800 tags= bundle=null sessionId:0
11-29 03:19:24.087 D/Avrcp_ext( 1974): AudioManager Player: AudioPlaybackConfiguration piid:87 deviceId:0 type:android.media.SoundPool u/pid:1000/3709 state:idle attr:AudioAttributes: usage=USAGE_ASSISTANCE_SONIFICATION content=CONTENT_TYPE_SONIFICATION flags=0x801 tags= bundle=null sessionId:0
11-29 03:19:24.087 D/Avrcp_ext( 1974): AudioManager Player: AudioPlaybackConfiguration piid:63 deviceId:0 type:android.media.SoundPool u/pid:1000/1496 state:idle attr:AudioAttributes: usage=USAGE_ASSISTANCE_SONIFICATION content=CONTENT_TYPE_SONIFICATION flags=0x800 tags= bundle=null sessionId:0
11-29 03:19:24.087 D/Avrcp_ext( 1974): AudioManager Player: AudioPlaybackConfiguration piid:111 deviceId:0 type:android.media.MediaPlayer u/pid:10082/1991 state:idle attr:AudioAttributes: usage=USAGE_NOTIFICATION content=CONTENT_TYPE_SONIFICATION flags=0x800 tags= bundle=null sessionId:0
11-29 03:19:24.087 D/Avrcp_ext( 1974): AudioManager isPlaying: false, mAudioPlaybackIsActive = false
11-29 03:19:24.087 D/Avrcp_ext( 1974): AudioManager Reset Active Player
11-29 03:19:24.090 W/MediaProvider( 2836): Failed to fetch original file descriptor
11-29 03:19:24.090 W/MediaProvider( 2836): java.io.IOException: stat failed: EACCES (Permission denied)
11-29 03:19:24.090 W/MediaProvider( 2836): at com.android.providers.media.MediaProvider.getFileFromFileDescriptor(MediaProvider.java:5794)
11-29 03:19:24.090 W/MediaProvider( 2836): at com.android.providers.media.MediaProvider.getOriginalMediaFormatFileDescriptor(MediaProvider.java:5711)
11-29 03:19:24.090 W/MediaProvider( 2836): at com.android.providers.media.MediaProvider.openTypedAssetFileCommon(MediaProvider.java:7134)
11-29 03:19:24.090 W/MediaProvider( 2836): at com.android.providers.media.MediaProvider.openTypedAssetFile(MediaProvider.java:7115)
11-29 03:19:24.090 W/MediaProvider( 2836): at android.content.ContentProvider$Transport.openTypedAssetFile(ContentProvider.java:548)
11-29 03:19:24.090 W/MediaProvider( 2836): at android.content.ContentProviderNative.onTransact(ContentProviderNative.java:327)
11-29 03:19:24.090 W/MediaProvider( 2836): at android.os.Binder.execTransactInternal(Binder.java:1179)
11-29 03:19:24.090 W/MediaProvider( 2836): at android.os.Binder.execTransact(Binder.java:1143)
11-29 03:19:24.090 W/MediaProvider( 2836): Caused by: android.system.ErrnoException: stat failed: EACCES (Permission denied)
11-29 03:19:24.090 W/MediaProvider( 2836): at libcore.io.Linux.stat(Native Method)
11-29 03:19:24.090 W/MediaProvider( 2836): at libcore.io.ForwardingOs.stat(ForwardingOs.java:853)
11-29 03:19:24.090 W/MediaProvider( 2836): at libcore.io.BlockGuardOs.stat(BlockGuardOs.java:420)
11-29 03:19:24.090 W/MediaProvider( 2836): at libcore.io.ForwardingOs.stat(ForwardingOs.java:853)
11-29 03:19:24.090 W/MediaProvider( 2836): at android.app.ActivityThread$AndroidOs.stat(ActivityThread.java:7780)
11-29 03:19:24.090 W/MediaProvider( 2836): at android.system.Os.stat(Os.java:919)
11-29 03:19:24.090 W/MediaProvider( 2836): at com.android.providers.media.MediaProvider.getFileFromFileDescriptor(MediaProvider.java:5788)
11-29 03:19:24.090 W/MediaProvider( 2836): ... 7 more
11-29 03:19:24.091 D/NuPlayerDriver( 1199): NuPlayerDriver(0xeb440470) created, clientPid(1991)
11-29 03:19:24.097 I/ExtendedNuUtils( 1199): printFileName fd(8) -> /data/system_de/0/ringtones/notification_sound_cache
11-29 03:19:24.098 E/DisplayDeviceConfig( 1496): requesting nits when no mapping exists.
11-29 03:19:24.098 E/DisplayDeviceConfig( 1496): requesting nits when no mapping exists.
11-29 03:19:24.098 I/am_wtf ( 1496): [0,1496,system_server,-1,DisplayDeviceConfig,requesting nits when no mapping exists.]
11-29 03:19:24.099 I/am_wtf ( 1496): [0,1496,system_server,-1,DisplayDeviceConfig,requesting nits when no mapping exists.]
11-29 03:19:24.100 D/GenericSource( 1199): FileSource remote
11-29 03:19:24.102 I/MMParserExtractor( 1196): Created(0xb4000071c5a43c10)
11-29 03:19:24.102 E/MM_OSAL ( 1196): FileSource::FileSource
11-29 03:19:24.102 E/MM_OSAL ( 1196): FileSource::FileSource m_bEveryThingOK 1
11-29 03:19:24.104 D/MediaBufferGroup( 1196): creating MemoryDealer
11-29 03:19:24.105 I/mpu_uart( 647): [MSG-P:R]:recv sync frame timeout
11-29 03:19:24.112 I/MediaFocusControl( 1496): requestAudioFocus() from uid/pid 10082/1991 AA=USAGE_NOTIFICATION/CONTENT_TYPE_SONIFICATION clientId=android.media.AudioManager@62daf1d callingPack=com.android.systemui req=3 flags=0x0 sdk=31
11-29 03:19:24.112 I/AudioService.FadeOutManager( 1496): unfadeOutUid() uid:10082
11-29 03:19:24.115 E/DisplayDeviceConfig( 1496): requesting nits when no mapping exists.
11-29 03:19:24.115 E/DisplayDeviceConfig( 1496): requesting nits when no mapping exists.
11-29 03:19:24.116 I/am_wtf ( 1496): [0,1496,system_server,-1,DisplayDeviceConfig,requesting nits when no mapping exists.]
11-29 03:19:24.116 I/am_wtf ( 1496): [0,1496,system_server,-1,DisplayDeviceConfig,requesting nits when no mapping exists.]
11-29 03:19:24.131 E/DisplayDeviceConfig( 1496): requesting nits when no mapping exists.
11-29 03:19:24.132 I/am_wtf ( 1496): [0,1496,system_server,-1,DisplayDeviceConfig,requesting nits when no mapping exists.]
11-29 03:19:24.132 E/DisplayDeviceConfig( 1496): requesting nits when no mapping exists.
11-29 03:19:24.133 I/am_wtf ( 1496): [0,1496,system_server,-1,DisplayDeviceConfig,requesting nits when no mapping exists.]
11-29 03:19:24.148 E/DisplayDeviceConfig( 1496): requesting nits when no mapping exists.
11-29 03:19:24.148 I/am_wtf ( 1496): [0,1496,system_server,-1,DisplayDeviceConfig,requesting nits when no mapping exists.]
11-29 03:19:24.149 E/DisplayDeviceConfig( 1496): requesting nits when no mapping exists.
11-29 03:19:24.149 I/am_wtf ( 1496): [0,1496,system_server,-1,DisplayDeviceConfig,requesting nits when no mapping exists.]
11-29 03:19:24.166 E/DisplayDeviceConfig( 1496): requesting nits when no mapping exists.
11-29 03:19:24.167 E/DisplayDeviceConfig( 1496): requesting nits when no mapping exists.
11-29 03:19:24.167 I/am_wtf ( 1496): [0,1496,system_server,-1,DisplayDeviceConfig,requesting nits when no mapping exists.]
11-29 03:19:24.168 I/am_wtf ( 1496): [0,1496,system_server,-1,DisplayDeviceConfig,requesting nits when no mapping exists.]
11-29 03:19:24.182 E/DisplayDeviceConfig( 1496): requesting nits when no mapping exists.
11-29 03:19:24.183 E/DisplayDeviceConfig( 1496): requesting nits when no mapping exists.
11-29 03:19:24.186 I/am_wtf ( 1496): [0,1496,system_server,-1,DisplayDeviceConfig,requesting nits when no mapping exists.]
11-29 03:19:24.186 I/wm_stop_activity( 1496): [0,261032637,com.android.launcher3/.uioverrides.QuickstepLauncher]
11-29 03:19:24.194 I/am_wtf ( 1496): [0,1496,system_server,-1,DisplayDeviceConfig,requesting nits when no mapping exists.]
11-29 03:19:24.198 E/DisplayDeviceConfig( 1496): requesting nits when no mapping exists.
11-29 03:19:24.199 E/DisplayDeviceConfig( 1496): requesting nits when no mapping exists.
11-29 03:19:24.199 I/am_wtf ( 1496): [0,1496,system_server,-1,DisplayDeviceConfig,requesting nits when no mapping exists.]
11-29 03:19:24.201 D/StateManager( 2495): goToState: Normal
11-29 03:19:24.202 I/wm_on_stop_called( 2495): [261032637,com.android.launcher3.uioverrides.QuickstepLauncher,STOP_ACTIVITY_ITEM]
11-29 03:19:24.205 I/am_wtf ( 1496): [0,1496,system_server,-1,DisplayDeviceConfig,requesting nits when no mapping exists.]
11-29 03:19:24.215 E/DisplayDeviceConfig( 1496): requesting nits when no mapping exists.
11-29 03:19:24.215 I/am_wtf ( 1496): [0,1496,system_server,-1,DisplayDeviceConfig,requesting nits when no mapping exists.]
11-29 03:19:24.215 E/DisplayDeviceConfig( 1496): requesting nits when no mapping exists.
11-29 03:19:24.216 I/am_wtf ( 1496): [0,1496,system_server,-1,DisplayDeviceConfig,requesting nits when no mapping exists.]
11-29 03:19:24.223 I/GameMode_ActivityMonitoringService( 3709): onForegroundActivitiesChanged uid 10077 pid 2495 fg false
11-29 03:19:24.227 I/GameMode_ActivityMonitoringService( 3709): Updating top task to: TaskInfoContainer [topActivity=ComponentInfo{com.thundercomm.screensaver/android.service.dreams.DreamActivity}, taskId=266, stackId=266, userId=0, displayId=0, position=6
11-29 03:19:24.227 I/GameMode_ActivityMonitoringService( 3709): Notifying about top task: TaskInfoContainer [topActivity=ComponentInfo{com.thundercomm.screensaver/android.service.dreams.DreamActivity}, taskId=266, stackId=266, userId=0, displayId=0, position=6
11-29 03:19:24.227 E/GameMode_ActivityMonitoringService( 3709): onActivityLaunch:com.thundercomm.screensaver
11-29 03:19:24.227 V/GameMode_GameTypeUtils( 3709): judge isGame:com.thundercomm.screensaver
11-29 03:19:24.227 V/GameMode_GpuUtils( 3709): fps:60
11-29 03:19:24.230 D/GameMode_GameModeActionUtils( 3709): Show GameMode entry by service!
11-29 03:19:24.230 W/ContextImpl( 3709): Calling a method in the system process without a qualified user: android.app.ContextImpl.startService:1816 android.content.ContextWrapper.startService:774 com.thundercomm.gamemode.ingame.services.GameModeActionUtils.startGameModeService:93 com.thundercomm.gamemode.ingame.services.GameModeActionUtils.startGameModeEntry:21 com.thundercomm.gamemode.ingame.services.ActivityMonitoringService$1.onActivityLaunch:127
11-29 03:19:24.232 D/GameMode_GameModeService( 3709): type=hide_entry
11-29 03:19:24.232 D/GameModeIF_GameModeSettings( 3709): getUriFor setting_content_uri_root = content://com.thundercomm.gamemode.api/gamemode_settings , name = gamemode_isgaming
11-29 03:19:24.234 E/DisplayDeviceConfig( 1496): requesting nits when no mapping exists.
11-29 03:19:24.234 E/DisplayDeviceConfig( 1496): requesting nits when no mapping exists.
11-29 03:19:24.235 I/GameModeConfig( 1496): Current uri is uri = content://com.thundercomm.gamemode.api/gamemode_settings/gamemode_isgaming
11-29 03:19:24.235 D/GameModeIF_GameModeSettings( 1496): getUriFor setting_content_uri_root = content://com.thundercomm.gamemode.api/gamemode_settings , name = gamemode_isgaming
11-29 03:19:24.235 D/GameModeIF_GameModeSettings( 3709): gamemode_isgaming set to 0
11-29 03:19:24.235 D/GameMode_GameSettingsObserver( 3709): Game Data change!!!! uri = content://com.thundercomm.gamemode.api/gamemode_settings/gamemode_isgaming
11-29 03:19:24.235 D/GameModeIF_GameModeSettings( 3709): getUriFor setting_content_uri_root = content://com.thundercomm.gamemode.api/gamemode_settings , name = gamemode_isgaming
11-29 03:19:24.237 I/am_wtf ( 1496): [0,1496,system_server,-1,DisplayDeviceConfig,requesting nits when no mapping exists.]
11-29 03:19:24.238 I/am_wtf ( 1496): [0,1496,system_server,-1,DisplayDeviceConfig,requesting nits when no mapping exists.]
11-29 03:19:24.238 D/GameMode_GameModeService( 3709): updateGlobalSettings = gamemode_isgaming
11-29 03:19:24.238 I/GameModeConfig( 1496): isGameModeOn = false
11-29 03:19:24.239 I/GameModeConfig( 1496): isGameModeOn = false
11-29 03:19:24.239 I/GameModeConfig( 1496): isDisableVoice = true
11-29 03:19:24.247 W/Choreographer( 4109): Frame time is 0.18138699 ms in the future! Check that graphics HAL is generating vsync timestamps using the correct timebase.
11-29 03:19:24.247 W/Choreographer( 1991): Frame time is 0.111907 ms in the future! Check that graphics HAL is generating vsync timestamps using the correct timebase.
11-29 03:19:24.247 W/Choreographer( 4109): Frame time is 0.143574 ms in the future! Check that graphics HAL is generating vsync timestamps using the correct timebase.
11-29 03:19:24.248 W/Choreographer( 1496): Frame time is 0.030657 ms in the future! Check that graphics HAL is generating vsync timestamps using the correct timebase.
11-29 03:19:24.249 E/DisplayDeviceConfig( 1496): requesting nits when no mapping exists.
11-29 03:19:24.249 I/am_wtf ( 1496): [0,1496,system_server,-1,DisplayDeviceConfig,requesting nits when no mapping exists.]
11-29 03:19:24.250 E/DisplayDeviceConfig( 1496): requesting nits when no mapping exists.
11-29 03:19:24.250 I/am_wtf ( 1496): [0,1496,system_server,-1,DisplayDeviceConfig,requesting nits when no mapping exists.]
11-29 03:19:24.265 E/DisplayDeviceConfig( 1496): requesting nits when no mapping exists.
11-29 03:19:24.265 E/DisplayDeviceConfig( 1496): requesting nits when no mapping exists.
11-29 03:19:24.266 I/am_wtf ( 1496): [0,1496,system_server,-1,DisplayDeviceConfig,requesting nits when no mapping exists.]
11-29 03:19:24.267 I/am_wtf ( 1496): [0,1496,system_server,-1,DisplayDeviceConfig,requesting nits when no mapping exists.]
11-29 03:19:24.282 E/DisplayDeviceConfig( 1496): requesting nits when no mapping exists.
11-29 03:19:24.282 E/DisplayDeviceConfig( 1496): requesting nits when no mapping exists.
11-29 03:19:24.283 I/am_wtf ( 1496): [0,1496,system_server,-1,DisplayDeviceConfig,requesting nits when no mapping exists.]
11-29 03:19:24.284 I/am_wtf ( 1496): [0,1496,system_server,-1,DisplayDeviceConfig,requesting nits when no mapping exists.]
11-29 03:19:24.299 E/DisplayDeviceConfig( 1496): requesting nits when no mapping exists.
11-29 03:19:24.299 I/am_wtf ( 1496): [0,1496,system_server,-1,DisplayDeviceConfig,requesting nits when no mapping exists.]
11-29 03:19:24.299 E/DisplayDeviceConfig( 1496): requesting nits when no mapping exists.
11-29 03:19:24.300 I/am_wtf ( 1496): [0,1496,system_server,-1,DisplayDeviceConfig,requesting nits when no mapping exists.]
11-29 03:19:24.317 E/DisplayDeviceConfig( 1496): requesting nits when no mapping exists.
11-29 03:19:24.318 E/DisplayDeviceConfig( 1496): requesting nits when no mapping exists.
11-29 03:19:24.318 I/am_wtf ( 1496): [0,1496,system_server,-1,DisplayDeviceConfig,requesting nits when no mapping exists.]
11-29 03:19:24.318 I/am_wtf ( 1496): [0,1496,system_server,-1,DisplayDeviceConfig,requesting nits when no mapping exists.]
11-29 03:19:24.333 E/DisplayDeviceConfig( 1496): requesting nits when no mapping exists.
11-29 03:19:24.333 E/DisplayDeviceConfig( 1496): requesting nits when no mapping exists.
11-29 03:19:24.333 I/am_wtf ( 1496): [0,1496,system_server,-1,DisplayDeviceConfig,requesting nits when no mapping exists.]
11-29 03:19:24.334 I/am_wtf ( 1496): [0,1496,system_server,-1,DisplayDeviceConfig,requesting nits when no mapping exists.]
11-29 03:19:24.348 E/DisplayDeviceConfig( 1496): requesting nits when no mapping exists.
11-29 03:19:24.349 I/am_wtf ( 1496): [0,1496,system_server,-1,DisplayDeviceConfig,requesting nits when no mapping exists.]
11-29 03:19:24.349 E/DisplayDeviceConfig( 1496): requesting nits when no mapping exists.
11-29 03:19:24.350 I/am_wtf ( 1496): [0,1496,system_server,-1,DisplayDeviceConfig,requesting nits when no mapping exists.]
11-29 03:19:24.365 E/DisplayDeviceConfig( 1496): requesting nits when no mapping exists.
11-29 03:19:24.365 I/am_wtf ( 1496): [0,1496,system_server,-1,DisplayDeviceConfig,requesting nits when no mapping exists.]
11-29 03:19:24.365 E/DisplayDeviceConfig( 1496): requesting nits when no mapping exists.
11-29 03:19:24.366 I/am_wtf ( 1496): [0,1496,system_server,-1,DisplayDeviceConfig,requesting nits when no mapping exists.]
11-29 03:19:24.381 E/DisplayDeviceConfig( 1496): requesting nits when no mapping exists.
11-29 03:19:24.382 I/am_wtf ( 1496): [0,1496,system_server,-1,DisplayDeviceConfig,requesting nits when no mapping exists.]
11-29 03:19:24.382 E/DisplayDeviceConfig( 1496): requesting nits when no mapping exists.
11-29 03:19:24.384 I/am_wtf ( 1496): [0,1496,system_server,-1,DisplayDeviceConfig,requesting nits when no mapping exists.]
11-29 03:19:24.400 E/DisplayDeviceConfig( 1496): requesting nits when no mapping exists.
11-29 03:19:24.400 E/DisplayDeviceConfig( 1496): requesting nits when no mapping exists.
11-29 03:19:24.400 I/am_wtf ( 1496): [0,1496,system_server,-1,DisplayDeviceConfig,requesting nits when no mapping exists.]
11-29 03:19:24.401 I/am_wtf ( 1496): [0,1496,system_server,-1,DisplayDeviceConfig,requesting nits when no mapping exists.]
11-29 03:19:24.415 E/DisplayDeviceConfig( 1496): requesting nits when no mapping exists.
11-29 03:19:24.416 I/am_wtf ( 1496): [0,1496,system_server,-1,DisplayDeviceConfig,requesting nits when no mapping exists.]
11-29 03:19:24.417 E/DisplayDeviceConfig( 1496): requesting nits when no mapping exists.
11-29 03:19:24.417 I/am_wtf ( 1496): [0,1496,system_server,-1,DisplayDeviceConfig,requesting nits when no mapping exists.]
11-29 03:19:24.433 E/DisplayDeviceConfig( 1496): requesting nits when no mapping exists.
11-29 03:19:24.434 I/am_wtf ( 1496): [0,1496,system_server,-1,DisplayDeviceConfig,requesting nits when no mapping exists.]
11-29 03:19:24.434 E/DisplayDeviceConfig( 1496): requesting nits when no mapping exists.
11-29 03:19:24.435 I/am_wtf ( 1496): [0,1496,system_server,-1,DisplayDeviceConfig,requesting nits when no mapping exists.]
11-29 03:19:24.449 E/DisplayDeviceConfig( 1496): requesting nits when no mapping exists.
11-29 03:19:24.450 E/DisplayDeviceConfig( 1496): requesting nits when no mapping exists.
11-29 03:19:24.451 I/am_wtf ( 1496): [0,1496,system_server,-1,DisplayDeviceConfig,requesting nits when no mapping exists.]
11-29 03:19:24.452 I/am_wtf ( 1496): [0,1496,system_server,-1,DisplayDeviceConfig,requesting nits when no mapping exists.]
11-29 03:19:24.466 E/DisplayDeviceConfig( 1496): requesting nits when no mapping exists.
11-29 03:19:24.467 E/DisplayDeviceConfig( 1496): requesting nits when no mapping exists.
11-29 03:19:24.467 I/am_wtf ( 1496): [0,1496,system_server,-1,DisplayDeviceConfig,requesting nits when no mapping exists.]
11-29 03:19:24.468 I/am_wtf ( 1496): [0,1496,system_server,-1,DisplayDeviceConfig,requesting nits when no mapping exists.]
11-29 03:19:24.484 E/DisplayDeviceConfig( 1496): requesting nits when no mapping exists.
11-29 03:19:24.485 I/am_wtf ( 1496): [0,1496,system_server,-1,DisplayDeviceConfig,requesting nits when no mapping exists.]
11-29 03:19:24.485 E/DisplayDeviceConfig( 1496): requesting nits when no mapping exists.
11-29 03:19:24.486 I/am_wtf ( 1496): [0,1496,system_server,-1,DisplayDeviceConfig,requesting nits when no mapping exists.]
11-29 03:19:24.504 E/DisplayDeviceConfig( 1496): requesting nits when no mapping exists.
11-29 03:19:24.504 E/DisplayDeviceConfig( 1496): requesting nits when no mapping exists.
11-29 03:19:24.504 I/am_wtf ( 1496): [0,1496,system_server,-1,DisplayDeviceConfig,requesting nits when no mapping exists.]
11-29 03:19:24.505 I/am_wtf ( 1496): [0,1496,system_server,-1,DisplayDeviceConfig,requesting nits when no mapping exists.]
11-29 03:19:24.517 E/DisplayDeviceConfig( 1496): requesting nits when no mapping exists.
11-29 03:19:24.518 I/am_wtf ( 1496): [0,1496,system_server,-1,DisplayDeviceConfig,requesting nits when no mapping exists.]
11-29 03:19:24.519 E/DisplayDeviceConfig( 1496): requesting nits when no mapping exists.
11-29 03:19:24.520 I/am_wtf ( 1496): [0,1496,system_server,-1,DisplayDeviceConfig,requesting nits when no mapping exists.]
11-29 03:19:24.533 E/DisplayDeviceConfig( 1496): requesting nits when no mapping exists.
11-29 03:19:24.534 I/am_wtf ( 1496): [0,1496,system_server,-1,DisplayDeviceConfig,requesting nits when no mapping exists.]
11-29 03:19:24.536 E/DisplayDeviceConfig( 1496): requesting nits when no mapping exists.
11-29 03:19:24.537 I/am_wtf ( 1496): [0,1496,system_server,-1,DisplayDeviceConfig,requesting nits when no mapping exists.]
11-29 03:19:24.555 E/DisplayDeviceConfig( 1496): requesting nits when no mapping exists.
11-29 03:19:24.555 I/am_wtf ( 1496): [0,1496,system_server,-1,DisplayDeviceConfig,requesting nits when no mapping exists.]
11-29 03:19:24.555 E/DisplayDeviceConfig( 1496): requesting nits when no mapping exists.
11-29 03:19:24.557 I/am_wtf ( 1496): [0,1496,system_server,-1,DisplayDeviceConfig,requesting nits when no mapping exists.]
11-29 03:19:24.566 E/DisplayDeviceConfig( 1496): requesting nits when no mapping exists.
11-29 03:19:24.566 E/DisplayDeviceConfig( 1496): requesting nits when no mapping exists.
11-29 03:19:24.566 I/am_wtf ( 1496): [0,1496,system_server,-1,DisplayDeviceConfig,requesting nits when no mapping exists.]
11-29 03:19:24.567 I/am_wtf ( 1496): [0,1496,system_server,-1,DisplayDeviceConfig,requesting nits when no mapping exists.]
11-29 03:19:24.582 E/DisplayDeviceConfig( 1496): requesting nits when no mapping exists.
11-29 03:19:24.582 E/DisplayDeviceConfig( 1496): requesting nits when no mapping exists.
11-29 03:19:24.582 I/am_wtf ( 1496): [0,1496,system_server,-1,DisplayDeviceConfig,requesting nits when no mapping exists.]
11-29 03:19:24.583 I/am_wtf ( 1496): [0,1496,system_server,-1,DisplayDeviceConfig,requesting nits when no mapping exists.]
11-29 03:19:24.599 E/DisplayDeviceConfig( 1496): requesting nits when no mapping exists.
11-29 03:19:24.600 E/DisplayDeviceConfig( 1496): requesting nits when no mapping exists.
11-29 03:19:24.600 I/am_wtf ( 1496): [0,1496,system_server,-1,DisplayDeviceConfig,requesting nits when no mapping exists.]
11-29 03:19:24.603 I/am_wtf ( 1496): [0,1496,system_server,-1,DisplayDeviceConfig,requesting nits when no mapping exists.]
11-29 03:19:24.613 W/AudioIDCMicroNegotiator( 1496): idcm_warn: idcm control is not enable
11-29 03:19:24.614 I/GenericSource( 1199): start
11-29 03:19:24.614 D/Avrcp_ext( 1974): AudioManager Player: AudioPlaybackConfiguration piid:71 deviceId:0 type:android.media.SoundPool u/pid:10082/1991 state:idle attr:AudioAttributes: usage=USAGE_ASSISTANCE_SONIFICATION content=CONTENT_TYPE_SONIFICATION flags=0x800 tags= bundle=null sessionId:0
11-29 03:19:24.614 D/Avrcp_ext( 1974): AudioManager Player: AudioPlaybackConfiguration piid:87 deviceId:0 type:android.media.SoundPool u/pid:1000/3709 state:idle attr:AudioAttributes: usage=USAGE_ASSISTANCE_SONIFICATION content=CONTENT_TYPE_SONIFICATION flags=0x801 tags= bundle=null sessionId:0
11-29 03:19:24.614 D/Avrcp_ext( 1974): AudioManager Player: AudioPlaybackConfiguration piid:63 deviceId:0 type:android.media.SoundPool u/pid:1000/1496 state:idle attr:AudioAttributes: usage=USAGE_ASSISTANCE_SONIFICATION content=CONTENT_TYPE_SONIFICATION flags=0x800 tags= bundle=null sessionId:0
11-29 03:19:24.614 D/Avrcp_ext( 1974): AudioManager Player: AudioPlaybackConfiguration piid:111 deviceId:0 type:android.media.MediaPlayer u/pid:10082/1991 state:started attr:AudioAttributes: usage=USAGE_NOTIFICATION content=CONTENT_TYPE_SONIFICATION flags=0x800 tags= bundle=null sessionId:0
11-29 03:19:24.615 W/Utils ( 1199): track of type 'audio/vorbis' does not publish channel mask, channel count 1
11-29 03:19:24.617 D/MediaRouter( 1991): onRestoreRoute() : route=RouteInfo{ name=平板电脑, description=null, status=null, category=RouteCategory{ name=系统 types=ROUTE_TYPE_LIVE_AUDIO ROUTE_TYPE_LIVE_VIDEO groupable=false }, supportedTypes=ROUTE_TYPE_LIVE_AUDIO ROUTE_TYPE_LIVE_VIDEO , presentationDisplay=null }
11-29 03:19:24.617 V/MediaRouter( 1991): Selecting route: RouteInfo{ name=平板电脑, description=null, status=null, category=RouteCategory{ name=系统 types=ROUTE_TYPE_LIVE_AUDIO ROUTE_TYPE_LIVE_VIDEO groupable=false }, supportedTypes=ROUTE_TYPE_LIVE_AUDIO ROUTE_TYPE_LIVE_VIDEO , presentationDisplay=null }
11-29 03:19:24.619 D/Avrcp_ext( 1974): AudioManager Player in started state: com.android.systemui
11-29 03:19:24.619 D/Avrcp_ext( 1974): AudioManager Active Player: com.android.systemui
11-29 03:19:24.619 D/Avrcp_ext( 1974): AudioManager isPlaying: true, mAudioPlaybackIsActive = false
11-29 03:19:24.621 E/DisplayDeviceConfig( 1496): requesting nits when no mapping exists.
11-29 03:19:24.621 V/Avrcp_ext( 1974): updateCurrentMediaState: mMediaController: MediaController (com.android.systemui@4a501a7) null
11-29 03:19:24.621 E/DisplayDeviceConfig( 1496): requesting nits when no mapping exists.
11-29 03:19:24.621 I/am_wtf ( 1496): [0,1496,system_server,-1,DisplayDeviceConfig,requesting nits when no mapping exists.]
11-29 03:19:24.621 W/Avrcp_ext( 1974): isMusicActive: false getBluetoothPlayState: 2 A2dp State: 11 mAudioPlaybackIsActive: true
11-29 03:19:24.622 D/Avrcp_ext( 1974): isMusicActive = false mAudioPlaybackIsActive = true player state = null
11-29 03:19:24.622 I/am_wtf ( 1496): [0,1496,system_server,-1,DisplayDeviceConfig,requesting nits when no mapping exists.]
11-29 03:19:24.623 W/Utils ( 1199): track of type 'audio/vorbis' does not publish channel mask, channel count 1
11-29 03:19:24.624 I/Avrcp_ext( 1974): Skipping update due to invalid playback state
11-29 03:19:24.624 V/Avrcp_ext( 1974): updatePlaybackState, state: null device: null
11-29 03:19:24.624 V/Avrcp_ext( 1974): Device: no name:
11-29 03:19:24.624 V/Avrcp_ext( 1974): Device: no name:
11-29 03:19:24.624 V/Avrcp_ext( 1974): Device: no name:
11-29 03:19:24.624 V/Avrcp_ext( 1974): Device: no name:
11-29 03:19:24.624 V/Avrcp_ext( 1974): Device: no name:
11-29 03:19:24.624 V/Avrcp_ext( 1974): updatePlayerStateAndPosition, old=PlaybackState {state=2, position=-1, buffered position=0, speed=1.0, updated=24344, actions=0, custom actions=[], active item id=-1, error=null}, state=null
11-29 03:19:24.624 I/Avrcp_ext( 1974): updatePlayerStateAndPosition: device: state = null
11-29 03:19:24.626 D/audio_hw_primary( 815): adev_get_parameters:is_hw_dec_session_available
11-29 03:19:24.626 D/audio_hw_spkr_prot( 815): fbsp_get_parameters: Speaker protection disabled
11-29 03:19:24.626 D/soundtrigger( 815): audio_extn_sound_trigger_get_parameters input string
11-29 03:19:24.626 D/soundtrigger( 815): extract_sm_handle input string param string
11-29 03:19:24.626 D/audio_hw_extn( 815): audio_extn_fm_get_parameters: Enter
11-29 03:19:24.626 D/audio_hw_extn( 815): audio_extn_get_parameters: returns
11-29 03:19:24.626 D/audio_hw_primary( 815): adev_get_parameters: exit: returns -
11-29 03:19:24.626 I/hash_map_utils( 964): system/bt/osi/src/hash_map_utils.cc:81 hash_map_utils_dump_string_keys_string_values: key: 'is_hw_dec_session_available' value: 'audio/vorbis'
11-29 03:19:24.629 D/CCodec ( 1199): allocate(c2.android.vorbis.decoder)
11-29 03:19:24.634 E/DisplayDeviceConfig( 1496): requesting nits when no mapping exists.
11-29 03:19:24.635 E/DisplayDeviceConfig( 1496): requesting nits when no mapping exists.
11-29 03:19:24.635 I/am_wtf ( 1496): [0,1496,system_server,-1,DisplayDeviceConfig,requesting nits when no mapping exists.]
11-29 03:19:24.635 I/am_wtf ( 1496): [0,1496,system_server,-1,DisplayDeviceConfig,requesting nits when no mapping exists.]
11-29 03:19:24.636 I/CCodec ( 1199): setting up 'default' as default (vendor) store
11-29 03:19:24.637 V/C2Store ( 1291): in init
11-29 03:19:24.637 V/C2Store ( 1291): loading dll
11-29 03:19:24.641 I/CCodec ( 1199): Created component [c2.android.vorbis.decoder]
11-29 03:19:24.641 D/CCodecConfig( 1199): read media type: audio/vorbis
11-29 03:19:24.644 D/ReflectedParamUpdater( 1199): extent() != 1 for single value type: algo.buffers.max-count.values
11-29 03:19:24.644 D/ReflectedParamUpdater( 1199): extent() != 1 for single value type: output.subscribed-indices.values
11-29 03:19:24.644 D/ReflectedParamUpdater( 1199): extent() != 1 for single value type: input.buffers.allocator-ids.values
11-29 03:19:24.644 D/ReflectedParamUpdater( 1199): extent() != 1 for single value type: output.buffers.allocator-ids.values
11-29 03:19:24.645 D/ReflectedParamUpdater( 1199): extent() != 1 for single value type: algo.buffers.allocator-ids.values
11-29 03:19:24.645 D/ReflectedParamUpdater( 1199): extent() != 1 for single value type: output.buffers.pool-ids.values
11-29 03:19:24.645 D/ReflectedParamUpdater( 1199): extent() != 1 for single value type: algo.buffers.pool-ids.values
11-29 03:19:24.647 I/CCodecConfig( 1199): query failed after returning 7 values (BAD_INDEX)
11-29 03:19:24.647 D/CCodecConfig( 1199): c2 config diff is Dict {
11-29 03:19:24.647 D/CCodecConfig( 1199): c2::u32 coded.bitrate.value = 64000
11-29 03:19:24.647 D/CCodecConfig( 1199): c2::u32 input.buffers.max-size.value = 32768
11-29 03:19:24.647 D/CCodecConfig( 1199): c2::u32 input.delay.value = 0
11-29 03:19:24.647 D/CCodecConfig( 1199): string input.media-type.value = "audio/vorbis"
11-29 03:19:24.647 D/CCodecConfig( 1199): string output.media-type.value = "audio/raw"
11-29 03:19:24.647 D/CCodecConfig( 1199): c2::u32 raw.channel-count.value = 1
11-29 03:19:24.647 D/CCodecConfig( 1199): c2::u32 raw.sample-rate.value = 48000
11-29 03:19:24.647 D/CCodecConfig( 1199): }
11-29 03:19:24.649 D/CCodec ( 1199): [c2.android.vorbis.decoder] buffers are bound to CCodec for this session
11-29 03:19:24.649 D/CCodecConfig( 1199): no c2 equivalents for durationUs
11-29 03:19:24.649 D/CCodecConfig( 1199): no c2 equivalents for csd-1
11-29 03:19:24.649 D/CCodecConfig( 1199): no c2 equivalents for language
11-29 03:19:24.649 D/CCodecConfig( 1199): no c2 equivalents for file-format
11-29 03:19:24.649 E/DisplayDeviceConfig( 1496): requesting nits when no mapping exists.
11-29 03:19:24.649 D/CCodecConfig( 1199): no c2 equivalents for flags
11-29 03:19:24.649 I/am_wtf ( 1496): [0,1496,system_server,-1,DisplayDeviceConfig,requesting nits when no mapping exists.]
11-29 03:19:24.649 D/CCodecConfig( 1199): config failed => CORRUPTED
11-29 03:19:24.650 D/CCodecConfig( 1199): c2 config diff is c2::u32 coded.bitrate.value = 70000
11-29 03:19:24.650 E/DisplayDeviceConfig( 1496): requesting nits when no mapping exists.
11-29 03:19:24.650 I/am_wtf ( 1496): [0,1496,system_server,-1,DisplayDeviceConfig,requesting nits when no mapping exists.]
11-29 03:19:24.651 W/Codec2Client( 1199): query -- param skipped: index = 1107298332.
11-29 03:19:24.651 D/CCodec ( 1199): setup formats input: AMessage(what = 0x00000000) = {
11-29 03:19:24.651 D/CCodec ( 1199): int32_t bitrate = 70000
11-29 03:19:24.651 D/CCodec ( 1199): int32_t channel-count = 1
11-29 03:19:24.651 D/CCodec ( 1199): int32_t max-input-size = 65307
11-29 03:19:24.651 D/CCodec ( 1199): string mime = "audio/vorbis"
11-29 03:19:24.651 D/CCodec ( 1199): int32_t sample-rate = 48000
11-29 03:19:24.651 D/CCodec ( 1199): }
11-29 03:19:24.651 D/CCodec ( 1199): setup formats output: AMessage(what = 0x00000000) = {
11-29 03:19:24.651 D/CCodec ( 1199): int32_t channel-count = 1
11-29 03:19:24.651 D/CCodec ( 1199): string mime = "audio/raw"
11-29 03:19:24.651 D/CCodec ( 1199): int32_t sample-rate = 48000
11-29 03:19:24.651 D/CCodec ( 1199): int32_t android._config-pcm-encoding = 2
11-29 03:19:24.651 D/CCodec ( 1199): }
11-29 03:19:24.651 I/CCodecConfig( 1199): query failed after returning 7 values (BAD_INDEX)
11-29 03:19:24.651 I/MediaCodec( 1199): MediaCodec will operate in async mode
11-29 03:19:24.651 D/MediaCodec( 1199): keep callback message for reclaim
11-29 03:19:24.652 W/Codec2Client( 1199): query -- param skipped: index = 1342179345.
11-29 03:19:24.652 W/Codec2Client( 1199): query -- param skipped: index = 2415921170.
11-29 03:19:24.653 D/CCodecBufferChannel( 1199): [c2.android.vorbis.decoder#449] Created input block pool with allocatorID 16 => poolID 20 - OK (0)
11-29 03:19:24.654 D/BufferPoolAccessor2.0( 1291): bufferpool2 0xb4000079bfa98a98 : 0(0 size) total buffers - 0(0 size) used buffers - 93/97 (recycle/alloc) - 4/96 (fetch/transfer)
11-29 03:19:24.654 D/BufferPoolAccessor2.0( 1291): Destruction - bufferpool2 0xb4000079bfa98a98 cached: 0/0M, 0/0% in use; allocs: 97, 96% recycled; transfers: 96, 96% unfetched
11-29 03:19:24.655 D/BufferPoolAccessor2.0( 1199): bufferpool2 0xeac02e48 : 0(0 size) total buffers - 0(0 size) used buffers - 94/102 (recycle/alloc) - 8/198 (fetch/transfer)
11-29 03:19:24.655 D/BufferPoolAccessor2.0( 1199): Destruction - bufferpool2 0xeac02e48 cached: 0/0M, 0/0% in use; allocs: 102, 92% recycled; transfers: 198, 96% unfetched
11-29 03:19:24.655 I/CCodecBufferChannel( 1199): [c2.android.vorbis.decoder#449] Created output block pool with allocatorID 16 => poolID 30 - OK
11-29 03:19:24.655 D/CCodecBufferChannel( 1199): [c2.android.vorbis.decoder#449] Configured output block pool ids 30 => OK
11-29 03:19:24.655 D/CCodecBufferChannel( 1199): [c2.android.vorbis.decoder#449] start: updating output delay 0
11-29 03:19:24.656 I/CCodecBufferChannel( 1199): pipelineRoom(3) is <= numClientBuffers(3). Not signalling any more buffers to client
11-29 03:19:24.656 D/SimpleC2Component( 1291): Using output block pool with poolID 30 => got 30 - 0
11-29 03:19:24.657 I/CCodecBufferChannel( 1199): pipelineRoom(2) is <= numClientBuffers(2). Not signalling any more buffers to client
11-29 03:19:24.658 I/CCodecBufferChannel( 1199): pipelineRoom(1) is <= numClientBuffers(1). Not signalling any more buffers to client
11-29 03:19:24.663 I/ExtendedNuUtils( 1199): Both src and dst missing for bit-width
11-29 03:19:24.663 I/ExtendedNuUtils( 1199): Overriding durationUs: with 64 bit src value 1728000
11-29 03:19:24.663 I/ExtendedNuUtils( 1199): Both src and dst missing for channel-mask
11-29 03:19:24.666 E/DisplayDeviceConfig( 1496): requesting nits when no mapping exists.
11-29 03:19:24.666 D/audio_hw_primary( 815): adev_get_parameters:vr_audio_mode_on
11-29 03:19:24.667 I/audio_hw_primary( 815): getting vr mode to 0
11-29 03:19:24.667 D/audio_hw_primary( 815): adev_get_parameters: exit: returns - vr_audio_mode_on=false
11-29 03:19:24.667 E/DisplayDeviceConfig( 1496): requesting nits when no mapping exists.
11-29 03:19:24.667 I/hash_map_utils( 964): system/bt/osi/src/hash_map_utils.cc:81 hash_map_utils_dump_string_keys_string_values: key: 'vr_audio_mode_on' value: ''
11-29 03:19:24.669 I/am_wtf ( 1496): [0,1496,system_server,-1,DisplayDeviceConfig,requesting nits when no mapping exists.]
11-29 03:19:24.669 D/AudioFlinger( 964): Client defaulted notificationFrames to 12000 for frameCount 24000
11-29 03:19:24.669 I/am_wtf ( 1496): [0,1496,system_server,-1,DisplayDeviceConfig,requesting nits when no mapping exists.]
11-29 03:19:24.671 D/AF::TrackHandle( 964): OpPlayAudio: track:59 usage:5 not muted
11-29 03:19:24.679 I/EffectsFactory( 815): EffectCreate() create_effect
11-29 03:19:24.682 E/volume_listener( 815): check_and_set_gain_dep_cal: Failed to set gain dep cal level
11-29 03:19:24.682 D/audio_hw_primary( 815): start_output_stream: enter: stream(0xec4821a0)usecase(1: low-latency-playback) devices(0x2) is_haptic_usecase(0)
11-29 03:19:24.682 E/ANDR-PERF-TARGET( 839): Error: Invalid logical cluster id 0
11-29 03:19:24.682 E/ANDR-PERF-REQUEST( 839): invalid request
11-29 03:19:24.682 E/ANDR-PERF-MPCTL( 839): invalid request, no optimizations performed
11-29 03:19:24.682 E/audio_hw_extn( 815): audio_extn_perf_lock_acquire: Failed to acquire perf lock, err: -1
11-29 03:19:24.682 D/audio_hw_primary( 815): select_devices for use case (low-latency-playback)
11-29 03:19:24.682 I/msm8974_platform( 815): platform_check_and_set_codec_backend_cfg:becf: afe: bitwidth 16, samplerate 48000 channels 2, backend_idx 0 usecase = 1 device (speaker)
11-29 03:19:24.682 D/msm8974_platform( 815): platform_split_snd_device: snd_device(2) num devices(1) new_snd_devices(0)
11-29 03:19:24.682 I/msm8974_platform( 815): platform_check_and_set_codec_backend_cfg: new_snd_devices[0] is 2
11-29 03:19:24.682 I/msm8974_platform( 815): platform_check_codec_backend_cfg:becf: afe: bitwidth 16, samplerate 48000 channels 2, backend_idx 0 usecase = 1 device (speaker)
11-29 03:19:24.684 D/audio_hw_extn( 815): audio_extn_enable_hifi_filter: mixer_value set 0
11-29 03:19:24.684 D/msm8974_platform( 815): platform_check_codec_backend_cfg:becf: updated afe: bitwidth 16, samplerate 48000 channels 2,backend_idx 0 usecase = 1 device (speaker)
11-29 03:19:24.684 D/msm8974_platform( 815): platform_check_codec_backend_cfg:becf: afe: playback on codec device not supporting native playback set default Sample Rate(48k)
11-29 03:19:24.684 I/msm8974_platform( 815): platform_check_codec_backend_cfg:becf: afe: Codec selected backend: 0 updated bit width: 16 and sample rate: 48000
11-29 03:19:24.684 D/audio_hw_primary( 815): check_usecases_codec_backend:becf: force routing 0
11-29 03:19:24.684 E/msm8974_platform( 815): platform_check_backends_match: Invalid snd_device =
11-29 03:19:24.684 D/audio_hw_primary( 815): check_usecases_codec_backend:becf: (78) check_usecases curr device: speaker, usecase device: backends match 0
11-29 03:19:24.684 D/audio_hw_primary( 815): check_usecases_codec_backend:becf: check_usecases num.of Usecases to switch 0
11-29 03:19:24.684 D/hardware_info( 815): hw_info_append_hw_type : device_name = speaker
11-29 03:19:24.684 D/msm8974_platform( 815): platform_split_snd_device: snd_device(2) num devices(0) new_snd_devices(0)
11-29 03:19:24.684 D/audio_hw_primary( 815): enable_snd_device: snd_device(2: speaker)
11-29 03:19:24.684 D/msm8974_platform( 815): platform_get_island_cfg_on_device:island cfg status on snd_device = (speaker 0)
11-29 03:19:24.684 I/soundtrigger( 815): audio_extn_sound_trigger_update_device_status: device 0x2 of type 0 for Event 1, with Raise=0
11-29 03:19:24.684 D/audio_route( 815): Apply path: speaker
11-29 03:19:24.684 I/audio_hw_utils( 815): audio_extn_utils_update_stream_output_app_type_cfg Allowing 24 and above bits playback on speaker ONLY at default sampling rate
11-29 03:19:24.684 E/soundtrigger( 815): audio_extn_sound_trigger_update_stream_status: invalid input device 0x0, for event 3
11-29 03:19:24.684 D/soundtrigger( 815): audio_extn_sound_trigger_update_stream_status: uc_info->id 1 of type 0 for Event 3, with Raise=0
11-29 03:19:24.684 D/audio_hw_utils( 815): audio_extn_utils_send_app_type_cfg: usecase->out_snd_device speaker
11-29 03:19:24.684 D/msm8974_platform( 815): platform_split_snd_device: snd_device(2) num devices(0) new_snd_devices(0)
11-29 03:19:24.684 D/audio_hw_utils( 815): audio_extn_btsco_get_sample_rate:Not a BT SCO device, need not update sampling rate
11-29 03:19:24.684 I/audio_hw_utils( 815): send_app_type_cfg_for_device PLAYBACK app_type 69937, acdb_dev_id 15, sample_rate 48000, snd_device_be_idx 179
11-29 03:19:24.684 D/msm8974_platform( 815): platform_split_snd_device: snd_device(2) num devices(1) new_snd_devices(0)
11-29 03:19:24.684 D/audio_hw_utils( 815): audio_extn_btsco_get_sample_rate:Not a BT SCO device, need not update sampling rate
11-29 03:19:24.684 D/ACDB-LOADER( 815): ACDB -> send_audio_cal, acdb_id = 15, path = 0, app id = 0x11131, sample rate = 48000, afe_sample_rate = 48000
11-29 03:19:24.684 D/ACDB-LOADER( 815): ACDB -> send_asm_topology
11-29 03:19:24.684 D/ACDB-LOADER( 815): ACDB -> ACDB_CMD_GET_AUDPROC_STREAM_TOPOLOGY_ID
11-29 03:19:24.684 D/ACDB-LOADER( 815): ACDB -> send_adm_topology
11-29 03:19:24.684 D/ACDB-LOADER( 815): ACDB -> ACDB_CMD_GET_AUDPROC_COMMON_TOPOLOGY_ID
11-29 03:19:24.685 D/ACDB-LOADER( 815): ACDB -> send_audtable
11-29 03:19:24.685 D/ACDB-LOADER( 815): ACDB -> ACDB_CMD_GET_AUDPROC_INSTANCE_COMMON_TABLE_SIZE
11-29 03:19:24.685 D/ACDB-LOADER( 815): ACDB -> ACDB_CMD_GET_AUDPROC_INSTANCE_COMMON_TABLE
11-29 03:19:24.685 D/ACDB-LOADER( 815): ACDB -> AUDIO_SET_AUDPROC_CAL cal_type[11] acdb_id[15] app_type[69937]
11-29 03:19:24.685 D/ACDB-LOADER( 815): ACDB -> send_audvoltable
11-29 03:19:24.685 D/ACDB-LOADER( 815): ACDB -> ACDB_CMD_GET_AUDPROC_INSTANCE_GAIN_DEP_STEP_TABLE_SIZE
11-29 03:19:24.685 D/ACDB-LOADER( 815): ACDB -> ACDB_CMD_GET_AUDPROC_INSTANCE_GAIN_DEP_STEP_TABLE, vol index 0
11-29 03:19:24.685 D/ACDB-LOADER( 815): ACDB -> AUDIO_SET_VOL_CAL cal type = 12
11-29 03:19:24.685 D/ACDB-LOADER( 815): ACDB -> ACDB_CMD_GET_AUDPROC_INSTANCE_STREAM_TABLE_SIZE
11-29 03:19:24.685 D/ACDB-LOADER( 815): ACDB -> send_audstrmtable
11-29 03:19:24.685 D/ACDB-LOADER( 815): ACDB -> ACDB_CMD_GET_AUDPROC_INSTANCE_STREAM_TABLE
11-29 03:19:24.685 D/ACDB-LOADER( 815): ACDB -> audstrm_cal->cal_type.cal_data.cal_size = 20
11-29 03:19:24.685 D/ACDB-LOADER( 815): ACDB -> send_afe_topology
11-29 03:19:24.685 D/ACDB-LOADER( 815): ACDB -> ACDB_CMD_GET_AFE_TOPOLOGY_ID
11-29 03:19:24.685 D/ACDB-LOADER( 815): ACDB -> GET_AFE_TOPOLOGY_ID for adcd_id 15, Topology Id 112fc
11-29 03:19:24.685 D/ACDB-LOADER( 815): ACDB -> send_afe_cal
11-29 03:19:24.685 D/ACDB-LOADER( 815): ACDB -> ACDB_CMD_GET_AFE_INSTANCE_COMMON_TABLE_SIZE
11-29 03:19:24.685 D/android.hardware.audio.service( 815): Failed to fetch the lookup information of the device 0000000F
11-29 03:19:24.685 D/ACDB-LOADER( 815): Error: ACDB_CMD_GET_AFE_INSTANCE_COMMON_TABLE_SIZE Returned = -19
11-29 03:19:24.685 D/ACDB-LOADER( 815): ACDB -> ACDB_CMD_GET_AFE_INSTANCE_COMMON_TABLE
11-29 03:19:24.685 D/android.hardware.audio.service( 815): Failed to fetch the lookup information of the device 0000000F
