11-29 03:19:45.805 W/MediaProvider( 2836): at android.content.ContentProvider$Transport.openTypedAssetFile(ContentProvider.java:548)
11-29 03:19:45.805 W/MediaProvider( 2836): at android.content.ContentProviderNative.onTransact(ContentProviderNative.java:327)
11-29 03:19:45.805 W/MediaProvider( 2836): at android.os.Binder.execTransactInternal(Binder.java:1179)
11-29 03:19:45.805 W/MediaProvider( 2836): at android.os.Binder.execTransact(Binder.java:1143)
11-29 03:19:45.805 W/MediaProvider( 2836): Caused by: android.system.ErrnoException: stat failed: EACCES (Permission denied)
11-29 03:19:45.805 W/MediaProvider( 2836): at libcore.io.Linux.stat(Native Method)
11-29 03:19:45.805 W/MediaProvider( 2836): at libcore.io.ForwardingOs.stat(ForwardingOs.java:853)
11-29 03:19:45.805 W/MediaProvider( 2836): at libcore.io.BlockGuardOs.stat(BlockGuardOs.java:420)
11-29 03:19:45.805 W/MediaProvider( 2836): at libcore.io.ForwardingOs.stat(ForwardingOs.java:853)
11-29 03:19:45.805 W/MediaProvider( 2836): at android.app.ActivityThread$AndroidOs.stat(ActivityThread.java:7780)
11-29 03:19:45.805 W/MediaProvider( 2836): at android.system.Os.stat(Os.java:919)
11-29 03:19:45.805 W/MediaProvider( 2836): at com.android.providers.media.MediaProvider.getFileFromFileDescriptor(MediaProvider.java:5788)
11-29 03:19:45.805 W/MediaProvider( 2836): ... 7 more
11-29 03:19:45.806 D/NuPlayerDriver( 1199): NuPlayerDriver(0xeb442270) created, clientPid(1991)
11-29 03:19:45.806 D/PeopleSpaceWidgetMgr( 1991): Sbn doesn't contain valid PeopleTileKey: null/0/com.android.systemui
11-29 03:19:45.812 I/ExtendedNuUtils( 1199): printFileName fd(7) -> /data/system_de/0/ringtones/notification_sound_cache
11-29 03:19:45.816 D/GenericSource( 1199): FileSource remote
11-29 03:19:45.817 E/DisplayDeviceConfig( 1496): requesting nits when no mapping exists.
11-29 03:19:45.818 E/DisplayDeviceConfig( 1496): requesting nits when no mapping exists.
11-29 03:19:45.822 I/am_wtf ( 1496): [0,1496,system_server,-1,DisplayDeviceConfig,requesting nits when no mapping exists.]
11-29 03:19:45.823 I/am_wtf ( 1496): [0,1496,system_server,-1,DisplayDeviceConfig,requesting nits when no mapping exists.]
11-29 03:19:45.824 I/MMParserExtractor( 1196): Created(0xb4000071c5a43c10)
11-29 03:19:45.824 E/MM_OSAL ( 1196): FileSource::FileSource
11-29 03:19:45.824 E/MM_OSAL ( 1196): FileSource::FileSource m_bEveryThingOK 1
11-29 03:19:45.826 D/MediaBufferGroup( 1196): creating MemoryDealer
11-29 03:19:45.830 I/MediaFocusControl( 1496): requestAudioFocus() from uid/pid 10082/1991 AA=USAGE_NOTIFICATION/CONTENT_TYPE_SONIFICATION clientId=android.media.AudioManager@ef7149f callingPack=com.android.systemui req=3 flags=0x0 sdk=31
11-29 03:19:45.831 I/AudioService.FadeOutManager( 1496): unfadeOutUid() uid:10082
11-29 03:19:45.833 E/DisplayDeviceConfig( 1496): requesting nits when no mapping exists.
11-29 03:19:45.833 I/am_wtf ( 1496): [0,1496,system_server,-1,DisplayDeviceConfig,requesting nits when no mapping exists.]
11-29 03:19:45.833 E/DisplayDeviceConfig( 1496): requesting nits when no mapping exists.
11-29 03:19:45.838 I/am_wtf ( 1496): [0,1496,system_server,-1,DisplayDeviceConfig,requesting nits when no mapping exists.]
11-29 03:19:45.850 E/DisplayDeviceConfig( 1496): requesting nits when no mapping exists.
11-29 03:19:45.850 E/DisplayDeviceConfig( 1496): requesting nits when no mapping exists.
11-29 03:19:45.851 I/am_wtf ( 1496): [0,1496,system_server,-1,DisplayDeviceConfig,requesting nits when no mapping exists.]
11-29 03:19:45.851 I/am_wtf ( 1496): [0,1496,system_server,-1,DisplayDeviceConfig,requesting nits when no mapping exists.]
11-29 03:19:45.868 E/DisplayDeviceConfig( 1496): requesting nits when no mapping exists.
11-29 03:19:45.868 E/DisplayDeviceConfig( 1496): requesting nits when no mapping exists.
11-29 03:19:45.868 I/am_wtf ( 1496): [0,1496,system_server,-1,DisplayDeviceConfig,requesting nits when no mapping exists.]
11-29 03:19:45.870 I/am_wtf ( 1496): [0,1496,system_server,-1,DisplayDeviceConfig,requesting nits when no mapping exists.]
11-29 03:19:45.883 E/DisplayDeviceConfig( 1496): requesting nits when no mapping exists.
11-29 03:19:45.883 E/DisplayDeviceConfig( 1496): requesting nits when no mapping exists.
11-29 03:19:45.884 I/am_wtf ( 1496): [0,1496,system_server,-1,DisplayDeviceConfig,requesting nits when no mapping exists.]
11-29 03:19:45.885 I/wm_stop_activity( 1496): [0,261032637,com.android.launcher3/.uioverrides.QuickstepLauncher]
11-29 03:19:45.886 I/am_wtf ( 1496): [0,1496,system_server,-1,DisplayDeviceConfig,requesting nits when no mapping exists.]
11-29 03:19:45.901 E/DisplayDeviceConfig( 1496): requesting nits when no mapping exists.
11-29 03:19:45.901 E/DisplayDeviceConfig( 1496): requesting nits when no mapping exists.
11-29 03:19:45.902 I/am_wtf ( 1496): [0,1496,system_server,-1,DisplayDeviceConfig,requesting nits when no mapping exists.]
11-29 03:19:45.903 I/am_wtf ( 1496): [0,1496,system_server,-1,DisplayDeviceConfig,requesting nits when no mapping exists.]
11-29 03:19:45.908 D/StateManager( 2495): goToState: Normal
11-29 03:19:45.910 I/wm_on_stop_called( 2495): [261032637,com.android.launcher3.uioverrides.QuickstepLauncher,STOP_ACTIVITY_ITEM]
11-29 03:19:45.917 E/DisplayDeviceConfig( 1496): requesting nits when no mapping exists.
11-29 03:19:45.917 E/DisplayDeviceConfig( 1496): requesting nits when no mapping exists.
11-29 03:19:45.917 I/am_wtf ( 1496): [0,1496,system_server,-1,DisplayDeviceConfig,requesting nits when no mapping exists.]
11-29 03:19:45.918 I/am_wtf ( 1496): [0,1496,system_server,-1,DisplayDeviceConfig,requesting nits when no mapping exists.]
11-29 03:19:45.922 I/GameMode_ActivityMonitoringService( 3709): onForegroundActivitiesChanged uid 10077 pid 2495 fg false
11-29 03:19:45.927 I/GameMode_ActivityMonitoringService( 3709): Updating top task to: TaskInfoContainer [topActivity=ComponentInfo{com.thundercomm.screensaver/android.service.dreams.DreamActivity}, taskId=267, stackId=267, userId=0, displayId=0, position=6
11-29 03:19:45.927 I/GameMode_ActivityMonitoringService( 3709): Notifying about top task: TaskInfoContainer [topActivity=ComponentInfo{com.thundercomm.screensaver/android.service.dreams.DreamActivity}, taskId=267, stackId=267, userId=0, displayId=0, position=6
11-29 03:19:45.927 E/GameMode_ActivityMonitoringService( 3709): onActivityLaunch:com.thundercomm.screensaver
11-29 03:19:45.927 V/GameMode_GameTypeUtils( 3709): judge isGame:com.thundercomm.screensaver
11-29 03:19:45.928 V/GameMode_GpuUtils( 3709): fps:60
11-29 03:19:45.930 D/GameMode_GameModeActionUtils( 3709): Show GameMode entry by service!
11-29 03:19:45.931 W/ContextImpl( 3709): Calling a method in the system process without a qualified user: android.app.ContextImpl.startService:1816 android.content.ContextWrapper.startService:774 com.thundercomm.gamemode.ingame.services.GameModeActionUtils.startGameModeService:93 com.thundercomm.gamemode.ingame.services.GameModeActionUtils.startGameModeEntry:21 com.thundercomm.gamemode.ingame.services.ActivityMonitoringService$1.onActivityLaunch:127
11-29 03:19:45.934 D/GameModeIF_GameModeSettings( 3709): getUriFor setting_content_uri_root = content://com.thundercomm.gamemode.api/gamemode_settings , name = gamemode_isgaming
11-29 03:19:45.935 D/GameMode_GameModeService( 3709): type=hide_entry
11-29 03:19:45.936 I/GameModeConfig( 1496): Current uri is uri = content://com.thundercomm.gamemode.api/gamemode_settings/gamemode_isgaming
11-29 03:19:45.936 D/GameModeIF_GameModeSettings( 1496): getUriFor setting_content_uri_root = content://com.thundercomm.gamemode.api/gamemode_settings , name = gamemode_isgaming
11-29 03:19:45.937 D/GameMode_GameSettingsObserver( 3709): Game Data change!!!! uri = content://com.thundercomm.gamemode.api/gamemode_settings/gamemode_isgaming
11-29 03:19:45.937 D/GameModeIF_GameModeSettings( 3709): getUriFor setting_content_uri_root = content://com.thundercomm.gamemode.api/gamemode_settings , name = gamemode_isgaming
11-29 03:19:45.937 D/GameModeIF_GameModeSettings( 3709): gamemode_isgaming set to 0
11-29 03:19:45.939 D/GameMode_GameModeService( 3709): updateGlobalSettings = gamemode_isgaming
11-29 03:19:45.939 E/DisplayDeviceConfig( 1496): requesting nits when no mapping exists.
11-29 03:19:45.939 I/GameModeConfig( 1496): isGameModeOn = false
11-29 03:19:45.939 E/DisplayDeviceConfig( 1496): requesting nits when no mapping exists.
11-29 03:19:45.939 I/am_wtf ( 1496): [0,1496,system_server,-1,DisplayDeviceConfig,requesting nits when no mapping exists.]
11-29 03:19:45.939 I/GameModeConfig( 1496): isGameModeOn = false
11-29 03:19:45.939 I/GameModeConfig( 1496): isDisableVoice = true
11-29 03:19:45.940 I/am_wtf ( 1496): [0,1496,system_server,-1,DisplayDeviceConfig,requesting nits when no mapping exists.]
11-29 03:19:45.943 I/mpu_uart( 647): [MSG-P:RECV]:No message received in 1000 ms
11-29 03:19:45.949 W/Choreographer( 1991): Frame time is 0.144592 ms in the future! Check that graphics HAL is generating vsync timestamps using the correct timebase.
11-29 03:19:45.949 W/Choreographer( 4109): Frame time is 0.105842 ms in the future! Check that graphics HAL is generating vsync timestamps using the correct timebase.
11-29 03:19:45.950 E/DisplayDeviceConfig( 1496): requesting nits when no mapping exists.
11-29 03:19:45.951 E/DisplayDeviceConfig( 1496): requesting nits when no mapping exists.
11-29 03:19:45.951 I/am_wtf ( 1496): [0,1496,system_server,-1,DisplayDeviceConfig,requesting nits when no mapping exists.]
11-29 03:19:45.952 I/am_wtf ( 1496): [0,1496,system_server,-1,DisplayDeviceConfig,requesting nits when no mapping exists.]
11-29 03:19:45.967 E/DisplayDeviceConfig( 1496): requesting nits when no mapping exists.
11-29 03:19:45.967 E/DisplayDeviceConfig( 1496): requesting nits when no mapping exists.
11-29 03:19:45.969 I/am_wtf ( 1496): [0,1496,system_server,-1,DisplayDeviceConfig,requesting nits when no mapping exists.]
11-29 03:19:45.970 I/am_wtf ( 1496): [0,1496,system_server,-1,DisplayDeviceConfig,requesting nits when no mapping exists.]
11-29 03:19:45.984 E/DisplayDeviceConfig( 1496): requesting nits when no mapping exists.
11-29 03:19:45.984 E/DisplayDeviceConfig( 1496): requesting nits when no mapping exists.
11-29 03:19:45.984 I/am_wtf ( 1496): [0,1496,system_server,-1,DisplayDeviceConfig,requesting nits when no mapping exists.]
11-29 03:19:45.985 I/am_wtf ( 1496): [0,1496,system_server,-1,DisplayDeviceConfig,requesting nits when no mapping exists.]
11-29 03:19:46.000 E/DisplayDeviceConfig( 1496): requesting nits when no mapping exists.
11-29 03:19:46.001 I/am_wtf ( 1496): [0,1496,system_server,-1,DisplayDeviceConfig,requesting nits when no mapping exists.]
11-29 03:19:46.003 E/DisplayDeviceConfig( 1496): requesting nits when no mapping exists.
11-29 03:19:46.003 I/am_wtf ( 1496): [0,1496,system_server,-1,DisplayDeviceConfig,requesting nits when no mapping exists.]
11-29 03:19:46.018 E/DisplayDeviceConfig( 1496): requesting nits when no mapping exists.
11-29 03:19:46.018 E/DisplayDeviceConfig( 1496): requesting nits when no mapping exists.
11-29 03:19:46.019 I/am_wtf ( 1496): [0,1496,system_server,-1,DisplayDeviceConfig,requesting nits when no mapping exists.]
11-29 03:19:46.019 I/am_wtf ( 1496): [0,1496,system_server,-1,DisplayDeviceConfig,requesting nits when no mapping exists.]
11-29 03:19:46.034 E/DisplayDeviceConfig( 1496): requesting nits when no mapping exists.
11-29 03:19:46.035 E/DisplayDeviceConfig( 1496): requesting nits when no mapping exists.
11-29 03:19:46.035 I/am_wtf ( 1496): [0,1496,system_server,-1,DisplayDeviceConfig,requesting nits when no mapping exists.]
11-29 03:19:46.040 I/am_wtf ( 1496): [0,1496,system_server,-1,DisplayDeviceConfig,requesting nits when no mapping exists.]
11-29 03:19:46.050 E/DisplayDeviceConfig( 1496): requesting nits when no mapping exists.
11-29 03:19:46.051 E/DisplayDeviceConfig( 1496): requesting nits when no mapping exists.
11-29 03:19:46.055 I/am_wtf ( 1496): [0,1496,system_server,-1,DisplayDeviceConfig,requesting nits when no mapping exists.]
11-29 03:19:46.056 I/am_wtf ( 1496): [0,1496,system_server,-1,DisplayDeviceConfig,requesting nits when no mapping exists.]
11-29 03:19:46.067 E/DisplayDeviceConfig( 1496): requesting nits when no mapping exists.
11-29 03:19:46.068 E/DisplayDeviceConfig( 1496): requesting nits when no mapping exists.
11-29 03:19:46.068 I/am_wtf ( 1496): [0,1496,system_server,-1,DisplayDeviceConfig,requesting nits when no mapping exists.]
11-29 03:19:46.069 I/am_wtf ( 1496): [0,1496,system_server,-1,DisplayDeviceConfig,requesting nits when no mapping exists.]
11-29 03:19:46.084 E/DisplayDeviceConfig( 1496): requesting nits when no mapping exists.
11-29 03:19:46.084 E/DisplayDeviceConfig( 1496): requesting nits when no mapping exists.
11-29 03:19:46.084 I/am_wtf ( 1496): [0,1496,system_server,-1,DisplayDeviceConfig,requesting nits when no mapping exists.]
11-29 03:19:46.085 I/am_wtf ( 1496): [0,1496,system_server,-1,DisplayDeviceConfig,requesting nits when no mapping exists.]
11-29 03:19:46.100 E/DisplayDeviceConfig( 1496): requesting nits when no mapping exists.
11-29 03:19:46.101 E/DisplayDeviceConfig( 1496): requesting nits when no mapping exists.
11-29 03:19:46.101 I/am_wtf ( 1496): [0,1496,system_server,-1,DisplayDeviceConfig,requesting nits when no mapping exists.]
11-29 03:19:46.102 I/am_wtf ( 1496): [0,1496,system_server,-1,DisplayDeviceConfig,requesting nits when no mapping exists.]
11-29 03:19:46.117 E/DisplayDeviceConfig( 1496): requesting nits when no mapping exists.
11-29 03:19:46.118 E/DisplayDeviceConfig( 1496): requesting nits when no mapping exists.
11-29 03:19:46.118 I/am_wtf ( 1496): [0,1496,system_server,-1,DisplayDeviceConfig,requesting nits when no mapping exists.]
11-29 03:19:46.119 I/am_wtf ( 1496): [0,1496,system_server,-1,DisplayDeviceConfig,requesting nits when no mapping exists.]
11-29 03:19:46.134 E/DisplayDeviceConfig( 1496): requesting nits when no mapping exists.
11-29 03:19:46.134 E/DisplayDeviceConfig( 1496): requesting nits when no mapping exists.
11-29 03:19:46.135 I/am_wtf ( 1496): [0,1496,system_server,-1,DisplayDeviceConfig,requesting nits when no mapping exists.]
11-29 03:19:46.135 I/am_wtf ( 1496): [0,1496,system_server,-1,DisplayDeviceConfig,requesting nits when no mapping exists.]
11-29 03:19:46.151 E/DisplayDeviceConfig( 1496): requesting nits when no mapping exists.
11-29 03:19:46.151 E/DisplayDeviceConfig( 1496): requesting nits when no mapping exists.
11-29 03:19:46.152 I/am_wtf ( 1496): [0,1496,system_server,-1,DisplayDeviceConfig,requesting nits when no mapping exists.]
11-29 03:19:46.154 I/am_wtf ( 1496): [0,1496,system_server,-1,DisplayDeviceConfig,requesting nits when no mapping exists.]
11-29 03:19:46.167 E/DisplayDeviceConfig( 1496): requesting nits when no mapping exists.
11-29 03:19:46.168 E/DisplayDeviceConfig( 1496): requesting nits when no mapping exists.
11-29 03:19:46.168 I/am_wtf ( 1496): [0,1496,system_server,-1,DisplayDeviceConfig,requesting nits when no mapping exists.]
11-29 03:19:46.171 I/am_wtf ( 1496): [0,1496,system_server,-1,DisplayDeviceConfig,requesting nits when no mapping exists.]
11-29 03:19:46.184 E/DisplayDeviceConfig( 1496): requesting nits when no mapping exists.
11-29 03:19:46.184 E/DisplayDeviceConfig( 1496): requesting nits when no mapping exists.
11-29 03:19:46.186 I/am_wtf ( 1496): [0,1496,system_server,-1,DisplayDeviceConfig,requesting nits when no mapping exists.]
11-29 03:19:46.186 I/am_wtf ( 1496): [0,1496,system_server,-1,DisplayDeviceConfig,requesting nits when no mapping exists.]
11-29 03:19:46.205 E/DisplayDeviceConfig( 1496): requesting nits when no mapping exists.
11-29 03:19:46.206 E/DisplayDeviceConfig( 1496): requesting nits when no mapping exists.
11-29 03:19:46.206 I/am_wtf ( 1496): [0,1496,system_server,-1,DisplayDeviceConfig,requesting nits when no mapping exists.]
11-29 03:19:46.207 I/am_wtf ( 1496): [0,1496,system_server,-1,DisplayDeviceConfig,requesting nits when no mapping exists.]
11-29 03:19:46.218 E/DisplayDeviceConfig( 1496): requesting nits when no mapping exists.
11-29 03:19:46.218 E/DisplayDeviceConfig( 1496): requesting nits when no mapping exists.
11-29 03:19:46.219 I/am_wtf ( 1496): [0,1496,system_server,-1,DisplayDeviceConfig,requesting nits when no mapping exists.]
11-29 03:19:46.219 I/am_wtf ( 1496): [0,1496,system_server,-1,DisplayDeviceConfig,requesting nits when no mapping exists.]
11-29 03:19:46.240 E/DisplayDeviceConfig( 1496): requesting nits when no mapping exists.
11-29 03:19:46.240 E/DisplayDeviceConfig( 1496): requesting nits when no mapping exists.
11-29 03:19:46.240 I/am_wtf ( 1496): [0,1496,system_server,-1,DisplayDeviceConfig,requesting nits when no mapping exists.]
11-29 03:19:46.242 I/am_wtf ( 1496): [0,1496,system_server,-1,DisplayDeviceConfig,requesting nits when no mapping exists.]
11-29 03:19:46.251 E/DisplayDeviceConfig( 1496): requesting nits when no mapping exists.
11-29 03:19:46.251 I/am_wtf ( 1496): [0,1496,system_server,-1,DisplayDeviceConfig,requesting nits when no mapping exists.]
11-29 03:19:46.252 E/DisplayDeviceConfig( 1496): requesting nits when no mapping exists.
11-29 03:19:46.253 I/am_wtf ( 1496): [0,1496,system_server,-1,DisplayDeviceConfig,requesting nits when no mapping exists.]
11-29 03:19:46.268 E/DisplayDeviceConfig( 1496): requesting nits when no mapping exists.
11-29 03:19:46.268 E/DisplayDeviceConfig( 1496): requesting nits when no mapping exists.
11-29 03:19:46.269 I/am_wtf ( 1496): [0,1496,system_server,-1,DisplayDeviceConfig,requesting nits when no mapping exists.]
11-29 03:19:46.270 I/am_wtf ( 1496): [0,1496,system_server,-1,DisplayDeviceConfig,requesting nits when no mapping exists.]
11-29 03:19:46.285 E/DisplayDeviceConfig( 1496): requesting nits when no mapping exists.
11-29 03:19:46.285 E/DisplayDeviceConfig( 1496): requesting nits when no mapping exists.
11-29 03:19:46.285 I/am_wtf ( 1496): [0,1496,system_server,-1,DisplayDeviceConfig,requesting nits when no mapping exists.]
11-29 03:19:46.287 I/am_wtf ( 1496): [0,1496,system_server,-1,DisplayDeviceConfig,requesting nits when no mapping exists.]
11-29 03:19:46.303 E/DisplayDeviceConfig( 1496): requesting nits when no mapping exists.
11-29 03:19:46.304 E/DisplayDeviceConfig( 1496): requesting nits when no mapping exists.
11-29 03:19:46.304 I/am_wtf ( 1496): [0,1496,system_server,-1,DisplayDeviceConfig,requesting nits when no mapping exists.]
11-29 03:19:46.305 I/am_wtf ( 1496): [0,1496,system_server,-1,DisplayDeviceConfig,requesting nits when no mapping exists.]
11-29 03:19:46.318 E/DisplayDeviceConfig( 1496): requesting nits when no mapping exists.
11-29 03:19:46.319 I/am_wtf ( 1496): [0,1496,system_server,-1,DisplayDeviceConfig,requesting nits when no mapping exists.]
11-29 03:19:46.320 E/DisplayDeviceConfig( 1496): requesting nits when no mapping exists.
11-29 03:19:46.321 I/am_wtf ( 1496): [0,1496,system_server,-1,DisplayDeviceConfig,requesting nits when no mapping exists.]
11-29 03:19:46.331 W/AudioIDCMicroNegotiator( 1496): idcm_warn: idcm control is not enable
11-29 03:19:46.333 D/MediaRouter( 1991): onRestoreRoute() : route=RouteInfo{ name=平板电脑, description=null, status=null, category=RouteCategory{ name=系统 types=ROUTE_TYPE_LIVE_AUDIO ROUTE_TYPE_LIVE_VIDEO groupable=false }, supportedTypes=ROUTE_TYPE_LIVE_AUDIO ROUTE_TYPE_LIVE_VIDEO , presentationDisplay=null }
11-29 03:19:46.333 V/MediaRouter( 1991): Selecting route: RouteInfo{ name=平板电脑, description=null, status=null, category=RouteCategory{ name=系统 types=ROUTE_TYPE_LIVE_AUDIO ROUTE_TYPE_LIVE_VIDEO groupable=false }, supportedTypes=ROUTE_TYPE_LIVE_AUDIO ROUTE_TYPE_LIVE_VIDEO , presentationDisplay=null }
11-29 03:19:46.333 I/GenericSource( 1199): start
11-29 03:19:46.334 D/Avrcp_ext( 1974): AudioManager Player: AudioPlaybackConfiguration piid:71 deviceId:0 type:android.media.SoundPool u/pid:10082/1991 state:idle attr:AudioAttributes: usage=USAGE_ASSISTANCE_SONIFICATION content=CONTENT_TYPE_SONIFICATION flags=0x800 tags= bundle=null sessionId:0
11-29 03:19:46.334 D/Avrcp_ext( 1974): AudioManager Player: AudioPlaybackConfiguration piid:87 deviceId:0 type:android.media.SoundPool u/pid:1000/3709 state:idle attr:AudioAttributes: usage=USAGE_ASSISTANCE_SONIFICATION content=CONTENT_TYPE_SONIFICATION flags=0x801 tags= bundle=null sessionId:0
11-29 03:19:46.334 D/Avrcp_ext( 1974): AudioManager Player: AudioPlaybackConfiguration piid:119 deviceId:0 type:android.media.MediaPlayer u/pid:10082/1991 state:started attr:AudioAttributes: usage=USAGE_NOTIFICATION content=CONTENT_TYPE_SONIFICATION flags=0x800 tags= bundle=null sessionId:0
11-29 03:19:46.336 W/Utils ( 1199): track of type 'audio/vorbis' does not publish channel mask, channel count 1
11-29 03:19:46.340 E/DisplayDeviceConfig( 1496): requesting nits when no mapping exists.
11-29 03:19:46.340 D/Avrcp_ext( 1974): AudioManager Player in started state: com.android.systemui
11-29 03:19:46.340 D/Avrcp_ext( 1974): AudioManager Active Player: com.android.systemui
11-29 03:19:46.340 D/Avrcp_ext( 1974): AudioManager Player: AudioPlaybackConfiguration piid:63 deviceId:0 type:android.media.SoundPool u/pid:1000/1496 state:idle attr:AudioAttributes: usage=USAGE_ASSISTANCE_SONIFICATION content=CONTENT_TYPE_SONIFICATION flags=0x800 tags= bundle=null sessionId:0
11-29 03:19:46.340 D/Avrcp_ext( 1974): AudioManager isPlaying: true, mAudioPlaybackIsActive = false
11-29 03:19:46.340 E/DisplayDeviceConfig( 1496): requesting nits when no mapping exists.
11-29 03:19:46.341 I/am_wtf ( 1496): [0,1496,system_server,-1,DisplayDeviceConfig,requesting nits when no mapping exists.]
11-29 03:19:46.341 V/Avrcp_ext( 1974): updateCurrentMediaState: mMediaController: MediaController (com.android.systemui@4a501a7) null
11-29 03:19:46.341 W/Avrcp_ext( 1974): isMusicActive: false getBluetoothPlayState: 2 A2dp State: 11 mAudioPlaybackIsActive: true
11-29 03:19:46.341 D/Avrcp_ext( 1974): isMusicActive = false mAudioPlaybackIsActive = true player state = null
11-29 03:19:46.341 W/Utils ( 1199): track of type 'audio/vorbis' does not publish channel mask, channel count 1
11-29 03:19:46.341 I/Avrcp_ext( 1974): Skipping update due to invalid playback state
11-29 03:19:46.341 V/Avrcp_ext( 1974): updatePlaybackState, state: null device: null
11-29 03:19:46.341 V/Avrcp_ext( 1974): Device: no name:
11-29 03:19:46.341 V/Avrcp_ext( 1974): Device: no name:
11-29 03:19:46.341 V/Avrcp_ext( 1974): Device: no name:
11-29 03:19:46.341 V/Avrcp_ext( 1974): Device: no name:
11-29 03:19:46.341 V/Avrcp_ext( 1974): Device: no name:
11-29 03:19:46.342 V/Avrcp_ext( 1974): updatePlayerStateAndPosition, old=PlaybackState {state=2, position=-1, buffered position=0, speed=1.0, updated=24344, actions=0, custom actions=[], active item id=-1, error=null}, state=null
11-29 03:19:46.342 I/Avrcp_ext( 1974): updatePlayerStateAndPosition: device: state = null
11-29 03:19:46.342 I/am_wtf ( 1496): [0,1496,system_server,-1,DisplayDeviceConfig,requesting nits when no mapping exists.]
11-29 03:19:46.343 D/audio_hw_primary( 815): adev_get_parameters:is_hw_dec_session_available
11-29 03:19:46.343 D/audio_hw_spkr_prot( 815): fbsp_get_parameters: Speaker protection disabled
11-29 03:19:46.343 D/soundtrigger( 815): audio_extn_sound_trigger_get_parameters input string
11-29 03:19:46.343 D/soundtrigger( 815): extract_sm_handle input string param string
11-29 03:19:46.343 D/audio_hw_extn( 815): audio_extn_fm_get_parameters: Enter
11-29 03:19:46.343 D/audio_hw_extn( 815): audio_extn_get_parameters: returns
11-29 03:19:46.343 D/audio_hw_primary( 815): adev_get_parameters: exit: returns -
11-29 03:19:46.343 I/hash_map_utils( 964): system/bt/osi/src/hash_map_utils.cc:81 hash_map_utils_dump_string_keys_string_values: key: 'is_hw_dec_session_available' value: 'audio/vorbis'
11-29 03:19:46.346 D/CCodec ( 1199): allocate(c2.android.vorbis.decoder)
11-29 03:19:46.349 I/CCodec ( 1199): setting up 'default' as default (vendor) store
11-29 03:19:46.349 V/C2Store ( 1291): in init
11-29 03:19:46.350 V/C2Store ( 1291): loading dll
11-29 03:19:46.353 E/DisplayDeviceConfig( 1496): requesting nits when no mapping exists.
11-29 03:19:46.354 I/CCodec ( 1199): Created component [c2.android.vorbis.decoder]
11-29 03:19:46.354 I/am_wtf ( 1496): [0,1496,system_server,-1,DisplayDeviceConfig,requesting nits when no mapping exists.]
11-29 03:19:46.354 E/DisplayDeviceConfig( 1496): requesting nits when no mapping exists.
11-29 03:19:46.355 I/am_wtf ( 1496): [0,1496,system_server,-1,DisplayDeviceConfig,requesting nits when no mapping exists.]
11-29 03:19:46.354 D/CCodecConfig( 1199): read media type: audio/vorbis
11-29 03:19:46.358 D/ReflectedParamUpdater( 1199): extent() != 1 for single value type: algo.buffers.max-count.values
11-29 03:19:46.358 D/ReflectedParamUpdater( 1199): extent() != 1 for single value type: output.subscribed-indices.values
11-29 03:19:46.358 D/ReflectedParamUpdater( 1199): extent() != 1 for single value type: input.buffers.allocator-ids.values
11-29 03:19:46.358 D/ReflectedParamUpdater( 1199): extent() != 1 for single value type: output.buffers.allocator-ids.values
11-29 03:19:46.358 D/ReflectedParamUpdater( 1199): extent() != 1 for single value type: algo.buffers.allocator-ids.values
11-29 03:19:46.359 D/ReflectedParamUpdater( 1199): extent() != 1 for single value type: output.buffers.pool-ids.values
11-29 03:19:46.359 D/ReflectedParamUpdater( 1199): extent() != 1 for single value type: algo.buffers.pool-ids.values
11-29 03:19:46.361 I/CCodecConfig( 1199): query failed after returning 7 values (BAD_INDEX)
11-29 03:19:46.361 D/CCodecConfig( 1199): c2 config diff is Dict {
11-29 03:19:46.361 D/CCodecConfig( 1199): c2::u32 coded.bitrate.value = 64000
11-29 03:19:46.361 D/CCodecConfig( 1199): c2::u32 input.buffers.max-size.value = 32768
11-29 03:19:46.361 D/CCodecConfig( 1199): c2::u32 input.delay.value = 0
11-29 03:19:46.361 D/CCodecConfig( 1199): string input.media-type.value = "audio/vorbis"
11-29 03:19:46.361 D/CCodecConfig( 1199): string output.media-type.value = "audio/raw"
11-29 03:19:46.361 D/CCodecConfig( 1199): c2::u32 raw.channel-count.value = 1
11-29 03:19:46.361 D/CCodecConfig( 1199): c2::u32 raw.sample-rate.value = 48000
11-29 03:19:46.361 D/CCodecConfig( 1199): }
11-29 03:19:46.362 D/CCodec ( 1199): [c2.android.vorbis.decoder] buffers are bound to CCodec for this session
11-29 03:19:46.362 D/CCodecConfig( 1199): no c2 equivalents for durationUs
11-29 03:19:46.362 D/CCodecConfig( 1199): no c2 equivalents for csd-1
11-29 03:19:46.362 D/CCodecConfig( 1199): no c2 equivalents for language
11-29 03:19:46.362 D/CCodecConfig( 1199): no c2 equivalents for file-format
11-29 03:19:46.362 D/CCodecConfig( 1199): no c2 equivalents for flags
11-29 03:19:46.363 D/CCodecConfig( 1199): config failed => CORRUPTED
11-29 03:19:46.363 D/CCodecConfig( 1199): c2 config diff is c2::u32 coded.bitrate.value = 70000
11-29 03:19:46.364 W/Codec2Client( 1199): query -- param skipped: index = 1107298332.
11-29 03:19:46.364 D/CCodec ( 1199): setup formats input: AMessage(what = 0x00000000) = {
11-29 03:19:46.364 D/CCodec ( 1199): int32_t bitrate = 70000
11-29 03:19:46.364 D/CCodec ( 1199): int32_t channel-count = 1
11-29 03:19:46.364 D/CCodec ( 1199): int32_t max-input-size = 65307
11-29 03:19:46.364 D/CCodec ( 1199): string mime = "audio/vorbis"
11-29 03:19:46.364 D/CCodec ( 1199): int32_t sample-rate = 48000
11-29 03:19:46.364 D/CCodec ( 1199): }
11-29 03:19:46.364 D/CCodec ( 1199): setup formats output: AMessage(what = 0x00000000) = {
11-29 03:19:46.364 D/CCodec ( 1199): int32_t channel-count = 1
11-29 03:19:46.364 D/CCodec ( 1199): string mime = "audio/raw"
11-29 03:19:46.364 D/CCodec ( 1199): int32_t sample-rate = 48000
11-29 03:19:46.364 D/CCodec ( 1199): int32_t android._config-pcm-encoding = 2
11-29 03:19:46.364 D/CCodec ( 1199): }
11-29 03:19:46.364 I/CCodecConfig( 1199): query failed after returning 7 values (BAD_INDEX)
11-29 03:19:46.364 I/MediaCodec( 1199): MediaCodec will operate in async mode
11-29 03:19:46.364 D/MediaCodec( 1199): keep callback message for reclaim
11-29 03:19:46.365 W/Codec2Client( 1199): query -- param skipped: index = 1342179345.
11-29 03:19:46.365 W/Codec2Client( 1199): query -- param skipped: index = 2415921170.
11-29 03:19:46.366 D/BufferPoolAccessor2.0( 1291): bufferpool2 0xb4000079bfa98a98 : 0(0 size) total buffers - 0(0 size) used buffers - 93/97 (recycle/alloc) - 4/96 (fetch/transfer)
11-29 03:19:46.366 D/BufferPoolAccessor2.0( 1291): Destruction - bufferpool2 0xb4000079bfa98a98 cached: 0/0M, 0/0% in use; allocs: 97, 96% recycled; transfers: 96, 96% unfetched
11-29 03:19:46.366 D/CCodecBufferChannel( 1199): [c2.android.vorbis.decoder#518] Created input block pool with allocatorID 16 => poolID 21 - OK (0)
11-29 03:19:46.368 D/BufferPoolAccessor2.0( 1199): bufferpool2 0xeac00a48 : 0(0 size) total buffers - 0(0 size) used buffers - 94/102 (recycle/alloc) - 8/198 (fetch/transfer)
11-29 03:19:46.368 D/BufferPoolAccessor2.0( 1199): Destruction - bufferpool2 0xeac00a48 cached: 0/0M, 0/0% in use; allocs: 102, 92% recycled; transfers: 198, 96% unfetched
11-29 03:19:46.368 I/CCodecBufferChannel( 1199): [c2.android.vorbis.decoder#518] Created output block pool with allocatorID 16 => poolID 31 - OK
11-29 03:19:46.368 D/CCodecBufferChannel( 1199): [c2.android.vorbis.decoder#518] Configured output block pool ids 31 => OK
11-29 03:19:46.370 D/CCodecBufferChannel( 1199): [c2.android.vorbis.decoder#518] start: updating output delay 0
11-29 03:19:46.370 I/CCodecBufferChannel( 1199): pipelineRoom(3) is <= numClientBuffers(3). Not signalling any more buffers to client
11-29 03:19:46.371 E/DisplayDeviceConfig( 1496): requesting nits when no mapping exists.
11-29 03:19:46.371 E/DisplayDeviceConfig( 1496): requesting nits when no mapping exists.
11-29 03:19:46.371 I/am_wtf ( 1496): [0,1496,system_server,-1,DisplayDeviceConfig,requesting nits when no mapping exists.]
11-29 03:19:46.371 D/SimpleC2Component( 1291): Using output block pool with poolID 31 => got 31 - 0
11-29 03:19:46.372 I/CCodecBufferChannel( 1199): pipelineRoom(2) is <= numClientBuffers(2). Not signalling any more buffers to client
11-29 03:19:46.372 I/am_wtf ( 1496): [0,1496,system_server,-1,DisplayDeviceConfig,requesting nits when no mapping exists.]
11-29 03:19:46.372 I/CCodecBufferChannel( 1199): pipelineRoom(1) is <= numClientBuffers(1). Not signalling any more buffers to client
11-29 03:19:46.379 I/ExtendedNuUtils( 1199): Both src and dst missing for bit-width
11-29 03:19:46.379 I/ExtendedNuUtils( 1199): Overriding durationUs: with 64 bit src value 1728000
11-29 03:19:46.379 I/ExtendedNuUtils( 1199): Both src and dst missing for channel-mask
11-29 03:19:46.382 D/audio_hw_primary( 815): adev_get_parameters:vr_audio_mode_on
11-29 03:19:46.382 I/audio_hw_primary( 815): getting vr mode to 0
11-29 03:19:46.382 D/audio_hw_primary( 815): adev_get_parameters: exit: returns - vr_audio_mode_on=false
11-29 03:19:46.382 I/hash_map_utils( 964): system/bt/osi/src/hash_map_utils.cc:81 hash_map_utils_dump_string_keys_string_values: key: 'vr_audio_mode_on' value: ''
11-29 03:19:46.383 D/AudioFlinger( 964): Client defaulted notificationFrames to 12000 for frameCount 24000
11-29 03:19:46.384 E/DisplayDeviceConfig( 1496): requesting nits when no mapping exists.
11-29 03:19:46.385 E/DisplayDeviceConfig( 1496): requesting nits when no mapping exists.
11-29 03:19:46.388 I/am_wtf ( 1496): [0,1496,system_server,-1,DisplayDeviceConfig,requesting nits when no mapping exists.]
11-29 03:19:46.389 D/AF::TrackHandle( 964): OpPlayAudio: track:60 usage:5 not muted
11-29 03:19:46.394 I/am_wtf ( 1496): [0,1496,system_server,-1,DisplayDeviceConfig,requesting nits when no mapping exists.]
11-29 03:19:46.396 I/EffectsFactory( 815): EffectCreate() create_effect
11-29 03:19:46.399 E/volume_listener( 815): check_and_set_gain_dep_cal: Failed to set gain dep cal level
11-29 03:19:46.399 D/audio_hw_primary( 815): start_output_stream: enter: stream(0xec4821a0)usecase(1: low-latency-playback) devices(0x2) is_haptic_usecase(0)
11-29 03:19:46.399 E/ANDR-PERF-TARGET( 839): Error: Invalid logical cluster id 0
11-29 03:19:46.399 E/ANDR-PERF-REQUEST( 839): invalid request
11-29 03:19:46.399 E/ANDR-PERF-MPCTL( 839): invalid request, no optimizations performed
11-29 03:19:46.399 E/audio_hw_extn( 815): audio_extn_perf_lock_acquire: Failed to acquire perf lock, err: -1
11-29 03:19:46.399 D/audio_hw_primary( 815): select_devices for use case (low-latency-playback)
11-29 03:19:46.399 I/msm8974_platform( 815): platform_check_and_set_codec_backend_cfg:becf: afe: bitwidth 16, samplerate 48000 channels 2, backend_idx 0 usecase = 1 device (speaker)
11-29 03:19:46.399 D/msm8974_platform( 815): platform_split_snd_device: snd_device(2) num devices(1) new_snd_devices(0)
11-29 03:19:46.399 I/msm8974_platform( 815): platform_check_and_set_codec_backend_cfg: new_snd_devices[0] is 2
11-29 03:19:46.399 I/msm8974_platform( 815): platform_check_codec_backend_cfg:becf: afe: bitwidth 16, samplerate 48000 channels 2, backend_idx 0 usecase = 1 device (speaker)
11-29 03:19:46.401 D/audio_hw_extn( 815): audio_extn_enable_hifi_filter: mixer_value set 0
11-29 03:19:46.401 D/msm8974_platform( 815): platform_check_codec_backend_cfg:becf: updated afe: bitwidth 16, samplerate 48000 channels 2,backend_idx 0 usecase = 1 device (speaker)
11-29 03:19:46.401 D/msm8974_platform( 815): platform_check_codec_backend_cfg:becf: afe: playback on codec device not supporting native playback set default Sample Rate(48k)
11-29 03:19:46.401 I/msm8974_platform( 815): platform_check_codec_backend_cfg:becf: afe: Codec selected backend: 0 updated bit width: 16 and sample rate: 48000
11-29 03:19:46.401 D/audio_hw_primary( 815): check_usecases_codec_backend:becf: force routing 0
11-29 03:19:46.401 E/msm8974_platform( 815): platform_check_backends_match: Invalid snd_device =
11-29 03:19:46.401 D/audio_hw_primary( 815): check_usecases_codec_backend:becf: (78) check_usecases curr device: speaker, usecase device: backends match 0
11-29 03:19:46.401 D/audio_hw_primary( 815): check_usecases_codec_backend:becf: check_usecases num.of Usecases to switch 0
11-29 03:19:46.401 D/hardware_info( 815): hw_info_append_hw_type : device_name = speaker
11-29 03:19:46.401 D/msm8974_platform( 815): platform_split_snd_device: snd_device(2) num devices(0) new_snd_devices(0)
11-29 03:19:46.401 D/audio_hw_primary( 815): enable_snd_device: snd_device(2: speaker)
11-29 03:19:46.401 D/msm8974_platform( 815): platform_get_island_cfg_on_device:island cfg status on snd_device = (speaker 0)
11-29 03:19:46.401 I/soundtrigger( 815): audio_extn_sound_trigger_update_device_status: device 0x2 of type 0 for Event 1, with Raise=0
11-29 03:19:46.401 D/audio_route( 815): Apply path: speaker
11-29 03:19:46.401 I/audio_hw_utils( 815): audio_extn_utils_update_stream_output_app_type_cfg Allowing 24 and above bits playback on speaker ONLY at default sampling rate
11-29 03:19:46.401 E/soundtrigger( 815): audio_extn_sound_trigger_update_stream_status: invalid input device 0x0, for event 3
11-29 03:19:46.401 D/soundtrigger( 815): audio_extn_sound_trigger_update_stream_status: uc_info->id 1 of type 0 for Event 3, with Raise=0
11-29 03:19:46.401 D/audio_hw_utils( 815): audio_extn_utils_send_app_type_cfg: usecase->out_snd_device speaker
11-29 03:19:46.401 D/msm8974_platform( 815): platform_split_snd_device: snd_device(2) num devices(0) new_snd_devices(0)
11-29 03:19:46.401 D/audio_hw_utils( 815): audio_extn_btsco_get_sample_rate:Not a BT SCO device, need not update sampling rate
11-29 03:19:46.401 I/audio_hw_utils( 815): send_app_type_cfg_for_device PLAYBACK app_type 69937, acdb_dev_id 15, sample_rate 48000, snd_device_be_idx 179
11-29 03:19:46.401 D/msm8974_platform( 815): platform_split_snd_device: snd_device(2) num devices(1) new_snd_devices(0)
11-29 03:19:46.401 D/audio_hw_utils( 815): audio_extn_btsco_get_sample_rate:Not a BT SCO device, need not update sampling rate
11-29 03:19:46.402 D/ACDB-LOADER( 815): ACDB -> send_audio_cal, acdb_id = 15, path = 0, app id = 0x11131, sample rate = 48000, afe_sample_rate = 48000
11-29 03:19:46.402 D/ACDB-LOADER( 815): ACDB -> send_asm_topology
11-29 03:19:46.402 D/ACDB-LOADER( 815): ACDB -> ACDB_CMD_GET_AUDPROC_STREAM_TOPOLOGY_ID
11-29 03:19:46.402 D/ACDB-LOADER( 815): ACDB -> send_adm_topology
11-29 03:19:46.402 D/ACDB-LOADER( 815): ACDB -> ACDB_CMD_GET_AUDPROC_COMMON_TOPOLOGY_ID
11-29 03:19:46.402 D/ACDB-LOADER( 815): ACDB -> send_audtable
11-29 03:19:46.402 D/ACDB-LOADER( 815): ACDB -> ACDB_CMD_GET_AUDPROC_INSTANCE_COMMON_TABLE_SIZE
11-29 03:19:46.402 D/ACDB-LOADER( 815): ACDB -> ACDB_CMD_GET_AUDPROC_INSTANCE_COMMON_TABLE
11-29 03:19:46.402 D/ACDB-LOADER( 815): ACDB -> AUDIO_SET_AUDPROC_CAL cal_type[11] acdb_id[15] app_type[69937]
11-29 03:19:46.402 D/ACDB-LOADER( 815): ACDB -> send_audvoltable
11-29 03:19:46.402 D/ACDB-LOADER( 815): ACDB -> ACDB_CMD_GET_AUDPROC_INSTANCE_GAIN_DEP_STEP_TABLE_SIZE
11-29 03:19:46.402 D/ACDB-LOADER( 815): ACDB -> ACDB_CMD_GET_AUDPROC_INSTANCE_GAIN_DEP_STEP_TABLE, vol index 0
11-29 03:19:46.402 D/ACDB-LOADER( 815): ACDB -> AUDIO_SET_VOL_CAL cal type = 12
11-29 03:19:46.402 D/ACDB-LOADER( 815): ACDB -> ACDB_CMD_GET_AUDPROC_INSTANCE_STREAM_TABLE_SIZE
11-29 03:19:46.402 D/ACDB-LOADER( 815): ACDB -> send_audstrmtable
11-29 03:19:46.402 D/ACDB-LOADER( 815): ACDB -> ACDB_CMD_GET_AUDPROC_INSTANCE_STREAM_TABLE
11-29 03:19:46.402 D/ACDB-LOADER( 815): ACDB -> audstrm_cal->cal_type.cal_data.cal_size = 20
11-29 03:19:46.402 D/ACDB-LOADER( 815): ACDB -> send_afe_topology
11-29 03:19:46.402 D/ACDB-LOADER( 815): ACDB -> ACDB_CMD_GET_AFE_TOPOLOGY_ID
11-29 03:19:46.402 D/ACDB-LOADER( 815): ACDB -> GET_AFE_TOPOLOGY_ID for adcd_id 15, Topology Id 112fc
11-29 03:19:46.402 D/ACDB-LOADER( 815): ACDB -> send_afe_cal
11-29 03:19:46.402 D/ACDB-LOADER( 815): ACDB -> ACDB_CMD_GET_AFE_INSTANCE_COMMON_TABLE_SIZE
11-29 03:19:46.402 D/android.hardware.audio.service( 815): Failed to fetch the lookup information of the device 0000000F
11-29 03:19:46.402 D/ACDB-LOADER( 815): Error: ACDB_CMD_GET_AFE_INSTANCE_COMMON_TABLE_SIZE Returned = -19
11-29 03:19:46.402 D/ACDB-LOADER( 815): ACDB -> ACDB_CMD_GET_AFE_INSTANCE_COMMON_TABLE
11-29 03:19:46.402 D/android.hardware.audio.service( 815): Failed to fetch the lookup information of the device 0000000F
11-29 03:19:46.402 D/ACDB-LOADER( 815): Error: ACDB AFE returned = -19
11-29 03:19:46.402 D/ACDB-LOADER( 815): ACDB -> AUDIO_SET_AFE_CAL cal_type[16] acdb_id[15]
11-29 03:19:46.402 D/ACDB-LOADER( 815): ACDB -> send_hw_delay : acdb_id = 15 path = 0
11-29 03:19:46.402 D/ACDB-LOADER( 815): ACDB -> ACDB_AVSYNC_INFO: ACDB_CMD_GET_DEVICE_PROPERTY
11-29 03:19:46.402 D/msm8974_platform( 815): platform_split_snd_device: snd_device(2) num devices(0) new_snd_devices(0)
11-29 03:19:46.402 I/msm8974_platform( 815): platform_get_custom_mtmx_params: no matching param with id 0 ip_ch 2 op_ch 2 uc_id 1 snd_dev 2
11-29 03:19:46.402 D/audio_hw_primary( 815): enable_audio_route: apply mixer and update path: low-latency-playback
11-29 03:19:46.402 D/audio_route( 815): Apply path: low-latency-playback
11-29 03:19:46.403 W/AudioIDCMicroNegotiator( 1496): idcm_warn: idcm control is not enable
11-29 03:19:46.403 D/audio_hw_primary( 815): select_devices: done
11-29 03:19:46.404 E/DisplayDeviceConfig( 1496): requesting nits when no mapping exists.
11-29 03:19:46.404 E/DisplayDeviceConfig( 1496): requesting nits when no mapping exists.
11-29 03:19:46.405 D/Avrcp_ext( 1974): AudioManager Player: AudioPlaybackConfiguration piid:71 deviceId:0 type:android.media.SoundPool u/pid:10082/1991 state:idle attr:AudioAttributes: usage=USAGE_ASSISTANCE_SONIFICATION content=CONTENT_TYPE_SONIFICATION flags=0x800 tags= bundle=null sessionId:0
11-29 03:19:46.405 D/Avrcp_ext( 1974): AudioManager Player: AudioPlaybackConfiguration piid:87 deviceId:0 type:android.media.SoundPool u/pid:1000/3709 state:idle attr:AudioAttributes: usage=USAGE_ASSISTANCE_SONIFICATION content=CONTENT_TYPE_SONIFICATION flags=0x801 tags= bundle=null sessionId:0
11-29 03:19:46.405 D/Avrcp_ext( 1974): AudioManager Player: AudioPlaybackConfiguration piid:119 deviceId:3 type:android.media.MediaPlayer u/pid:10082/1991 state:started attr:AudioAttributes: usage=USAGE_NOTIFICATION content=CONTENT_TYPE_SONIFICATION flags=0x800 tags= bundle=null sessionId:0
11-29 03:19:46.404 I/am_wtf ( 1496): [0,1496,system_server,-1,DisplayDeviceConfig,requesting nits when no mapping exists.]
11-29 03:19:46.406 I/am_wtf ( 1496): [0,1496,system_server,-1,DisplayDeviceConfig,requesting nits when no mapping exists.]
11-29 03:19:46.406 D/Avrcp_ext( 1974): AudioManager Player in started state: com.android.systemui
11-29 03:19:46.406 D/Avrcp_ext( 1974): AudioManager Active Player: com.android.systemui
11-29 03:19:46.406 D/Avrcp_ext( 1974): AudioManager Player: AudioPlaybackConfiguration piid:63 deviceId:0 type:android.media.SoundPool u/pid:1000/1496 state:idle attr:AudioAttributes: usage=USAGE_ASSISTANCE_SONIFICATION content=CONTENT_TYPE_SONIFICATION flags=0x800 tags= bundle=null sessionId:0
11-29 03:19:46.406 D/Avrcp_ext( 1974): AudioManager isPlaying: true, mAudioPlaybackIsActive = true
11-29 03:19:46.420 E/DisplayDeviceConfig( 1496): requesting nits when no mapping exists.
11-29 03:19:46.421 I/am_wtf ( 1496): [0,1496,system_server,-1,DisplayDeviceConfig,requesting nits when no mapping exists.]
11-29 03:19:46.421 E/DisplayDeviceConfig( 1496): requesting nits when no mapping exists.
11-29 03:19:46.422 I/am_wtf ( 1496): [0,1496,system_server,-1,DisplayDeviceConfig,requesting nits when no mapping exists.]
11-29 03:19:46.429 D/msm8974_platform( 815): platform_set_channel_map mixer_ctl_name:Playback Channel Map9
11-29 03:19:46.429 D/msm8974_platform( 815): platform_set_channel_map: set mapping(1 2 0 0 0 0 0 0) for channel:2
11-29 03:19:46.430 E/audio_hw_extn( 815): audio_extn_perf_lock_release: Perf lock release error
11-29 03:19:46.430 D/audio_hw_primary( 815): start_output_stream: exit
11-29 03:19:46.430 D/audio_hw_primary( 815): out_write: retry previous failed cal level set
11-29 03:19:46.430 D/msm8974_platform( 815): platform_split_snd_device: snd_device(2) num devices(1) new_snd_devices(0)
11-29 03:19:46.430 D/ACDB-LOADER( 815): ACDB -> send_audvoltable
11-29 03:19:46.430 D/ACDB-LOADER( 815): ACDB -> ACDB_CMD_GET_AUDPROC_INSTANCE_GAIN_DEP_STEP_TABLE_SIZE
11-29 03:19:46.430 D/ACDB-LOADER( 815): ACDB -> ACDB_CMD_GET_AUDPROC_INSTANCE_GAIN_DEP_STEP_TABLE, vol index 5
11-29 03:19:46.430 D/ACDB-LOADER( 815): ACDB -> AUDIO_SET_VOL_CAL cal type = 40
11-29 03:19:46.435 E/DisplayDeviceConfig( 1496): requesting nits when no mapping exists.
11-29 03:19:46.436 E/DisplayDeviceConfig( 1496): requesting nits when no mapping exists.
11-29 03:19:46.436 I/am_wtf ( 1496): [0,1496,system_server,-1,DisplayDeviceConfig,requesting nits when no mapping exists.]
11-29 03:19:46.437 I/am_wtf ( 1496): [0,1496,system_server,-1,DisplayDeviceConfig,requesting nits when no mapping exists.]
11-29 03:19:46.441 D/msm8974_platform( 815): platform_split_snd_device: snd_device(2) num devices(1) new_snd_devices(0)
11-29 03:19:46.458 E/DisplayDeviceConfig( 1496): requesting nits when no mapping exists.
11-29 03:19:46.458 E/DisplayDeviceConfig( 1496): requesting nits when no mapping exists.
11-29 03:19:46.458 I/am_wtf ( 1496): [0,1496,system_server,-1,DisplayDeviceConfig,requesting nits when no mapping exists.]
11-29 03:19:46.459 I/am_wtf ( 1496): [0,1496,system_server,-1,DisplayDeviceConfig,requesting nits when no mapping exists.]
11-29 03:19:46.470 E/DisplayDeviceConfig( 1496): requesting nits when no mapping exists.
11-29 03:19:46.470 E/DisplayDeviceConfig( 1496): requesting nits when no mapping exists.
11-29 03:19:46.471 I/am_wtf ( 1496): [0,1496,system_server,-1,DisplayDeviceConfig,requesting nits when no mapping exists.]
11-29 03:19:46.473 I/am_wtf ( 1496): [0,1496,system_server,-1,DisplayDeviceConfig,requesting nits when no mapping exists.]
11-29 03:19:46.489 E/DisplayDeviceConfig( 1496): requesting nits when no mapping exists.
11-29 03:19:46.490 E/DisplayDeviceConfig( 1496): requesting nits when no mapping exists.
11-29 03:19:46.490 I/am_wtf ( 1496): [0,1496,system_server,-1,DisplayDeviceConfig,requesting nits when no mapping exists.]
11-29 03:19:46.491 I/am_wtf ( 1496): [0,1496,system_server,-1,DisplayDeviceConfig,requesting nits when no mapping exists.]
11-29 03:19:46.502 E/DisplayDeviceConfig( 1496): requesting nits when no mapping exists.
11-29 03:19:46.503 I/am_wtf ( 1496): [0,1496,system_server,-1,DisplayDeviceConfig,requesting nits when no mapping exists.]
11-29 03:19:46.503 E/DisplayDeviceConfig( 1496): requesting nits when no mapping exists.
11-29 03:19:46.504 I/am_wtf ( 1496): [0,1496,system_server,-1,DisplayDeviceConfig,requesting nits when no mapping exists.]
11-29 03:19:46.519 E/DisplayDeviceConfig( 1496): requesting nits when no mapping exists.
11-29 03:19:46.522 E/DisplayDeviceConfig( 1496): requesting nits when no mapping exists.
11-29 03:19:46.522 I/am_wtf ( 1496): [0,1496,system_server,-1,DisplayDeviceConfig,requesting nits when no mapping exists.]
11-29 03:19:46.523 I/am_wtf ( 1496): [0,1496,system_server,-1,DisplayDeviceConfig,requesting nits when no mapping exists.]
11-29 03:19:46.524 W/System ( 1496): A resource failed to call release.
11-29 03:19:46.525 W/System ( 1496): A resource failed to call release.
11-29 03:19:46.535 E/DisplayDeviceConfig( 1496): requesting nits when no mapping exists.
11-29 03:19:46.536 E/DisplayDeviceConfig( 1496): requesting nits when no mapping exists.
11-29 03:19:46.536 I/am_wtf ( 1496): [0,1496,system_server,-1,DisplayDeviceConfig,requesting nits when no mapping exists.]
11-29 03:19:46.539 I/am_wtf ( 1496): [0,1496,system_server,-1,DisplayDeviceConfig,requesting nits when no mapping exists.]
11-29 03:19:46.555 E/DisplayDeviceConfig( 1496): requesting nits when no mapping exists.
11-29 03:19:46.556 I/am_wtf ( 1496): [0,1496,system_server,-1,DisplayDeviceConfig,requesting nits when no mapping exists.]
11-29 03:19:46.556 E/DisplayDeviceConfig( 1496): requesting nits when no mapping exists.
11-29 03:19:46.557 I/am_wtf ( 1496): [0,1496,system_server,-1,DisplayDeviceConfig,requesting nits when no mapping exists.]
11-29 03:19:46.944 I/mpu_uart( 647): [MSG-P:RECV]:No message received in 1000 ms
11-29 03:19:47.028 I/input_interaction( 1496): Interaction with: f19274 com.thundercomm.screensaver/android.service.dreams.DreamActivity (server), edge-swipe (server), swipe-up (server), PointerEventDispatcher0 (server),
11-29 03:19:47.032 I/wm_finish_activity( 1496): [0,228073928,267,com.thundercomm.screensaver/android.service.dreams.DreamActivity,finish-activity]
11-29 03:19:47.033 I/wm_task_moved( 1496): [263,1,5]
11-29 03:19:47.034 I/wm_task_moved( 1496): [264,1,2147483647]
11-29 03:19:47.034 I/wm_task_to_front( 1496): [0,264]
11-29 03:19:47.034 I/wm_focused_root_task( 1496): [0,0,263,267,finish-top adjustFocusToNextFocusableTask]
11-29 03:19:47.035 I/wm_set_resumed_activity( 1496): [0,com.android.launcher3/.uioverrides.QuickstepLauncher,finish-top adjustFocusToNextFocusableTask]
11-29 03:19:47.035 D/ActivityTrigger( 1496): ActivityTrigger activityPauseTrigger
11-29 03:19:47.036 I/wm_pause_activity( 1496): [0,228073928,com.thundercomm.screensaver/android.service.dreams.DreamActivity,userLeaving=false,finish]
11-29 03:19:47.042 I/DreamManagerService( 1496): Gently waking up from dream.
11-29 03:19:47.043 I/DreamManagerService( 1496): Performing gentle wake from dream.
11-29 03:19:47.044 I/wm_on_top_resumed_lost_called( 4109): [228073928,android.service.dreams.DreamActivity,topStateChangedWhenResumed]
11-29 03:19:47.046 I/sysui_multi_action( 1496): [757,803,799,window_time_0,802,1]
11-29 03:19:47.047 I/wm_on_paused_called( 4109): [228073928,android.service.dreams.DreamActivity,performPause]
11-29 03:19:47.047 I/wm_add_to_stopping( 1496): [0,228073928,com.thundercomm.screensaver/android.service.dreams.DreamActivity,completeFinishing]
11-29 03:19:47.048 I/ActivityTaskManager( 1496): FOREGROUND_APPLICATION_CHANGED to com.android.launcher3.uioverrides.QuickstepLauncher
11-29 03:19:47.050 I/wm_set_resumed_activity( 1496): [0,com.android.launcher3/.uioverrides.QuickstepLauncher,resumeTopActivityInnerLocked]
11-29 03:19:47.050 D/KeyguardViewMediator( 1991): setOccluded false
11-29 03:19:47.052 I/wm_resume_activity( 1496): [0,261032637,264,com.android.launcher3/.uioverrides.QuickstepLauncher]
11-29 03:19:47.056 D/StatusBar( 1991): disable disable2
11-29 03:19:47.057 D/KeyguardViewMediator( 1991): adjustStatusBarLocked: mShowing=false mOccluded=false isSecure=false force=false --> flags=0x0
11-29 03:19:47.065 I/GameMode_ActivityMonitoringService( 3709): onForegroundActivitiesChanged uid 10077 pid 2495 fg true
11-29 03:19:47.069 I/BpBinder( 969): onLastStrongRef automatically unlinking death recipients:
11-29 03:19:47.070 I/input_focus( 1496): [Focus leaving f19274 com.thundercomm.screensaver/android.service.dreams.DreamActivity (server),reason=NO_WINDOW]
11-29 03:19:47.070 I/sysui_multi_action( 1496): [757,803,799,window_time_0,802,0]
11-29 03:19:47.070 I/view_enqueue_input_event( 4109): [Motion - Cancel,com.thundercomm.screensaver/android.service.dreams.DreamActivity]
11-29 03:19:47.074 I/GameMode_ActivityMonitoringService( 3709): Updating top task to: TaskInfoContainer [topActivity=ComponentInfo{com.android.launcher3/com.android.launcher3.uioverrides.QuickstepLauncher}, taskId=264, stackId=263, userId=0, displayId=0, position=5
11-29 03:19:47.074 I/GameMode_ActivityMonitoringService( 3709): Notifying about top task: TaskInfoContainer [topActivity=ComponentInfo{com.android.launcher3/com.android.launcher3.uioverrides.QuickstepLauncher}, taskId=264, stackId=263, userId=0, displayId=0, position=5
11-29 03:19:47.074 E/GameMode_ActivityMonitoringService( 3709): onActivityLaunch:com.android.launcher3
11-29 03:19:47.074 V/GameMode_GameTypeUtils( 3709): judge isGame:com.android.launcher3
11-29 03:19:47.075 V/GameMode_GpuUtils( 3709): fps:60
