11-29 03:14:01.755 I/netstats_mobile_sample( 1496): [0,0,0,0,0,0,0,0,0,0,0,0,1669662841755]
11-29 03:14:01.755 I/netstats_wifi_sample( 1496): [0,0,0,0,0,0,0,0,0,0,0,0,1669662841755]
11-29 03:14:01.767 I/netstats_mobile_sample( 1496): [0,0,0,0,0,0,0,0,0,0,0,0,1669662841766]
11-29 03:14:01.767 I/netstats_wifi_sample( 1496): [0,0,0,0,0,0,0,0,0,0,0,0,1669662841766]
11-29 03:14:01.769 I/service_manager_stats( 1496): [100,70,6068]
11-29 03:14:01.796 I/netstats_mobile_sample( 1496): [0,0,0,0,0,0,0,0,0,0,0,0,1669662841795]
11-29 03:14:01.796 I/netstats_wifi_sample( 1496): [0,0,0,0,0,0,0,0,0,0,0,0,1669662841795]
11-29 03:14:01.804 E/NetlinkEvent( 666): NetlinkEvent::FindParam(): Parameter 'INTERFACE' not found
11-29 03:14:01.804 E/NetlinkEvent( 666): NetlinkEvent::FindParam(): Parameter 'STATE' not found
11-29 03:14:01.804 E/NetlinkEvent( 666): NetlinkEvent::FindParam(): Parameter 'TIME_NS' not found
11-29 03:14:01.804 E/NetlinkEvent( 666): NetlinkEvent::FindParam(): Parameter 'UID' not found
11-29 03:14:01.819 I/netstats_mobile_sample( 1496): [0,0,0,0,0,0,0,0,0,0,0,0,1669662841819]
11-29 03:14:01.819 I/netstats_wifi_sample( 1496): [0,0,0,0,0,0,0,0,0,0,0,0,1669662841819]
11-29 03:14:01.832 W/ContextImpl( 1496): Calling a method in the system process without a qualified user: android.app.ContextImpl.sendStickyBroadcast:1559 com.android.server.ConnectivityService.sendStickyBroadcast:2811 com.android.server.ConnectivityService.sendGeneralBroadcast:2786 com.android.server.ConnectivityService.sendConnectedBroadcast:2759 com.android.server.ConnectivityService.sendLegacyNetworkBroadcast:8704
11-29 03:14:01.851 W/ContextImpl( 1496): Calling a method in the system process without a qualified user: android.app.ContextImpl.sendStickyBroadcast:1559 com.android.server.ConnectivityService.sendStickyBroadcast:2811 com.android.server.ConnectivityService.sendGeneralBroadcast:2786 com.android.server.ConnectivityService.sendInetConditionBroadcast:2763 com.android.server.ConnectivityService.updateInetCondition:8451
11-29 03:14:01.931 W/NotificationService( 1496): Toast already killed. pkg=com.hht.lebocast token=android.os.BinderProxy@c9a4dcf
11-29 03:14:02.115 D/CompatibilityChangeReporter( 1496): Compat change id reported: 168419799; UID 10028; state: DISABLED
11-29 03:14:02.356 I/sysui_heads_up_status( 1991): [-1|android|26|null|1000,0]
11-29 03:14:02.376 I/GameModeConfig( 1496): isGameModeOn = false
11-29 03:14:02.806 I/sysui_multi_action( 1496): [757,128,758,2,793,10049,794,5637,795,10049,796,26,798,0,806,android,857,DEVELOPER_IMPORTANT,858,4,947,0,1395,2,1500,9628,1688,1]
11-29 03:14:02.806 I/notification_visibility( 1496): [-1|android|26|null|1000,0,10049,10049,0,0]
11-29 03:14:02.808 I/notification_enqueue( 1496): [10082,1991,com.android.systemui,2048,NULL,0,Notification(channel=updateNotification shortcut=null contentView=null vibrate=null sound=null defaults=0x0 flags=0x0 color=0x00000000 vis=PRIVATE),0]
11-29 03:14:02.812 I/sysui_multi_action( 1991): [757,111,758,2]
11-29 03:14:02.812 I/sysui_multi_action( 1991): [757,111,758,2]
11-29 03:14:02.817 I/sysui_multi_action( 1496): [757,127,758,2]
11-29 03:14:02.817 I/notification_panel_hidden( 1496):
11-29 03:14:02.829 I/GameModeConfig( 1496): isGameModeOn = false
11-29 03:14:02.829 I/GameModeConfig( 1496): isGameModeOn = false
11-29 03:14:02.829 I/GameModeConfig( 1496): isGameModeOn = false
11-29 03:14:02.829 I/liblog ( 1380): 44
11-29 03:14:02.837 I/sysui_multi_action( 1991): [757,111,758,1]
11-29 03:14:02.837 I/sysui_multi_action( 1991): [757,126,758,1,759,126,927,0,928,0,1593,0]
11-29 03:14:02.837 I/sysui_multi_action( 1991): [757,113,758,1,759,113,927,1,928,1,1593,0]
11-29 03:14:02.837 I/sysui_multi_action( 1991): [757,0,758,1,759,0,927,2,928,0,1593,0]
11-29 03:14:02.837 I/sysui_multi_action( 1991): [757,0,758,1,759,0,927,3,928,0,1593,0]
11-29 03:14:02.838 I/sysui_multi_action( 1991): [757,491,758,1,759,491,927,4,928,0,1311,-1,1593,0]
11-29 03:14:02.838 I/sysui_multi_action( 1991): [757,0,758,1,759,0,927,5,928,0,1593,0]
11-29 03:14:02.838 I/sysui_multi_action( 1991): [757,111,758,1]
11-29 03:14:02.838 I/sysui_multi_action( 1991): [757,126,758,1,759,126,927,0,928,0,1593,0]
11-29 03:14:02.838 I/sysui_multi_action( 1991): [757,113,758,1,759,113,927,1,928,1,1593,0]
11-29 03:14:02.839 I/sysui_multi_action( 1991): [757,0,758,1,759,0,927,2,928,0,1593,0]
11-29 03:14:02.839 I/sysui_multi_action( 1991): [757,0,758,1,759,0,927,3,928,0,1593,0]
11-29 03:14:02.845 I/am_uid_running( 1496): 10079
11-29 03:14:02.847 D/CompatibilityChangeReporter( 1496): Compat change id reported: 135634846; UID 10079; state: DISABLED
11-29 03:14:02.847 D/CompatibilityChangeReporter( 1496): Compat change id reported: 177438394; UID 10079; state: DISABLED
11-29 03:14:02.848 D/CompatibilityChangeReporter( 1496): Compat change id reported: 135772972; UID 10079; state: DISABLED
11-29 03:14:02.848 D/CompatibilityChangeReporter( 1496): Compat change id reported: 135754954; UID 10079; state: ENABLED
11-29 03:14:02.849 D/CompatibilityChangeReporter( 1496): Compat change id reported: 143937733; UID 10079; state: ENABLED
11-29 03:14:02.870 I/am_proc_start( 1496): [0,3851,10079,com.qti.ltebc,broadcast,{com.qti.ltebc/com.qualcomm.ltebc.LTEBroadcastAlarmReceiver}]
11-29 03:14:02.870 I/ActivityManager( 1496): Start proc 3851:com.qti.ltebc/u0a79 for broadcast {com.qti.ltebc/com.qualcomm.ltebc.LTEBroadcastAlarmReceiver}
11-29 03:14:02.898 I/am_proc_bound( 1496): [0,3851,com.qti.ltebc]
11-29 03:14:02.900 D/CompatibilityChangeReporter( 1496): Compat change id reported: 168419799; UID 10079; state: DISABLED
11-29 03:14:02.904 I/am_uid_active( 1496): 10079
11-29 03:14:03.011 I/sysui_multi_action( 1496): [757,1501,758,1,793,205,794,0,795,205,796,2048,806,com.android.systemui,857,updateNotification,858,3,947,0,1500,0,1688,1]
11-29 03:14:03.011 I/sysui_multi_action( 1496): [757,804,799,note_interruptive,801,0,802,1]
11-29 03:14:03.012 I/GameModeConfig( 1496): isGameModeOn = false
11-29 03:14:03.015 I/sysui_multi_action( 1496): [757,1501,758,1,793,209,794,0,795,209,796,2048,806,com.android.systemui,857,updateNotification,858,3,947,0,1500,0,1688,1]
11-29 03:14:03.015 I/sysui_multi_action( 1496): [757,804,799,note_interruptive,801,0,802,1]
11-29 03:14:03.016 I/sysui_multi_action( 1496): [757,199,758,1,759,2,793,210,794,0,795,210,796,2048,806,com.android.systemui,857,updateNotification,858,3,947,0,1500,1,1688,1]
11-29 03:14:03.016 I/notification_alert( 1496): [0|com.android.systemui|2048|null|10082,0,1,0]
11-29 03:14:03.018 W/NotificationHistory( 1496): Attempted to add notif for locked/gone/disabled user 0
11-29 03:14:03.099 I/auditd ( 500): type=1401 audit(0.0:254): op=security_compute_sid invalid_context=u:r:np_thundercomm_tlog_pstore:s0 scontext=u:r:init:s0 tcontext=u:object_r:np_thundercomm_tlog_pstore_exec:s0 tclass=process
11-29 03:14:03.177 I/GameModeConfig( 1496): isGameModeOn = false
11-29 03:14:03.234 I/GameModeConfig( 1496): isGameModeOn = false
11-29 03:14:03.234 I/GameModeConfig( 1496): isGameModeOn = false
11-29 03:14:03.240 I/GameModeConfig( 1496): isGameModeOn = false
11-29 03:14:03.241 I/GameModeConfig( 1496): isGameModeOn = false
11-29 03:14:03.266 I/am_uid_running( 1496): 10056
11-29 03:14:03.266 D/CompatibilityChangeReporter( 1496): Compat change id reported: 135634846; UID 10056; state: DISABLED
11-29 03:14:03.266 D/CompatibilityChangeReporter( 1496): Compat change id reported: 177438394; UID 10056; state: DISABLED
11-29 03:14:03.266 D/CompatibilityChangeReporter( 1496): Compat change id reported: 135772972; UID 10056; state: DISABLED
11-29 03:14:03.266 D/CompatibilityChangeReporter( 1496): Compat change id reported: 135754954; UID 10056; state: DISABLED
11-29 03:14:03.267 D/CompatibilityChangeReporter( 1496): Compat change id reported: 143937733; UID 10056; state: DISABLED
11-29 03:14:03.279 I/am_proc_start( 1496): [0,3884,10056,com.qualcomm.qti.qms.service.trustzoneaccess,service,{com.qualcomm.qti.qms.service.trustzoneaccess/com.qualcomm.qti.qms.service.trustzoneaccess.TZAccessService}]
11-29 03:14:03.279 I/ActivityManager( 1496): Start proc 3884:com.qualcomm.qti.qms.service.trustzoneaccess/u0a56 for service {com.qualcomm.qti.qms.service.trustzoneaccess/com.qualcomm.qti.qms.service.trustzoneaccess.TZAccessService}
11-29 03:14:03.310 I/am_proc_bound( 1496): [0,3884,com.qualcomm.qti.qms.service.trustzoneaccess]
11-29 03:14:03.312 D/CompatibilityChangeReporter( 1496): Compat change id reported: 168419799; UID 10056; state: DISABLED
11-29 03:14:03.404 I/GameModeConfig( 1496): isGameModeOn = false
11-29 03:14:03.404 I/GameModeConfig( 1496): isGameModeOn = false
11-29 03:14:03.442 I/ActivityManager( 1496): Process com.qti.ltebc (pid 3851) has died: cch+5 CEM
11-29 03:14:03.443 I/am_proc_died( 1496): [0,3851,com.qti.ltebc,905,19]
11-29 03:14:03.444 I/am_uid_stopped( 1496): 10079
11-29 03:14:03.519 I/GameModeConfig( 1496): isGameModeOn = false
11-29 03:14:03.519 I/GameModeConfig( 1496): isGameModeOn = false
11-29 03:14:03.519 I/GameModeConfig( 1496): isGameModeOn = false
11-29 03:14:03.520 I/GameModeConfig( 1496): isGameModeOn = false
11-29 03:14:03.547 D/CompanionDeviceManagerService( 1496): onPackageModified(packageName = com.android.traceur)
11-29 03:14:03.562 I/Telecom ( 1496): DefaultDialerCache: Refreshing default dialer for user 0: now null: DDC.oR@ABY
11-29 03:14:03.565 D/CompatibilityChangeReporter( 1496): Compat change id reported: 168419799; UID 10094; state: DISABLED
11-29 03:14:03.578 I/GameModeConfig( 1496): isGameModeOn = false
11-29 03:14:03.578 I/GameModeConfig( 1496): isGameModeOn = false
11-29 03:14:03.578 I/GameModeConfig( 1496): isGameModeOn = false
11-29 03:14:03.578 I/GameModeConfig( 1496): isGameModeOn = false
11-29 03:14:03.584 W/VoiceInteractionManager( 1496): no available voice recognition services found for user 0
11-29 03:14:03.656 I/GameModeConfig( 1496): isGameModeOn = false
11-29 03:14:03.656 I/GameModeConfig( 1496): isGameModeOn = false
11-29 03:14:05.591 I/auditd ( 3949): type=1400 audit(0.0:255): avc: denied { read } for comm="ls" name="/" dev="dm-5" ino=2 scontext=u:r:system_app:s0 tcontext=u:object_r:rootfs:s0 tclass=dir permissive=0
11-29 03:14:05.639 I/auditd ( 3953): type=1400 audit(0.0:256): avc: denied { read } for comm="ls" name="/" dev="dm-5" ino=2 scontext=u:r:system_app:s0 tcontext=u:object_r:rootfs:s0 tclass=dir permissive=0
11-29 03:14:06.317 I/GameModeConfig( 1496): isGameModeOn = false
11-29 03:14:06.317 I/GameModeConfig( 1496): isGameModeOn = false
11-29 03:14:06.515 I/GameModeConfig( 1496): isGameModeOn = false
11-29 03:14:06.516 I/GameModeConfig( 1496): isGameModeOn = false
11-29 03:14:07.907 I/auditd ( 0): type=1400 audit(0.0:257): avc: denied { kill } for comm="swapper/1" capability=5 scontext=u:r:kernel:s0 tcontext=u:r:kernel:s0 tclass=capability permissive=0
11-29 03:14:08.218 I/GameModeConfig( 1496): isGameModeOn = false
11-29 03:14:08.218 I/GameModeConfig( 1496): isGameModeOn = false
11-29 03:14:08.673 I/ActivityManager( 1496): Waited long enough for: ServiceRecord{d9f7dbf u0 com.qti.diagservices/.QTIDiagServices}
11-29 03:14:08.907 I/auditd ( 0): type=1400 audit(0.0:258): avc: denied { kill } for comm="swapper/1" capability=5 scontext=u:r:kernel:s0 tcontext=u:r:kernel:s0 tclass=capability permissive=0
11-29 03:14:08.993 V/DisplayPowerController[0]( 1496): Brightness [0.05] reason changing to: 'manual [ dim ]', previous reason: 'manual'.
11-29 03:14:08.993 I/sysui_multi_action( 1496): [757,1696,758,6,759,2]
11-29 03:14:08.994 E/DisplayDeviceConfig( 1496): requesting nits when no mapping exists.
11-29 03:14:08.995 E/DisplayDeviceConfig( 1496): requesting nits when no mapping exists.
11-29 03:14:08.995 I/am_wtf ( 1496): [0,1496,system_server,-1,DisplayDeviceConfig,requesting nits when no mapping exists.]
11-29 03:14:08.997 I/DropBoxManagerService( 1496): add tag=system_server_wtf isTagEnabled=true flags=0x2
11-29 03:14:08.999 I/am_wtf ( 1496): [0,1496,system_server,-1,DisplayDeviceConfig,requesting nits when no mapping exists.]
11-29 03:14:09.000 I/DropBoxManagerService( 1496): add tag=system_server_wtf isTagEnabled=true flags=0x2
11-29 03:14:10.907 I/auditd ( 0): type=1400 audit(0.0:259): avc: denied { kill } for comm="swapper/1" capability=5 scontext=u:r:kernel:s0 tcontext=u:r:kernel:s0 tclass=capability permissive=0
11-29 03:14:11.907 I/auditd ( 0): type=1400 audit(0.0:260): avc: denied { kill } for comm="swapper/1" capability=5 scontext=u:r:kernel:s0 tcontext=u:r:kernel:s0 tclass=capability permissive=0
11-29 03:14:12.672 W/WindowManager( 1496): removeWindowToken: Attempted to remove non-existing token: android.os.Binder@dcd3dee
11-29 03:14:12.849 I/GameModeConfig( 1496): isGameModeOn = false
11-29 03:14:12.849 I/GameModeConfig( 1496): isGameModeOn = false
11-29 03:14:12.907 I/auditd ( 0): type=1400 audit(0.0:261): avc: denied { kill } for comm="swapper/1" capability=5 scontext=u:r:kernel:s0 tcontext=u:r:kernel:s0 tclass=capability permissive=0
11-29 03:14:13.013 I/GameModeConfig( 1496): isGameModeOn = false
11-29 03:14:13.169 I/ActivityManager( 1496): Waited long enough for: ServiceRecord{8209a0 u0 com.thundercomm.gamemode/.ingame.services.ActivityMonitoringService}
11-29 03:14:13.202 I/ActivityManager( 1496): Waited long enough for: ServiceRecord{cfbe215 u0 com.thundercomm.gamemode/.ingame.services.GameModeService}
11-29 03:14:13.419 I/am_pss ( 1496): [2495,10077,com.android.launcher3,106040320,90046464,0,239411200,0,2,17]
11-29 03:14:13.433 I/am_pss ( 1496): [2643,10068,com.android.deskclock,11425792,8441856,0,104513536,0,19,10]
11-29 03:14:13.442 I/am_pss ( 1496): [2969,10088,com.qualcomm.qtil.aptxui,7079936,5550080,0,92155904,0,19,7]
11-29 03:14:13.450 I/am_pss ( 1496): [2933,10073,com.qualcomm.location.XT,6269952,4579328,0,94228480,0,6,7]
11-29 03:14:13.460 I/am_pss ( 1496): [2394,1000,com.android.settings,23861248,12910592,0,134623232,0,19,8]
11-29 03:14:13.466 I/am_pss ( 1496): [2409,10096,android.ext.services,8969216,5124096,0,104124416,0,5,6]
11-29 03:14:13.554 I/am_pss ( 1496): [3052,10031,com.android.traceur,8765440,5832704,0,97087488,0,19,7]
11-29 03:14:14.907 I/auditd ( 81): type=1400 audit(0.0:262): avc: denied { kill } for comm="kworker/1:1" capability=5 scontext=u:r:kernel:s0 tcontext=u:r:kernel:s0 tclass=capability permissive=0
11-29 03:14:15.788 I/am_pss ( 1496): [3124,1000,com.qti.diagservices,5788672,3801088,0,95911936,0,10,10]
11-29 03:14:15.907 I/auditd ( 0): type=1400 audit(0.0:263): avc: denied { kill } for comm="swapper/1" capability=5 scontext=u:r:kernel:s0 tcontext=u:r:kernel:s0 tclass=capability permissive=0
11-29 03:14:16.032 I/am_pss ( 1496): [3357,10020,com.hryt.hiphishowfsecontrol,18170880,14839808,0,107577344,0,19,12]
11-29 03:14:16.127 I/am_pss ( 1496): [3376,1000,com.android.localtransport,5361664,3747840,0,91983872,0,19,11]
11-29 03:14:16.136 I/am_pss ( 1496): [3384,10064,com.android.calendar,6392832,4796416,0,92528640,0,19,7]
11-29 03:14:16.361 I/am_pss ( 1496): [3428,1000,com.android.dynsystem:dynsystem,5616640,3833856,0,92250112,0,19,8]
11-29 03:14:16.373 I/am_pss ( 1496): [3412,1000,com.android.dynsystem,5297152,3657728,0,91250688,0,19,7]
11-29 03:14:16.497 I/am_pss ( 1496): [3463,10035,com.android.managedprovisioning,8741888,7122944,0,95211520,0,19,10]
11-29 03:14:16.634 I/am_pss ( 1496): [3479,10090,com.android.music,7412736,5316608,0,95109120,0,19,10]
11-29 03:14:16.722 I/am_pss ( 1496): [3505,10060,com.android.onetimeinitializer,5047296,3469312,0,91095040,0,19,10]
11-29 03:14:16.907 I/auditd ( 0): type=1400 audit(0.0:264): avc: denied { kill } for comm="swapper/1" capability=5 scontext=u:r:kernel:s0 tcontext=u:r:kernel:s0 tclass=capability permissive=0
11-29 03:14:16.981 I/am_pss ( 1496): [3530,10018,com.android.packageinstaller,7036928,5505024,0,92049408,0,19,10]
11-29 03:14:16.992 I/am_pss ( 1496): [2886,1000,com.android.keychain,8123392,6500352,0,94883840,0,19,8]
11-29 03:14:17.348 I/am_pss ( 1496): [3600,2000,com.android.shell,5853184,4206592,0,92897280,0,19,6]
11-29 03:14:17.868 I/am_pss ( 1496): [3618,1001,com.android.phone,7791616,5750784,0,94588928,0,19,11]
11-29 03:14:17.907 I/auditd ( 0): type=1400 audit(0.0:265): avc: denied { kill } for comm="swapper/2" capability=5 scontext=u:r:kernel:s0 tcontext=u:r:kernel:s0 tclass=capability permissive=0
11-29 03:14:18.016 I/am_pss ( 1496): [3688,10054,com.qualcomm.qti.qms.service.connectionsecurity,18761728,4308992,0,77668352,0,19,9]
11-29 03:14:18.190 I/am_pss ( 1496): [3709,1000,com.thundercomm.gamemode,17052672,13205504,0,118611968,0,10,11]
11-29 03:14:18.907 I/auditd ( 0): type=1400 audit(0.0:266): avc: denied { kill } for comm="swapper/2" capability=5 scontext=u:r:kernel:s0 tcontext=u:r:kernel:s0 tclass=capability permissive=0
11-29 03:14:19.907 I/auditd ( 0): type=1400 audit(0.0:267): avc: denied { kill } for comm="swapper/2" capability=5 scontext=u:r:kernel:s0 tcontext=u:r:kernel:s0 tclass=capability permissive=0
11-29 03:14:20.907 I/auditd ( 0): type=1400 audit(0.0:268): avc: denied { kill } for comm="swapper/2" capability=5 scontext=u:r:kernel:s0 tcontext=u:r:kernel:s0 tclass=capability permissive=0
11-29 03:14:21.859 I/ntp_failure( 1496): [time.android.com,java.net.UnknownHostException: Unable to resolve host "time.android.com": No address associated with hostname]
11-29 03:14:21.930 I/PowerManagerService( 1496): Napping display group (groupId=0, uid=1000)...
11-29 03:14:21.930 I/PowerManagerService( 1496): Nap time (uid 1000)...
11-29 03:14:21.933 I/DreamManagerService( 1496): Entering dreamland.
11-29 03:14:21.936 I/PowerManagerService( 1496): Dreaming...
11-29 03:14:21.945 I/DreamController( 1496): Starting dream: name=ComponentInfo{com.thundercomm.screensaver/com.thundercomm.saverclock.service.ClockScreensaver}, isTest=false, canDoze=false, userId=0
11-29 03:14:21.945 I/sysui_multi_action( 1496): [757,222,758,1]
11-29 03:14:21.951 I/am_uid_running( 1496): 10052
11-29 03:14:21.952 D/CompatibilityChangeReporter( 1496): Compat change id reported: 135634846; UID 10052; state: DISABLED
11-29 03:14:21.952 D/CompatibilityChangeReporter( 1496): Compat change id reported: 177438394; UID 10052; state: DISABLED
11-29 03:14:21.952 D/CompatibilityChangeReporter( 1496): Compat change id reported: 135772972; UID 10052; state: DISABLED
11-29 03:14:21.952 D/CompatibilityChangeReporter( 1496): Compat change id reported: 135754954; UID 10052; state: ENABLED
11-29 03:14:21.953 D/CompatibilityChangeReporter( 1496): Compat change id reported: 143937733; UID 10052; state: ENABLED
11-29 03:14:21.954 I/am_pss ( 1496): [3004,10022,android.process.media,11390976,9412608,0,102928384,0,19,9]
11-29 03:14:21.962 I/am_pss ( 1496): [3732,10025,com.android.externalstorage,5434368,3796992,0,92389376,0,19,7]
11-29 03:14:21.969 I/am_pss ( 1496): [2521,10083,com.qualcomm.qti.qccauthmgr,6114304,4247552,0,96448512,0,19,7]
11-29 03:14:21.977 I/am_pss ( 1496): [3177,10032,android.process.acore,13621248,10096640,0,118255616,0,19,7]
11-29 03:14:21.980 I/am_proc_start( 1496): [0,4109,10052,com.thundercomm.screensaver,service,{com.thundercomm.screensaver/com.thundercomm.saverclock.service.ClockScreensaver}]
11-29 03:14:21.980 I/ActivityManager( 1496): Start proc 4109:com.thundercomm.screensaver/u0a52 for service {com.thundercomm.screensaver/com.thundercomm.saverclock.service.ClockScreensaver}
11-29 03:14:22.025 I/am_proc_bound( 1496): [0,4109,com.thundercomm.screensaver]
11-29 03:14:22.027 D/CompatibilityChangeReporter( 1496): Compat change id reported: 168419799; UID 10052; state: DISABLED
11-29 03:14:22.031 I/am_uid_active( 1496): 10052
11-29 03:14:22.227 D/MicroServiceManager( 4109): add linkToDeath
11-29 03:14:22.227 D/MicroServiceManager( 4109): bindMicroService: called already get service
11-29 03:14:22.228 I/MicroServiceManager( 4109): addCommonCallbackListener add listener
11-29 03:14:22.228 I/MicroServiceManager( 4109): addConnectChangedListener add listener
11-29 03:14:22.232 I/ActivityTaskManager( 1496): START u0 {flg=0x10000000 pkg=com.thundercomm.screensaver cmp=com.thundercomm.screensaver/android.service.dreams.DreamActivity (has extras)} from uid 10052
11-29 03:14:22.237 D/CompatibilityChangeReporter( 1496): Compat change id reported: 184838306; UID 10052; state: DISABLED
11-29 03:14:22.238 D/CompatibilityChangeReporter( 1496): Compat change id reported: 185004937; UID 10052; state: DISABLED
11-29 03:14:22.238 D/CompatibilityChangeReporter( 1496): Compat change id reported: 181136395; UID 10052; state: DISABLED
11-29 03:14:22.239 D/CompatibilityChangeReporter( 1496): Compat change id reported: 174042936; UID 10052; state: DISABLED
11-29 03:14:22.239 D/CompatibilityChangeReporter( 1496): Compat change id reported: 174042980; UID 10052; state: DISABLED
11-29 03:14:22.240 I/wm_task_created( 1496): [265,-1]
11-29 03:14:22.240 W/ActivityTaskManager( 1496): Can't find TaskDisplayArea to determine support for multi window. Task id=265 attached=false
11-29 03:14:22.243 I/wm_task_moved( 1496): [265,1,7]
11-29 03:14:22.243 I/wm_task_to_front( 1496): [0,265]
11-29 03:14:22.244 I/wm_create_task( 1496): [0,265]
11-29 03:14:22.244 I/wm_create_activity( 1496): [0,112730658,265,com.thundercomm.screensaver/android.service.dreams.DreamActivity,NULL,NULL,NULL,276824064]
11-29 03:14:22.244 I/wm_task_moved( 1496): [265,1,7]
11-29 03:14:22.244 I/wm_on_top_resumed_lost_called( 1991): [34066703,com.android.systemui.usb.UsbDebuggingActivity,topStateChangedWhenResumed]
11-29 03:14:22.246 I/wm_pause_activity( 1496): [0,34066703,com.android.systemui/.usb.UsbDebuggingActivity,userLeaving=true,pauseBackTasks]
11-29 03:14:22.254 I/wm_on_paused_called( 1991): [34066703,com.android.systemui.usb.UsbDebuggingActivity,performPause]
11-29 03:14:22.259 I/ActivityTaskManager( 1496): FOREGROUND_APPLICATION_CHANGED to android.service.dreams.DreamActivity
11-29 03:14:22.260 I/ActivityTaskManager( 1496): The Process com.thundercomm.screensaver Already Exists in BG. So sending its PID: 4109
11-29 03:14:22.260 I/wm_add_to_stopping( 1496): [0,34066703,com.android.systemui/.usb.UsbDebuggingActivity,makeInvisible]
11-29 03:14:22.261 I/wm_add_to_stopping( 1496): [0,261032637,com.android.launcher3/.uioverrides.QuickstepLauncher,makeInvisible]
11-29 03:14:22.262 I/wm_restart_activity( 1496): [0,112730658,265,com.thundercomm.screensaver/android.service.dreams.DreamActivity]
11-29 03:14:22.265 I/wm_set_resumed_activity( 1496): [0,com.thundercomm.screensaver/android.service.dreams.DreamActivity,minimalResumeActivityLocked]
11-29 03:14:22.277 I/sysui_multi_action( 1496): [757,803,799,window_time_0,802,30]
11-29 03:14:22.285 I/wm_on_create_called( 4109): [112730658,android.service.dreams.DreamActivity,performCreate]
11-29 03:14:22.286 I/wm_on_start_called( 4109): [112730658,android.service.dreams.DreamActivity,handleStartActivity]
11-29 03:14:22.286 W/ContextImpl( 3709): Calling a method in the system process without a qualified user: android.app.ContextImpl.startService:1816 android.content.ContextWrapper.startService:774 com.thundercomm.gamemode.ingame.services.GameModeActionUtils.startGameModeService:93 com.thundercomm.gamemode.ingame.services.GameModeActionUtils.startGameModeEntry:21 com.thundercomm.gamemode.ingame.services.ActivityMonitoringService$1.onActivityLaunch:127
11-29 03:14:22.287 I/wm_on_resume_called( 4109): [112730658,android.service.dreams.DreamActivity,RESUME_ACTIVITY]
11-29 03:14:22.290 I/input_focus( 1496): [Focus leaving 8b3f093 com.android.systemui/com.android.systemui.usb.UsbDebuggingActivity (server),reason=NO_WINDOW]
11-29 03:14:22.294 W/WindowManager( 1496): Failed looking up window session=Session{b744521 4109:u0a10052} callers=com.android.server.wm.WindowManagerService.windowForClientLocked:5628 com.android.server.wm.Session.insetsModified:629 android.view.IWindowSession$Stub.onTransact:1151
11-29 03:14:22.296 I/am_pss ( 1496): [3575,10028,com.android.providers.calendar,7128064,5173248,0,98906112,0,19,5]
11-29 03:14:22.297 I/wm_on_top_resumed_gained_called( 4109): [112730658,android.service.dreams.DreamActivity,topStateChangedWhenResumed]
11-29 03:14:22.300 I/GameModeConfig( 1496): Current uri is uri = content://com.thundercomm.gamemode.api/gamemode_settings/gamemode_isgaming
11-29 03:14:22.306 I/GameModeConfig( 1496): isGameModeOn = false
11-29 03:14:22.306 I/GameModeConfig( 1496): isGameModeOn = false
11-29 03:14:22.306 I/GameModeConfig( 1496): isDisableVoice = true
11-29 03:14:22.328 I/input_focus( 1496): [Focus request 41a4434 com.thundercomm.screensaver/android.service.dreams.DreamActivity,reason=UpdateInputWindows]
11-29 03:14:22.334 I/GameModeConfig( 1496): isGameModeOn = false
11-29 03:14:22.334 I/GameModeConfig( 1496): isGameModeOn = false
11-29 03:14:22.334 I/GameModeConfig( 1496): isGameModeOn = false
11-29 03:14:22.334 I/GameModeConfig( 1496): isGameModeOn = false
11-29 03:14:22.335 I/notification_enqueue( 1496): [10082,1991,com.android.systemui,2048,NULL,0,Notification(channel=updateNotification shortcut=null contentView=null vibrate=null sound=null defaults=0x0 flags=0x0 color=0x00000000 vis=PRIVATE),1]
11-29 03:14:22.336 I/sysui_multi_action( 1991): [757,111,758,2]
11-29 03:14:22.336 I/sysui_multi_action( 1991): [757,111,758,2]
11-29 03:14:22.345 I/am_wtf ( 1496): [0,1991,com.android.systemui,818462221,KeyguardBouncer,onFullyShown when view was null]
11-29 03:14:22.351 I/sysui_multi_action( 1991): [757,196,758,2,759,0]
11-29 03:14:22.351 I/sysui_status_bar_state( 1991): [0,0,1,0,0,1]
11-29 03:14:22.353 I/DropBoxManagerService( 1496): add tag=system_app_wtf isTagEnabled=true flags=0x2
11-29 03:14:22.364 I/sysui_multi_action( 1991): [757,111,758,1]
11-29 03:14:22.365 I/sysui_multi_action( 1991): [757,126,758,1,759,126,927,0,928,0,1593,0]
11-29 03:14:22.365 I/sysui_multi_action( 1991): [757,113,758,1,759,113,927,1,928,1,1593,0]
11-29 03:14:22.366 I/sysui_multi_action( 1991): [757,0,758,1,759,0,927,2,928,0,1593,0]
11-29 03:14:22.366 I/sysui_multi_action( 1991): [757,0,758,1,759,0,927,3,928,0,1593,0]
11-29 03:14:22.366 I/sysui_multi_action( 1991): [757,491,758,1,759,491,927,4,928,0,1311,-1,1593,0]
11-29 03:14:22.366 I/sysui_multi_action( 1991): [757,0,758,1,759,0,927,5,928,0,1593,0]
11-29 03:14:22.367 I/sysui_multi_action( 1991): [757,111,758,1]
11-29 03:14:22.367 I/sysui_multi_action( 1991): [757,126,758,1,759,126,927,0,928,0,1593,0]
11-29 03:14:22.367 I/sysui_multi_action( 1991): [757,113,758,1,759,113,927,1,928,1,1593,0]
11-29 03:14:22.367 I/sysui_multi_action( 1991): [757,0,758,1,759,0,927,2,928,0,1593,0]
11-29 03:14:22.367 I/sysui_multi_action( 1991): [757,0,758,1,759,0,927,3,928,0,1593,0]
11-29 03:14:22.379 V/DisplayPowerController[0]( 1496): Brightness [1.0] reason changing to: 'manual', previous reason: 'manual [ dim ]'.
11-29 03:14:22.379 I/sysui_multi_action( 1496): [757,1696,758,6,759,3]
11-29 03:14:22.385 W/ContextImpl( 3709): Calling a method in the system process without a qualified user: android.app.ContextImpl.startService:1816 android.content.ContextWrapper.startService:774 com.thundercomm.gamemode.ingame.services.GameModeActionUtils.startGameModeService:93 com.thundercomm.gamemode.ingame.services.GameModeActionUtils.startGameModeEntry:21 com.thundercomm.gamemode.ingame.services.ActivityMonitoringService$1.onActivityLaunch:127
11-29 03:14:22.388 I/GameModeConfig( 1496): Current uri is uri = content://com.thundercomm.gamemode.api/gamemode_settings/gamemode_isgaming
11-29 03:14:22.390 I/sysui_multi_action( 1496): [319,140,322,129,325,41,757,761,758,8,759,2,806,com.thundercomm.screensaver,871,android.service.dreams.DreamActivity,904,com.thundercomm.screensaver,905,0,1320,4,1321,2]
11-29 03:14:22.390 I/wm_activity_launch_time( 1496): [0,112730658,com.thundercomm.screensaver/android.service.dreams.DreamActivity,129]
11-29 03:14:22.391 E/DisplayDeviceConfig( 1496): requesting nits when no mapping exists.
11-29 03:14:22.391 E/DisplayDeviceConfig( 1496): requesting nits when no mapping exists.
11-29 03:14:22.391 I/am_wtf ( 1496): [0,1496,system_server,-1,DisplayDeviceConfig,requesting nits when no mapping exists.]
11-29 03:14:22.391 I/GameModeConfig( 1496): isGameModeOn = false
11-29 03:14:22.392 I/DropBoxManagerService( 1496): add tag=system_server_wtf isTagEnabled=true flags=0x2
11-29 03:14:22.392 I/GameModeConfig( 1496): isGameModeOn = false
11-29 03:14:22.392 I/GameModeConfig( 1496): isDisableVoice = true
11-29 03:14:22.394 I/am_wtf ( 1496): [0,1496,system_server,-1,DisplayDeviceConfig,requesting nits when no mapping exists.]
11-29 03:14:22.395 I/DropBoxManagerService( 1496): add tag=system_server_wtf isTagEnabled=true flags=0x2
11-29 03:14:22.407 I/input_focus( 1496): [Focus entering 41a4434 com.thundercomm.screensaver/android.service.dreams.DreamActivity (server),reason=Window became focusable. Previous reason: NOT_VISIBLE]
11-29 03:14:22.407 E/DisplayDeviceConfig( 1496): requesting nits when no mapping exists.
11-29 03:14:22.407 E/DisplayDeviceConfig( 1496): requesting nits when no mapping exists.
11-29 03:14:22.407 I/am_wtf ( 1496): [0,1496,system_server,-1,DisplayDeviceConfig,requesting nits when no mapping exists.]
11-29 03:14:22.408 I/DropBoxManagerService( 1496): add tag=system_server_wtf isTagEnabled=true flags=0x2
11-29 03:14:22.409 I/am_wtf ( 1496): [0,1496,system_server,-1,DisplayDeviceConfig,requesting nits when no mapping exists.]
11-29 03:14:22.410 I/am_uid_running( 1496): 10029
11-29 03:14:22.410 D/CompatibilityChangeReporter( 1496): Compat change id reported: 135634846; UID 10029; state: DISABLED
11-29 03:14:22.410 D/CompatibilityChangeReporter( 1496): Compat change id reported: 177438394; UID 10029; state: DISABLED
11-29 03:14:22.410 D/CompatibilityChangeReporter( 1496): Compat change id reported: 135772972; UID 10029; state: DISABLED
11-29 03:14:22.411 D/CompatibilityChangeReporter( 1496): Compat change id reported: 135754954; UID 10029; state: DISABLED
11-29 03:14:22.411 D/CompatibilityChangeReporter( 1496): Compat change id reported: 143937733; UID 10029; state: DISABLED
11-29 03:14:22.413 I/DropBoxManagerService( 1496): add tag=system_server_wtf isTagEnabled=true flags=0x2
11-29 03:14:22.422 I/am_proc_start( 1496): [0,4154,10029,com.baidu.input,service,{com.baidu.input/com.baidu.input.ImeService}]
11-29 03:14:22.422 I/ActivityManager( 1496): Start proc 4154:com.baidu.input/u0a29 for service {com.baidu.input/com.baidu.input.ImeService}
11-29 03:14:22.423 E/DisplayDeviceConfig( 1496): requesting nits when no mapping exists.
11-29 03:14:22.423 E/DisplayDeviceConfig( 1496): requesting nits when no mapping exists.
11-29 03:14:22.423 I/am_wtf ( 1496): [0,1496,system_server,-1,DisplayDeviceConfig,requesting nits when no mapping exists.]
11-29 03:14:22.426 I/am_wtf ( 1496): [0,1496,system_server,-1,DisplayDeviceConfig,requesting nits when no mapping exists.]
11-29 03:14:22.440 E/DisplayDeviceConfig( 1496): requesting nits when no mapping exists.
11-29 03:14:22.440 E/DisplayDeviceConfig( 1496): requesting nits when no mapping exists.
11-29 03:14:22.441 I/am_wtf ( 1496): [0,1496,system_server,-1,DisplayDeviceConfig,requesting nits when no mapping exists.]
11-29 03:14:22.441 I/am_wtf ( 1496): [0,1496,system_server,-1,DisplayDeviceConfig,requesting nits when no mapping exists.]
11-29 03:14:22.449 I/am_proc_bound( 1496): [0,4154,com.baidu.input]
11-29 03:14:22.451 D/CompatibilityChangeReporter( 1496): Compat change id reported: 168419799; UID 10029; state: DISABLED
11-29 03:14:22.453 I/am_uid_active( 1496): 10029
11-29 03:14:22.456 E/DisplayDeviceConfig( 1496): requesting nits when no mapping exists.
11-29 03:14:22.457 I/am_wtf ( 1496): [0,1496,system_server,-1,DisplayDeviceConfig,requesting nits when no mapping exists.]
11-29 03:14:22.457 E/DisplayDeviceConfig( 1496): requesting nits when no mapping exists.
11-29 03:14:22.462 I/am_wtf ( 1496): [0,1496,system_server,-1,DisplayDeviceConfig,requesting nits when no mapping exists.]
11-29 03:14:22.474 E/DisplayDeviceConfig( 1496): requesting nits when no mapping exists.
11-29 03:14:22.475 E/DisplayDeviceConfig( 1496): requesting nits when no mapping exists.
11-29 03:14:22.475 I/am_wtf ( 1496): [0,1496,system_server,-1,DisplayDeviceConfig,requesting nits when no mapping exists.]
11-29 03:14:22.476 I/am_wtf ( 1496): [0,1496,system_server,-1,DisplayDeviceConfig,requesting nits when no mapping exists.]
11-29 03:14:22.491 E/DisplayDeviceConfig( 1496): requesting nits when no mapping exists.
11-29 03:14:22.491 E/DisplayDeviceConfig( 1496): requesting nits when no mapping exists.
11-29 03:14:22.491 I/am_wtf ( 1496): [0,1496,system_server,-1,DisplayDeviceConfig,requesting nits when no mapping exists.]
11-29 03:14:22.492 I/am_wtf ( 1496): [0,1496,system_server,-1,DisplayDeviceConfig,requesting nits when no mapping exists.]
11-29 03:14:22.506 E/DisplayDeviceConfig( 1496): requesting nits when no mapping exists.
11-29 03:14:22.507 I/am_wtf ( 1496): [0,1496,system_server,-1,DisplayDeviceConfig,requesting nits when no mapping exists.]
11-29 03:14:22.508 E/DisplayDeviceConfig( 1496): requesting nits when no mapping exists.
11-29 03:14:22.508 I/am_wtf ( 1496): [0,1496,system_server,-1,DisplayDeviceConfig,requesting nits when no mapping exists.]
11-29 03:14:22.517 I/snet_event_log( 1496): [172655291,-1,]
11-29 03:14:22.525 E/DisplayDeviceConfig( 1496): requesting nits when no mapping exists.
11-29 03:14:22.526 E/DisplayDeviceConfig( 1496): requesting nits when no mapping exists.
11-29 03:14:22.526 I/am_wtf ( 1496): [0,1496,system_server,-1,DisplayDeviceConfig,requesting nits when no mapping exists.]
11-29 03:14:22.527 I/am_wtf ( 1496): [0,1496,system_server,-1,DisplayDeviceConfig,requesting nits when no mapping exists.]
11-29 03:14:22.537 I/GameModeConfig( 1496): isGameModeOn = false
11-29 03:14:22.538 I/sysui_multi_action( 1496): [757,1501,758,1,793,19732,794,0,795,204,796,2048,806,com.android.systemui,857,updateNotification,858,3,947,0,1500,0,1688,1]
11-29 03:14:22.538 I/sysui_multi_action( 1496): [757,804,799,note_interruptive,801,0,802,1]
11-29 03:14:22.539 I/sysui_multi_action( 1496): [757,199,758,1,759,2,793,19733,794,0,795,205,796,2048,806,com.android.systemui,857,updateNotification,858,3,947,0,1500,1,1688,1]
11-29 03:14:22.541 E/DisplayDeviceConfig( 1496): requesting nits when no mapping exists.
11-29 03:14:22.542 E/DisplayDeviceConfig( 1496): requesting nits when no mapping exists.
11-29 03:14:22.542 I/am_wtf ( 1496): [0,1496,system_server,-1,DisplayDeviceConfig,requesting nits when no mapping exists.]
11-29 03:14:22.542 I/am_wtf ( 1496): [0,1496,system_server,-1,DisplayDeviceConfig,requesting nits when no mapping exists.]
11-29 03:14:22.555 I/notification_alert( 1496): [0|com.android.systemui|2048|null|10082,0,1,0]
11-29 03:14:22.558 E/DisplayDeviceConfig( 1496): requesting nits when no mapping exists.
11-29 03:14:22.558 E/DisplayDeviceConfig( 1496): requesting nits when no mapping exists.
11-29 03:14:22.559 W/NotificationHistory( 1496): Attempted to add notif for locked/gone/disabled user 0
11-29 03:14:22.559 I/am_wtf ( 1496): [0,1496,system_server,-1,DisplayDeviceConfig,requesting nits when no mapping exists.]
11-29 03:14:22.560 I/am_wtf ( 1496): [0,1496,system_server,-1,DisplayDeviceConfig,requesting nits when no mapping exists.]
11-29 03:14:22.573 E/DisplayDeviceConfig( 1496): requesting nits when no mapping exists.
11-29 03:14:22.573 E/DisplayDeviceConfig( 1496): requesting nits when no mapping exists.
11-29 03:14:22.574 I/am_wtf ( 1496): [0,1496,system_server,-1,DisplayDeviceConfig,requesting nits when no mapping exists.]
11-29 03:14:22.577 I/am_wtf ( 1496): [0,1496,system_server,-1,DisplayDeviceConfig,requesting nits when no mapping exists.]
11-29 03:14:22.591 E/DisplayDeviceConfig( 1496): requesting nits when no mapping exists.
11-29 03:14:22.594 I/am_wtf ( 1496): [0,1496,system_server,-1,DisplayDeviceConfig,requesting nits when no mapping exists.]
11-29 03:14:22.595 E/DisplayDeviceConfig( 1496): requesting nits when no mapping exists.
11-29 03:14:22.596 I/am_wtf ( 1496): [0,1496,system_server,-1,DisplayDeviceConfig,requesting nits when no mapping exists.]
11-29 03:14:22.607 E/DisplayDeviceConfig( 1496): requesting nits when no mapping exists.
11-29 03:14:22.608 E/DisplayDeviceConfig( 1496): requesting nits when no mapping exists.
11-29 03:14:22.608 I/am_wtf ( 1496): [0,1496,system_server,-1,DisplayDeviceConfig,requesting nits when no mapping exists.]
11-29 03:14:22.609 I/am_wtf ( 1496): [0,1496,system_server,-1,DisplayDeviceConfig,requesting nits when no mapping exists.]
11-29 03:14:22.623 E/DisplayDeviceConfig( 1496): requesting nits when no mapping exists.
11-29 03:14:22.623 E/DisplayDeviceConfig( 1496): requesting nits when no mapping exists.
11-29 03:14:22.623 I/am_wtf ( 1496): [0,1496,system_server,-1,DisplayDeviceConfig,requesting nits when no mapping exists.]
11-29 03:14:22.624 I/am_wtf ( 1496): [0,1496,system_server,-1,DisplayDeviceConfig,requesting nits when no mapping exists.]
11-29 03:14:22.640 E/DisplayDeviceConfig( 1496): requesting nits when no mapping exists.
11-29 03:14:22.640 I/am_wtf ( 1496): [0,1496,system_server,-1,DisplayDeviceConfig,requesting nits when no mapping exists.]
11-29 03:14:22.640 E/DisplayDeviceConfig( 1496): requesting nits when no mapping exists.
11-29 03:14:22.641 I/am_wtf ( 1496): [0,1496,system_server,-1,DisplayDeviceConfig,requesting nits when no mapping exists.]
11-29 03:14:22.657 E/DisplayDeviceConfig( 1496): requesting nits when no mapping exists.
11-29 03:14:22.657 E/DisplayDeviceConfig( 1496): requesting nits when no mapping exists.
11-29 03:14:22.657 I/am_wtf ( 1496): [0,1496,system_server,-1,DisplayDeviceConfig,requesting nits when no mapping exists.]
11-29 03:14:22.658 I/am_wtf ( 1496): [0,1496,system_server,-1,DisplayDeviceConfig,requesting nits when no mapping exists.]
11-29 03:14:22.673 E/DisplayDeviceConfig( 1496): requesting nits when no mapping exists.
11-29 03:14:22.674 E/DisplayDeviceConfig( 1496): requesting nits when no mapping exists.
11-29 03:14:22.674 I/am_wtf ( 1496): [0,1496,system_server,-1,DisplayDeviceConfig,requesting nits when no mapping exists.]
11-29 03:14:22.674 I/am_wtf ( 1496): [0,1496,system_server,-1,DisplayDeviceConfig,requesting nits when no mapping exists.]
11-29 03:14:22.691 E/DisplayDeviceConfig( 1496): requesting nits when no mapping exists.
11-29 03:14:22.692 E/DisplayDeviceConfig( 1496): requesting nits when no mapping exists.
11-29 03:14:22.692 I/am_wtf ( 1496): [0,1496,system_server,-1,DisplayDeviceConfig,requesting nits when no mapping exists.]
11-29 03:14:22.692 I/am_wtf ( 1496): [0,1496,system_server,-1,DisplayDeviceConfig,requesting nits when no mapping exists.]
11-29 03:14:22.706 E/DisplayDeviceConfig( 1496): requesting nits when no mapping exists.
11-29 03:14:22.707 E/DisplayDeviceConfig( 1496): requesting nits when no mapping exists.
11-29 03:14:22.708 I/am_wtf ( 1496): [0,1496,system_server,-1,DisplayDeviceConfig,requesting nits when no mapping exists.]
11-29 03:14:22.708 I/am_wtf ( 1496): [0,1496,system_server,-1,DisplayDeviceConfig,requesting nits when no mapping exists.]
11-29 03:14:22.724 E/DisplayDeviceConfig( 1496): requesting nits when no mapping exists.
11-29 03:14:22.725 E/DisplayDeviceConfig( 1496): requesting nits when no mapping exists.
11-29 03:14:22.725 I/am_wtf ( 1496): [0,1496,system_server,-1,DisplayDeviceConfig,requesting nits when no mapping exists.]
11-29 03:14:22.726 I/am_wtf ( 1496): [0,1496,system_server,-1,DisplayDeviceConfig,requesting nits when no mapping exists.]
11-29 03:14:22.740 E/DisplayDeviceConfig( 1496): requesting nits when no mapping exists.
11-29 03:14:22.740 E/DisplayDeviceConfig( 1496): requesting nits when no mapping exists.
11-29 03:14:22.740 I/am_wtf ( 1496): [0,1496,system_server,-1,DisplayDeviceConfig,requesting nits when no mapping exists.]
11-29 03:14:22.741 I/am_wtf ( 1496): [0,1496,system_server,-1,DisplayDeviceConfig,requesting nits when no mapping exists.]
11-29 03:14:22.757 E/DisplayDeviceConfig( 1496): requesting nits when no mapping exists.
11-29 03:14:22.757 E/DisplayDeviceConfig( 1496): requesting nits when no mapping exists.
11-29 03:14:22.757 I/am_wtf ( 1496): [0,1496,system_server,-1,DisplayDeviceConfig,requesting nits when no mapping exists.]
11-29 03:14:22.759 I/am_wtf ( 1496): [0,1496,system_server,-1,DisplayDeviceConfig,requesting nits when no mapping exists.]
11-29 03:14:22.776 E/DisplayDeviceConfig( 1496): requesting nits when no mapping exists.
11-29 03:14:22.776 E/DisplayDeviceConfig( 1496): requesting nits when no mapping exists.
11-29 03:14:22.776 I/am_wtf ( 1496): [0,1496,system_server,-1,DisplayDeviceConfig,requesting nits when no mapping exists.]
11-29 03:14:22.778 I/am_wtf ( 1496): [0,1496,system_server,-1,DisplayDeviceConfig,requesting nits when no mapping exists.]
11-29 03:14:22.791 E/DisplayDeviceConfig( 1496): requesting nits when no mapping exists.
11-29 03:14:22.791 E/DisplayDeviceConfig( 1496): requesting nits when no mapping exists.
11-29 03:14:22.791 I/am_wtf ( 1496): [0,1496,system_server,-1,DisplayDeviceConfig,requesting nits when no mapping exists.]
11-29 03:14:22.796 I/am_wtf ( 1496): [0,1496,system_server,-1,DisplayDeviceConfig,requesting nits when no mapping exists.]
11-29 03:14:22.807 E/DisplayDeviceConfig( 1496): requesting nits when no mapping exists.
11-29 03:14:22.807 E/DisplayDeviceConfig( 1496): requesting nits when no mapping exists.
11-29 03:14:22.807 I/am_wtf ( 1496): [0,1496,system_server,-1,DisplayDeviceConfig,requesting nits when no mapping exists.]
11-29 03:14:22.808 I/am_wtf ( 1496): [0,1496,system_server,-1,DisplayDeviceConfig,requesting nits when no mapping exists.]
11-29 03:14:22.825 E/DisplayDeviceConfig( 1496): requesting nits when no mapping exists.
11-29 03:14:22.826 E/DisplayDeviceConfig( 1496): requesting nits when no mapping exists.
11-29 03:14:22.826 I/am_wtf ( 1496): [0,1496,system_server,-1,DisplayDeviceConfig,requesting nits when no mapping exists.]
11-29 03:14:22.826 I/am_wtf ( 1496): [0,1496,system_server,-1,DisplayDeviceConfig,requesting nits when no mapping exists.]
11-29 03:14:22.841 E/DisplayDeviceConfig( 1496): requesting nits when no mapping exists.
11-29 03:14:22.841 I/am_wtf ( 1496): [0,1496,system_server,-1,DisplayDeviceConfig,requesting nits when no mapping exists.]
11-29 03:14:22.841 E/DisplayDeviceConfig( 1496): requesting nits when no mapping exists.
11-29 03:14:22.842 I/am_wtf ( 1496): [0,1496,system_server,-1,DisplayDeviceConfig,requesting nits when no mapping exists.]
11-29 03:14:22.858 E/DisplayDeviceConfig( 1496): requesting nits when no mapping exists.
11-29 03:14:22.859 E/DisplayDeviceConfig( 1496): requesting nits when no mapping exists.
11-29 03:14:22.859 I/am_wtf ( 1496): [0,1496,system_server,-1,DisplayDeviceConfig,requesting nits when no mapping exists.]
11-29 03:14:22.860 I/am_wtf ( 1496): [0,1496,system_server,-1,DisplayDeviceConfig,requesting nits when no mapping exists.]
11-29 03:14:22.879 I/wm_stop_activity( 1496): [0,261032637,com.android.launcher3/.uioverrides.QuickstepLauncher]
11-29 03:14:22.879 E/DisplayDeviceConfig( 1496): requesting nits when no mapping exists.
11-29 03:14:22.880 I/wm_stop_activity( 1496): [0,34066703,com.android.systemui/.usb.UsbDebuggingActivity]
11-29 03:14:22.880 E/DisplayDeviceConfig( 1496): requesting nits when no mapping exists.
11-29 03:14:22.880 I/am_wtf ( 1496): [0,1496,system_server,-1,DisplayDeviceConfig,requesting nits when no mapping exists.]
11-29 03:14:22.881 I/am_wtf ( 1496): [0,1496,system_server,-1,DisplayDeviceConfig,requesting nits when no mapping exists.]
11-29 03:14:22.892 E/DisplayDeviceConfig( 1496): requesting nits when no mapping exists.
11-29 03:14:22.892 I/am_wtf ( 1496): [0,1496,system_server,-1,DisplayDeviceConfig,requesting nits when no mapping exists.]
11-29 03:14:22.894 E/DisplayDeviceConfig( 1496): requesting nits when no mapping exists.
11-29 03:14:22.894 I/am_wtf ( 1496): [0,1496,system_server,-1,DisplayDeviceConfig,requesting nits when no mapping exists.]
11-29 03:14:22.908 E/DisplayDeviceConfig( 1496): requesting nits when no mapping exists.
11-29 03:14:22.908 I/am_wtf ( 1496): [0,1496,system_server,-1,DisplayDeviceConfig,requesting nits when no mapping exists.]
11-29 03:14:22.908 E/DisplayDeviceConfig( 1496): requesting nits when no mapping exists.
11-29 03:14:22.910 I/service_manager_stats( 1496): [100,68,21141]
11-29 03:14:22.910 I/am_wtf ( 1496): [0,1496,system_server,-1,DisplayDeviceConfig,requesting nits when no mapping exists.]
11-29 03:14:22.912 I/wm_on_stop_called( 1991): [34066703,com.android.systemui.usb.UsbDebuggingActivity,STOP_ACTIVITY_ITEM]
11-29 03:14:22.914 I/wm_on_stop_called( 2495): [261032637,com.android.launcher3.uioverrides.QuickstepLauncher,STOP_ACTIVITY_ITEM]
11-29 03:14:22.924 E/DisplayDeviceConfig( 1496): requesting nits when no mapping exists.
11-29 03:14:22.924 E/DisplayDeviceConfig( 1496): requesting nits when no mapping exists.
11-29 03:14:22.925 I/am_wtf ( 1496): [0,1496,system_server,-1,DisplayDeviceConfig,requesting nits when no mapping exists.]
11-29 03:14:22.928 I/am_wtf ( 1496): [0,1496,system_server,-1,DisplayDeviceConfig,requesting nits when no mapping exists.]
11-29 03:14:22.941 E/DisplayDeviceConfig( 1496): requesting nits when no mapping exists.
11-29 03:14:22.942 E/DisplayDeviceConfig( 1496): requesting nits when no mapping exists.
11-29 03:14:22.942 I/am_wtf ( 1496): [0,1496,system_server,-1,DisplayDeviceConfig,requesting nits when no mapping exists.]
11-29 03:14:22.942 W/ContextImpl( 3709): Calling a method in the system process without a qualified user: android.app.ContextImpl.startService:1816 android.content.ContextWrapper.startService:774 com.thundercomm.gamemode.ingame.services.GameModeActionUtils.startGameModeService:93 com.thundercomm.gamemode.ingame.services.GameModeActionUtils.startGameModeEntry:21 com.thundercomm.gamemode.ingame.services.ActivityMonitoringService$1.onActivityLaunch:127
11-29 03:14:22.943 I/am_wtf ( 1496): [0,1496,system_server,-1,DisplayDeviceConfig,requesting nits when no mapping exists.]
11-29 03:14:22.946 I/GameModeConfig( 1496): Current uri is uri = content://com.thundercomm.gamemode.api/gamemode_settings/gamemode_isgaming
11-29 03:14:22.950 I/GameModeConfig( 1496): isGameModeOn = false
11-29 03:14:22.951 I/GameModeConfig( 1496): isGameModeOn = false
11-29 03:14:22.951 I/GameModeConfig( 1496): isDisableVoice = true
11-29 03:14:22.958 E/DisplayDeviceConfig( 1496): requesting nits when no mapping exists.
11-29 03:14:22.959 I/am_wtf ( 1496): [0,1496,system_server,-1,DisplayDeviceConfig,requesting nits when no mapping exists.]
11-29 03:14:22.959 E/DisplayDeviceConfig( 1496): requesting nits when no mapping exists.
11-29 03:14:22.962 I/am_wtf ( 1496): [0,1496,system_server,-1,DisplayDeviceConfig,requesting nits when no mapping exists.]
11-29 03:14:22.975 E/DisplayDeviceConfig( 1496): requesting nits when no mapping exists.
11-29 03:14:22.975 E/DisplayDeviceConfig( 1496): requesting nits when no mapping exists.
11-29 03:14:22.978 I/am_wtf ( 1496): [0,1496,system_server,-1,DisplayDeviceConfig,requesting nits when no mapping exists.]
11-29 03:14:22.979 I/am_wtf ( 1496): [0,1496,system_server,-1,DisplayDeviceConfig,requesting nits when no mapping exists.]
11-29 03:14:22.992 E/DisplayDeviceConfig( 1496): requesting nits when no mapping exists.
11-29 03:14:22.992 E/DisplayDeviceConfig( 1496): requesting nits when no mapping exists.
11-29 03:14:22.993 I/am_wtf ( 1496): [0,1496,system_server,-1,DisplayDeviceConfig,requesting nits when no mapping exists.]
11-29 03:14:22.995 I/am_wtf ( 1496): [0,1496,system_server,-1,DisplayDeviceConfig,requesting nits when no mapping exists.]
11-29 03:14:23.012 E/DisplayDeviceConfig( 1496): requesting nits when no mapping exists.
11-29 03:14:23.012 E/DisplayDeviceConfig( 1496): requesting nits when no mapping exists.
11-29 03:14:23.012 I/am_wtf ( 1496): [0,1496,system_server,-1,DisplayDeviceConfig,requesting nits when no mapping exists.]
11-29 03:14:23.014 I/am_wtf ( 1496): [0,1496,system_server,-1,DisplayDeviceConfig,requesting nits when no mapping exists.]
11-29 03:14:23.027 E/DisplayDeviceConfig( 1496): requesting nits when no mapping exists.
11-29 03:14:23.027 E/DisplayDeviceConfig( 1496): requesting nits when no mapping exists.
11-29 03:14:23.027 I/am_wtf ( 1496): [0,1496,system_server,-1,DisplayDeviceConfig,requesting nits when no mapping exists.]
11-29 03:14:23.028 I/am_wtf ( 1496): [0,1496,system_server,-1,DisplayDeviceConfig,requesting nits when no mapping exists.]
11-29 03:14:23.041 E/DisplayDeviceConfig( 1496): requesting nits when no mapping exists.
11-29 03:14:23.041 E/DisplayDeviceConfig( 1496): requesting nits when no mapping exists.
11-29 03:14:23.042 I/am_wtf ( 1496): [0,1496,system_server,-1,DisplayDeviceConfig,requesting nits when no mapping exists.]
11-29 03:14:23.046 I/am_wtf ( 1496): [0,1496,system_server,-1,DisplayDeviceConfig,requesting nits when no mapping exists.]
11-29 03:14:23.058 E/DisplayDeviceConfig( 1496): requesting nits when no mapping exists.
11-29 03:14:23.061 E/DisplayDeviceConfig( 1496): requesting nits when no mapping exists.
11-29 03:14:23.061 I/am_wtf ( 1496): [0,1496,system_server,-1,DisplayDeviceConfig,requesting nits when no mapping exists.]
11-29 03:14:23.063 I/am_wtf ( 1496): [0,1496,system_server,-1,DisplayDeviceConfig,requesting nits when no mapping exists.]
11-29 03:14:23.070 I/GameModeConfig( 1496): isGameModeOn = false
11-29 03:14:23.070 I/GameModeConfig( 1496): isGameModeOn = false
11-29 03:14:23.070 I/GameModeConfig( 1496): isGameModeOn = false
11-29 03:14:23.070 I/GameModeConfig( 1496): isGameModeOn = false
11-29 03:14:23.071 I/GameModeConfig( 1496): isGameModeOn = false
11-29 03:14:23.071 I/GameModeConfig( 1496): isGameModeOn = false
11-29 03:14:23.071 I/GameModeConfig( 1496): isGameModeOn = false
11-29 03:14:23.071 I/GameModeConfig( 1496): isGameModeOn = false
11-29 03:14:23.074 E/DisplayDeviceConfig( 1496): requesting nits when no mapping exists.
11-29 03:14:23.075 E/DisplayDeviceConfig( 1496): requesting nits when no mapping exists.
11-29 03:14:23.075 I/am_wtf ( 1496): [0,1496,system_server,-1,DisplayDeviceConfig,requesting nits when no mapping exists.]
