11-29 03:13:53.819 I/am_pss ( 1496): [2189,1000,com.thundercomm.tchttpserver,7482368,5332992,0,92086272,2,0,4]
11-29 03:13:53.825 I/am_pss ( 1496): [2199,1073,com.android.networkstack.process,12012544,8998912,0,103514112,2,0,6]
11-29 03:13:53.831 I/am_pss ( 1496): [2127,1000,com.thundercomm.microsettings,37032960,31973376,0,128286720,2,0,5]
11-29 03:13:53.837 I/am_pss ( 1496): [2142,10057,.qtidataservices,6159360,3960832,0,91697152,2,0,4]
11-29 03:13:53.846 I/am_pss ( 1496): [2129,1001,.dataservices,8522752,6201344,0,94703616,2,0,5]
11-29 03:13:53.852 I/am_pss ( 1496): [2062,1000,com.thundercomm.microservice,8879104,6602752,0,95150080,2,0,5]
11-29 03:13:53.862 I/am_pss ( 1496): [1991,10082,com.android.systemui,132051968,110501888,0,281653248,2,1,9]
11-29 03:13:53.878 I/am_pss ( 1496): [1496,1000,system,212512768,118280192,0,516993024,2,0,16]
11-29 03:13:54.284 I/vold ( 516): Bind mounting /mnt/runtime/default/emulated/0/Android/data on /mnt/user/0/emulated/0/Android/data
11-29 03:13:54.286 I/vold ( 516): Bind mounted /mnt/runtime/default/emulated/0/Android/data on /mnt/user/0/emulated/0/Android/data
11-29 03:13:54.286 I/vold ( 516): Bind mounting /mnt/runtime/default/emulated/0/Android/obb on /mnt/user/0/emulated/0/Android/obb
11-29 03:13:54.287 I/vold ( 516): Bind mounted /mnt/runtime/default/emulated/0/Android/obb on /mnt/user/0/emulated/0/Android/obb
11-29 03:13:54.288 I/vold ( 516): Bind mounting /mnt/runtime/write/emulated/0/Android/obb on /mnt/installer/0/emulated/0/Android/obb
11-29 03:13:54.288 I/vold ( 516): Bind mounted /mnt/runtime/write/emulated/0/Android/obb on /mnt/installer/0/emulated/0/Android/obb
11-29 03:13:54.288 I/vold ( 516): Configuring read_ahead of /mnt/user/0/emulated fuse filesystem to 256kb
11-29 03:13:54.289 I/vold ( 516): Writing 256 to /sys/class/bdi/0:74/read_ahead_kb
11-29 03:13:54.289 I/vold ( 516): Configuring max_ratio of /mnt/user/0/emulated fuse filesystem to 40
11-29 03:13:54.289 I/vold ( 516): Writing 40 to /sys/class/bdi/0:74/max_ratio
11-29 03:13:54.290 I/StorageManagerService( 1496): Mounted volume VolumeInfo{emulated;0}:
11-29 03:13:54.290 I/StorageManagerService( 1496): type=EMULATED diskId=null partGuid= mountFlags=PRIMARY|VISIBLE
11-29 03:13:54.290 I/StorageManagerService( 1496): mountUserId=0 state=MOUNTED
11-29 03:13:54.290 I/StorageManagerService( 1496): fsType=null fsUuid=null fsLabel=null
11-29 03:13:54.290 I/StorageManagerService( 1496): path=/storage/emulated internalPath=/data/media
11-29 03:13:54.290 I/StorageSessionController( 1496): Notifying volume state changed for session with id: emulated;0
11-29 03:13:54.301 I/StorageSessionController( 1496): Notifying volume state changed for session with id: emulated;0
11-29 03:13:54.310 I/StorageSessionController( 1496): Notifying volume state changed for session with id: emulated;0
11-29 03:13:54.320 D/CompatibilityChangeReporter( 1496): Compat change id reported: 168419799; UID 10095; state: DISABLED
11-29 03:13:54.331 D/StorageManagerService( 1496): Volume emulated;0 broadcasting mounted to UserHandle{0}
11-29 03:13:54.331 D/StorageManagerService( 1496): Volume emulated;0 broadcasting mounted to UserHandle{0}
11-29 03:13:54.374 D/CompatibilityChangeReporter( 1496): Compat change id reported: 149924527; UID 10095; state: ENABLED
11-29 03:13:54.374 D/CompatibilityChangeReporter( 1496): Compat change id reported: 132649864; UID 10095; state: DISABLED
11-29 03:13:54.375 D/CompatibilityChangeReporter( 1496): Compat change id reported: 182734110; UID 10095; state: DISABLED
11-29 03:13:54.439 I/auditd ( 3322): type=1400 audit(0.0:233): avc: denied { read } for comm="ip" name="rt_tables" dev="dm-10" ino=342 scontext=u:r:ethernet:s0 tcontext=u:object_r:net_data_file:s0 tclass=file permissive=0
11-29 03:13:54.459 I/auditd ( 3324): type=1400 audit(0.0:234): avc: denied { read } for comm="ip" name="rt_tables" dev="dm-10" ino=342 scontext=u:r:ethernet:s0 tcontext=u:object_r:net_data_file:s0 tclass=file permissive=0
11-29 03:13:54.463 I/auditd ( 2700): type=1400 audit(0.0:235): avc: denied { write } for comm="sh" name="ip_forward" dev="proc" ino=2723 scontext=u:r:ethernet:s0 tcontext=u:object_r:proc_net:s0 tclass=file permissive=0
11-29 03:13:54.463 I/auditd ( 2700): type=1400 audit(0.0:236): avc: denied { write } for comm="sh" name="ip_default_ttl" dev="proc" ino=25854 scontext=u:r:ethernet:s0 tcontext=u:object_r:proc_net:s0 tclass=file permissive=0
11-29 03:13:54.463 I/auditd ( 2700): type=1400 audit(0.0:237): avc: denied { write } for comm="sh" name="tcp_keepalive_probes" dev="proc" ino=25855 scontext=u:r:ethernet:s0 tcontext=u:object_r:proc_net:s0 tclass=file permissive=0
11-29 03:13:54.564 D/CompatibilityChangeReporter( 1496): Compat change id reported: 172100307; UID 10095; state: DISABLED
11-29 03:13:54.872 D/AdbDebuggingManager( 1496): Received public key: QAAAAG97JpZxvIK4efE+NkcibYsENv1AxVG7RRQH5Z9frNxNkoPFpKfjjSwJKUy7DkhDRdIrjvIkgAB2Z+1ObkoCdsjGjbXFFOtUvtK/aUBBUOvjzr2ROKhQipeWtk10CSKhUimdFU2hT0Rs0qwCdntCr3x5zJ4D5JSD6F1r6OUVgVb7bmEUeuoiN7mvj8t1vmU/tRQ7oz4IOVlp1oKMc+zob0xQ3VCKxFmqqSty3dqiV/LOxclbMZHcN0JpgoA5dBlSbr5sRxDNvUqtOMPUiY5SlFHUIvjEU6wYaGxsFCigO4a3KEnUVHwLek/I51oZuLLTEVxSkoClfe8stOhL29qUlncXKomlO5Xrd6KeSI8HacwG00YG89yDMyCsuH1xfPqhftaU+mjENo4dR0lk5OQa5B5djZS6jyWPNT1ALdwEBjZs3E1a/c4l+YcevTMwVH32ud9imhSmc0J+sq1CkmBn4ICCzb7TUKzPSPVJoDZkRlGOJQn603sSTSw91R76MlPLSxNMURaiKBGhIrQViJZge/2PSbLv/UVBmN7qjXa/88JhNrJ5mIWQEvbAu26cSbu6E2608g1IH4y3vMbJDQ4nIjgz1W9LXekLPuD3BdHUTzLDWLiOMXpM+K86701fRvWt5RWYynOwHXNPdQx/ArXANQhvVeKl52s5/tWusvFP1YON03wfHQEAAQA= thundersoft@DESKTOP-17ME0V2
11-29 03:13:54.874 D/AdbDebuggingManager( 1496): Logging key QAAAAG97JpZxvIK4efE+NkcibYsENv1AxVG7RRQH5Z9frNxNkoPFpKfjjSwJKUy7DkhDRdIrjvIkgAB2Z+1ObkoCdsjGjbXFFOtUvtK/aUBBUOvjzr2ROKhQipeWtk10CSKhUimdFU2hT0Rs0qwCdntCr3x5zJ4D5JSD6F1r6OUVgVb7bmEUeuoiN7mvj8t1vmU/tRQ7oz4IOVlp1oKMc+zob0xQ3VCKxFmqqSty3dqiV/LOxclbMZHcN0JpgoA5dBlSbr5sRxDNvUqtOMPUiY5SlFHUIvjEU6wYaGxsFCigO4a3KEnUVHwLek/I51oZuLLTEVxSkoClfe8stOhL29qUlncXKomlO5Xrd6KeSI8HacwG00YG89yDMyCsuH1xfPqhftaU+mjENo4dR0lk5OQa5B5djZS6jyWPNT1ALdwEBjZs3E1a/c4l+YcevTMwVH32ud9imhSmc0J+sq1CkmBn4ICCzb7TUKzPSPVJoDZkRlGOJQn603sSTSw91R76MlPLSxNMURaiKBGhIrQViJZge/2PSbLv/UVBmN7qjXa/88JhNrJ5mIWQEvbAu26cSbu6E2608g1IH4y3vMbJDQ4nIjgz1W9LXekLPuD3BdHUTzLDWLiOMXpM+K86701fRvWt5RWYynOwHXNPdQx/ArXANQhvVeKl52s5/tWusvFP1YON03wfHQEAAQA= thundersoft@DESKTOP-17ME0V2, state = 1, alwaysAllow = false, lastConnectionTime = 0, authWindow = 604800000
11-29 03:13:54.876 I/ActivityTaskManager( 1496): START u0 {flg=0x10000000 cmp=com.android.systemui/.usb.UsbDebuggingActivity (has extras)} from uid 1000
11-29 03:13:54.879 I/wm_task_moved( 1496): [8,1,5]
11-29 03:13:54.880 I/wm_set_resumed_activity( 1496): [0,com.android.systemui/.usb.UsbDebuggingActivity,positionChildAt]
11-29 03:13:54.966 I/commit_sys_config_file( 1496): [jobs,5]
11-29 03:13:55.677 I/android.hardware.wifi@1.0-service( 830): Wifi HAL started
11-29 03:13:55.692 I/android.hardware.wifi@1.0-service( 830): Adding interface handle for wifi-aware0
11-29 03:13:55.692 I/android.hardware.wifi@1.0-service( 830): Adding interface handle for p2p0
11-29 03:13:55.692 I/android.hardware.wifi@1.0-service( 830): Adding interface handle for wlan0
11-29 03:13:55.692 W/android.hardware.wifi@1.0-service( 830): No active wlan interfaces in use! Using default
11-29 03:13:55.692 W/android.hardware.wifi@1.0-service( 830): No active wlan interfaces in use! Using default
11-29 03:13:55.693 I/android.hardware.wifi@1.0-service( 830): Configured chip in mode 3
11-29 03:13:55.693 W/android.hardware.wifi@1.0-service( 830): No active wlan interfaces in use! Using default
11-29 03:13:55.701 I/service_manager_stats( 1496): [703,281,5396]
11-29 03:13:55.706 W/android.hardware.wifi@1.0-service( 830): No active wlan interfaces in use! Using default
11-29 03:13:55.709 I/netstats_mobile_sample( 1496): [0,0,0,0,0,0,0,0,0,0,0,0,1669662835709]
11-29 03:13:55.709 I/netstats_wifi_sample( 1496): [0,0,0,0,0,0,0,0,0,0,0,0,1669662835709]
11-29 03:13:55.713 D/CompatibilityChangeReporter( 1496): Compat change id reported: 171306433; UID 1000; state: ENABLED
11-29 03:13:55.725 I/netstats_mobile_sample( 1496): [0,0,0,0,0,0,0,0,0,0,0,0,1669662835725]
11-29 03:13:55.725 I/netstats_wifi_sample( 1496): [0,0,0,0,0,0,0,0,0,0,0,0,1669662835725]
11-29 03:13:55.728 I/wificond( 1222): createClientInterface: wiphy_index 0 iface_name wlan0
11-29 03:13:55.731 I/wificond( 1222): create scanner for interface with index: 17
11-29 03:13:55.731 I/wificond( 1222): subscribe scan result for interface with index: 17
11-29 03:13:55.733 I/wificond( 1222): add channel type 0 support at wiphy index: 0
11-29 03:13:55.733 I/wificond( 1222): add channel type 1 support at wiphy index: 0
11-29 03:13:55.757 I/MicroServiceManager( 2127): addCommonCallbackListener add listener
11-29 03:13:55.757 I/MicroServiceManager( 2127): addConnectChangedListener add listener
11-29 03:13:55.762 I/Telecom ( 1496): DefaultDialerCache: Refreshing default dialer for user 0: now null: DDC.oR@AA4
11-29 03:13:55.767 I/Telecom ( 1496): MissedCallNotifierImpl: reloadAfterBootComplete: user=0: TSBCR.oR@AA8
11-29 03:13:55.769 I/Telecom ( 1496): MissedCallNotifierImpl: reloadAfterBootComplete: user=0: TSBCR.oR@AA8
11-29 03:13:55.770 I/am_uid_running( 1496): 10020
11-29 03:13:55.770 D/CompatibilityChangeReporter( 1496): Compat change id reported: 135634846; UID 10020; state: DISABLED
11-29 03:13:55.770 D/CompatibilityChangeReporter( 1496): Compat change id reported: 177438394; UID 10020; state: DISABLED
11-29 03:13:55.770 D/CompatibilityChangeReporter( 1496): Compat change id reported: 135772972; UID 10020; state: DISABLED
11-29 03:13:55.770 D/CompatibilityChangeReporter( 1496): Compat change id reported: 135754954; UID 10020; state: ENABLED
11-29 03:13:55.771 D/CompatibilityChangeReporter( 1496): Compat change id reported: 143937733; UID 10020; state: ENABLED
11-29 03:13:55.772 W/ContextImpl( 2127): Calling a method in the system process without a qualified user: android.app.ContextImpl.sendBroadcast:1173 android.content.ContextWrapper.sendBroadcast:479 com.thundercomm.microsettings.service.SettingsService.sendSystemUI:59 com.thundercomm.microsettings.service.SettingsService.onCreate:50 android.app.ActivityThread.handleCreateService:4488
11-29 03:13:55.773 W/ContextImpl( 2127): Calling a method in the system process without a qualified user: android.app.ContextImpl.bindService:1895 android.content.ContextWrapper.bindService:810 com.thundercomm.microsettings.manager.SoundManager.bindService:206 com.thundercomm.microsettings.manager.SoundManager.connect:197 com.thundercomm.microsettings.service.SettingsService.onStartCommand:80
11-29 03:13:55.774 W/ContextImpl( 2127): Calling a method in the system process without a qualified user: android.app.ContextImpl.bindService:1895 android.content.ContextWrapper.bindService:810 com.thundercomm.microsettings.manager.DisplayManager.bindService:188 com.thundercomm.microsettings.manager.DisplayManager.connect:179 com.thundercomm.microsettings.service.SettingsService.onStartCommand:81
11-29 03:13:55.779 I/am_proc_start( 1496): [0,3357,10020,com.hryt.hiphishowfsecontrol,broadcast,{com.hryt.hiphishowfsecontrol/com.hryt.hiphishowfsecontrol.receivers.HiPhiShowReceiver}]
11-29 03:13:55.779 I/ActivityManager( 1496): Start proc 3357:com.hryt.hiphishowfsecontrol/u0a20 for broadcast {com.hryt.hiphishowfsecontrol/com.hryt.hiphishowfsecontrol.receivers.HiPhiShowReceiver}
11-29 03:13:55.817 I/am_proc_bound( 1496): [0,3357,com.hryt.hiphishowfsecontrol]
11-29 03:13:55.818 D/CompatibilityChangeReporter( 1496): Compat change id reported: 168419799; UID 10020; state: DISABLED
11-29 03:13:55.820 I/am_uid_active( 1496): 10020
11-29 03:13:55.831 D/ColorDisplayService( 1496): NightDisplayTintController Animation cancelled: false to matrix:
11-29 03:13:55.831 D/ColorDisplayService( 1496): 1.000000 0.000000 0.000000 0.000000 0.000000 1.000000 0.000000 0.000000 0.000000 0.000000 1.000000 0.000000 0.000000 0.000000 0.000000 1.000000 min matrix coefficients:
11-29 03:13:55.831 D/ColorDisplayService( 1496): 1.000000 0.000000 0.000000 0.000000 0.000000 1.000000 0.000000 0.000000 0.000000 0.000000 1.000000 0.000000 0.000000 0.000000 0.000000 1.000000 max matrix coefficients:
11-29 03:13:55.831 D/ColorDisplayService( 1496): 1.000000 0.000000 0.000000 0.000000 0.000000 1.000000 0.000000 0.000000 0.000000 0.000000 1.000000 0.000000 0.000000 0.000000 0.000000 1.000000
11-29 03:13:55.957 I/commit_sys_config_file( 1496): [settings-0-0,4]
11-29 03:13:56.001 D/CompatibilityChangeReporter( 1496): Compat change id reported: 135634846; UID 1000; state: DISABLED
11-29 03:13:56.001 D/CompatibilityChangeReporter( 1496): Compat change id reported: 177438394; UID 1000; state: DISABLED
11-29 03:13:56.001 D/CompatibilityChangeReporter( 1496): Compat change id reported: 135772972; UID 1000; state: DISABLED
11-29 03:13:56.002 D/CompatibilityChangeReporter( 1496): Compat change id reported: 135754954; UID 1000; state: ENABLED
11-29 03:13:56.007 I/backup_transport_lifecycle( 1496): [com.android.localtransport/.LocalTransportService,1]
11-29 03:13:56.010 I/am_proc_start( 1496): [0,3376,1000,com.android.localtransport,service,{com.android.localtransport/com.android.localtransport.LocalTransportService}]
11-29 03:13:56.010 I/ActivityManager( 1496): Start proc 3376:com.android.localtransport/1000 for service {com.android.localtransport/com.android.localtransport.LocalTransportService}
11-29 03:13:56.014 I/am_uid_running( 1496): 10064
11-29 03:13:56.015 D/CompatibilityChangeReporter( 1496): Compat change id reported: 135634846; UID 10064; state: DISABLED
11-29 03:13:56.016 D/CompatibilityChangeReporter( 1496): Compat change id reported: 177438394; UID 10064; state: DISABLED
11-29 03:13:56.017 D/CompatibilityChangeReporter( 1496): Compat change id reported: 135772972; UID 10064; state: DISABLED
11-29 03:13:56.017 D/CompatibilityChangeReporter( 1496): Compat change id reported: 135754954; UID 10064; state: DISABLED
11-29 03:13:56.017 D/CompatibilityChangeReporter( 1496): Compat change id reported: 143937733; UID 10064; state: DISABLED
11-29 03:13:56.024 I/am_proc_start( 1496): [0,3384,10064,com.android.calendar,broadcast,{com.android.calendar/com.android.calendar.alerts.AlertReceiver}]
11-29 03:13:56.024 I/ActivityManager( 1496): Start proc 3384:com.android.calendar/u0a64 for broadcast {com.android.calendar/com.android.calendar.alerts.AlertReceiver}
11-29 03:13:56.031 I/am_proc_bound( 1496): [0,3376,com.android.localtransport]
11-29 03:13:56.032 D/CompatibilityChangeReporter( 1496): Compat change id reported: 168419799; UID 1000; state: DISABLED
11-29 03:13:56.041 I/am_proc_bound( 1496): [0,3384,com.android.calendar]
11-29 03:13:56.042 D/CompatibilityChangeReporter( 1496): Compat change id reported: 168419799; UID 10064; state: DISABLED
11-29 03:13:56.046 I/am_uid_active( 1496): 10064
11-29 03:13:56.048 I/sysui_multi_action( 1496): [757,1717,758,1,759,0]
11-29 03:13:56.048 I/sysui_multi_action( 1496): [757,1717,758,2,759,0]
11-29 03:13:56.049 I/sysui_multi_action( 1496): [757,1717,758,3,759,0]
11-29 03:13:56.057 I/backup_transport_connection( 1496): [com.android.localtransport/.LocalTransportService,1]
11-29 03:13:56.057 I/TransportClient( 1496): LocalTransportService#0: Notifying [TransportManager.registerTransport()] transport = IBackupTransport
11-29 03:13:56.061 D/BackupTransportManager( 1496): Transport com.android.localtransport/.LocalTransportService registered
11-29 03:13:56.061 D/BackupManagerService( 1496): [UserID:0] Transport com.android.localtransport/.LocalTransport registered 3069ms after first request (delay = 3000ms)
11-29 03:13:56.064 I/backup_transport_lifecycle( 1496): [com.android.localtransport/.LocalTransportService,0]
11-29 03:13:56.064 I/backup_transport_connection( 1496): [com.android.localtransport/.LocalTransportService,0]
11-29 03:13:56.071 I/BackupManagerService( 1496): [UserID:0] Found 1 stale backup journal(s), scheduling.
11-29 03:13:56.078 I/BackupManagerService( 1496): [UserID:0] Stale backup journals: Scheduled 10 package(s) total
11-29 03:13:56.114 W/ShortcutService( 1496): Clock rewound
11-29 03:13:56.134 D/CompatibilityChangeReporter( 1496): Compat change id reported: 135634846; UID 1000; state: DISABLED
11-29 03:13:56.135 D/CompatibilityChangeReporter( 1496): Compat change id reported: 177438394; UID 1000; state: DISABLED
11-29 03:13:56.135 D/CompatibilityChangeReporter( 1496): Compat change id reported: 135772972; UID 1000; state: DISABLED
11-29 03:13:56.135 D/CompatibilityChangeReporter( 1496): Compat change id reported: 135754954; UID 1000; state: ENABLED
11-29 03:13:56.144 I/am_proc_start( 1496): [0,3412,1000,com.android.dynsystem,broadcast,{com.android.dynsystem/com.android.dynsystem.BootCompletedReceiver}]
11-29 03:13:56.144 I/ActivityManager( 1496): Start proc 3412:com.android.dynsystem/1000 for broadcast {com.android.dynsystem/com.android.dynsystem.BootCompletedReceiver}
11-29 03:13:56.168 I/am_proc_bound( 1496): [0,3412,com.android.dynsystem]
11-29 03:13:56.169 D/CompatibilityChangeReporter( 1496): Compat change id reported: 168419799; UID 1000; state: DISABLED
11-29 03:13:56.207 D/CompatibilityChangeReporter( 1496): Compat change id reported: 135634846; UID 1000; state: DISABLED
11-29 03:13:56.207 D/CompatibilityChangeReporter( 1496): Compat change id reported: 177438394; UID 1000; state: DISABLED
11-29 03:13:56.207 D/CompatibilityChangeReporter( 1496): Compat change id reported: 135772972; UID 1000; state: DISABLED
11-29 03:13:56.207 D/CompatibilityChangeReporter( 1496): Compat change id reported: 135754954; UID 1000; state: ENABLED
11-29 03:13:56.208 I/am_uid_running( 1496): 10071
11-29 03:13:56.209 D/CompatibilityChangeReporter( 1496): Compat change id reported: 135634846; UID 10071; state: DISABLED
11-29 03:13:56.209 D/CompatibilityChangeReporter( 1496): Compat change id reported: 177438394; UID 10071; state: DISABLED
11-29 03:13:56.209 D/CompatibilityChangeReporter( 1496): Compat change id reported: 135772972; UID 10071; state: DISABLED
11-29 03:13:56.209 D/CompatibilityChangeReporter( 1496): Compat change id reported: 135754954; UID 10071; state: ENABLED
11-29 03:13:56.219 I/am_proc_start( 1496): [0,3428,1000,com.android.dynsystem:dynsystem,service,{com.android.dynsystem/com.android.dynsystem.DynamicSystemInstallationService}]
11-29 03:13:56.219 I/ActivityManager( 1496): Start proc 3428:com.android.dynsystem:dynsystem/1000 for service {com.android.dynsystem/com.android.dynsystem.DynamicSystemInstallationService}
11-29 03:13:56.219 D/CompatibilityChangeReporter( 1496): Compat change id reported: 143937733; UID 10071; state: ENABLED
11-29 03:13:56.228 I/am_proc_start( 1496): [0,3429,10071,com.android.inputmethod.latin,broadcast,{com.android.inputmethod.latin/com.android.inputmethod.latin.SystemBroadcastReceiver}]
11-29 03:13:56.228 I/ActivityManager( 1496): Start proc 3429:com.android.inputmethod.latin/u0a71 for broadcast {com.android.inputmethod.latin/com.android.inputmethod.latin.SystemBroadcastReceiver}
11-29 03:13:56.249 I/am_proc_bound( 1496): [0,3429,com.android.inputmethod.latin]
11-29 03:13:56.250 D/CompatibilityChangeReporter( 1496): Compat change id reported: 168419799; UID 10071; state: DISABLED
11-29 03:13:56.253 I/am_uid_active( 1496): 10071
11-29 03:13:56.264 I/am_proc_bound( 1496): [0,3428,com.android.dynsystem:dynsystem]
11-29 03:13:56.305 I/GameModeConfig( 1496): isGameModeOn = false
11-29 03:13:56.305 I/GameModeConfig( 1496): isGameModeOn = false
11-29 03:13:56.305 I/GameModeConfig( 1496): isGameModeOn = false
11-29 03:13:56.307 I/DynamicSystemService( 1496): isInstalled(): false
11-29 03:13:56.336 I/ActivityManager( 1496): Process com.android.inputmethod.latin (pid 3429) has died: fg RCVR
11-29 03:13:56.339 I/am_proc_died( 1496): [0,3429,com.android.inputmethod.latin,0,11]
11-29 03:13:56.339 I/am_broadcast_discard_app( 1496): [0,180115101,android.intent.action.BOOT_COMPLETED,18,ResolveInfo{c0f755b com.android.inputmethod.latin/.SystemBroadcastReceiver m=0x108000}]
11-29 03:13:56.340 I/am_uid_stopped( 1496): 10071
11-29 03:13:56.344 I/am_uid_running( 1496): 10035
11-29 03:13:56.347 I/ActivityManager( 1496): com.android.managedprovisioning is exempt from freezer
11-29 03:13:56.347 D/CompatibilityChangeReporter( 1496): Compat change id reported: 135634846; UID 10035; state: DISABLED
11-29 03:13:56.348 D/CompatibilityChangeReporter( 1496): Compat change id reported: 177438394; UID 10035; state: DISABLED
11-29 03:13:56.348 D/CompatibilityChangeReporter( 1496): Compat change id reported: 135772972; UID 10035; state: DISABLED
11-29 03:13:56.348 D/CompatibilityChangeReporter( 1496): Compat change id reported: 135754954; UID 10035; state: ENABLED
11-29 03:13:56.348 D/CompatibilityChangeReporter( 1496): Compat change id reported: 143937733; UID 10035; state: ENABLED
11-29 03:13:56.357 I/am_proc_start( 1496): [0,3463,10035,com.android.managedprovisioning,broadcast,{com.android.managedprovisioning/com.android.managedprovisioning.BootReminder}]
11-29 03:13:56.357 I/ActivityManager( 1496): Start proc 3463:com.android.managedprovisioning/u0a35 for broadcast {com.android.managedprovisioning/com.android.managedprovisioning.BootReminder}
11-29 03:13:56.391 I/am_proc_bound( 1496): [0,3463,com.android.managedprovisioning]
11-29 03:13:56.393 D/CompatibilityChangeReporter( 1496): Compat change id reported: 168419799; UID 10035; state: DISABLED
11-29 03:13:56.396 I/am_uid_active( 1496): 10035
11-29 03:13:56.474 I/am_uid_running( 1496): 10090
11-29 03:13:56.475 D/CompatibilityChangeReporter( 1496): Compat change id reported: 135634846; UID 10090; state: DISABLED
11-29 03:13:56.475 D/CompatibilityChangeReporter( 1496): Compat change id reported: 177438394; UID 10090; state: DISABLED
11-29 03:13:56.476 D/CompatibilityChangeReporter( 1496): Compat change id reported: 135772972; UID 10090; state: DISABLED
11-29 03:13:56.476 D/CompatibilityChangeReporter( 1496): Compat change id reported: 135754954; UID 10090; state: ENABLED
11-29 03:13:56.476 D/CompatibilityChangeReporter( 1496): Compat change id reported: 143937733; UID 10090; state: ENABLED
11-29 03:13:56.481 W/BatteryExternalStatsWorker( 1496): error reading modem stats:ERROR_PHONE_NOT_AVAILABLE
11-29 03:13:56.487 I/am_proc_start( 1496): [0,3479,10090,com.android.music,broadcast,{com.android.music/com.android.music.MediaPlaybackReceiver}]
11-29 03:13:56.487 I/ActivityManager( 1496): Start proc 3479:com.android.music/u0a90 for broadcast {com.android.music/com.android.music.MediaPlaybackReceiver}
11-29 03:13:56.499 W/Looper ( 1496): Slow dispatch took 358ms main h=android.app.ActivityThread$H c=android.app.LoadedApk$ReceiverDispatcher$Args$$ExternalSyntheticLambda0@efd3641 m=0
11-29 03:13:56.499 W/Looper ( 1496): Slow delivery took 358ms main h=android.app.ActivityThread$H c=android.app.LoadedApk$ReceiverDispatcher$Args$$ExternalSyntheticLambda0@37c7127 m=0
11-29 03:13:56.501 W/Looper ( 1496): Drained
11-29 03:13:56.514 I/GameModeConfig( 1496): isGameModeOn = false
11-29 03:13:56.514 I/GameModeConfig( 1496): isGameModeOn = false
11-29 03:13:56.514 I/notification_cancel_all( 1496): [1002,1974,com.android.bluetooth,0,0,64,9,NULL]
11-29 03:13:56.514 I/GameModeConfig( 1496): isGameModeOn = false
11-29 03:13:56.515 I/Telecom ( 1496): BluetoothDeviceManager: Got BluetoothHeadset: com.android.server.telecom.BluetoothHeadsetProxy@7977a5: BMSL.oSC@ABQ
11-29 03:13:56.526 I/am_proc_bound( 1496): [0,3479,com.android.music]
11-29 03:13:56.527 D/CompatibilityChangeReporter( 1496): Compat change id reported: 168419799; UID 10090; state: DISABLED
11-29 03:13:56.529 I/am_uid_active( 1496): 10090
11-29 03:13:56.546 E/KernelCpuSpeedReader( 1496): Failed to read cpu-freq: /sys/devices/system/cpu/cpu4/cpufreq/stats/time_in_state: open failed: ENOENT (No such file or directory)
11-29 03:13:56.546 E/KernelCpuSpeedReader( 1496): Failed to read cpu-freq: /sys/devices/system/cpu/cpu0/cpufreq/stats/time_in_state: open failed: ENOENT (No such file or directory)
11-29 03:13:56.547 W/BatteryStatsImpl( 1496): Attempted to remove untracked isolated uid (1037)
11-29 03:13:56.552 W/BluetoothManagerService( 1496): psc is not null in bindBluetoothProfileService
11-29 03:13:56.604 D/CompatibilityChangeReporter( 1496): Compat change id reported: 168419799; UID 10077; state: DISABLED
11-29 03:13:56.618 I/am_uid_running( 1496): 10060
11-29 03:13:56.618 D/CompatibilityChangeReporter( 1496): Compat change id reported: 135634846; UID 10060; state: DISABLED
11-29 03:13:56.619 D/CompatibilityChangeReporter( 1496): Compat change id reported: 177438394; UID 10060; state: DISABLED
11-29 03:13:56.619 D/CompatibilityChangeReporter( 1496): Compat change id reported: 135772972; UID 10060; state: DISABLED
11-29 03:13:56.619 D/CompatibilityChangeReporter( 1496): Compat change id reported: 135754954; UID 10060; state: ENABLED
11-29 03:13:56.619 D/CompatibilityChangeReporter( 1496): Compat change id reported: 143937733; UID 10060; state: ENABLED
11-29 03:13:56.630 I/am_proc_start( 1496): [0,3505,10060,com.android.onetimeinitializer,broadcast,{com.android.onetimeinitializer/com.android.onetimeinitializer.OneTimeInitializerReceiver}]
11-29 03:13:56.630 I/ActivityManager( 1496): Start proc 3505:com.android.onetimeinitializer/u0a60 for broadcast {com.android.onetimeinitializer/com.android.onetimeinitializer.OneTimeInitializerReceiver}
11-29 03:13:56.637 I/ActivityTaskManager( 1496): START u0 {act=android.intent.action.MAIN cat=[android.intent.category.HOME] flg=0x10010000 pkg=com.android.launcher3 cmp=com.android.launcher3/.uioverrides.QuickstepLauncher} from uid 10077
11-29 03:13:56.642 D/CompatibilityChangeReporter( 1496): Compat change id reported: 184838306; UID 10077; state: DISABLED
11-29 03:13:56.643 D/CompatibilityChangeReporter( 1496): Compat change id reported: 185004937; UID 10077; state: DISABLED
11-29 03:13:56.643 D/CompatibilityChangeReporter( 1496): Compat change id reported: 181136395; UID 10077; state: DISABLED
11-29 03:13:56.644 D/CompatibilityChangeReporter( 1496): Compat change id reported: 174042936; UID 10077; state: DISABLED
11-29 03:13:56.644 D/CompatibilityChangeReporter( 1496): Compat change id reported: 174042980; UID 10077; state: DISABLED
11-29 03:13:56.647 I/wm_task_created( 1496): [263,-1]
11-29 03:13:56.647 W/ActivityTaskManager( 1496): Can't find TaskDisplayArea to determine support for multi window. Task id=263 attached=false
11-29 03:13:56.649 I/wm_task_created( 1496): [264,-1]
11-29 03:13:56.650 I/wm_task_moved( 1496): [264,0,-2147483648]
11-29 03:13:56.652 I/wm_create_task( 1496): [0,264]
11-29 03:13:56.652 I/wm_create_activity( 1496): [0,261032637,264,com.android.launcher3/.uioverrides.QuickstepLauncher,android.intent.action.MAIN,NULL,NULL,268500992]
11-29 03:13:56.653 I/sysui_multi_action( 1991): [757,803,799,note_peek,802,1]
11-29 03:13:56.653 I/ActivityTaskManager( 1496): The Process com.android.launcher3 Already Exists in BG. So sending its PID: 2495
11-29 03:13:56.654 I/wm_restart_activity( 1496): [0,261032637,264,com.android.launcher3/.uioverrides.QuickstepLauncher]
11-29 03:13:56.654 I/wm_add_to_stopping( 1496): [0,261032637,com.android.launcher3/.uioverrides.QuickstepLauncher,preloadRecents]
11-29 03:13:56.655 D/CompatibilityChangeReporter( 1496): Compat change id reported: 168419799; UID 1000; state: DISABLED
11-29 03:13:56.655 I/am_proc_bound( 1496): [0,3505,com.android.onetimeinitializer]
11-29 03:13:56.656 D/CompatibilityChangeReporter( 1496): Compat change id reported: 168419799; UID 10060; state: DISABLED
11-29 03:13:56.661 I/am_uid_active( 1496): 10060
11-29 03:13:56.664 I/sysui_multi_action( 1496): [757,127,758,1]
11-29 03:13:56.664 I/sysui_multi_action( 1496): [757,804,799,note_load,801,1,802,1]
11-29 03:13:56.664 I/notification_panel_revealed( 1496): 1
11-29 03:13:56.665 I/sysui_heads_up_status( 1991): [-1|android|26|null|1000,1]
11-29 03:13:56.706 I/am_uid_running( 1496): 10018
11-29 03:13:56.706 I/ActivityManager( 1496): com.android.packageinstaller is exempt from freezer
11-29 03:13:56.707 D/CompatibilityChangeReporter( 1496): Compat change id reported: 135634846; UID 10018; state: DISABLED
11-29 03:13:56.707 D/CompatibilityChangeReporter( 1496): Compat change id reported: 177438394; UID 10018; state: DISABLED
11-29 03:13:56.707 D/CompatibilityChangeReporter( 1496): Compat change id reported: 135772972; UID 10018; state: DISABLED
11-29 03:13:56.707 D/CompatibilityChangeReporter( 1496): Compat change id reported: 135754954; UID 10018; state: ENABLED
11-29 03:13:56.707 D/CompatibilityChangeReporter( 1496): Compat change id reported: 143937733; UID 10018; state: ENABLED
11-29 03:13:56.714 I/am_proc_start( 1496): [0,3530,10018,com.android.packageinstaller,broadcast,{com.android.packageinstaller/com.android.packageinstaller.TemporaryFileManager}]
11-29 03:13:56.714 I/ActivityManager( 1496): Start proc 3530:com.android.packageinstaller/u0a18 for broadcast {com.android.packageinstaller/com.android.packageinstaller.TemporaryFileManager}
11-29 03:13:56.730 I/am_proc_bound( 1496): [0,3530,com.android.packageinstaller]
11-29 03:13:56.731 D/CompatibilityChangeReporter( 1496): Compat change id reported: 168419799; UID 10018; state: DISABLED
11-29 03:13:56.737 I/am_uid_active( 1496): 10018
11-29 03:13:56.802 I/am_uid_running( 1496): 10094
11-29 03:13:56.802 D/CompatibilityChangeReporter( 1496): Compat change id reported: 135634846; UID 10094; state: DISABLED
11-29 03:13:56.802 D/CompatibilityChangeReporter( 1496): Compat change id reported: 177438394; UID 10094; state: DISABLED
11-29 03:13:56.803 D/CompatibilityChangeReporter( 1496): Compat change id reported: 135772972; UID 10094; state: DISABLED
11-29 03:13:56.803 D/CompatibilityChangeReporter( 1496): Compat change id reported: 135754954; UID 10094; state: DISABLED
11-29 03:13:56.803 D/CompatibilityChangeReporter( 1496): Compat change id reported: 143937733; UID 10094; state: DISABLED
11-29 03:13:56.811 I/am_proc_start( 1496): [0,3554,10094,com.android.permissioncontroller,broadcast,{com.android.permissioncontroller/com.android.permissioncontroller.permission.service.LocationAccessCheck$SetupPeriodicBackgroundLocationAccessCheck}]
11-29 03:13:56.811 I/ActivityManager( 1496): Start proc 3554:com.android.permissioncontroller/u0a94 for broadcast {com.android.permissioncontroller/com.android.permissioncontroller.permission.service.LocationAccessCheck$SetupPeriodicBackgroundLocationAccessCheck}
11-29 03:13:56.834 I/am_proc_bound( 1496): [0,3554,com.android.permissioncontroller]
11-29 03:13:56.836 D/CompatibilityChangeReporter( 1496): Compat change id reported: 168419799; UID 10094; state: DISABLED
11-29 03:13:56.839 I/am_uid_active( 1496): 10094
11-29 03:13:56.952 I/wm_on_create_called( 2495): [261032637,com.android.launcher3.uioverrides.QuickstepLauncher,performCreate]
11-29 03:13:56.953 I/wm_on_start_called( 2495): [261032637,com.android.launcher3.uioverrides.QuickstepLauncher,handleStartActivity]
11-29 03:13:56.953 I/wm_on_resume_called( 2495): [261032637,com.android.launcher3.uioverrides.QuickstepLauncher,LIFECYCLER_RESUME_ACTIVITY]
11-29 03:13:56.959 I/wm_on_paused_called( 2495): [261032637,com.android.launcher3.uioverrides.QuickstepLauncher,performPause]
11-29 03:13:56.983 I/am_uid_running( 1496): 10028
11-29 03:13:56.983 D/CompatibilityChangeReporter( 1496): Compat change id reported: 135634846; UID 10028; state: DISABLED
11-29 03:13:56.983 D/CompatibilityChangeReporter( 1496): Compat change id reported: 177438394; UID 10028; state: DISABLED
11-29 03:13:56.983 D/CompatibilityChangeReporter( 1496): Compat change id reported: 135772972; UID 10028; state: DISABLED
11-29 03:13:56.983 D/CompatibilityChangeReporter( 1496): Compat change id reported: 135754954; UID 10028; state: ENABLED
11-29 03:13:56.983 D/CompatibilityChangeReporter( 1496): Compat change id reported: 143937733; UID 10028; state: ENABLED
11-29 03:13:56.990 I/am_proc_start( 1496): [0,3575,10028,com.android.providers.calendar,broadcast,{com.android.providers.calendar/com.android.providers.calendar.CalendarReceiver}]
11-29 03:13:56.990 I/ActivityManager( 1496): Start proc 3575:com.android.providers.calendar/u0a28 for broadcast {com.android.providers.calendar/com.android.providers.calendar.CalendarReceiver}
11-29 03:13:57.002 I/ActivityRecord( 1496): real home.....com.android.launcher3/.uioverrides.QuickstepLauncher
11-29 03:13:57.002 I/WindowManager( 1496): ******* TELLING SURFACE FLINGER WE ARE BOOTED!
11-29 03:13:57.003 I/sf_stop_bootanim( 969): 15854
11-29 03:13:57.008 I/am_uid_active( 1496): 10028
11-29 03:13:57.011 I/am_proc_bound( 1496): [0,3575,com.android.providers.calendar]
11-29 03:13:57.015 I/input_focus( 1496): [Focus entering 8b3f093 com.android.systemui/com.android.systemui.usb.UsbDebuggingActivity (server),reason=setFocusedWindow]
11-29 03:13:57.016 D/CompatibilityChangeReporter( 1496): Compat change id reported: 168419799; UID 10028; state: DISABLED
11-29 03:13:57.108 D/CompatibilityChangeReporter( 1496): Compat change id reported: 171306433; UID 10028; state: ENABLED
11-29 03:13:57.111 D/CompatibilityChangeReporter( 1496): Compat change id reported: 168419799; UID 10022; state: DISABLED
11-29 03:13:57.118 D/CompatibilityChangeReporter( 1496): Compat change id reported: 143231523; UID 10028; state: DISABLED
11-29 03:13:57.142 I/am_uid_running( 1496): 2000
11-29 03:13:57.142 I/ActivityManager( 1496): com.android.shell is exempt from freezer
11-29 03:13:57.142 D/CompatibilityChangeReporter( 1496): Compat change id reported: 135634846; UID 2000; state: DISABLED
11-29 03:13:57.142 D/CompatibilityChangeReporter( 1496): Compat change id reported: 177438394; UID 2000; state: DISABLED
11-29 03:13:57.142 D/CompatibilityChangeReporter( 1496): Compat change id reported: 135772972; UID 2000; state: DISABLED
11-29 03:13:57.142 D/CompatibilityChangeReporter( 1496): Compat change id reported: 135754954; UID 2000; state: ENABLED
11-29 03:13:57.151 I/am_proc_start( 1496): [0,3600,2000,com.android.shell,broadcast,{com.android.shell/com.android.shell.HeapDumpReceiver}]
11-29 03:13:57.151 I/ActivityManager( 1496): Start proc 3600:com.android.shell/2000 for broadcast {com.android.shell/com.android.shell.HeapDumpReceiver}
11-29 03:13:57.168 I/sysui_multi_action( 1496): [757,128,758,1,793,4412,794,0,795,4412,796,26,798,0,806,android,857,DEVELOPER_IMPORTANT,858,4,947,0,1395,2,1500,3991,1688,1]
11-29 03:13:57.169 I/sysui_multi_action( 1496): [757,804,799,note_freshness,801,4412,802,1]
11-29 03:13:57.169 I/notification_visibility( 1496): [-1|android|26|null|1000,1,4412,4412,0,0]
11-29 03:13:57.173 I/am_proc_bound( 1496): [0,3600,com.android.shell]
11-29 03:13:57.174 D/CompatibilityChangeReporter( 1496): Compat change id reported: 168419799; UID 2000; state: DISABLED
11-29 03:13:57.177 I/am_uid_active( 1496): 2000
11-29 03:13:57.229 D/CompatibilityChangeReporter( 1496): Compat change id reported: 135634846; UID 1001; state: DISABLED
11-29 03:13:57.229 D/CompatibilityChangeReporter( 1496): Compat change id reported: 177438394; UID 1001; state: DISABLED
11-29 03:13:57.229 D/CompatibilityChangeReporter( 1496): Compat change id reported: 135772972; UID 1001; state: DISABLED
11-29 03:13:57.229 D/CompatibilityChangeReporter( 1496): Compat change id reported: 135754954; UID 1001; state: ENABLED
11-29 03:13:57.238 I/am_proc_start( 1496): [0,3618,1001,com.android.phone,broadcast,{com.android.stk/com.android.stk.BootCompletedReceiver}]
11-29 03:13:57.238 I/Watchdog( 1496): Interesting Java process com.android.phone started. Pid 3618
11-29 03:13:57.238 I/ActivityManager( 1496): Start proc 3618:com.android.phone/1001 for broadcast {com.android.stk/com.android.stk.BootCompletedReceiver}
11-29 03:13:57.261 I/am_proc_bound( 1496): [0,3618,com.android.phone]
11-29 03:13:57.333 D/CAT ( 3618): BootCompletedReceiver: [ACTION_BOOT_COMPLETED]
11-29 03:13:57.333 W/BroadcastQueue( 1496): Permission Denial: receiving Intent { act=android.intent.action.BOOT_COMPLETED flg=0x89000010 (has extras) } to com.baidu.input/.directboot.DirectBootReceiver requires android.permission.RECEIVE_BOOT_COMPLETED due to sender null (uid 1000)
11-29 03:13:57.334 W/BroadcastQueue( 1496): Permission Denial: receiving Intent { act=android.intent.action.BOOT_COMPLETED flg=0x89000010 (has extras) } to com.baidu.input/.switchguide.InputMethodChangedReceiver requires android.permission.RECEIVE_BOOT_COMPLETED due to sender null (uid 1000)
11-29 03:13:57.336 D/CompatibilityChangeReporter( 1496): Compat change id reported: 168419799; UID 10087; state: DISABLED
11-29 03:13:57.337 D/CAT ( 3618): StkAppService: onCreate()+
11-29 03:13:57.338 D/CAT ( 3618): StkAppService: simCount: 1
11-29 03:13:57.338 D/CAT ( 3618): StkAppService: slotId: 0
11-29 03:13:57.339 D/CAT ( 3618): StkAppService: onStart sim id: 0, op: 5, *****
11-29 03:13:57.339 D/CAT ( 3618): StkAppService: mStkService is: -1
11-29 03:13:57.343 I/am_uid_running( 1496): 10079
11-29 03:13:57.343 D/CompatibilityChangeReporter( 1496): Compat change id reported: 135634846; UID 10079; state: DISABLED
11-29 03:13:57.343 D/CompatibilityChangeReporter( 1496): Compat change id reported: 177438394; UID 10079; state: DISABLED
11-29 03:13:57.343 D/CompatibilityChangeReporter( 1496): Compat change id reported: 135772972; UID 10079; state: DISABLED
11-29 03:13:57.343 D/CompatibilityChangeReporter( 1496): Compat change id reported: 135754954; UID 10079; state: ENABLED
11-29 03:13:57.344 D/CompatibilityChangeReporter( 1496): Compat change id reported: 143937733; UID 10079; state: ENABLED
11-29 03:13:57.344 D/CAT ( 3618): StkAppService: onDestroy()
11-29 03:13:57.352 I/am_proc_start( 1496): [0,3638,10079,com.qti.ltebc,broadcast,{com.qti.ltebc/com.qualcomm.ltebc.LTEBroadcastBootReceiver}]
11-29 03:13:57.352 I/ActivityManager( 1496): Start proc 3638:com.qti.ltebc/u0a79 for broadcast {com.qti.ltebc/com.qualcomm.ltebc.LTEBroadcastBootReceiver}
11-29 03:13:57.372 D/CompatibilityChangeReporter( 1496): Compat change id reported: 149924527; UID 10087; state: ENABLED
11-29 03:13:57.372 D/CompatibilityChangeReporter( 1496): Compat change id reported: 132649864; UID 10087; state: DISABLED
11-29 03:13:57.375 I/am_proc_bound( 1496): [0,3638,com.qti.ltebc]
11-29 03:13:57.376 D/CompatibilityChangeReporter( 1496): Compat change id reported: 168419799; UID 10079; state: DISABLED
11-29 03:13:57.378 I/am_uid_active( 1496): 10079
11-29 03:13:57.633 I/liblog ( 1380): 155
11-29 03:13:57.675 E/ActivityThread( 2727): Failed to find provider info for com.tcl.xian.StartandroidService.MyContentProvider
11-29 03:13:57.743 I/auditd ( 3678): type=1400 audit(0.0:253): avc: denied { read } for comm="cat" name="address" dev="sysfs" ino=68952 scontext=u:r:platform_app:s0:c512,c768 tcontext=u:object_r:sysfs:s0 tclass=file permissive=0 app=com.hht.lebocast
11-29 03:13:57.772 D/android.hardware.wifi@1.0-service( 830): Successfully SetMacAddress.
11-29 03:13:57.786 W/wificond( 1222): Scan is not started. Ignore abort request
11-29 03:13:57.843 D/CompatibilityChangeReporter( 1496): Compat change id reported: 171306433; UID 10079; state: ENABLED
11-29 03:13:57.844 D/CompatibilityChangeReporter( 1496): Compat change id reported: 168419799; UID 10053; state: DISABLED
11-29 03:13:57.853 D/CompatibilityChangeReporter( 1496): Compat change id reported: 168419799; UID 10076; state: DISABLED
11-29 03:13:57.860 D/CompatibilityChangeReporter( 1496): Compat change id reported: 168419799; UID 10073; state: DISABLED
11-29 03:13:57.867 D/CompatibilityChangeReporter( 1496): Compat change id reported: 168419799; UID 10085; state: DISABLED
11-29 03:13:57.870 I/am_uid_running( 1496): 10054
11-29 03:13:57.871 D/CompatibilityChangeReporter( 1496): Compat change id reported: 135634846; UID 10054; state: DISABLED
11-29 03:13:57.871 D/CompatibilityChangeReporter( 1496): Compat change id reported: 143937733; UID 10054; state: DISABLED
11-29 03:13:57.882 I/ActivityManager( 1496): Process com.qti.ltebc (pid 3638) has died: cch+5 CEM
11-29 03:13:57.884 I/am_proc_died( 1496): [0,3638,com.qti.ltebc,905,19]
11-29 03:13:57.887 I/am_uid_stopped( 1496): 10079
11-29 03:13:57.891 I/am_uid_active( 1496): 10054
11-29 03:13:57.893 I/am_proc_start( 1496): [0,3688,10054,com.qualcomm.qti.qms.service.connectionsecurity,broadcast,{com.qualcomm.qti.qms.service.connectionsecurity/com.qualcomm.qti.qms.service.connectionsecurity.ConnSecBroadcastReceiver}]
11-29 03:13:57.893 I/ActivityManager( 1496): Start proc 3688:com.qualcomm.qti.qms.service.connectionsecurity/u0a54 for broadcast {com.qualcomm.qti.qms.service.connectionsecurity/com.qualcomm.qti.qms.service.connectionsecurity.ConnSecBroadcastReceiver}
11-29 03:13:57.920 I/am_proc_bound( 1496): [0,3688,com.qualcomm.qti.qms.service.connectionsecurity]
11-29 03:13:57.921 D/CompatibilityChangeReporter( 1496): Compat change id reported: 168419799; UID 10054; state: DISABLED
11-29 03:13:57.990 D/CompatibilityChangeReporter( 1496): Compat change id reported: 168419799; UID 1001; state: DISABLED
11-29 03:13:57.995 D/CompatibilityChangeReporter( 1496): Compat change id reported: 168419799; UID 10089; state: DISABLED
11-29 03:13:58.003 D/CompatibilityChangeReporter( 1496): Compat change id reported: 168419799; UID 10088; state: DISABLED
11-29 03:13:58.017 D/CompatibilityChangeReporter( 1496): Compat change id reported: 135634846; UID 1000; state: DISABLED
11-29 03:13:58.017 D/CompatibilityChangeReporter( 1496): Compat change id reported: 177438394; UID 1000; state: DISABLED
11-29 03:13:58.017 D/CompatibilityChangeReporter( 1496): Compat change id reported: 135772972; UID 1000; state: DISABLED
11-29 03:13:58.017 D/CompatibilityChangeReporter( 1496): Compat change id reported: 135754954; UID 1000; state: ENABLED
11-29 03:13:58.030 I/am_proc_start( 1496): [0,3709,1000,com.thundercomm.gamemode,broadcast,{com.thundercomm.gamemode/com.thundercomm.gamemode.ingame.services.BootCompletedReceiver}]
11-29 03:13:58.030 I/ActivityManager( 1496): Start proc 3709:com.thundercomm.gamemode/1000 for broadcast {com.thundercomm.gamemode/com.thundercomm.gamemode.ingame.services.BootCompletedReceiver}
11-29 03:13:58.068 I/am_proc_bound( 1496): [0,3709,com.thundercomm.gamemode]
11-29 03:13:58.169 D/CompatibilityChangeReporter( 1496): Compat change id reported: 168419799; UID 1000; state: DISABLED
11-29 03:13:58.187 I/ActivityManager( 1496): Finished processing BOOT_COMPLETED for u0
11-29 03:13:58.189 W/BroadcastQueue( 1496): Background execution not allowed: receiving Intent { act=android.intent.action.INPUT_METHOD_CHANGED flg=0x20000010 (has extras) } to com.baidu.input/.switchguide.InputMethodChangedReceiver
11-29 03:13:58.190 I/am_uid_running( 1496): 10025
11-29 03:13:58.191 D/CompatibilityChangeReporter( 1496): Compat change id reported: 135634846; UID 10025; state: DISABLED
11-29 03:13:58.191 D/CompatibilityChangeReporter( 1496): Compat change id reported: 177438394; UID 10025; state: DISABLED
11-29 03:13:58.191 D/CompatibilityChangeReporter( 1496): Compat change id reported: 135772972; UID 10025; state: DISABLED
11-29 03:13:58.191 D/CompatibilityChangeReporter( 1496): Compat change id reported: 135754954; UID 10025; state: ENABLED
11-29 03:13:58.192 D/CompatibilityChangeReporter( 1496): Compat change id reported: 143937733; UID 10025; state: ENABLED
11-29 03:13:58.200 W/ContextImpl( 3709): Calling a method in the system process without a qualified user: android.app.ContextImpl.startService:1816 android.content.ContextWrapper.startService:774 com.thundercomm.gamemode.ingame.services.GameModeActionUtils.startGameModeService:93 com.thundercomm.gamemode.ingame.services.GameModeActionUtils.startGameModeEntry:21 com.thundercomm.gamemode.ingame.services.ActivityMonitoringService$1.onActivityLaunch:127
11-29 03:13:58.205 I/GameModeConfig( 1496): Current uri is uri = content://com.thundercomm.gamemode.api/gamemode_settings/gamemode_isgaming
11-29 03:13:58.207 I/GameModeConfig( 1496): isGameModeOn = false
11-29 03:13:58.208 I/GameModeConfig( 1496): isGameModeOn = false
11-29 03:13:58.208 I/GameModeConfig( 1496): isDisableVoice = true
11-29 03:13:58.208 I/GameModeConfig( 1496): isGameModeOn = false
11-29 03:13:58.209 I/GameModeConfig( 1496): isGameModeOn = false
11-29 03:13:58.209 I/GameModeConfig( 1496): isGameModeOn = false
11-29 03:13:58.215 I/am_proc_start( 1496): [0,3732,10025,com.android.externalstorage,broadcast,{com.android.externalstorage/com.android.externalstorage.MountReceiver}]
11-29 03:13:58.215 I/ActivityManager( 1496): Start proc 3732:com.android.externalstorage/u0a25 for broadcast {com.android.externalstorage/com.android.externalstorage.MountReceiver}
11-29 03:13:58.254 I/am_proc_bound( 1496): [0,3732,com.android.externalstorage]
11-29 03:13:58.255 D/CompatibilityChangeReporter( 1496): Compat change id reported: 168419799; UID 10025; state: DISABLED
11-29 03:13:58.286 I/wificond( 1222): Regulatory domain changed to country: CN on wiphy_index: 0
11-29 03:13:58.292 I/wificond( 1222): 2.4Ghz frequencies: 2412 2417 2422 2427 2432 2437 2442 2447 2452 2457 2462 2467 2472
11-29 03:13:58.292 I/wificond( 1222): 5Ghz non-DFS frequencies: 5180 5200 5220 5240 5745 5765 5785 5805 5825
11-29 03:13:58.292 I/wificond( 1222): 5Ghz DFS frequencies: 5260 5280 5300 5320
11-29 03:13:58.292 I/wificond( 1222): 6Ghz frequencies:
11-29 03:13:58.292 I/wificond( 1222): 60Ghz frequencies:
11-29 03:13:58.363 I/am_uid_running( 1496): 10079
11-29 03:13:58.363 D/CompatibilityChangeReporter( 1496): Compat change id reported: 135634846; UID 10079; state: DISABLED
11-29 03:13:58.363 D/CompatibilityChangeReporter( 1496): Compat change id reported: 177438394; UID 10079; state: DISABLED
11-29 03:13:58.364 D/CompatibilityChangeReporter( 1496): Compat change id reported: 135772972; UID 10079; state: DISABLED
11-29 03:13:58.364 D/CompatibilityChangeReporter( 1496): Compat change id reported: 135754954; UID 10079; state: ENABLED
11-29 03:13:58.364 D/CompatibilityChangeReporter( 1496): Compat change id reported: 143937733; UID 10079; state: ENABLED
11-29 03:13:58.391 I/am_proc_start( 1496): [0,3748,10079,com.qti.ltebc,broadcast,{com.qti.ltebc/com.qualcomm.ltebc.LTEBroadcastReceiver}]
11-29 03:13:58.391 I/ActivityManager( 1496): Start proc 3748:com.qti.ltebc/u0a79 for broadcast {com.qti.ltebc/com.qualcomm.ltebc.LTEBroadcastReceiver}
11-29 03:13:58.427 I/am_proc_bound( 1496): [0,3748,com.qti.ltebc]
11-29 03:13:58.428 D/CompatibilityChangeReporter( 1496): Compat change id reported: 168419799; UID 10079; state: DISABLED
11-29 03:13:58.431 D/android.hardware.wifi@1.0-service( 830): Successfully SetMacAddress.
11-29 03:13:58.437 I/am_uid_active( 1496): 10079
11-29 03:13:58.716 W/wificond( 1222): Scan aborted
11-29 03:13:58.722 D/android.hardware.wifi@1.0-service( 830): Successfully SetMacAddress.
11-29 03:13:58.735 W/wificond( 1222): Scan is not started. Ignore abort request
11-29 03:13:58.807 I/ActivityManager( 1496): Process com.qti.ltebc (pid 3748) has died: fg RCVR
11-29 03:13:58.808 I/am_proc_died( 1496): [0,3748,com.qti.ltebc,0,11]
11-29 03:13:58.808 I/am_broadcast_discard_app( 1496): [0,110551007,android.intent.action.MEDIA_MOUNTED,2,ResolveInfo{85ab092 com.qti.ltebc/com.qualcomm.ltebc.LTEBroadcastReceiver m=0x208000}]
11-29 03:13:58.809 I/am_uid_stopped( 1496): 10079
11-29 03:13:58.835 I/am_uid_running( 1496): 10079
11-29 03:13:58.836 D/CompatibilityChangeReporter( 1496): Compat change id reported: 135634846; UID 10079; state: DISABLED
11-29 03:13:58.836 D/CompatibilityChangeReporter( 1496): Compat change id reported: 177438394; UID 10079; state: DISABLED
11-29 03:13:58.836 D/CompatibilityChangeReporter( 1496): Compat change id reported: 135772972; UID 10079; state: DISABLED
11-29 03:13:58.836 D/CompatibilityChangeReporter( 1496): Compat change id reported: 135754954; UID 10079; state: ENABLED
11-29 03:13:58.837 D/CompatibilityChangeReporter( 1496): Compat change id reported: 143937733; UID 10079; state: ENABLED
11-29 03:13:58.846 I/am_proc_start( 1496): [0,3782,10079,com.qti.ltebc,broadcast,{com.qti.ltebc/com.qualcomm.ltebc.LTEBroadcastReceiver}]
11-29 03:13:58.846 I/ActivityManager( 1496): Start proc 3782:com.qti.ltebc/u0a79 for broadcast {com.qti.ltebc/com.qualcomm.ltebc.LTEBroadcastReceiver}
11-29 03:13:58.875 I/am_proc_bound( 1496): [0,3782,com.qti.ltebc]
11-29 03:13:58.881 I/am_uid_active( 1496): 10079
11-29 03:13:58.973 E/wificond( 1222): NL80211_CMD_TRIGGER_SCAN failed: Device or resource busy
11-29 03:13:59.133 I/sysui_multi_action( 1496): [757,1717,758,1,759,0]
11-29 03:13:59.133 I/sysui_multi_action( 1496): [757,1717,758,2,759,0]
11-29 03:13:59.134 I/sysui_multi_action( 1496): [757,1717,758,3,759,0]
11-29 03:13:59.251 I/ActivityManager( 1496): Process com.qti.ltebc (pid 3782) has died: fg RCVR
11-29 03:13:59.252 I/am_proc_died( 1496): [0,3782,com.qti.ltebc,0,11]
11-29 03:13:59.253 I/am_broadcast_discard_app( 1496): [0,262821472,android.intent.action.MEDIA_MOUNTED,2,ResolveInfo{6484643 com.qti.ltebc/com.qualcomm.ltebc.LTEBroadcastReceiver m=0x208000}]
11-29 03:13:59.253 I/am_uid_stopped( 1496): 10079
11-29 03:13:59.280 D/CompatibilityChangeReporter( 1496): Compat change id reported: 171306433; UID 1073; state: ENABLED
11-29 03:13:59.331 I/netstats_mobile_sample( 1496): [0,0,0,0,0,0,0,0,0,0,0,0,1669662839331]
11-29 03:13:59.331 I/netstats_wifi_sample( 1496): [0,0,0,0,0,0,0,0,0,0,0,0,1669662839331]
11-29 03:13:59.349 I/service_manager_slow( 1496): [13,alarm]
11-29 03:13:59.391 W/ActivityManager( 1496): Unable to start service Intent { act=android.intent.action.START_LEBO_SERVICE pkg=com.hpplay.happyplay.aw } U=0: not found
11-29 03:14:00.520 I/commit_sys_config_file( 1496): [package-user-0,3]
11-29 03:14:00.521 I/commit_sys_config_file( 1496): [package,66]
11-29 03:14:00.772 I/netstats_mobile_sample( 1496): [0,0,0,0,0,0,0,0,0,0,0,0,1669662840772]
11-29 03:14:00.772 I/netstats_wifi_sample( 1496): [0,0,0,0,0,0,0,0,0,0,0,0,1669662840772]
11-29 03:14:00.921 W/OverlayManager( 1496): service 'idmap' died
11-29 03:14:01.689 I/commit_sys_config_file( 1496): [appops,25]
