11-29 03:19:41.255 I/am_wtf ( 1496): [0,1496,system_server,-1,DisplayDeviceConfig,requesting nits when no mapping exists.]
11-29 03:19:41.255 E/DisplayDeviceConfig( 1496): requesting nits when no mapping exists.
11-29 03:19:41.256 I/DropBoxManagerService( 1496): add tag=system_server_wtf isTagEnabled=true flags=0x2
11-29 03:19:41.258 I/am_wtf ( 1496): [0,1496,system_server,-1,DisplayDeviceConfig,requesting nits when no mapping exists.]
11-29 03:19:41.259 I/DropBoxManagerService( 1496): add tag=system_server_wtf isTagEnabled=true flags=0x2
11-29 03:19:41.270 E/DisplayDeviceConfig( 1496): requesting nits when no mapping exists.
11-29 03:19:41.271 E/DisplayDeviceConfig( 1496): requesting nits when no mapping exists.
11-29 03:19:41.271 I/am_wtf ( 1496): [0,1496,system_server,-1,DisplayDeviceConfig,requesting nits when no mapping exists.]
11-29 03:19:41.272 I/DropBoxManagerService( 1496): add tag=system_server_wtf isTagEnabled=true flags=0x2
11-29 03:19:41.272 I/am_wtf ( 1496): [0,1496,system_server,-1,DisplayDeviceConfig,requesting nits when no mapping exists.]
11-29 03:19:41.274 I/DropBoxManagerService( 1496): add tag=system_server_wtf isTagEnabled=true flags=0x2
11-29 03:19:41.287 E/DisplayDeviceConfig( 1496): requesting nits when no mapping exists.
11-29 03:19:41.287 E/DisplayDeviceConfig( 1496): requesting nits when no mapping exists.
11-29 03:19:41.287 I/am_wtf ( 1496): [0,1496,system_server,-1,DisplayDeviceConfig,requesting nits when no mapping exists.]
11-29 03:19:41.288 I/DropBoxManagerService( 1496): add tag=system_server_wtf isTagEnabled=true flags=0x2
11-29 03:19:41.289 I/am_wtf ( 1496): [0,1496,system_server,-1,DisplayDeviceConfig,requesting nits when no mapping exists.]
11-29 03:19:41.305 E/DisplayDeviceConfig( 1496): requesting nits when no mapping exists.
11-29 03:19:41.306 E/DisplayDeviceConfig( 1496): requesting nits when no mapping exists.
11-29 03:19:41.306 I/am_wtf ( 1496): [0,1496,system_server,-1,DisplayDeviceConfig,requesting nits when no mapping exists.]
11-29 03:19:41.307 I/am_wtf ( 1496): [0,1496,system_server,-1,DisplayDeviceConfig,requesting nits when no mapping exists.]
11-29 03:19:41.322 E/DisplayDeviceConfig( 1496): requesting nits when no mapping exists.
11-29 03:19:41.323 E/DisplayDeviceConfig( 1496): requesting nits when no mapping exists.
11-29 03:19:41.323 I/am_wtf ( 1496): [0,1496,system_server,-1,DisplayDeviceConfig,requesting nits when no mapping exists.]
11-29 03:19:41.324 I/am_wtf ( 1496): [0,1496,system_server,-1,DisplayDeviceConfig,requesting nits when no mapping exists.]
11-29 03:19:41.339 E/DisplayDeviceConfig( 1496): requesting nits when no mapping exists.
11-29 03:19:41.339 E/DisplayDeviceConfig( 1496): requesting nits when no mapping exists.
11-29 03:19:41.339 I/am_wtf ( 1496): [0,1496,system_server,-1,DisplayDeviceConfig,requesting nits when no mapping exists.]
11-29 03:19:41.340 I/am_wtf ( 1496): [0,1496,system_server,-1,DisplayDeviceConfig,requesting nits when no mapping exists.]
11-29 03:19:41.356 E/DisplayDeviceConfig( 1496): requesting nits when no mapping exists.
11-29 03:19:41.357 E/DisplayDeviceConfig( 1496): requesting nits when no mapping exists.
11-29 03:19:41.357 I/am_wtf ( 1496): [0,1496,system_server,-1,DisplayDeviceConfig,requesting nits when no mapping exists.]
11-29 03:19:41.358 I/am_wtf ( 1496): [0,1496,system_server,-1,DisplayDeviceConfig,requesting nits when no mapping exists.]
11-29 03:19:41.372 E/DisplayDeviceConfig( 1496): requesting nits when no mapping exists.
11-29 03:19:41.373 E/DisplayDeviceConfig( 1496): requesting nits when no mapping exists.
11-29 03:19:41.373 I/am_wtf ( 1496): [0,1496,system_server,-1,DisplayDeviceConfig,requesting nits when no mapping exists.]
11-29 03:19:41.374 I/am_wtf ( 1496): [0,1496,system_server,-1,DisplayDeviceConfig,requesting nits when no mapping exists.]
11-29 03:19:41.389 E/DisplayDeviceConfig( 1496): requesting nits when no mapping exists.
11-29 03:19:41.390 I/am_wtf ( 1496): [0,1496,system_server,-1,DisplayDeviceConfig,requesting nits when no mapping exists.]
11-29 03:19:41.390 E/DisplayDeviceConfig( 1496): requesting nits when no mapping exists.
11-29 03:19:41.390 I/am_wtf ( 1496): [0,1496,system_server,-1,DisplayDeviceConfig,requesting nits when no mapping exists.]
11-29 03:19:41.406 E/DisplayDeviceConfig( 1496): requesting nits when no mapping exists.
11-29 03:19:41.406 E/DisplayDeviceConfig( 1496): requesting nits when no mapping exists.
11-29 03:19:41.406 I/am_wtf ( 1496): [0,1496,system_server,-1,DisplayDeviceConfig,requesting nits when no mapping exists.]
11-29 03:19:41.407 I/am_wtf ( 1496): [0,1496,system_server,-1,DisplayDeviceConfig,requesting nits when no mapping exists.]
11-29 03:19:41.423 E/DisplayDeviceConfig( 1496): requesting nits when no mapping exists.
11-29 03:19:41.423 E/DisplayDeviceConfig( 1496): requesting nits when no mapping exists.
11-29 03:19:41.423 I/am_wtf ( 1496): [0,1496,system_server,-1,DisplayDeviceConfig,requesting nits when no mapping exists.]
11-29 03:19:41.424 I/am_wtf ( 1496): [0,1496,system_server,-1,DisplayDeviceConfig,requesting nits when no mapping exists.]
11-29 03:19:41.439 E/DisplayDeviceConfig( 1496): requesting nits when no mapping exists.
11-29 03:19:41.440 E/DisplayDeviceConfig( 1496): requesting nits when no mapping exists.
11-29 03:19:41.440 I/am_wtf ( 1496): [0,1496,system_server,-1,DisplayDeviceConfig,requesting nits when no mapping exists.]
11-29 03:19:41.441 I/am_wtf ( 1496): [0,1496,system_server,-1,DisplayDeviceConfig,requesting nits when no mapping exists.]
11-29 03:19:41.456 E/DisplayDeviceConfig( 1496): requesting nits when no mapping exists.
11-29 03:19:41.456 E/DisplayDeviceConfig( 1496): requesting nits when no mapping exists.
11-29 03:19:41.457 I/am_wtf ( 1496): [0,1496,system_server,-1,DisplayDeviceConfig,requesting nits when no mapping exists.]
11-29 03:19:41.458 I/am_wtf ( 1496): [0,1496,system_server,-1,DisplayDeviceConfig,requesting nits when no mapping exists.]
11-29 03:19:41.473 E/DisplayDeviceConfig( 1496): requesting nits when no mapping exists.
11-29 03:19:41.474 E/DisplayDeviceConfig( 1496): requesting nits when no mapping exists.
11-29 03:19:41.474 I/am_wtf ( 1496): [0,1496,system_server,-1,DisplayDeviceConfig,requesting nits when no mapping exists.]
11-29 03:19:41.475 I/am_wtf ( 1496): [0,1496,system_server,-1,DisplayDeviceConfig,requesting nits when no mapping exists.]
11-29 03:19:41.489 E/DisplayDeviceConfig( 1496): requesting nits when no mapping exists.
11-29 03:19:41.490 E/DisplayDeviceConfig( 1496): requesting nits when no mapping exists.
11-29 03:19:41.490 I/am_wtf ( 1496): [0,1496,system_server,-1,DisplayDeviceConfig,requesting nits when no mapping exists.]
11-29 03:19:41.491 I/am_wtf ( 1496): [0,1496,system_server,-1,DisplayDeviceConfig,requesting nits when no mapping exists.]
11-29 03:19:41.507 E/DisplayDeviceConfig( 1496): requesting nits when no mapping exists.
11-29 03:19:41.507 I/am_wtf ( 1496): [0,1496,system_server,-1,DisplayDeviceConfig,requesting nits when no mapping exists.]
11-29 03:19:41.509 E/DisplayDeviceConfig( 1496): requesting nits when no mapping exists.
11-29 03:19:41.510 I/am_wtf ( 1496): [0,1496,system_server,-1,DisplayDeviceConfig,requesting nits when no mapping exists.]
11-29 03:19:41.523 E/DisplayDeviceConfig( 1496): requesting nits when no mapping exists.
11-29 03:19:41.524 I/am_wtf ( 1496): [0,1496,system_server,-1,DisplayDeviceConfig,requesting nits when no mapping exists.]
11-29 03:19:41.525 E/DisplayDeviceConfig( 1496): requesting nits when no mapping exists.
11-29 03:19:41.525 I/am_wtf ( 1496): [0,1496,system_server,-1,DisplayDeviceConfig,requesting nits when no mapping exists.]
11-29 03:19:41.540 E/DisplayDeviceConfig( 1496): requesting nits when no mapping exists.
11-29 03:19:41.541 E/DisplayDeviceConfig( 1496): requesting nits when no mapping exists.
11-29 03:19:41.541 I/am_wtf ( 1496): [0,1496,system_server,-1,DisplayDeviceConfig,requesting nits when no mapping exists.]
11-29 03:19:41.541 I/am_wtf ( 1496): [0,1496,system_server,-1,DisplayDeviceConfig,requesting nits when no mapping exists.]
11-29 03:19:41.557 E/DisplayDeviceConfig( 1496): requesting nits when no mapping exists.
11-29 03:19:41.557 I/am_wtf ( 1496): [0,1496,system_server,-1,DisplayDeviceConfig,requesting nits when no mapping exists.]
11-29 03:19:41.557 E/DisplayDeviceConfig( 1496): requesting nits when no mapping exists.
11-29 03:19:41.558 I/am_wtf ( 1496): [0,1496,system_server,-1,DisplayDeviceConfig,requesting nits when no mapping exists.]
11-29 03:19:41.573 E/DisplayDeviceConfig( 1496): requesting nits when no mapping exists.
11-29 03:19:41.574 I/am_wtf ( 1496): [0,1496,system_server,-1,DisplayDeviceConfig,requesting nits when no mapping exists.]
11-29 03:19:41.575 E/DisplayDeviceConfig( 1496): requesting nits when no mapping exists.
11-29 03:19:41.575 I/am_wtf ( 1496): [0,1496,system_server,-1,DisplayDeviceConfig,requesting nits when no mapping exists.]
11-29 03:19:41.590 E/DisplayDeviceConfig( 1496): requesting nits when no mapping exists.
11-29 03:19:41.590 E/DisplayDeviceConfig( 1496): requesting nits when no mapping exists.
11-29 03:19:41.590 I/am_wtf ( 1496): [0,1496,system_server,-1,DisplayDeviceConfig,requesting nits when no mapping exists.]
11-29 03:19:41.591 I/am_wtf ( 1496): [0,1496,system_server,-1,DisplayDeviceConfig,requesting nits when no mapping exists.]
11-29 03:19:41.607 E/DisplayDeviceConfig( 1496): requesting nits when no mapping exists.
11-29 03:19:41.607 E/DisplayDeviceConfig( 1496): requesting nits when no mapping exists.
11-29 03:19:41.607 I/am_wtf ( 1496): [0,1496,system_server,-1,DisplayDeviceConfig,requesting nits when no mapping exists.]
11-29 03:19:41.608 I/am_wtf ( 1496): [0,1496,system_server,-1,DisplayDeviceConfig,requesting nits when no mapping exists.]
11-29 03:19:41.623 E/DisplayDeviceConfig( 1496): requesting nits when no mapping exists.
11-29 03:19:41.623 E/DisplayDeviceConfig( 1496): requesting nits when no mapping exists.
11-29 03:19:41.623 I/am_wtf ( 1496): [0,1496,system_server,-1,DisplayDeviceConfig,requesting nits when no mapping exists.]
11-29 03:19:41.624 I/am_wtf ( 1496): [0,1496,system_server,-1,DisplayDeviceConfig,requesting nits when no mapping exists.]
11-29 03:19:41.639 E/DisplayDeviceConfig( 1496): requesting nits when no mapping exists.
11-29 03:19:41.640 I/am_wtf ( 1496): [0,1496,system_server,-1,DisplayDeviceConfig,requesting nits when no mapping exists.]
11-29 03:19:41.641 E/DisplayDeviceConfig( 1496): requesting nits when no mapping exists.
11-29 03:19:41.642 I/am_wtf ( 1496): [0,1496,system_server,-1,DisplayDeviceConfig,requesting nits when no mapping exists.]
11-29 03:19:41.656 E/DisplayDeviceConfig( 1496): requesting nits when no mapping exists.
11-29 03:19:41.657 I/am_wtf ( 1496): [0,1496,system_server,-1,DisplayDeviceConfig,requesting nits when no mapping exists.]
11-29 03:19:41.658 E/DisplayDeviceConfig( 1496): requesting nits when no mapping exists.
11-29 03:19:41.659 I/am_wtf ( 1496): [0,1496,system_server,-1,DisplayDeviceConfig,requesting nits when no mapping exists.]
11-29 03:19:41.673 E/DisplayDeviceConfig( 1496): requesting nits when no mapping exists.
11-29 03:19:41.674 I/am_wtf ( 1496): [0,1496,system_server,-1,DisplayDeviceConfig,requesting nits when no mapping exists.]
11-29 03:19:41.675 E/DisplayDeviceConfig( 1496): requesting nits when no mapping exists.
11-29 03:19:41.675 I/am_wtf ( 1496): [0,1496,system_server,-1,DisplayDeviceConfig,requesting nits when no mapping exists.]
11-29 03:19:41.690 E/DisplayDeviceConfig( 1496): requesting nits when no mapping exists.
11-29 03:19:41.690 E/DisplayDeviceConfig( 1496): requesting nits when no mapping exists.
11-29 03:19:41.691 I/am_wtf ( 1496): [0,1496,system_server,-1,DisplayDeviceConfig,requesting nits when no mapping exists.]
11-29 03:19:41.691 I/am_wtf ( 1496): [0,1496,system_server,-1,DisplayDeviceConfig,requesting nits when no mapping exists.]
11-29 03:19:41.707 E/DisplayDeviceConfig( 1496): requesting nits when no mapping exists.
11-29 03:19:41.708 I/am_wtf ( 1496): [0,1496,system_server,-1,DisplayDeviceConfig,requesting nits when no mapping exists.]
11-29 03:19:41.708 E/DisplayDeviceConfig( 1496): requesting nits when no mapping exists.
11-29 03:19:41.709 I/am_wtf ( 1496): [0,1496,system_server,-1,DisplayDeviceConfig,requesting nits when no mapping exists.]
11-29 03:19:41.723 E/DisplayDeviceConfig( 1496): requesting nits when no mapping exists.
11-29 03:19:41.724 E/DisplayDeviceConfig( 1496): requesting nits when no mapping exists.
11-29 03:19:41.724 I/am_wtf ( 1496): [0,1496,system_server,-1,DisplayDeviceConfig,requesting nits when no mapping exists.]
11-29 03:19:41.725 I/am_wtf ( 1496): [0,1496,system_server,-1,DisplayDeviceConfig,requesting nits when no mapping exists.]
11-29 03:19:41.740 E/DisplayDeviceConfig( 1496): requesting nits when no mapping exists.
11-29 03:19:41.740 E/DisplayDeviceConfig( 1496): requesting nits when no mapping exists.
11-29 03:19:41.740 I/am_wtf ( 1496): [0,1496,system_server,-1,DisplayDeviceConfig,requesting nits when no mapping exists.]
11-29 03:19:41.741 I/am_wtf ( 1496): [0,1496,system_server,-1,DisplayDeviceConfig,requesting nits when no mapping exists.]
11-29 03:19:41.757 E/DisplayDeviceConfig( 1496): requesting nits when no mapping exists.
11-29 03:19:41.757 I/am_wtf ( 1496): [0,1496,system_server,-1,DisplayDeviceConfig,requesting nits when no mapping exists.]
11-29 03:19:41.758 E/DisplayDeviceConfig( 1496): requesting nits when no mapping exists.
11-29 03:19:41.759 I/am_wtf ( 1496): [0,1496,system_server,-1,DisplayDeviceConfig,requesting nits when no mapping exists.]
11-29 03:19:41.773 E/DisplayDeviceConfig( 1496): requesting nits when no mapping exists.
11-29 03:19:41.774 I/am_wtf ( 1496): [0,1496,system_server,-1,DisplayDeviceConfig,requesting nits when no mapping exists.]
11-29 03:19:41.774 E/DisplayDeviceConfig( 1496): requesting nits when no mapping exists.
11-29 03:19:41.775 I/am_wtf ( 1496): [0,1496,system_server,-1,DisplayDeviceConfig,requesting nits when no mapping exists.]
11-29 03:19:41.790 E/DisplayDeviceConfig( 1496): requesting nits when no mapping exists.
11-29 03:19:41.790 E/DisplayDeviceConfig( 1496): requesting nits when no mapping exists.
11-29 03:19:41.791 I/am_wtf ( 1496): [0,1496,system_server,-1,DisplayDeviceConfig,requesting nits when no mapping exists.]
11-29 03:19:41.792 I/am_wtf ( 1496): [0,1496,system_server,-1,DisplayDeviceConfig,requesting nits when no mapping exists.]
11-29 03:19:41.807 E/DisplayDeviceConfig( 1496): requesting nits when no mapping exists.
11-29 03:19:41.807 I/am_wtf ( 1496): [0,1496,system_server,-1,DisplayDeviceConfig,requesting nits when no mapping exists.]
11-29 03:19:41.807 E/DisplayDeviceConfig( 1496): requesting nits when no mapping exists.
11-29 03:19:41.809 I/am_wtf ( 1496): [0,1496,system_server,-1,DisplayDeviceConfig,requesting nits when no mapping exists.]
11-29 03:19:41.823 E/DisplayDeviceConfig( 1496): requesting nits when no mapping exists.
11-29 03:19:41.824 I/am_wtf ( 1496): [0,1496,system_server,-1,DisplayDeviceConfig,requesting nits when no mapping exists.]
11-29 03:19:41.824 E/DisplayDeviceConfig( 1496): requesting nits when no mapping exists.
11-29 03:19:41.825 I/am_wtf ( 1496): [0,1496,system_server,-1,DisplayDeviceConfig,requesting nits when no mapping exists.]
11-29 03:19:41.840 E/DisplayDeviceConfig( 1496): requesting nits when no mapping exists.
11-29 03:19:41.841 E/DisplayDeviceConfig( 1496): requesting nits when no mapping exists.
11-29 03:19:41.841 I/am_wtf ( 1496): [0,1496,system_server,-1,DisplayDeviceConfig,requesting nits when no mapping exists.]
11-29 03:19:41.842 I/am_wtf ( 1496): [0,1496,system_server,-1,DisplayDeviceConfig,requesting nits when no mapping exists.]
11-29 03:19:41.857 E/DisplayDeviceConfig( 1496): requesting nits when no mapping exists.
11-29 03:19:41.858 E/DisplayDeviceConfig( 1496): requesting nits when no mapping exists.
11-29 03:19:41.858 I/am_wtf ( 1496): [0,1496,system_server,-1,DisplayDeviceConfig,requesting nits when no mapping exists.]
11-29 03:19:41.859 I/am_wtf ( 1496): [0,1496,system_server,-1,DisplayDeviceConfig,requesting nits when no mapping exists.]
11-29 03:19:41.874 E/DisplayDeviceConfig( 1496): requesting nits when no mapping exists.
11-29 03:19:41.874 E/DisplayDeviceConfig( 1496): requesting nits when no mapping exists.
11-29 03:19:41.874 I/am_wtf ( 1496): [0,1496,system_server,-1,DisplayDeviceConfig,requesting nits when no mapping exists.]
11-29 03:19:41.875 I/am_wtf ( 1496): [0,1496,system_server,-1,DisplayDeviceConfig,requesting nits when no mapping exists.]
11-29 03:19:41.890 E/DisplayDeviceConfig( 1496): requesting nits when no mapping exists.
11-29 03:19:41.891 I/am_wtf ( 1496): [0,1496,system_server,-1,DisplayDeviceConfig,requesting nits when no mapping exists.]
11-29 03:19:41.891 E/DisplayDeviceConfig( 1496): requesting nits when no mapping exists.
11-29 03:19:41.892 I/am_wtf ( 1496): [0,1496,system_server,-1,DisplayDeviceConfig,requesting nits when no mapping exists.]
11-29 03:19:41.907 E/DisplayDeviceConfig( 1496): requesting nits when no mapping exists.
11-29 03:19:41.907 I/am_wtf ( 1496): [0,1496,system_server,-1,DisplayDeviceConfig,requesting nits when no mapping exists.]
11-29 03:19:41.907 E/DisplayDeviceConfig( 1496): requesting nits when no mapping exists.
11-29 03:19:41.908 I/am_wtf ( 1496): [0,1496,system_server,-1,DisplayDeviceConfig,requesting nits when no mapping exists.]
11-29 03:19:41.907 I/auditd ( 0): type=1400 audit(0.0:578): avc: denied { kill } for comm="swapper/1" capability=5 scontext=u:r:kernel:s0 tcontext=u:r:kernel:s0 tclass=capability permissive=0
11-29 03:19:41.907 W/swapper/1( 0): type=1400 audit(0.0:578): avc: denied { kill } for capability=5 scontext=u:r:kernel:s0 tcontext=u:r:kernel:s0 tclass=capability permissive=0
11-29 03:19:41.924 E/DisplayDeviceConfig( 1496): requesting nits when no mapping exists.
11-29 03:19:41.925 I/am_wtf ( 1496): [0,1496,system_server,-1,DisplayDeviceConfig,requesting nits when no mapping exists.]
11-29 03:19:41.925 E/DisplayDeviceConfig( 1496): requesting nits when no mapping exists.
11-29 03:19:41.926 I/am_wtf ( 1496): [0,1496,system_server,-1,DisplayDeviceConfig,requesting nits when no mapping exists.]
11-29 03:19:41.940 E/DisplayDeviceConfig( 1496): requesting nits when no mapping exists.
11-29 03:19:41.941 I/am_wtf ( 1496): [0,1496,system_server,-1,DisplayDeviceConfig,requesting nits when no mapping exists.]
11-29 03:19:41.941 E/DisplayDeviceConfig( 1496): requesting nits when no mapping exists.
11-29 03:19:41.942 I/am_wtf ( 1496): [0,1496,system_server,-1,DisplayDeviceConfig,requesting nits when no mapping exists.]
11-29 03:19:41.942 I/mpu_uart( 647): [MSG-P:RECV]:No message received in 1000 ms
11-29 03:19:41.957 E/DisplayDeviceConfig( 1496): requesting nits when no mapping exists.
11-29 03:19:41.957 E/DisplayDeviceConfig( 1496): requesting nits when no mapping exists.
11-29 03:19:41.957 I/am_wtf ( 1496): [0,1496,system_server,-1,DisplayDeviceConfig,requesting nits when no mapping exists.]
11-29 03:19:41.958 I/am_wtf ( 1496): [0,1496,system_server,-1,DisplayDeviceConfig,requesting nits when no mapping exists.]
11-29 03:19:41.974 E/DisplayDeviceConfig( 1496): requesting nits when no mapping exists.
11-29 03:19:41.974 I/am_wtf ( 1496): [0,1496,system_server,-1,DisplayDeviceConfig,requesting nits when no mapping exists.]
11-29 03:19:41.974 E/DisplayDeviceConfig( 1496): requesting nits when no mapping exists.
11-29 03:19:41.975 I/am_wtf ( 1496): [0,1496,system_server,-1,DisplayDeviceConfig,requesting nits when no mapping exists.]
11-29 03:19:41.991 E/DisplayDeviceConfig( 1496): requesting nits when no mapping exists.
11-29 03:19:41.992 I/am_wtf ( 1496): [0,1496,system_server,-1,DisplayDeviceConfig,requesting nits when no mapping exists.]
11-29 03:19:41.993 E/DisplayDeviceConfig( 1496): requesting nits when no mapping exists.
11-29 03:19:41.994 I/am_wtf ( 1496): [0,1496,system_server,-1,DisplayDeviceConfig,requesting nits when no mapping exists.]
11-29 03:19:42.007 E/DisplayDeviceConfig( 1496): requesting nits when no mapping exists.
11-29 03:19:42.008 E/DisplayDeviceConfig( 1496): requesting nits when no mapping exists.
11-29 03:19:42.008 I/am_wtf ( 1496): [0,1496,system_server,-1,DisplayDeviceConfig,requesting nits when no mapping exists.]
11-29 03:19:42.009 I/am_wtf ( 1496): [0,1496,system_server,-1,DisplayDeviceConfig,requesting nits when no mapping exists.]
11-29 03:19:42.024 E/DisplayDeviceConfig( 1496): requesting nits when no mapping exists.
11-29 03:19:42.024 I/am_wtf ( 1496): [0,1496,system_server,-1,DisplayDeviceConfig,requesting nits when no mapping exists.]
11-29 03:19:42.024 E/DisplayDeviceConfig( 1496): requesting nits when no mapping exists.
11-29 03:19:42.025 I/am_wtf ( 1496): [0,1496,system_server,-1,DisplayDeviceConfig,requesting nits when no mapping exists.]
11-29 03:19:42.040 E/DisplayDeviceConfig( 1496): requesting nits when no mapping exists.
11-29 03:19:42.041 E/DisplayDeviceConfig( 1496): requesting nits when no mapping exists.
11-29 03:19:42.041 I/am_wtf ( 1496): [0,1496,system_server,-1,DisplayDeviceConfig,requesting nits when no mapping exists.]
11-29 03:19:42.042 I/am_wtf ( 1496): [0,1496,system_server,-1,DisplayDeviceConfig,requesting nits when no mapping exists.]
11-29 03:19:42.058 E/DisplayDeviceConfig( 1496): requesting nits when no mapping exists.
11-29 03:19:42.058 E/DisplayDeviceConfig( 1496): requesting nits when no mapping exists.
11-29 03:19:42.058 I/am_wtf ( 1496): [0,1496,system_server,-1,DisplayDeviceConfig,requesting nits when no mapping exists.]
11-29 03:19:42.060 I/am_wtf ( 1496): [0,1496,system_server,-1,DisplayDeviceConfig,requesting nits when no mapping exists.]
11-29 03:19:42.061 I/service_manager_stats( 1496): [100,60,16910]
11-29 03:19:42.074 E/DisplayDeviceConfig( 1496): requesting nits when no mapping exists.
11-29 03:19:42.075 I/am_wtf ( 1496): [0,1496,system_server,-1,DisplayDeviceConfig,requesting nits when no mapping exists.]
11-29 03:19:42.075 E/DisplayDeviceConfig( 1496): requesting nits when no mapping exists.
11-29 03:19:42.077 I/am_wtf ( 1496): [0,1496,system_server,-1,DisplayDeviceConfig,requesting nits when no mapping exists.]
11-29 03:19:42.091 E/DisplayDeviceConfig( 1496): requesting nits when no mapping exists.
11-29 03:19:42.092 E/DisplayDeviceConfig( 1496): requesting nits when no mapping exists.
11-29 03:19:42.093 I/am_wtf ( 1496): [0,1496,system_server,-1,DisplayDeviceConfig,requesting nits when no mapping exists.]
11-29 03:19:42.095 I/am_wtf ( 1496): [0,1496,system_server,-1,DisplayDeviceConfig,requesting nits when no mapping exists.]
11-29 03:19:42.108 E/DisplayDeviceConfig( 1496): requesting nits when no mapping exists.
11-29 03:19:42.108 I/am_wtf ( 1496): [0,1496,system_server,-1,DisplayDeviceConfig,requesting nits when no mapping exists.]
11-29 03:19:42.108 E/DisplayDeviceConfig( 1496): requesting nits when no mapping exists.
11-29 03:19:42.109 I/am_wtf ( 1496): [0,1496,system_server,-1,DisplayDeviceConfig,requesting nits when no mapping exists.]
11-29 03:19:42.124 E/DisplayDeviceConfig( 1496): requesting nits when no mapping exists.
11-29 03:19:42.124 I/mpu_uart( 647): [MSG-P:R]:recv sync frame timeout
11-29 03:19:42.124 I/am_wtf ( 1496): [0,1496,system_server,-1,DisplayDeviceConfig,requesting nits when no mapping exists.]
11-29 03:19:42.124 E/DisplayDeviceConfig( 1496): requesting nits when no mapping exists.
11-29 03:19:42.126 I/am_wtf ( 1496): [0,1496,system_server,-1,DisplayDeviceConfig,requesting nits when no mapping exists.]
11-29 03:19:42.141 E/DisplayDeviceConfig( 1496): requesting nits when no mapping exists.
11-29 03:19:42.143 I/am_wtf ( 1496): [0,1496,system_server,-1,DisplayDeviceConfig,requesting nits when no mapping exists.]
11-29 03:19:42.143 E/DisplayDeviceConfig( 1496): requesting nits when no mapping exists.
11-29 03:19:42.145 I/am_wtf ( 1496): [0,1496,system_server,-1,DisplayDeviceConfig,requesting nits when no mapping exists.]
11-29 03:19:42.160 E/DisplayDeviceConfig( 1496): requesting nits when no mapping exists.
11-29 03:19:42.160 E/DisplayDeviceConfig( 1496): requesting nits when no mapping exists.
11-29 03:19:42.160 I/am_wtf ( 1496): [0,1496,system_server,-1,DisplayDeviceConfig,requesting nits when no mapping exists.]
11-29 03:19:42.162 I/am_wtf ( 1496): [0,1496,system_server,-1,DisplayDeviceConfig,requesting nits when no mapping exists.]
11-29 03:19:42.176 E/DisplayDeviceConfig( 1496): requesting nits when no mapping exists.
11-29 03:19:42.177 I/am_wtf ( 1496): [0,1496,system_server,-1,DisplayDeviceConfig,requesting nits when no mapping exists.]
11-29 03:19:42.177 E/DisplayDeviceConfig( 1496): requesting nits when no mapping exists.
11-29 03:19:42.178 I/am_wtf ( 1496): [0,1496,system_server,-1,DisplayDeviceConfig,requesting nits when no mapping exists.]
11-29 03:19:42.191 E/DisplayDeviceConfig( 1496): requesting nits when no mapping exists.
11-29 03:19:42.192 E/DisplayDeviceConfig( 1496): requesting nits when no mapping exists.
11-29 03:19:42.192 I/am_wtf ( 1496): [0,1496,system_server,-1,DisplayDeviceConfig,requesting nits when no mapping exists.]
11-29 03:19:42.193 I/am_wtf ( 1496): [0,1496,system_server,-1,DisplayDeviceConfig,requesting nits when no mapping exists.]
11-29 03:19:42.907 I/auditd ( 0): type=1400 audit(0.0:579): avc: denied { kill } for comm="swapper/1" capability=5 scontext=u:r:kernel:s0 tcontext=u:r:kernel:s0 tclass=capability permissive=0
11-29 03:19:42.907 W/swapper/1( 0): type=1400 audit(0.0:579): avc: denied { kill } for capability=5 scontext=u:r:kernel:s0 tcontext=u:r:kernel:s0 tclass=capability permissive=0
11-29 03:19:42.942 I/mpu_uart( 647): [MSG-P:RECV]:No message received in 1000 ms
11-29 03:19:43.907 I/auditd ( 0): type=1400 audit(0.0:580): avc: denied { kill } for comm="swapper/1" capability=5 scontext=u:r:kernel:s0 tcontext=u:r:kernel:s0 tclass=capability permissive=0
11-29 03:19:43.907 W/swapper/1( 0): type=1400 audit(0.0:580): avc: denied { kill } for capability=5 scontext=u:r:kernel:s0 tcontext=u:r:kernel:s0 tclass=capability permissive=0
11-29 03:19:43.943 I/mpu_uart( 647): [MSG-P:RECV]:No message received in 1000 ms
11-29 03:19:44.907 I/auditd ( 0): type=1400 audit(0.0:581): avc: denied { kill } for comm="swapper/1" capability=5 scontext=u:r:kernel:s0 tcontext=u:r:kernel:s0 tclass=capability permissive=0
11-29 03:19:44.907 W/swapper/1( 0): type=1400 audit(0.0:581): avc: denied { kill } for capability=5 scontext=u:r:kernel:s0 tcontext=u:r:kernel:s0 tclass=capability permissive=0
11-29 03:19:44.943 I/mpu_uart( 647): [MSG-P:RECV]:No message received in 1000 ms
11-29 03:19:45.127 I/mpu_uart( 647): [MSG-P:R]:recv sync frame timeout
11-29 03:19:45.472 I/PowerManagerService( 1496): Napping display group (groupId=0, uid=1000)...
11-29 03:19:45.472 I/PowerManagerService( 1496): Nap time (uid 1000)...
11-29 03:19:45.475 I/DreamManagerService( 1496): Entering dreamland.
11-29 03:19:45.483 I/PowerManagerService( 1496): Dreaming...
11-29 03:19:45.485 I/DreamController( 1496): Starting dream: name=ComponentInfo{com.thundercomm.screensaver/com.thundercomm.saverclock.service.ClockScreensaver}, isTest=false, canDoze=false, userId=0
11-29 03:19:45.485 I/sysui_multi_action( 1496): [757,222,758,1]
11-29 03:19:45.489 V/ShadeControllerImpl( 1991): NotificationShadeWindow: com.android.systemui.statusbar.phone.NotificationShadeWindowView{2b0e568 I.E...... ......ID 0,0-2560,1080} canPanelBeCollapsed(): false
11-29 03:19:45.492 D/CompatibilityInfo( 1496): mCompatibilityFlags - 4
11-29 03:19:45.492 D/CompatibilityInfo( 1496): applicationDensity - 240
11-29 03:19:45.492 D/CompatibilityInfo( 1496): applicationScale - 1.0
11-29 03:19:45.494 I/am_pss ( 1496): [2807,10089,com.qualcomm.qti.workloadclassifier,8050688,6496256,0,94171136,0,0,10]
11-29 03:19:45.502 I/ActivityTaskManager( 1496): START u0 {flg=0x10000000 pkg=com.thundercomm.screensaver cmp=com.thundercomm.screensaver/android.service.dreams.DreamActivity (has extras)} from uid 10052
11-29 03:19:45.503 I/EventSequenceValidator( 1496): Transition from ACTIVITY_FINISHED to INTENT_STARTED
11-29 03:19:45.506 I/wm_task_created( 1496): [267,-1]
11-29 03:19:45.506 W/ActivityTaskManager( 1496): Can't find TaskDisplayArea to determine support for multi window. Task id=267 attached=false
11-29 03:19:45.507 I/am_pss ( 1496): [2802,10085,com.qualcomm.qti.qccnetstat,5805056,4227072,0,92491776,0,0,9]
11-29 03:19:45.510 I/wm_task_moved( 1496): [267,1,6]
11-29 03:19:45.510 I/wm_task_to_front( 1496): [0,267]
11-29 03:19:45.511 I/wm_create_task( 1496): [0,267]
11-29 03:19:45.511 I/wm_create_activity( 1496): [0,228073928,267,com.thundercomm.screensaver/android.service.dreams.DreamActivity,NULL,NULL,NULL,276824064]
11-29 03:19:45.511 I/wm_task_moved( 1496): [267,1,6]
11-29 03:19:45.511 I/wm_on_top_resumed_lost_called( 2495): [261032637,com.android.launcher3.uioverrides.QuickstepLauncher,topStateChangedWhenResumed]
11-29 03:19:45.512 D/CompatibilityInfo( 1496): mCompatibilityFlags - 4
11-29 03:19:45.512 D/CompatibilityInfo( 1496): applicationDensity - 240
11-29 03:19:45.512 D/CompatibilityInfo( 1496): applicationScale - 1.0
11-29 03:19:45.513 D/ActivityTrigger( 1496): ActivityTrigger activityPauseTrigger
11-29 03:19:45.514 I/wm_pause_activity( 1496): [0,261032637,com.android.launcher3/.uioverrides.QuickstepLauncher,userLeaving=true,pauseBackTasks]
11-29 03:19:45.516 I/am_pss ( 1496): [2757,10072,com.qualcomm.qti.services.systemhelper:systemhelper_service,6085632,4427776,0,94556160,0,0,7]
11-29 03:19:45.519 I/wm_on_paused_called( 2495): [261032637,com.android.launcher3.uioverrides.QuickstepLauncher,performPause]
11-29 03:19:45.522 I/ActivityTaskManager( 1496): FOREGROUND_APPLICATION_CHANGED to android.service.dreams.DreamActivity
11-29 03:19:45.526 I/am_pss ( 1496): [2751,10053,.pasr,5110784,3612672,0,90116096,0,0,9]
11-29 03:19:45.526 I/ActivityTaskManager( 1496): The Process com.thundercomm.screensaver Already Exists in BG. So sending its PID: 4109
11-29 03:19:45.526 W/ActivityTaskManager( 1496): Tried to set launchTime (0) < mLastActivityLaunchTime (342672)
11-29 03:19:45.527 I/wm_add_to_stopping( 1496): [0,261032637,com.android.launcher3/.uioverrides.QuickstepLauncher,makeInvisible]
11-29 03:19:45.528 I/wm_restart_activity( 1496): [0,228073928,267,com.thundercomm.screensaver/android.service.dreams.DreamActivity]
11-29 03:19:45.528 D/CompatibilityInfo( 1496): mCompatibilityFlags - 4
11-29 03:19:45.529 D/CompatibilityInfo( 1496): applicationDensity - 240
11-29 03:19:45.529 D/CompatibilityInfo( 1496): applicationScale - 1.0
11-29 03:19:45.533 I/am_pss ( 1496): [2735,10055,ts.car.uart,5873664,4374528,0,91222016,0,0,6]
11-29 03:19:45.534 I/wm_set_resumed_activity( 1496): [0,com.thundercomm.screensaver/android.service.dreams.DreamActivity,minimalResumeActivityLocked]
11-29 03:19:45.541 I/am_pss ( 1496): [2727,10087,com.hht.lebocast,36596736,18866176,0,106156032,0,0,6]
11-29 03:19:45.545 I/wm_on_create_called( 4109): [228073928,android.service.dreams.DreamActivity,performCreate]
11-29 03:19:45.545 I/GameMode_ActivityMonitoringService( 3709): onForegroundActivitiesChanged uid 10052 pid 4109 fg true
11-29 03:19:45.547 I/am_pss ( 1496): [3094,10069,com.qualcomm.qti.devicestatisticsservice,5082112,3588096,0,89960448,0,0,5]
11-29 03:19:45.548 I/GameMode_ActivityMonitoringService( 3709): Updating top task to: TaskInfoContainer [topActivity=ComponentInfo{com.thundercomm.screensaver/android.service.dreams.DreamActivity}, taskId=267, stackId=267, userId=0, displayId=0, position=6
11-29 03:19:45.548 I/GameMode_ActivityMonitoringService( 3709): Notifying about top task: TaskInfoContainer [topActivity=ComponentInfo{com.thundercomm.screensaver/android.service.dreams.DreamActivity}, taskId=267, stackId=267, userId=0, displayId=0, position=6
11-29 03:19:45.548 E/GameMode_ActivityMonitoringService( 3709): onActivityLaunch:com.thundercomm.screensaver
11-29 03:19:45.548 V/GameMode_GameTypeUtils( 3709): judge isGame:com.thundercomm.screensaver
11-29 03:19:45.549 V/GameMode_GpuUtils( 3709): fps:60
11-29 03:19:45.549 I/BpBinder( 969): onLastStrongRef automatically unlinking death recipients:
11-29 03:19:45.549 I/wm_on_start_called( 4109): [228073928,android.service.dreams.DreamActivity,handleStartActivity]
11-29 03:19:45.550 I/wm_on_resume_called( 4109): [228073928,android.service.dreams.DreamActivity,RESUME_ACTIVITY]
11-29 03:19:45.550 I/EventSequenceValidator( 1496): Transition from INTENT_STARTED to ACTIVITY_LAUNCHED
11-29 03:19:45.552 I/sysui_multi_action( 1496): [757,803,799,window_time_0,802,20]
11-29 03:19:45.554 I/wm_on_top_resumed_gained_called( 4109): [228073928,android.service.dreams.DreamActivity,topStateChangedWhenResumed]
11-29 03:19:45.554 D/KeyguardViewMediator( 1991): setOccluded true
11-29 03:19:45.557 D/GameMode_GameModeActionUtils( 3709): Show GameMode entry by service!
11-29 03:19:45.557 V/KeyguardUpdateMonitor( 1991): startListeningForFingerprint()
11-29 03:19:45.557 W/ContextImpl( 3709): Calling a method in the system process without a qualified user: android.app.ContextImpl.startService:1816 android.content.ContextWrapper.startService:774 com.thundercomm.gamemode.ingame.services.GameModeActionUtils.startGameModeService:93 com.thundercomm.gamemode.ingame.services.GameModeActionUtils.startGameModeEntry:21 com.thundercomm.gamemode.ingame.services.ActivityMonitoringService$1.onActivityLaunch:127
11-29 03:19:45.557 D/KeyguardViewMediator( 1991): adjustStatusBarLocked: mShowing=false mOccluded=true isSecure=false force=false --> flags=0x0
11-29 03:19:45.558 D/GameMode_GameModeService( 3709): type=hide_entry
11-29 03:19:45.558 D/GameModeIF_GameModeSettings( 3709): getUriFor setting_content_uri_root = content://com.thundercomm.gamemode.api/gamemode_settings , name = gamemode_isgaming
11-29 03:19:45.561 D/GameMode_GameSettingsObserver( 3709): Game Data change!!!! uri = content://com.thundercomm.gamemode.api/gamemode_settings/gamemode_isgaming
11-29 03:19:45.561 D/GameModeIF_GameModeSettings( 3709): getUriFor setting_content_uri_root = content://com.thundercomm.gamemode.api/gamemode_settings , name = gamemode_isgaming
11-29 03:19:45.561 D/GameModeIF_GameModeSettings( 3709): gamemode_isgaming set to 0
11-29 03:19:45.563 D/GameMode_GameModeService( 3709): updateGlobalSettings = gamemode_isgaming
11-29 03:19:45.563 I/GameModeConfig( 1496): Current uri is uri = content://com.thundercomm.gamemode.api/gamemode_settings/gamemode_isgaming
11-29 03:19:45.563 D/GameModeIF_GameModeSettings( 1496): getUriFor setting_content_uri_root = content://com.thundercomm.gamemode.api/gamemode_settings , name = gamemode_isgaming
11-29 03:19:45.565 I/GameModeConfig( 1496): isGameModeOn = false
11-29 03:19:45.565 I/GameModeConfig( 1496): isGameModeOn = false
11-29 03:19:45.565 I/GameModeConfig( 1496): isDisableVoice = true
11-29 03:19:45.566 I/input_focus( 1496): [Focus leaving e452379 com.android.launcher3/com.android.launcher3.uioverrides.QuickstepLauncher (server),reason=NO_WINDOW]
11-29 03:19:45.566 E/ThemeUtils( 4109): View class androidx.appcompat.widget.AppCompatImageView is an AppCompat widget that can only be used with a Theme.AppCompat theme (or descendant).
11-29 03:19:45.567 E/ThemeUtils( 4109): View class androidx.appcompat.widget.AppCompatImageView is an AppCompat widget that can only be used with a Theme.AppCompat theme (or descendant).
11-29 03:19:45.567 E/ThemeUtils( 4109): View class androidx.appcompat.widget.AppCompatImageView is an AppCompat widget that can only be used with a Theme.AppCompat theme (or descendant).
11-29 03:19:45.568 E/ThemeUtils( 4109): View class androidx.appcompat.widget.AppCompatImageView is an AppCompat widget that can only be used with a Theme.AppCompat theme (or descendant).
11-29 03:19:45.586 I/input_focus( 1496): [Focus request f19274 com.thundercomm.screensaver/android.service.dreams.DreamActivity,reason=UpdateInputWindows]
11-29 03:19:45.587 I/GameModeConfig( 1496): isGameModeOn = false
11-29 03:19:45.587 I/GameModeConfig( 1496): isGameModeOn = false
11-29 03:19:45.588 I/GameModeConfig( 1496): isGameModeOn = false
11-29 03:19:45.588 I/GameModeConfig( 1496): isGameModeOn = false
11-29 03:19:45.590 I/notification_enqueue( 1496): [10082,1991,com.android.systemui,2048,NULL,0,Notification(channel=updateNotification shortcut=null contentView=null vibrate=null sound=null defaults=0x0 flags=0x0 color=0x00000000 vis=PRIVATE),1]
11-29 03:19:45.591 I/sysui_multi_action( 1991): [757,111,758,2]
11-29 03:19:45.591 I/sysui_multi_action( 1991): [757,111,758,2]
11-29 03:19:45.601 I/BpBinder( 969): onLastStrongRef automatically unlinking death recipients:
11-29 03:19:45.602 V/DisplayPowerController[0]( 1496): Brightness [1.0] reason changing to: 'manual', previous reason: 'manual [ dim ]'.
11-29 03:19:45.602 I/sysui_multi_action( 1496): [757,1696,758,6,759,3]
11-29 03:19:45.604 I/EventSequenceValidator( 1496): Transition from ACTIVITY_LAUNCHED to ACTIVITY_FINISHED
11-29 03:19:45.604 I/sysui_multi_action( 1496): [319,94,322,94,325,364,757,761,758,8,759,2,806,com.thundercomm.screensaver,871,android.service.dreams.DreamActivity,904,com.thundercomm.screensaver,905,0,1320,4,1321,2]
11-29 03:19:45.606 I/wm_activity_launch_time( 1496): [0,228073928,com.thundercomm.screensaver/android.service.dreams.DreamActivity,94]
11-29 03:19:45.607 I/sysui_multi_action( 1991): [757,111,758,1]
11-29 03:19:45.607 I/ActivityTaskManager( 1496): Displayed com.thundercomm.screensaver/android.service.dreams.DreamActivity: +94ms
11-29 03:19:45.607 I/sysui_multi_action( 1991): [757,126,758,1,759,126,927,0,928,0,1593,0]
11-29 03:19:45.607 I/sysui_multi_action( 1991): [757,113,758,1,759,113,927,1,928,1,1593,0]
11-29 03:19:45.608 I/sysui_multi_action( 1991): [757,0,758,1,759,0,927,2,928,0,1593,0]
11-29 03:19:45.608 I/sysui_multi_action( 1991): [757,0,758,1,759,0,927,3,928,0,1593,0]
11-29 03:19:45.608 I/sysui_multi_action( 1991): [757,491,758,1,759,491,927,4,928,0,1311,-1,1593,0]
11-29 03:19:45.608 I/sysui_multi_action( 1991): [757,0,758,1,759,0,927,5,928,0,1593,0]
11-29 03:19:45.608 I/sysui_multi_action( 1991): [757,111,758,1]
11-29 03:19:45.609 I/sysui_multi_action( 1991): [757,126,758,1,759,126,927,0,928,0,1593,0]
11-29 03:19:45.609 I/sysui_multi_action( 1991): [757,113,758,1,759,113,927,1,928,1,1593,0]
11-29 03:19:45.609 I/sysui_multi_action( 1991): [757,0,758,1,759,0,927,2,928,0,1593,0]
11-29 03:19:45.609 I/sysui_multi_action( 1991): [757,0,758,1,759,0,927,3,928,0,1593,0]
11-29 03:19:45.613 W/View ( 1991): requestLayout() improperly called by com.android.systemui.util.animation.UniqueObjectHostView{a64edfe V.E...... ......ID 0,0-636,344} during layout: running second layout pass
11-29 03:19:45.617 E/DisplayDeviceConfig( 1496): requesting nits when no mapping exists.
11-29 03:19:45.617 E/DisplayDeviceConfig( 1496): requesting nits when no mapping exists.
11-29 03:19:45.617 I/am_wtf ( 1496): [0,1496,system_server,-1,DisplayDeviceConfig,requesting nits when no mapping exists.]
11-29 03:19:45.618 I/am_wtf ( 1496): [0,1496,system_server,-1,DisplayDeviceConfig,requesting nits when no mapping exists.]
11-29 03:19:45.622 D/StatusBar( 1991): disable disable2
11-29 03:19:45.633 I/input_focus( 1496): [Focus entering f19274 com.thundercomm.screensaver/android.service.dreams.DreamActivity (server),reason=Window became focusable. Previous reason: NOT_VISIBLE]
11-29 03:19:45.634 E/DisplayDeviceConfig( 1496): requesting nits when no mapping exists.
11-29 03:19:45.634 E/DisplayDeviceConfig( 1496): requesting nits when no mapping exists.
11-29 03:19:45.634 I/am_wtf ( 1496): [0,1496,system_server,-1,DisplayDeviceConfig,requesting nits when no mapping exists.]
11-29 03:19:45.635 I/am_wtf ( 1496): [0,1496,system_server,-1,DisplayDeviceConfig,requesting nits when no mapping exists.]
11-29 03:19:45.635 I/GameMode_ActivityMonitoringService( 3709): onTaskStackChanged
11-29 03:19:45.642 I/GameMode_ActivityMonitoringService( 3709): Updating top task to: TaskInfoContainer [topActivity=ComponentInfo{com.thundercomm.screensaver/android.service.dreams.DreamActivity}, taskId=267, stackId=267, userId=0, displayId=0, position=6
11-29 03:19:45.643 I/GameMode_ActivityMonitoringService( 3709): Notifying about top task: TaskInfoContainer [topActivity=ComponentInfo{com.thundercomm.screensaver/android.service.dreams.DreamActivity}, taskId=267, stackId=267, userId=0, displayId=0, position=6
11-29 03:19:45.643 E/GameMode_ActivityMonitoringService( 3709): onActivityLaunch:com.thundercomm.screensaver
11-29 03:19:45.643 V/GameMode_GameTypeUtils( 3709): judge isGame:com.thundercomm.screensaver
11-29 03:19:45.643 V/GameMode_GpuUtils( 3709): fps:60
11-29 03:19:45.645 D/GameMode_GameModeActionUtils( 3709): Show GameMode entry by service!
11-29 03:19:45.645 W/ContextImpl( 3709): Calling a method in the system process without a qualified user: android.app.ContextImpl.startService:1816 android.content.ContextWrapper.startService:774 com.thundercomm.gamemode.ingame.services.GameModeActionUtils.startGameModeService:93 com.thundercomm.gamemode.ingame.services.GameModeActionUtils.startGameModeEntry:21 com.thundercomm.gamemode.ingame.services.ActivityMonitoringService$1.onActivityLaunch:127
11-29 03:19:45.647 D/GameModeIF_GameModeSettings( 3709): getUriFor setting_content_uri_root = content://com.thundercomm.gamemode.api/gamemode_settings , name = gamemode_isgaming
11-29 03:19:45.647 D/GameMode_GameModeService( 3709): type=hide_entry
11-29 03:19:45.650 I/GameModeConfig( 1496): Current uri is uri = content://com.thundercomm.gamemode.api/gamemode_settings/gamemode_isgaming
11-29 03:19:45.650 D/GameModeIF_GameModeSettings( 1496): getUriFor setting_content_uri_root = content://com.thundercomm.gamemode.api/gamemode_settings , name = gamemode_isgaming
11-29 03:19:45.650 D/GameModeIF_GameModeSettings( 3709): gamemode_isgaming set to 0
11-29 03:19:45.651 D/GameMode_GameSettingsObserver( 3709): Game Data change!!!! uri = content://com.thundercomm.gamemode.api/gamemode_settings/gamemode_isgaming
11-29 03:19:45.651 E/DisplayDeviceConfig( 1496): requesting nits when no mapping exists.
11-29 03:19:45.651 D/GameModeIF_GameModeSettings( 3709): getUriFor setting_content_uri_root = content://com.thundercomm.gamemode.api/gamemode_settings , name = gamemode_isgaming
11-29 03:19:45.651 E/DisplayDeviceConfig( 1496): requesting nits when no mapping exists.
11-29 03:19:45.652 I/am_wtf ( 1496): [0,1496,system_server,-1,DisplayDeviceConfig,requesting nits when no mapping exists.]
11-29 03:19:45.653 I/am_wtf ( 1496): [0,1496,system_server,-1,DisplayDeviceConfig,requesting nits when no mapping exists.]
11-29 03:19:45.653 I/GameModeConfig( 1496): isGameModeOn = false
11-29 03:19:45.653 I/GameModeConfig( 1496): isGameModeOn = false
11-29 03:19:45.653 I/GameModeConfig( 1496): isDisableVoice = true
11-29 03:19:45.653 D/GameMode_GameModeService( 3709): updateGlobalSettings = gamemode_isgaming
11-29 03:19:45.667 E/DisplayDeviceConfig( 1496): requesting nits when no mapping exists.
11-29 03:19:45.667 E/DisplayDeviceConfig( 1496): requesting nits when no mapping exists.
11-29 03:19:45.667 I/am_wtf ( 1496): [0,1496,system_server,-1,DisplayDeviceConfig,requesting nits when no mapping exists.]
11-29 03:19:45.668 I/am_wtf ( 1496): [0,1496,system_server,-1,DisplayDeviceConfig,requesting nits when no mapping exists.]
11-29 03:19:45.682 E/DisplayDeviceConfig( 1496): requesting nits when no mapping exists.
11-29 03:19:45.683 I/am_wtf ( 1496): [0,1496,system_server,-1,DisplayDeviceConfig,requesting nits when no mapping exists.]
11-29 03:19:45.683 E/DisplayDeviceConfig( 1496): requesting nits when no mapping exists.
11-29 03:19:45.684 I/am_wtf ( 1496): [0,1496,system_server,-1,DisplayDeviceConfig,requesting nits when no mapping exists.]
11-29 03:19:45.702 E/DisplayDeviceConfig( 1496): requesting nits when no mapping exists.
11-29 03:19:45.702 E/DisplayDeviceConfig( 1496): requesting nits when no mapping exists.
11-29 03:19:45.703 I/am_wtf ( 1496): [0,1496,system_server,-1,DisplayDeviceConfig,requesting nits when no mapping exists.]
11-29 03:19:45.703 I/am_wtf ( 1496): [0,1496,system_server,-1,DisplayDeviceConfig,requesting nits when no mapping exists.]
11-29 03:19:45.716 E/DisplayDeviceConfig( 1496): requesting nits when no mapping exists.
11-29 03:19:45.716 E/DisplayDeviceConfig( 1496): requesting nits when no mapping exists.
11-29 03:19:45.716 I/am_wtf ( 1496): [0,1496,system_server,-1,DisplayDeviceConfig,requesting nits when no mapping exists.]
11-29 03:19:45.717 I/am_wtf ( 1496): [0,1496,system_server,-1,DisplayDeviceConfig,requesting nits when no mapping exists.]
11-29 03:19:45.732 E/DisplayDeviceConfig( 1496): requesting nits when no mapping exists.
11-29 03:19:45.733 E/DisplayDeviceConfig( 1496): requesting nits when no mapping exists.
11-29 03:19:45.733 I/am_wtf ( 1496): [0,1496,system_server,-1,DisplayDeviceConfig,requesting nits when no mapping exists.]
11-29 03:19:45.734 I/am_wtf ( 1496): [0,1496,system_server,-1,DisplayDeviceConfig,requesting nits when no mapping exists.]
11-29 03:19:45.750 E/DisplayDeviceConfig( 1496): requesting nits when no mapping exists.
11-29 03:19:45.751 E/DisplayDeviceConfig( 1496): requesting nits when no mapping exists.
11-29 03:19:45.752 I/am_wtf ( 1496): [0,1496,system_server,-1,DisplayDeviceConfig,requesting nits when no mapping exists.]
11-29 03:19:45.753 I/am_wtf ( 1496): [0,1496,system_server,-1,DisplayDeviceConfig,requesting nits when no mapping exists.]
11-29 03:19:45.767 E/DisplayDeviceConfig( 1496): requesting nits when no mapping exists.
11-29 03:19:45.768 I/am_wtf ( 1496): [0,1496,system_server,-1,DisplayDeviceConfig,requesting nits when no mapping exists.]
11-29 03:19:45.768 E/DisplayDeviceConfig( 1496): requesting nits when no mapping exists.
11-29 03:19:45.768 I/am_wtf ( 1496): [0,1496,system_server,-1,DisplayDeviceConfig,requesting nits when no mapping exists.]
11-29 03:19:45.782 E/DisplayDeviceConfig( 1496): requesting nits when no mapping exists.
11-29 03:19:45.783 E/DisplayDeviceConfig( 1496): requesting nits when no mapping exists.
11-29 03:19:45.783 I/am_wtf ( 1496): [0,1496,system_server,-1,DisplayDeviceConfig,requesting nits when no mapping exists.]
11-29 03:19:45.783 I/am_wtf ( 1496): [0,1496,system_server,-1,DisplayDeviceConfig,requesting nits when no mapping exists.]
11-29 03:19:45.791 I/GameModeConfig( 1496): isGameModeOn = false
11-29 03:19:45.792 I/sysui_multi_action( 1496): [757,1501,758,1,793,342986,794,0,795,204,796,2048,806,com.android.systemui,857,updateNotification,858,3,947,0,1500,0,1688,1]
11-29 03:19:45.793 I/sysui_multi_action( 1496): [757,804,799,note_interruptive,801,0,802,1]
11-29 03:19:45.793 I/sysui_multi_action( 1496): [757,199,758,1,759,2,793,342987,794,0,795,205,796,2048,806,com.android.systemui,857,updateNotification,858,3,947,0,1500,1,1688,1]
11-29 03:19:45.793 I/notification_alert( 1496): [0|com.android.systemui|2048|null|10082,0,1,0]
11-29 03:19:45.794 W/NotificationHistory( 1496): Attempted to add notif for locked/gone/disabled user 0
11-29 03:19:45.797 D/InterruptionStateProvider( 1991): No bubble up: not allowed to bubble: 0|com.android.systemui|2048|null|10082
11-29 03:19:45.798 D/InterruptionStateProvider( 1991): No heads up: unimportant notification: 0|com.android.systemui|2048|null|10082
11-29 03:19:45.800 V/GameMode_GameTypeUtils( 3709): judge isGame:com.thundercomm.screensaver
11-29 03:19:45.800 E/GameMode_GameModeNotificationListenerService( 3709): title :content :,PackageName:com.android.systemui,isGameModeOn:false,isBulletScreenOn:false,isBulletScreenPackage:false
11-29 03:19:45.800 E/DisplayDeviceConfig( 1496): requesting nits when no mapping exists.
11-29 03:19:45.802 D/Avrcp_ext( 1974): AudioManager Player: AudioPlaybackConfiguration piid:71 deviceId:0 type:android.media.SoundPool u/pid:10082/1991 state:idle attr:AudioAttributes: usage=USAGE_ASSISTANCE_SONIFICATION content=CONTENT_TYPE_SONIFICATION flags=0x800 tags= bundle=null sessionId:0
11-29 03:19:45.802 D/Avrcp_ext( 1974): AudioManager Player: AudioPlaybackConfiguration piid:87 deviceId:0 type:android.media.SoundPool u/pid:1000/3709 state:idle attr:AudioAttributes: usage=USAGE_ASSISTANCE_SONIFICATION content=CONTENT_TYPE_SONIFICATION flags=0x801 tags= bundle=null sessionId:0
11-29 03:19:45.802 D/Avrcp_ext( 1974): AudioManager Player: AudioPlaybackConfiguration piid:119 deviceId:0 type:android.media.MediaPlayer u/pid:10082/1991 state:idle attr:AudioAttributes: usage=USAGE_NOTIFICATION content=CONTENT_TYPE_SONIFICATION flags=0x800 tags= bundle=null sessionId:0
11-29 03:19:45.802 D/Avrcp_ext( 1974): AudioManager Player: AudioPlaybackConfiguration piid:63 deviceId:0 type:android.media.SoundPool u/pid:1000/1496 state:idle attr:AudioAttributes: usage=USAGE_ASSISTANCE_SONIFICATION content=CONTENT_TYPE_SONIFICATION flags=0x800 tags= bundle=null sessionId:0
11-29 03:19:45.802 D/Avrcp_ext( 1974): AudioManager isPlaying: false, mAudioPlaybackIsActive = false
11-29 03:19:45.802 D/Avrcp_ext( 1974): AudioManager Reset Active Player
11-29 03:19:45.802 I/am_wtf ( 1496): [0,1496,system_server,-1,DisplayDeviceConfig,requesting nits when no mapping exists.]
11-29 03:19:45.802 E/DisplayDeviceConfig( 1496): requesting nits when no mapping exists.
11-29 03:19:45.803 I/am_wtf ( 1496): [0,1496,system_server,-1,DisplayDeviceConfig,requesting nits when no mapping exists.]
11-29 03:19:45.805 W/MediaProvider( 2836): Failed to fetch original file descriptor
11-29 03:19:45.805 W/MediaProvider( 2836): java.io.IOException: stat failed: EACCES (Permission denied)
11-29 03:19:45.805 W/MediaProvider( 2836): at com.android.providers.media.MediaProvider.getFileFromFileDescriptor(MediaProvider.java:5794)
11-29 03:19:45.805 W/MediaProvider( 2836): at com.android.providers.media.MediaProvider.getOriginalMediaFormatFileDescriptor(MediaProvider.java:5711)
11-29 03:19:45.805 W/MediaProvider( 2836): at com.android.providers.media.MediaProvider.openTypedAssetFileCommon(MediaProvider.java:7134)
11-29 03:19:45.805 W/MediaProvider( 2836): at com.android.providers.media.MediaProvider.openTypedAssetFile(MediaProvider.java:7115)
