11-29 03:15:19.718 D/hpplay-base( 2727): [LelinkBase:654] stopAllServer will start thread!
11-29 03:15:19.718 D/hpplay-base( 2727): [AEventUtils:588] handle AEvent thread end!!,tid is 4801
11-29 03:15:19.718 I/hpplay-base( 2727): [mDNSEmbeded:65] embedded_mDNSExit call
11-29 03:15:19.718 D/hpplay-base( 2727): [REventUtils:197] handleREventThread thread end!!,tid is 4802
11-29 03:15:19.744 D/hpplay-base( 2727): [Server:447] startHttpServer will END srv->serverType:0
11-29 03:15:19.744 D/hpplay-base( 2727): [Server:646] startHttpServer cond srv_shutdown:1 connectNummber:0
11-29 03:15:19.744 D/hpplay-base( 2727): [Server:669] startHttpServer wait cond END. srv_shutdown:1 connectNummber:0
11-29 03:15:19.744 D/hpplay-base( 2727): [Server:457] HttpServer END, tid is 4778
11-29 03:15:19.772 D/hpplay-base( 2727): [stream_mirror_compat:1284] mirror stream begin to exit,server fd:68,thread_id:3276673472!!
11-29 03:15:19.772 D/hpplay-base( 2727): [stream_mirror_compat:1323] ##screen stream exit successfully!!##
11-29 03:15:19.847 I/mpu_uart( 647): [MSG-P:RECV]:No message received in 1000 ms
11-29 03:15:19.907 I/auditd ( 0): type=1400 audit(0.0:322): avc: denied { kill } for comm="swapper/3" capability=5 scontext=u:r:kernel:s0 tcontext=u:r:kernel:s0 tclass=capability permissive=0
11-29 03:15:19.907 W/swapper/3( 0): type=1400 audit(0.0:322): avc: denied { kill } for capability=5 scontext=u:r:kernel:s0 tcontext=u:r:kernel:s0 tclass=capability permissive=0
11-29 03:15:20.173 I/hpplay-base( 2727): [mDNSEmbeded:140] embedded_mDNSLoop Exiting end,tid is 4798
11-29 03:15:20.174 D/hpplay-base( 2727): [mDNSEmbeded:452] stopmDNSServer end stopmDNSNow=2, nRet=0
11-29 03:15:20.433 I/hpplay-base( 2727): [mDNSEmbeded:376] end lelink publish server, tid is 4799
11-29 03:15:20.433 D/hpplay-base( 2727): [mDNSEmbeded:420] stopmLelinkServer end nRet=0
11-29 03:15:20.433 D/hpplay-base( 2727): [LelinkBase:615] lebodlna stopServerThreadFunc dlnaEnable:1
11-29 03:15:20.434 D/hpplay-base-dlna( 2727): [lebodlna_api:49] stop DMR
11-29 03:15:20.434 D/hpplay-base-dlna( 2727): [lebodlna_api:344] m_pRender Release
11-29 03:15:20.492 D/hpplay-base-dlna( 2727): [UpnpDefine:867] DMRender release success
11-29 03:15:20.492 D/hpplay-base-dlna( 2727): [lebodlna_api:352] m_pAVT Release
11-29 03:15:20.492 D/hpplay-base-dlna( 2727): [lebodlna_api:360] m_pRCS Release
11-29 03:15:20.493 D/hpplay-base-dlna( 2727): [lebodlna_api:365] dmrender destroydmr
11-29 03:15:20.793 D/hpplay-base-dlna( 2727): [lebodlna-dlna_android:186] stopDLNA
11-29 03:15:20.793 D/hpplay-base-dlna( 2727): [lebodlna-dlna_android:189] dlnaservice destroy
11-29 03:15:20.793 D/hpplay-base-dlna( 2727): [lebodlna-dlna_android:49] dlnaservice Destroy 49 int CDlnaService::Destroy()
11-29 03:15:20.793 D/hpplay-base-dlna( 2727): [lebodlna-dlnaframe:245] dlnaservice Destroy 245 static ERROR_TYPE IDlnaFrame::DestroyDlnaFrame(IDlnaFrame *)
11-29 03:15:20.793 D/hpplay-base-dlna( 2727): [lebodlna-dlnaframe:179] dlnaservice Destroy 179 virtual void CDlnaFrame::Release()
11-29 03:15:20.793 D/hpplay-base-dlna( 2727): [lebodlna-dlnaframe:190] dlnaservice Destroy 190 virtual void CDlnaFrame::Release()
11-29 03:15:20.793 D/hpplay-base-dlna( 2727): [lebodlna-dlnaframe:192] dlnaservice Destroy 192 virtual void CDlnaFrame::Release()
11-29 03:15:20.793 D/hpplay-base-dlna( 2727): [lebodlna-dlnaframe:247] dlnaservice Destroy 247 static ERROR_TYPE IDlnaFrame::DestroyDlnaFrame(IDlnaFrame *)
11-29 03:15:20.793 D/hpplay-base-dlna( 2727): [lebodlna-dlnaframe:251] dlnaservice Destroy 251 static ERROR_TYPE IDlnaFrame::DestroyDlnaFrame(IDlnaFrame *)
11-29 03:15:20.797 E/hpplay-base-dlna( 2727): upnpapi.c:655::before gminiserver ThreadPoolShutdown
11-29 03:15:20.797 E/hpplay-base-dlna( 2727): ThreadPool.c:1047::on ThreadPoolShutdown tp->totalThreads:3
11-29 03:15:20.797 E/hpplay-base-dlna( 2727): ThreadPool.c:1047::on ThreadPoolShutdown tp->totalThreads:1
11-29 03:15:20.797 E/hpplay-base-dlna( 2727): ThreadPool.c:1056::after ThreadPoolShutdown
11-29 03:15:20.798 E/hpplay-base-dlna( 2727): ThreadPool.c:1057::ThreadPoolShutdown tp->totalThreads:0
11-29 03:15:20.798 E/hpplay-base-dlna( 2727): upnpapi.c:657::after gminiserver ThreadPoolShutdown
11-29 03:15:20.798 E/hpplay-base-dlna( 2727): upnpapi.c:659::before grecv ThreadPoolShutdown
11-29 03:15:20.798 E/hpplay-base-dlna( 2727): ThreadPool.c:1047::on ThreadPoolShutdown tp->totalThreads:12
11-29 03:15:20.799 E/hpplay-base-dlna( 2727): ThreadPool.c:1047::on ThreadPoolShutdown tp->totalThreads:2
11-29 03:15:20.799 E/hpplay-base-dlna( 2727): ThreadPool.c:1047::on ThreadPoolShutdown tp->totalThreads:1
11-29 03:15:20.800 E/hpplay-base-dlna( 2727): ThreadPool.c:1056::after ThreadPoolShutdown
11-29 03:15:20.800 E/hpplay-base-dlna( 2727): ThreadPool.c:1057::ThreadPoolShutdown tp->totalThreads:0
11-29 03:15:20.800 E/hpplay-base-dlna( 2727): upnpapi.c:661::after grecv ThreadPoolShutdown
11-29 03:15:20.800 E/hpplay-base-dlna( 2727): upnpapi.c:663::before gsend ThreadPoolShutdown
11-29 03:15:20.800 E/hpplay-base-dlna( 2727): ThreadPool.c:1047::on ThreadPoolShutdown tp->totalThreads:3
11-29 03:15:20.800 E/hpplay-base-dlna( 2727): ThreadPool.c:1047::on ThreadPoolShutdown tp->totalThreads:1
11-29 03:15:20.801 E/hpplay-base-dlna( 2727): ThreadPool.c:1056::after ThreadPoolShutdown
11-29 03:15:20.801 E/hpplay-base-dlna( 2727): ThreadPool.c:1057::ThreadPoolShutdown tp->totalThreads:0
11-29 03:15:20.801 E/hpplay-base-dlna( 2727): upnpapi.c:665::after gsend ThreadPoolShutdown
11-29 03:15:20.801 D/hpplay-base-dlna( 2727): [lebodlna-dlnaframe:253] dlnaservice Destroy 253 static ERROR_TYPE IDlnaFrame::DestroyDlnaFrame(IDlnaFrame *)
11-29 03:15:20.801 D/hpplay-base-dlna( 2727): [lebodlna-dlna_android:51] dlnaservice Destroy 51 int CDlnaService::Destroy()
11-29 03:15:20.801 D/hpplay-base-dlna( 2727): [lebodlna-dlna_android:194] stopDLNA end
11-29 03:15:20.847 I/mpu_uart( 647): [MSG-P:RECV]:No message received in 1000 ms
11-29 03:15:20.885 I/mpu_uart( 647): [MSG-P:R]:recv sync frame timeout
11-29 03:15:20.907 I/auditd ( 0): type=1400 audit(0.0:323): avc: denied { kill } for comm="swapper/3" capability=5 scontext=u:r:kernel:s0 tcontext=u:r:kernel:s0 tclass=capability permissive=0
11-29 03:15:20.907 W/swapper/3( 0): type=1400 audit(0.0:323): avc: denied { kill } for capability=5 scontext=u:r:kernel:s0 tcontext=u:r:kernel:s0 tclass=capability permissive=0
11-29 03:15:21.101 D/hpplay-base( 2727): [stream_mirror_compat:1489] request to stop screen stream session!!
11-29 03:15:21.101 D/hpplay-base( 2727): [AEventUtils:625] begin to stop event handle service!!
11-29 03:15:21.101 D/hpplay-base( 2727): [AEventUtils:628] stop event handle service ok!!
11-29 03:15:21.101 D/hpplay-base( 2727): [REventUtils:231] begin to stop report handle service!!
11-29 03:15:21.101 D/hpplay-base( 2727): [REventUtils:234] stop report handle service ok!!
11-29 03:15:21.101 D/hpplay-base( 2727): [lelinkSinkServer:711] HTTP Server stopSinkServer End .
11-29 03:15:21.101 D/hpplay-base( 2727): [jniBridge:1135] notifyJavaServerStoped
11-29 03:15:21.101 D/hpplay-base( 2727): [jniBridge:1726] notifyJava, what:202, castType:0, mimeType:0 baseStatus:4
11-29 03:15:21.101 D/hpplay-base( 2727): [jniBridge:1727] notifyJava sessionID:(null)
11-29 03:15:21.102 I/hpplay-java( 2727): [Thread-69]:Bridge:notify: what: 202
11-29 03:15:21.104 I/hpplay-java( 2727): [Thread-69]:Bridge:notify: out: OutParameters:{audioSessionId=-1, audiotrackIndex=0, castHandleType=-1, castType=0, deviceName='', dlnaName='', dramaID='', extra=0, frameHandleType=-1, handleInside=true, headduration=0, header='', headers=null, isAD=false, isMultiMirror=false, lelinkVer='', limitTime=0, , mediaAlbum='null', mediaAlbumArtURI='', mediaArtist='null', mediaAssets='', mediaTitle='null', mimeType=0, multiSession=null, period=0, pinCode='', playSpeed=0.0, playerChoice=0, plugin=0, port=0, position=0.0, positionUnit=2, protocol=0, realSessionID='', regType='', , sinkIp='', sourceAPPVersion='', sourceChannel='', sourceClientInfo='', sourceDeviceInfo='', sourceDeviceModel='', sourceDeviceName='', sourceDeviceType=0, sourceHID='', , sourceInfo='', , , sourceOSVersion='', sourceSDKVersion='', sourceUid='', stopDetail=0, stopReason=0, tailduration=0, url='', urlID='', urls=null, userAgent='', videoDecoder=0, volume=0, what=202}com.hpplay.sdk.sink.protocol.OutParameters@7e1c463
11-29 03:15:21.104 I/hpplay-java( 2727): [Thread-69]:Bridge:notify: address:210303072
11-29 03:15:21.105 D/hpplay-base( 2727): [LelinkBase:645] stopServerThreadFunc notifyJavaServerStoped!
11-29 03:15:21.105 I/hpplay-java( 2727): [main]:ServerTaskManager:startTimeOutCheck
11-29 03:15:21.105 I/hpplay-java( 2727): [main]:ServerBusiness:stopDaemonBusiness
11-29 03:15:21.105 I/hpplay-java( 2727): [main]:SinkDataReport:logout
11-29 03:15:21.106 I/hpplay-java( 2727): [main]:EPControl:release
11-29 03:15:21.107 I/hpplay-java( 2727): [AsyncTask #2]:GlideCreator:clearCache clearDiskCache
11-29 03:15:21.109 I/hpplay-java( 2727): [main]:Dispatcher:notifyAllReverseControlsStop
11-29 03:15:21.109 I/hpplay-java( 2727): [main]:Preference:checkFeature none
11-29 03:15:21.109 I/hpplay-java( 2727): [main]:Dispatcher:notifyAllUIControlsStop set: []
11-29 03:15:21.110 I/hpplay-java( 2727): [main]:Bridge:findServiceID start out: 210303072
11-29 03:15:21.110 I/hpplay-java( 2727): [main]:Bridge:findServiceID end
11-29 03:15:21.110 I/hpplay-java( 2727): [main]:ServerTaskManager:onStop retry:true
11-29 03:15:21.110 I/hpplay-java( 2727): [main]:ServerTaskManager:cancelTimeOutCheck
11-29 03:15:21.111 I/hpplay-java( 2727): [main]:IPManager:getActiveNets type: WIFI
11-29 03:15:21.111 I/hpplay-java( 2727): [main]:IPManager:getActiveNets eth0:false wifi:true mobile:false ap:false
11-29 03:15:21.111 I/hpplay-java( 2727): [main]:IPManager:getIPAddress IP_WLAN0
11-29 03:15:21.112 I/hpplay-java( 2727): [main]:IPManager:updateIPAddress getIPAddress: 192.168.4.16 name:vlan4
11-29 03:15:21.112 I/hpplay-java( 2727): [main]:IPManager:updateIPAddress getIPAddress: 10.1.1.100 name:wlan0
11-29 03:15:21.112 I/hpplay-java( 2727): [main]:IPManager:updateIPAddress getIPAddress: 192.168.8.16 name:vlan8
11-29 03:15:21.112 I/hpplay-java( 2727): [main]:IPManager:updateIPAddress getIPAddress: 192.168.11.16 name:vlan11
11-29 03:15:21.112 I/hpplay-java( 2727): [main]:IPManager:updateIPAddress getIPAddress: 192.168.0.16 name:vlan0
11-29 03:15:21.112 I/hpplay-java( 2727): [main]:IPManager:updateIPAddress getIPAddress: 192.168.2.16 name:vlan2
11-29 03:15:21.112 I/hpplay-java( 2727): [main]:IPManager:updateIPAddress getIPAddress: 192.168.1.16 name:vlan1
11-29 03:15:21.113 I/hpplay-java( 2727): [main]:ServerTaskManager:exeTask startServer
11-29 03:15:21.113 I/hpplay-java( 2727): [main]:ServerTaskManager:startTimeOutCheck
11-29 03:15:21.113 I/hpplay-java( 2727): [AsyncTask #13]:ServerBusiness:startDaemonBusiness
11-29 03:15:21.113 I/hpplay-java( 2727): [AsyncTask #13]:TimeOutCheckUtil:addTask id:upgrade
11-29 03:15:21.114 I/hpplay-java( 2727): [AsyncTask #13]:TimeOutCheckUtil:addTask id:ijkupgrade
11-29 03:15:21.115 W/hpplay-java( 2727): [AsyncTask #9]:HttpRequest:
11-29 03:15:21.115 I/hpplay-java( 2727): [AsyncTask #29]:Bridge:assembleInParameters
11-29 03:15:21.115 I/hpplay-java( 2727): NanoHTTPDNanoHTTPD:server is started
11-29 03:15:21.115 W/hpplay-java( 2727): [AsyncTask #9]:HttpRequest:
11-29 03:15:21.116 I/hpplay-java( 2727): [AsyncTask #29]:Bridge:createDeviceId deviceId:YTg6OWE6Mzc6NDA6OGE6NTU=
11-29 03:15:21.116 W/hpplay-java( 2727): [AsyncTask #9]:HttpRequest:
11-29 03:15:21.117 I/hpplay-java( 2727): [AsyncTask #29]:IPManager:getActiveNets type: WIFI
11-29 03:15:21.117 I/hpplay-java( 2727): [AsyncTask #29]:IPManager:getActiveNets eth0:false wifi:true mobile:false ap:false
11-29 03:15:21.117 I/hpplay-java( 2727): [AsyncTask #29]:IPManager:getIPAddress IP_WLAN0
11-29 03:15:21.117 I/hpplay-java( 2727): [AsyncTask #29]:Preference:checkFeature none
11-29 03:15:21.117 I/hpplay-java( 2727): [AsyncTask #29]:SWI:dlna tip
11-29 03:15:21.117 I/hpplay-java( 2727): [AsyncTask #29]:SWI:lefp tip
11-29 03:15:21.117 I/hpplay-java( 2727): [AsyncTask #29]:Bridge:assembleInParameters none alias name use device name: 高合娱乐副屏
11-29 03:15:21.117 I/hpplay-java( 2727): [AsyncTask #29]:Feature:isSendAdvertisement
11-29 03:15:21.117 W/hpplay-java( 2727): NanoHTTPDServerRunnable:Communication with the client broken
11-29 03:15:21.117 W/hpplay-java( 2727): java.net.SocketException: Socket closed
11-29 03:15:21.117 W/hpplay-java( 2727): at java.net.PlainSocketImpl.socketAccept(PlainSocketImpl.java:213)
11-29 03:15:21.117 W/hpplay-java( 2727): at java.net.AbstractPlainSocketImpl.accept(AbstractPlainSocketImpl.java:451)
11-29 03:15:21.117 W/hpplay-java( 2727): at java.net.ServerSocket.implAccept(ServerSocket.java:547)
11-29 03:15:21.117 W/hpplay-java( 2727): at java.net.ServerSocket.accept(ServerSocket.java:515)
11-29 03:15:21.117 W/hpplay-java( 2727): at com.hpplay.nanohttpd.protocols.http.ServerRunnable.run(SourceFile:118)
11-29 03:15:21.117 W/hpplay-java( 2727): at java.lang.Thread.run(Thread.java:920)
11-29 03:15:21.117 I/hpplay-java( 2727): [AsyncTask #29]:Preference:checkFeature none
11-29 03:15:21.117 I/hpplay-java( 2727): NanoHTTPDNanoHTTPD:server is stoped
11-29 03:15:21.118 I/hpplay-java( 2727): NanoHTTPDNanoHTTPD:clear obj
11-29 03:15:21.118 I/hpplay-java( 2727): [AsyncTask #29]:Preference:checkFeature none
11-29 03:15:21.118 I/hpplay-java( 2727): [AsyncTask #29]:Bridge:backupHpplayDat bakPath:
11-29 03:15:21.118 I/hpplay-java( 2727): [AsyncTask #29]:Bridge:path:/data/user/0/com.hht.lebocast/files/hpplay/file/happyplay.dat
11-29 03:15:21.118 I/hpplay-java( 2727): [AsyncTask #29]:Bridge:mAppId:21409
11-29 03:15:21.118 I/hpplay-java( 2727): [AsyncTask #29]:Bridge:mode:3
11-29 03:15:21.118 I/hpplay-java( 2727): [AsyncTask #29]:Bridge:type:1
11-29 03:15:21.118 I/hpplay-java( 2727): [AsyncTask #29]:Bridge:SN:
11-29 03:15:21.118 I/hpplay-java( 2727): [AsyncTask #29]:Preference:checkFeature none
11-29 03:15:21.118 I/hpplay-java( 2727): [AsyncTask #29]:Bridge:backPath:
11-29 03:15:21.118 I/hpplay-java( 2727): [AsyncTask #29]:DeviceUtil:getPermissionDid: 1
11-29 03:15:21.118 I/hpplay-java( 2727): [AsyncTask #29]:DeviceUtil:getPermissionDid: 1
11-29 03:15:21.118 I/hpplay-java( 2727): [AsyncTask #29]:Preference:checkFeature none
11-29 03:15:21.118 I/hpplay-java( 2727): [AsyncTask #29]:Preference:checkFeature none
11-29 03:15:21.119 I/hpplay-java( 2727): [AsyncTask #29]:Preference:checkFeature none
11-29 03:15:21.119 I/hpplay-java( 2727): [AsyncTask #29]:Preference:checkFeature none
11-29 03:15:21.119 I/hpplay-java( 2727): [AsyncTask #29]:Preference:checkFeature none
11-29 03:15:21.119 I/hpplay-java( 2727): [AsyncTask #29]:Preference:checkFeature none
11-29 03:15:21.125 W/hpplay-java( 2727): [AsyncTask #13]:ServerBusiness:startDaemonBusiness start LelinkHTTPD sucess 52288
11-29 03:15:21.135 W/hpplay-java( 2727): [AsyncTask #29]:DeviceUtils:getDomain create lb domain
11-29 03:15:21.135 I/hpplay-java( 2727): [AsyncTask #29]:Feature:getMirrorAudioVideoSync DISABLE
11-29 03:15:21.135 I/hpplay-java( 2727): [AsyncTask #29]:Feature:checkSupportRedirectOtherApp,no set redirect api
11-29 03:15:21.135 I/hpplay-java( 2727): [AsyncTask #29]:Feature:getRedirectSearchFlag,value: 0
11-29 03:15:21.136 I/hpplay-java( 2727): [AsyncTask #29]:Bridge:mIn: InParameters{appInfo='0', appKey='21409', authMode=0, authPwd='null', broadcastDirection=0, broadcastState=1, broadcastTimeout=3, buildType='release', cacheAVPath='/data/user/0/com.hht.lebocast/cache/hpplay/av', cachePhotoPath='/data/user/0/com.hht.lebocast/cache/hpplay/image', channel='LEBO-APK--60146-25915', desPath='', , deviceName='高合娱乐副屏', dlna=1, dlnaCompany='null', dlnaCompanyURL='null', dlnaDeviceDescribe='null', dlnaDeviceName='null', dlnaDeviceURL='null', dlnaLelinkSwitch=1, dlnaManufacturer=0, dlnaName='高合娱乐副屏', dlnaUPC='', dlnaUUID='9a3efe89-9f9c-4c03-5733-764c69fc85a9', domain='Lebo-figure-469b5cc61395', drainage=0, feature='6655', fps=60, height=1080, host='null', , keyPath='/data/user/0/com.hht.lebocast/files/hpplay/file', lelinkfp=1, lelinkfp2=0, logBaseState=1, logPath='/storage/emulated/0/com.hht.lebocast/sink/sdk/common', , mdnsEnable=1, mirrorSyncType=0, netCastVer='2.0', packageName='com.hht.lebocast', packagePath='/data/user/0/com.hht.lebocast', permissionDid='46:9b:5c:c6:13:95', permissionMode=3, permissionPreSN='', port=0, preemptMode=0, regType='_leboremote._tcp.', serverPorts=null, sockWaitTimeOut=45, teleControlPort=53388, tunnels=3, txtKeys=null, txtValues=null, uid='5246338120930115427', videoFrameType=1001, width=1920}com.hpplay.sdk.sink.protocol.InParameters@fdd4baf
11-29 03:15:21.136 I/hpplay-java( 2727): [main]:Bridge:startServer state: 0
11-29 03:15:21.136 D/hpplay-base( 2727): [jniBridge:185] not conference version
11-29 03:15:21.137 I/hpplay-base( 2727): [jniBridge:241] 1initServer nSettingWidth=1920 nSettingHeight=1080 nSettingMaxFPS=60 dlnaEnable=1 lelinkFpEnable=1
11-29 03:15:21.137 D/hpplay-base( 2727): [jniBridge:283] 1initServer cfg.leLinkIp=10.1.1.100
11-29 03:15:21.137 D/hpplay-base( 2727): [jniBridge:286] 1initServer cfg.mPermissionMode=3
11-29 03:15:21.137 D/hpplay-base( 2727): [jniBridge:304] 1initServer cfg.permissionDid=46:9b:5c:c6:13:95000000000000000
11-29 03:15:21.137 D/hpplay-base( 2727): [jniBridge:313] 1initServer cfg.mPermissionPreSN=00000000000000000000000000000000
11-29 03:15:21.137 D/hpplay-base( 2727): [jniBridge:317] Bridge___1initServer status:0
11-29 03:15:21.137 I/hpplay-base( 2727): [jniBridge:325] 1initServer cfg.feature=6655
11-29 03:15:21.137 D/hpplay-base( 2727): [jniBridge:377] 1initServer isSendBroadCast=3
11-29 03:15:21.137 D/hpplay-base( 2727): [jniBridge:380] 1initServer broadcastDirection=0
11-29 03:15:21.137 D/hpplay-base( 2727): [jniBridge:382] 1initServer ipBroadcast direction=0
11-29 03:15:21.137 D/hpplay-base( 2727): [jniBridge:387] 1initServer tunnel=3
11-29 03:15:21.137 D/hpplay-base( 2727): [jniBridge:390] 1initServer drainage=0
11-29 03:15:21.137 D/hpplay-base( 2727): [jniBridge:401] 1initServer mDNSEnable=1
11-29 03:15:21.137 D/hpplay-base( 2727): [jniBridge:406] 1initServer nSockWaitTimeOut=45
11-29 03:15:21.137 D/hpplay-base( 2727): [jniBridge:410] 1initServer nMirrorAudioVideoSync=0
11-29 03:15:21.137 I/hpplay-base( 2727): [sign_check:168] checkSign strPackageName:com.hht.lebocast
11-29 03:15:21.137 I/hpplay-base( 2727): [sign_check:169] checkSign buildType:release
11-29 03:15:21.137 I/hpplay-base( 2727): [sign_check:170] checkSign appKey:21409
11-29 03:15:21.137 D/hpplay-base( 2727): [LelinkBase:405] bridgeInit port: 0, lelinkfp: 0
11-29 03:15:21.137 D/hpplay-base( 2727): [LelinkBase:462] bridgeInit mPackagePath =/data/user/0/com.hht.lebocast
11-29 03:15:21.137 D/hpplay-base( 2727): [LelinkBase:463] bridgeInit mKeyPath =/data/user/0/com.hht.lebocast/files/hpplay/file
11-29 03:15:21.137 D/hpplay-base( 2727): [SinkContext:97] initSinkContext mPackagePath =/data/user/0/com.hht.lebocast
11-29 03:15:21.137 D/hpplay-base( 2727): [SinkContext:98] initSinkContext mKeyPath =/data/user/0/com.hht.lebocast/files/hpplay/file
11-29 03:15:21.137 D/hpplay-base( 2727): [jniBridge:478] Java_com_hpplay_sdk_sink_protocol_Bridge__1initServer end
11-29 03:15:21.137 D/hpplay-base( 2727): [jniBridge:869] Bridge__1startServer status:1
11-29 03:15:21.137 D/hpplay-base( 2727): [LelinkBase:492] startAllServer at base
11-29 03:15:21.138 D/hpplay-base( 2727): [lelinkSinkServer:152] httpPlugins_SetServerPort TYPE_SERVER_LELINK:52266
11-29 03:15:21.138 D/hpplay-base( 2727): [network.c:362] protocol bind host :10.1.1.100 port:52266 curent bind port:52266
11-29 03:15:21.138 D/hpplay-base( 2727): [lelinkSinkServer:681] HTTP Server real at:52266
11-29 03:15:21.138 D/hpplay-base( 2727): [lelinkSinkServer:644] Connected Service Type:0
11-29 03:15:21.138 D/hpplay-base( 2727): [ScreenStream:1285] current bind port:7100
11-29 03:15:21.138 I/hpplay-base( 2727): : (server.c.315) startServer listen_ing....:
11-29 03:15:21.138 D/hpplay-base( 2727): [Server:371] startHttpServer srv_sockets.used:1 nCurrentFd:65, tid is 4814
11-29 03:15:21.138 D/hpplay-base( 2727): [LelinkBase:515] startAllServer pBaseContext->config.dlnaEnable:1
11-29 03:15:21.138 D/hpplay-base( 2727): [lelinkDlna:324] addDMRCallback end
11-29 03:15:21.138 D/hpplay-base( 2727): [stream_mirror_compat:759] compat mirror stream begin to run,server fd:66,thread_id:3275620800!!
11-29 03:15:21.139 E/hpplay-base-dlna( 2727): miniserver.c:788::dlna_port(ipv4: 49152 ipv6:0)
11-29 03:15:21.140 D/hpplay-base-dlna( 2727): [lebodlna-dlnaframe:166] succeed to load lebodlnaplugin
11-29 03:15:21.141 D/hpplay-base-dlna( 2727): [lebodlna-dlnaframe:232] Succeed to load specified plugin:lebodlna_plugin
11-29 03:15:21.141 D/hpplay-base( 2727): [lelinkDlna:328] startDLNAServer ret=0
11-29 03:15:21.141 D/hpplay-base( 2727): [LelinkBase:531] startDLNAServer ret= 0
11-29 03:15:21.141 D/hpplay-base( 2727): [lelinkDlna:342] setDMRFriendlyName 高合娱乐副屏
11-29 03:15:21.141 D/hpplay-base-dlna( 2727): [lebodlna-dlna_android:136] setBroadcastTimeout mBroadcastTimeOut=66 status=3!
11-29 03:15:21.141 D/hpplay-base-dlna( 2727): [lebodlna_api:32] start DMR
11-29 03:15:21.141 D/hpplay-base-dlna( 2727): [UpnpDefine:434] RegisterDMRender invalid lelink info
11-29 03:15:21.141 D/hpplay-base-dlna( 2727): [UpnpDefine:467] DLNA DEFAULT_DESCRIPTION
11-29 03:15:21.142 E/hpplay-base-dlna( 2727): upnpapi.c:1078::Exiting RegisterRootDevice2 *Hnd =1, return value == 0
11-29 03:15:21.142 D/hpplay-base-dlna( 2727): [CUpnpDevice:41] Register Root Device 2:0
11-29 03:15:21.142 D/hpplay-base-dlna( 2727): [UpnpDefine:794] ESDMRender:Register success
11-29 03:15:21.142 D/hpplay-base-dlna( 2727): [lebodlna_api:41] sendBroadcast mBroadcastTimeOut=3
11-29 03:15:21.142 D/hpplay-base-dlna( 2727): [lebodlna_api:44] sendBroadcast timeout=66
11-29 03:15:21.198 D/hpplay-base( 2727): [lelinkDlna:361] startDLNADevice dlnaManufacturer:0 ret=0
11-29 03:15:21.198 D/hpplay-base( 2727): [LelinkBase:535] lelinkSetDlnaInfo ret= 0
11-29 03:15:21.199 D/hpplay-base( 2727): [LelinkBase:547] startAllServer pBaseContext->config.mDNSEnable:1
11-29 03:15:21.199 D/hpplay-base( 2727): [base_mdns:509] mdns net.hostname:
11-29 03:15:21.199 D/hpplay-base( 2727): [base_mdns:529] mdns namelabel:-00-80-0F-74-31-00
11-29 03:15:21.200 D/hpplay-base( 2727): [base_mdns:509] mdns net.hostname:
11-29 03:15:21.200 D/hpplay-base( 2727): [base_mdns:529] mdns namelabel:-00-80-0F-74-31-00
11-29 03:15:21.200 D/hpplay-base( 2727): [mdns:813] mdns start bind port:0
11-29 03:15:21.202 D/hpplay-base( 2727): [mdns:813] mdns start bind port:5353
11-29 03:15:21.202 D/hpplay-base( 2727): [mdns:813] mdns start bind port:5353
11-29 03:15:21.202 D/hpplay-base( 2727): [mdns:813] mdns start bind port:5353
11-29 03:15:21.202 D/hpplay-base( 2727): [mdns:813] mdns start bind port:5353
11-29 03:15:21.202 D/hpplay-base( 2727): [mdns:813] mdns start bind port:5353
11-29 03:15:21.202 D/hpplay-base( 2727): [mdns:813] mdns start bind port:5353
11-29 03:15:21.203 D/hpplay-base( 2727): [mdns:813] mdns start bind port:5353
11-29 03:15:21.203 I/hpplay-base( 2727): [mDNSEmbeded:57] embedded_mDNSInit stopmDNSNow:0 status:0
11-29 03:15:21.203 D/hpplay-base( 2727): [mDNSEmbeded:436] startmDNSServer end nRet=0
11-29 03:15:21.203 D/hpplay-base( 2727): [LelinkBase:555] lelink broadcast_on_off:1 log2java_on_off:1
11-29 03:15:21.203 D/hpplay-base( 2727): [LelinkMDNS:729] leboAuthorizationCheck strUuid=46:9b:5c:c6:13:95000000000000000
11-29 03:15:21.203 D/hpplay-base( 2727): [LelinkMDNS:730] leboAuthorizationCheck mPermissionDid=46:9b:5c:c6:13:95000000000000000
11-29 03:15:21.203 D/hpplay-base( 2727): [LelinkMDNS:755] leboAuthorizationCheck mPermissionMac=46:9b:5c:c6:13:95000000000000000
11-29 03:15:21.203 D/hpplay-base( 2727): [AEventUtils:595] request to start event handle service!!
11-29 03:15:21.203 D/hpplay-base( 2727): [AEventUtils:603] start_event_handle_service,begin to run!!
11-29 03:15:21.203 D/hpplay-base( 2727): [REventUtils:210] start_event_handle_service,begin to run!!
11-29 03:15:21.204 I/hpplay-base( 2727): [mDNSEmbeded:268] start lelink publish server, tid is 4833
11-29 03:15:21.204 D/hpplay-base( 2727): [LelinkBase:576] startAllServer success .
11-29 03:15:21.204 D/hpplay-base( 2727): [jniBridge:894] startDlna_link:http://10.1.1.100:49152/description.xml
11-29 03:15:21.204 D/hpplay-base( 2727): [mDNSEmbeded:197] http_port bind check 197 http_port_check
11-29 03:15:21.204 D/hpplay-base( 2727): [jniBridge:1081] notifyJavaDlnalink:http://10.1.1.100:49152/description.xml
11-29 03:15:21.204 D/hpplay-base( 2727): [jniBridge:1726] notifyJava, what:207, castType:0, mimeType:0 baseStatus:2
11-29 03:15:21.204 D/hpplay-base( 2727): [AEventUtils:171] create handle AEvent thread ok!!,tid is 4835
11-29 03:15:21.205 D/hpplay-base( 2727): [jniBridge:1727] notifyJava sessionID:(null)
11-29 03:15:21.205 D/hpplay-base( 2727): [REventUtils:59] create handleREventThread thread ok!!,tid is 4836
11-29 03:15:21.206 D/hpplay-base( 2727): [mDNSEmbeded:217] http_port bind check 217 http_port_check
11-29 03:15:21.206 D/hpplay-base( 2727): [mDNSEmbeded:222] http_port bind check 222 http_port_check
11-29 03:15:21.207 I/hpplay-java( 2727): [Thread-71]:Bridge:notify: what: 207
11-29 03:15:21.209 D/hpplay-base( 2727): [mDNSEmbeded:234] http_port bind check 234 http_port_check port:52266
11-29 03:15:21.209 D/hpplay-base( 2727): [mDNSEmbeded:237] http_port bind check 237 http_port_check
11-29 03:15:21.210 I/hpplay-java( 2727): [Thread-71]:Bridge:notify: out: OutParameters:{audioSessionId=-1, audiotrackIndex=0, castHandleType=-1, castType=0, deviceName='http://10.1.1.100:49152/description.xml', dlnaName='', dramaID='', extra=0, frameHandleType=-1, handleInside=true, headduration=0, header='', headers=null, isAD=false, isMultiMirror=false, lelinkVer='', limitTime=0, , mediaAlbum='null', mediaAlbumArtURI='', mediaArtist='null', mediaAssets='', mediaTitle='null', mimeType=0, multiSession=null, period=0, pinCode='', playSpeed=0.0, playerChoice=0, plugin=0, port=0, position=0.0, positionUnit=2, protocol=0, realSessionID='', regType='', , sinkIp='', sourceAPPVersion='', sourceChannel='', sourceClientInfo='', sourceDeviceInfo='', sourceDeviceModel='', sourceDeviceName='', sourceDeviceType=0, sourceHID='', , sourceInfo='', , , sourceOSVersion='', sourceSDKVersion='', sourceUid='', stopDetail=0, stopReason=0, tailduration=0, url='', urlID='', urls=null, userAgent='', videoDecoder=0, volume=0, what=207}com.hpplay.sdk.sink.protocol.OutParameters@6017378
11-29 03:15:21.210 D/hpplay-base( 2727): [lelinkSinkServer:93] new client connection from 127.0.0.1 39115, fd=128
11-29 03:15:21.210 D/hpplay-base( 2727): [SinkContext:137] addSinkContextSession,begin to run!!
11-29 03:15:21.210 D/hpplay-base( 2727): [SinkContext:142] addSinkContextSession,begin to get lock!!
11-29 03:15:21.210 D/hpplay-base( 2727): [SinkContext:144] addSinkContextSession,get lock ok!!
11-29 03:15:21.210 D/hpplay-base( 2727): [SinkContext:149] addSinkContextSession,session list is null,begin to malloc!!
11-29 03:15:21.210 I/hpplay-java( 2727): [Thread-71]:Bridge:notify: address:110946897
11-29 03:15:21.211 D/hpplay-base( 2727): [SinkContext:156] addSinkContextSession,begin to update!!
11-29 03:15:21.211 D/hpplay-base( 2727): [SinkContext:160] addSinkContextSession,begin to update header!!
11-29 03:15:21.211 D/hpplay-base( 2727): [SinkContext:172] addSinkContextSession,begin to unlock!!
11-29 03:15:21.211 D/hpplay-base( 2727): [SinkContext:174] addSinkContextSession,unlock ok!!
11-29 03:15:21.211 D/hpplay-base( 2727): [LelinkReceiver:4908] get ping !!!
11-29 03:15:21.211 D/hpplay-base( 2727): [mDNSEmbeded:240] http_port bind check 240 http_port_check recieved:64
11-29 03:15:21.211 D/hpplay-base( 2727): [mDNSEmbeded:243] http_port bind check 243 http_port_check
11-29 03:15:21.211 D/hpplay-base( 2727): [mDNSEmbeded:244] http_port bind check ok!
11-29 03:15:21.216 D/hpplay-base( 2727): [LelinkMDNS:766] devicePermissionPublic leboPermissionCheck:-2
11-29 03:15:21.216 D/hpplay-base( 2727): [jniBridge:1125] com_hpplay_sdk_sink_protocol_Bridge_WHAT_SERVER_ERROR
11-29 03:15:21.216 D/hpplay-base( 2727): [jniBridge:1726] notifyJava, what:204, castType:0, mimeType:0 baseStatus:2
11-29 03:15:21.216 D/hpplay-base( 2727): [jniBridge:1727] notifyJava sessionID:(null)
11-29 03:15:21.217 I/hpplay-java( 2727): [Thread-72]:Bridge:notify: what: 204
11-29 03:15:21.218 I/hpplay-java( 2727): [Thread-72]:Bridge:notify: out: OutParameters:{audioSessionId=-1, audiotrackIndex=0, castHandleType=-1, castType=0, deviceName='', dlnaName='', dramaID='', extra=-2002, frameHandleType=-1, handleInside=true, headduration=0, header='', headers=null, isAD=false, isMultiMirror=false, lelinkVer='', limitTime=0, , mediaAlbum='null', mediaAlbumArtURI='', mediaArtist='null', mediaAssets='', mediaTitle='null', mimeType=0, multiSession=null, period=0, pinCode='', playSpeed=0.0, playerChoice=0, plugin=0, port=0, position=0.0, positionUnit=2, protocol=0, realSessionID='', regType='', , sinkIp='', sourceAPPVersion='', sourceChannel='', sourceClientInfo='', sourceDeviceInfo='', sourceDeviceModel='', sourceDeviceName='', sourceDeviceType=0, sourceHID='', , sourceInfo='', , , sourceOSVersion='', sourceSDKVersion='', sourceUid='', stopDetail=0, stopReason=0, tailduration=0, url='', urlID='', urls=null, userAgent='', videoDecoder=0, volume=0, what=204}com.hpplay.sdk.sink.protocol.OutParameters@bdaa2b6
11-29 03:15:21.218 I/hpplay-java( 2727): [Thread-72]:Bridge:notify: address:141487031
11-29 03:15:21.218 I/hpplay-base( 2727): [mDNSEmbeded:79] embedded_mDNSLoop stopmDNSNow:0 nPublish:-2 nExitFlag:6 tid is 4832
11-29 03:15:21.219 I/hpplay-java( 2727): [main]:Bridge:findServiceID start out: 141487031
11-29 03:15:21.219 I/hpplay-java( 2727): [main]:Bridge:findServiceID end
11-29 03:15:21.219 E/hpplay-java( 2727): [main]:ServerTaskManager:onError 204/-2002 com.hht.lebocast.LelinkHelper$e@d987030
11-29 03:15:21.219 I/hpplay-java( 2727): [main]:ServerTaskManager:cancelTimeOutCheck
11-29 03:15:21.220 W/hpplay-java( 2727): [main]:ServerTaskManager:onErrorDispatcher errorCode:-2002
11-29 03:15:21.220 I/hpplay-java( 2727): [main]:ServerTaskManager:onError retry later
11-29 03:15:21.223 W/hpplay-java( 2727): [AsyncTask #10]:HttpRequest:
11-29 03:15:21.224 W/hpplay-java( 2727): [AsyncTask #10]:HttpRequest:
11-29 03:15:21.225 W/hpplay-java( 2727): [AsyncTask #10]:HttpRequest:
11-29 03:15:21.412 I/hpplay-base( 2727): [LelinkReceiver:14605] _connectionFinalize (128)
11-29 03:15:21.412 D/hpplay-base( 2727): [LelinkReceiver:14752] ###connectionFinalize,release ok!!###
11-29 03:15:21.847 I/mpu_uart( 647): [MSG-P:RECV]:No message received in 1000 ms
11-29 03:15:21.907 I/auditd ( 0): type=1400 audit(0.0:324): avc: denied { kill } for comm="swapper/3" capability=5 scontext=u:r:kernel:s0 tcontext=u:r:kernel:s0 tclass=capability permissive=0
11-29 03:15:21.907 W/swapper/3( 0): type=1400 audit(0.0:324): avc: denied { kill } for capability=5 scontext=u:r:kernel:s0 tcontext=u:r:kernel:s0 tclass=capability permissive=0
11-29 03:15:22.052 I/selfinstaller( 1200): create socket failed: No route to host 113
11-29 03:15:22.089 I/hpplay-java( 2727): [main]:Upgrade:upgrade not be allowed
11-29 03:15:22.847 I/mpu_uart( 647): [MSG-P:RECV]:No message received in 1000 ms
11-29 03:15:22.907 I/auditd ( 0): type=1400 audit(0.0:325): avc: denied { kill } for comm="swapper/3" capability=5 scontext=u:r:kernel:s0 tcontext=u:r:kernel:s0 tclass=capability permissive=0
11-29 03:15:22.907 W/swapper/3( 0): type=1400 audit(0.0:325): avc: denied { kill } for capability=5 scontext=u:r:kernel:s0 tcontext=u:r:kernel:s0 tclass=capability permissive=0
11-29 03:15:23.127 I/hpplay-java( 2727): [main]:ServerBusiness:get deviceCode:
11-29 03:15:23.128 W/hpplay-java( 2727): [main]:ServerBusiness:startDeviceService ignore,invalid deviceCode
11-29 03:15:23.423 W/hpplay-java( 2727): [AsyncTask #4]:HttpRequest:
11-29 03:15:23.425 D/NetworkMonitor/100( 2199): isDataStall: result=1, tcp packets received=0, latest tcp fail rate=-1, consecutive dns timeout count=31
11-29 03:15:23.425 W/hpplay-java( 2727): [AsyncTask #4]:HttpRequest:
11-29 03:15:23.425 D/NetworkMonitor/100( 2199): Suspecting data stall, reevaluate
11-29 03:15:23.425 D/ConnectivityService( 1496): Data stall detected with methods: 1
11-29 03:15:23.426 W/hpplay-java( 2727): [AsyncTask #4]:HttpRequest:
11-29 03:15:23.428 D/NetworkMonitor/100( 2199): Validation disabled.
11-29 03:15:23.435 D/ConnectivityService( 1496): [100 WIFI] validation passed
11-29 03:15:23.645 D/DhcpClient( 2199): Received packet: 32:b6:78:8d:07:94 ACK: your new IP /10.1.1.108, netmask /255.255.255.0, gateways [/10.1.1.1] DNS servers: /10.1.1.1 , lease time 30
11-29 03:15:23.848 I/mpu_uart( 647): [MSG-P:RECV]:No message received in 1000 ms
11-29 03:15:23.888 I/mpu_uart( 647): [MSG-P:R]:recv sync frame timeout
11-29 03:15:23.907 I/auditd ( 0): type=1400 audit(0.0:326): avc: denied { kill } for comm="swapper/3" capability=5 scontext=u:r:kernel:s0 tcontext=u:r:kernel:s0 tclass=capability permissive=0
11-29 03:15:23.907 W/swapper/3( 0): type=1400 audit(0.0:326): avc: denied { kill } for capability=5 scontext=u:r:kernel:s0 tcontext=u:r:kernel:s0 tclass=capability permissive=0
11-29 03:15:24.221 I/hpplay-java( 2727): [main]:ServerTaskManager:restart by error
11-29 03:15:24.221 I/hpplay-java( 2727): [main]:ServerTaskManager:startServer
11-29 03:15:24.221 I/hpplay-java( 2727): [main]:ServerTaskManager:startServer add, reason: server is starting or running
11-29 03:15:24.221 I/hpplay-java( 2727): [main]:ServerTaskManager:addStopTask
11-29 03:15:24.221 I/hpplay-java( 2727): [main]:ServerTaskManager:addStartTask
11-29 03:15:24.222 I/hpplay-java( 2727): [main]:ServerTaskManager:exeTask stopServer
11-29 03:15:24.222 I/hpplay-java( 2727): [main]:Bridge:stopServer keepPush: false
11-29 03:15:24.222 D/hpplay-base( 2727): [jniBridge:909] Bridge__1stopServer status:2
11-29 03:15:24.223 D/hpplay-base( 2727): [LelinkBase:654] stopAllServer will start thread!
11-29 03:15:24.223 D/hpplay-base( 2727): [AEventUtils:588] handle AEvent thread end!!,tid is 4835
11-29 03:15:24.223 D/hpplay-base( 2727): [REventUtils:197] handleREventThread thread end!!,tid is 4836
11-29 03:15:24.224 I/hpplay-base( 2727): [mDNSEmbeded:65] embedded_mDNSExit call
11-29 03:15:24.243 D/hpplay-base( 2727): [stream_mirror_compat:1284] mirror stream begin to exit,server fd:66,thread_id:3275620800!!
11-29 03:15:24.244 D/hpplay-base( 2727): [stream_mirror_compat:1323] ##screen stream exit successfully!!##
11-29 03:15:24.413 D/hpplay-base( 2727): [Server:447] startHttpServer will END srv->serverType:0
11-29 03:15:24.414 D/hpplay-base( 2727): [Server:646] startHttpServer cond srv_shutdown:1 connectNummber:0
11-29 03:15:24.414 D/hpplay-base( 2727): [Server:669] startHttpServer wait cond END. srv_shutdown:1 connectNummber:0
11-29 03:15:24.414 D/hpplay-base( 2727): [Server:457] HttpServer END, tid is 4814
11-29 03:15:24.478 I/hpplay-base( 2727): [mDNSEmbeded:140] embedded_mDNSLoop Exiting end,tid is 4832
11-29 03:15:24.478 D/hpplay-base( 2727): [mDNSEmbeded:452] stopmDNSServer end stopmDNSNow=2, nRet=0
11-29 03:15:24.701 I/hpplay-base( 2727): [mDNSEmbeded:376] end lelink publish server, tid is 4833
11-29 03:15:24.702 D/hpplay-base( 2727): [mDNSEmbeded:420] stopmLelinkServer end nRet=0
11-29 03:15:24.702 D/hpplay-base( 2727): [LelinkBase:615] lebodlna stopServerThreadFunc dlnaEnable:1
11-29 03:15:24.702 D/hpplay-base-dlna( 2727): [lebodlna_api:49] stop DMR
11-29 03:15:24.702 D/hpplay-base-dlna( 2727): [lebodlna_api:344] m_pRender Release
11-29 03:15:24.759 D/hpplay-base-dlna( 2727): [UpnpDefine:867] DMRender release success
11-29 03:15:24.759 D/hpplay-base-dlna( 2727): [lebodlna_api:352] m_pAVT Release
11-29 03:15:24.759 D/hpplay-base-dlna( 2727): [lebodlna_api:360] m_pRCS Release
11-29 03:15:24.759 D/hpplay-base-dlna( 2727): [lebodlna_api:365] dmrender destroydmr
11-29 03:15:24.848 I/mpu_uart( 647): [MSG-P:RECV]:No message received in 1000 ms
11-29 03:15:24.907 I/auditd ( 0): type=1400 audit(0.0:327): avc: denied { kill } for comm="swapper/3" capability=5 scontext=u:r:kernel:s0 tcontext=u:r:kernel:s0 tclass=capability permissive=0
11-29 03:15:24.907 W/swapper/3( 0): type=1400 audit(0.0:327): avc: denied { kill } for capability=5 scontext=u:r:kernel:s0 tcontext=u:r:kernel:s0 tclass=capability permissive=0
11-29 03:15:25.060 D/hpplay-base-dlna( 2727): [lebodlna-dlna_android:186] stopDLNA
11-29 03:15:25.060 D/hpplay-base-dlna( 2727): [lebodlna-dlna_android:189] dlnaservice destroy
11-29 03:15:25.060 D/hpplay-base-dlna( 2727): [lebodlna-dlna_android:49] dlnaservice Destroy 49 int CDlnaService::Destroy()
11-29 03:15:25.060 D/hpplay-base-dlna( 2727): [lebodlna-dlnaframe:245] dlnaservice Destroy 245 static ERROR_TYPE IDlnaFrame::DestroyDlnaFrame(IDlnaFrame *)
11-29 03:15:25.060 D/hpplay-base-dlna( 2727): [lebodlna-dlnaframe:179] dlnaservice Destroy 179 virtual void CDlnaFrame::Release()
11-29 03:15:25.060 D/hpplay-base-dlna( 2727): [lebodlna-dlnaframe:190] dlnaservice Destroy 190 virtual void CDlnaFrame::Release()
11-29 03:15:25.060 D/hpplay-base-dlna( 2727): [lebodlna-dlnaframe:192] dlnaservice Destroy 192 virtual void CDlnaFrame::Release()
11-29 03:15:25.060 D/hpplay-base-dlna( 2727): [lebodlna-dlnaframe:247] dlnaservice Destroy 247 static ERROR_TYPE IDlnaFrame::DestroyDlnaFrame(IDlnaFrame *)
11-29 03:15:25.060 D/hpplay-base-dlna( 2727): [lebodlna-dlnaframe:251] dlnaservice Destroy 251 static ERROR_TYPE IDlnaFrame::DestroyDlnaFrame(IDlnaFrame *)
11-29 03:15:25.064 E/hpplay-base-dlna( 2727): upnpapi.c:655::before gminiserver ThreadPoolShutdown
11-29 03:15:25.064 E/hpplay-base-dlna( 2727): ThreadPool.c:1047::on ThreadPoolShutdown tp->totalThreads:3
11-29 03:15:25.064 E/hpplay-base-dlna( 2727): ThreadPool.c:1047::on ThreadPoolShutdown tp->totalThreads:2
11-29 03:15:25.065 E/hpplay-base-dlna( 2727): ThreadPool.c:1056::after ThreadPoolShutdown
11-29 03:15:25.065 E/hpplay-base-dlna( 2727): ThreadPool.c:1057::ThreadPoolShutdown tp->totalThreads:0
11-29 03:15:25.065 E/hpplay-base-dlna( 2727): upnpapi.c:657::after gminiserver ThreadPoolShutdown
11-29 03:15:25.065 E/hpplay-base-dlna( 2727): upnpapi.c:659::before grecv ThreadPoolShutdown
11-29 03:15:25.066 E/hpplay-base-dlna( 2727): ThreadPool.c:1047::on ThreadPoolShutdown tp->totalThreads:12
11-29 03:15:25.066 E/hpplay-base-dlna( 2727): ThreadPool.c:1047::on ThreadPoolShutdown tp->totalThreads:11
11-29 03:15:25.066 E/hpplay-base-dlna( 2727): ThreadPool.c:1047::on ThreadPoolShutdown tp->totalThreads:10
11-29 03:15:25.067 E/hpplay-base-dlna( 2727): ThreadPool.c:1056::after ThreadPoolShutdown
11-29 03:15:25.068 E/hpplay-base-dlna( 2727): ThreadPool.c:1057::ThreadPoolShutdown tp->totalThreads:0
11-29 03:15:25.068 E/hpplay-base-dlna( 2727): upnpapi.c:661::after grecv ThreadPoolShutdown
11-29 03:15:25.068 E/hpplay-base-dlna( 2727): upnpapi.c:663::before gsend ThreadPoolShutdown
11-29 03:15:25.068 E/hpplay-base-dlna( 2727): ThreadPool.c:1047::on ThreadPoolShutdown tp->totalThreads:3
11-29 03:15:25.068 E/hpplay-base-dlna( 2727): ThreadPool.c:1047::on ThreadPoolShutdown tp->totalThreads:1
11-29 03:15:25.068 E/hpplay-base-dlna( 2727): ThreadPool.c:1056::after ThreadPoolShutdown
11-29 03:15:25.068 E/hpplay-base-dlna( 2727): ThreadPool.c:1057::ThreadPoolShutdown tp->totalThreads:0
11-29 03:15:25.068 E/hpplay-base-dlna( 2727): upnpapi.c:665::after gsend ThreadPoolShutdown
11-29 03:15:25.069 D/hpplay-base-dlna( 2727): [lebodlna-dlnaframe:253] dlnaservice Destroy 253 static ERROR_TYPE IDlnaFrame::DestroyDlnaFrame(IDlnaFrame *)
11-29 03:15:25.069 D/hpplay-base-dlna( 2727): [lebodlna-dlna_android:51] dlnaservice Destroy 51 int CDlnaService::Destroy()
11-29 03:15:25.069 D/hpplay-base-dlna( 2727): [lebodlna-dlna_android:194] stopDLNA end
11-29 03:15:25.369 D/hpplay-base( 2727): [stream_mirror_compat:1489] request to stop screen stream session!!
11-29 03:15:25.369 D/hpplay-base( 2727): [AEventUtils:625] begin to stop event handle service!!
11-29 03:15:25.369 D/hpplay-base( 2727): [AEventUtils:628] stop event handle service ok!!
11-29 03:15:25.369 D/hpplay-base( 2727): [REventUtils:231] begin to stop report handle service!!
11-29 03:15:25.369 D/hpplay-base( 2727): [REventUtils:234] stop report handle service ok!!
11-29 03:15:25.370 D/hpplay-base( 2727): [lelinkSinkServer:711] HTTP Server stopSinkServer End .
11-29 03:15:25.370 D/hpplay-base( 2727): [jniBridge:1135] notifyJavaServerStoped
11-29 03:15:25.370 D/hpplay-base( 2727): [jniBridge:1726] notifyJava, what:202, castType:0, mimeType:0 baseStatus:4
11-29 03:15:25.370 D/hpplay-base( 2727): [jniBridge:1727] notifyJava sessionID:(null)
11-29 03:15:25.371 I/hpplay-java( 2727): [Thread-73]:Bridge:notify: what: 202
11-29 03:15:25.373 I/hpplay-java( 2727): [Thread-73]:Bridge:notify: out: OutParameters:{audioSessionId=-1, audiotrackIndex=0, castHandleType=-1, castType=0, deviceName='', dlnaName='', dramaID='', extra=0, frameHandleType=-1, handleInside=true, headduration=0, header='', headers=null, isAD=false, isMultiMirror=false, lelinkVer='', limitTime=0, , mediaAlbum='null', mediaAlbumArtURI='', mediaArtist='null', mediaAssets='', mediaTitle='null', mimeType=0, multiSession=null, period=0, pinCode='', playSpeed=0.0, playerChoice=0, plugin=0, port=0, position=0.0, positionUnit=2, protocol=0, realSessionID='', regType='', , sinkIp='', sourceAPPVersion='', sourceChannel='', sourceClientInfo='', sourceDeviceInfo='', sourceDeviceModel='', sourceDeviceName='', sourceDeviceType=0, sourceHID='', , sourceInfo='', , , sourceOSVersion='', sourceSDKVersion='', sourceUid='', stopDetail=0, stopReason=0, tailduration=0, url='', urlID='', urls=null, userAgent='', videoDecoder=0, volume=0, what=202}com.hpplay.sdk.sink.protocol.OutParameters@9964f24
11-29 03:15:25.373 I/hpplay-java( 2727): [Thread-73]:Bridge:notify: address:183818893
11-29 03:15:25.373 D/hpplay-base( 2727): [LelinkBase:645] stopServerThreadFunc notifyJavaServerStoped!
11-29 03:15:25.374 I/hpplay-java( 2727): [main]:ServerTaskManager:startTimeOutCheck
11-29 03:15:25.374 I/hpplay-java( 2727): [main]:ServerBusiness:stopDaemonBusiness
11-29 03:15:25.374 I/hpplay-java( 2727): [main]:SinkDataReport:logout
11-29 03:15:25.375 I/hpplay-java( 2727): [main]:EPControl:release
11-29 03:15:25.378 W/hpplay-java( 2727): [AsyncTask #6]:HttpRequest:
11-29 03:15:25.378 I/hpplay-java( 2727): [main]:Dispatcher:notifyAllReverseControlsStop
11-29 03:15:25.378 I/hpplay-java( 2727): [main]:Preference:checkFeature none
11-29 03:15:25.378 I/hpplay-java( 2727): [main]:Dispatcher:notifyAllUIControlsStop set: []
11-29 03:15:25.379 I/hpplay-java( 2727): [main]:Bridge:findServiceID start out: 183818893
11-29 03:15:25.379 I/hpplay-java( 2727): [main]:Bridge:findServiceID end
11-29 03:15:25.379 W/hpplay-java( 2727): NanoHTTPDServerRunnable:Communication with the client broken
11-29 03:15:25.379 W/hpplay-java( 2727): java.net.SocketException: Socket closed
11-29 03:15:25.379 W/hpplay-java( 2727): at java.net.PlainSocketImpl.socketAccept(PlainSocketImpl.java:213)
11-29 03:15:25.379 W/hpplay-java( 2727): at java.net.AbstractPlainSocketImpl.accept(AbstractPlainSocketImpl.java:451)
11-29 03:15:25.379 W/hpplay-java( 2727): at java.net.ServerSocket.implAccept(ServerSocket.java:547)
11-29 03:15:25.379 W/hpplay-java( 2727): at java.net.ServerSocket.accept(ServerSocket.java:515)
11-29 03:15:25.379 W/hpplay-java( 2727): at com.hpplay.nanohttpd.protocols.http.ServerRunnable.run(SourceFile:118)
11-29 03:15:25.379 W/hpplay-java( 2727): at java.lang.Thread.run(Thread.java:920)
11-29 03:15:25.379 I/hpplay-java( 2727): [main]:ServerTaskManager:onStop retry:true
11-29 03:15:25.379 I/hpplay-java( 2727): NanoHTTPDNanoHTTPD:server is stoped
11-29 03:15:25.379 W/hpplay-java( 2727): [AsyncTask #6]:HttpRequest:
11-29 03:15:25.379 I/hpplay-java( 2727): [main]:ServerTaskManager:cancelTimeOutCheck
11-29 03:15:25.379 I/hpplay-java( 2727): NanoHTTPDNanoHTTPD:clear obj
11-29 03:15:25.380 W/hpplay-java( 2727): [AsyncTask #6]:HttpRequest:
11-29 03:15:25.380 I/hpplay-java( 2727): [AsyncTask #6]:GlideCreator:clearCache clearDiskCache
11-29 03:15:25.380 I/hpplay-java( 2727): [main]:IPManager:getActiveNets type: WIFI
11-29 03:15:25.380 I/hpplay-java( 2727): [main]:IPManager:getActiveNets eth0:false wifi:true mobile:false ap:false
11-29 03:15:25.380 I/hpplay-java( 2727): [main]:IPManager:getIPAddress IP_WLAN0
11-29 03:15:25.383 I/hpplay-java( 2727): [main]:IPManager:updateIPAddress getIPAddress: 192.168.4.16 name:vlan4
11-29 03:15:25.383 I/hpplay-java( 2727): [main]:IPManager:updateIPAddress getIPAddress: 10.1.1.100 name:wlan0
11-29 03:15:25.383 I/hpplay-java( 2727): [main]:IPManager:updateIPAddress getIPAddress: 192.168.8.16 name:vlan8
11-29 03:15:25.383 I/hpplay-java( 2727): [main]:IPManager:updateIPAddress getIPAddress: 192.168.11.16 name:vlan11
11-29 03:15:25.383 I/hpplay-java( 2727): [main]:IPManager:updateIPAddress getIPAddress: 192.168.0.16 name:vlan0
11-29 03:15:25.383 I/hpplay-java( 2727): [main]:IPManager:updateIPAddress getIPAddress: 192.168.2.16 name:vlan2
11-29 03:15:25.383 I/hpplay-java( 2727): [main]:IPManager:updateIPAddress getIPAddress: 192.168.1.16 name:vlan1
11-29 03:15:25.384 I/hpplay-java( 2727): [main]:ServerTaskManager:exeTask startServer
11-29 03:15:25.384 I/hpplay-java( 2727): [main]:ServerTaskManager:startTimeOutCheck
11-29 03:15:25.384 I/hpplay-java( 2727): [AsyncTask #23]:ServerBusiness:startDaemonBusiness
11-29 03:15:25.384 I/hpplay-java( 2727): [AsyncTask #18]:Bridge:assembleInParameters
11-29 03:15:25.385 I/hpplay-java( 2727): [AsyncTask #23]:TimeOutCheckUtil:addTask id:upgrade
11-29 03:15:25.385 I/hpplay-java( 2727): [AsyncTask #23]:TimeOutCheckUtil:addTask id:ijkupgrade
11-29 03:15:25.385 I/hpplay-java( 2727): [AsyncTask #18]:Bridge:createDeviceId deviceId:YTg6OWE6Mzc6NDA6OGE6NTU=
11-29 03:15:25.386 I/hpplay-java( 2727): [AsyncTask #18]:IPManager:getActiveNets type: WIFI
11-29 03:15:25.386 I/hpplay-java( 2727): [AsyncTask #18]:IPManager:getActiveNets eth0:false wifi:true mobile:false ap:false
11-29 03:15:25.386 I/hpplay-java( 2727): [AsyncTask #18]:IPManager:getIPAddress IP_WLAN0
11-29 03:15:25.386 I/hpplay-java( 2727): [AsyncTask #18]:Preference:checkFeature none
11-29 03:15:25.386 I/hpplay-java( 2727): [AsyncTask #18]:SWI:dlna tip
11-29 03:15:25.386 I/hpplay-java( 2727): NanoHTTPDNanoHTTPD:server is started
11-29 03:15:25.386 I/hpplay-java( 2727): [AsyncTask #18]:SWI:lefp tip
11-29 03:15:25.387 I/hpplay-java( 2727): [AsyncTask #18]:Bridge:assembleInParameters none alias name use device name: 高合娱乐副屏
11-29 03:15:25.387 I/hpplay-java( 2727): [AsyncTask #18]:Feature:isSendAdvertisement
11-29 03:15:25.387 I/hpplay-java( 2727): [AsyncTask #18]:Preference:checkFeature none
11-29 03:15:25.387 I/hpplay-java( 2727): [AsyncTask #18]:Preference:checkFeature none
11-29 03:15:25.387 I/hpplay-java( 2727): [AsyncTask #18]:Bridge:backupHpplayDat bakPath:
11-29 03:15:25.387 I/hpplay-java( 2727): [AsyncTask #18]:Bridge:path:/data/user/0/com.hht.lebocast/files/hpplay/file/happyplay.dat
11-29 03:15:25.387 I/hpplay-java( 2727): [AsyncTask #18]:Bridge:mAppId:21409
11-29 03:15:25.387 I/hpplay-java( 2727): [AsyncTask #18]:Bridge:mode:3
11-29 03:15:25.388 I/hpplay-java( 2727): [AsyncTask #18]:Bridge:type:1
11-29 03:15:25.388 I/hpplay-java( 2727): [AsyncTask #18]:Bridge:SN:
11-29 03:15:25.388 I/hpplay-java( 2727): [AsyncTask #18]:Preference:checkFeature none
11-29 03:15:25.388 I/hpplay-java( 2727): [AsyncTask #18]:Bridge:backPath:
11-29 03:15:25.388 I/hpplay-java( 2727): [AsyncTask #18]:DeviceUtil:getPermissionDid: 1
11-29 03:15:25.388 I/hpplay-java( 2727): [AsyncTask #18]:DeviceUtil:getPermissionDid: 1
11-29 03:15:25.388 I/hpplay-java( 2727): [AsyncTask #18]:Preference:checkFeature none
11-29 03:15:25.388 I/hpplay-java( 2727): [AsyncTask #18]:Preference:checkFeature none
11-29 03:15:25.388 I/hpplay-java( 2727): [AsyncTask #18]:Preference:checkFeature none
11-29 03:15:25.388 I/hpplay-java( 2727): [AsyncTask #18]:Preference:checkFeature none
11-29 03:15:25.388 I/hpplay-java( 2727): [AsyncTask #18]:Preference:checkFeature none
11-29 03:15:25.388 I/hpplay-java( 2727): [AsyncTask #18]:Preference:checkFeature none
11-29 03:15:25.396 W/hpplay-java( 2727): [AsyncTask #23]:ServerBusiness:startDaemonBusiness start LelinkHTTPD sucess 52288
11-29 03:15:25.405 W/hpplay-java( 2727): [AsyncTask #18]:DeviceUtils:getDomain create lb domain
11-29 03:15:25.406 I/hpplay-java( 2727): [AsyncTask #18]:Feature:getMirrorAudioVideoSync DISABLE
11-29 03:15:25.406 I/hpplay-java( 2727): [AsyncTask #18]:Feature:checkSupportRedirectOtherApp,no set redirect api
11-29 03:15:25.406 I/hpplay-java( 2727): [AsyncTask #18]:Feature:getRedirectSearchFlag,value: 0
