11-29 03:19:03.959 W/InputManager-JNI( 1496): Input channel object '8b3f093 com.android.systemui/com.android.systemui.usb.UsbDebuggingActivity (client)' was disposed without first being removed with the input manager!
11-29 03:19:04.012 W/System ( 1496): A resource failed to call close.
11-29 03:19:04.026 I/GameMode_ActivityMonitoringService( 3709): onTaskStackChanged
11-29 03:19:04.031 I/GameMode_ActivityMonitoringService( 3709): Updating top task to: TaskInfoContainer [topActivity=ComponentInfo{com.android.launcher3/com.android.launcher3.uioverrides.QuickstepLauncher}, taskId=264, stackId=263, userId=0, displayId=0, position=6
11-29 03:19:04.032 I/GameMode_ActivityMonitoringService( 3709): Notifying about top task: TaskInfoContainer [topActivity=ComponentInfo{com.android.launcher3/com.android.launcher3.uioverrides.QuickstepLauncher}, taskId=264, stackId=263, userId=0, displayId=0, position=6
11-29 03:19:04.032 E/GameMode_ActivityMonitoringService( 3709): onActivityLaunch:com.android.launcher3
11-29 03:19:04.033 V/GameMode_GameTypeUtils( 3709): judge isGame:com.android.launcher3
11-29 03:19:04.033 V/GameMode_GpuUtils( 3709): fps:60
11-29 03:19:04.036 D/GameMode_GameModeActionUtils( 3709): Show GameMode entry by service!
11-29 03:19:04.037 W/ContextImpl( 3709): Calling a method in the system process without a qualified user: android.app.ContextImpl.startService:1816 android.content.ContextWrapper.startService:774 com.thundercomm.gamemode.ingame.services.GameModeActionUtils.startGameModeService:93 com.thundercomm.gamemode.ingame.services.GameModeActionUtils.startGameModeEntry:21 com.thundercomm.gamemode.ingame.services.ActivityMonitoringService$1.onActivityLaunch:127
11-29 03:19:04.040 D/GameModeIF_GameModeSettings( 3709): getUriFor setting_content_uri_root = content://com.thundercomm.gamemode.api/gamemode_settings , name = gamemode_isgaming
11-29 03:19:04.041 D/GameMode_GameModeService( 3709): type=hide_entry
11-29 03:19:04.045 I/GameModeConfig( 1496): Current uri is uri = content://com.thundercomm.gamemode.api/gamemode_settings/gamemode_isgaming
11-29 03:19:04.045 D/GameModeIF_GameModeSettings( 1496): getUriFor setting_content_uri_root = content://com.thundercomm.gamemode.api/gamemode_settings , name = gamemode_isgaming
11-29 03:19:04.046 D/GameMode_GameSettingsObserver( 3709): Game Data change!!!! uri = content://com.thundercomm.gamemode.api/gamemode_settings/gamemode_isgaming
11-29 03:19:04.046 D/GameModeIF_GameModeSettings( 3709): getUriFor setting_content_uri_root = content://com.thundercomm.gamemode.api/gamemode_settings , name = gamemode_isgaming
11-29 03:19:04.048 I/GameModeConfig( 1496): isGameModeOn = false
11-29 03:19:04.048 I/GameModeConfig( 1496): isGameModeOn = false
11-29 03:19:04.048 I/GameModeConfig( 1496): isDisableVoice = true
11-29 03:19:04.049 D/GameMode_GameModeService( 3709): updateGlobalSettings = gamemode_isgaming
11-29 03:19:04.049 D/GameModeIF_GameModeSettings( 3709): gamemode_isgaming set to 0
11-29 03:19:04.200 I/wm_task_removed( 1496): [8,removeChild:removeChild last r=ActivityRecord{207d10f u0 com.android.systemui/.usb.UsbDebuggingActivity t-1 f}} in t=Task{dcecb3d #8 type=standard A=10082:com.android.systemui U=0 visible=false mode=fullscreen translucent=true sz=0}]
11-29 03:19:04.200 I/wm_task_removed( 1496): [8,removeChild]
11-29 03:19:04.202 W/ActivityTaskManager( 1496): Can't find TaskDisplayArea to determine support for multi window. Task id=8 attached=false
11-29 03:19:04.202 W/ActivityTaskManager( 1496): Can't find TaskDisplayArea to determine support for multi window. Task id=8 attached=false
11-29 03:19:04.266 W/Choreographer( 4154): Frame time is 0.116994 ms in the future! Check that graphics HAL is generating vsync timestamps using the correct timebase.
11-29 03:19:04.266 W/Choreographer( 1991): Frame time is 0.140067 ms in the future! Check that graphics HAL is generating vsync timestamps using the correct timebase.
11-29 03:19:04.907 I/auditd ( 0): type=1400 audit(0.0:542): avc: denied { kill } for comm="swapper/1" capability=5 scontext=u:r:kernel:s0 tcontext=u:r:kernel:s0 tclass=capability permissive=0
11-29 03:19:04.907 W/swapper/1( 0): type=1400 audit(0.0:542): avc: denied { kill } for capability=5 scontext=u:r:kernel:s0 tcontext=u:r:kernel:s0 tclass=capability permissive=0
11-29 03:19:04.930 I/mpu_uart( 647): [MSG-P:RECV]:No message received in 1000 ms
11-29 03:19:05.345 D/DhcpClient( 2199): Received packet: b2:e2:78:f2:76:a8 ACK: your new IP /10.1.1.101, netmask /255.255.255.0, gateways [/10.1.1.1] DNS servers: /10.1.1.1 , lease time 30
11-29 03:19:05.907 I/auditd ( 0): type=1400 audit(0.0:543): avc: denied { kill } for comm="swapper/1" capability=5 scontext=u:r:kernel:s0 tcontext=u:r:kernel:s0 tclass=capability permissive=0
11-29 03:19:05.907 W/swapper/1( 0): type=1400 audit(0.0:543): avc: denied { kill } for capability=5 scontext=u:r:kernel:s0 tcontext=u:r:kernel:s0 tclass=capability permissive=0
11-29 03:19:05.930 I/mpu_uart( 647): [MSG-P:RECV]:No message received in 1000 ms
11-29 03:19:06.087 I/mpu_uart( 647): [MSG-P:R]:recv sync frame timeout
11-29 03:19:06.907 I/auditd ( 0): type=1400 audit(0.0:544): avc: denied { kill } for comm="swapper/1" capability=5 scontext=u:r:kernel:s0 tcontext=u:r:kernel:s0 tclass=capability permissive=0
11-29 03:19:06.907 W/swapper/1( 0): type=1400 audit(0.0:544): avc: denied { kill } for capability=5 scontext=u:r:kernel:s0 tcontext=u:r:kernel:s0 tclass=capability permissive=0
11-29 03:19:06.930 I/mpu_uart( 647): [MSG-P:RECV]:No message received in 1000 ms
11-29 03:19:07.907 I/auditd ( 0): type=1400 audit(0.0:545): avc: denied { kill } for comm="swapper/1" capability=5 scontext=u:r:kernel:s0 tcontext=u:r:kernel:s0 tclass=capability permissive=0
11-29 03:19:07.907 W/swapper/1( 0): type=1400 audit(0.0:545): avc: denied { kill } for capability=5 scontext=u:r:kernel:s0 tcontext=u:r:kernel:s0 tclass=capability permissive=0
11-29 03:19:07.931 I/mpu_uart( 647): [MSG-P:RECV]:No message received in 1000 ms
11-29 03:19:08.907 I/auditd ( 0): type=1400 audit(0.0:546): avc: denied { kill } for comm="swapper/1" capability=5 scontext=u:r:kernel:s0 tcontext=u:r:kernel:s0 tclass=capability permissive=0
11-29 03:19:08.907 W/swapper/1( 0): type=1400 audit(0.0:546): avc: denied { kill } for capability=5 scontext=u:r:kernel:s0 tcontext=u:r:kernel:s0 tclass=capability permissive=0
11-29 03:19:08.931 I/mpu_uart( 647): [MSG-P:RECV]:No message received in 1000 ms
11-29 03:19:09.090 I/mpu_uart( 647): [MSG-P:R]:recv sync frame timeout
11-29 03:19:09.907 I/auditd ( 0): type=1400 audit(0.0:547): avc: denied { kill } for comm="swapper/1" capability=5 scontext=u:r:kernel:s0 tcontext=u:r:kernel:s0 tclass=capability permissive=0
11-29 03:19:09.907 W/swapper/1( 0): type=1400 audit(0.0:547): avc: denied { kill } for capability=5 scontext=u:r:kernel:s0 tcontext=u:r:kernel:s0 tclass=capability permissive=0
11-29 03:19:09.931 I/mpu_uart( 647): [MSG-P:RECV]:No message received in 1000 ms
11-29 03:19:10.907 I/auditd ( 0): type=1400 audit(0.0:548): avc: denied { kill } for comm="swapper/1" capability=5 scontext=u:r:kernel:s0 tcontext=u:r:kernel:s0 tclass=capability permissive=0
11-29 03:19:10.907 W/swapper/1( 0): type=1400 audit(0.0:548): avc: denied { kill } for capability=5 scontext=u:r:kernel:s0 tcontext=u:r:kernel:s0 tclass=capability permissive=0
11-29 03:19:10.932 I/mpu_uart( 647): [MSG-P:RECV]:No message received in 1000 ms
11-29 03:19:11.013 D/CompatibilityInfo( 1496): mCompatibilityFlags - 4
11-29 03:19:11.013 D/CompatibilityInfo( 1496): applicationDensity - 240
11-29 03:19:11.013 D/CompatibilityInfo( 1496): applicationScale - 1.0
11-29 03:19:11.907 I/auditd ( 0): type=1400 audit(0.0:549): avc: denied { kill } for comm="swapper/1" capability=5 scontext=u:r:kernel:s0 tcontext=u:r:kernel:s0 tclass=capability permissive=0
11-29 03:19:11.907 W/swapper/1( 0): type=1400 audit(0.0:549): avc: denied { kill } for capability=5 scontext=u:r:kernel:s0 tcontext=u:r:kernel:s0 tclass=capability permissive=0
11-29 03:19:11.932 I/mpu_uart( 647): [MSG-P:RECV]:No message received in 1000 ms
11-29 03:19:12.094 I/mpu_uart( 647): [MSG-P:R]:recv sync frame timeout
11-29 03:19:12.907 I/auditd ( 0): type=1400 audit(0.0:550): avc: denied { kill } for comm="swapper/1" capability=5 scontext=u:r:kernel:s0 tcontext=u:r:kernel:s0 tclass=capability permissive=0
11-29 03:19:12.907 W/swapper/1( 0): type=1400 audit(0.0:550): avc: denied { kill } for capability=5 scontext=u:r:kernel:s0 tcontext=u:r:kernel:s0 tclass=capability permissive=0
11-29 03:19:12.932 I/mpu_uart( 647): [MSG-P:RECV]:No message received in 1000 ms
11-29 03:19:13.907 I/auditd ( 0): type=1400 audit(0.0:551): avc: denied { kill } for comm="swapper/1" capability=5 scontext=u:r:kernel:s0 tcontext=u:r:kernel:s0 tclass=capability permissive=0
11-29 03:19:13.907 W/swapper/1( 0): type=1400 audit(0.0:551): avc: denied { kill } for capability=5 scontext=u:r:kernel:s0 tcontext=u:r:kernel:s0 tclass=capability permissive=0
11-29 03:19:13.933 I/mpu_uart( 647): [MSG-P:RECV]:No message received in 1000 ms
11-29 03:19:14.907 I/auditd ( 0): type=1400 audit(0.0:552): avc: denied { kill } for comm="swapper/1" capability=5 scontext=u:r:kernel:s0 tcontext=u:r:kernel:s0 tclass=capability permissive=0
11-29 03:19:14.907 W/swapper/1( 0): type=1400 audit(0.0:552): avc: denied { kill } for capability=5 scontext=u:r:kernel:s0 tcontext=u:r:kernel:s0 tclass=capability permissive=0
11-29 03:19:14.933 I/mpu_uart( 647): [MSG-P:RECV]:No message received in 1000 ms
11-29 03:19:15.097 I/mpu_uart( 647): [MSG-P:R]:recv sync frame timeout
11-29 03:19:15.907 I/auditd ( 0): type=1400 audit(0.0:553): avc: denied { kill } for comm="swapper/1" capability=5 scontext=u:r:kernel:s0 tcontext=u:r:kernel:s0 tclass=capability permissive=0
11-29 03:19:15.907 W/swapper/1( 0): type=1400 audit(0.0:553): avc: denied { kill } for capability=5 scontext=u:r:kernel:s0 tcontext=u:r:kernel:s0 tclass=capability permissive=0
11-29 03:19:15.933 I/mpu_uart( 647): [MSG-P:RECV]:No message received in 1000 ms
11-29 03:19:16.907 I/auditd ( 0): type=1400 audit(0.0:554): avc: denied { kill } for comm="swapper/1" capability=5 scontext=u:r:kernel:s0 tcontext=u:r:kernel:s0 tclass=capability permissive=0
11-29 03:19:16.907 W/swapper/1( 0): type=1400 audit(0.0:554): avc: denied { kill } for capability=5 scontext=u:r:kernel:s0 tcontext=u:r:kernel:s0 tclass=capability permissive=0
11-29 03:19:16.934 I/mpu_uart( 647): [MSG-P:RECV]:No message received in 1000 ms
11-29 03:19:17.346 W/BestClock( 1496): java.time.DateTimeException: Missing NTP fix
11-29 03:19:17.370 W/BestClock( 1496): java.time.DateTimeException: Missing NTP fix
11-29 03:19:17.370 I/netstats_mobile_sample( 1496): [0,0,0,0,0,0,0,0,0,0,0,0,1669663157370]
11-29 03:19:17.371 I/netstats_wifi_sample( 1496): [4388140,11417,2444954,6620,4388140,11417,2444954,6620,6902946,31879,1235208,3463,1669663157370]
11-29 03:19:17.376 W/BestClock( 1496): java.time.DateTimeException: Missing NTP fix
11-29 03:19:17.377 W/BestClock( 1496): java.time.DateTimeException: Missing NTP fix
11-29 03:19:17.907 I/auditd ( 0): type=1400 audit(0.0:555): avc: denied { kill } for comm="swapper/1" capability=5 scontext=u:r:kernel:s0 tcontext=u:r:kernel:s0 tclass=capability permissive=0
11-29 03:19:17.907 W/swapper/1( 0): type=1400 audit(0.0:555): avc: denied { kill } for capability=5 scontext=u:r:kernel:s0 tcontext=u:r:kernel:s0 tclass=capability permissive=0
11-29 03:19:17.934 I/mpu_uart( 647): [MSG-P:RECV]:No message received in 1000 ms
11-29 03:19:18.100 I/mpu_uart( 647): [MSG-P:R]:recv sync frame timeout
11-29 03:19:18.907 I/auditd ( 0): type=1400 audit(0.0:556): avc: denied { kill } for comm="swapper/1" capability=5 scontext=u:r:kernel:s0 tcontext=u:r:kernel:s0 tclass=capability permissive=0
11-29 03:19:18.907 W/swapper/1( 0): type=1400 audit(0.0:556): avc: denied { kill } for capability=5 scontext=u:r:kernel:s0 tcontext=u:r:kernel:s0 tclass=capability permissive=0
11-29 03:19:18.935 I/mpu_uart( 647): [MSG-P:RECV]:No message received in 1000 ms
11-29 03:19:19.512 W/hpplay-java( 2727): [AsyncTask #35]:HttpRequest:
11-29 03:19:19.513 D/NetworkMonitor/100( 2199): isDataStall: result=1, tcp packets received=0, latest tcp fail rate=-1, consecutive dns timeout count=58
11-29 03:19:19.513 D/NetworkMonitor/100( 2199): Suspecting data stall, reevaluate
11-29 03:19:19.513 D/ConnectivityService( 1496): Data stall detected with methods: 1
11-29 03:19:19.515 D/NetworkMonitor/100( 2199): Validation disabled.
11-29 03:19:19.516 W/hpplay-java( 2727): [AsyncTask #35]:HttpRequest:
11-29 03:19:19.518 W/hpplay-java( 2727): [AsyncTask #35]:HttpRequest:
11-29 03:19:19.519 E/hpplay-java( 2727): [main]:IMTask:getIMRoot failed
11-29 03:19:19.520 D/ConnectivityService( 1496): [100 WIFI] validation passed
11-29 03:19:19.775 V/DisplayPowerController[0]( 1496): Brightness [0.05] reason changing to: 'manual [ dim ]', previous reason: 'manual'.
11-29 03:19:19.776 I/sysui_multi_action( 1496): [757,1696,758,6,759,2]
11-29 03:19:19.777 W/PowerManagerService( 1496): Screen on took 17110 ms
11-29 03:19:19.785 E/DisplayDeviceConfig( 1496): requesting nits when no mapping exists.
11-29 03:19:19.786 E/DisplayDeviceConfig( 1496): requesting nits when no mapping exists.
11-29 03:19:19.786 I/am_wtf ( 1496): [0,1496,system_server,-1,DisplayDeviceConfig,requesting nits when no mapping exists.]
11-29 03:19:19.787 I/DropBoxManagerService( 1496): add tag=system_server_wtf isTagEnabled=true flags=0x2
11-29 03:19:19.789 I/am_wtf ( 1496): [0,1496,system_server,-1,DisplayDeviceConfig,requesting nits when no mapping exists.]
11-29 03:19:19.790 I/DropBoxManagerService( 1496): add tag=system_server_wtf isTagEnabled=true flags=0x2
11-29 03:19:19.800 E/DisplayDeviceConfig( 1496): requesting nits when no mapping exists.
11-29 03:19:19.801 I/am_wtf ( 1496): [0,1496,system_server,-1,DisplayDeviceConfig,requesting nits when no mapping exists.]
11-29 03:19:19.801 E/DisplayDeviceConfig( 1496): requesting nits when no mapping exists.
11-29 03:19:19.802 I/DropBoxManagerService( 1496): add tag=system_server_wtf isTagEnabled=true flags=0x2
11-29 03:19:19.803 I/am_wtf ( 1496): [0,1496,system_server,-1,DisplayDeviceConfig,requesting nits when no mapping exists.]
11-29 03:19:19.804 I/DropBoxManagerService( 1496): add tag=system_server_wtf isTagEnabled=true flags=0x2
11-29 03:19:19.817 E/DisplayDeviceConfig( 1496): requesting nits when no mapping exists.
11-29 03:19:19.817 I/am_wtf ( 1496): [0,1496,system_server,-1,DisplayDeviceConfig,requesting nits when no mapping exists.]
11-29 03:19:19.817 E/DisplayDeviceConfig( 1496): requesting nits when no mapping exists.
11-29 03:19:19.818 I/DropBoxManagerService( 1496): add tag=system_server_wtf isTagEnabled=true flags=0x2
11-29 03:19:19.819 I/am_wtf ( 1496): [0,1496,system_server,-1,DisplayDeviceConfig,requesting nits when no mapping exists.]
11-29 03:19:19.820 E/DisplayDeviceConfig( 1496): requesting nits when no mapping exists.
11-29 03:19:19.821 E/DisplayDeviceConfig( 1496): requesting nits when no mapping exists.
11-29 03:19:19.821 I/am_wtf ( 1496): [0,1496,system_server,-1,DisplayDeviceConfig,requesting nits when no mapping exists.]
11-29 03:19:19.822 I/am_wtf ( 1496): [0,1496,system_server,-1,DisplayDeviceConfig,requesting nits when no mapping exists.]
11-29 03:19:19.837 E/DisplayDeviceConfig( 1496): requesting nits when no mapping exists.
11-29 03:19:19.838 E/DisplayDeviceConfig( 1496): requesting nits when no mapping exists.
11-29 03:19:19.838 I/am_wtf ( 1496): [0,1496,system_server,-1,DisplayDeviceConfig,requesting nits when no mapping exists.]
11-29 03:19:19.839 I/am_wtf ( 1496): [0,1496,system_server,-1,DisplayDeviceConfig,requesting nits when no mapping exists.]
11-29 03:19:19.854 E/DisplayDeviceConfig( 1496): requesting nits when no mapping exists.
11-29 03:19:19.854 E/DisplayDeviceConfig( 1496): requesting nits when no mapping exists.
11-29 03:19:19.854 I/am_wtf ( 1496): [0,1496,system_server,-1,DisplayDeviceConfig,requesting nits when no mapping exists.]
11-29 03:19:19.855 I/am_wtf ( 1496): [0,1496,system_server,-1,DisplayDeviceConfig,requesting nits when no mapping exists.]
11-29 03:19:19.870 E/DisplayDeviceConfig( 1496): requesting nits when no mapping exists.
11-29 03:19:19.871 E/DisplayDeviceConfig( 1496): requesting nits when no mapping exists.
11-29 03:19:19.871 I/am_wtf ( 1496): [0,1496,system_server,-1,DisplayDeviceConfig,requesting nits when no mapping exists.]
11-29 03:19:19.872 I/am_wtf ( 1496): [0,1496,system_server,-1,DisplayDeviceConfig,requesting nits when no mapping exists.]
11-29 03:19:19.888 E/DisplayDeviceConfig( 1496): requesting nits when no mapping exists.
11-29 03:19:19.888 I/am_wtf ( 1496): [0,1496,system_server,-1,DisplayDeviceConfig,requesting nits when no mapping exists.]
11-29 03:19:19.888 E/DisplayDeviceConfig( 1496): requesting nits when no mapping exists.
11-29 03:19:19.889 I/am_wtf ( 1496): [0,1496,system_server,-1,DisplayDeviceConfig,requesting nits when no mapping exists.]
11-29 03:19:19.904 E/DisplayDeviceConfig( 1496): requesting nits when no mapping exists.
11-29 03:19:19.904 I/am_wtf ( 1496): [0,1496,system_server,-1,DisplayDeviceConfig,requesting nits when no mapping exists.]
11-29 03:19:19.904 E/DisplayDeviceConfig( 1496): requesting nits when no mapping exists.
11-29 03:19:19.905 I/am_wtf ( 1496): [0,1496,system_server,-1,DisplayDeviceConfig,requesting nits when no mapping exists.]
11-29 03:19:19.907 I/auditd ( 472): type=1400 audit(0.0:557): avc: denied { kill } for comm="ueventd" capability=5 scontext=u:r:ueventd:s0 tcontext=u:r:ueventd:s0 tclass=capability permissive=0
11-29 03:19:19.907 W/ueventd ( 472): type=1400 audit(0.0:557): avc: denied { kill } for capability=5 scontext=u:r:ueventd:s0 tcontext=u:r:ueventd:s0 tclass=capability permissive=0
11-29 03:19:19.921 E/DisplayDeviceConfig( 1496): requesting nits when no mapping exists.
11-29 03:19:19.922 E/DisplayDeviceConfig( 1496): requesting nits when no mapping exists.
11-29 03:19:19.922 I/am_wtf ( 1496): [0,1496,system_server,-1,DisplayDeviceConfig,requesting nits when no mapping exists.]
11-29 03:19:19.923 I/am_wtf ( 1496): [0,1496,system_server,-1,DisplayDeviceConfig,requesting nits when no mapping exists.]
11-29 03:19:19.935 I/mpu_uart( 647): [MSG-P:RECV]:No message received in 1000 ms
11-29 03:19:19.937 E/DisplayDeviceConfig( 1496): requesting nits when no mapping exists.
11-29 03:19:19.938 I/am_wtf ( 1496): [0,1496,system_server,-1,DisplayDeviceConfig,requesting nits when no mapping exists.]
11-29 03:19:19.938 E/DisplayDeviceConfig( 1496): requesting nits when no mapping exists.
11-29 03:19:19.939 I/am_wtf ( 1496): [0,1496,system_server,-1,DisplayDeviceConfig,requesting nits when no mapping exists.]
11-29 03:19:19.940 I/service_manager_stats( 1496): [100,85,297030]
11-29 03:19:19.954 E/DisplayDeviceConfig( 1496): requesting nits when no mapping exists.
11-29 03:19:19.955 I/am_wtf ( 1496): [0,1496,system_server,-1,DisplayDeviceConfig,requesting nits when no mapping exists.]
11-29 03:19:19.955 E/DisplayDeviceConfig( 1496): requesting nits when no mapping exists.
11-29 03:19:19.956 I/am_wtf ( 1496): [0,1496,system_server,-1,DisplayDeviceConfig,requesting nits when no mapping exists.]
11-29 03:19:19.971 E/DisplayDeviceConfig( 1496): requesting nits when no mapping exists.
11-29 03:19:19.971 E/DisplayDeviceConfig( 1496): requesting nits when no mapping exists.
11-29 03:19:19.971 I/am_wtf ( 1496): [0,1496,system_server,-1,DisplayDeviceConfig,requesting nits when no mapping exists.]
11-29 03:19:19.973 I/am_wtf ( 1496): [0,1496,system_server,-1,DisplayDeviceConfig,requesting nits when no mapping exists.]
11-29 03:19:19.988 E/DisplayDeviceConfig( 1496): requesting nits when no mapping exists.
11-29 03:19:19.988 I/am_wtf ( 1496): [0,1496,system_server,-1,DisplayDeviceConfig,requesting nits when no mapping exists.]
11-29 03:19:19.988 E/DisplayDeviceConfig( 1496): requesting nits when no mapping exists.
11-29 03:19:19.990 I/am_wtf ( 1496): [0,1496,system_server,-1,DisplayDeviceConfig,requesting nits when no mapping exists.]
11-29 03:19:20.005 E/DisplayDeviceConfig( 1496): requesting nits when no mapping exists.
11-29 03:19:20.005 E/DisplayDeviceConfig( 1496): requesting nits when no mapping exists.
11-29 03:19:20.005 I/am_wtf ( 1496): [0,1496,system_server,-1,DisplayDeviceConfig,requesting nits when no mapping exists.]
11-29 03:19:20.007 I/am_wtf ( 1496): [0,1496,system_server,-1,DisplayDeviceConfig,requesting nits when no mapping exists.]
11-29 03:19:20.021 E/DisplayDeviceConfig( 1496): requesting nits when no mapping exists.
11-29 03:19:20.021 E/DisplayDeviceConfig( 1496): requesting nits when no mapping exists.
11-29 03:19:20.022 I/am_wtf ( 1496): [0,1496,system_server,-1,DisplayDeviceConfig,requesting nits when no mapping exists.]
11-29 03:19:20.022 I/am_wtf ( 1496): [0,1496,system_server,-1,DisplayDeviceConfig,requesting nits when no mapping exists.]
11-29 03:19:20.038 E/DisplayDeviceConfig( 1496): requesting nits when no mapping exists.
11-29 03:19:20.038 I/am_wtf ( 1496): [0,1496,system_server,-1,DisplayDeviceConfig,requesting nits when no mapping exists.]
11-29 03:19:20.038 E/DisplayDeviceConfig( 1496): requesting nits when no mapping exists.
11-29 03:19:20.039 I/am_wtf ( 1496): [0,1496,system_server,-1,DisplayDeviceConfig,requesting nits when no mapping exists.]
11-29 03:19:20.056 E/DisplayDeviceConfig( 1496): requesting nits when no mapping exists.
11-29 03:19:20.056 E/DisplayDeviceConfig( 1496): requesting nits when no mapping exists.
11-29 03:19:20.056 I/am_wtf ( 1496): [0,1496,system_server,-1,DisplayDeviceConfig,requesting nits when no mapping exists.]
11-29 03:19:20.057 I/am_wtf ( 1496): [0,1496,system_server,-1,DisplayDeviceConfig,requesting nits when no mapping exists.]
11-29 03:19:20.071 E/DisplayDeviceConfig( 1496): requesting nits when no mapping exists.
11-29 03:19:20.072 E/DisplayDeviceConfig( 1496): requesting nits when no mapping exists.
11-29 03:19:20.072 I/am_wtf ( 1496): [0,1496,system_server,-1,DisplayDeviceConfig,requesting nits when no mapping exists.]
11-29 03:19:20.073 I/am_wtf ( 1496): [0,1496,system_server,-1,DisplayDeviceConfig,requesting nits when no mapping exists.]
11-29 03:19:20.088 E/DisplayDeviceConfig( 1496): requesting nits when no mapping exists.
11-29 03:19:20.088 I/am_wtf ( 1496): [0,1496,system_server,-1,DisplayDeviceConfig,requesting nits when no mapping exists.]
11-29 03:19:20.088 E/DisplayDeviceConfig( 1496): requesting nits when no mapping exists.
11-29 03:19:20.089 I/am_wtf ( 1496): [0,1496,system_server,-1,DisplayDeviceConfig,requesting nits when no mapping exists.]
11-29 03:19:20.105 E/DisplayDeviceConfig( 1496): requesting nits when no mapping exists.
11-29 03:19:20.105 E/DisplayDeviceConfig( 1496): requesting nits when no mapping exists.
11-29 03:19:20.105 I/am_wtf ( 1496): [0,1496,system_server,-1,DisplayDeviceConfig,requesting nits when no mapping exists.]
11-29 03:19:20.106 I/am_wtf ( 1496): [0,1496,system_server,-1,DisplayDeviceConfig,requesting nits when no mapping exists.]
11-29 03:19:20.121 E/DisplayDeviceConfig( 1496): requesting nits when no mapping exists.
11-29 03:19:20.122 E/DisplayDeviceConfig( 1496): requesting nits when no mapping exists.
11-29 03:19:20.123 I/am_wtf ( 1496): [0,1496,system_server,-1,DisplayDeviceConfig,requesting nits when no mapping exists.]
11-29 03:19:20.123 I/am_wtf ( 1496): [0,1496,system_server,-1,DisplayDeviceConfig,requesting nits when no mapping exists.]
11-29 03:19:20.138 E/DisplayDeviceConfig( 1496): requesting nits when no mapping exists.
11-29 03:19:20.138 I/am_wtf ( 1496): [0,1496,system_server,-1,DisplayDeviceConfig,requesting nits when no mapping exists.]
11-29 03:19:20.138 E/DisplayDeviceConfig( 1496): requesting nits when no mapping exists.
11-29 03:19:20.139 I/am_wtf ( 1496): [0,1496,system_server,-1,DisplayDeviceConfig,requesting nits when no mapping exists.]
11-29 03:19:20.154 E/DisplayDeviceConfig( 1496): requesting nits when no mapping exists.
11-29 03:19:20.155 I/am_wtf ( 1496): [0,1496,system_server,-1,DisplayDeviceConfig,requesting nits when no mapping exists.]
11-29 03:19:20.155 E/DisplayDeviceConfig( 1496): requesting nits when no mapping exists.
11-29 03:19:20.155 I/am_wtf ( 1496): [0,1496,system_server,-1,DisplayDeviceConfig,requesting nits when no mapping exists.]
11-29 03:19:20.171 E/DisplayDeviceConfig( 1496): requesting nits when no mapping exists.
11-29 03:19:20.172 E/DisplayDeviceConfig( 1496): requesting nits when no mapping exists.
11-29 03:19:20.173 I/am_wtf ( 1496): [0,1496,system_server,-1,DisplayDeviceConfig,requesting nits when no mapping exists.]
11-29 03:19:20.174 I/am_wtf ( 1496): [0,1496,system_server,-1,DisplayDeviceConfig,requesting nits when no mapping exists.]
11-29 03:19:20.188 E/DisplayDeviceConfig( 1496): requesting nits when no mapping exists.
11-29 03:19:20.189 E/DisplayDeviceConfig( 1496): requesting nits when no mapping exists.
11-29 03:19:20.189 I/am_wtf ( 1496): [0,1496,system_server,-1,DisplayDeviceConfig,requesting nits when no mapping exists.]
11-29 03:19:20.190 I/am_wtf ( 1496): [0,1496,system_server,-1,DisplayDeviceConfig,requesting nits when no mapping exists.]
11-29 03:19:20.205 E/DisplayDeviceConfig( 1496): requesting nits when no mapping exists.
11-29 03:19:20.205 I/am_wtf ( 1496): [0,1496,system_server,-1,DisplayDeviceConfig,requesting nits when no mapping exists.]
11-29 03:19:20.205 E/DisplayDeviceConfig( 1496): requesting nits when no mapping exists.
11-29 03:19:20.206 I/am_wtf ( 1496): [0,1496,system_server,-1,DisplayDeviceConfig,requesting nits when no mapping exists.]
11-29 03:19:20.221 E/DisplayDeviceConfig( 1496): requesting nits when no mapping exists.
11-29 03:19:20.222 I/am_wtf ( 1496): [0,1496,system_server,-1,DisplayDeviceConfig,requesting nits when no mapping exists.]
11-29 03:19:20.222 E/DisplayDeviceConfig( 1496): requesting nits when no mapping exists.
11-29 03:19:20.223 I/am_wtf ( 1496): [0,1496,system_server,-1,DisplayDeviceConfig,requesting nits when no mapping exists.]
11-29 03:19:20.238 E/DisplayDeviceConfig( 1496): requesting nits when no mapping exists.
11-29 03:19:20.239 I/am_wtf ( 1496): [0,1496,system_server,-1,DisplayDeviceConfig,requesting nits when no mapping exists.]
11-29 03:19:20.239 E/DisplayDeviceConfig( 1496): requesting nits when no mapping exists.
11-29 03:19:20.239 I/am_wtf ( 1496): [0,1496,system_server,-1,DisplayDeviceConfig,requesting nits when no mapping exists.]
11-29 03:19:20.255 E/DisplayDeviceConfig( 1496): requesting nits when no mapping exists.
11-29 03:19:20.256 E/DisplayDeviceConfig( 1496): requesting nits when no mapping exists.
11-29 03:19:20.257 I/am_wtf ( 1496): [0,1496,system_server,-1,DisplayDeviceConfig,requesting nits when no mapping exists.]
11-29 03:19:20.259 I/am_wtf ( 1496): [0,1496,system_server,-1,DisplayDeviceConfig,requesting nits when no mapping exists.]
11-29 03:19:20.272 E/DisplayDeviceConfig( 1496): requesting nits when no mapping exists.
11-29 03:19:20.272 I/am_wtf ( 1496): [0,1496,system_server,-1,DisplayDeviceConfig,requesting nits when no mapping exists.]
11-29 03:19:20.272 E/DisplayDeviceConfig( 1496): requesting nits when no mapping exists.
11-29 03:19:20.273 I/am_wtf ( 1496): [0,1496,system_server,-1,DisplayDeviceConfig,requesting nits when no mapping exists.]
11-29 03:19:20.288 E/DisplayDeviceConfig( 1496): requesting nits when no mapping exists.
11-29 03:19:20.289 I/am_wtf ( 1496): [0,1496,system_server,-1,DisplayDeviceConfig,requesting nits when no mapping exists.]
11-29 03:19:20.290 E/DisplayDeviceConfig( 1496): requesting nits when no mapping exists.
11-29 03:19:20.290 I/am_wtf ( 1496): [0,1496,system_server,-1,DisplayDeviceConfig,requesting nits when no mapping exists.]
11-29 03:19:20.305 E/DisplayDeviceConfig( 1496): requesting nits when no mapping exists.
11-29 03:19:20.306 E/DisplayDeviceConfig( 1496): requesting nits when no mapping exists.
11-29 03:19:20.306 I/am_wtf ( 1496): [0,1496,system_server,-1,DisplayDeviceConfig,requesting nits when no mapping exists.]
11-29 03:19:20.307 I/am_wtf ( 1496): [0,1496,system_server,-1,DisplayDeviceConfig,requesting nits when no mapping exists.]
11-29 03:19:20.322 E/DisplayDeviceConfig( 1496): requesting nits when no mapping exists.
11-29 03:19:20.322 I/am_wtf ( 1496): [0,1496,system_server,-1,DisplayDeviceConfig,requesting nits when no mapping exists.]
11-29 03:19:20.322 E/DisplayDeviceConfig( 1496): requesting nits when no mapping exists.
11-29 03:19:20.323 I/am_wtf ( 1496): [0,1496,system_server,-1,DisplayDeviceConfig,requesting nits when no mapping exists.]
11-29 03:19:20.338 E/DisplayDeviceConfig( 1496): requesting nits when no mapping exists.
11-29 03:19:20.339 E/DisplayDeviceConfig( 1496): requesting nits when no mapping exists.
11-29 03:19:20.339 I/am_wtf ( 1496): [0,1496,system_server,-1,DisplayDeviceConfig,requesting nits when no mapping exists.]
11-29 03:19:20.340 I/am_wtf ( 1496): [0,1496,system_server,-1,DisplayDeviceConfig,requesting nits when no mapping exists.]
11-29 03:19:20.355 E/DisplayDeviceConfig( 1496): requesting nits when no mapping exists.
11-29 03:19:20.355 E/DisplayDeviceConfig( 1496): requesting nits when no mapping exists.
11-29 03:19:20.355 I/am_wtf ( 1496): [0,1496,system_server,-1,DisplayDeviceConfig,requesting nits when no mapping exists.]
11-29 03:19:20.356 I/am_wtf ( 1496): [0,1496,system_server,-1,DisplayDeviceConfig,requesting nits when no mapping exists.]
11-29 03:19:20.372 E/DisplayDeviceConfig( 1496): requesting nits when no mapping exists.
11-29 03:19:20.372 E/DisplayDeviceConfig( 1496): requesting nits when no mapping exists.
11-29 03:19:20.372 I/am_wtf ( 1496): [0,1496,system_server,-1,DisplayDeviceConfig,requesting nits when no mapping exists.]
11-29 03:19:20.374 I/am_wtf ( 1496): [0,1496,system_server,-1,DisplayDeviceConfig,requesting nits when no mapping exists.]
11-29 03:19:20.388 E/DisplayDeviceConfig( 1496): requesting nits when no mapping exists.
11-29 03:19:20.389 I/am_wtf ( 1496): [0,1496,system_server,-1,DisplayDeviceConfig,requesting nits when no mapping exists.]
11-29 03:19:20.389 E/DisplayDeviceConfig( 1496): requesting nits when no mapping exists.
11-29 03:19:20.390 I/am_wtf ( 1496): [0,1496,system_server,-1,DisplayDeviceConfig,requesting nits when no mapping exists.]
11-29 03:19:20.405 E/DisplayDeviceConfig( 1496): requesting nits when no mapping exists.
11-29 03:19:20.406 E/DisplayDeviceConfig( 1496): requesting nits when no mapping exists.
11-29 03:19:20.406 I/am_wtf ( 1496): [0,1496,system_server,-1,DisplayDeviceConfig,requesting nits when no mapping exists.]
11-29 03:19:20.407 I/am_wtf ( 1496): [0,1496,system_server,-1,DisplayDeviceConfig,requesting nits when no mapping exists.]
11-29 03:19:20.422 E/DisplayDeviceConfig( 1496): requesting nits when no mapping exists.
11-29 03:19:20.423 E/DisplayDeviceConfig( 1496): requesting nits when no mapping exists.
11-29 03:19:20.423 I/am_wtf ( 1496): [0,1496,system_server,-1,DisplayDeviceConfig,requesting nits when no mapping exists.]
11-29 03:19:20.424 I/am_wtf ( 1496): [0,1496,system_server,-1,DisplayDeviceConfig,requesting nits when no mapping exists.]
11-29 03:19:20.439 E/DisplayDeviceConfig( 1496): requesting nits when no mapping exists.
11-29 03:19:20.439 I/am_wtf ( 1496): [0,1496,system_server,-1,DisplayDeviceConfig,requesting nits when no mapping exists.]
11-29 03:19:20.439 E/DisplayDeviceConfig( 1496): requesting nits when no mapping exists.
11-29 03:19:20.440 I/am_wtf ( 1496): [0,1496,system_server,-1,DisplayDeviceConfig,requesting nits when no mapping exists.]
11-29 03:19:20.455 E/DisplayDeviceConfig( 1496): requesting nits when no mapping exists.
11-29 03:19:20.456 E/DisplayDeviceConfig( 1496): requesting nits when no mapping exists.
11-29 03:19:20.456 I/am_wtf ( 1496): [0,1496,system_server,-1,DisplayDeviceConfig,requesting nits when no mapping exists.]
11-29 03:19:20.458 I/am_wtf ( 1496): [0,1496,system_server,-1,DisplayDeviceConfig,requesting nits when no mapping exists.]
11-29 03:19:20.472 E/DisplayDeviceConfig( 1496): requesting nits when no mapping exists.
11-29 03:19:20.472 E/DisplayDeviceConfig( 1496): requesting nits when no mapping exists.
11-29 03:19:20.472 I/am_wtf ( 1496): [0,1496,system_server,-1,DisplayDeviceConfig,requesting nits when no mapping exists.]
11-29 03:19:20.473 I/am_wtf ( 1496): [0,1496,system_server,-1,DisplayDeviceConfig,requesting nits when no mapping exists.]
11-29 03:19:20.489 E/DisplayDeviceConfig( 1496): requesting nits when no mapping exists.
11-29 03:19:20.489 I/am_wtf ( 1496): [0,1496,system_server,-1,DisplayDeviceConfig,requesting nits when no mapping exists.]
11-29 03:19:20.489 E/DisplayDeviceConfig( 1496): requesting nits when no mapping exists.
11-29 03:19:20.490 I/am_wtf ( 1496): [0,1496,system_server,-1,DisplayDeviceConfig,requesting nits when no mapping exists.]
11-29 03:19:20.505 E/DisplayDeviceConfig( 1496): requesting nits when no mapping exists.
11-29 03:19:20.506 E/DisplayDeviceConfig( 1496): requesting nits when no mapping exists.
11-29 03:19:20.506 I/am_wtf ( 1496): [0,1496,system_server,-1,DisplayDeviceConfig,requesting nits when no mapping exists.]
11-29 03:19:20.507 I/am_wtf ( 1496): [0,1496,system_server,-1,DisplayDeviceConfig,requesting nits when no mapping exists.]
11-29 03:19:20.522 E/DisplayDeviceConfig( 1496): requesting nits when no mapping exists.
11-29 03:19:20.523 I/am_wtf ( 1496): [0,1496,system_server,-1,DisplayDeviceConfig,requesting nits when no mapping exists.]
11-29 03:19:20.523 E/DisplayDeviceConfig( 1496): requesting nits when no mapping exists.
11-29 03:19:20.523 I/am_wtf ( 1496): [0,1496,system_server,-1,DisplayDeviceConfig,requesting nits when no mapping exists.]
11-29 03:19:20.539 E/DisplayDeviceConfig( 1496): requesting nits when no mapping exists.
11-29 03:19:20.539 I/am_wtf ( 1496): [0,1496,system_server,-1,DisplayDeviceConfig,requesting nits when no mapping exists.]
11-29 03:19:20.539 E/DisplayDeviceConfig( 1496): requesting nits when no mapping exists.
11-29 03:19:20.540 I/am_wtf ( 1496): [0,1496,system_server,-1,DisplayDeviceConfig,requesting nits when no mapping exists.]
11-29 03:19:20.555 E/DisplayDeviceConfig( 1496): requesting nits when no mapping exists.
11-29 03:19:20.556 I/am_wtf ( 1496): [0,1496,system_server,-1,DisplayDeviceConfig,requesting nits when no mapping exists.]
11-29 03:19:20.556 E/DisplayDeviceConfig( 1496): requesting nits when no mapping exists.
11-29 03:19:20.557 I/am_wtf ( 1496): [0,1496,system_server,-1,DisplayDeviceConfig,requesting nits when no mapping exists.]
11-29 03:19:20.572 E/DisplayDeviceConfig( 1496): requesting nits when no mapping exists.
11-29 03:19:20.573 E/DisplayDeviceConfig( 1496): requesting nits when no mapping exists.
11-29 03:19:20.573 I/am_wtf ( 1496): [0,1496,system_server,-1,DisplayDeviceConfig,requesting nits when no mapping exists.]
11-29 03:19:20.574 I/am_wtf ( 1496): [0,1496,system_server,-1,DisplayDeviceConfig,requesting nits when no mapping exists.]
11-29 03:19:20.590 E/DisplayDeviceConfig( 1496): requesting nits when no mapping exists.
11-29 03:19:20.590 E/DisplayDeviceConfig( 1496): requesting nits when no mapping exists.
11-29 03:19:20.590 I/am_wtf ( 1496): [0,1496,system_server,-1,DisplayDeviceConfig,requesting nits when no mapping exists.]
11-29 03:19:20.591 I/am_wtf ( 1496): [0,1496,system_server,-1,DisplayDeviceConfig,requesting nits when no mapping exists.]
11-29 03:19:20.606 E/DisplayDeviceConfig( 1496): requesting nits when no mapping exists.
11-29 03:19:20.606 E/DisplayDeviceConfig( 1496): requesting nits when no mapping exists.
11-29 03:19:20.606 I/am_wtf ( 1496): [0,1496,system_server,-1,DisplayDeviceConfig,requesting nits when no mapping exists.]
11-29 03:19:20.608 I/am_wtf ( 1496): [0,1496,system_server,-1,DisplayDeviceConfig,requesting nits when no mapping exists.]
11-29 03:19:20.623 E/DisplayDeviceConfig( 1496): requesting nits when no mapping exists.
11-29 03:19:20.624 I/am_wtf ( 1496): [0,1496,system_server,-1,DisplayDeviceConfig,requesting nits when no mapping exists.]
11-29 03:19:20.624 E/DisplayDeviceConfig( 1496): requesting nits when no mapping exists.
11-29 03:19:20.625 I/am_wtf ( 1496): [0,1496,system_server,-1,DisplayDeviceConfig,requesting nits when no mapping exists.]
11-29 03:19:20.639 E/DisplayDeviceConfig( 1496): requesting nits when no mapping exists.
11-29 03:19:20.640 I/am_wtf ( 1496): [0,1496,system_server,-1,DisplayDeviceConfig,requesting nits when no mapping exists.]
11-29 03:19:20.640 E/DisplayDeviceConfig( 1496): requesting nits when no mapping exists.
11-29 03:19:20.641 I/am_wtf ( 1496): [0,1496,system_server,-1,DisplayDeviceConfig,requesting nits when no mapping exists.]
11-29 03:19:20.656 E/DisplayDeviceConfig( 1496): requesting nits when no mapping exists.
11-29 03:19:20.657 E/DisplayDeviceConfig( 1496): requesting nits when no mapping exists.
11-29 03:19:20.657 I/am_wtf ( 1496): [0,1496,system_server,-1,DisplayDeviceConfig,requesting nits when no mapping exists.]
11-29 03:19:20.659 I/am_wtf ( 1496): [0,1496,system_server,-1,DisplayDeviceConfig,requesting nits when no mapping exists.]
11-29 03:19:20.673 E/DisplayDeviceConfig( 1496): requesting nits when no mapping exists.
11-29 03:19:20.674 I/am_wtf ( 1496): [0,1496,system_server,-1,DisplayDeviceConfig,requesting nits when no mapping exists.]
11-29 03:19:20.674 E/DisplayDeviceConfig( 1496): requesting nits when no mapping exists.
11-29 03:19:20.676 I/am_wtf ( 1496): [0,1496,system_server,-1,DisplayDeviceConfig,requesting nits when no mapping exists.]
11-29 03:19:20.689 E/DisplayDeviceConfig( 1496): requesting nits when no mapping exists.
11-29 03:19:20.690 I/am_wtf ( 1496): [0,1496,system_server,-1,DisplayDeviceConfig,requesting nits when no mapping exists.]
11-29 03:19:20.692 E/DisplayDeviceConfig( 1496): requesting nits when no mapping exists.
11-29 03:19:20.693 I/am_wtf ( 1496): [0,1496,system_server,-1,DisplayDeviceConfig,requesting nits when no mapping exists.]
11-29 03:19:20.707 E/DisplayDeviceConfig( 1496): requesting nits when no mapping exists.
11-29 03:19:20.707 E/DisplayDeviceConfig( 1496): requesting nits when no mapping exists.
11-29 03:19:20.707 I/am_wtf ( 1496): [0,1496,system_server,-1,DisplayDeviceConfig,requesting nits when no mapping exists.]
11-29 03:19:20.708 I/am_wtf ( 1496): [0,1496,system_server,-1,DisplayDeviceConfig,requesting nits when no mapping exists.]
11-29 03:19:20.723 E/DisplayDeviceConfig( 1496): requesting nits when no mapping exists.
11-29 03:19:20.723 E/DisplayDeviceConfig( 1496): requesting nits when no mapping exists.
11-29 03:19:20.723 I/am_wtf ( 1496): [0,1496,system_server,-1,DisplayDeviceConfig,requesting nits when no mapping exists.]
11-29 03:19:20.724 I/am_wtf ( 1496): [0,1496,system_server,-1,DisplayDeviceConfig,requesting nits when no mapping exists.]
11-29 03:19:20.907 I/auditd ( 0): type=1400 audit(0.0:558): avc: denied { kill } for comm="swapper/1" capability=5 scontext=u:r:kernel:s0 tcontext=u:r:kernel:s0 tclass=capability permissive=0
11-29 03:19:20.907 W/swapper/1( 0): type=1400 audit(0.0:558): avc: denied { kill } for capability=5 scontext=u:r:kernel:s0 tcontext=u:r:kernel:s0 tclass=capability permissive=0
11-29 03:19:20.935 I/mpu_uart( 647): [MSG-P:RECV]:No message received in 1000 ms
11-29 03:19:21.103 I/mpu_uart( 647): [MSG-P:R]:recv sync frame timeout
11-29 03:19:21.907 I/auditd ( 0): type=1400 audit(0.0:559): avc: denied { kill } for comm="swapper/1" capability=5 scontext=u:r:kernel:s0 tcontext=u:r:kernel:s0 tclass=capability permissive=0
11-29 03:19:21.907 W/swapper/1( 0): type=1400 audit(0.0:559): avc: denied { kill } for capability=5 scontext=u:r:kernel:s0 tcontext=u:r:kernel:s0 tclass=capability permissive=0
11-29 03:19:21.936 I/mpu_uart( 647): [MSG-P:RECV]:No message received in 1000 ms
11-29 03:19:22.046 D/DhcpClient( 2199): Received packet: ca:1b:7b:34:7a:e5 ACK: your new IP /10.1.1.103, netmask /255.255.255.0, gateways [/10.1.1.1] DNS servers: /10.1.1.1 , lease time 30
11-29 03:19:22.661 D/DhcpClient( 2199): Received packet: 7a:8c:2b:1b:ff:be ACK: your new IP /10.1.1.110, netmask /255.255.255.0, gateways [/10.1.1.1] DNS servers: /10.1.1.1 , lease time 30
11-29 03:19:22.907 I/auditd ( 0): type=1400 audit(0.0:560): avc: denied { kill } for comm="swapper/1" capability=5 scontext=u:r:kernel:s0 tcontext=u:r:kernel:s0 tclass=capability permissive=0
11-29 03:19:22.907 W/swapper/1( 0): type=1400 audit(0.0:560): avc: denied { kill } for capability=5 scontext=u:r:kernel:s0 tcontext=u:r:kernel:s0 tclass=capability permissive=0
11-29 03:19:22.936 I/mpu_uart( 647): [MSG-P:RECV]:No message received in 1000 ms
11-29 03:19:23.773 I/PowerManagerService( 1496): Napping display group (groupId=0, uid=1000)...
11-29 03:19:23.773 I/PowerManagerService( 1496): Nap time (uid 1000)...
11-29 03:19:23.776 I/DreamManagerService( 1496): Entering dreamland.
11-29 03:19:23.779 I/PowerManagerService( 1496): Dreaming...
11-29 03:19:23.780 I/DreamController( 1496): Starting dream: name=ComponentInfo{com.thundercomm.screensaver/com.thundercomm.saverclock.service.ClockScreensaver}, isTest=false, canDoze=false, userId=0
11-29 03:19:23.780 I/sysui_multi_action( 1496): [757,222,758,1]
11-29 03:19:23.785 D/CompatibilityInfo( 1496): mCompatibilityFlags - 4
11-29 03:19:23.785 D/CompatibilityInfo( 1496): applicationDensity - 240
11-29 03:19:23.785 D/CompatibilityInfo( 1496): applicationScale - 1.0
11-29 03:19:23.791 V/ShadeControllerImpl( 1991): NotificationShadeWindow: com.android.systemui.statusbar.phone.NotificationShadeWindowView{2b0e568 I.E...... ......ID 0,0-2560,1080} canPanelBeCollapsed(): false
11-29 03:19:23.796 I/ActivityTaskManager( 1496): START u0 {flg=0x10000000 pkg=com.thundercomm.screensaver cmp=com.thundercomm.screensaver/android.service.dreams.DreamActivity (has extras)} from uid 10052
11-29 03:19:23.798 I/EventSequenceValidator( 1496): Transition from INIT to INTENT_STARTED
11-29 03:19:23.803 I/wm_task_created( 1496): [266,-1]
11-29 03:19:23.803 W/ActivityTaskManager( 1496): Can't find TaskDisplayArea to determine support for multi window. Task id=266 attached=false
11-29 03:19:23.807 I/am_pss ( 1496): [3554,10094,com.android.permissioncontroller,13683712,11677696,0,104132608,0,19,9]
11-29 03:19:23.808 I/wm_task_moved( 1496): [266,1,6]
11-29 03:19:23.808 I/wm_task_to_front( 1496): [0,266]
11-29 03:19:23.809 I/wm_create_task( 1496): [0,266]
11-29 03:19:23.809 I/wm_create_activity( 1496): [0,165633264,266,com.thundercomm.screensaver/android.service.dreams.DreamActivity,NULL,NULL,NULL,276824064]
11-29 03:19:23.809 I/wm_task_moved( 1496): [266,1,6]
11-29 03:19:23.809 I/wm_on_top_resumed_lost_called( 2495): [261032637,com.android.launcher3.uioverrides.QuickstepLauncher,topStateChangedWhenResumed]
11-29 03:19:23.810 D/CompatibilityInfo( 1496): mCompatibilityFlags - 4
11-29 03:19:23.810 D/CompatibilityInfo( 1496): applicationDensity - 240
11-29 03:19:23.810 D/CompatibilityInfo( 1496): applicationScale - 1.0
11-29 03:19:23.810 D/ActivityTrigger( 1496): ActivityTrigger activityPauseTrigger
11-29 03:19:23.811 I/wm_pause_activity( 1496): [0,261032637,com.android.launcher3/.uioverrides.QuickstepLauncher,userLeaving=true,pauseBackTasks]
11-29 03:19:23.816 I/am_pss ( 1496): [3884,10056,com.qualcomm.qti.qms.service.trustzoneaccess,5446656,3760128,0,92385280,0,19,6]
11-29 03:19:23.817 I/wm_on_paused_called( 2495): [261032637,com.android.launcher3.uioverrides.QuickstepLauncher,performPause]
11-29 03:19:23.819 I/ActivityTaskManager( 1496): FOREGROUND_APPLICATION_CHANGED to android.service.dreams.DreamActivity
11-29 03:19:23.819 I/ActivityTaskManager( 1496): The Process com.thundercomm.screensaver Already Exists in BG. So sending its PID: 4109
11-29 03:19:23.820 W/ActivityTaskManager( 1496): Tried to set launchTime (0) < mLastActivityLaunchTime (41113)
11-29 03:19:23.820 I/wm_add_to_stopping( 1496): [0,261032637,com.android.launcher3/.uioverrides.QuickstepLauncher,makeInvisible]
11-29 03:19:23.821 I/wm_restart_activity( 1496): [0,165633264,266,com.thundercomm.screensaver/android.service.dreams.DreamActivity]
11-29 03:19:23.821 D/CompatibilityInfo( 1496): mCompatibilityFlags - 4
11-29 03:19:23.821 D/CompatibilityInfo( 1496): applicationDensity - 240
11-29 03:19:23.822 D/CompatibilityInfo( 1496): applicationScale - 1.0
11-29 03:19:23.823 I/wm_set_resumed_activity( 1496): [0,com.thundercomm.screensaver/android.service.dreams.DreamActivity,minimalResumeActivityLocked]
11-29 03:19:23.841 I/wm_on_create_called( 4109): [165633264,android.service.dreams.DreamActivity,performCreate]
11-29 03:19:23.841 I/EventSequenceValidator( 1496): Transition from INTENT_STARTED to ACTIVITY_LAUNCHED
11-29 03:19:23.842 I/wm_on_start_called( 4109): [165633264,android.service.dreams.DreamActivity,handleStartActivity]
11-29 03:19:23.843 I/wm_on_resume_called( 4109): [165633264,android.service.dreams.DreamActivity,RESUME_ACTIVITY]
11-29 03:19:23.843 I/sysui_multi_action( 1496): [757,803,799,window_time_0,802,20]
11-29 03:19:23.846 I/BpBinder( 969): onLastStrongRef automatically unlinking death recipients:
11-29 03:19:23.846 W/WindowManager( 1496): Failed looking up window session=Session{b744521 4109:u0a10052} callers=com.android.server.wm.WindowManagerService.windowForClientLocked:5628 com.android.server.wm.Session.insetsModified:629 android.view.IWindowSession$Stub.onTransact:1151
11-29 03:19:23.848 D/KeyguardViewMediator( 1991): setOccluded true
11-29 03:19:23.849 I/wm_on_top_resumed_gained_called( 4109): [165633264,android.service.dreams.DreamActivity,topStateChangedWhenResumed]
11-29 03:19:23.849 V/KeyguardUpdateMonitor( 1991): startListeningForFingerprint()
11-29 03:19:23.850 D/KeyguardViewMediator( 1991): adjustStatusBarLocked: mShowing=false mOccluded=true isSecure=false force=false --> flags=0x0
11-29 03:19:23.851 E/ThemeUtils( 4109): View class androidx.appcompat.widget.AppCompatImageView is an AppCompat widget that can only be used with a Theme.AppCompat theme (or descendant).
11-29 03:19:23.851 E/ThemeUtils( 4109): View class androidx.appcompat.widget.AppCompatImageView is an AppCompat widget that can only be used with a Theme.AppCompat theme (or descendant).
11-29 03:19:23.852 E/ThemeUtils( 4109): View class androidx.appcompat.widget.AppCompatImageView is an AppCompat widget that can only be used with a Theme.AppCompat theme (or descendant).
11-29 03:19:23.853 E/ThemeUtils( 4109): View class androidx.appcompat.widget.AppCompatImageView is an AppCompat widget that can only be used with a Theme.AppCompat theme (or descendant).
11-29 03:19:23.864 I/input_focus( 1496): [Focus leaving e452379 com.android.launcher3/com.android.launcher3.uioverrides.QuickstepLauncher (server),reason=NO_WINDOW]
11-29 03:19:23.870 I/input_focus( 1496): [Focus request af5581c com.thundercomm.screensaver/android.service.dreams.DreamActivity,reason=UpdateInputWindows]
11-29 03:19:23.872 I/sysui_multi_action( 1991): [757,111,758,2]
11-29 03:19:23.872 I/notification_enqueue( 1496): [10082,1991,com.android.systemui,2048,NULL,0,Notification(channel=updateNotification shortcut=null contentView=null vibrate=null sound=null defaults=0x0 flags=0x0 color=0x00000000 vis=PRIVATE),1]
11-29 03:19:23.875 I/sysui_multi_action( 1991): [757,111,758,2]
11-29 03:19:23.876 I/GameModeConfig( 1496): isGameModeOn = false
11-29 03:19:23.876 I/GameModeConfig( 1496): isGameModeOn = false
11-29 03:19:23.876 I/GameModeConfig( 1496): isGameModeOn = false
11-29 03:19:23.876 I/GameModeConfig( 1496): isGameModeOn = false
11-29 03:19:23.887 V/DisplayPowerController[0]( 1496): Brightness [1.0] reason changing to: 'manual', previous reason: 'manual [ dim ]'.
11-29 03:19:23.888 I/sysui_multi_action( 1496): [757,1696,758,6,759,3]
11-29 03:19:23.888 I/sysui_multi_action( 1496): [319,87,322,86,325,342,757,761,758,8,759,2,806,com.thundercomm.screensaver,871,android.service.dreams.DreamActivity,904,com.thundercomm.screensaver,905,0,1320,4,1321,2]
11-29 03:19:23.888 W/ActivityTaskManager( 1496): Request to remove task ignored for non-existent task 8
11-29 03:19:23.888 I/BpBinder( 969): onLastStrongRef automatically unlinking death recipients:
11-29 03:19:23.889 I/wm_activity_launch_time( 1496): [0,165633264,com.thundercomm.screensaver/android.service.dreams.DreamActivity,86]
11-29 03:19:23.890 I/ActivityTaskManager( 1496): Displayed com.thundercomm.screensaver/android.service.dreams.DreamActivity: +86ms
11-29 03:19:23.891 I/EventSequenceValidator( 1496): Transition from ACTIVITY_LAUNCHED to ACTIVITY_FINISHED
11-29 03:19:23.892 I/sysui_multi_action( 1991): [757,111,758,1]
11-29 03:19:23.893 I/sysui_multi_action( 1991): [757,126,758,1,759,126,927,0,928,0,1593,0]
11-29 03:19:23.893 I/sysui_multi_action( 1991): [757,113,758,1,759,113,927,1,928,1,1593,0]
11-29 03:19:23.893 I/sysui_multi_action( 1991): [757,0,758,1,759,0,927,2,928,0,1593,0]
11-29 03:19:23.893 I/sysui_multi_action( 1991): [757,0,758,1,759,0,927,3,928,0,1593,0]
11-29 03:19:23.893 I/sysui_multi_action( 1991): [757,491,758,1,759,491,927,4,928,0,1311,-1,1593,0]
11-29 03:19:23.893 I/sysui_multi_action( 1991): [757,0,758,1,759,0,927,5,928,0,1593,0]
11-29 03:19:23.893 I/sysui_multi_action( 1991): [757,111,758,1]
11-29 03:19:23.893 I/sysui_multi_action( 1991): [757,126,758,1,759,126,927,0,928,0,1593,0]
11-29 03:19:23.893 I/sysui_multi_action( 1991): [757,113,758,1,759,113,927,1,928,1,1593,0]
11-29 03:19:23.893 I/sysui_multi_action( 1991): [757,0,758,1,759,0,927,2,928,0,1593,0]
11-29 03:19:23.893 I/sysui_multi_action( 1991): [757,0,758,1,759,0,927,3,928,0,1593,0]
11-29 03:19:23.895 W/View ( 1991): requestLayout() improperly called by com.android.systemui.util.animation.UniqueObjectHostView{a64edfe V.E...... ......ID 0,0-636,344} during layout: running second layout pass
11-29 03:19:23.897 E/DisplayDeviceConfig( 1496): requesting nits when no mapping exists.
11-29 03:19:23.897 E/DisplayDeviceConfig( 1496): requesting nits when no mapping exists.
11-29 03:19:23.897 I/am_wtf ( 1496): [0,1496,system_server,-1,DisplayDeviceConfig,requesting nits when no mapping exists.]
11-29 03:19:23.898 I/am_wtf ( 1496): [0,1496,system_server,-1,DisplayDeviceConfig,requesting nits when no mapping exists.]
