11-29 03:13:52.995 I/SystemServerTimingAsync( 1496): ssm.onUnlockedUser-0_com.android.server.timezonedetector.location.LocationTimeZoneManagerService$Lifecycle
11-29 03:13:52.995 I/SystemServerTimingAsync( 1496): ssm.onUnlockedUser-0_com.android.server.search.SearchManagerService$Lifecycle
11-29 03:13:52.995 I/SystemServerTimingAsync( 1496): ssm.onUnlockedUser-0_com.android.server.wallpaper.WallpaperManagerService$Lifecycle
11-29 03:13:52.995 I/SystemServerTimingAsync( 1496): ssm.onUnlockedUser-0_com.android.server.audio.AudioService$Lifecycle
11-29 03:13:52.995 I/SystemServerTimingAsync( 1496): ssm.onUnlockedUser-0_com.android.server.soundtrigger_middleware.SoundTriggerMiddlewareService$Lifecycle
11-29 03:13:52.995 I/SystemServerTimingAsync( 1496): ssm.onUnlockedUser-0_com.android.server.DockObserver
11-29 03:13:52.995 I/SystemServerTimingAsync( 1496): ssm.onUnlockedUser-0_com.android.server.midi.MidiService$Lifecycle
11-29 03:13:52.995 I/SystemServerTimingAsync( 1496): ssm.onUnlockedUser-0_com.android.server.adb.AdbService$Lifecycle
11-29 03:13:52.995 I/SystemServerTimingAsync( 1496): ssm.onUnlockedUser-0_com.android.server.usb.UsbService$Lifecycle
11-29 03:13:52.995 I/SystemServerTimingAsync( 1496): ssm.onUnlockedUser-0_com.android.server.twilight.TwilightService
11-29 03:13:52.995 I/SystemServerTimingAsync( 1496): ssm.onUnlockedUser-0_com.android.server.display.color.ColorDisplayService
11-29 03:13:52.995 I/SystemServerTimingAsync( 1496): ssm.onUnlockedUser-0_com.android.server.job.JobSchedulerService
11-29 03:13:52.995 I/SystemServerTimingAsync( 1496): ssm.onUnlockedUser-0_com.android.server.soundtrigger.SoundTriggerService
11-29 03:13:52.995 I/SystemServerTimingAsync( 1496): ssm.onUnlockedUser-0_com.android.server.trust.TrustManagerService
11-29 03:13:52.995 I/SystemServerTimingAsync( 1496): ssm.onUnlockedUser-0_com.android.server.backup.BackupManagerService$Lifecycle
11-29 03:13:52.995 I/SystemServerTimingAsync( 1496): ssm.onUnlockedUser-0_com.android.server.appwidget.AppWidgetService
11-29 03:13:52.995 I/SystemServerTimingAsync( 1496): ssm.onUnlockedUser-0_com.android.server.voiceinteraction.VoiceInteractionManagerService
11-29 03:13:52.995 I/SystemServerTimingAsync( 1496): ssm.onUnlockedUser-0_com.android.server.apphibernation.AppHibernationService
11-29 03:13:52.995 I/SystemServerTimingAsync( 1496): ssm.onUnlockedUser-0_com.android.server.GestureLauncherService
11-29 03:13:52.995 I/SystemServerTimingAsync( 1496): ssm.onUnlockedUser-0_com.android.server.SensorNotificationService
11-29 03:13:52.995 I/SystemServerTimingAsync( 1496): ssm.onUnlockedUser-0_com.android.server.emergency.EmergencyAffordanceService
11-29 03:13:52.995 I/SystemServerTimingAsync( 1496): ssm.onUnlockedUser-0_com.android.server.blob.BlobStoreManagerService
11-29 03:13:52.995 I/SystemServerTimingAsync( 1496): ssm.onUnlockedUser-0_com.android.server.dreams.DreamManagerService
11-29 03:13:52.995 I/SystemServerTimingAsync( 1496): ssm.onUnlockedUser-0_com.android.server.companion.CompanionDeviceManagerService
11-29 03:13:52.995 I/SystemServerTimingAsync( 1496): ssm.onUnlockedUser-0_com.android.server.restrictions.RestrictionsManagerService
11-29 03:13:52.995 I/SystemServerTimingAsync( 1496): ssm.onUnlockedUser-0_com.android.server.media.MediaSessionService
11-29 03:13:52.995 I/SystemServerTimingAsync( 1496): ssm.onUnlockedUser-0_com.android.server.media.MediaResourceMonitorService
11-29 03:13:52.995 I/SystemServerTimingAsync( 1496): ssm.onUnlockedUser-0_com.android.server.biometrics.sensors.fingerprint.FingerprintService
11-29 03:13:52.995 I/SystemServerTimingAsync( 1496): ssm.onUnlockedUser-0_com.android.server.biometrics.BiometricService
11-29 03:13:52.995 I/SystemServerTimingAsync( 1496): ssm.onUnlockedUser-0_com.android.server.biometrics.AuthService
11-29 03:13:52.995 I/SystemServerTimingAsync( 1496): ssm.onUnlockedUser-0_com.android.server.pm.ShortcutService$Lifecycle
11-29 03:13:52.995 I/SystemServerTimingAsync( 1496): ssm.onUnlockedUser-0_com.android.server.pm.LauncherAppsService
11-29 03:13:52.995 I/SystemServerTimingAsync( 1496): ssm.onUnlockedUser-0_com.android.server.pm.CrossProfileAppsService
11-29 03:13:52.995 I/SystemServerTimingAsync( 1496): ssm.onUnlockedUser-0_com.android.server.people.PeopleService
11-29 03:13:52.995 I/SystemServerTimingAsync( 1496): ssm.onUnlockedUser-0_com.android.server.media.metrics.MediaMetricsManagerService
11-29 03:13:52.995 I/SystemServerTimingAsync( 1496): ssm.onUnlockedUser-0_com.android.server.media.projection.MediaProjectionManagerService
11-29 03:13:52.995 I/SystemServerTimingAsync( 1496): ssm.onUnlockedUser-0_com.android.server.slice.SliceManagerService$Lifecycle
11-29 03:13:52.995 I/SystemServerTimingAsync( 1496): ssm.onUnlockedUser-0_com.android.server.stats.StatsCompanion$Lifecycle
11-29 03:13:52.995 I/SystemServerTimingAsync( 1496): ssm.onUnlockedUser-0_com.android.server.scheduling.RebootReadinessManagerService$Lifecycle
11-29 03:13:52.995 I/SystemServerTimingAsync( 1496): ssm.onUnlockedUser-0_com.android.server.stats.pull.StatsPullAtomService
11-29 03:13:52.995 I/SystemServerTimingAsync( 1496): ssm.onUnlockedUser-0_com.android.server.incident.IncidentCompanionService
11-29 03:13:52.995 I/SystemServerTimingAsync( 1496): ssm.onUnlockedUser-0_com.android.server.MmsServiceBroker
11-29 03:13:52.995 I/SystemServerTimingAsync( 1496): ssm.onUnlockedUser-0_com.android.server.autofill.AutofillManagerService
11-29 03:13:52.995 I/SystemServerTimingAsync( 1496): ssm.onUnlockedUser-0_com.android.server.clipboard.ClipboardService
11-29 03:13:52.995 I/SystemServerTimingAsync( 1496): ssm.onUnlockedUser-0_com.android.server.appbinding.AppBindingService$Lifecycle
11-29 03:13:52.995 I/SystemServerTimingAsync( 1496): ssm.onUnlockedUser-0_com.android.server.tracing.TracingServiceProxy
11-29 03:13:52.995 I/SystemServerTimingAsync( 1496): ssm.onUnlockedUser-0_com.android.server.policy.PermissionPolicyService
11-29 03:13:52.995 I/SystemServerTimingAsync( 1496): ssm.onUnlockedUser-0_com.android.server.pm.StagingManager$Lifecycle
11-29 03:13:52.995 I/SystemServerTimingAsync( 1496): ssm.onUnlockedUser-0_com.android.server.app.GameManagerService$Lifecycle
11-29 03:13:52.995 I/SystemServerTimingAsync( 1496): ssm.onUnlockedUser-0_com.android.server.appsearch.AppSearchManagerService
11-29 03:13:52.995 I/SystemServerTimingAsync( 1496): ssm.onUnlockedUser-0_com.android.server.media.MediaCommunicationService
11-29 03:13:52.995 W/ActivityManager( 1496): UserLifecycleEvent 6 received without an active userJourneySession.
11-29 03:13:52.996 V/BackupManagerConstants( 1496): getKeyValueBackupIntervalMilliseconds(...) returns 14400000
11-29 03:13:52.996 V/BackupManagerConstants( 1496): getKeyValueBackupFuzzMilliseconds(...) returns 600000
11-29 03:13:52.996 V/BackupManagerConstants( 1496): getKeyValueBackupRequiredNetworkType(...) returns 1
11-29 03:13:52.996 V/BackupManagerConstants( 1496): getKeyValueBackupRequireCharging(...) returns true
11-29 03:13:52.996 V/KeyValueBackupJob( 1496): Scheduling k/v pass in 243 minutes
11-29 03:13:53.002 I/iorapd ( 1164): iorapd (the prefetchening) readied up
11-29 03:13:53.007 I/am_proc_start( 1496): [0,2735,10055,ts.car.uart,added application,ts.car.uart]
11-29 03:13:53.007 I/ActivityManager( 1496): Start proc 2735:ts.car.uart/u0a55 for added application ts.car.uart
11-29 03:13:53.008 I/wm_on_stop_called( 2394): [84224050,com.android.settings.FallbackHome,LIFECYCLER_STOP_ACTIVITY]
11-29 03:13:53.010 I/vold ( 516): Bind mounting /mnt/runtime/full/emulated to /mnt/pass_through/0/emulated
11-29 03:13:53.010 D/CompatibilityChangeReporter( 1496): Compat change id reported: 143937733; UID 10053; state: ENABLED
11-29 03:13:53.011 I/StorageSessionController( 1496): On volume mount VolumeInfo{emulated;0}:
11-29 03:13:53.011 I/StorageSessionController( 1496): type=EMULATED diskId=null partGuid= mountFlags=PRIMARY|VISIBLE
11-29 03:13:53.011 I/StorageSessionController( 1496): mountUserId=0 state=CHECKING
11-29 03:13:53.011 I/StorageSessionController( 1496): fsType=null fsUuid=null fsLabel=null
11-29 03:13:53.011 I/StorageSessionController( 1496): path=/storage/emulated internalPath=/data/media
11-29 03:13:53.014 I/StorageSessionController( 1496): Creating connection for user: 0
11-29 03:13:53.014 I/StorageSessionController( 1496): Creating and starting session with id: emulated;0
11-29 03:13:53.014 I/StorageUserConnection( 1496): Binding to the ExternalStorageService for user 0
11-29 03:13:53.016 D/CompatibilityChangeReporter( 1496): Compat change id reported: 168419799; UID 10086; state: DISABLED
11-29 03:13:53.018 I/wm_on_destroy_called( 2394): [84224050,com.android.settings.FallbackHome,performDestroy]
11-29 03:13:53.018 I/am_proc_start( 1496): [0,2751,10053,.pasr,added application,.pasr]
11-29 03:13:53.018 I/ActivityManager( 1496): Start proc 2751:.pasr/u0a53 for added application .pasr
11-29 03:13:53.018 D/CompatibilityChangeReporter( 1496): Compat change id reported: 143937733; UID 10072; state: DISABLED
11-29 03:13:53.020 I/am_uid_active( 1496): 10076
11-29 03:13:53.042 I/UsageStatsService( 1496): User[0] Rollover scheduled @ 2022-11-30 03:13:52(1669749232966)
11-29 03:13:53.042 W/ActivityManager( 1496): Slow operation: 63ms so far, now at startProcess: returned from zygote!
11-29 03:13:53.043 I/am_uid_running( 1496): 10095
11-29 03:13:53.043 D/CompatibilityChangeReporter( 1496): Compat change id reported: 135634846; UID 10095; state: DISABLED
11-29 03:13:53.043 D/CompatibilityChangeReporter( 1496): Compat change id reported: 177438394; UID 10095; state: DISABLED
11-29 03:13:53.043 D/CompatibilityChangeReporter( 1496): Compat change id reported: 135772972; UID 10095; state: DISABLED
11-29 03:13:53.043 D/CompatibilityChangeReporter( 1496): Compat change id reported: 135754954; UID 10095; state: ENABLED
11-29 03:13:53.043 I/UsageStatsService( 1496): Time changed in by 1669662817 seconds
11-29 03:13:53.044 I/StorageUserConnection( 1496): Bound to the ExternalStorageService for user 0
11-29 03:13:53.044 I/am_proc_bound( 1496): [0,2727,com.hht.lebocast]
11-29 03:13:53.044 D/CompatibilityChangeReporter( 1496): Compat change id reported: 168419799; UID 10087; state: DISABLED
11-29 03:13:53.045 I/am_uid_active( 1496): 10087
11-29 03:13:53.046 I/am_proc_bound( 1496): [0,2735,ts.car.uart]
11-29 03:13:53.046 D/CompatibilityChangeReporter( 1496): Compat change id reported: 168419799; UID 10055; state: DISABLED
11-29 03:13:53.050 I/am_uid_active( 1496): 10055
11-29 03:13:53.053 I/am_proc_bound( 1496): [0,2751,.pasr]
11-29 03:13:53.054 D/CompatibilityChangeReporter( 1496): Compat change id reported: 168419799; UID 10053; state: DISABLED
11-29 03:13:53.056 I/am_uid_active( 1496): 10053
11-29 03:13:53.060 W/ActivityManager( 1496): Slow operation: 81ms so far, now at startProcess: done updating battery stats
11-29 03:13:53.060 I/am_proc_start( 1496): [0,2757,10072,com.qualcomm.qti.services.systemhelper:systemhelper_service,added application,com.qualcomm.qti.services.systemhelper:systemhelper_service]
11-29 03:13:53.060 W/ActivityManager( 1496): Slow operation: 81ms so far, now at startProcess: building log message
11-29 03:13:53.060 I/ActivityManager( 1496): Start proc 2757:com.qualcomm.qti.services.systemhelper:systemhelper_service/u0a72 for added application com.qualcomm.qti.services.systemhelper:systemhelper_service
11-29 03:13:53.060 I/BackupManagerService( 1496): isBackupEnabled() => false due to absent settings file
11-29 03:13:53.060 D/BackupManagerService( 1496): user:0 readBackupEnableState enabled:false
11-29 03:13:53.060 I/BackupManagerService( 1496): [UserID:0] Backup enabled => false
11-29 03:13:53.060 W/ActivityManager( 1496): Slow operation: 81ms so far, now at startProcess: starting to update pids map
11-29 03:13:53.060 W/ActivityManager( 1496): Slow operation: 81ms so far, now at startProcess: done updating pids map
11-29 03:13:53.061 W/ActivityManager( 1496): Slow operation: 82ms so far, now at startProcess: asking zygote to start proc
11-29 03:13:53.061 D/CompatibilityChangeReporter( 1496): Compat change id reported: 143937733; UID 10085; state: ENABLED
11-29 03:13:53.065 I/am_proc_bound( 1496): [0,2757,com.qualcomm.qti.services.systemhelper:systemhelper_service]
11-29 03:13:53.066 I/UsageStatsService( 1496): User[0] Flushing usage stats to disk
11-29 03:13:53.067 W/ActivityManager( 1496): Slow operation: 88ms so far, now at startProcess: returned from zygote!
11-29 03:13:53.070 D/CompatibilityChangeReporter( 1496): Compat change id reported: 168419799; UID 10072; state: DISABLED
11-29 03:13:53.072 I/am_uid_active( 1496): 10072
11-29 03:13:53.074 W/ActivityManager( 1496): Slow operation: 95ms so far, now at startProcess: done updating battery stats
11-29 03:13:53.074 I/am_proc_start( 1496): [0,2802,10085,com.qualcomm.qti.qccnetstat,added application,com.qualcomm.qti.qccnetstat]
11-29 03:13:53.074 W/ActivityManager( 1496): Slow operation: 95ms so far, now at startProcess: building log message
11-29 03:13:53.074 I/ActivityManager( 1496): Start proc 2802:com.qualcomm.qti.qccnetstat/u0a85 for added application com.qualcomm.qti.qccnetstat
11-29 03:13:53.074 W/ActivityManager( 1496): Slow operation: 95ms so far, now at startProcess: starting to update pids map
11-29 03:13:53.074 W/ActivityManager( 1496): Slow operation: 95ms so far, now at startProcess: done updating pids map
11-29 03:13:53.074 W/ActivityManager( 1496): Slow operation: 96ms so far, now at startProcess: asking zygote to start proc
11-29 03:13:53.075 D/CompatibilityChangeReporter( 1496): Compat change id reported: 143937733; UID 10089; state: ENABLED
11-29 03:13:53.082 W/ActivityManager( 1496): Slow operation: 103ms so far, now at startProcess: returned from zygote!
11-29 03:13:53.083 W/ActivityManager( 1496): Slow operation: 104ms so far, now at startProcess: done updating battery stats
11-29 03:13:53.083 I/am_proc_start( 1496): [0,2807,10089,com.qualcomm.qti.workloadclassifier,added application,com.qualcomm.qti.workloadclassifier]
11-29 03:13:53.083 W/ActivityManager( 1496): Slow operation: 104ms so far, now at startProcess: building log message
11-29 03:13:53.083 I/ActivityManager( 1496): Start proc 2807:com.qualcomm.qti.workloadclassifier/u0a89 for added application com.qualcomm.qti.workloadclassifier
11-29 03:13:53.083 W/ActivityManager( 1496): Slow operation: 104ms so far, now at startProcess: starting to update pids map
11-29 03:13:53.083 W/ActivityManager( 1496): Slow operation: 104ms so far, now at startProcess: done updating pids map
11-29 03:13:53.083 W/ActivityManager( 1496): Slow operation: 103ms so far, now at startProcess: asking zygote to start proc
11-29 03:13:53.083 D/CompatibilityChangeReporter( 1496): Compat change id reported: 143937733; UID 10076; state: ENABLED
11-29 03:13:53.090 W/ActivityManager( 1496): Slow operation: 110ms so far, now at startProcess: returned from zygote!
11-29 03:13:53.090 W/ActivityManager( 1496): Slow operation: 110ms so far, now at startProcess: done updating battery stats
11-29 03:13:53.090 I/am_proc_start( 1496): [0,2822,10076,com.qualcomm.location,added application,com.qualcomm.location]
11-29 03:13:53.090 W/ActivityManager( 1496): Slow operation: 110ms so far, now at startProcess: building log message
11-29 03:13:53.090 I/ActivityManager( 1496): Start proc 2822:com.qualcomm.location/u0a76 for added application com.qualcomm.location
11-29 03:13:53.090 W/ActivityManager( 1496): Slow operation: 110ms so far, now at startProcess: starting to update pids map
11-29 03:13:53.090 W/ActivityManager( 1496): Slow operation: 110ms so far, now at startProcess: done updating pids map
11-29 03:13:53.090 D/CompatibilityChangeReporter( 1496): Compat change id reported: 143937733; UID 10095; state: ENABLED
11-29 03:13:53.093 I/am_proc_bound( 1496): [0,2802,com.qualcomm.qti.qccnetstat]
11-29 03:13:53.094 D/CompatibilityChangeReporter( 1496): Compat change id reported: 168419799; UID 10085; state: DISABLED
11-29 03:13:53.096 I/am_uid_active( 1496): 10085
11-29 03:13:53.105 W/ActivityManager( 1496): Slow operation: 62ms so far, now at startProcess: returned from zygote!
11-29 03:13:53.106 W/ActivityManager( 1496): Slow operation: 63ms so far, now at startProcess: done updating battery stats
11-29 03:13:53.106 I/am_proc_start( 1496): [0,2836,10095,com.android.providers.media.module,service,{com.android.providers.media.module/com.android.providers.media.fuse.ExternalStorageServiceImpl}]
11-29 03:13:53.106 I/Watchdog( 1496): Interesting Java process com.android.providers.media.module started. Pid 2836
11-29 03:13:53.106 W/ActivityManager( 1496): Slow operation: 63ms so far, now at startProcess: building log message
11-29 03:13:53.106 I/ActivityManager( 1496): Start proc 2836:com.android.providers.media.module/u0a95 for service {com.android.providers.media.module/com.android.providers.media.fuse.ExternalStorageServiceImpl}
11-29 03:13:53.106 W/ActivityManager( 1496): Slow operation: 63ms so far, now at startProcess: starting to update pids map
11-29 03:13:53.106 W/ActivityManager( 1496): Slow operation: 63ms so far, now at startProcess: done updating pids map
11-29 03:13:53.113 I/am_proc_bound( 1496): [0,2822,com.qualcomm.location]
11-29 03:13:53.115 D/CompatibilityChangeReporter( 1496): Compat change id reported: 168419799; UID 10076; state: DISABLED
11-29 03:13:53.120 I/am_proc_bound( 1496): [0,2807,com.qualcomm.qti.workloadclassifier]
11-29 03:13:53.122 D/CompatibilityChangeReporter( 1496): Compat change id reported: 168419799; UID 10089; state: DISABLED
11-29 03:13:53.126 I/am_uid_active( 1496): 10089
11-29 03:13:53.131 I/am_proc_bound( 1496): [0,2836,com.android.providers.media.module]
11-29 03:13:53.134 D/CompatibilityChangeReporter( 1496): Compat change id reported: 168419799; UID 10095; state: DISABLED
11-29 03:13:53.135 I/am_uid_active( 1496): 10095
11-29 03:13:53.146 D/CompatibilityChangeReporter( 1496): Compat change id reported: 135634846; UID 1000; state: DISABLED
11-29 03:13:53.146 D/CompatibilityChangeReporter( 1496): Compat change id reported: 177438394; UID 1000; state: DISABLED
11-29 03:13:53.146 D/CompatibilityChangeReporter( 1496): Compat change id reported: 135772972; UID 1000; state: DISABLED
11-29 03:13:53.147 D/CompatibilityChangeReporter( 1496): Compat change id reported: 135754954; UID 1000; state: ENABLED
11-29 03:13:53.154 I/am_proc_start( 1496): [0,2886,1000,com.android.keychain,service,{com.android.keychain/com.android.keychain.KeyChainService}]
11-29 03:13:53.155 I/ActivityManager( 1496): Start proc 2886:com.android.keychain/1000 for service {com.android.keychain/com.android.keychain.KeyChainService}
11-29 03:13:53.157 W/Looper ( 1496): Slow dispatch took 374ms main h=android.os.Handler c=com.android.server.biometrics.sensors.fingerprint.hidl.Fingerprint21$$ExternalSyntheticLambda2@392d900 m=0
11-29 03:13:53.158 D/BiometricScheduler/Fingerprint21( 1496): [Added] {[1] FingerprintUpdateActiveUserClient, proto=1, owner=android, cookie=0, requestId=-1, userId=0}, new queue size: 1
11-29 03:13:53.158 V/BiometricScheduler/Fingerprint21( 1496): Not idle, current operation: {[0] FingerprintUpdateActiveUserClient, proto=1, owner=android, cookie=0, requestId=-1, userId=0}, State: 2
11-29 03:13:53.158 D/BiometricScheduler/Fingerprint21( 1496): [Added] {[2] FingerprintInternalCleanupClient, proto=7, owner=android, cookie=0, requestId=-1, userId=0}, new queue size: 2
11-29 03:13:53.158 V/BiometricScheduler/Fingerprint21( 1496): Not idle, current operation: {[0] FingerprintUpdateActiveUserClient, proto=1, owner=android, cookie=0, requestId=-1, userId=0}, State: 2
11-29 03:13:53.158 W/Looper ( 1496): Slow delivery took 375ms main h=android.os.Handler c=com.android.server.biometrics.sensors.fingerprint.hidl.Fingerprint21$$ExternalSyntheticLambda12@3a1177e m=0
11-29 03:13:53.175 I/NotificationHistory( 1496): Attempted to unlock gone/disabled user 0
11-29 03:13:53.176 I/sysui_multi_action( 1496): [757,1501,758,1,793,419,794,0,795,419,796,26,806,android,857,DEVELOPER_IMPORTANT,858,4,947,0,1500,0]
11-29 03:13:53.176 I/sysui_multi_action( 1496): [757,804,799,note_interruptive,801,0,802,1]
11-29 03:13:53.176 I/GameModeConfig( 1496): isGameModeOn = false
11-29 03:13:53.177 I/sysui_multi_action( 1496): [757,1501,758,1,793,421,794,0,795,421,796,26,806,android,857,DEVELOPER_IMPORTANT,858,4,947,0,1500,0,1688,1]
11-29 03:13:53.177 I/sysui_multi_action( 1496): [757,804,799,note_interruptive,801,0,802,1]
11-29 03:13:53.177 I/sysui_multi_action( 1496): [757,199,758,1,759,2,793,421,794,0,795,421,796,26,806,android,857,DEVELOPER_IMPORTANT,858,4,947,0,1500,0,1688,1]
11-29 03:13:53.177 I/notification_alert( 1496): [-1|android|26|null|1000,0,1,0]
11-29 03:13:53.178 W/NotificationHistory( 1496): Attempted to add notif for locked/gone/disabled user 0
11-29 03:13:53.179 V/NotificationAssistants( 1496): disabling notification assistant for user 0: ComponentInfo{android.ext.services/android.ext.services.notification.Assistant}
11-29 03:13:53.179 D/NotificationListeners( 1496): Removing active service ComponentInfo{android.ext.services/android.ext.services.notification.Assistant}
11-29 03:13:53.180 I/am_proc_bound( 1496): [0,2886,com.android.keychain]
11-29 03:13:53.180 V/NotificationAssistants( 1496): enabling notification assistant for 0: ComponentInfo{android.ext.services/android.ext.services.notification.Assistant}
11-29 03:13:53.180 V/NotificationAssistants( 1496): binding: Intent { act=android.service.notification.NotificationAssistantService cmp=android.ext.services/.notification.Assistant (has extras) }
11-29 03:13:53.184 D/CompatibilityChangeReporter( 1496): Compat change id reported: 168419799; UID 1000; state: DISABLED
11-29 03:13:53.192 D/CompatibilityChangeReporter( 1496): Compat change id reported: 168419799; UID 10096; state: DISABLED
11-29 03:13:53.183 I/auditd ( 2904): type=1400 audit(0.0:220): avc: denied { read } for comm="ip" name="rt_tables" dev="dm-10" ino=342 scontext=u:r:ethernet:s0 tcontext=u:object_r:net_data_file:s0 tclass=file permissive=0
11-29 03:13:53.199 I/auditd ( 2915): type=1400 audit(0.0:221): avc: denied { read } for comm="ip" name="rt_tables" dev="dm-10" ino=342 scontext=u:r:ethernet:s0 tcontext=u:object_r:net_data_file:s0 tclass=file permissive=0
11-29 03:13:53.199 D/CompatibilityChangeReporter( 1496): Compat change id reported: 73144566; UID 1000; state: ENABLED
11-29 03:13:53.200 D/CompatibilityChangeReporter( 1496): Compat change id reported: 73144566; UID 1000; state: DISABLED
11-29 03:13:53.200 D/CompatibilityChangeReporter( 1496): Compat change id reported: 168419799; UID 10083; state: DISABLED
11-29 03:13:53.206 D/CompatibilityChangeReporter( 1496): Compat change id reported: 168419799; UID 1000; state: DISABLED
11-29 03:13:53.234 I/am_uid_running( 1496): 10073
11-29 03:13:53.234 I/GameModeConfig( 1496): isGameModeOn = false
11-29 03:13:53.234 I/GameModeConfig( 1496): isGameModeOn = false
11-29 03:13:53.234 I/GameModeConfig( 1496): isGameModeOn = false
11-29 03:13:53.234 D/CompatibilityChangeReporter( 1496): Compat change id reported: 135634846; UID 10073; state: DISABLED
11-29 03:13:53.235 D/CompatibilityChangeReporter( 1496): Compat change id reported: 177438394; UID 10073; state: DISABLED
11-29 03:13:53.235 D/CompatibilityChangeReporter( 1496): Compat change id reported: 135772972; UID 10073; state: DISABLED
11-29 03:13:53.235 D/CompatibilityChangeReporter( 1496): Compat change id reported: 135754954; UID 10073; state: ENABLED
11-29 03:13:53.235 D/CompatibilityChangeReporter( 1496): Compat change id reported: 143937733; UID 10073; state: ENABLED
11-29 03:13:53.238 D/BiometricScheduler/Fingerprint21( 1496): [Finishing] {[0] FingerprintUpdateActiveUserClient, proto=1, owner=android, cookie=0, requestId=-1, userId=0}, success: true
11-29 03:13:53.238 D/BiometricScheduler/Fingerprint21( 1496): [Polled] {[1] FingerprintUpdateActiveUserClient, proto=1, owner=android, cookie=0, requestId=-1, userId=0}, State: 0
11-29 03:13:53.238 D/BiometricScheduler/Fingerprint21( 1496): [Starting] {[1] FingerprintUpdateActiveUserClient, proto=1, owner=android, cookie=0, requestId=-1, userId=0}, State: 0
11-29 03:13:53.238 D/BiometricScheduler/Fingerprint21( 1496): [Started] {[1] FingerprintUpdateActiveUserClient, proto=1, owner=android, cookie=0, requestId=-1, userId=0}
11-29 03:13:53.240 I/GameModeConfig( 1496): isGameModeOn = false
11-29 03:13:53.241 I/GameModeConfig( 1496): isGameModeOn = false
11-29 03:13:53.241 I/GameModeConfig( 1496): isGameModeOn = false
11-29 03:13:53.245 I/am_proc_start( 1496): [0,2933,10073,com.qualcomm.location.XT,service,{com.qualcomm.location.XT/com.qualcomm.location.XT.XTSrv}]
11-29 03:13:53.245 I/ActivityManager( 1496): Start proc 2933:com.qualcomm.location.XT/u0a73 for service {com.qualcomm.location.XT/com.qualcomm.location.XT.XTSrv}
11-29 03:13:53.246 D/CompatibilityChangeReporter( 1496): Compat change id reported: 157233955; UID 10076; state: DISABLED
11-29 03:13:53.247 I/SyncManager( 1496): Loaded persisted syncs: 0 periodic syncs, 0 oneshot syncs, 15 total system server jobs, JobStats: FirstLoad: 5/4/0 LastSave: -1/-1/-1
11-29 03:13:53.253 W/ContextImpl( 2375): Calling a method in the system process without a qualified user: android.app.ContextImpl.startService:1816 android.content.ContextWrapper.startService:774 android.content.ContextWrapper.startService:774 com.qualcomm.qti.qdma.app.BootReceiver.onBootReceived:115 com.qualcomm.qti.innodme.InnoBootReceiver.onReceive:22
11-29 03:13:53.261 I/am_proc_bound( 1496): [0,2933,com.qualcomm.location.XT]
11-29 03:13:53.259 I/auditd ( 821): type=1400 audit(0.0:222): avc: denied { read } for comm="Loc_hal_worker" name="u:object_r:vendor_pd_locater_dbg_prop:s0" dev="tmpfs" ino=3402 scontext=u:r:vendor_hal_gnss_qti:s0 tcontext=u:object_r:vendor_pd_locater_dbg_prop:s0 tclass=file permissive=0
11-29 03:13:53.264 D/CompatibilityChangeReporter( 1496): Compat change id reported: 168419799; UID 10073; state: DISABLED
11-29 03:13:53.266 I/am_uid_active( 1496): 10073
11-29 03:13:53.270 I/am_uid_running( 1496): 10088
11-29 03:13:53.270 D/CompatibilityChangeReporter( 1496): Compat change id reported: 135634846; UID 10088; state: DISABLED
11-29 03:13:53.270 D/CompatibilityChangeReporter( 1496): Compat change id reported: 177438394; UID 10088; state: DISABLED
11-29 03:13:53.270 D/CompatibilityChangeReporter( 1496): Compat change id reported: 135772972; UID 10088; state: DISABLED
11-29 03:13:53.270 D/CompatibilityChangeReporter( 1496): Compat change id reported: 135754954; UID 10088; state: ENABLED
11-29 03:13:53.270 D/CompatibilityChangeReporter( 1496): Compat change id reported: 143937733; UID 10088; state: ENABLED
11-29 03:13:53.276 I/am_proc_start( 1496): [0,2969,10088,com.qualcomm.qtil.aptxui,broadcast,{com.qualcomm.qtil.aptxui/com.qualcomm.qtil.aptxui.aptxuiBootReceiver}]
11-29 03:13:53.276 I/ActivityManager( 1496): Start proc 2969:com.qualcomm.qtil.aptxui/u0a88 for broadcast {com.qualcomm.qtil.aptxui/com.qualcomm.qtil.aptxui.aptxuiBootReceiver}
11-29 03:13:53.279 D/CompatibilityChangeReporter( 1496): Compat change id reported: 182478738; UID 1001; state: DISABLED
11-29 03:13:53.279 D/TelephonyRegistry( 1496): listen oscl: mHasNotifySubscriptionInfoChangedOccurred==false no callback
11-29 03:13:53.281 I/StorageUserConnection( 1496): Service: [ComponentInfo{com.android.providers.media.module/com.android.providers.media.fuse.ExternalStorageServiceImpl}] connected. User [0]
11-29 03:13:53.298 I/am_proc_bound( 1496): [0,2969,com.qualcomm.qtil.aptxui]
11-29 03:13:53.299 D/CompatibilityChangeReporter( 1496): Compat change id reported: 168419799; UID 10088; state: DISABLED
11-29 03:13:53.300 I/am_uid_active( 1496): 10088
11-29 03:13:53.308 I/am_uid_running( 1496): 10022
11-29 03:13:53.308 D/CompatibilityChangeReporter( 1496): Compat change id reported: 135634846; UID 10022; state: DISABLED
11-29 03:13:53.308 D/CompatibilityChangeReporter( 1496): Compat change id reported: 177438394; UID 10022; state: DISABLED
11-29 03:13:53.308 D/CompatibilityChangeReporter( 1496): Compat change id reported: 135772972; UID 10022; state: DISABLED
11-29 03:13:53.308 D/CompatibilityChangeReporter( 1496): Compat change id reported: 135754954; UID 10022; state: ENABLED
11-29 03:13:53.309 D/CompatibilityChangeReporter( 1496): Compat change id reported: 143937733; UID 10022; state: ENABLED
11-29 03:13:53.316 I/am_proc_start( 1496): [0,3004,10022,android.process.media,broadcast,{com.android.mtp/com.android.mtp.MtpReceiver}]
11-29 03:13:53.316 I/ActivityManager( 1496): Start proc 3004:android.process.media/u0a22 for broadcast {com.android.mtp/com.android.mtp.MtpReceiver}
11-29 03:13:53.342 I/am_proc_bound( 1496): [0,3004,android.process.media]
11-29 03:13:53.344 D/CompatibilityChangeReporter( 1496): Compat change id reported: 168419799; UID 10022; state: DISABLED
11-29 03:13:53.373 D/CompatibilityChangeReporter( 1496): Compat change id reported: 168419799; UID 10057; state: DISABLED
11-29 03:13:53.379 W/ContextImpl( 2236): Calling a method in the system process without a qualified user: android.app.ContextImpl.startService:1816 android.content.ContextWrapper.startService:774 android.content.ContextWrapper.startService:774 vendor.qti.qesdk.sysservice.QesdkSysReceiver.onReceive:42 android.app.ActivityThread.handleReceiver:4309
11-29 03:13:53.382 D/CompatibilityChangeReporter( 1496): Compat change id reported: 168419799; UID 10068; state: DISABLED
11-29 03:13:53.388 I/commit_sys_config_file( 1496): [settings-2-0,8]
11-29 03:13:53.395 I/am_uid_running( 1496): 10031
11-29 03:13:53.395 D/CompatibilityChangeReporter( 1496): Compat change id reported: 135634846; UID 10031; state: DISABLED
11-29 03:13:53.395 D/CompatibilityChangeReporter( 1496): Compat change id reported: 177438394; UID 10031; state: DISABLED
11-29 03:13:53.396 D/CompatibilityChangeReporter( 1496): Compat change id reported: 135772972; UID 10031; state: DISABLED
11-29 03:13:53.396 D/CompatibilityChangeReporter( 1496): Compat change id reported: 135754954; UID 10031; state: ENABLED
11-29 03:13:53.396 D/CompatibilityChangeReporter( 1496): Compat change id reported: 143937733; UID 10031; state: ENABLED
11-29 03:13:53.403 I/am_proc_start( 1496): [0,3052,10031,com.android.traceur,broadcast,{com.android.traceur/com.android.traceur.Receiver}]
11-29 03:13:53.403 I/ActivityManager( 1496): Start proc 3052:com.android.traceur/u0a31 for broadcast {com.android.traceur/com.android.traceur.Receiver}
11-29 03:13:53.403 I/GameModeConfig( 1496): isGameModeOn = false
11-29 03:13:53.403 I/GameModeConfig( 1496): isGameModeOn = false
11-29 03:13:53.403 I/GameModeConfig( 1496): isGameModeOn = false
11-29 03:13:53.424 I/am_proc_bound( 1496): [0,3052,com.android.traceur]
11-29 03:13:53.426 D/CompatibilityChangeReporter( 1496): Compat change id reported: 168419799; UID 10031; state: DISABLED
11-29 03:13:53.428 I/am_uid_active( 1496): 10031
11-29 03:13:53.431 I/auditd ( 3057): type=1400 audit(0.0:223): avc: denied { read } for comm="ip" name="rt_tables" dev="dm-10" ino=342 scontext=u:r:ethernet:s0 tcontext=u:object_r:net_data_file:s0 tclass=file permissive=0
11-29 03:13:53.451 I/auditd ( 3068): type=1400 audit(0.0:224): avc: denied { read } for comm="ip" name="rt_tables" dev="dm-10" ino=342 scontext=u:r:ethernet:s0 tcontext=u:object_r:net_data_file:s0 tclass=file permissive=0
11-29 03:13:53.498 W/Looper ( 1496): Slow dispatch took 260ms main h=android.os.Handler c=com.android.server.biometrics.sensors.BiometricScheduler$InternalCallback$$ExternalSyntheticLambda0@c50466a m=0
11-29 03:13:53.499 V/BackupManagerConstants( 1496): getKeyValueBackupIntervalMilliseconds(...) returns 14400000
11-29 03:13:53.499 V/BackupManagerConstants( 1496): getKeyValueBackupFuzzMilliseconds(...) returns 600000
11-29 03:13:53.499 V/BackupManagerConstants( 1496): getKeyValueBackupRequiredNetworkType(...) returns 1
11-29 03:13:53.499 V/BackupManagerConstants( 1496): getKeyValueBackupRequireCharging(...) returns true
11-29 03:13:53.499 V/KeyValueBackupJob( 1496): Scheduling k/v pass in 249 minutes
11-29 03:13:53.499 V/NotificationAssistants( 1496): 0 notification assistant service connected: ComponentInfo{android.ext.services/android.ext.services.notification.Assistant}
11-29 03:13:53.500 D/BiometricScheduler/Fingerprint21( 1496): [Finishing] {[1] FingerprintUpdateActiveUserClient, proto=1, owner=android, cookie=0, requestId=-1, userId=0}, success: true
11-29 03:13:53.500 D/BiometricScheduler/Fingerprint21( 1496): [Polled] {[2] FingerprintInternalCleanupClient, proto=7, owner=android, cookie=0, requestId=-1, userId=0}, State: 0
11-29 03:13:53.500 D/BiometricScheduler/Fingerprint21( 1496): [Starting] {[2] FingerprintInternalCleanupClient, proto=7, owner=android, cookie=0, requestId=-1, userId=0}, State: 0
11-29 03:13:53.500 D/BiometricScheduler/Fingerprint21( 1496): [Started] {[2] FingerprintInternalCleanupClient, proto=7, owner=android, cookie=0, requestId=-1, userId=0}
11-29 03:13:53.500 D/Biometrics/InternalCleanupClient( 1496): Starting enumerate: {[3] FingerprintInternalEnumerateClient, proto=6, owner=android, cookie=0, requestId=-1, userId=0}
11-29 03:13:53.501 W/Looper ( 1496): Drained
11-29 03:13:53.503 I/wm_task_removed( 1496): [2,cleanUpResourcesForDestroy]
11-29 03:13:53.503 I/wm_task_removed( 1496): [1,removeChild:removeChild last r=Task{a1d0c11 #2 type=home A=1000:com.android.settings.FallbackHome U=0 visible=false mode=fullscreen translucent=true sz=0} in t=Task{db6d6b #1 type=home ?? U=0 visible=true mode=fullscreen translucent=true sz=0}]
11-29 03:13:53.503 I/wm_task_removed( 1496): [1,removeChild]
11-29 03:13:53.504 I/wm_task_removed( 1496): [2,removeChild:removeChild last r=ActivityRecord{5052832 u0 com.android.settings/.FallbackHome t-1 f}} in t=Task{a1d0c11 #2 type=home A=1000:com.android.settings.FallbackHome U=0 visible=false mode=fullscreen translucent=true sz=0}]
11-29 03:13:53.504 I/wm_task_removed( 1496): [2,removeChild]
11-29 03:13:53.505 W/ActivityTaskManager( 1496): Can't find TaskDisplayArea to determine support for multi window. Task id=1 attached=false
11-29 03:13:53.505 W/ActivityTaskManager( 1496): Can't find TaskDisplayArea to determine support for multi window. Task id=1 attached=false
11-29 03:13:53.518 I/GameModeConfig( 1496): isGameModeOn = false
11-29 03:13:53.518 I/GameModeConfig( 1496): isGameModeOn = false
11-29 03:13:53.518 I/GameModeConfig( 1496): isGameModeOn = false
11-29 03:13:53.518 I/GameModeConfig( 1496): isGameModeOn = false
11-29 03:13:53.518 I/GameModeConfig( 1496): isGameModeOn = false
11-29 03:13:53.518 I/GameModeConfig( 1496): isGameModeOn = false
11-29 03:13:53.532 D/CompatibilityChangeReporter( 1496): Compat change id reported: 168419799; UID 10069; state: DISABLED
11-29 03:13:53.537 E/AndroidRuntime( 2352): FATAL EXCEPTION: main
11-29 03:13:53.537 E/AndroidRuntime( 2352): Process: com.qualcomm.qti.devicestatisticsservice, PID: 2352
11-29 03:13:53.537 E/AndroidRuntime( 2352): java.lang.NoClassDefFoundError: Failed resolution of: Landroid/hidl/manager/V1_0/IServiceNotification$Stub;
11-29 03:13:53.537 E/AndroidRuntime( 2352): at com.qualcomm.qti.devicestatisticsservice.DeviceStatisticsService.onStartCommand(DeviceStatisticsService.java:83)
11-29 03:13:53.537 E/AndroidRuntime( 2352): at android.app.ActivityThread.handleServiceArgs(ActivityThread.java:4640)
11-29 03:13:53.537 E/AndroidRuntime( 2352): at android.app.ActivityThread.access$2000(ActivityThread.java:248)
11-29 03:13:53.537 E/AndroidRuntime( 2352): at android.app.ActivityThread$H.handleMessage(ActivityThread.java:2092)
11-29 03:13:53.537 E/AndroidRuntime( 2352): at android.os.Handler.dispatchMessage(Handler.java:106)
11-29 03:13:53.537 E/AndroidRuntime( 2352): at android.os.Looper.loopOnce(Looper.java:201)
11-29 03:13:53.537 E/AndroidRuntime( 2352): at android.os.Looper.loop(Looper.java:288)
11-29 03:13:53.537 E/AndroidRuntime( 2352): at android.app.ActivityThread.main(ActivityThread.java:7880)
11-29 03:13:53.537 E/AndroidRuntime( 2352): at java.lang.reflect.Method.invoke(Native Method)
11-29 03:13:53.537 E/AndroidRuntime( 2352): at com.android.internal.os.RuntimeInit$MethodAndArgsCaller.run(RuntimeInit.java:548)
11-29 03:13:53.537 E/AndroidRuntime( 2352): at com.android.internal.os.ZygoteInit.main(ZygoteInit.java:1009)
11-29 03:13:53.537 E/AndroidRuntime( 2352): Caused by: java.lang.ClassNotFoundException: android.hidl.manager.V1_0.IServiceNotification$Stub
11-29 03:13:53.537 E/AndroidRuntime( 2352): ... 11 more
11-29 03:13:53.537 I/am_crash( 1496): [2352,0,com.qualcomm.qti.devicestatisticsservice,814235213,java.lang.ClassNotFoundException,android.hidl.manager.V1_0.IServiceNotification$Stub,DeviceStatisticsService.java,83]
11-29 03:13:53.539 I/sysui_multi_action( 1496): [757,316,758,4,759,-1]
11-29 03:13:53.540 I/DropBoxManagerService( 1496): add tag=system_app_crash isTagEnabled=true flags=0x2
11-29 03:13:53.546 E/BootReceiver( 1496): Could not open /sys/kernel/tracing/instances/bootreceiver/trace_pipe
11-29 03:13:53.546 E/BootReceiver( 1496): android.system.ErrnoException: open failed: ENOENT (No such file or directory)
11-29 03:13:53.546 E/BootReceiver( 1496): at libcore.io.Linux.open(Native Method)
11-29 03:13:53.546 E/BootReceiver( 1496): at libcore.io.ForwardingOs.open(ForwardingOs.java:567)
11-29 03:13:53.546 E/BootReceiver( 1496): at libcore.io.BlockGuardOs.open(BlockGuardOs.java:273)
11-29 03:13:53.546 E/BootReceiver( 1496): at android.system.Os.open(Os.java:501)
11-29 03:13:53.546 E/BootReceiver( 1496): at com.android.server.BootReceiver.onReceive(BootReceiver.java:167)
11-29 03:13:53.546 E/BootReceiver( 1496): at android.app.ActivityThread.handleReceiver(ActivityThread.java:4309)
11-29 03:13:53.546 E/BootReceiver( 1496): at android.app.ActivityThread.access$1600(ActivityThread.java:248)
11-29 03:13:53.546 E/BootReceiver( 1496): at android.app.ActivityThread$H.handleMessage(ActivityThread.java:2065)
11-29 03:13:53.546 E/BootReceiver( 1496): at android.os.Handler.dispatchMessage(Handler.java:106)
11-29 03:13:53.546 E/BootReceiver( 1496): at android.os.Looper.loopOnce(Looper.java:201)
11-29 03:13:53.546 E/BootReceiver( 1496): at android.os.Looper.loop(Looper.java:288)
11-29 03:13:53.546 E/BootReceiver( 1496): at com.android.server.SystemServer.run(SystemServer.java:908)
11-29 03:13:53.546 E/BootReceiver( 1496): at com.android.server.SystemServer.main(SystemServer.java:615)
11-29 03:13:53.546 E/BootReceiver( 1496): at java.lang.reflect.Method.invoke(Native Method)
11-29 03:13:53.546 E/BootReceiver( 1496): at com.android.internal.os.RuntimeInit$MethodAndArgsCaller.run(RuntimeInit.java:548)
11-29 03:13:53.546 E/BootReceiver( 1496): at com.android.internal.os.ZygoteInit.main(ZygoteInit.java:987)
11-29 03:13:53.547 I/am_wtf ( 1496): [0,1496,system_server,-1,BootReceiver,open failed: ENOENT (No such file or directory)]
11-29 03:13:53.547 I/DropBoxManagerService( 1496): add tag=system_server_wtf isTagEnabled=true flags=0x2
11-29 03:13:53.543 I/auditd ( 818): type=1400 audit(0.0:225): avc: denied { read write } for comm="bluetooth@1.0-s" name="diag" dev="tmpfs" ino=12822 scontext=u:r:hal_bluetooth_default:s0 tcontext=u:object_r:vendor_diag_device:s0 tclass=chr_file permissive=0
11-29 03:13:53.550 I/ActivityManager( 1496): Process com.qualcomm.qti.devicestatisticsservice (pid 2352) has died: pers PER
11-29 03:13:53.550 I/am_proc_died( 1496): [0,2352,com.qualcomm.qti.devicestatisticsservice,-800,0]
11-29 03:13:53.552 W/ActivityManager( 1496): Scheduling restart of crashed service com.qualcomm.qti.devicestatisticsservice/.DeviceStatisticsService in 0ms for persistent
11-29 03:13:53.552 I/am_schedule_service_restart( 1496): [0,com.qualcomm.qti.devicestatisticsservice/.DeviceStatisticsService,0]
11-29 03:13:53.552 I/am_uid_stopped( 1496): 10069
11-29 03:13:53.552 W/ActivityManager( 1496): Re-adding persistent process ProcessRecord{4f9fd01 2352:com.qualcomm.qti.devicestatisticsservice/u0a69}
11-29 03:13:53.552 I/am_uid_running( 1496): 10069
11-29 03:13:53.553 D/CompatibilityChangeReporter( 1496): Compat change id reported: 135634846; UID 10069; state: DISABLED
11-29 03:13:53.553 D/CompatibilityChangeReporter( 1496): Compat change id reported: 177438394; UID 10069; state: DISABLED
11-29 03:13:53.553 D/CompatibilityChangeReporter( 1496): Compat change id reported: 135772972; UID 10069; state: DISABLED
11-29 03:13:53.553 D/CompatibilityChangeReporter( 1496): Compat change id reported: 135754954; UID 10069; state: ENABLED
11-29 03:13:53.554 I/am_uid_active( 1496): 10069
11-29 03:13:53.554 D/CompatibilityChangeReporter( 1496): Compat change id reported: 143937733; UID 10069; state: ENABLED
11-29 03:13:53.557 I/DropBoxManagerService( 1496): add tag=SYSTEM_BOOT isTagEnabled=true flags=0x2
11-29 03:13:53.557 I/BootReceiver( 1496): Copying audit failures to DropBox
11-29 03:13:53.558 I/BootReceiver( 1496): Checking for fsck errors
11-29 03:13:53.558 I/BootReceiver( 1496): fs_stat, partition:persist stat:0xb
11-29 03:13:53.558 I/BootReceiver( 1496): fs_stat, partition:dsp_a stat:0x3
11-29 03:13:53.559 I/commit_sys_config_file( 1496): [log-files,1]
11-29 03:13:53.562 I/am_uid_active( 1496): 10022
11-29 03:13:53.568 I/am_proc_start( 1496): [0,3094,10069,com.qualcomm.qti.devicestatisticsservice,restart,com.qualcomm.qti.devicestatisticsservice]
11-29 03:13:53.568 I/ActivityManager( 1496): Start proc 3094:com.qualcomm.qti.devicestatisticsservice/u0a69 for restart com.qualcomm.qti.devicestatisticsservice
11-29 03:13:53.577 I/GameModeConfig( 1496): isGameModeOn = false
11-29 03:13:53.577 I/GameModeConfig( 1496): isGameModeOn = false
11-29 03:13:53.577 I/GameModeConfig( 1496): isGameModeOn = false
11-29 03:13:53.577 I/GameModeConfig( 1496): isGameModeOn = false
11-29 03:13:53.577 I/GameModeConfig( 1496): isGameModeOn = false
11-29 03:13:53.578 I/GameModeConfig( 1496): isGameModeOn = false
11-29 03:13:53.578 D/CompatibilityChangeReporter( 1496): Compat change id reported: 168419799; UID 10072; state: DISABLED
11-29 03:13:53.579 I/am_proc_bound( 1496): [0,3094,com.qualcomm.qti.devicestatisticsservice]
11-29 03:13:53.584 D/TelephonyRegistry( 1496): listen oscl: mHasNotifySubscriptionInfoChangedOccurred==false no callback
11-29 03:13:53.593 D/CompatibilityChangeReporter( 1496): Compat change id reported: 135634846; UID 1000; state: DISABLED
11-29 03:13:53.593 D/CompatibilityChangeReporter( 1496): Compat change id reported: 177438394; UID 1000; state: DISABLED
11-29 03:13:53.593 D/CompatibilityChangeReporter( 1496): Compat change id reported: 135772972; UID 1000; state: DISABLED
11-29 03:13:53.593 D/CompatibilityChangeReporter( 1496): Compat change id reported: 135754954; UID 1000; state: ENABLED
11-29 03:13:53.601 I/am_proc_start( 1496): [0,3124,1000,com.qti.diagservices,broadcast,{com.qti.diagservices/com.qti.diagservices.Diag_OnBoot}]
11-29 03:13:53.601 I/ActivityManager( 1496): Start proc 3124:com.qti.diagservices/1000 for broadcast {com.qti.diagservices/com.qti.diagservices.Diag_OnBoot}
11-29 03:13:53.608 D/BluetoothManagerService( 1496): Bluetooth Adapter address changed to 22:22:D5:13:0B:25
11-29 03:13:53.608 D/BluetoothManagerService( 1496): Stored Bluetoothaddress: 22:22:D5:13:0B:25
11-29 03:13:53.610 D/BluetoothManagerService( 1496): Bluetooth Adapter name changed to QCOM-BTD by android
11-29 03:13:53.610 D/BluetoothManagerService( 1496): Stored Bluetooth name: QCOM-BTD
11-29 03:13:53.617 I/am_proc_bound( 1496): [0,3124,com.qti.diagservices]
11-29 03:13:53.626 D/BluetoothManagerService( 1496): Bluetooth Adapter address changed to 22:22:D5:13:0B:25
11-29 03:13:53.626 D/BluetoothManagerService( 1496): Stored Bluetoothaddress: 22:22:D5:13:0B:25
11-29 03:13:53.627 D/BluetoothManagerService( 1496): MESSAGE_BLUETOOTH_STATE_CHANGE: BLE_TURNING_ON > BLE_ON
11-29 03:13:53.627 D/BluetoothManagerService( 1496): Bluetooth is in LE only mode
11-29 03:13:53.628 D/BluetoothManagerService( 1496): Binding Bluetooth GATT service
11-29 03:13:53.629 D/BluetoothManagerService( 1496): Sending BLE State Change: BLE_TURNING_ON > BLE_ON
11-29 03:13:53.629 D/CompanionDeviceManagerService( 1496): Received BT state transition broadcast: BLE_TURNING_ON -> BLE_ON
11-29 03:13:53.629 I/CompanionDeviceManagerService( 1496): startBleScan()
11-29 03:13:53.629 D/BluetoothManagerService( 1496): BluetoothServiceConnection: com.android.bluetooth.gatt.GattService
11-29 03:13:53.629 D/BluetoothManagerService( 1496): MESSAGE_BLUETOOTH_SERVICE_CONNECTED: 2
11-29 03:13:53.629 D/BluetoothManagerService( 1496): continueFromBleOnState()
11-29 03:13:53.630 D/BluetoothManagerService( 1496): Persisting Bluetooth Setting: 1
11-29 03:13:53.631 D/BluetoothManagerService( 1496): MESSAGE_BLUETOOTH_STATE_CHANGE: BLE_ON > TURNING_ON
11-29 03:13:53.631 D/BluetoothManagerService( 1496): Sending BLE State Change: BLE_ON > TURNING_ON
11-29 03:13:53.631 D/CompanionDeviceManagerService( 1496): Received BT state transition broadcast: BLE_ON -> TURNING_ON
11-29 03:13:53.632 D/BluetoothManagerService( 1496): Sending State Change: OFF > TURNING_ON
11-29 03:13:53.641 D/TelephonyRegistry( 1496): listen oscl: mHasNotifySubscriptionInfoChangedOccurred==false no callback
11-29 03:13:53.639 I/auditd ( 3146): type=1400 audit(0.0:226): avc: denied { read } for comm="ip" name="rt_tables" dev="dm-10" ino=342 scontext=u:r:ethernet:s0 tcontext=u:object_r:net_data_file:s0 tclass=file permissive=0
11-29 03:13:53.655 I/GameModeConfig( 1496): isGameModeOn = false
11-29 03:13:53.655 I/GameModeConfig( 1496): isGameModeOn = false
11-29 03:13:53.655 I/GameModeConfig( 1496): isGameModeOn = false
11-29 03:13:53.655 I/auditd ( 3149): type=1400 audit(0.0:227): avc: denied { read } for comm="ip" name="rt_tables" dev="dm-10" ino=342 scontext=u:r:ethernet:s0 tcontext=u:object_r:net_data_file:s0 tclass=file permissive=0
11-29 03:13:53.667 W/ContextImpl( 3124): Calling a method in the system process without a qualified user: android.app.ContextImpl.startService:1816 android.content.ContextWrapper.startService:774 android.content.ContextWrapper.startService:774 com.qti.diagservices.Diag_OnBoot.onReceive:40 android.app.ActivityThread.handleReceiver:4309
11-29 03:13:53.704 I/Telecom ( 1496): BluetoothDeviceManager: Got BluetoothHearingAid: android.bluetooth.BluetoothHearingAid@30aef08: BMSL.oSC@AAk
11-29 03:13:53.712 I/am_uid_running( 1496): 10032
11-29 03:13:53.713 D/CompatibilityChangeReporter( 1496): Compat change id reported: 135634846; UID 10032; state: DISABLED
11-29 03:13:53.713 D/CompatibilityChangeReporter( 1496): Compat change id reported: 177438394; UID 10032; state: DISABLED
11-29 03:13:53.713 D/CompatibilityChangeReporter( 1496): Compat change id reported: 135772972; UID 10032; state: DISABLED
11-29 03:13:53.713 D/CompatibilityChangeReporter( 1496): Compat change id reported: 135754954; UID 10032; state: ENABLED
11-29 03:13:53.713 D/CompatibilityChangeReporter( 1496): Compat change id reported: 143937733; UID 10032; state: ENABLED
11-29 03:13:53.714 D/BluetoothManagerService( 1496): MESSAGE_BLUETOOTH_STATE_CHANGE: TURNING_ON > ON
11-29 03:13:53.714 D/BluetoothManagerService( 1496): Broadcasting onBluetoothStateChange(true) to 10 receivers.
11-29 03:13:53.715 D/BluetoothManagerService( 1496): Creating new ProfileServiceConnections object for profile: 1
11-29 03:13:53.719 W/BluetoothManagerService( 1496): psc is not null in bindBluetoothProfileService
11-29 03:13:53.719 D/BluetoothManagerService( 1496): Sending BLE State Change: TURNING_ON > ON
11-29 03:13:53.720 D/BluetoothManagerService( 1496): Sending State Change: TURNING_ON > ON
11-29 03:13:53.720 D/CompanionDeviceManagerService( 1496): Received BT state transition broadcast: TURNING_ON -> ON
11-29 03:13:53.720 I/CompanionDeviceManagerService( 1496): startBleScan()
11-29 03:13:53.722 I/am_proc_start( 1496): [0,3177,10032,android.process.acore,content provider,{com.android.providers.contacts/com.android.providers.contacts.ContactsProvider2}]
11-29 03:13:53.722 I/ActivityManager( 1496): Start proc 3177:android.process.acore/u0a32 for content provider {com.android.providers.contacts/com.android.providers.contacts.ContactsProvider2}
11-29 03:13:53.724 I/am_meminfo( 1496): [972689408,4947771392,12288,315260928,602299392]
11-29 03:13:53.729 I/am_pss ( 1496): [2521,10083,com.qualcomm.qti.qccauthmgr,6733824,4124672,0,96038912,2,5,5]
11-29 03:13:53.736 I/am_pss ( 1496): [2409,10096,android.ext.services,9942016,4759552,0,103104512,2,5,6]
11-29 03:13:53.739 I/am_proc_bound( 1496): [0,3177,android.process.acore]
11-29 03:13:53.740 D/CompatibilityChangeReporter( 1496): Compat change id reported: 168419799; UID 10032; state: DISABLED
11-29 03:13:53.741 I/am_uid_active( 1496): 10032
11-29 03:13:53.750 I/am_pss ( 1496): [1974,1002,com.android.bluetooth,26689536,21155840,0,132751360,2,0,8]
11-29 03:13:53.761 I/am_pss ( 1496): [2495,10077,com.android.launcher3,17647616,12734464,0,114311168,2,5,6]
11-29 03:13:53.771 I/am_pss ( 1496): [2375,1000,com.qualcomm.qti.qdma,11309056,7204864,0,107278336,2,0,5]
11-29 03:13:53.780 D/CountryDetector( 1496): The first listener is added
11-29 03:13:53.780 I/am_pss ( 1496): [2347,1000,com.thundercomm.tcservice,8042496,5664768,0,95264768,2,0,6]
11-29 03:13:53.786 I/am_pss ( 1496): [2279,1068,com.android.se,6052864,3809280,0,91901952,2,0,5]
11-29 03:13:53.792 I/am_pss ( 1496): [2247,10086,com.qti.qualcomm.mstatssystemservice,5698560,3543040,0,90189824,2,0,5]
11-29 03:13:53.793 D/Fingerprint21( 1496): handleError, client: FingerprintInternalCleanupClient, error: 2, vendorCode: 0
11-29 03:13:53.793 E/Fingerprint21( 1496): onError for non-error consumer: FingerprintInternalCleanupClient
11-29 03:13:53.797 I/am_pss ( 1496): [2287,1000,com.thundercomm.remotecontrolservice,9520128,6565888,0,101208064,2,0,4]
11-29 03:13:53.803 I/am_pss ( 1496): [2236,1000,vendor.qti.qesdk.sysservice,5809152,3563520,0,91619328,2,0,4]
11-29 03:13:53.809 I/am_pss ( 1496): [2196,1000,com.tc.logclient,6686720,4521984,0,91250688,2,0,5]
11-29 03:13:53.814 I/am_pss ( 1496): [2210,1000,com.thundercomm.tcsetupwizard,6970368,4820992,0,91586560,2,0,4]
